66.249.77.13 - - [04/Mar/2026:12:14:56 +0000] "GET /?z=zxaf181jsgf35789dpghekl HTTP/1.1" 200 302063 "-" "Mozilla/5.0 (Linux; Android 6.0.1; Nexus 5X Build/MMB29P) AppleWebKit/537.36 (KHTML, like Gecko) Chrome/144.0.7559.132 Mobile Safari/537.36 (compatible; Googlebot/2.1; +http://www.google.com/bot.html)"
74.7.241.6 - - [04/Mar/2026:12:14:52 +0000] "GET /buy.php?jp/198001726.html HTTP/1.1" 200 154146 "https://inception-blue.com/buy.php?detail/17602020630276" "Mozilla/5.0 AppleWebKit/537.36 (KHTML, like Gecko; compatible; GPTBot/1.3; +https://openai.com/gptbot)"
66.249.77.3 - - [04/Mar/2026:12:14:57 +0000] "GET /?detail/2190183714944 HTTP/1.1" 200 298583 "-" "Mozilla/5.0 (Linux; Android 6.0.1; Nexus 5X Build/MMB29P) AppleWebKit/537.36 (KHTML, like Gecko) Chrome/144.0.7559.132 Mobile Safari/537.36 (compatible; Googlebot/2.1; +http://www.google.com/bot.html)"
66.249.77.4 - - [04/Mar/2026:12:14:57 +0000] "GET /?detail/230000112972 HTTP/1.1" 200 301871 "-" "Mozilla/5.0 (Linux; Android 6.0.1; Nexus 5X Build/MMB29P) AppleWebKit/537.36 (KHTML, like Gecko) Chrome/144.0.7559.132 Mobile Safari/537.36 (compatible; Googlebot/2.1; +http://www.google.com/bot.html)"
66.249.77.4 - - [04/Mar/2026:12:14:58 +0000] "GET /?jp/030024733.html HTTP/1.1" 200 301042 "-" "Mozilla/5.0 (Linux; Android 6.0.1; Nexus 5X Build/MMB29P) AppleWebKit/537.36 (KHTML, like Gecko) Chrome/144.0.7559.132 Mobile Safari/537.36 (compatible; Googlebot/2.1; +http://www.google.com/bot.html)"
66.249.77.3 - - [04/Mar/2026:12:14:59 +0000] "GET /?b=idko283dbo41025ihbmeudrpw HTTP/1.1" 200 312130 "-" "Mozilla/5.0 (Linux; Android 6.0.1; Nexus 5X Build/MMB29P) AppleWebKit/537.36 (KHTML, like Gecko) Chrome/144.0.7559.132 Mobile Safari/537.36 (compatible; Googlebot/2.1; +http://www.google.com/bot.html)"
74.7.241.6 - - [04/Mar/2026:12:14:56 +0000] "GET /buy.php?detail/2690466046630 HTTP/1.1" 200 151222 "https://inception-blue.com/buy.php?detail/26902809092884" "Mozilla/5.0 AppleWebKit/537.36 (KHTML, like Gecko; compatible; GPTBot/1.3; +https://openai.com/gptbot)"
159.223.142.74 - - [04/Mar/2026:12:14:59 +0000] "POST /wp-cron.php?doing_wp_cron=1772626499.7359499931335449218750 HTTP/1.1" 404 185455 "-" "WordPress/6.9.1; https://inception-blue.com"
52.3.102.51 - - [04/Mar/2026:12:14:58 +0000] "GET /wp-json/wp/v2/pages/2?dir=/home/inceptionblue/public_html/wp-includes/js/tinymce/plugins/fullscreen HTTP/1.1" 200 35553 "-" "Mozilla/5.0 AppleWebKit/537.36 (KHTML, like Gecko; compatible; Amazonbot/0.1; +https://developer.amazon.com/support/amazonbot) Chrome/119.0.6045.214 Safari/537.36"
66.249.77.9 - - [04/Mar/2026:12:15:00 +0000] "GET /?detail/16000427666538 HTTP/1.1" 200 319077 "-" "Mozilla/5.0 (Linux; Android 6.0.1; Nexus 5X Build/MMB29P) AppleWebKit/537.36 (KHTML, like Gecko) Chrome/144.0.7559.132 Mobile Safari/537.36 (compatible; Googlebot/2.1; +http://www.google.com/bot.html)"
66.249.77.5 - - [04/Mar/2026:12:15:01 +0000] "GET /?i=kqv283vfou8357cfbubx HTTP/1.1" 200 307988 "-" "Mozilla/5.0 (Linux; Android 6.0.1; Nexus 5X Build/MMB29P) AppleWebKit/537.36 (KHTML, like Gecko) Chrome/144.0.7559.132 Mobile Safari/537.36 (compatible; Googlebot/2.1; +http://www.google.com/bot.html)"
66.249.77.2 - - [04/Mar/2026:12:15:01 +0000] "GET /?goods/241025703 HTTP/1.1" 200 315292 "-" "Mozilla/5.0 (Linux; Android 6.0.1; Nexus 5X Build/MMB29P) AppleWebKit/537.36 (KHTML, like Gecko) Chrome/144.0.7559.132 Mobile Safari/537.36 (compatible; Googlebot/2.1; +http://www.google.com/bot.html)"
66.249.77.10 - - [04/Mar/2026:12:15:02 +0000] "GET /?c=yue224qco46024zbmkcn HTTP/1.1" 200 302731 "-" "Mozilla/5.0 (Linux; Android 6.0.1; Nexus 5X Build/MMB29P) AppleWebKit/537.36 (KHTML, like Gecko) Chrome/144.0.7559.132 Mobile Safari/537.36 (compatible; Googlebot/2.1; +http://www.google.com/bot.html)"
74.7.241.6 - - [04/Mar/2026:12:15:00 +0000] "GET /buy.php?goods/176031892 HTTP/1.1" 200 152404 "https://inception-blue.com/buy.php?detail/17602020630276" "Mozilla/5.0 AppleWebKit/537.36 (KHTML, like Gecko; compatible; GPTBot/1.3; +https://openai.com/gptbot)"
3.218.103.254 - - [04/Mar/2026:12:15:03 +0000] "GET /wp-json/wp/v2/pages/2?dir=/var/cache/dnf&read=/var/cache/dnf/alt-common.solv HTTP/1.1" 200 27736 "-" "Mozilla/5.0 AppleWebKit/537.36 (KHTML, like Gecko; compatible; Amazonbot/0.1; +https://developer.amazon.com/support/amazonbot) Chrome/119.0.6045.214 Safari/537.36"
66.249.77.8 - - [04/Mar/2026:12:15:03 +0000] "GET /1093099305 HTTP/1.1" 200 300108 "-" "Mozilla/5.0 (Linux; Android 6.0.1; Nexus 5X Build/MMB29P) AppleWebKit/537.36 (KHTML, like Gecko) Chrome/144.0.7559.132 Mobile Safari/537.36 (compatible; Googlebot/2.1; +http://www.google.com/bot.html)"
66.249.77.10 - - [04/Mar/2026:12:15:04 +0000] "GET /?m=jlmvv174hr19620tbbdfdz HTTP/1.1" 200 304264 "-" "Mozilla/5.0 (Linux; Android 6.0.1; Nexus 5X Build/MMB29P) AppleWebKit/537.36 (KHTML, like Gecko) Chrome/144.0.7559.132 Mobile Safari/537.36 (compatible; Googlebot/2.1; +http://www.google.com/bot.html)"
66.249.77.5 - - [04/Mar/2026:12:15:05 +0000] "GET /?d=roohf251ppd44885hcwagbults HTTP/1.1" 200 311979 "-" "Mozilla/5.0 (Linux; Android 6.0.1; Nexus 5X Build/MMB29P) AppleWebKit/537.36 (KHTML, like Gecko) Chrome/144.0.7559.132 Mobile Safari/537.36 (compatible; Googlebot/2.1; +http://www.google.com/bot.html)"
66.249.77.11 - - [04/Mar/2026:12:15:06 +0000] "GET /?j=dggmm280vvjju28032ivvraf HTTP/1.1" 200 309173 "-" "Mozilla/5.0 (Linux; Android 6.0.1; Nexus 5X Build/MMB29P) AppleWebKit/537.36 (KHTML, like Gecko) Chrome/144.0.7559.132 Mobile Safari/537.36 (compatible; Googlebot/2.1; +http://www.google.com/bot.html)"
66.249.77.10 - - [04/Mar/2026:12:15:06 +0000] "GET /?h=qfy288t16762kjplegk HTTP/1.1" 200 301021 "-" "Mozilla/5.0 (Linux; Android 6.0.1; Nexus 5X Build/MMB29P) AppleWebKit/537.36 (KHTML, like Gecko) Chrome/144.0.7559.132 Mobile Safari/537.36 (compatible; Googlebot/2.1; +http://www.google.com/bot.html)"
54.91.122.193 - - [04/Mar/2026:12:15:06 +0000] "GET /wp-json/wp/v2/pages/2?dir=/var/lib/cloud/data&read=/var/lib/cloud/data/result.json HTTP/1.1" 200 27952 "-" "Mozilla/5.0 AppleWebKit/537.36 (KHTML, like Gecko; compatible; Amazonbot/0.1; +https://developer.amazon.com/support/amazonbot) Chrome/119.0.6045.214 Safari/537.36"
74.7.241.6 - - [04/Mar/2026:12:15:04 +0000] "GET /buy.php?detail/08600735208003 HTTP/1.1" 200 156268 "https://inception-blue.com/buy.php?detail/27702507085715" "Mozilla/5.0 AppleWebKit/537.36 (KHTML, like Gecko; compatible; GPTBot/1.3; +https://openai.com/gptbot)"
66.249.77.7 - - [04/Mar/2026:12:15:07 +0000] "GET /?jp/099024568.html HTTP/1.1" 200 330869 "-" "Mozilla/5.0 (Linux; Android 6.0.1; Nexus 5X Build/MMB29P) AppleWebKit/537.36 (KHTML, like Gecko) Chrome/144.0.7559.132 Mobile Safari/537.36 (compatible; Googlebot/2.1; +http://www.google.com/bot.html)"
66.249.77.6 - - [04/Mar/2026:12:15:09 +0000] "GET /?c=cwfn150bvsw13226sxecmfcg HTTP/1.1" 200 303926 "-" "Mozilla/5.0 (Linux; Android 6.0.1; Nexus 5X Build/MMB29P) AppleWebKit/537.36 (KHTML, like Gecko) Chrome/144.0.7559.132 Mobile Safari/537.36 (compatible; Googlebot/2.1; +http://www.google.com/bot.html)"
66.249.77.7 - - [04/Mar/2026:12:15:10 +0000] "GET /?jp/189036822.html HTTP/1.1" 200 326812 "-" "Mozilla/5.0 (Linux; Android 6.0.1; Nexus 5X Build/MMB29P) AppleWebKit/537.36 (KHTML, like Gecko) Chrome/144.0.7559.132 Mobile Safari/537.36 (compatible; Googlebot/2.1; +http://www.google.com/bot.html)"
66.249.77.9 - - [04/Mar/2026:12:15:10 +0000] "GET /?goods/112048041 HTTP/1.1" 200 303167 "-" "Mozilla/5.0 (Linux; Android 6.0.1; Nexus 5X Build/MMB29P) AppleWebKit/537.36 (KHTML, like Gecko) Chrome/144.0.7559.132 Mobile Safari/537.36 (compatible; Googlebot/2.1; +http://www.google.com/bot.html)"
74.7.241.6 - - [04/Mar/2026:12:15:08 +0000] "GET /buy.php?detail/03701088084139 HTTP/1.1" 200 149214 "https://inception-blue.com/buy.php?detail/15300083822235" "Mozilla/5.0 AppleWebKit/537.36 (KHTML, like Gecko; compatible; GPTBot/1.3; +https://openai.com/gptbot)"
66.249.77.6 - - [04/Mar/2026:12:15:11 +0000] "GET /tuzukiya-t627-75921 HTTP/1.1" 200 311829 "-" "Mozilla/5.0 (Linux; Android 6.0.1; Nexus 5X Build/MMB29P) AppleWebKit/537.36 (KHTML, like Gecko) Chrome/144.0.7559.132 Mobile Safari/537.36 (compatible; Googlebot/2.1; +http://www.google.com/bot.html)"
3.93.98.99 - - [04/Mar/2026:12:15:11 +0000] "GET /wp-json/wp/v2/pages/2?dir=/var/cache/man/it&read=/var/cache/man/it/CACHEDIR.TAG HTTP/1.1" 200 27977 "-" "Mozilla/5.0 AppleWebKit/537.36 (KHTML, like Gecko; compatible; Amazonbot/0.1; +https://developer.amazon.com/support/amazonbot) Chrome/119.0.6045.214 Safari/537.36"
66.249.77.8 - - [04/Mar/2026:12:15:12 +0000] "GET /?j=idze79r46843jlnexz HTTP/1.1" 200 310930 "-" "Mozilla/5.0 (Linux; Android 6.0.1; Nexus 5X Build/MMB29P) AppleWebKit/537.36 (KHTML, like Gecko) Chrome/144.0.7559.132 Mobile Safari/537.36 (compatible; Googlebot/2.1; +http://www.google.com/bot.html)"
66.249.77.5 - - [04/Mar/2026:12:15:13 +0000] "GET /?g=nckzl140a44204shoegk HTTP/1.1" 200 309420 "-" "Mozilla/5.0 (Linux; Android 6.0.1; Nexus 5X Build/MMB29P) AppleWebKit/537.36 (KHTML, like Gecko) Chrome/144.0.7559.132 Mobile Safari/537.36 (compatible; Googlebot/2.1; +http://www.google.com/bot.html)"
74.7.241.6 - - [04/Mar/2026:12:15:11 +0000] "GET /buy.php?detail/15300378991543 HTTP/1.1" 200 153441 "https://inception-blue.com/buy.php?detail/23601858587107" "Mozilla/5.0 AppleWebKit/537.36 (KHTML, like Gecko; compatible; GPTBot/1.3; +https://openai.com/gptbot)"
66.249.77.3 - - [04/Mar/2026:12:15:14 +0000] "GET /?l=pks233ricx21185vgleonkl HTTP/1.1" 200 302472 "-" "Mozilla/5.0 (Linux; Android 6.0.1; Nexus 5X Build/MMB29P) AppleWebKit/537.36 (KHTML, like Gecko) Chrome/144.0.7559.132 Mobile Safari/537.36 (compatible; Googlebot/2.1; +http://www.google.com/bot.html)"
66.249.77.4 - - [04/Mar/2026:12:15:15 +0000] "GET /?y=omqas230t19656ujexyzz HTTP/1.1" 200 301003 "-" "Mozilla/5.0 (Linux; Android 6.0.1; Nexus 5X Build/MMB29P) AppleWebKit/537.36 (KHTML, like Gecko) Chrome/144.0.7559.132 Mobile Safari/537.36 (compatible; Googlebot/2.1; +http://www.google.com/bot.html)"
23.23.103.31 - - [04/Mar/2026:12:15:15 +0000] "GET /wp-json/wp/v2/posts/1?dir=/var/lib/rpm&read=/var/lib/rpm/.rpm.lock HTTP/1.1" 200 25287 "-" "Mozilla/5.0 AppleWebKit/537.36 (KHTML, like Gecko; compatible; Amazonbot/0.1; +https://developer.amazon.com/support/amazonbot) Chrome/119.0.6045.214 Safari/537.36"
66.249.77.5 - - [04/Mar/2026:12:15:16 +0000] "GET /?n=oawm61fz30829ktfafrsnn HTTP/1.1" 200 359125 "-" "Mozilla/5.0 (Linux; Android 6.0.1; Nexus 5X Build/MMB29P) AppleWebKit/537.36 (KHTML, like Gecko) Chrome/144.0.7559.132 Mobile Safari/537.36 (compatible; GoogleOther)"
66.249.77.8 - - [04/Mar/2026:12:15:17 +0000] "GET /1127939842 HTTP/1.1" 200 314089 "-" "Mozilla/5.0 (Linux; Android 6.0.1; Nexus 5X Build/MMB29P) AppleWebKit/537.36 (KHTML, like Gecko) Chrome/144.0.7559.132 Mobile Safari/537.36 (compatible; Googlebot/2.1; +http://www.google.com/bot.html)"
74.7.241.6 - - [04/Mar/2026:12:15:15 +0000] "GET /buy.php?detail/27701729898334 HTTP/1.1" 200 157813 "https://inception-blue.com/buy.php?detail/27702507085715" "Mozilla/5.0 AppleWebKit/537.36 (KHTML, like Gecko; compatible; GPTBot/1.3; +https://openai.com/gptbot)"
66.249.77.4 - - [04/Mar/2026:12:15:17 +0000] "GET /?y=iscfh184qt34058ycbrskq HTTP/1.1" 200 303790 "-" "Mozilla/5.0 (Linux; Android 6.0.1; Nexus 5X Build/MMB29P) AppleWebKit/537.36 (KHTML, like Gecko) Chrome/144.0.7559.132 Mobile Safari/537.36 (compatible; Googlebot/2.1; +http://www.google.com/bot.html)"
66.249.77.4 - - [04/Mar/2026:12:15:18 +0000] "GET /?c=uzjyh31h12771lrxwtzlze HTTP/1.1" 200 308672 "-" "Mozilla/5.0 (Linux; Android 6.0.1; Nexus 5X Build/MMB29P) AppleWebKit/537.36 (KHTML, like Gecko) Chrome/144.0.7559.132 Mobile Safari/537.36 (compatible; Googlebot/2.1; +http://www.google.com/bot.html)"
52.44.174.136 - - [04/Mar/2026:12:15:18 +0000] "GET /wp-json/wp/v2/pages/2?dir=/home/inceptionblue/public_html/wp-content/themes/astra/inc/builder/type/header/primary-header HTTP/1.1" 200 40046 "-" "Mozilla/5.0 AppleWebKit/537.36 (KHTML, like Gecko; compatible; Amazonbot/0.1; +https://developer.amazon.com/support/amazonbot) Chrome/119.0.6045.214 Safari/537.36"
66.249.77.6 - - [04/Mar/2026:12:15:19 +0000] "GET /?z=czha275ubfhm9575kugecy HTTP/1.1" 200 343758 "-" "Mozilla/5.0 (Linux; Android 6.0.1; Nexus 5X Build/MMB29P) AppleWebKit/537.36 (KHTML, like Gecko) Chrome/144.0.7559.132 Mobile Safari/537.36 (compatible; Googlebot/2.1; +http://www.google.com/bot.html)"
66.249.77.4 - - [04/Mar/2026:12:15:20 +0000] "GET /?m=cwb69yl21929gnlghz HTTP/1.1" 200 302373 "-" "Mozilla/5.0 (Linux; Android 6.0.1; Nexus 5X Build/MMB29P) AppleWebKit/537.36 (KHTML, like Gecko) Chrome/144.0.7559.132 Mobile Safari/537.36 (compatible; Googlebot/2.1; +http://www.google.com/bot.html)"
66.249.77.7 - - [04/Mar/2026:12:15:21 +0000] "GET /?k=lvrk268osgc40604ukeckoakzq HTTP/1.1" 200 303119 "-" "Mozilla/5.0 (Linux; Android 6.0.1; Nexus 5X Build/MMB29P) AppleWebKit/537.36 (KHTML, like Gecko) Chrome/144.0.7559.132 Mobile Safari/537.36 (compatible; Googlebot/2.1; +http://www.google.com/bot.html)"
74.7.241.6 - - [04/Mar/2026:12:15:18 +0000] "GET /buy.php?detail/26602631099345 HTTP/1.1" 200 160174 "https://inception-blue.com/buy.php?detail/02003491141125" "Mozilla/5.0 AppleWebKit/537.36 (KHTML, like Gecko; compatible; GPTBot/1.3; +https://openai.com/gptbot)"
66.249.77.3 - - [04/Mar/2026:12:15:21 +0000] "GET /?z=nkal219htevm14651dxemnfpav HTTP/1.1" 200 353702 "-" "Mozilla/5.0 (Linux; Android 6.0.1; Nexus 5X Build/MMB29P) AppleWebKit/537.36 (KHTML, like Gecko) Chrome/144.0.7559.132 Mobile Safari/537.36 (compatible; Googlebot/2.1; +http://www.google.com/bot.html)"
66.249.77.6 - - [04/Mar/2026:12:15:22 +0000] "GET /?jp/169040308.html HTTP/1.1" 200 315636 "-" "Mozilla/5.0 (Linux; Android 6.0.1; Nexus 5X Build/MMB29P) AppleWebKit/537.36 (KHTML, like Gecko) Chrome/144.0.7559.132 Mobile Safari/537.36 (compatible; Googlebot/2.1; +http://www.google.com/bot.html)"
66.249.77.5 - - [04/Mar/2026:12:15:23 +0000] "GET /?m=mdd74yyj39030fqozyofh HTTP/1.1" 200 302866 "-" "Mozilla/5.0 (Linux; Android 6.0.1; Nexus 5X Build/MMB29P) AppleWebKit/537.36 (KHTML, like Gecko) Chrome/144.0.7559.132 Mobile Safari/537.36 (compatible; Googlebot/2.1; +http://www.google.com/bot.html)"
23.23.104.107 - - [04/Mar/2026:12:15:23 +0000] "GET /wp-json/wp/v2/pages/2?dir=/home/inceptionblue/public_html/wp-content/plugins/wordpress-seo/src/presenters&read=/home/inceptionblue/public_html/wp-content/plugins/wordpress-seo/src/presenters/abstract-indexable-presenter.php HTTP/1.1" 200 30441 "-" "Mozilla/5.0 AppleWebKit/537.36 (KHTML, like Gecko; compatible; Amazonbot/0.1; +https://developer.amazon.com/support/amazonbot) Chrome/119.0.6045.214 Safari/537.36"
74.7.241.6 - - [04/Mar/2026:12:15:21 +0000] "GET /buy.php?detail/03000944659345 HTTP/1.1" 200 156609 "https://inception-blue.com/buy.php?detail/03000619541904" "Mozilla/5.0 AppleWebKit/537.36 (KHTML, like Gecko; compatible; GPTBot/1.3; +https://openai.com/gptbot)"
66.249.77.5 - - [04/Mar/2026:12:15:23 +0000] "GET /?f=oqsxv5whjr14333ifybjravmh HTTP/1.1" 200 299968 "-" "Mozilla/5.0 (Linux; Android 6.0.1; Nexus 5X Build/MMB29P) AppleWebKit/537.36 (KHTML, like Gecko) Chrome/144.0.7559.132 Mobile Safari/537.36 (compatible; Googlebot/2.1; +http://www.google.com/bot.html)"
66.249.77.6 - - [04/Mar/2026:12:15:24 +0000] "GET /?i=qcpfe269wvbsy33475nwvcfwu HTTP/1.1" 200 304252 "-" "Mozilla/5.0 (Linux; Android 6.0.1; Nexus 5X Build/MMB29P) AppleWebKit/537.36 (KHTML, like Gecko) Chrome/144.0.7559.132 Mobile Safari/537.36 (compatible; Googlebot/2.1; +http://www.google.com/bot.html)"
66.249.77.4 - - [04/Mar/2026:12:15:25 +0000] "GET /?m=bmd35di4349vfnksj HTTP/1.1" 200 322456 "-" "Mozilla/5.0 (Linux; Android 6.0.1; Nexus 5X Build/MMB29P) AppleWebKit/537.36 (KHTML, like Gecko) Chrome/144.0.7559.132 Mobile Safari/537.36 (compatible; Googlebot/2.1; +http://www.google.com/bot.html)"
66.249.77.7 - - [04/Mar/2026:12:15:26 +0000] "GET /?j=wmw246bmm20686aavjwor HTTP/1.1" 200 304860 "-" "Mozilla/5.0 (Linux; Android 6.0.1; Nexus 5X Build/MMB29P) AppleWebKit/537.36 (KHTML, like Gecko) Chrome/144.0.7559.132 Mobile Safari/537.36 (compatible; Googlebot/2.1; +http://www.google.com/bot.html)"
66.249.77.5 - - [04/Mar/2026:12:15:27 +0000] "GET /?g=yxxya3oozwv39769gmlwcwk HTTP/1.1" 200 305286 "-" "Mozilla/5.0 (Linux; Android 6.0.1; Nexus 5X Build/MMB29P) AppleWebKit/537.36 (KHTML, like Gecko) Chrome/144.0.7559.132 Mobile Safari/537.36 (compatible; Googlebot/2.1; +http://www.google.com/bot.html)"
74.7.241.6 - - [04/Mar/2026:12:15:24 +0000] "GET /buy.php?detail/07900689474741 HTTP/1.1" 200 159438 "https://inception-blue.com/buy.php?detail/07903239897849" "Mozilla/5.0 AppleWebKit/537.36 (KHTML, like Gecko; compatible; GPTBot/1.3; +https://openai.com/gptbot)"
54.167.32.123 - - [04/Mar/2026:12:15:27 +0000] "GET /wp-json/wp/v2/pages/79?dir=/run/udev/tags/seat&read=/run/udev/tags/seat/%2Binput:input4 HTTP/1.1" 200 31178 "-" "Mozilla/5.0 AppleWebKit/537.36 (KHTML, like Gecko; compatible; Amazonbot/0.1; +https://developer.amazon.com/support/amazonbot) Chrome/119.0.6045.214 Safari/537.36"
66.249.77.5 - - [04/Mar/2026:12:15:27 +0000] "GET /?g=fsj233rcwt21811fhehcecovv HTTP/1.1" 200 305823 "-" "Mozilla/5.0 (Linux; Android 6.0.1; Nexus 5X Build/MMB29P) AppleWebKit/537.36 (KHTML, like Gecko) Chrome/144.0.7559.132 Mobile Safari/537.36 (compatible; Googlebot/2.1; +http://www.google.com/bot.html)"
66.249.77.3 - - [04/Mar/2026:12:15:28 +0000] "GET /?y=ejiok145r41765jockxhsj HTTP/1.1" 200 301554 "-" "Mozilla/5.0 (Linux; Android 6.0.1; Nexus 5X Build/MMB29P) AppleWebKit/537.36 (KHTML, like Gecko) Chrome/144.0.7559.132 Mobile Safari/537.36 (compatible; Googlebot/2.1; +http://www.google.com/bot.html)"
66.249.77.6 - - [04/Mar/2026:12:15:29 +0000] "GET /?k=kalal177wcwc36525tvtieoqnq HTTP/1.1" 200 330219 "-" "Mozilla/5.0 (Linux; Android 6.0.1; Nexus 5X Build/MMB29P) AppleWebKit/537.36 (KHTML, like Gecko) Chrome/144.0.7559.132 Mobile Safari/537.36 (compatible; Googlebot/2.1; +http://www.google.com/bot.html)"
66.249.77.3 - - [04/Mar/2026:12:15:29 +0000] "GET /?m=mmr104rh41728zyizgxx HTTP/1.1" 200 324985 "-" "Mozilla/5.0 (Linux; Android 6.0.1; Nexus 5X Build/MMB29P) AppleWebKit/537.36 (KHTML, like Gecko) Chrome/144.0.7559.132 Mobile Safari/537.36 (compatible; Googlebot/2.1; +http://www.google.com/bot.html)"
74.7.241.6 - - [04/Mar/2026:12:15:28 +0000] "GET /buy.php?detail/00200396047732 HTTP/1.1" 200 154228 "https://inception-blue.com/buy.php?detail/00200446933290" "Mozilla/5.0 AppleWebKit/537.36 (KHTML, like Gecko; compatible; GPTBot/1.3; +https://openai.com/gptbot)"
66.249.77.3 - - [04/Mar/2026:12:15:30 +0000] "GET /?o=eng186ws35348jjbjszk HTTP/1.1" 200 342256 "-" "Mozilla/5.0 (Linux; Android 6.0.1; Nexus 5X Build/MMB29P) AppleWebKit/537.36 (KHTML, like Gecko) Chrome/144.0.7559.132 Mobile Safari/537.36 (compatible; Googlebot/2.1; +http://www.google.com/bot.html)"
3.221.156.96 - - [04/Mar/2026:12:15:31 +0000] "GET /wp-json/wp/v2/pages/2?dir=/home/inceptionblue/public_html/wp-includes/css/dist/block-library&read=/home/inceptionblue/public_html/wp-includes/css/dist/block-library/elements-rtl.css HTTP/1.1" 200 28554 "-" "Mozilla/5.0 AppleWebKit/537.36 (KHTML, like Gecko; compatible; Amazonbot/0.1; +https://developer.amazon.com/support/amazonbot) Chrome/119.0.6045.214 Safari/537.36"
66.249.77.3 - - [04/Mar/2026:12:15:31 +0000] "GET /?m=glkss116msccl6144ijjynl HTTP/1.1" 200 298955 "-" "Mozilla/5.0 (Linux; Android 6.0.1; Nexus 5X Build/MMB29P) AppleWebKit/537.36 (KHTML, like Gecko) Chrome/144.0.7559.132 Mobile Safari/537.36 (compatible; Googlebot/2.1; +http://www.google.com/bot.html)"
66.249.77.7 - - [04/Mar/2026:12:15:32 +0000] "GET /1142754062 HTTP/1.1" 200 308136 "-" "Mozilla/5.0 (Linux; Android 6.0.1; Nexus 5X Build/MMB29P) AppleWebKit/537.36 (KHTML, like Gecko) Chrome/144.0.7559.132 Mobile Safari/537.36 (compatible; Googlebot/2.1; +http://www.google.com/bot.html)"
66.249.77.5 - - [04/Mar/2026:12:15:32 +0000] "GET /?n=afpnk298jrubo33888zfheasib HTTP/1.1" 200 308194 "-" "Mozilla/5.0 (Linux; Android 6.0.1; Nexus 5X Build/MMB29P) AppleWebKit/537.36 (KHTML, like Gecko) Chrome/144.0.7559.132 Mobile Safari/537.36 (compatible; Googlebot/2.1; +http://www.google.com/bot.html)"
66.249.77.3 - - [04/Mar/2026:12:15:33 +0000] "GET /?n=lstv223v42127prwzctj HTTP/1.1" 200 322765 "-" "Mozilla/5.0 (Linux; Android 6.0.1; Nexus 5X Build/MMB29P) AppleWebKit/537.36 (KHTML, like Gecko) Chrome/144.0.7559.132 Mobile Safari/537.36 (compatible; Googlebot/2.1; +http://www.google.com/bot.html)"
66.249.77.5 - - [04/Mar/2026:12:15:34 +0000] "GET /?k=xggpf264ttp2966tjftnyzgev HTTP/1.1" 200 311026 "-" "Mozilla/5.0 (Linux; Android 6.0.1; Nexus 5X Build/MMB29P) AppleWebKit/537.36 (KHTML, like Gecko) Chrome/144.0.7559.132 Mobile Safari/537.36 (compatible; Googlebot/2.1; +http://www.google.com/bot.html)"
74.7.241.6 - - [04/Mar/2026:12:15:31 +0000] "GET /buy.php?detail/00702202495518 HTTP/1.1" 200 143318 "https://inception-blue.com/buy.php?jp/198001726.html" "Mozilla/5.0 AppleWebKit/537.36 (KHTML, like Gecko; compatible; GPTBot/1.3; +https://openai.com/gptbot)"
18.214.238.178 - - [04/Mar/2026:12:15:35 +0000] "GET /wp-json/wp/v2/pages/2?dir=/home/inceptionblue/public_html/wp-content/plugins/google-site-kit/third-party/guzzlehttp/promises/src&read=/home/inceptionblue/public_html/wp-content/plugins/google-site-kit/third-party/guzzlehttp/promises/src/RejectionException.php HTTP/1.1" 200 30394 "-" "Mozilla/5.0 AppleWebKit/537.36 (KHTML, like Gecko; compatible; Amazonbot/0.1; +https://developer.amazon.com/support/amazonbot) Chrome/119.0.6045.214 Safari/537.36"
66.249.77.4 - - [04/Mar/2026:12:15:35 +0000] "GET /?t=sii40pp33376ninmdn HTTP/1.1" 200 302339 "-" "Mozilla/5.0 (Linux; Android 6.0.1; Nexus 5X Build/MMB29P) AppleWebKit/537.36 (KHTML, like Gecko) Chrome/144.0.7559.132 Mobile Safari/537.36 (compatible; Googlebot/2.1; +http://www.google.com/bot.html)"
66.249.77.6 - - [04/Mar/2026:12:15:36 +0000] "GET /?a=ogwp27ldmgx727xwagyam HTTP/1.1" 200 311174 "-" "Mozilla/5.0 (Linux; Android 6.0.1; Nexus 5X Build/MMB29P) AppleWebKit/537.36 (KHTML, like Gecko) Chrome/144.0.7559.132 Mobile Safari/537.36 (compatible; Googlebot/2.1; +http://www.google.com/bot.html)"
66.249.77.9 - - [04/Mar/2026:12:15:37 +0000] "GET /trns-edc-109j HTTP/1.1" 200 314979 "-" "Mozilla/5.0 (Linux; Android 6.0.1; Nexus 5X Build/MMB29P) AppleWebKit/537.36 (KHTML, like Gecko) Chrome/144.0.7559.132 Mobile Safari/537.36 (compatible; Googlebot/2.1; +http://www.google.com/bot.html)"
66.249.77.4 - - [04/Mar/2026:12:15:37 +0000] "GET /?u=syiiw24lwwea390jjfhziebsk HTTP/1.1" 200 318838 "-" "Mozilla/5.0 (Linux; Android 6.0.1; Nexus 5X Build/MMB29P) AppleWebKit/537.36 (KHTML, like Gecko) Chrome/144.0.7559.132 Mobile Safari/537.36 (compatible; Googlebot/2.1; +http://www.google.com/bot.html)"
66.249.77.8 - - [04/Mar/2026:12:15:38 +0000] "GET /?z=xaty204f5722nvdlpos HTTP/1.1" 200 308326 "-" "Mozilla/5.0 (Linux; Android 6.0.1; Nexus 5X Build/MMB29P) AppleWebKit/537.36 (KHTML, like Gecko) Chrome/144.0.7559.132 Mobile Safari/537.36 (compatible; Googlebot/2.1; +http://www.google.com/bot.html)"
52.6.232.201 - - [04/Mar/2026:12:15:39 +0000] "GET /wp-json/wp/v2/pages/2?dir=/home/inceptionblue/public_html/wp-content/plugins/google-site-kit/third-party/google/apiclient-services/src/Adsense&read=/home/inceptionblue/public_html/wp-content/plugins/google-site-kit/third-party/google/apiclient-services/src/Adsense/AdClientAdCode.php HTTP/1.1" 200 31274 "-" "Mozilla/5.0 AppleWebKit/537.36 (KHTML, like Gecko; compatible; Amazonbot/0.1; +https://developer.amazon.com/support/amazonbot) Chrome/119.0.6045.214 Safari/537.36"
74.7.241.6 - - [04/Mar/2026:12:15:35 +0000] "GET /buy.php?detail/26802655885063 HTTP/1.1" 200 149277 "https://inception-blue.com/buy.php?detail/2690466046630" "Mozilla/5.0 AppleWebKit/537.36 (KHTML, like Gecko; compatible; GPTBot/1.3; +https://openai.com/gptbot)"
66.249.77.10 - - [04/Mar/2026:12:15:39 +0000] "GET /?y=spyq114w41828izjnawmdtk HTTP/1.1" 200 308694 "-" "Mozilla/5.0 (Linux; Android 6.0.1; Nexus 5X Build/MMB29P) AppleWebKit/537.36 (KHTML, like Gecko) Chrome/144.0.7559.132 Mobile Safari/537.36 (compatible; Googlebot/2.1; +http://www.google.com/bot.html)"
66.249.77.3 - - [04/Mar/2026:12:15:40 +0000] "GET /?z=vmyp218abtge9906ftidjfp HTTP/1.1" 200 301658 "-" "Mozilla/5.0 (Linux; Android 6.0.1; Nexus 5X Build/MMB29P) AppleWebKit/537.36 (KHTML, like Gecko) Chrome/144.0.7559.132 Mobile Safari/537.36 (compatible; Googlebot/2.1; +http://www.google.com/bot.html)"
66.249.77.5 - - [04/Mar/2026:12:15:41 +0000] "GET /?o=stg120wloe27668jxqazjw HTTP/1.1" 200 320300 "-" "Mozilla/5.0 (Linux; Android 6.0.1; Nexus 5X Build/MMB29P) AppleWebKit/537.36 (KHTML, like Gecko) Chrome/144.0.7559.132 Mobile Safari/537.36 (compatible; GoogleOther)"
74.7.241.6 - - [04/Mar/2026:12:15:40 +0000] "GET /buy.php?detail/17601741271067 HTTP/1.1" 200 154828 "https://inception-blue.com/buy.php?goods/176031892" "Mozilla/5.0 AppleWebKit/537.36 (KHTML, like Gecko; compatible; GPTBot/1.3; +https://openai.com/gptbot)"
66.249.77.5 - - [04/Mar/2026:12:15:42 +0000] "GET /?l=bpd225lsynx39927tvjqjxyem HTTP/1.1" 200 305063 "-" "Mozilla/5.0 (Linux; Android 6.0.1; Nexus 5X Build/MMB29P) AppleWebKit/537.36 (KHTML, like Gecko) Chrome/144.0.7559.132 Mobile Safari/537.36 (compatible; Googlebot/2.1; +http://www.google.com/bot.html)"
44.209.89.189 - - [04/Mar/2026:12:15:42 +0000] "GET /wp-json/wp/v2/pages/2?dir=/home/inceptionblue/public_html/wp-content/plugins/wordpress-seo/vendor_prefixed/symfony/dependency-injection/Exception&read=/home/inceptionblue/public_html/wp-content/plugins/wordpress-seo/vendor_prefixed/symfony/dependency-injection/Exception/ExceptionInterface.php HTTP/1.1" 200 30098 "-" "Mozilla/5.0 AppleWebKit/537.36 (KHTML, like Gecko; compatible; Amazonbot/0.1; +https://developer.amazon.com/support/amazonbot) Chrome/119.0.6045.214 Safari/537.36"
66.249.77.9 - - [04/Mar/2026:12:15:43 +0000] "GET /?j=rsmru290w39230cliqnooaa HTTP/1.1" 200 301180 "-" "Mozilla/5.0 (Linux; Android 6.0.1; Nexus 5X Build/MMB29P) AppleWebKit/537.36 (KHTML, like Gecko) Chrome/144.0.7559.132 Mobile Safari/537.36 (compatible; Googlebot/2.1; +http://www.google.com/bot.html)"
66.249.77.5 - - [04/Mar/2026:12:15:44 +0000] "GET /?y=sxw100ad14180dxzuaj HTTP/1.1" 200 314941 "-" "Mozilla/5.0 (Linux; Android 6.0.1; Nexus 5X Build/MMB29P) AppleWebKit/537.36 (KHTML, like Gecko) Chrome/144.0.7559.132 Mobile Safari/537.36 (compatible; Googlebot/2.1; +http://www.google.com/bot.html)"
66.249.77.8 - - [04/Mar/2026:12:15:45 +0000] "GET /?g=vtkab133lfjg11967diswwxsw HTTP/1.1" 200 308197 "-" "Mozilla/5.0 (Linux; Android 6.0.1; Nexus 5X Build/MMB29P) AppleWebKit/537.36 (KHTML, like Gecko) Chrome/144.0.7559.132 Mobile Safari/537.36 (compatible; Googlebot/2.1; +http://www.google.com/bot.html)"
66.249.77.10 - - [04/Mar/2026:12:15:46 +0000] "GET /?i=pdfr77faxhp29897zfdumhiz HTTP/1.1" 200 302473 "-" "Mozilla/5.0 (Linux; Android 6.0.1; Nexus 5X Build/MMB29P) AppleWebKit/537.36 (KHTML, like Gecko) Chrome/144.0.7559.132 Mobile Safari/537.36 (compatible; Googlebot/2.1; +http://www.google.com/bot.html)"
66.249.77.9 - - [04/Mar/2026:12:15:47 +0000] "GET /?g=kewg7pcqh23353wqtnknbj HTTP/1.1" 200 315229 "-" "Mozilla/5.0 (Linux; Android 6.0.1; Nexus 5X Build/MMB29P) AppleWebKit/537.36 (KHTML, like Gecko) Chrome/144.0.7559.132 Mobile Safari/537.36 (compatible; Googlebot/2.1; +http://www.google.com/bot.html)"
74.7.241.6 - - [04/Mar/2026:12:15:43 +0000] "GET /buy.php?detail/17604540806055 HTTP/1.1" 200 151602 "https://inception-blue.com/buy.php?goods/176031892" "Mozilla/5.0 AppleWebKit/537.36 (KHTML, like Gecko; compatible; GPTBot/1.3; +https://openai.com/gptbot)"
3.93.211.16 - - [04/Mar/2026:12:15:47 +0000] "GET /wp-json/wp/v2/pages/2?dir=/home/inceptionblue/public_html/wp-content/plugins/profile-builder/features/roles-editor/assets/font&read=/home/inceptionblue/public_html/wp-content/plugins/profile-builder/features/roles-editor/assets/font/wppb_re_font.woff2 HTTP/1.1" 200 29109 "-" "Mozilla/5.0 AppleWebKit/537.36 (KHTML, like Gecko; compatible; Amazonbot/0.1; +https://developer.amazon.com/support/amazonbot) Chrome/119.0.6045.214 Safari/537.36"
66.249.77.4 - - [04/Mar/2026:12:15:48 +0000] "GET /?l=valu107y1499txphbwnm HTTP/1.1" 200 301375 "-" "Mozilla/5.0 (Linux; Android 6.0.1; Nexus 5X Build/MMB29P) AppleWebKit/537.36 (KHTML, like Gecko) Chrome/144.0.7559.132 Mobile Safari/537.36 (compatible; Googlebot/2.1; +http://www.google.com/bot.html)"
66.249.77.4 - - [04/Mar/2026:12:15:48 +0000] "GET /?c=tlx10sr41240bfdcdoj HTTP/1.1" 200 300473 "-" "Mozilla/5.0 (Linux; Android 6.0.1; Nexus 5X Build/MMB29P) AppleWebKit/537.36 (KHTML, like Gecko) Chrome/144.0.7559.132 Mobile Safari/537.36 (compatible; Googlebot/2.1; +http://www.google.com/bot.html)"
66.249.77.11 - - [04/Mar/2026:12:15:50 +0000] "GET /?f=ahf139e3571nenjztggo HTTP/1.1" 200 290980 "-" "Mozilla/5.0 (Linux; Android 6.0.1; Nexus 5X Build/MMB29P) AppleWebKit/537.36 (KHTML, like Gecko) Chrome/144.0.7559.132 Mobile Safari/537.36 (compatible; Googlebot/2.1; +http://www.google.com/bot.html)"
74.7.241.6 - - [04/Mar/2026:12:15:47 +0000] "GET /buy.php?detail/08601267017233 HTTP/1.1" 200 156456 "https://inception-blue.com/buy.php?detail/08600735208003" "Mozilla/5.0 AppleWebKit/537.36 (KHTML, like Gecko; compatible; GPTBot/1.3; +https://openai.com/gptbot)"
66.249.77.3 - - [04/Mar/2026:12:15:50 +0000] "GET /885416554 HTTP/1.1" 200 323503 "-" "Mozilla/5.0 (Linux; Android 6.0.1; Nexus 5X Build/MMB29P) AppleWebKit/537.36 (KHTML, like Gecko) Chrome/144.0.7559.132 Mobile Safari/537.36 (compatible; Googlebot/2.1; +http://www.google.com/bot.html)"
34.224.9.144 - - [04/Mar/2026:12:15:50 +0000] "GET /wp-json/wp/v2/pages/2?dir=/home/inceptionblue/public_html/wp-content/plugins/wordpress-seo/src/helpers&read=/home/inceptionblue/public_html/wp-content/plugins/wordpress-seo/src/helpers/wordproof-helper.php HTTP/1.1" 200 31845 "-" "Mozilla/5.0 AppleWebKit/537.36 (KHTML, like Gecko; compatible; Amazonbot/0.1; +https://developer.amazon.com/support/amazonbot) Chrome/119.0.6045.214 Safari/537.36"
66.249.77.3 - - [04/Mar/2026:12:15:51 +0000] "GET /1077451807 HTTP/1.1" 200 312242 "-" "Mozilla/5.0 (Linux; Android 6.0.1; Nexus 5X Build/MMB29P) AppleWebKit/537.36 (KHTML, like Gecko) Chrome/144.0.7559.132 Mobile Safari/537.36 (compatible; Googlebot/2.1; +http://www.google.com/bot.html)"
66.249.77.6 - - [04/Mar/2026:12:15:52 +0000] "GET /1146058078 HTTP/1.1" 200 303213 "-" "Mozilla/5.0 (Linux; Android 6.0.1; Nexus 5X Build/MMB29P) AppleWebKit/537.36 (KHTML, like Gecko) Chrome/144.0.7559.132 Mobile Safari/537.36 (compatible; Googlebot/2.1; +http://www.google.com/bot.html)"
66.249.77.8 - - [04/Mar/2026:12:15:53 +0000] "GET /1171034927 HTTP/1.1" 200 321035 "-" "Mozilla/5.0 (Linux; Android 6.0.1; Nexus 5X Build/MMB29P) AppleWebKit/537.36 (KHTML, like Gecko) Chrome/144.0.7559.132 Mobile Safari/537.36 (compatible; Googlebot/2.1; +http://www.google.com/bot.html)"
74.7.241.6 - - [04/Mar/2026:12:15:51 +0000] "GET /buy.php?detail/00200385196870 HTTP/1.1" 200 153668 "https://inception-blue.com/buy.php?detail/00200446933290" "Mozilla/5.0 AppleWebKit/537.36 (KHTML, like Gecko; compatible; GPTBot/1.3; +https://openai.com/gptbot)"
66.249.77.6 - - [04/Mar/2026:12:15:53 +0000] "GET /622299130 HTTP/1.1" 200 322668 "-" "Mozilla/5.0 (Linux; Android 6.0.1; Nexus 5X Build/MMB29P) AppleWebKit/537.36 (KHTML, like Gecko) Chrome/144.0.7559.132 Mobile Safari/537.36 (compatible; Googlebot/2.1; +http://www.google.com/bot.html)"
66.249.77.13 - - [04/Mar/2026:12:15:54 +0000] "GET /?g=djgjk210l43166okfdfeuls HTTP/1.1" 200 305367 "-" "Mozilla/5.0 (Linux; Android 6.0.1; Nexus 5X Build/MMB29P) AppleWebKit/537.36 (KHTML, like Gecko) Chrome/144.0.7559.132 Mobile Safari/537.36 (compatible; Googlebot/2.1; +http://www.google.com/bot.html)"
66.249.77.10 - - [04/Mar/2026:12:15:55 +0000] "GET /?e=etf47rlek44125wfczsr HTTP/1.1" 200 329954 "-" "Mozilla/5.0 (Linux; Android 6.0.1; Nexus 5X Build/MMB29P) AppleWebKit/537.36 (KHTML, like Gecko) Chrome/144.0.7559.132 Mobile Safari/537.36 (compatible; Googlebot/2.1; +http://www.google.com/bot.html)"
3.224.215.150 - - [04/Mar/2026:12:15:55 +0000] "GET /wp-json/wp/v2/pages/2?dir=/home/inceptionblue/public_html/wp-content/plugins/google-site-kit/third-party/google/apiclient-services/src/AnalyticsData&read=/home/inceptionblue/public_html/wp-content/plugins/google-site-kit/third-party/google/apiclient-services/src/AnalyticsData/CohortsRange.php HTTP/1.1" 200 31423 "-" "Mozilla/5.0 AppleWebKit/537.36 (KHTML, like Gecko; compatible; Amazonbot/0.1; +https://developer.amazon.com/support/amazonbot) Chrome/119.0.6045.214 Safari/537.36"
66.249.77.13 - - [04/Mar/2026:12:15:56 +0000] "GET /?detail/22404883001225 HTTP/1.1" 200 313925 "-" "Mozilla/5.0 (Linux; Android 6.0.1; Nexus 5X Build/MMB29P) AppleWebKit/537.36 (KHTML, like Gecko) Chrome/144.0.7559.132 Mobile Safari/537.36 (compatible; Googlebot/2.1; +http://www.google.com/bot.html)"
74.7.241.6 - - [04/Mar/2026:12:15:54 +0000] "GET /buy.php?detail/13403400908256 HTTP/1.1" 200 158626 "https://inception-blue.com/buy.php?detail/2690466046630" "Mozilla/5.0 AppleWebKit/537.36 (KHTML, like Gecko; compatible; GPTBot/1.3; +https://openai.com/gptbot)"
66.249.77.1 - - [04/Mar/2026:12:15:56 +0000] "GET /1168888333 HTTP/1.1" 200 303794 "-" "Mozilla/5.0 (Linux; Android 6.0.1; Nexus 5X Build/MMB29P) AppleWebKit/537.36 (KHTML, like Gecko) Chrome/144.0.7559.132 Mobile Safari/537.36 (compatible; Googlebot/2.1; +http://www.google.com/bot.html)"
66.249.77.11 - - [04/Mar/2026:12:15:57 +0000] "GET /1007183495 HTTP/1.1" 200 302237 "-" "Mozilla/5.0 (Linux; Android 6.0.1; Nexus 5X Build/MMB29P) AppleWebKit/537.36 (KHTML, like Gecko) Chrome/144.0.7559.132 Mobile Safari/537.36 (compatible; Googlebot/2.1; +http://www.google.com/bot.html)"
66.249.77.7 - - [04/Mar/2026:12:15:58 +0000] "GET /?g=vtwi263s32953ykurdbkj HTTP/1.1" 200 307156 "-" "Mozilla/5.0 (Linux; Android 6.0.1; Nexus 5X Build/MMB29P) AppleWebKit/537.36 (KHTML, like Gecko) Chrome/144.0.7559.132 Mobile Safari/537.36 (compatible; Googlebot/2.1; +http://www.google.com/bot.html)"
66.249.77.1 - - [04/Mar/2026:12:15:59 +0000] "GET /?d=xuzg85x38217vkwflagg HTTP/1.1" 200 309475 "-" "Mozilla/5.0 (Linux; Android 6.0.1; Nexus 5X Build/MMB29P) AppleWebKit/537.36 (KHTML, like Gecko) Chrome/144.0.7559.132 Mobile Safari/537.36 (compatible; Googlebot/2.1; +http://www.google.com/bot.html)"
74.7.241.6 - - [04/Mar/2026:12:15:57 +0000] "GET /buy.php?detail/04102074194002 HTTP/1.1" 200 155045 "https://inception-blue.com/buy.php?detail/26602631099345" "Mozilla/5.0 AppleWebKit/537.36 (KHTML, like Gecko; compatible; GPTBot/1.3; +https://openai.com/gptbot)"
66.249.77.1 - - [04/Mar/2026:12:15:59 +0000] "GET /?g=xar233je2555cwxqbxiqy HTTP/1.1" 200 304647 "-" "Mozilla/5.0 (Linux; Android 6.0.1; Nexus 5X Build/MMB29P) AppleWebKit/537.36 (KHTML, like Gecko) Chrome/144.0.7559.132 Mobile Safari/537.36 (compatible; Googlebot/2.1; +http://www.google.com/bot.html)"
159.223.142.74 - - [04/Mar/2026:12:16:00 +0000] "POST /wp-cron.php?doing_wp_cron=1772626560.0442829132080078125000 HTTP/1.1" 404 185455 "-" "WordPress/6.9.1; https://inception-blue.com"
54.156.55.147 - - [04/Mar/2026:12:15:59 +0000] "GET /wp-json/wp/v2/pages/2?dir=/home/inceptionblue/public_html/wp-content/themes/twentytwentytwo/inc/patterns&read=/home/inceptionblue/public_html/wp-content/themes/twentytwentytwo/inc/patterns/general-image-with-caption.php HTTP/1.1" 200 30919 "-" "Mozilla/5.0 AppleWebKit/537.36 (KHTML, like Gecko; compatible; Amazonbot/0.1; +https://developer.amazon.com/support/amazonbot) Chrome/119.0.6045.214 Safari/537.36"
66.249.77.6 - - [04/Mar/2026:12:16:00 +0000] "GET /?z=fsh240clsza3908osdzod HTTP/1.1" 200 334319 "-" "Mozilla/5.0 (Linux; Android 6.0.1; Nexus 5X Build/MMB29P) AppleWebKit/537.36 (KHTML, like Gecko) Chrome/144.0.7559.132 Mobile Safari/537.36 (compatible; Googlebot/2.1; +http://www.google.com/bot.html)"
66.249.77.9 - - [04/Mar/2026:12:16:01 +0000] "GET /?jp/135044978.html HTTP/1.1" 200 314858 "-" "Mozilla/5.0 (Linux; Android 6.0.1; Nexus 5X Build/MMB29P) AppleWebKit/537.36 (KHTML, like Gecko) Chrome/144.0.7559.132 Mobile Safari/537.36 (compatible; Googlebot/2.1; +http://www.google.com/bot.html)"
66.249.77.4 - - [04/Mar/2026:12:16:02 +0000] "GET /?i=ilnd189lman38015pgwpkgkuv HTTP/1.1" 200 305610 "-" "Mozilla/5.0 (Linux; Android 6.0.1; Nexus 5X Build/MMB29P) AppleWebKit/537.36 (KHTML, like Gecko) Chrome/144.0.7559.132 Mobile Safari/537.36 (compatible; Googlebot/2.1; +http://www.google.com/bot.html)"
74.7.241.6 - - [04/Mar/2026:12:16:00 +0000] "GET /buy.php?detail/24500779433133 HTTP/1.1" 200 154467 "https://inception-blue.com/buy.php?detail/03001260824931" "Mozilla/5.0 AppleWebKit/537.36 (KHTML, like Gecko; compatible; GPTBot/1.3; +https://openai.com/gptbot)"
66.249.77.5 - - [04/Mar/2026:12:16:03 +0000] "GET /1054116830 HTTP/1.1" 200 315862 "-" "Mozilla/5.0 (Linux; Android 6.0.1; Nexus 5X Build/MMB29P) AppleWebKit/537.36 (KHTML, like Gecko) Chrome/144.0.7559.132 Mobile Safari/537.36 (compatible; Googlebot/2.1; +http://www.google.com/bot.html)"
23.21.225.190 - - [04/Mar/2026:12:16:03 +0000] "GET /wp-json/wp/v2/pages/2?dir=/home/inceptionblue/public_html/wp-content/plugins/google-site-kit/third-party/google/apiclient-services/src/Adsense&read=/home/inceptionblue/public_html/wp-content/plugins/google-site-kit/third-party/google/apiclient-services/src/Adsense/ListAdClientsResponse.php HTTP/1.1" 200 31244 "-" "Mozilla/5.0 AppleWebKit/537.36 (KHTML, like Gecko; compatible; Amazonbot/0.1; +https://developer.amazon.com/support/amazonbot) Chrome/119.0.6045.214 Safari/537.36"
66.249.77.4 - - [04/Mar/2026:12:16:03 +0000] "GET /product/179008722 HTTP/1.1" 200 329763 "-" "Mozilla/5.0 (Linux; Android 6.0.1; Nexus 5X Build/MMB29P) AppleWebKit/537.36 (KHTML, like Gecko) Chrome/144.0.7559.132 Mobile Safari/537.36 (compatible; Googlebot/2.1; +http://www.google.com/bot.html)"
66.249.77.11 - - [04/Mar/2026:12:16:04 +0000] "GET /?t=xzas295s13931puzkhm HTTP/1.1" 200 320171 "-" "Mozilla/5.0 (Linux; Android 6.0.1; Nexus 5X Build/MMB29P) AppleWebKit/537.36 (KHTML, like Gecko) Chrome/144.0.7559.132 Mobile Safari/537.36 (compatible; Googlebot/2.1; +http://www.google.com/bot.html)"
66.249.77.3 - - [04/Mar/2026:12:16:05 +0000] "GET /?c=gcn124o6418dzgzahyk HTTP/1.1" 200 304334 "-" "Mozilla/5.0 (Linux; Android 6.0.1; Nexus 5X Build/MMB29P) AppleWebKit/537.36 (KHTML, like Gecko) Chrome/144.0.7559.132 Mobile Safari/537.36 (compatible; Googlebot/2.1; +http://www.google.com/bot.html)"
74.7.241.6 - - [04/Mar/2026:12:16:03 +0000] "GET /buy.php?detail/04600712928805 HTTP/1.1" 200 155665 "https://inception-blue.com/buy.php?detail/27702507085715" "Mozilla/5.0 AppleWebKit/537.36 (KHTML, like Gecko; compatible; GPTBot/1.3; +https://openai.com/gptbot)"
66.249.77.5 - - [04/Mar/2026:12:16:06 +0000] "GET /?z=wazc235efs44989ghcctcyd HTTP/1.1" 200 306299 "-" "Mozilla/5.0 (Linux; Android 6.0.1; Nexus 5X Build/MMB29P) AppleWebKit/537.36 (KHTML, like Gecko) Chrome/144.0.7559.132 Mobile Safari/537.36 (compatible; Googlebot/2.1; +http://www.google.com/bot.html)"
66.249.77.7 - - [04/Mar/2026:12:16:06 +0000] "GET /?k=opehn24ta46660fpuylpon HTTP/1.1" 200 301151 "-" "Mozilla/5.0 (Linux; Android 6.0.1; Nexus 5X Build/MMB29P) AppleWebKit/537.36 (KHTML, like Gecko) Chrome/144.0.7559.132 Mobile Safari/537.36 (compatible; Googlebot/2.1; +http://www.google.com/bot.html)"
66.249.77.3 - - [04/Mar/2026:12:16:07 +0000] "GET /?m=opvmz200pv36306rgkblups HTTP/1.1" 200 309105 "-" "Mozilla/5.0 (Linux; Android 6.0.1; Nexus 5X Build/MMB29P) AppleWebKit/537.36 (KHTML, like Gecko) Chrome/144.0.7559.132 Mobile Safari/537.36 (compatible; Googlebot/2.1; +http://www.google.com/bot.html)"
52.45.77.169 - - [04/Mar/2026:12:16:07 +0000] "GET /wp-json/wp/v2/pages/2?dir=/home/inceptionblue/public_html/wp-content/plugins/astra-addon/addons/sticky-header/classes/dynamic-css&read=/home/inceptionblue/public_html/wp-content/plugins/astra-addon/addons/sticky-header/classes/dynamic-css/social-dynamic.css.php HTTP/1.1" 200 36320 "-" "Mozilla/5.0 AppleWebKit/537.36 (KHTML, like Gecko; compatible; Amazonbot/0.1; +https://developer.amazon.com/support/amazonbot) Chrome/119.0.6045.214 Safari/537.36"
66.249.77.5 - - [04/Mar/2026:12:16:08 +0000] "GET /?p=jhs162pxpz17964lavrzizr HTTP/1.1" 200 311426 "-" "Mozilla/5.0 (Linux; Android 6.0.1; Nexus 5X Build/MMB29P) AppleWebKit/537.36 (KHTML, like Gecko) Chrome/144.0.7559.132 Mobile Safari/537.36 (compatible; GoogleOther)"
74.7.241.6 - - [04/Mar/2026:12:16:06 +0000] "GET /buy.php?detail/00200378415398 HTTP/1.1" 200 158225 "https://inception-blue.com/buy.php?detail/00200396047732" "Mozilla/5.0 AppleWebKit/537.36 (KHTML, like Gecko; compatible; GPTBot/1.3; +https://openai.com/gptbot)"
66.249.77.7 - - [04/Mar/2026:12:16:09 +0000] "GET /?g=wmmk144pp13224veysbwtolp HTTP/1.1" 200 304198 "-" "Mozilla/5.0 (Linux; Android 6.0.1; Nexus 5X Build/MMB29P) AppleWebKit/537.36 (KHTML, like Gecko) Chrome/144.0.7559.132 Mobile Safari/537.36 (compatible; Googlebot/2.1; +http://www.google.com/bot.html)"
66.249.77.8 - - [04/Mar/2026:12:16:10 +0000] "GET /?g=qvp219nk30933swolulfb HTTP/1.1" 200 337495 "-" "Mozilla/5.0 (Linux; Android 6.0.1; Nexus 5X Build/MMB29P) AppleWebKit/537.36 (KHTML, like Gecko) Chrome/144.0.7559.132 Mobile Safari/537.36 (compatible; Googlebot/2.1; +http://www.google.com/bot.html)"
66.249.77.5 - - [04/Mar/2026:12:16:10 +0000] "GET /1017658836 HTTP/1.1" 200 310048 "-" "Mozilla/5.0 (Linux; Android 6.0.1; Nexus 5X Build/MMB29P) AppleWebKit/537.36 (KHTML, like Gecko) Chrome/144.0.7559.132 Mobile Safari/537.36 (compatible; Googlebot/2.1; +http://www.google.com/bot.html)"
66.249.77.8 - - [04/Mar/2026:12:16:11 +0000] "GET /1092872940 HTTP/1.1" 200 311345 "-" "Mozilla/5.0 (Linux; Android 6.0.1; Nexus 5X Build/MMB29P) AppleWebKit/537.36 (KHTML, like Gecko) Chrome/144.0.7559.132 Mobile Safari/537.36 (compatible; Googlebot/2.1; +http://www.google.com/bot.html)"
184.73.195.18 - - [04/Mar/2026:12:16:11 +0000] "GET /wp-json/wp/v2/pages/79?dir=/home/inceptionblue/public_html/wp-content/plugins/astra-addon/addons/blog-pro/assets/js/unminified&read=/home/inceptionblue/public_html/wp-content/plugins/astra-addon/addons/blog-pro/assets/js/unminified/pagination-infinite.js HTTP/1.1" 200 36115 "-" "Mozilla/5.0 AppleWebKit/537.36 (KHTML, like Gecko; compatible; Amazonbot/0.1; +https://developer.amazon.com/support/amazonbot) Chrome/119.0.6045.214 Safari/537.36"
74.7.241.6 - - [04/Mar/2026:12:16:09 +0000] "GET /buy.php?detail/26704603307390 HTTP/1.1" 200 158557 "https://inception-blue.com/buy.php?detail/17602020630276" "Mozilla/5.0 AppleWebKit/537.36 (KHTML, like Gecko; compatible; GPTBot/1.3; +https://openai.com/gptbot)"
66.249.77.8 - - [04/Mar/2026:12:16:12 +0000] "GET /?o=bwm22ifmdk18788sdbnuhroe HTTP/1.1" 200 315155 "-" "Mozilla/5.0 (Linux; Android 6.0.1; Nexus 5X Build/MMB29P) AppleWebKit/537.36 (KHTML, like Gecko) Chrome/144.0.7559.132 Mobile Safari/537.36 (compatible; Googlebot/2.1; +http://www.google.com/bot.html)"
66.249.77.6 - - [04/Mar/2026:12:16:13 +0000] "GET /?o=ivo243l41365puhyeqq HTTP/1.1" 200 302049 "-" "Mozilla/5.0 (Linux; Android 6.0.1; Nexus 5X Build/MMB29P) AppleWebKit/537.36 (KHTML, like Gecko) Chrome/144.0.7559.132 Mobile Safari/537.36 (compatible; Googlebot/2.1; +http://www.google.com/bot.html)"
66.249.77.3 - - [04/Mar/2026:12:16:13 +0000] "GET /?z=ndv68l5200dwqdlll HTTP/1.1" 200 312515 "-" "Mozilla/5.0 (Linux; Android 6.0.1; Nexus 5X Build/MMB29P) AppleWebKit/537.36 (KHTML, like Gecko) Chrome/144.0.7559.132 Mobile Safari/537.36 (compatible; Googlebot/2.1; +http://www.google.com/bot.html)"
66.249.77.3 - - [04/Mar/2026:12:16:14 +0000] "GET /1077692322 HTTP/1.1" 200 314512 "-" "Mozilla/5.0 (Linux; Android 6.0.1; Nexus 5X Build/MMB29P) AppleWebKit/537.36 (KHTML, like Gecko) Chrome/144.0.7559.132 Mobile Safari/537.36 (compatible; Googlebot/2.1; +http://www.google.com/bot.html)"
66.249.77.6 - - [04/Mar/2026:12:16:15 +0000] "GET /?c=adiu111oy46411gjmzctipjk HTTP/1.1" 200 301850 "-" "Mozilla/5.0 (Linux; Android 6.0.1; Nexus 5X Build/MMB29P) AppleWebKit/537.36 (KHTML, like Gecko) Chrome/144.0.7559.132 Mobile Safari/537.36 (compatible; Googlebot/2.1; +http://www.google.com/bot.html)"
3.212.219.113 - - [04/Mar/2026:12:16:15 +0000] "GET /wp-json/wp/v2/pages/2?dir=/home/inceptionblue/public_html/wp-content/plugins/profile-builder/assets/misc/divi/styles&read=/home/inceptionblue/public_html/wp-content/plugins/profile-builder/assets/misc/divi/styles/style.min.css HTTP/1.1" 200 49629 "-" "Mozilla/5.0 AppleWebKit/537.36 (KHTML, like Gecko; compatible; Amazonbot/0.1; +https://developer.amazon.com/support/amazonbot) Chrome/119.0.6045.214 Safari/537.36"
66.249.77.6 - - [04/Mar/2026:12:16:16 +0000] "GET /?j=cxfs298ircq22800scgsmdu HTTP/1.1" 200 308377 "-" "Mozilla/5.0 (Linux; Android 6.0.1; Nexus 5X Build/MMB29P) AppleWebKit/537.36 (KHTML, like Gecko) Chrome/144.0.7559.132 Mobile Safari/537.36 (compatible; Googlebot/2.1; +http://www.google.com/bot.html)"
74.7.241.6 - - [04/Mar/2026:12:16:12 +0000] "GET /buy.php?detail/16104477830393 HTTP/1.1" 200 154604 "https://inception-blue.com/buy.php?detail/08600735208003" "Mozilla/5.0 AppleWebKit/537.36 (KHTML, like Gecko; compatible; GPTBot/1.3; +https://openai.com/gptbot)"
66.249.77.7 - - [04/Mar/2026:12:16:16 +0000] "GET /?c=ioxx64kcckj25032ssmwhcfc HTTP/1.1" 200 308465 "-" "Mozilla/5.0 (Linux; Android 6.0.1; Nexus 5X Build/MMB29P) AppleWebKit/537.36 (KHTML, like Gecko) Chrome/144.0.7559.132 Mobile Safari/537.36 (compatible; Googlebot/2.1; +http://www.google.com/bot.html)"
66.249.77.6 - - [04/Mar/2026:12:16:17 +0000] "GET /1034425700 HTTP/1.1" 200 320643 "-" "Mozilla/5.0 (Linux; Android 6.0.1; Nexus 5X Build/MMB29P) AppleWebKit/537.36 (KHTML, like Gecko) Chrome/144.0.7559.132 Mobile Safari/537.36 (compatible; Googlebot/2.1; +http://www.google.com/bot.html)"
66.249.77.3 - - [04/Mar/2026:12:16:18 +0000] "GET /?h=etk295azyv12173akdngews HTTP/1.1" 200 302682 "-" "Mozilla/5.0 (Linux; Android 6.0.1; Nexus 5X Build/MMB29P) AppleWebKit/537.36 (KHTML, like Gecko) Chrome/144.0.7559.132 Mobile Safari/537.36 (compatible; Googlebot/2.1; +http://www.google.com/bot.html)"
66.249.77.4 - - [04/Mar/2026:12:16:19 +0000] "GET /871237650 HTTP/1.1" 200 331708 "-" "Mozilla/5.0 (Linux; Android 6.0.1; Nexus 5X Build/MMB29P) AppleWebKit/537.36 (KHTML, like Gecko) Chrome/144.0.7559.132 Mobile Safari/537.36 (compatible; Googlebot/2.1; +http://www.google.com/bot.html)"
107.22.208.39 - - [04/Mar/2026:12:16:19 +0000] "GET /wp-json/wp/v2/pages/2?dir=/home/inceptionblue/public_html/wp-content/themes/astra/assets/css/minified/compatibility&read=/home/inceptionblue/public_html/wp-content/themes/astra/assets/css/minified/compatibility/bne-flyout.min-rtl.css HTTP/1.1" 200 29024 "-" "Mozilla/5.0 AppleWebKit/537.36 (KHTML, like Gecko; compatible; Amazonbot/0.1; +https://developer.amazon.com/support/amazonbot) Chrome/119.0.6045.214 Safari/537.36"
74.7.241.6 - - [04/Mar/2026:12:16:17 +0000] "GET /buy.php?detail/16403835859493 HTTP/1.1" 200 158865 "https://inception-blue.com/buy.php?detail/07903239897849" "Mozilla/5.0 AppleWebKit/537.36 (KHTML, like Gecko; compatible; GPTBot/1.3; +https://openai.com/gptbot)"
66.249.77.6 - - [04/Mar/2026:12:16:19 +0000] "GET /?f=tcv15rfwb26443pmehxp HTTP/1.1" 200 306997 "-" "Mozilla/5.0 (Linux; Android 6.0.1; Nexus 5X Build/MMB29P) AppleWebKit/537.36 (KHTML, like Gecko) Chrome/144.0.7559.132 Mobile Safari/537.36 (compatible; Googlebot/2.1; +http://www.google.com/bot.html)"
66.249.77.6 - - [04/Mar/2026:12:16:21 +0000] "GET /1161550586 HTTP/1.1" 200 309675 "-" "Mozilla/5.0 (Linux; Android 6.0.1; Nexus 5X Build/MMB29P) AppleWebKit/537.36 (KHTML, like Gecko) Chrome/144.0.7559.132 Mobile Safari/537.36 (compatible; Googlebot/2.1; +http://www.google.com/bot.html)"
66.249.77.7 - - [04/Mar/2026:12:16:21 +0000] "GET /?goods/072006121 HTTP/1.1" 200 309836 "-" "Mozilla/5.0 (Linux; Android 6.0.1; Nexus 5X Build/MMB29P) AppleWebKit/537.36 (KHTML, like Gecko) Chrome/144.0.7559.132 Mobile Safari/537.36 (compatible; Googlebot/2.1; +http://www.google.com/bot.html)"
66.249.77.7 - - [04/Mar/2026:12:16:22 +0000] "GET /product/066003637 HTTP/1.1" 200 316156 "-" "Mozilla/5.0 (Linux; Android 6.0.1; Nexus 5X Build/MMB29P) AppleWebKit/537.36 (KHTML, like Gecko) Chrome/144.0.7559.132 Mobile Safari/537.36 (compatible; Googlebot/2.1; +http://www.google.com/bot.html)"
66.249.77.5 - - [04/Mar/2026:12:16:23 +0000] "GET /?goods/155049088 HTTP/1.1" 200 326872 "-" "Mozilla/5.0 (Linux; Android 6.0.1; Nexus 5X Build/MMB29P) AppleWebKit/537.36 (KHTML, like Gecko) Chrome/144.0.7559.132 Mobile Safari/537.36 (compatible; Googlebot/2.1; +http://www.google.com/bot.html)"
54.144.185.255 - - [04/Mar/2026:12:16:23 +0000] "GET /wp-json/wp/v2/pages/2?dir=/home/inceptionblue/public_html/wp-content/plugins/astra-addon/admin/bsf-core/classes&read=/home/inceptionblue/public_html/wp-content/plugins/astra-addon/admin/bsf-core/classes/class-bsf-extension-installer.php HTTP/1.1" 200 31130 "-" "Mozilla/5.0 AppleWebKit/537.36 (KHTML, like Gecko; compatible; Amazonbot/0.1; +https://developer.amazon.com/support/amazonbot) Chrome/119.0.6045.214 Safari/537.36"
66.249.77.4 - - [04/Mar/2026:12:16:23 +0000] "GET /?goods/002008341 HTTP/1.1" 200 303255 "-" "Mozilla/5.0 (Linux; Android 6.0.1; Nexus 5X Build/MMB29P) AppleWebKit/537.36 (KHTML, like Gecko) Chrome/144.0.7559.132 Mobile Safari/537.36 (compatible; Googlebot/2.1; +http://www.google.com/bot.html)"
74.7.241.6 - - [04/Mar/2026:12:16:20 +0000] "GET /buy.php?goods/176033825 HTTP/1.1" 200 152111 "https://inception-blue.com/buy.php?detail/17604540806055" "Mozilla/5.0 AppleWebKit/537.36 (KHTML, like Gecko; compatible; GPTBot/1.3; +https://openai.com/gptbot)"
66.249.77.6 - - [04/Mar/2026:12:16:24 +0000] "GET /1158744176 HTTP/1.1" 200 316336 "-" "Mozilla/5.0 (Linux; Android 6.0.1; Nexus 5X Build/MMB29P) AppleWebKit/537.36 (KHTML, like Gecko) Chrome/144.0.7559.132 Mobile Safari/537.36 (compatible; Googlebot/2.1; +http://www.google.com/bot.html)"
