66.249.77.6 - - [04/Mar/2026:12:43:17 +0000] "GET /?x=zqt114hzos9696ktsgrquwhm HTTP/1.1" 200 301380 "-" "Mozilla/5.0 (Linux; Android 6.0.1; Nexus 5X Build/MMB29P) AppleWebKit/537.36 (KHTML, like Gecko) Chrome/144.0.7559.132 Mobile Safari/537.36 (compatible; Googlebot/2.1; +http://www.google.com/bot.html)"
74.7.241.6 - - [04/Mar/2026:12:43:15 +0000] "GET /buy.php?m44211399673 HTTP/1.1" 200 165638 "https://inception-blue.com/buy.php?m38444781513" "Mozilla/5.0 AppleWebKit/537.36 (KHTML, like Gecko; compatible; GPTBot/1.3; +https://openai.com/gptbot)"
66.249.77.4 - - [04/Mar/2026:12:43:18 +0000] "GET /?z=dhaai259t44311uubldapfv HTTP/1.1" 200 304295 "-" "Mozilla/5.0 (Linux; Android 6.0.1; Nexus 5X Build/MMB29P) AppleWebKit/537.36 (KHTML, like Gecko) Chrome/144.0.7559.132 Mobile Safari/537.36 (compatible; Googlebot/2.1; +http://www.google.com/bot.html)"
66.249.77.3 - - [04/Mar/2026:12:43:19 +0000] "GET /?i=yudot154vjnpq34006vxbcyhth HTTP/1.1" 200 308041 "-" "Mozilla/5.0 (Linux; Android 6.0.1; Nexus 5X Build/MMB29P) AppleWebKit/537.36 (KHTML, like Gecko) Chrome/144.0.7559.132 Mobile Safari/537.36 (compatible; Googlebot/2.1; +http://www.google.com/bot.html)"
66.249.77.6 - - [04/Mar/2026:12:43:20 +0000] "GET /?e=jwttw252t32566vvybzo HTTP/1.1" 200 305622 "-" "Mozilla/5.0 (Linux; Android 6.0.1; Nexus 5X Build/MMB29P) AppleWebKit/537.36 (KHTML, like Gecko) Chrome/144.0.7559.132 Mobile Safari/537.36 (compatible; Googlebot/2.1; +http://www.google.com/bot.html)"
66.249.77.5 - - [04/Mar/2026:12:43:21 +0000] "GET /?c=mehit112emnlc16156cmaqgvm HTTP/1.1" 200 304650 "-" "Mozilla/5.0 (Linux; Android 6.0.1; Nexus 5X Build/MMB29P) AppleWebKit/537.36 (KHTML, like Gecko) Chrome/144.0.7559.132 Mobile Safari/537.36 (compatible; Googlebot/2.1; +http://www.google.com/bot.html)"
74.7.241.6 - - [04/Mar/2026:12:43:18 +0000] "GET /buy.php?detail/00503050990278 HTTP/1.1" 200 150020 "https://inception-blue.com/buy.php?m99203339875" "Mozilla/5.0 AppleWebKit/537.36 (KHTML, like Gecko; compatible; GPTBot/1.3; +https://openai.com/gptbot)"
66.249.77.5 - - [04/Mar/2026:12:43:22 +0000] "GET /?z=suxc272op28856bziwmgl HTTP/1.1" 200 306839 "-" "Mozilla/5.0 (Linux; Android 6.0.1; Nexus 5X Build/MMB29P) AppleWebKit/537.36 (KHTML, like Gecko) Chrome/144.0.7559.132 Mobile Safari/537.36 (compatible; Googlebot/2.1; +http://www.google.com/bot.html)"
66.249.77.5 - - [04/Mar/2026:12:43:23 +0000] "GET /?o=vtpu203stn48877mscizpveav HTTP/1.1" 200 292076 "-" "Mozilla/5.0 (Linux; Android 6.0.1; Nexus 5X Build/MMB29P) AppleWebKit/537.36 (KHTML, like Gecko) Chrome/144.0.7559.132 Mobile Safari/537.36 (compatible; Googlebot/2.1; +http://www.google.com/bot.html)"
66.249.77.5 - - [04/Mar/2026:12:43:24 +0000] "GET /?b=wjw21wcpgq3281yonvoxjp HTTP/1.1" 200 310357 "-" "Mozilla/5.0 (Linux; Android 6.0.1; Nexus 5X Build/MMB29P) AppleWebKit/537.36 (KHTML, like Gecko) Chrome/144.0.7559.132 Mobile Safari/537.36 (compatible; Googlebot/2.1; +http://www.google.com/bot.html)"
74.7.241.6 - - [04/Mar/2026:12:43:22 +0000] "GET /buy.php?goods/278043429 HTTP/1.1" 200 152785 "https://inception-blue.com/buy.php?jp/204014591.html" "Mozilla/5.0 AppleWebKit/537.36 (KHTML, like Gecko; compatible; GPTBot/1.3; +https://openai.com/gptbot)"
66.249.77.6 - - [04/Mar/2026:12:43:25 +0000] "GET /jukyuban/ HTTP/1.1" 200 313481 "-" "Mozilla/5.0 (Linux; Android 6.0.1; Nexus 5X Build/MMB29P) AppleWebKit/537.36 (KHTML, like Gecko) Chrome/145.0.7632.116 Mobile Safari/537.36 (compatible; Googlebot/2.1; +http://www.google.com/bot.html)"
66.249.77.4 - - [04/Mar/2026:12:43:26 +0000] "GET /?n=pzgf7evrib11753hyoumt HTTP/1.1" 200 322885 "-" "Mozilla/5.0 (Linux; Android 6.0.1; Nexus 5X Build/MMB29P) AppleWebKit/537.36 (KHTML, like Gecko) Chrome/144.0.7559.132 Mobile Safari/537.36 (compatible; Googlebot/2.1; +http://www.google.com/bot.html)"
66.249.77.4 - - [04/Mar/2026:12:43:26 +0000] "GET /?g=usrl294pg46772jvddwe HTTP/1.1" 200 338043 "-" "Mozilla/5.0 (Linux; Android 6.0.1; Nexus 5X Build/MMB29P) AppleWebKit/537.36 (KHTML, like Gecko) Chrome/144.0.7559.132 Mobile Safari/537.36 (compatible; Googlebot/2.1; +http://www.google.com/bot.html)"
74.7.241.6 - - [04/Mar/2026:12:43:25 +0000] "GET /buy.php?detail/26901720051526 HTTP/1.1" 200 165782 "https://inception-blue.com/buy.php?m90555372719" "Mozilla/5.0 AppleWebKit/537.36 (KHTML, like Gecko; compatible; GPTBot/1.3; +https://openai.com/gptbot)"
66.249.77.6 - - [04/Mar/2026:12:43:27 +0000] "GET /?r=flmwy206tva3488qswvxsp HTTP/1.1" 200 302802 "-" "Mozilla/5.0 (Linux; Android 6.0.1; Nexus 5X Build/MMB29P) AppleWebKit/537.36 (KHTML, like Gecko) Chrome/144.0.7559.132 Mobile Safari/537.36 (compatible; GoogleOther)"
66.249.77.5 - - [04/Mar/2026:12:43:28 +0000] "GET /?j=dwe283cwhhw34165fggftvwsxn HTTP/1.1" 200 300663 "-" "Mozilla/5.0 (Linux; Android 6.0.1; Nexus 5X Build/MMB29P) AppleWebKit/537.36 (KHTML, like Gecko) Chrome/144.0.7559.132 Mobile Safari/537.36 (compatible; Googlebot/2.1; +http://www.google.com/bot.html)"
66.249.77.5 - - [04/Mar/2026:12:43:29 +0000] "GET /?t=lzlh80sr8132tozmqkz HTTP/1.1" 200 302180 "-" "Mozilla/5.0 (Linux; Android 6.0.1; Nexus 5X Build/MMB29P) AppleWebKit/537.36 (KHTML, like Gecko) Chrome/144.0.7559.132 Mobile Safari/537.36 (compatible; Googlebot/2.1; +http://www.google.com/bot.html)"
74.7.241.6 - - [04/Mar/2026:12:43:28 +0000] "GET /buy.php?detail/1680168907881 HTTP/1.1" 200 156376 "https://inception-blue.com/buy.php?detail/29901554845205" "Mozilla/5.0 AppleWebKit/537.36 (KHTML, like Gecko; compatible; GPTBot/1.3; +https://openai.com/gptbot)"
66.249.77.7 - - [04/Mar/2026:12:43:30 +0000] "GET /1073387098 HTTP/1.1" 200 329397 "-" "Mozilla/5.0 (Linux; Android 6.0.1; Nexus 5X Build/MMB29P) AppleWebKit/537.36 (KHTML, like Gecko) Chrome/144.0.7559.132 Mobile Safari/537.36 (compatible; Googlebot/2.1; +http://www.google.com/bot.html)"
66.249.77.6 - - [04/Mar/2026:12:43:31 +0000] "GET /product/102013623 HTTP/1.1" 200 330540 "-" "Mozilla/5.0 (Linux; Android 6.0.1; Nexus 5X Build/MMB29P) AppleWebKit/537.36 (KHTML, like Gecko) Chrome/144.0.7559.132 Mobile Safari/537.36 (compatible; Googlebot/2.1; +http://www.google.com/bot.html)"
66.249.77.3 - - [04/Mar/2026:12:43:32 +0000] "GET /?jp/031026256.html HTTP/1.1" 200 305136 "-" "Mozilla/5.0 (Linux; Android 6.0.1; Nexus 5X Build/MMB29P) AppleWebKit/537.36 (KHTML, like Gecko) Chrome/144.0.7559.132 Mobile Safari/537.36 (compatible; GoogleOther)"
66.249.77.3 - - [04/Mar/2026:12:43:33 +0000] "GET /?g=mnn7hhn4699iumuhty HTTP/1.1" 200 338527 "-" "Mozilla/5.0 (Linux; Android 6.0.1; Nexus 5X Build/MMB29P) AppleWebKit/537.36 (KHTML, like Gecko) Chrome/144.0.7559.132 Mobile Safari/537.36 (compatible; Googlebot/2.1; +http://www.google.com/bot.html)"
66.249.77.4 - - [04/Mar/2026:12:43:34 +0000] "GET /3135383 HTTP/1.1" 200 314313 "-" "Mozilla/5.0 (Linux; Android 6.0.1; Nexus 5X Build/MMB29P) AppleWebKit/537.36 (KHTML, like Gecko) Chrome/145.0.7632.116 Mobile Safari/537.36 (compatible; Googlebot/2.1; +http://www.google.com/bot.html)"
74.7.241.6 - - [04/Mar/2026:12:43:31 +0000] "GET /buy.php?jp/046043599.html HTTP/1.1" 200 154282 "https://inception-blue.com/buy.php?detail/29901554845205" "Mozilla/5.0 AppleWebKit/537.36 (KHTML, like Gecko; compatible; GPTBot/1.3; +https://openai.com/gptbot)"
66.249.77.5 - - [04/Mar/2026:12:43:36 +0000] "GET /?v=nnt116fypfo38962kfvxfvxhs HTTP/1.1" 200 306359 "-" "Mozilla/5.0 (Linux; Android 6.0.1; Nexus 5X Build/MMB29P) AppleWebKit/537.36 (KHTML, like Gecko) Chrome/144.0.7559.132 Mobile Safari/537.36 (compatible; GoogleOther)"
74.7.241.6 - - [04/Mar/2026:12:43:35 +0000] "GET /buy.php?jp/177005793.html HTTP/1.1" 200 155764 "https://inception-blue.com/buy.php?detail/10500896553962" "Mozilla/5.0 AppleWebKit/537.36 (KHTML, like Gecko; compatible; GPTBot/1.3; +https://openai.com/gptbot)"
74.7.241.6 - - [04/Mar/2026:12:43:38 +0000] "GET /buy.php?detail/09102309645774 HTTP/1.1" 200 154318 "https://inception-blue.com/buy.php?m90555372719" "Mozilla/5.0 AppleWebKit/537.36 (KHTML, like Gecko; compatible; GPTBot/1.3; +https://openai.com/gptbot)"
66.249.77.5 - - [04/Mar/2026:12:43:41 +0000] "GET /?j=ktml289z4819yuupdft HTTP/1.1" 200 336160 "-" "Mozilla/5.0 (Linux; Android 6.0.1; Nexus 5X Build/MMB29P) AppleWebKit/537.36 (KHTML, like Gecko) Chrome/144.0.7559.132 Mobile Safari/537.36 (compatible; GoogleOther)"
74.7.241.6 - - [04/Mar/2026:12:43:41 +0000] "GET /buy.php?084000209.htm HTTP/1.1" 200 145013 "https://inception-blue.com/buy.php?m82398702091" "Mozilla/5.0 AppleWebKit/537.36 (KHTML, like Gecko; compatible; GPTBot/1.3; +https://openai.com/gptbot)"
66.249.77.3 - - [04/Mar/2026:12:43:45 +0000] "GET /tgpicals-45-a500-9993 HTTP/1.1" 200 334399 "-" "Mozilla/5.0 (Linux; Android 6.0.1; Nexus 5X Build/MMB29P) AppleWebKit/537.36 (KHTML, like Gecko) Chrome/144.0.7559.132 Mobile Safari/537.36 (compatible; GoogleOther)"
74.7.241.6 - - [04/Mar/2026:12:43:43 +0000] "GET /buy.php?m66777070358 HTTP/1.1" 200 158533 "https://inception-blue.com/buy.php?detail/16702697477556" "Mozilla/5.0 AppleWebKit/537.36 (KHTML, like Gecko; compatible; GPTBot/1.3; +https://openai.com/gptbot)"
66.249.77.3 - - [04/Mar/2026:12:43:50 +0000] "GET /raise-sneaker-r-0007263 HTTP/1.1" 200 301428 "-" "Mozilla/5.0 (Linux; Android 6.0.1; Nexus 5X Build/MMB29P) AppleWebKit/537.36 (KHTML, like Gecko) Chrome/144.0.7559.132 Mobile Safari/537.36 (compatible; GoogleOther)"
74.7.241.6 - - [04/Mar/2026:12:43:47 +0000] "GET /buy.php?detail/20200509135654 HTTP/1.1" 200 155462 "https://inception-blue.com/buy.php?detail/24001787091950" "Mozilla/5.0 AppleWebKit/537.36 (KHTML, like Gecko; compatible; GPTBot/1.3; +https://openai.com/gptbot)"
66.249.77.6 - - [04/Mar/2026:12:43:54 +0000] "GET /?c=ggt94smbfc35936lzqikmvxm HTTP/1.1" 200 304766 "-" "Mozilla/5.0 (Linux; Android 6.0.1; Nexus 5X Build/MMB29P) AppleWebKit/537.36 (KHTML, like Gecko) Chrome/144.0.7559.132 Mobile Safari/537.36 (compatible; GoogleOther)"
66.249.77.9 - - [04/Mar/2026:12:43:56 +0000] "GET /38155979 HTTP/1.1" 200 328935 "-" "Mozilla/5.0 (Linux; Android 6.0.1; Nexus 5X Build/MMB29P) AppleWebKit/537.36 (KHTML, like Gecko) Chrome/145.0.7632.116 Mobile Safari/537.36 (compatible; Googlebot/2.1; +http://www.google.com/bot.html)"
74.7.241.6 - - [04/Mar/2026:12:43:51 +0000] "GET /buy.php?m44473036623 HTTP/1.1" 200 153958 "https://inception-blue.com/buy.php?detail/20304210444044" "Mozilla/5.0 AppleWebKit/537.36 (KHTML, like Gecko; compatible; GPTBot/1.3; +https://openai.com/gptbot)"
66.249.77.4 - - [04/Mar/2026:12:43:57 +0000] "GET /?l=vxar191ogxe8159mosvkuir HTTP/1.1" 200 299007 "-" "Mozilla/5.0 (Linux; Android 6.0.1; Nexus 5X Build/MMB29P) AppleWebKit/537.36 (KHTML, like Gecko) Chrome/144.0.7559.132 Mobile Safari/537.36 (compatible; Googlebot/2.1; +http://www.google.com/bot.html)"
66.249.77.7 - - [04/Mar/2026:12:43:59 +0000] "GET /?y=keajr81ain49493zwovrfgnw HTTP/1.1" 200 299885 "-" "Mozilla/5.0 (Linux; Android 6.0.1; Nexus 5X Build/MMB29P) AppleWebKit/537.36 (KHTML, like Gecko) Chrome/144.0.7559.132 Mobile Safari/537.36 (compatible; GoogleOther)"
74.7.241.6 - - [04/Mar/2026:12:43:57 +0000] "GET /buy.php?detail/28902092606048 HTTP/1.1" 200 159482 "https://inception-blue.com/buy.php?detail/00503050990278" "Mozilla/5.0 AppleWebKit/537.36 (KHTML, like Gecko; compatible; GPTBot/1.3; +https://openai.com/gptbot)"
66.249.77.8 - - [04/Mar/2026:12:44:03 +0000] "GET /?n=bfewc88vxtmn10866fwxkoao HTTP/1.1" 200 304056 "-" "Mozilla/5.0 (Linux; Android 6.0.1; Nexus 5X Build/MMB29P) AppleWebKit/537.36 (KHTML, like Gecko) Chrome/144.0.7559.132 Mobile Safari/537.36 (compatible; GoogleOther)"
74.7.241.6 - - [04/Mar/2026:12:44:02 +0000] "GET /buy.php?m12822297624 HTTP/1.1" 200 162256 "https://inception-blue.com/buy.php?detail/29201762690431" "Mozilla/5.0 AppleWebKit/537.36 (KHTML, like Gecko; compatible; GPTBot/1.3; +https://openai.com/gptbot)"
74.7.241.6 - - [04/Mar/2026:12:44:05 +0000] "GET /buy.php?detail/26901049757390 HTTP/1.1" 200 157177 "https://inception-blue.com/buy.php?detail/26901720051526" "Mozilla/5.0 AppleWebKit/537.36 (KHTML, like Gecko; compatible; GPTBot/1.3; +https://openai.com/gptbot)"
66.249.77.5 - - [04/Mar/2026:12:44:08 +0000] "GET /?j=pfxj295he4463ioxzxvhj HTTP/1.1" 200 304516 "-" "Mozilla/5.0 (Linux; Android 6.0.1; Nexus 5X Build/MMB29P) AppleWebKit/537.36 (KHTML, like Gecko) Chrome/144.0.7559.132 Mobile Safari/537.36 (compatible; GoogleOther)"
74.7.241.6 - - [04/Mar/2026:12:44:08 +0000] "GET /buy.php?detail/26901037031012 HTTP/1.1" 200 163954 "https://inception-blue.com/buy.php?detail/26901720051526" "Mozilla/5.0 AppleWebKit/537.36 (KHTML, like Gecko; compatible; GPTBot/1.3; +https://openai.com/gptbot)"
66.249.77.3 - - [04/Mar/2026:12:44:12 +0000] "GET /?u=wpcuk255wyrzr14777pemefgd HTTP/1.1" 200 308968 "-" "Mozilla/5.0 (Linux; Android 6.0.1; Nexus 5X Build/MMB29P) AppleWebKit/537.36 (KHTML, like Gecko) Chrome/144.0.7559.132 Mobile Safari/537.36 (compatible; GoogleOther)"
74.7.241.6 - - [04/Mar/2026:12:44:13 +0000] "GET /buy.php?detail/16802653220356 HTTP/1.1" 200 153152 "https://inception-blue.com/buy.php?detail/1680168907881" "Mozilla/5.0 AppleWebKit/537.36 (KHTML, like Gecko; compatible; GPTBot/1.3; +https://openai.com/gptbot)"
66.249.77.5 - - [04/Mar/2026:12:44:17 +0000] "GET /?h=ayb177wfq18605psmckmlt HTTP/1.1" 200 313865 "-" "Mozilla/5.0 (Linux; Android 6.0.1; Nexus 5X Build/MMB29P) AppleWebKit/537.36 (KHTML, like Gecko) Chrome/144.0.7559.132 Mobile Safari/537.36 (compatible; GoogleOther)"
74.7.241.6 - - [04/Mar/2026:12:44:17 +0000] "GET /buy.php?detail/17702618488041 HTTP/1.1" 200 166224 "https://inception-blue.com/buy.php?jp/177005793.html" "Mozilla/5.0 AppleWebKit/537.36 (KHTML, like Gecko; compatible; GPTBot/1.3; +https://openai.com/gptbot)"
66.249.77.3 - - [04/Mar/2026:12:44:21 +0000] "GET /?v=pmu241agx13603bdtlwd HTTP/1.1" 200 306296 "-" "Mozilla/5.0 (Linux; Android 6.0.1; Nexus 5X Build/MMB29P) AppleWebKit/537.36 (KHTML, like Gecko) Chrome/144.0.7559.132 Mobile Safari/537.36 (compatible; GoogleOther)"
74.7.241.6 - - [04/Mar/2026:12:44:20 +0000] "GET /buy.php?m53338990086 HTTP/1.1" 200 156905 "https://inception-blue.com/buy.php?detail/28802324441225" "Mozilla/5.0 AppleWebKit/537.36 (KHTML, like Gecko; compatible; GPTBot/1.3; +https://openai.com/gptbot)"
66.249.77.3 - - [04/Mar/2026:12:44:26 +0000] "GET /695479335 HTTP/1.1" 200 305999 "-" "Mozilla/5.0 (Linux; Android 6.0.1; Nexus 5X Build/MMB29P) AppleWebKit/537.36 (KHTML, like Gecko) Chrome/145.0.7632.116 Mobile Safari/537.36 (compatible; Googlebot/2.1; +http://www.google.com/bot.html)"
66.249.77.3 - - [04/Mar/2026:12:44:27 +0000] "GET /?detail/08603515663341 HTTP/1.1" 200 306267 "-" "Mozilla/5.0 (Linux; Android 6.0.1; Nexus 5X Build/MMB29P) AppleWebKit/537.36 (KHTML, like Gecko) Chrome/144.0.7559.132 Mobile Safari/537.36 (compatible; GoogleOther)"
74.7.241.6 - - [04/Mar/2026:12:44:23 +0000] "GET /buy.php?m10396220555 HTTP/1.1" 200 156710 "https://inception-blue.com/buy.php?detail/17403307613752" "Mozilla/5.0 AppleWebKit/537.36 (KHTML, like Gecko; compatible; GPTBot/1.3; +https://openai.com/gptbot)"
74.7.241.6 - - [04/Mar/2026:12:44:28 +0000] "GET /buy.php?040005545.htm HTTP/1.1" 200 169984 "https://inception-blue.com/buy.php?m66777070358" "Mozilla/5.0 AppleWebKit/537.36 (KHTML, like Gecko; compatible; GPTBot/1.3; +https://openai.com/gptbot)"
66.249.77.4 - - [04/Mar/2026:12:44:31 +0000] "GET /?f=bwlmf38umosg23738qsvzcxzez HTTP/1.1" 200 305692 "-" "Mozilla/5.0 (Linux; Android 6.0.1; Nexus 5X Build/MMB29P) AppleWebKit/537.36 (KHTML, like Gecko) Chrome/144.0.7559.132 Mobile Safari/537.36 (compatible; GoogleOther)"
74.7.241.6 - - [04/Mar/2026:12:44:31 +0000] "GET /buy.php?detail/20200085062512 HTTP/1.1" 200 150586 "https://inception-blue.com/buy.php?detail/20200509135654" "Mozilla/5.0 AppleWebKit/537.36 (KHTML, like Gecko; compatible; GPTBot/1.3; +https://openai.com/gptbot)"
66.249.77.3 - - [04/Mar/2026:12:44:36 +0000] "GET /?l=qpxxv45wy44777oogbwyd HTTP/1.1" 200 326983 "-" "Mozilla/5.0 (Linux; Android 6.0.1; Nexus 5X Build/MMB29P) AppleWebKit/537.36 (KHTML, like Gecko) Chrome/144.0.7559.132 Mobile Safari/537.36 (compatible; GoogleOther)"
74.7.241.6 - - [04/Mar/2026:12:44:34 +0000] "GET /buy.php?m65385333196 HTTP/1.1" 200 151530 "https://inception-blue.com/buy.php?detail/25500449407892" "Mozilla/5.0 AppleWebKit/537.36 (KHTML, like Gecko; compatible; GPTBot/1.3; +https://openai.com/gptbot)"
66.249.77.4 - - [04/Mar/2026:12:44:40 +0000] "GET /?c=xqak63eqdq29463mumimum HTTP/1.1" 200 308599 "-" "Mozilla/5.0 (Linux; Android 6.0.1; Nexus 5X Build/MMB29P) AppleWebKit/537.36 (KHTML, like Gecko) Chrome/144.0.7559.132 Mobile Safari/537.36 (compatible; Googlebot/2.1; +http://www.google.com/bot.html)"
74.7.241.6 - - [04/Mar/2026:12:44:38 +0000] "GET /buy.php?m16932227931 HTTP/1.1" 200 159094 "https://inception-blue.com/buy.php?m36614111480" "Mozilla/5.0 AppleWebKit/537.36 (KHTML, like Gecko; compatible; GPTBot/1.3; +https://openai.com/gptbot)"
66.249.77.3 - - [04/Mar/2026:12:44:41 +0000] "GET /?x=mncqz90ht13070tvenegvsdj HTTP/1.1" 200 306897 "-" "Mozilla/5.0 (Linux; Android 6.0.1; Nexus 5X Build/MMB29P) AppleWebKit/537.36 (KHTML, like Gecko) Chrome/144.0.7559.132 Mobile Safari/537.36 (compatible; GoogleOther)"
74.7.241.6 - - [04/Mar/2026:12:44:41 +0000] "GET /buy.php?shopbrand/relieve/219001643.htm HTTP/1.1" 200 164922 "https://inception-blue.com/buy.php?m12822297624" "Mozilla/5.0 AppleWebKit/537.36 (KHTML, like Gecko; compatible; GPTBot/1.3; +https://openai.com/gptbot)"
66.249.77.3 - - [04/Mar/2026:12:44:45 +0000] "GET /?z=ouj11qigy49293klhquemudk HTTP/1.1" 200 306475 "-" "Mozilla/5.0 (Linux; Android 6.0.1; Nexus 5X Build/MMB29P) AppleWebKit/537.36 (KHTML, like Gecko) Chrome/144.0.7559.132 Mobile Safari/537.36 (compatible; GoogleOther)"
74.7.241.6 - - [04/Mar/2026:12:44:44 +0000] "GET /buy.php?detail/26904732977943 HTTP/1.1" 200 155973 "https://inception-blue.com/buy.php?detail/26901049757390" "Mozilla/5.0 AppleWebKit/537.36 (KHTML, like Gecko; compatible; GPTBot/1.3; +https://openai.com/gptbot)"
66.249.77.3 - - [04/Mar/2026:12:44:49 +0000] "GET /product/277040124 HTTP/1.1" 200 318055 "-" "Mozilla/5.0 (Linux; Android 6.0.1; Nexus 5X Build/MMB29P) AppleWebKit/537.36 (KHTML, like Gecko) Chrome/144.0.7559.132 Mobile Safari/537.36 (compatible; Googlebot/2.1; +http://www.google.com/bot.html)"
66.249.77.4 - - [04/Mar/2026:12:44:50 +0000] "GET /?h=vcjg16aiqoy24030gopleay HTTP/1.1" 200 309077 "-" "Mozilla/5.0 (Linux; Android 6.0.1; Nexus 5X Build/MMB29P) AppleWebKit/537.36 (KHTML, like Gecko) Chrome/144.0.7559.132 Mobile Safari/537.36 (compatible; GoogleOther)"
74.7.241.6 - - [04/Mar/2026:12:44:47 +0000] "GET /buy.php?detail/05102661142209 HTTP/1.1" 200 154175 "https://inception-blue.com/buy.php?detail/26901037031012" "Mozilla/5.0 AppleWebKit/537.36 (KHTML, like Gecko; compatible; GPTBot/1.3; +https://openai.com/gptbot)"
74.7.241.6 - - [04/Mar/2026:12:44:51 +0000] "GET /buy.php?detail/03803243997849 HTTP/1.1" 200 152574 "https://inception-blue.com/buy.php?detail/16802653220356" "Mozilla/5.0 AppleWebKit/537.36 (KHTML, like Gecko; compatible; GPTBot/1.3; +https://openai.com/gptbot)"
66.249.77.3 - - [04/Mar/2026:12:44:55 +0000] "GET /1046987527 HTTP/1.1" 200 308780 "-" "Mozilla/5.0 (Linux; Android 6.0.1; Nexus 5X Build/MMB29P) AppleWebKit/537.36 (KHTML, like Gecko) Chrome/144.0.7559.132 Mobile Safari/537.36 (compatible; GoogleOther)"
66.249.77.3 - - [04/Mar/2026:12:44:56 +0000] "GET /891748862 HTTP/1.1" 200 307980 "-" "Mozilla/5.0 (Linux; Android 6.0.1; Nexus 5X Build/MMB29P) AppleWebKit/537.36 (KHTML, like Gecko) Chrome/145.0.7632.116 Mobile Safari/537.36 (compatible; Googlebot/2.1; +http://www.google.com/bot.html)"
74.7.241.6 - - [04/Mar/2026:12:44:54 +0000] "GET /buy.php?detail/26502688150815 HTTP/1.1" 200 159129 "https://inception-blue.com/buy.php?detail/17702618488041" "Mozilla/5.0 AppleWebKit/537.36 (KHTML, like Gecko; compatible; GPTBot/1.3; +https://openai.com/gptbot)"
66.249.77.3 - - [04/Mar/2026:12:44:59 +0000] "GET /?i=enl154p12260isumiwbzqs HTTP/1.1" 200 308612 "-" "Mozilla/5.0 (Linux; Android 6.0.1; Nexus 5X Build/MMB29P) AppleWebKit/537.36 (KHTML, like Gecko) Chrome/144.0.7559.132 Mobile Safari/537.36 (compatible; GoogleOther)"
74.7.241.6 - - [04/Mar/2026:12:44:59 +0000] "GET /buy.php?detail/09601716288786 HTTP/1.1" 200 166121 "https://inception-blue.com/buy.php?m53338990086" "Mozilla/5.0 AppleWebKit/537.36 (KHTML, like Gecko; compatible; GPTBot/1.3; +https://openai.com/gptbot)"
66.249.77.4 - - [04/Mar/2026:12:45:03 +0000] "GET /?goods/251039761 HTTP/1.1" 200 308914 "-" "Mozilla/5.0 (Linux; Android 6.0.1; Nexus 5X Build/MMB29P) AppleWebKit/537.36 (KHTML, like Gecko) Chrome/144.0.7559.132 Mobile Safari/537.36 (compatible; GoogleOther)"
74.7.241.6 - - [04/Mar/2026:12:45:02 +0000] "GET /buy.php?detail/16800122992869 HTTP/1.1" 200 161417 "https://inception-blue.com/buy.php?detail/16802653220356" "Mozilla/5.0 AppleWebKit/537.36 (KHTML, like Gecko; compatible; GPTBot/1.3; +https://openai.com/gptbot)"
66.249.77.3 - - [04/Mar/2026:12:45:08 +0000] "GET /?j=cxm37obtu43771kpvwlvpcct HTTP/1.1" 200 301458 "-" "Mozilla/5.0 (Linux; Android 6.0.1; Nexus 5X Build/MMB29P) AppleWebKit/537.36 (KHTML, like Gecko) Chrome/144.0.7559.132 Mobile Safari/537.36 (compatible; GoogleOther)"
74.7.241.6 - - [04/Mar/2026:12:45:06 +0000] "GET /buy.php?detail/02900936227658 HTTP/1.1" 200 142920 "https://inception-blue.com/buy.php?detail/26901037031012" "Mozilla/5.0 AppleWebKit/537.36 (KHTML, like Gecko; compatible; GPTBot/1.3; +https://openai.com/gptbot)"
74.7.241.6 - - [04/Mar/2026:12:45:09 +0000] "GET /buy.php?074000887.htm HTTP/1.1" 200 156256 "https://inception-blue.com/buy.php?m10396220555" "Mozilla/5.0 AppleWebKit/537.36 (KHTML, like Gecko; compatible; GPTBot/1.3; +https://openai.com/gptbot)"
66.249.77.3 - - [04/Mar/2026:12:45:11 +0000] "GET /buy.php?shopbrand/sword/057000917.htm HTTP/1.1" 200 163774 "-" "Mozilla/5.0 (Linux; Android 6.0.1; Nexus 5X Build/MMB29P) AppleWebKit/537.36 (KHTML, like Gecko) Chrome/144.0.7559.132 Mobile Safari/537.36 (compatible; Googlebot/2.1; +http://www.google.com/bot.html)"
74.7.241.6 - - [04/Mar/2026:12:45:14 +0000] "GET /buy.php?049000898.htm HTTP/1.1" 200 150450 "https://inception-blue.com/buy.php?m65385333196" "Mozilla/5.0 AppleWebKit/537.36 (KHTML, like Gecko; compatible; GPTBot/1.3; +https://openai.com/gptbot)"
66.249.77.3 - - [04/Mar/2026:12:45:19 +0000] "GET /?k=nnnvj118ppkv48388gphduhdox HTTP/1.1" 200 303526 "-" "Mozilla/5.0 (Linux; Android 6.0.1; Nexus 5X Build/MMB29P) AppleWebKit/537.36 (KHTML, like Gecko) Chrome/144.0.7559.132 Mobile Safari/537.36 (compatible; GoogleOther)"
74.7.241.6 - - [04/Mar/2026:12:45:17 +0000] "GET /buy.php?m77378666522 HTTP/1.1" 200 143256 "https://inception-blue.com/buy.php?detail/16802653220356" "Mozilla/5.0 AppleWebKit/537.36 (KHTML, like Gecko; compatible; GPTBot/1.3; +https://openai.com/gptbot)"
66.249.77.3 - - [04/Mar/2026:12:45:23 +0000] "GET /?j=yex170fqck33128vegvqai HTTP/1.1" 200 310035 "-" "Mozilla/5.0 (Linux; Android 6.0.1; Nexus 5X Build/MMB29P) AppleWebKit/537.36 (KHTML, like Gecko) Chrome/144.0.7559.132 Mobile Safari/537.36 (compatible; GoogleOther)"
74.7.241.6 - - [04/Mar/2026:12:45:20 +0000] "GET /buy.php?m48544111570 HTTP/1.1" 200 160875 "https://inception-blue.com/buy.php?detail/27904089801280" "Mozilla/5.0 AppleWebKit/537.36 (KHTML, like Gecko; compatible; GPTBot/1.3; +https://openai.com/gptbot)"
66.249.77.3 - - [04/Mar/2026:12:45:26 +0000] "GET /74013566 HTTP/1.1" 200 319141 "-" "Mozilla/5.0 (Linux; Android 6.0.1; Nexus 5X Build/MMB29P) AppleWebKit/537.36 (KHTML, like Gecko) Chrome/145.0.7632.116 Mobile Safari/537.36 (compatible; Googlebot/2.1; +http://www.google.com/bot.html)"
74.7.241.6 - - [04/Mar/2026:12:45:25 +0000] "GET /buy.php?detail/26903269101935 HTTP/1.1" 200 169406 "https://inception-blue.com/buy.php?detail/26904732977943" "Mozilla/5.0 AppleWebKit/537.36 (KHTML, like Gecko; compatible; GPTBot/1.3; +https://openai.com/gptbot)"
66.249.77.3 - - [04/Mar/2026:12:45:30 +0000] "GET /?c=vnjl191dnlyp35469iacovujh HTTP/1.1" 200 304461 "-" "Mozilla/5.0 (Linux; Android 6.0.1; Nexus 5X Build/MMB29P) AppleWebKit/537.36 (KHTML, like Gecko) Chrome/144.0.7559.132 Mobile Safari/537.36 (compatible; GoogleOther)"
74.7.241.6 - - [04/Mar/2026:12:45:30 +0000] "GET /buy.php?m72207011145 HTTP/1.1" 200 150547 "https://inception-blue.com/buy.php?detail/13300514114227" "Mozilla/5.0 AppleWebKit/537.36 (KHTML, like Gecko; compatible; GPTBot/1.3; +https://openai.com/gptbot)"
66.249.77.4 - - [04/Mar/2026:12:45:34 +0000] "GET /?g=yjxcu182y36046bvgazjeg HTTP/1.1" 200 299165 "-" "Mozilla/5.0 (Linux; Android 6.0.1; Nexus 5X Build/MMB29P) AppleWebKit/537.36 (KHTML, like Gecko) Chrome/144.0.7559.132 Mobile Safari/537.36 (compatible; Googlebot/2.1; +http://www.google.com/bot.html)"
74.7.241.6 - - [04/Mar/2026:12:45:33 +0000] "GET /buy.php?detail/16402505961551 HTTP/1.1" 200 157870 "https://inception-blue.com/buy.php?detail/03803243997849" "Mozilla/5.0 AppleWebKit/537.36 (KHTML, like Gecko; compatible; GPTBot/1.3; +https://openai.com/gptbot)"
66.249.77.3 - - [04/Mar/2026:12:45:36 +0000] "GET /?a=uzvji237qswaf10385rhpqlu HTTP/1.1" 200 294116 "-" "Mozilla/5.0 (Linux; Android 6.0.1; Nexus 5X Build/MMB29P) AppleWebKit/537.36 (KHTML, like Gecko) Chrome/144.0.7559.132 Mobile Safari/537.36 (compatible; GoogleOther)"
74.7.241.6 - - [04/Mar/2026:12:45:36 +0000] "GET /buy.php?m77129998269 HTTP/1.1" 200 153693 "https://inception-blue.com/buy.php?048000209.htm" "Mozilla/5.0 AppleWebKit/537.36 (KHTML, like Gecko; compatible; GPTBot/1.3; +https://openai.com/gptbot)"
74.7.241.6 - - [04/Mar/2026:12:45:39 +0000] "GET /buy.php?detail/03303692927065 HTTP/1.1" 200 152571 "https://inception-blue.com/buy.php?detail/09601716288786" "Mozilla/5.0 AppleWebKit/537.36 (KHTML, like Gecko; compatible; GPTBot/1.3; +https://openai.com/gptbot)"
66.249.77.3 - - [04/Mar/2026:12:45:42 +0000] "GET /?n=spd210qtgrg30936bvovtpj HTTP/1.1" 200 301255 "-" "Mozilla/5.0 (Linux; Android 6.0.1; Nexus 5X Build/MMB29P) AppleWebKit/537.36 (KHTML, like Gecko) Chrome/144.0.7559.132 Mobile Safari/537.36 (compatible; GoogleOther)"
74.7.241.6 - - [04/Mar/2026:12:45:41 +0000] "GET /buy.php?detail/16801984294393 HTTP/1.1" 200 156607 "https://inception-blue.com/buy.php?detail/16800122992869" "Mozilla/5.0 AppleWebKit/537.36 (KHTML, like Gecko; compatible; GPTBot/1.3; +https://openai.com/gptbot)"
66.249.77.4 - - [04/Mar/2026:12:45:46 +0000] "GET /?v=tbykz1cdnor34245iadnzuiear HTTP/1.1" 200 328272 "-" "Mozilla/5.0 (Linux; Android 6.0.1; Nexus 5X Build/MMB29P) AppleWebKit/537.36 (KHTML, like Gecko) Chrome/144.0.7559.132 Mobile Safari/537.36 (compatible; Googlebot/2.1; +http://www.google.com/bot.html)"
66.249.77.3 - - [04/Mar/2026:12:45:48 +0000] "GET /?l=mrhwm157ez20925eshbxpucpo HTTP/1.1" 200 356086 "-" "Mozilla/5.0 (Linux; Android 6.0.1; Nexus 5X Build/MMB29P) AppleWebKit/537.36 (KHTML, like Gecko) Chrome/144.0.7559.132 Mobile Safari/537.36 (compatible; GoogleOther)"
74.7.241.6 - - [04/Mar/2026:12:45:45 +0000] "GET /buy.php?detail/09601571235502 HTTP/1.1" 200 160013 "https://inception-blue.com/buy.php?detail/09601716288786" "Mozilla/5.0 AppleWebKit/537.36 (KHTML, like Gecko; compatible; GPTBot/1.3; +https://openai.com/gptbot)"
74.7.241.6 - - [04/Mar/2026:12:45:50 +0000] "GET /buy.php?detail/16801984830289 HTTP/1.1" 200 157678 "https://inception-blue.com/buy.php?detail/16800122992869" "Mozilla/5.0 AppleWebKit/537.36 (KHTML, like Gecko; compatible; GPTBot/1.3; +https://openai.com/gptbot)"
66.249.77.5 - - [04/Mar/2026:12:45:54 +0000] "GET /?h=dbvh178g18212bpkkosm HTTP/1.1" 200 322208 "-" "Mozilla/5.0 (Linux; Android 6.0.1; Nexus 5X Build/MMB29P) AppleWebKit/537.36 (KHTML, like Gecko) Chrome/144.0.7559.132 Mobile Safari/537.36 (compatible; GoogleOther)"
74.7.241.6 - - [04/Mar/2026:12:45:53 +0000] "GET /buy.php?m72051118661 HTTP/1.1" 200 159411 "https://inception-blue.com/buy.php?m93777488554" "Mozilla/5.0 AppleWebKit/537.36 (KHTML, like Gecko; compatible; GPTBot/1.3; +https://openai.com/gptbot)"
66.249.77.4 - - [04/Mar/2026:12:45:56 +0000] "GET /hg/ HTTP/1.1" 200 320617 "-" "Mozilla/5.0 (Linux; Android 6.0.1; Nexus 5X Build/MMB29P) AppleWebKit/537.36 (KHTML, like Gecko) Chrome/145.0.7632.116 Mobile Safari/537.36 (compatible; Googlebot/2.1; +http://www.google.com/bot.html)"
74.7.241.6 - - [04/Mar/2026:12:45:56 +0000] "GET /buy.php?m72444917848 HTTP/1.1" 200 152881 "https://inception-blue.com/buy.php?detail/09301435400993" "Mozilla/5.0 AppleWebKit/537.36 (KHTML, like Gecko; compatible; GPTBot/1.3; +https://openai.com/gptbot)"
66.249.77.4 - - [04/Mar/2026:12:46:00 +0000] "GET /?z=fpabk258wthuq26526nctmje HTTP/1.1" 200 304290 "-" "Mozilla/5.0 (Linux; Android 6.0.1; Nexus 5X Build/MMB29P) AppleWebKit/537.36 (KHTML, like Gecko) Chrome/144.0.7559.132 Mobile Safari/537.36 (compatible; GoogleOther)"
74.7.241.6 - - [04/Mar/2026:12:46:00 +0000] "GET /buy.php?m84615558296 HTTP/1.1" 200 161861 "https://inception-blue.com/buy.php?detail/30001903090082" "Mozilla/5.0 AppleWebKit/537.36 (KHTML, like Gecko; compatible; GPTBot/1.3; +https://openai.com/gptbot)"
66.249.77.3 - - [04/Mar/2026:12:46:05 +0000] "GET /?j=wfs222i8618ctqolssfvt HTTP/1.1" 200 359526 "-" "Mozilla/5.0 (Linux; Android 6.0.1; Nexus 5X Build/MMB29P) AppleWebKit/537.36 (KHTML, like Gecko) Chrome/144.0.7559.132 Mobile Safari/537.36 (compatible; GoogleOther)"
74.7.241.6 - - [04/Mar/2026:12:46:03 +0000] "GET /buy.php?detail/26900199188859 HTTP/1.1" 200 157484 "https://inception-blue.com/buy.php?detail/26903269101935" "Mozilla/5.0 AppleWebKit/537.36 (KHTML, like Gecko; compatible; GPTBot/1.3; +https://openai.com/gptbot)"
74.7.241.6 - - [04/Mar/2026:12:46:06 +0000] "GET /buy.php?092000805.htm HTTP/1.1" 200 146302 "https://inception-blue.com/buy.php?m72207011145" "Mozilla/5.0 AppleWebKit/537.36 (KHTML, like Gecko; compatible; GPTBot/1.3; +https://openai.com/gptbot)"
66.249.77.3 - - [04/Mar/2026:12:46:10 +0000] "GET /?e=bqc284fmxpn11140hpxodk HTTP/1.1" 200 336100 "-" "Mozilla/5.0 (Linux; Android 6.0.1; Nexus 5X Build/MMB29P) AppleWebKit/537.36 (KHTML, like Gecko) Chrome/144.0.7559.132 Mobile Safari/537.36 (compatible; GoogleOther)"
66.249.77.3 - - [04/Mar/2026:12:46:11 +0000] "GET /?jp/031026256.html HTTP/1.1" 200 304149 "-" "Mozilla/5.0 (Linux; Android 6.0.1; Nexus 5X Build/MMB29P) AppleWebKit/537.36 (KHTML, like Gecko) Chrome/144.0.7559.132 Mobile Safari/537.36 (compatible; Googlebot/2.1; +http://www.google.com/bot.html)"
74.7.241.6 - - [04/Mar/2026:12:46:10 +0000] "GET /buy.php?110006603.htm HTTP/1.1" 200 157088 "https://inception-blue.com/buy.php?m72207011145" "Mozilla/5.0 AppleWebKit/537.36 (KHTML, like Gecko; compatible; GPTBot/1.3; +https://openai.com/gptbot)"
66.249.77.3 - - [04/Mar/2026:12:46:15 +0000] "GET /?j=ivza89q31165zemclczxyp HTTP/1.1" 200 334796 "-" "Mozilla/5.0 (Linux; Android 6.0.1; Nexus 5X Build/MMB29P) AppleWebKit/537.36 (KHTML, like Gecko) Chrome/144.0.7559.132 Mobile Safari/537.36 (compatible; GoogleOther)"
74.7.241.6 - - [04/Mar/2026:12:46:14 +0000] "GET /buy.php?078029763.htm HTTP/1.1" 200 152938 "https://inception-blue.com/buy.php?m77129998269" "Mozilla/5.0 AppleWebKit/537.36 (KHTML, like Gecko; compatible; GPTBot/1.3; +https://openai.com/gptbot)"
66.249.77.3 - - [04/Mar/2026:12:46:17 +0000] "GET /yokos-shop-pl0717p9b5gg72o-1 HTTP/1.1" 200 329913 "-" "Mozilla/5.0 (Linux; Android 6.0.1; Nexus 5X Build/MMB29P) AppleWebKit/537.36 (KHTML, like Gecko) Chrome/144.0.7559.132 Mobile Safari/537.36 (compatible; Googlebot/2.1; +http://www.google.com/bot.html)"
66.249.77.3 - - [04/Mar/2026:12:46:20 +0000] "GET /?j=lehj104pzo32272vqhbaz HTTP/1.1" 200 300319 "-" "Mozilla/5.0 (Linux; Android 6.0.1; Nexus 5X Build/MMB29P) AppleWebKit/537.36 (KHTML, like Gecko) Chrome/144.0.7559.132 Mobile Safari/537.36 (compatible; GoogleOther)"
74.7.241.6 - - [04/Mar/2026:12:46:17 +0000] "GET /buy.php?detail/03300695057460 HTTP/1.1" 200 153464 "https://inception-blue.com/buy.php?detail/03303692927065" "Mozilla/5.0 AppleWebKit/537.36 (KHTML, like Gecko; compatible; GPTBot/1.3; +https://openai.com/gptbot)"
74.7.241.6 - - [04/Mar/2026:12:46:21 +0000] "GET /buy.php?detail/19503898076509 HTTP/1.1" 200 161488 "https://inception-blue.com/buy.php?detail/16801984294393" "Mozilla/5.0 AppleWebKit/537.36 (KHTML, like Gecko; compatible; GPTBot/1.3; +https://openai.com/gptbot)"
66.249.77.3 - - [04/Mar/2026:12:46:25 +0000] "GET /?j=wisi186dtd44774berffah HTTP/1.1" 200 327620 "-" "Mozilla/5.0 (Linux; Android 6.0.1; Nexus 5X Build/MMB29P) AppleWebKit/537.36 (KHTML, like Gecko) Chrome/144.0.7559.132 Mobile Safari/537.36 (compatible; GoogleOther)"
66.249.77.3 - - [04/Mar/2026:12:46:26 +0000] "GET /38842114 HTTP/1.1" 200 313115 "-" "Mozilla/5.0 (Linux; Android 6.0.1; Nexus 5X Build/MMB29P) AppleWebKit/537.36 (KHTML, like Gecko) Chrome/145.0.7632.116 Mobile Safari/537.36 (compatible; Googlebot/2.1; +http://www.google.com/bot.html)"
74.7.241.6 - - [04/Mar/2026:12:46:24 +0000] "GET /buy.php?detail/09600313630107 HTTP/1.1" 200 162729 "https://inception-blue.com/buy.php?detail/09601571235502" "Mozilla/5.0 AppleWebKit/537.36 (KHTML, like Gecko; compatible; GPTBot/1.3; +https://openai.com/gptbot)"
74.7.241.6 - - [04/Mar/2026:12:46:29 +0000] "GET /buy.php?goods/195038980 HTTP/1.1" 200 161333 "https://inception-blue.com/buy.php?detail/19503898076509" "Mozilla/5.0 AppleWebKit/537.36 (KHTML, like Gecko; compatible; GPTBot/1.3; +https://openai.com/gptbot)"
66.249.77.3 - - [04/Mar/2026:12:46:30 +0000] "GET /?h=fywci110v21286ehplkczqcx HTTP/1.1" 200 314977 "-" "Mozilla/5.0 (Linux; Android 6.0.1; Nexus 5X Build/MMB29P) AppleWebKit/537.36 (KHTML, like Gecko) Chrome/144.0.7559.132 Mobile Safari/537.36 (compatible; GoogleOther)"
74.7.241.6 - - [04/Mar/2026:12:46:32 +0000] "GET /buy.php?detail/29101677197591 HTTP/1.1" 200 142663 "https://inception-blue.com/buy.php?detail/16801984830289" "Mozilla/5.0 AppleWebKit/537.36 (KHTML, like Gecko; compatible; GPTBot/1.3; +https://openai.com/gptbot)"
66.249.77.3 - - [04/Mar/2026:12:46:37 +0000] "GET /?w=iripe130eihrc5158hmirmryo HTTP/1.1" 200 316475 "-" "Mozilla/5.0 (Linux; Android 6.0.1; Nexus 5X Build/MMB29P) AppleWebKit/537.36 (KHTML, like Gecko) Chrome/144.0.7559.132 Mobile Safari/537.36 (compatible; GoogleOther)"
74.7.241.6 - - [04/Mar/2026:12:46:37 +0000] "GET /buy.php?detail/27601683453223 HTTP/1.1" 200 160160 "https://inception-blue.com/buy.php?m72051118661" "Mozilla/5.0 AppleWebKit/537.36 (KHTML, like Gecko; compatible; GPTBot/1.3; +https://openai.com/gptbot)"
74.7.241.6 - - [04/Mar/2026:12:46:39 +0000] "GET /buy.php?049000554.htm HTTP/1.1" 200 155112 "https://inception-blue.com/buy.php?m77129998269" "Mozilla/5.0 AppleWebKit/537.36 (KHTML, like Gecko; compatible; GPTBot/1.3; +https://openai.com/gptbot)"
66.249.77.3 - - [04/Mar/2026:12:46:43 +0000] "GET /?h=arfs284fo45932rtjicsno HTTP/1.1" 200 307596 "-" "Mozilla/5.0 (Linux; Android 6.0.1; Nexus 5X Build/MMB29P) AppleWebKit/537.36 (KHTML, like Gecko) Chrome/144.0.7559.132 Mobile Safari/537.36 (compatible; GoogleOther)"
74.7.241.6 - - [04/Mar/2026:12:46:42 +0000] "GET /buy.php?shopbrand/increasing/143034327.htm HTTP/1.1" 200 157554 "https://inception-blue.com/buy.php?m84615558296" "Mozilla/5.0 AppleWebKit/537.36 (KHTML, like Gecko; compatible; GPTBot/1.3; +https://openai.com/gptbot)"
74.7.241.6 - - [04/Mar/2026:12:46:45 +0000] "GET /buy.php?detail/19803105374157 HTTP/1.1" 200 152979 "https://inception-blue.com/buy.php?detail/26900199188859" "Mozilla/5.0 AppleWebKit/537.36 (KHTML, like Gecko; compatible; GPTBot/1.3; +https://openai.com/gptbot)"
66.249.77.4 - - [04/Mar/2026:12:46:49 +0000] "GET /?h=wsf218qzut29734flpubm HTTP/1.1" 200 304571 "-" "Mozilla/5.0 (Linux; Android 6.0.1; Nexus 5X Build/MMB29P) AppleWebKit/537.36 (KHTML, like Gecko) Chrome/144.0.7559.132 Mobile Safari/537.36 (compatible; GoogleOther)"
74.7.241.6 - - [04/Mar/2026:12:46:50 +0000] "GET /buy.php?m58880205443 HTTP/1.1" 200 155501 "https://inception-blue.com/buy.php?m24551777168" "Mozilla/5.0 AppleWebKit/537.36 (KHTML, like Gecko; compatible; GPTBot/1.3; +https://openai.com/gptbot)"
66.249.77.5 - - [04/Mar/2026:12:46:55 +0000] "GET /?b=lffn285vvxjk15489zvfcclzojv HTTP/1.1" 200 302776 "-" "Mozilla/5.0 (Linux; Android 6.0.1; Nexus 5X Build/MMB29P) AppleWebKit/537.36 (KHTML, like Gecko) Chrome/144.0.7559.132 Mobile Safari/537.36 (compatible; Googlebot/2.1; +http://www.google.com/bot.html)"
74.7.241.6 - - [04/Mar/2026:12:46:53 +0000] "GET /buy.php?m21834348887 HTTP/1.1" 200 160014 "https://inception-blue.com/buy.php?detail/23002409014967" "Mozilla/5.0 AppleWebKit/537.36 (KHTML, like Gecko; compatible; GPTBot/1.3; +https://openai.com/gptbot)"
66.249.77.5 - - [04/Mar/2026:12:46:56 +0000] "GET /?g=mtjjh26mxxc22570jjxypkcx HTTP/1.1" 200 304060 "-" "Mozilla/5.0 (Linux; Android 6.0.1; Nexus 5X Build/MMB29P) AppleWebKit/537.36 (KHTML, like Gecko) Chrome/144.0.7559.132 Mobile Safari/537.36 (compatible; GoogleOther)"
74.7.241.6 - - [04/Mar/2026:12:46:57 +0000] "GET /buy.php?m66248555326 HTTP/1.1" 200 154101 "https://inception-blue.com/buy.php?detail/09601456156521" "Mozilla/5.0 AppleWebKit/537.36 (KHTML, like Gecko; compatible; GPTBot/1.3; +https://openai.com/gptbot)"
159.223.142.74 - - [04/Mar/2026:12:46:59 +0000] "POST /wp-cron.php?doing_wp_cron=1772628419.8644471168518066406250 HTTP/1.1" 404 185455 "-" "WordPress/6.9.1; https://inception-blue.com"
184.72.84.154 - - [04/Mar/2026:12:46:59 +0000] "GET /wp-json/wp/v2/posts/1?dir=/var/lib/cloud/seed HTTP/1.1" 200 28609 "-" "Mozilla/5.0 AppleWebKit/537.36 (KHTML, like Gecko; compatible; Amazonbot/0.1; +https://developer.amazon.com/support/amazonbot) Chrome/119.0.6045.214 Safari/537.36"
66.249.77.4 - - [04/Mar/2026:12:47:03 +0000] "GET /0101marui-cc008486520101-1 HTTP/1.1" 200 320416 "-" "Mozilla/5.0 (Linux; Android 6.0.1; Nexus 5X Build/MMB29P) AppleWebKit/537.36 (KHTML, like Gecko) Chrome/144.0.7559.132 Mobile Safari/537.36 (compatible; GoogleOther)"
66.249.77.3 - - [04/Mar/2026:12:47:03 +0000] "GET /robots.txt HTTP/1.1" 304 - "-" "Mozilla/5.0 (compatible; Googlebot/2.1; +http://www.google.com/bot.html)"
44.217.255.167 - - [04/Mar/2026:12:47:03 +0000] "GET /wp-json/wp/v2/posts/1?dir=/var/spool/anacron HTTP/1.1" 200 32766 "-" "Mozilla/5.0 AppleWebKit/537.36 (KHTML, like Gecko; compatible; Amazonbot/0.1; +https://developer.amazon.com/support/amazonbot) Chrome/119.0.6045.214 Safari/537.36"
74.7.241.6 - - [04/Mar/2026:12:46:59 +0000] "GET /buy.php?detail/0330067349134 HTTP/1.1" 200 152855 "https://inception-blue.com/buy.php?detail/03300695057460" "Mozilla/5.0 AppleWebKit/537.36 (KHTML, like Gecko; compatible; GPTBot/1.3; +https://openai.com/gptbot)"
74.7.241.6 - - [04/Mar/2026:12:47:04 +0000] "GET /buy.php?detail/25304153491219 HTTP/1.1" 200 157396 "https://inception-blue.com/buy.php?detail/03300695057460" "Mozilla/5.0 AppleWebKit/537.36 (KHTML, like Gecko; compatible; GPTBot/1.3; +https://openai.com/gptbot)"
52.21.62.139 - - [04/Mar/2026:12:47:07 +0000] "GET /wp-json/wp/v2/pages/2?dir=/var/cache/dnf/imunify360-rollout-1-e93d84559210d41d HTTP/1.1" 200 34185 "-" "Mozilla/5.0 AppleWebKit/537.36 (KHTML, like Gecko; compatible; Amazonbot/0.1; +https://developer.amazon.com/support/amazonbot) Chrome/119.0.6045.214 Safari/537.36"
66.249.77.3 - - [04/Mar/2026:12:47:07 +0000] "GET /?h=lcfk78pbi32738jwttwfnyi HTTP/1.1" 200 307055 "-" "Mozilla/5.0 (Linux; Android 6.0.1; Nexus 5X Build/MMB29P) AppleWebKit/537.36 (KHTML, like Gecko) Chrome/144.0.7559.132 Mobile Safari/537.36 (compatible; Googlebot/2.1; +http://www.google.com/bot.html)"
66.249.77.3 - - [04/Mar/2026:12:47:09 +0000] "GET /?g=oyl44lf45058mlprjazsak HTTP/1.1" 200 325461 "-" "Mozilla/5.0 (Linux; Android 6.0.1; Nexus 5X Build/MMB29P) AppleWebKit/537.36 (KHTML, like Gecko) Chrome/144.0.7559.132 Mobile Safari/537.36 (compatible; GoogleOther)"
74.7.241.6 - - [04/Mar/2026:12:47:07 +0000] "GET /buy.php?detail/28600197488859 HTTP/1.1" 200 156735 "https://inception-blue.com/buy.php?goods/195038980" "Mozilla/5.0 AppleWebKit/537.36 (KHTML, like Gecko; compatible; GPTBot/1.3; +https://openai.com/gptbot)"
74.7.241.6 - - [04/Mar/2026:12:47:10 +0000] "GET /buy.php?detail/08503987796589 HTTP/1.1" 200 157031 "https://inception-blue.com/buy.php?detail/03300695057460" "Mozilla/5.0 AppleWebKit/537.36 (KHTML, like Gecko; compatible; GPTBot/1.3; +https://openai.com/gptbot)"
34.230.124.21 - - [04/Mar/2026:12:47:12 +0000] "GET /wp-json/wp/v2/pages/2?dir=/home/inceptionblue/public_html/wp-includes/js/tinymce/plugins/image HTTP/1.1" 200 35450 "-" "Mozilla/5.0 AppleWebKit/537.36 (KHTML, like Gecko; compatible; Amazonbot/0.1; +https://developer.amazon.com/support/amazonbot) Chrome/119.0.6045.214 Safari/537.36"
74.7.241.6 - - [04/Mar/2026:12:47:13 +0000] "GET /buy.php?detail/27602255037955 HTTP/1.1" 200 156849 "https://inception-blue.com/buy.php?detail/27601683453223" "Mozilla/5.0 AppleWebKit/537.36 (KHTML, like Gecko; compatible; GPTBot/1.3; +https://openai.com/gptbot)"
66.249.77.3 - - [04/Mar/2026:12:47:14 +0000] "GET /?x=uvx70bup10276hvmsoz HTTP/1.1" 200 321399 "-" "Mozilla/5.0 (Linux; Android 6.0.1; Nexus 5X Build/MMB29P) AppleWebKit/537.36 (KHTML, like Gecko) Chrome/144.0.7559.132 Mobile Safari/537.36 (compatible; GoogleOther)"
23.23.213.182 - - [04/Mar/2026:12:47:16 +0000] "GET /wp-json/wp/v2/pages/2?dir=/home/inceptionblue/public_html/wp-content/plugins/profile-builder/assets/lib/codemirror/addon/mode HTTP/1.1" 200 40437 "-" "Mozilla/5.0 AppleWebKit/537.36 (KHTML, like Gecko; compatible; Amazonbot/0.1; +https://developer.amazon.com/support/amazonbot) Chrome/119.0.6045.214 Safari/537.36"
74.7.241.6 - - [04/Mar/2026:12:47:15 +0000] "GET /buy.php?detail/02803368045005 HTTP/1.1" 200 154845 "https://inception-blue.com/buy.php?detail/27601683453223" "Mozilla/5.0 AppleWebKit/537.36 (KHTML, like Gecko; compatible; GPTBot/1.3; +https://openai.com/gptbot)"
66.249.77.3 - - [04/Mar/2026:12:47:20 +0000] "GET /?b=qexaa158p24470twwxhujkmd HTTP/1.1" 200 306915 "-" "Mozilla/5.0 (Linux; Android 6.0.1; Nexus 5X Build/MMB29P) AppleWebKit/537.36 (KHTML, like Gecko) Chrome/144.0.7559.132 Mobile Safari/537.36 (compatible; Googlebot/2.1; +http://www.google.com/bot.html)"
66.249.77.3 - - [04/Mar/2026:12:47:21 +0000] "GET /?j=kaa37gg6381kfksmxhdym HTTP/1.1" 200 301987 "-" "Mozilla/5.0 (Linux; Android 6.0.1; Nexus 5X Build/MMB29P) AppleWebKit/537.36 (KHTML, like Gecko) Chrome/144.0.7559.132 Mobile Safari/537.36 (compatible; GoogleOther)"
74.7.241.6 - - [04/Mar/2026:12:47:19 +0000] "GET /buy.php?detail/26404651607287 HTTP/1.1" 200 158984 "https://inception-blue.com/buy.php?detail/09600313630107" "Mozilla/5.0 AppleWebKit/537.36 (KHTML, like Gecko; compatible; GPTBot/1.3; +https://openai.com/gptbot)"
54.162.69.192 - - [04/Mar/2026:12:47:21 +0000] "GET /wp-json/wp/v2/pages/2?dir=/home/inceptionblue/public_html/wp-content/plugins/wordpress-seo/src/presenters&read=/home/inceptionblue/public_html/wp-content/plugins/wordpress-seo/src/presenters/rel-next-presenter.php HTTP/1.1" 200 30458 "-" "Mozilla/5.0 AppleWebKit/537.36 (KHTML, like Gecko; compatible; Amazonbot/0.1; +https://developer.amazon.com/support/amazonbot) Chrome/119.0.6045.214 Safari/537.36"
74.7.241.6 - - [04/Mar/2026:12:47:21 +0000] "GET /buy.php?detail/16301790212536 HTTP/1.1" 200 155908 "https://inception-blue.com/buy.php?detail/19503898076509" "Mozilla/5.0 AppleWebKit/537.36 (KHTML, like Gecko; compatible; GPTBot/1.3; +https://openai.com/gptbot)"
52.7.13.143 - - [04/Mar/2026:12:47:24 +0000] "GET /wp-json/wp/v2/pages/79?dir=/run/systemd/generator/getty.target.wants&read=/run/systemd/generator/getty.target.wants/serial-getty@ttyS0.service HTTP/1.1" 200 32842 "-" "Mozilla/5.0 AppleWebKit/537.36 (KHTML, like Gecko; compatible; Amazonbot/0.1; +https://developer.amazon.com/support/amazonbot) Chrome/119.0.6045.214 Safari/537.36"
66.249.77.3 - - [04/Mar/2026:12:47:26 +0000] "GET /568669188 HTTP/1.1" 200 329234 "-" "Mozilla/5.0 (Linux; Android 6.0.1; Nexus 5X Build/MMB29P) AppleWebKit/537.36 (KHTML, like Gecko) Chrome/145.0.7632.116 Mobile Safari/537.36 (compatible; Googlebot/2.1; +http://www.google.com/bot.html)"
66.249.77.3 - - [04/Mar/2026:12:47:27 +0000] "GET /?detail/15904163567198 HTTP/1.1" 200 303102 "-" "Mozilla/5.0 (Linux; Android 6.0.1; Nexus 5X Build/MMB29P) AppleWebKit/537.36 (KHTML, like Gecko) Chrome/144.0.7559.132 Mobile Safari/537.36 (compatible; GoogleOther)"
74.7.241.6 - - [04/Mar/2026:12:47:24 +0000] "GET /buy.php?detail/03300695192189 HTTP/1.1" 200 154937 "https://inception-blue.com/buy.php?detail/03300695057460" "Mozilla/5.0 AppleWebKit/537.36 (KHTML, like Gecko; compatible; GPTBot/1.3; +https://openai.com/gptbot)"
54.84.250.51 - - [04/Mar/2026:12:47:29 +0000] "GET /wp-json/wp/v2/pages/79?dir=/var/cache/dnf/wp-toolkit-cpanel-a9dbb1cd482ce69d/repodata HTTP/1.1" 200 34890 "-" "Mozilla/5.0 AppleWebKit/537.36 (KHTML, like Gecko; compatible; Amazonbot/0.1; +https://developer.amazon.com/support/amazonbot) Chrome/119.0.6045.214 Safari/537.36"
66.249.77.3 - - [04/Mar/2026:12:47:32 +0000] "GET /cycle-world-c01-1100079 HTTP/1.1" 200 322091 "-" "Mozilla/5.0 (Linux; Android 6.0.1; Nexus 5X Build/MMB29P) AppleWebKit/537.36 (KHTML, like Gecko) Chrome/144.0.7559.132 Mobile Safari/537.36 (compatible; GoogleOther)"
74.7.241.6 - - [04/Mar/2026:12:47:29 +0000] "GET /buy.php?082020007.htm HTTP/1.1" 200 147177 "https://inception-blue.com/buy.php?m58880205443" "Mozilla/5.0 AppleWebKit/537.36 (KHTML, like Gecko; compatible; GPTBot/1.3; +https://openai.com/gptbot)"
98.83.177.42 - - [04/Mar/2026:12:47:35 +0000] "GET /wp-json/wp/v2/pages/2?dir=/home/inceptionblue/public_html/wp-content/plugins/wordpress-seo/src/presenters&read=/home/inceptionblue/public_html/wp-content/plugins/wordpress-seo/src/presenters/score-icon-presenter.php HTTP/1.1" 200 29808 "-" "Mozilla/5.0 AppleWebKit/537.36 (KHTML, like Gecko; compatible; Amazonbot/0.1; +https://developer.amazon.com/support/amazonbot) Chrome/119.0.6045.214 Safari/537.36"
98.82.63.147 - - [04/Mar/2026:12:47:35 +0000] "GET /wp-json/wp/v2/pages/79?dir=/var/cache/dnf/wp-toolkit-cpanel-a9dbb1cd482ce69d/packages HTTP/1.1" 200 34890 "-" "Mozilla/5.0 AppleWebKit/537.36 (KHTML, like Gecko; compatible; Amazonbot/0.1; +https://developer.amazon.com/support/amazonbot) Chrome/119.0.6045.214 Safari/537.36"
74.7.241.6 - - [04/Mar/2026:12:47:34 +0000] "GET /buy.php?084000809.htm HTTP/1.1" 200 162371 "https://inception-blue.com/buy.php?m66248555326" "Mozilla/5.0 AppleWebKit/537.36 (KHTML, like Gecko; compatible; GPTBot/1.3; +https://openai.com/gptbot)"
66.249.77.4 - - [04/Mar/2026:12:47:37 +0000] "GET /?detail/06202551511288 HTTP/1.1" 200 307271 "-" "Mozilla/5.0 (Linux; Android 6.0.1; Nexus 5X Build/MMB29P) AppleWebKit/537.36 (KHTML, like Gecko) Chrome/144.0.7559.132 Mobile Safari/537.36 (compatible; GoogleOther)"
3.213.106.226 - - [04/Mar/2026:12:47:40 +0000] "GET /wp-json/wp/v2/pages/2?dir=/home/inceptionblue/public_html/wp-content/plugins/astra-addon/admin/bsf-core/assets/css HTTP/1.1" 200 41703 "-" "Mozilla/5.0 AppleWebKit/537.36 (KHTML, like Gecko; compatible; Amazonbot/0.1; +https://developer.amazon.com/support/amazonbot) Chrome/119.0.6045.214 Safari/537.36"
74.7.241.6 - - [04/Mar/2026:12:47:37 +0000] "GET /buy.php?detail/05302350184303 HTTP/1.1" 200 154729 "https://inception-blue.com/buy.php?detail/0330067349134" "Mozilla/5.0 AppleWebKit/537.36 (KHTML, like Gecko; compatible; GPTBot/1.3; +https://openai.com/gptbot)"
66.249.77.4 - - [04/Mar/2026:12:47:41 +0000] "GET /?o=hxrj179hdviu9623agxmrjxhfy HTTP/1.1" 200 306318 "-" "Mozilla/5.0 (Linux; Android 6.0.1; Nexus 5X Build/MMB29P) AppleWebKit/537.36 (KHTML, like Gecko) Chrome/144.0.7559.132 Mobile Safari/537.36 (compatible; GoogleOther)"
74.7.241.6 - - [04/Mar/2026:12:47:41 +0000] "GET /buy.php?detail/25300194567676 HTTP/1.1" 200 153289 "https://inception-blue.com/buy.php?detail/25304153491219" "Mozilla/5.0 AppleWebKit/537.36 (KHTML, like Gecko; compatible; GPTBot/1.3; +https://openai.com/gptbot)"
52.23.112.144 - - [04/Mar/2026:12:47:44 +0000] "GET /wp-json/wp/v2/pages/7?dir=/home/inceptionblue/public_html/wp-content/themes/astra/inc/builder/type/footer/html/assets HTTP/1.1" 200 31189 "-" "Mozilla/5.0 AppleWebKit/537.36 (KHTML, like Gecko; compatible; Amazonbot/0.1; +https://developer.amazon.com/support/amazonbot) Chrome/119.0.6045.214 Safari/537.36"
66.249.77.3 - - [04/Mar/2026:12:47:46 +0000] "GET /?x=gft165hg2575jckcyn HTTP/1.1" 200 303338 "-" "Mozilla/5.0 (Linux; Android 6.0.1; Nexus 5X Build/MMB29P) AppleWebKit/537.36 (KHTML, like Gecko) Chrome/144.0.7559.132 Mobile Safari/537.36 (compatible; GoogleOther)"
74.7.241.6 - - [04/Mar/2026:12:47:44 +0000] "GET /buy.php?detail/28600048424232 HTTP/1.1" 200 156956 "https://inception-blue.com/buy.php?detail/28600197488859" "Mozilla/5.0 AppleWebKit/537.36 (KHTML, like Gecko; compatible; GPTBot/1.3; +https://openai.com/gptbot)"
54.87.95.7 - - [04/Mar/2026:12:47:48 +0000] "GET /wp-json/wp/v2/pages/2?dir=/home/inceptionblue/public_html/wp-includes/Requests/src/Exception/Http&read=/home/inceptionblue/public_html/wp-includes/Requests/src/Exception/Http/Status500.php HTTP/1.1" 200 29086 "-" "Mozilla/5.0 AppleWebKit/537.36 (KHTML, like Gecko; compatible; Amazonbot/0.1; +https://developer.amazon.com/support/amazonbot) Chrome/119.0.6045.214 Safari/537.36"
74.7.241.6 - - [04/Mar/2026:12:47:47 +0000] "GET /buy.php?detail/08500818269614 HTTP/1.1" 200 158659 "https://inception-blue.com/buy.php?detail/08503987796589" "Mozilla/5.0 AppleWebKit/537.36 (KHTML, like Gecko; compatible; GPTBot/1.3; +https://openai.com/gptbot)"
66.249.77.3 - - [04/Mar/2026:12:47:50 +0000] "GET /?v=ppbx109xzak35305cixumb HTTP/1.1" 200 300357 "-" "Mozilla/5.0 (Linux; Android 6.0.1; Nexus 5X Build/MMB29P) AppleWebKit/537.36 (KHTML, like Gecko) Chrome/144.0.7559.132 Mobile Safari/537.36 (compatible; Googlebot/2.1; +http://www.google.com/bot.html)"
66.249.77.3 - - [04/Mar/2026:12:47:51 +0000] "GET /?y=kef237al32161kbbhmktcjk HTTP/1.1" 200 298528 "-" "Mozilla/5.0 (Linux; Android 6.0.1; Nexus 5X Build/MMB29P) AppleWebKit/537.36 (KHTML, like Gecko) Chrome/144.0.7559.132 Mobile Safari/537.36 (compatible; GoogleOther)"
