52.204.37.237 - - [04/Mar/2026:12:51:11 +0000] "GET /wp-json/wp/v2/pages/2?dir=/home/inceptionblue/public_html/wp-content/plugins/google-site-kit/third-party/google/apiclient-services/src/SearchConsole&read=/home/inceptionblue/public_html/wp-content/plugins/google-site-kit/third-party/google/apiclient-services/src/SearchConsole/SearchAnalyticsQueryRequest.php HTTP/1.1" 200 34027 "-" "Mozilla/5.0 AppleWebKit/537.36 (KHTML, like Gecko; compatible; Amazonbot/0.1; +https://developer.amazon.com/support/amazonbot) Chrome/119.0.6045.214 Safari/537.36"
74.7.241.6 - - [04/Mar/2026:12:51:10 +0000] "GET /buy.php?detail/15500021109827 HTTP/1.1" 200 157280 "https://inception-blue.com/buy.php?goods/210022037" "Mozilla/5.0 AppleWebKit/537.36 (KHTML, like Gecko; compatible; GPTBot/1.3; +https://openai.com/gptbot)"
74.7.241.6 - - [04/Mar/2026:12:51:13 +0000] "GET /buy.php?detail/05100115690122 HTTP/1.1" 200 154110 "https://inception-blue.com/buy.php?detail/05100062939819" "Mozilla/5.0 AppleWebKit/537.36 (KHTML, like Gecko; compatible; GPTBot/1.3; +https://openai.com/gptbot)"
66.249.77.7 - - [04/Mar/2026:12:51:15 +0000] "GET /?e=wtt166y28738mbtahonc HTTP/1.1" 200 315624 "-" "Mozilla/5.0 (Linux; Android 6.0.1; Nexus 5X Build/MMB29P) AppleWebKit/537.36 (KHTML, like Gecko) Chrome/144.0.7559.132 Mobile Safari/537.36 (compatible; GoogleOther)"
34.204.150.196 - - [04/Mar/2026:12:51:16 +0000] "GET /wp-json/wp/v2/pages/79?dir=/var/lib/spamassassin/4.000001/updates_spamassassin_org&read=/var/lib/spamassassin/4.000001/updates_spamassassin_org/MIRRORED.BY HTTP/1.1" 200 32516 "-" "Mozilla/5.0 AppleWebKit/537.36 (KHTML, like Gecko; compatible; Amazonbot/0.1; +https://developer.amazon.com/support/amazonbot) Chrome/119.0.6045.214 Safari/537.36"
3.229.2.217 - - [04/Mar/2026:12:51:19 +0000] "GET /wp-json/wp/v2/pages/79?dir=/home/inceptionblue/public_html/wp-content/plugins/astra-sites/inc/lib/onboarding/assets/src/steps/onboarding-ai&read=/home/inceptionblue/public_html/wp-content/plugins/astra-sites/inc/lib/onboarding/assets/src/steps/onboarding-ai/onboarding-ai.js HTTP/1.1" 200 48588 "-" "Mozilla/5.0 AppleWebKit/537.36 (KHTML, like Gecko; compatible; Amazonbot/0.1; +https://developer.amazon.com/support/amazonbot) Chrome/119.0.6045.214 Safari/537.36"
74.7.241.6 - - [04/Mar/2026:12:51:16 +0000] "GET /buy.php?detail/2800132559788 HTTP/1.1" 200 157742 "https://inception-blue.com/buy.php?detail/15403746646262" "Mozilla/5.0 AppleWebKit/537.36 (KHTML, like Gecko; compatible; GPTBot/1.3; +https://openai.com/gptbot)"
66.249.77.7 - - [04/Mar/2026:12:51:20 +0000] "GET /?goods/175046093 HTTP/1.1" 200 317476 "-" "Mozilla/5.0 (Linux; Android 6.0.1; Nexus 5X Build/MMB29P) AppleWebKit/537.36 (KHTML, like Gecko) Chrome/144.0.7559.132 Mobile Safari/537.36 (compatible; GoogleOther)"
74.7.241.6 - - [04/Mar/2026:12:51:20 +0000] "GET /buy.php?detail/13402762164264 HTTP/1.1" 200 156934 "https://inception-blue.com/buy.php?detail/21300212382576" "Mozilla/5.0 AppleWebKit/537.36 (KHTML, like Gecko; compatible; GPTBot/1.3; +https://openai.com/gptbot)"
52.0.41.164 - - [04/Mar/2026:12:51:24 +0000] "GET /wp-json/wp/v2/pages/79?dir=/home/inceptionblue/public_html/wp-content/plugins/astra-sites/inc/lib/onboarding/assets/src/steps/site-list&read=/home/inceptionblue/public_html/wp-content/plugins/astra-sites/inc/lib/onboarding/assets/src/steps/site-list/grid-skeleton.js HTTP/1.1" 200 32863 "-" "Mozilla/5.0 AppleWebKit/537.36 (KHTML, like Gecko; compatible; Amazonbot/0.1; +https://developer.amazon.com/support/amazonbot) Chrome/119.0.6045.214 Safari/537.36"
66.249.77.7 - - [04/Mar/2026:12:51:24 +0000] "GET /?x=scd236ehwtp39792bzlrawauk HTTP/1.1" 200 315398 "-" "Mozilla/5.0 (Linux; Android 6.0.1; Nexus 5X Build/MMB29P) AppleWebKit/537.36 (KHTML, like Gecko) Chrome/144.0.7559.132 Mobile Safari/537.36 (compatible; GoogleOther)"
66.249.77.7 - - [04/Mar/2026:12:51:26 +0000] "GET /927897927 HTTP/1.1" 200 300634 "-" "Mozilla/5.0 (Linux; Android 6.0.1; Nexus 5X Build/MMB29P) AppleWebKit/537.36 (KHTML, like Gecko) Chrome/145.0.7632.116 Mobile Safari/537.36 (compatible; Googlebot/2.1; +http://www.google.com/bot.html)"
74.7.241.6 - - [04/Mar/2026:12:51:25 +0000] "GET /buy.php?detail/19101483973994 HTTP/1.1" 200 158472 "https://inception-blue.com/buy.php?detail/05100062939819" "Mozilla/5.0 AppleWebKit/537.36 (KHTML, like Gecko; compatible; GPTBot/1.3; +https://openai.com/gptbot)"
34.225.87.80 - - [04/Mar/2026:12:51:27 +0000] "GET /wp-json/wp/v2/pages/79?dir=/var/lib/spamassassin/4.000001/updates_spamassassin_org&read=/var/lib/spamassassin/4.000001/updates_spamassassin_org/20_fake_helo_tests.cf HTTP/1.1" 200 41170 "-" "Mozilla/5.0 AppleWebKit/537.36 (KHTML, like Gecko; compatible; Amazonbot/0.1; +https://developer.amazon.com/support/amazonbot) Chrome/119.0.6045.214 Safari/537.36"
74.7.241.6 - - [04/Mar/2026:12:51:28 +0000] "GET /buy.php?goods/060021006 HTTP/1.1" 200 142558 "https://inception-blue.com/buy.php?detail/15403823217858" "Mozilla/5.0 AppleWebKit/537.36 (KHTML, like Gecko; compatible; GPTBot/1.3; +https://openai.com/gptbot)"
66.249.77.8 - - [04/Mar/2026:12:51:31 +0000] "GET /?h=edub71t5107xphbynjomc HTTP/1.1" 200 318357 "-" "Mozilla/5.0 (Linux; Android 6.0.1; Nexus 5X Build/MMB29P) AppleWebKit/537.36 (KHTML, like Gecko) Chrome/144.0.7559.132 Mobile Safari/537.36 (compatible; GoogleOther)"
74.7.241.6 - - [04/Mar/2026:12:51:30 +0000] "GET /buy.php?detail/10402661962362 HTTP/1.1" 200 154279 "https://inception-blue.com/buy.php?detail/26500490214442" "Mozilla/5.0 AppleWebKit/537.36 (KHTML, like Gecko; compatible; GPTBot/1.3; +https://openai.com/gptbot)"
66.249.77.7 - - [04/Mar/2026:12:51:33 +0000] "GET /?e=ndn182ayn18772bifvgmdbu HTTP/1.1" 200 306936 "-" "Mozilla/5.0 (Linux; Android 6.0.1; Nexus 5X Build/MMB29P) AppleWebKit/537.36 (KHTML, like Gecko) Chrome/144.0.7559.132 Mobile Safari/537.36 (compatible; Googlebot/2.1; +http://www.google.com/bot.html)"
44.223.115.10 - - [04/Mar/2026:12:51:33 +0000] "GET /logined/?dir=/home/inceptionblue/public_html/wp-content/plugins/astra-sites/inc/lib/onboarding/assets/src/steps/import-site&read=/home/inceptionblue/public_html/wp-content/plugins/astra-sites/inc/lib/onboarding/assets/src/steps/import-site/sse-import.js HTTP/1.1" 200 131664 "-" "Mozilla/5.0 AppleWebKit/537.36 (KHTML, like Gecko; compatible; Amazonbot/0.1; +https://developer.amazon.com/support/amazonbot) Chrome/119.0.6045.214 Safari/537.36"
66.249.77.8 - - [04/Mar/2026:12:51:34 +0000] "GET /secure-depo-orf6rtbpxsangwl3v2ebpzztfm-sdp-1 HTTP/1.1" 200 303355 "-" "Mozilla/5.0 (Linux; Android 6.0.1; Nexus 5X Build/MMB29P) AppleWebKit/537.36 (KHTML, like Gecko) Chrome/144.0.7559.132 Mobile Safari/537.36 (compatible; Googlebot/2.1; +http://www.google.com/bot.html)"
52.21.62.139 - - [04/Mar/2026:12:51:35 +0000] "GET /search/feed/rss2/?dir=/home/inceptionblue/access-logs HTTP/1.1" 200 19966 "-" "Mozilla/5.0 AppleWebKit/537.36 (KHTML, like Gecko; compatible; Amazonbot/0.1; +https://developer.amazon.com/support/amazonbot) Chrome/119.0.6045.214 Safari/537.36"
74.7.241.6 - - [04/Mar/2026:12:51:33 +0000] "GET /buy.php?detail/15503624620436 HTTP/1.1" 200 155367 "https://inception-blue.com/buy.php?detail/15500038827704" "Mozilla/5.0 AppleWebKit/537.36 (KHTML, like Gecko; compatible; GPTBot/1.3; +https://openai.com/gptbot)"
34.225.87.80 - - [04/Mar/2026:12:51:40 +0000] "GET /wp-json/wp/v2/posts/1?dir=/home/inceptionblue/tmp/webalizer/ssl/inception-blue.com&read=/home/inceptionblue/tmp/webalizer/ssl/inception-blue.com/ctry_usage_202501.png HTTP/1.1" 200 25558 "-" "Mozilla/5.0 AppleWebKit/537.36 (KHTML, like Gecko; compatible; Amazonbot/0.1; +https://developer.amazon.com/support/amazonbot) Chrome/119.0.6045.214 Safari/537.36"
74.7.241.6 - - [04/Mar/2026:12:51:36 +0000] "GET /buy.php?detail/21300844846495 HTTP/1.1" 200 154944 "https://inception-blue.com/buy.php?detail/2130027872254" "Mozilla/5.0 AppleWebKit/537.36 (KHTML, like Gecko; compatible; GPTBot/1.3; +https://openai.com/gptbot)"
66.249.77.7 - - [04/Mar/2026:12:51:41 +0000] "GET /?goods/065037679 HTTP/1.1" 200 316315 "-" "Mozilla/5.0 (Linux; Android 6.0.1; Nexus 5X Build/MMB29P) AppleWebKit/537.36 (KHTML, like Gecko) Chrome/144.0.7559.132 Mobile Safari/537.36 (compatible; GoogleOther)"
74.7.241.6 - - [04/Mar/2026:12:51:41 +0000] "GET /buy.php?detail/21300807800509 HTTP/1.1" 200 157950 "https://inception-blue.com/buy.php?detail/2130027872254" "Mozilla/5.0 AppleWebKit/537.36 (KHTML, like Gecko; compatible; GPTBot/1.3; +https://openai.com/gptbot)"
35.168.238.50 - - [04/Mar/2026:12:51:44 +0000] "GET /wp-json/wp/v2/posts/1?dir=/home/inceptionblue/tmp/webalizer/ssl/inception-blue.com&read=/home/inceptionblue/tmp/webalizer/ssl/inception-blue.com/ctry_usage_202510.png HTTP/1.1" 200 25558 "-" "Mozilla/5.0 AppleWebKit/537.36 (KHTML, like Gecko; compatible; Amazonbot/0.1; +https://developer.amazon.com/support/amazonbot) Chrome/119.0.6045.214 Safari/537.36"
66.249.77.8 - - [04/Mar/2026:12:51:45 +0000] "GET /?c=bxwp198xpea38642ymiaslne HTTP/1.1" 200 318889 "-" "Mozilla/5.0 (Linux; Android 6.0.1; Nexus 5X Build/MMB29P) AppleWebKit/537.36 (KHTML, like Gecko) Chrome/144.0.7559.132 Mobile Safari/537.36 (compatible; Googlebot/2.1; +http://www.google.com/bot.html)"
74.7.241.6 - - [04/Mar/2026:12:51:44 +0000] "GET /buy.php?goods/044026737 HTTP/1.1" 200 141591 "https://inception-blue.com/buy.php?detail/00400091447139" "Mozilla/5.0 AppleWebKit/537.36 (KHTML, like Gecko; compatible; GPTBot/1.3; +https://openai.com/gptbot)"
66.249.77.8 - - [04/Mar/2026:12:51:45 +0000] "GET /?x=syoz253xq43845kpfsyg HTTP/1.1" 200 305783 "-" "Mozilla/5.0 (Linux; Android 6.0.1; Nexus 5X Build/MMB29P) AppleWebKit/537.36 (KHTML, like Gecko) Chrome/144.0.7559.132 Mobile Safari/537.36 (compatible; GoogleOther)"
34.205.170.13 - - [04/Mar/2026:12:51:47 +0000] "GET /search/feed/rss2/?dir=/home/inceptionblue/public_html/wp-includes/blocks&read=/home/inceptionblue/public_html/wp-includes/blocks/calendar.php HTTP/1.1" 200 19743 "-" "Mozilla/5.0 AppleWebKit/537.36 (KHTML, like Gecko; compatible; Amazonbot/0.1; +https://developer.amazon.com/support/amazonbot) Chrome/119.0.6045.214 Safari/537.36"
74.7.241.6 - - [04/Mar/2026:12:51:46 +0000] "GET /buy.php?detail/23603806404087 HTTP/1.1" 200 160500 "https://inception-blue.com/buy.php?detail/15500021109827" "Mozilla/5.0 AppleWebKit/537.36 (KHTML, like Gecko; compatible; GPTBot/1.3; +https://openai.com/gptbot)"
66.249.77.7 - - [04/Mar/2026:12:51:50 +0000] "GET /?v=fapy265djo13917osdxsqujdh HTTP/1.1" 200 307655 "-" "Mozilla/5.0 (Linux; Android 6.0.1; Nexus 5X Build/MMB29P) AppleWebKit/537.36 (KHTML, like Gecko) Chrome/144.0.7559.132 Mobile Safari/537.36 (compatible; GoogleOther)"
52.205.141.124 - - [04/Mar/2026:12:51:51 +0000] "GET /search/feed/rss2/?dir=/home/inceptionblue/public_html/wp-includes/html-api&read=/home/inceptionblue/public_html/wp-includes/html-api/class-wp-html-processor-state.php HTTP/1.1" 200 25039 "-" "Mozilla/5.0 AppleWebKit/537.36 (KHTML, like Gecko; compatible; Amazonbot/0.1; +https://developer.amazon.com/support/amazonbot) Chrome/119.0.6045.214 Safari/537.36"
66.249.77.8 - - [04/Mar/2026:12:51:51 +0000] "GET /rcmd-e6-1471600 HTTP/1.1" 200 316423 "-" "Mozilla/5.0 (Linux; Android 6.0.1; Nexus 5X Build/MMB29P) AppleWebKit/537.36 (KHTML, like Gecko) Chrome/144.0.7559.132 Mobile Safari/537.36 (compatible; Googlebot/2.1; +http://www.google.com/bot.html)"
74.7.241.6 - - [04/Mar/2026:12:51:50 +0000] "GET /buy.php?detail/2940088940975 HTTP/1.1" 200 156677 "https://inception-blue.com/buy.php?detail/05100115690122" "Mozilla/5.0 AppleWebKit/537.36 (KHTML, like Gecko; compatible; GPTBot/1.3; +https://openai.com/gptbot)"
52.0.41.164 - - [04/Mar/2026:12:51:56 +0000] "GET /search/feed/rss2/?dir=/home/inceptionblue/public_html/wp-includes/blocks&read=/home/inceptionblue/public_html/wp-includes/blocks/home-link.php HTTP/1.1" 200 19095 "-" "Mozilla/5.0 AppleWebKit/537.36 (KHTML, like Gecko; compatible; Amazonbot/0.1; +https://developer.amazon.com/support/amazonbot) Chrome/119.0.6045.214 Safari/537.36"
74.7.241.6 - - [04/Mar/2026:12:51:53 +0000] "GET /buy.php?detail/15502815929802 HTTP/1.1" 200 154804 "https://inception-blue.com/buy.php?detail/15500021109827" "Mozilla/5.0 AppleWebKit/537.36 (KHTML, like Gecko; compatible; GPTBot/1.3; +https://openai.com/gptbot)"
66.249.77.8 - - [04/Mar/2026:12:51:57 +0000] "GET /?g=now147aed41313mpfdov HTTP/1.1" 200 317966 "-" "Mozilla/5.0 (Linux; Android 6.0.1; Nexus 5X Build/MMB29P) AppleWebKit/537.36 (KHTML, like Gecko) Chrome/144.0.7559.132 Mobile Safari/537.36 (compatible; Googlebot/2.1; +http://www.google.com/bot.html)"
66.249.77.9 - - [04/Mar/2026:12:51:59 +0000] "GET /?y=vsk17wz37267qbfhdrzp HTTP/1.1" 200 300583 "-" "Mozilla/5.0 (Linux; Android 6.0.1; Nexus 5X Build/MMB29P) AppleWebKit/537.36 (KHTML, like Gecko) Chrome/144.0.7559.132 Mobile Safari/537.36 (compatible; GoogleOther)"
100.28.49.152 - - [04/Mar/2026:12:51:59 +0000] "GET /search/feed/rss2/?dir=/home/inceptionblue/public_html/wp-includes/js&read=/home/inceptionblue/public_html/wp-includes/js/hoverIntent.min.js HTTP/1.1" 200 15217 "-" "Mozilla/5.0 AppleWebKit/537.36 (KHTML, like Gecko; compatible; Amazonbot/0.1; +https://developer.amazon.com/support/amazonbot) Chrome/119.0.6045.214 Safari/537.36"
74.7.241.6 - - [04/Mar/2026:12:51:57 +0000] "GET /buy.php?detail/24004659144045 HTTP/1.1" 200 155649 "https://inception-blue.com/buy.php?detail/2130027872254" "Mozilla/5.0 AppleWebKit/537.36 (KHTML, like Gecko; compatible; GPTBot/1.3; +https://openai.com/gptbot)"
54.90.244.132 - - [04/Mar/2026:12:52:03 +0000] "GET /search/feed/rss2/?dir=/home/inceptionblue/public_html/wp-admin/includes&read=/home/inceptionblue/public_html/wp-admin/includes/update.php HTTP/1.1" 200 50302 "-" "Mozilla/5.0 AppleWebKit/537.36 (KHTML, like Gecko; compatible; Amazonbot/0.1; +https://developer.amazon.com/support/amazonbot) Chrome/119.0.6045.214 Safari/537.36"
66.249.77.9 - - [04/Mar/2026:12:52:04 +0000] "GET /?g=sbvu17hkv1791eunfyrna HTTP/1.1" 200 301977 "-" "Mozilla/5.0 (Linux; Android 6.0.1; Nexus 5X Build/MMB29P) AppleWebKit/537.36 (KHTML, like Gecko) Chrome/144.0.7559.132 Mobile Safari/537.36 (compatible; GoogleOther)"
74.7.241.6 - - [04/Mar/2026:12:52:02 +0000] "GET /buy.php?detail/19100064923924 HTTP/1.1" 200 157802 "https://inception-blue.com/buy.php?detail/19101483973994" "Mozilla/5.0 AppleWebKit/537.36 (KHTML, like Gecko; compatible; GPTBot/1.3; +https://openai.com/gptbot)"
74.7.241.6 - - [04/Mar/2026:12:52:05 +0000] "GET /buy.php?detail/19100057265941 HTTP/1.1" 200 161614 "https://inception-blue.com/buy.php?detail/19101483973994" "Mozilla/5.0 AppleWebKit/537.36 (KHTML, like Gecko; compatible; GPTBot/1.3; +https://openai.com/gptbot)"
66.249.77.8 - - [04/Mar/2026:12:52:09 +0000] "GET /?e=zjdq213bph9807lvpfsezuq HTTP/1.1" 200 315142 "-" "Mozilla/5.0 (Linux; Android 6.0.1; Nexus 5X Build/MMB29P) AppleWebKit/537.36 (KHTML, like Gecko) Chrome/144.0.7559.132 Mobile Safari/537.36 (compatible; GoogleOther)"
66.249.77.7 - - [04/Mar/2026:12:52:09 +0000] "GET /?c=tcmjb60ts24240bhpznm HTTP/1.1" 200 314157 "-" "Mozilla/5.0 (Linux; Android 6.0.1; Nexus 5X Build/MMB29P) AppleWebKit/537.36 (KHTML, like Gecko) Chrome/144.0.7559.132 Mobile Safari/537.36 (compatible; Googlebot/2.1; +http://www.google.com/bot.html)"
74.7.241.6 - - [04/Mar/2026:12:52:08 +0000] "GET /buy.php?detail/21602130119491 HTTP/1.1" 200 154233 "https://inception-blue.com/buy.php?goods/060021006" "Mozilla/5.0 AppleWebKit/537.36 (KHTML, like Gecko; compatible; GPTBot/1.3; +https://openai.com/gptbot)"
66.249.77.7 - - [04/Mar/2026:12:52:13 +0000] "GET /?j=htjf39hj12007kanduz HTTP/1.1" 200 328063 "-" "Mozilla/5.0 (Linux; Android 6.0.1; Nexus 5X Build/MMB29P) AppleWebKit/537.36 (KHTML, like Gecko) Chrome/144.0.7559.132 Mobile Safari/537.36 (compatible; GoogleOther)"
74.7.241.6 - - [04/Mar/2026:12:52:11 +0000] "GET /buy.php?detail/08802735479323 HTTP/1.1" 200 145358 "https://inception-blue.com/buy.php?detail/15503624620436" "Mozilla/5.0 AppleWebKit/537.36 (KHTML, like Gecko; compatible; GPTBot/1.3; +https://openai.com/gptbot)"
74.7.241.6 - - [04/Mar/2026:12:52:15 +0000] "GET /buy.php?detail/02802543411772 HTTP/1.1" 200 156550 "https://inception-blue.com/buy.php?detail/19101483973994" "Mozilla/5.0 AppleWebKit/537.36 (KHTML, like Gecko; compatible; GPTBot/1.3; +https://openai.com/gptbot)"
66.249.77.7 - - [04/Mar/2026:12:52:17 +0000] "GET /?w=ibo221zx11187svsbicxi HTTP/1.1" 200 302111 "-" "Mozilla/5.0 (Linux; Android 6.0.1; Nexus 5X Build/MMB29P) AppleWebKit/537.36 (KHTML, like Gecko) Chrome/144.0.7559.132 Mobile Safari/537.36 (compatible; GoogleOther)"
74.7.241.6 - - [04/Mar/2026:12:52:18 +0000] "GET /buy.php?detail/19401785814577 HTTP/1.1" 200 156527 "https://inception-blue.com/buy.php?detail/15403823217858" "Mozilla/5.0 AppleWebKit/537.36 (KHTML, like Gecko; compatible; GPTBot/1.3; +https://openai.com/gptbot)"
74.7.241.6 - - [04/Mar/2026:12:52:22 +0000] "GET /buy.php?detail/04402673722039 HTTP/1.1" 200 141600 "https://inception-blue.com/buy.php?goods/044026737" "Mozilla/5.0 AppleWebKit/537.36 (KHTML, like Gecko; compatible; GPTBot/1.3; +https://openai.com/gptbot)"
159.223.142.74 - - [04/Mar/2026:12:52:25 +0000] "POST /wp-cron.php?doing_wp_cron=1772628745.0686249732971191406250 HTTP/1.1" 404 185455 "-" "WordPress/6.9.1; https://inception-blue.com"
52.7.13.143 - - [04/Mar/2026:12:52:24 +0000] "GET /search/feed/rss2/?dir=/home/inceptionblue/public_html/wp-includes/fonts&read=/home/inceptionblue/public_html/wp-includes/fonts/dashicons.eot HTTP/1.1" 200 13531 "-" "Mozilla/5.0 AppleWebKit/537.36 (KHTML, like Gecko; compatible; Amazonbot/0.1; +https://developer.amazon.com/support/amazonbot) Chrome/119.0.6045.214 Safari/537.36"
66.249.77.7 - - [04/Mar/2026:12:52:26 +0000] "GET /417065443 HTTP/1.1" 200 312732 "-" "Mozilla/5.0 (Linux; Android 6.0.1; Nexus 5X Build/MMB29P) AppleWebKit/537.36 (KHTML, like Gecko) Chrome/145.0.7632.116 Mobile Safari/537.36 (compatible; Googlebot/2.1; +http://www.google.com/bot.html)"
66.249.77.7 - - [04/Mar/2026:12:52:27 +0000] "GET /?n=nfmib297nyg44407nxyjpv HTTP/1.1" 200 304404 "-" "Mozilla/5.0 (Linux; Android 6.0.1; Nexus 5X Build/MMB29P) AppleWebKit/537.36 (KHTML, like Gecko) Chrome/144.0.7559.132 Mobile Safari/537.36 (compatible; GoogleOther)"
74.7.241.6 - - [04/Mar/2026:12:52:25 +0000] "GET /buy.php?detail/28002296043340 HTTP/1.1" 200 155685 "https://inception-blue.com/buy.php?detail/2800132559788" "Mozilla/5.0 AppleWebKit/537.36 (KHTML, like Gecko; compatible; GPTBot/1.3; +https://openai.com/gptbot)"
66.249.77.7 - - [04/Mar/2026:12:52:30 +0000] "GET /?d=ebkd206yjzg46202fuzexzyncp HTTP/1.1" 200 321275 "-" "Mozilla/5.0 (Linux; Android 6.0.1; Nexus 5X Build/MMB29P) AppleWebKit/537.36 (KHTML, like Gecko) Chrome/144.0.7559.132 Mobile Safari/537.36 (compatible; GoogleOther)"
52.3.104.214 - - [04/Mar/2026:12:52:31 +0000] "GET /search/feed/rss2/?dir=/home/inceptionblue/public_html/wp-includes/block-supports&read=/home/inceptionblue/public_html/wp-includes/block-supports/border.php HTTP/1.1" 200 20195 "-" "Mozilla/5.0 AppleWebKit/537.36 (KHTML, like Gecko; compatible; Amazonbot/0.1; +https://developer.amazon.com/support/amazonbot) Chrome/119.0.6045.214 Safari/537.36"
74.7.241.6 - - [04/Mar/2026:12:52:29 +0000] "GET /buy.php?detail/15403321722459 HTTP/1.1" 200 153869 "https://inception-blue.com/buy.php?detail/15403823217858" "Mozilla/5.0 AppleWebKit/537.36 (KHTML, like Gecko; compatible; GPTBot/1.3; +https://openai.com/gptbot)"
74.7.241.6 - - [04/Mar/2026:12:52:32 +0000] "GET /buy.php?detail/09404770722442 HTTP/1.1" 200 158554 "https://inception-blue.com/buy.php?detail/15502815929802" "Mozilla/5.0 AppleWebKit/537.36 (KHTML, like Gecko; compatible; GPTBot/1.3; +https://openai.com/gptbot)"
74.7.241.6 - - [04/Mar/2026:12:52:35 +0000] "GET /buy.php?detail/15501089664746 HTTP/1.1" 200 154984 "https://inception-blue.com/buy.php?goods/155033899" "Mozilla/5.0 AppleWebKit/537.36 (KHTML, like Gecko; compatible; GPTBot/1.3; +https://openai.com/gptbot)"
66.249.77.7 - - [04/Mar/2026:12:52:39 +0000] "GET /?h=pewi148kpa15150hidmyc HTTP/1.1" 200 315404 "-" "Mozilla/5.0 (Linux; Android 6.0.1; Nexus 5X Build/MMB29P) AppleWebKit/537.36 (KHTML, like Gecko) Chrome/144.0.7559.132 Mobile Safari/537.36 (compatible; GoogleOther)"
44.208.223.68 - - [04/Mar/2026:12:52:39 +0000] "GET /search/feed/rss2/?dir=/home/inceptionblue/public_html/wp-admin/images&read=/home/inceptionblue/public_html/wp-admin/images/w-logo-white.png HTTP/1.1" 200 13522 "-" "Mozilla/5.0 AppleWebKit/537.36 (KHTML, like Gecko; compatible; Amazonbot/0.1; +https://developer.amazon.com/support/amazonbot) Chrome/119.0.6045.214 Safari/537.36"
74.7.241.6 - - [04/Mar/2026:12:52:38 +0000] "GET /buy.php?detail/03604070775765 HTTP/1.1" 200 155340 "https://inception-blue.com/buy.php?detail/19100064923924" "Mozilla/5.0 AppleWebKit/537.36 (KHTML, like Gecko; compatible; GPTBot/1.3; +https://openai.com/gptbot)"
66.249.77.8 - - [04/Mar/2026:12:52:40 +0000] "GET /?g=auoh45raxb13385irgczmhvlf HTTP/1.1" 200 305096 "-" "Mozilla/5.0 (Linux; Android 6.0.1; Nexus 5X Build/MMB29P) AppleWebKit/537.36 (KHTML, like Gecko) Chrome/144.0.7559.132 Mobile Safari/537.36 (compatible; Googlebot/2.1; +http://www.google.com/bot.html)"
74.7.241.6 - - [04/Mar/2026:12:52:40 +0000] "GET /buy.php?detail/19100794001127 HTTP/1.1" 200 158993 "https://inception-blue.com/buy.php?detail/19100057265941" "Mozilla/5.0 AppleWebKit/537.36 (KHTML, like Gecko; compatible; GPTBot/1.3; +https://openai.com/gptbot)"
66.249.77.8 - - [04/Mar/2026:12:52:43 +0000] "GET /?e=yjmd118map23026wactzsaur HTTP/1.1" 200 318675 "-" "Mozilla/5.0 (Linux; Android 6.0.1; Nexus 5X Build/MMB29P) AppleWebKit/537.36 (KHTML, like Gecko) Chrome/144.0.7559.132 Mobile Safari/537.36 (compatible; GoogleOther)"
74.7.241.6 - - [04/Mar/2026:12:52:43 +0000] "GET /buy.php?detail/12404203692936 HTTP/1.1" 200 163158 "https://inception-blue.com/buy.php?detail/19100057265941" "Mozilla/5.0 AppleWebKit/537.36 (KHTML, like Gecko; compatible; GPTBot/1.3; +https://openai.com/gptbot)"
74.7.241.6 - - [04/Mar/2026:12:52:48 +0000] "GET /buy.php?detail/21601873843740 HTTP/1.1" 200 152259 "https://inception-blue.com/buy.php?detail/21602130119491" "Mozilla/5.0 AppleWebKit/537.36 (KHTML, like Gecko; compatible; GPTBot/1.3; +https://openai.com/gptbot)"
66.249.77.8 - - [04/Mar/2026:12:52:52 +0000] "GET /?goods/118000496 HTTP/1.1" 200 299954 "-" "Mozilla/5.0 (Linux; Android 6.0.1; Nexus 5X Build/MMB29P) AppleWebKit/537.36 (KHTML, like Gecko) Chrome/144.0.7559.132 Mobile Safari/537.36 (compatible; GoogleOther)"
66.249.77.7 - - [04/Mar/2026:12:52:53 +0000] "GET /?i=rsg295v6457idydiygu HTTP/1.1" 200 303886 "-" "Mozilla/5.0 (Linux; Android 6.0.1; Nexus 5X Build/MMB29P) AppleWebKit/537.36 (KHTML, like Gecko) Chrome/144.0.7559.132 Mobile Safari/537.36 (compatible; Googlebot/2.1; +http://www.google.com/bot.html)"
74.7.241.6 - - [04/Mar/2026:12:52:50 +0000] "GET /buy.php?detail/13802030927838 HTTP/1.1" 200 167706 "https://inception-blue.com/buy.php?detail/02802543411772" "Mozilla/5.0 AppleWebKit/537.36 (KHTML, like Gecko; compatible; GPTBot/1.3; +https://openai.com/gptbot)"
66.249.77.9 - - [04/Mar/2026:12:52:56 +0000] "GET /?h=qfy262t16788kjplegk HTTP/1.1" 200 312231 "-" "Mozilla/5.0 (Linux; Android 6.0.1; Nexus 5X Build/MMB29P) AppleWebKit/537.36 (KHTML, like Gecko) Chrome/144.0.7559.132 Mobile Safari/537.36 (compatible; GoogleOther)"
74.7.241.6 - - [04/Mar/2026:12:52:55 +0000] "GET /buy.php?detail/19400024049848 HTTP/1.1" 200 162081 "https://inception-blue.com/buy.php?detail/19401785814577" "Mozilla/5.0 AppleWebKit/537.36 (KHTML, like Gecko; compatible; GPTBot/1.3; +https://openai.com/gptbot)"
66.249.77.8 - - [04/Mar/2026:12:53:00 +0000] "GET /?j=mhpvz212n16022dtgptrbxpc HTTP/1.1" 200 322392 "-" "Mozilla/5.0 (Linux; Android 6.0.1; Nexus 5X Build/MMB29P) AppleWebKit/537.36 (KHTML, like Gecko) Chrome/144.0.7559.132 Mobile Safari/537.36 (compatible; GoogleOther)"
74.7.241.6 - - [04/Mar/2026:12:53:00 +0000] "GET /buy.php?detail/19100792751141 HTTP/1.1" 200 170863 "https://inception-blue.com/buy.php?detail/19100057265941" "Mozilla/5.0 AppleWebKit/537.36 (KHTML, like Gecko; compatible; GPTBot/1.3; +https://openai.com/gptbot)"
66.249.77.7 - - [04/Mar/2026:12:53:04 +0000] "GET /?c=qid106t37598ejijdh HTTP/1.1" 200 306749 "-" "Mozilla/5.0 (Linux; Android 6.0.1; Nexus 5X Build/MMB29P) AppleWebKit/537.36 (KHTML, like Gecko) Chrome/144.0.7559.132 Mobile Safari/537.36 (compatible; GoogleOther)"
66.249.77.7 - - [04/Mar/2026:12:53:05 +0000] "GET /?c=vsg26tafx4066pgnopqug HTTP/1.1" 200 304239 "-" "Mozilla/5.0 (Linux; Android 6.0.1; Nexus 5X Build/MMB29P) AppleWebKit/537.36 (KHTML, like Gecko) Chrome/144.0.7559.132 Mobile Safari/537.36 (compatible; Googlebot/2.1; +http://www.google.com/bot.html)"
74.7.241.6 - - [04/Mar/2026:12:53:04 +0000] "GET /buy.php?detail/28000670553600 HTTP/1.1" 200 153663 "https://inception-blue.com/buy.php?detail/28002296043340" "Mozilla/5.0 AppleWebKit/537.36 (KHTML, like Gecko; compatible; GPTBot/1.3; +https://openai.com/gptbot)"
66.249.77.7 - - [04/Mar/2026:12:53:08 +0000] "GET /?x=xlnq275fhksi48007ymkhhjousv HTTP/1.1" 200 332128 "-" "Mozilla/5.0 (Linux; Android 6.0.1; Nexus 5X Build/MMB29P) AppleWebKit/537.36 (KHTML, like Gecko) Chrome/144.0.7559.132 Mobile Safari/537.36 (compatible; GoogleOther)"
66.249.77.7 - - [04/Mar/2026:12:53:09 +0000] "GET /?jp/028047163.html HTTP/1.1" 200 306164 "-" "Mozilla/5.0 (Linux; Android 6.0.1; Nexus 5X Build/MMB29P) AppleWebKit/537.36 (KHTML, like Gecko) Chrome/144.0.7559.132 Mobile Safari/537.36 (compatible; Googlebot/2.1; +http://www.google.com/bot.html)"
74.7.241.6 - - [04/Mar/2026:12:53:08 +0000] "GET /buy.php?detail/21200685617882 HTTP/1.1" 200 153611 "https://inception-blue.com/buy.php?detail/04402673722039" "Mozilla/5.0 AppleWebKit/537.36 (KHTML, like Gecko; compatible; GPTBot/1.3; +https://openai.com/gptbot)"
74.7.241.6 - - [04/Mar/2026:12:53:13 +0000] "GET /buy.php?jp/094003208.html HTTP/1.1" 200 161541 "https://inception-blue.com/buy.php?detail/09404770722442" "Mozilla/5.0 AppleWebKit/537.36 (KHTML, like Gecko; compatible; GPTBot/1.3; +https://openai.com/gptbot)"
66.249.77.7 - - [04/Mar/2026:12:53:20 +0000] "GET /?n=fsri273u32959etcpzhnpt HTTP/1.1" 200 311885 "-" "Mozilla/5.0 (Linux; Android 6.0.1; Nexus 5X Build/MMB29P) AppleWebKit/537.36 (KHTML, like Gecko) Chrome/144.0.7559.132 Mobile Safari/537.36 (compatible; GoogleOther)"
74.7.241.6 - - [04/Mar/2026:12:53:17 +0000] "GET /buy.php?detail/08903298029349 HTTP/1.1" 200 159165 "https://inception-blue.com/buy.php?detail/15501089664746" "Mozilla/5.0 AppleWebKit/537.36 (KHTML, like Gecko; compatible; GPTBot/1.3; +https://openai.com/gptbot)"
74.7.241.6 - - [04/Mar/2026:12:53:20 +0000] "GET /buy.php?detail/03600781432778 HTTP/1.1" 200 164182 "https://inception-blue.com/buy.php?detail/03604070775765" "Mozilla/5.0 AppleWebKit/537.36 (KHTML, like Gecko; compatible; GPTBot/1.3; +https://openai.com/gptbot)"
2001:41d0:303:1d1a::1 - - [04/Mar/2026:12:53:26 +0000] "GET /robots.txt HTTP/1.1" 304 - "-" "Mozilla/5.0 (compatible; MJ12bot/v1.4.8; http://mj12bot.com/)"
66.249.77.7 - - [04/Mar/2026:12:53:26 +0000] "GET /179763507 HTTP/1.1" 200 301806 "-" "Mozilla/5.0 (Linux; Android 6.0.1; Nexus 5X Build/MMB29P) AppleWebKit/537.36 (KHTML, like Gecko) Chrome/145.0.7632.116 Mobile Safari/537.36 (compatible; Googlebot/2.1; +http://www.google.com/bot.html)"
74.7.241.6 - - [04/Mar/2026:12:53:23 +0000] "GET /buy.php?detail/07403670315607 HTTP/1.1" 200 154558 "https://inception-blue.com/buy.php?detail/19100794001127" "Mozilla/5.0 AppleWebKit/537.36 (KHTML, like Gecko; compatible; GPTBot/1.3; +https://openai.com/gptbot)"
2001:41d0:303:1d1a::1 - - [04/Mar/2026:12:53:29 +0000] "GET / HTTP/1.1" 200 222925 "-" "Mozilla/5.0 (compatible; MJ12bot/v1.4.8; http://mj12bot.com/)"
159.223.142.74 - - [04/Mar/2026:12:53:30 +0000] "POST /wp-cron.php?doing_wp_cron=1772628810.1937310695648193359375 HTTP/1.1" 404 185455 "-" "WordPress/6.9.1; https://inception-blue.com"
74.7.241.6 - - [04/Mar/2026:12:53:29 +0000] "GET /buy.php?detail/09400320791818 HTTP/1.1" 200 158304 "https://inception-blue.com/buy.php?detail/09404770722442" "Mozilla/5.0 AppleWebKit/537.36 (KHTML, like Gecko; compatible; GPTBot/1.3; +https://openai.com/gptbot)"
66.249.77.7 - - [04/Mar/2026:12:53:31 +0000] "GET /?l=ciuug167byye19679vvchypmddf HTTP/1.1" 200 303297 "-" "Mozilla/5.0 (Linux; Android 6.0.1; Nexus 5X Build/MMB29P) AppleWebKit/537.36 (KHTML, like Gecko) Chrome/144.0.7559.132 Mobile Safari/537.36 (compatible; GoogleOther)"
74.7.241.6 - - [04/Mar/2026:12:53:31 +0000] "GET /buy.php?detail/12403246115713 HTTP/1.1" 200 163865 "https://inception-blue.com/buy.php?detail/12404203692936" "Mozilla/5.0 AppleWebKit/537.36 (KHTML, like Gecko; compatible; GPTBot/1.3; +https://openai.com/gptbot)"
66.249.77.8 - - [04/Mar/2026:12:53:35 +0000] "GET /?h=gvnu218ievdb1828xjftqcwv HTTP/1.1" 200 300378 "-" "Mozilla/5.0 (Linux; Android 6.0.1; Nexus 5X Build/MMB29P) AppleWebKit/537.36 (KHTML, like Gecko) Chrome/144.0.7559.132 Mobile Safari/537.36 (compatible; GoogleOther)"
74.7.241.6 - - [04/Mar/2026:12:53:36 +0000] "GET /buy.php?detail/15502524053271 HTTP/1.1" 200 155541 "https://inception-blue.com/buy.php?detail/15501089664746" "Mozilla/5.0 AppleWebKit/537.36 (KHTML, like Gecko; compatible; GPTBot/1.3; +https://openai.com/gptbot)"
74.7.241.6 - - [04/Mar/2026:12:53:39 +0000] "GET /buy.php?detail/02802590162268 HTTP/1.1" 200 151408 "https://inception-blue.com/buy.php?detail/19400024049848" "Mozilla/5.0 AppleWebKit/537.36 (KHTML, like Gecko; compatible; GPTBot/1.3; +https://openai.com/gptbot)"
66.249.77.7 - - [04/Mar/2026:12:53:42 +0000] "GET /?l=fivtt119du4539bqqicwmht HTTP/1.1" 200 309799 "-" "Mozilla/5.0 (Linux; Android 6.0.1; Nexus 5X Build/MMB29P) AppleWebKit/537.36 (KHTML, like Gecko) Chrome/144.0.7559.132 Mobile Safari/537.36 (compatible; GoogleOther)"
66.249.77.8 - - [04/Mar/2026:12:53:43 +0000] "GET /?z=ikj47ztgq13653iqbnbi HTTP/1.1" 200 300724 "-" "Mozilla/5.0 (Linux; Android 6.0.1; Nexus 5X Build/MMB29P) AppleWebKit/537.36 (KHTML, like Gecko) Chrome/144.0.7559.132 Mobile Safari/537.36 (compatible; Googlebot/2.1; +http://www.google.com/bot.html)"
74.7.241.6 - - [04/Mar/2026:12:53:42 +0000] "GET /buy.php?detail/19101904440033 HTTP/1.1" 200 162060 "https://inception-blue.com/buy.php?detail/19100792751141" "Mozilla/5.0 AppleWebKit/537.36 (KHTML, like Gecko; compatible; GPTBot/1.3; +https://openai.com/gptbot)"
66.249.77.7 - - [04/Mar/2026:12:53:47 +0000] "GET /?n=dxjpf78kh6988dcmrzoogz HTTP/1.1" 200 315424 "-" "Mozilla/5.0 (Linux; Android 6.0.1; Nexus 5X Build/MMB29P) AppleWebKit/537.36 (KHTML, like Gecko) Chrome/144.0.7559.132 Mobile Safari/537.36 (compatible; GoogleOther)"
74.7.241.6 - - [04/Mar/2026:12:53:45 +0000] "GET /buy.php?detail/02001584051495 HTTP/1.1" 200 165479 "https://inception-blue.com/buy.php?detail/03604070775765" "Mozilla/5.0 AppleWebKit/537.36 (KHTML, like Gecko; compatible; GPTBot/1.3; +https://openai.com/gptbot)"
74.7.241.6 - - [04/Mar/2026:12:53:48 +0000] "GET /buy.php?detail/27503769280763 HTTP/1.1" 200 146382 "https://inception-blue.com/buy.php?detail/21200685617882" "Mozilla/5.0 AppleWebKit/537.36 (KHTML, like Gecko; compatible; GPTBot/1.3; +https://openai.com/gptbot)"
66.249.77.7 - - [04/Mar/2026:12:53:51 +0000] "GET /?b=qarqm112n32272mczklc HTTP/1.1" 200 299219 "-" "Mozilla/5.0 (Linux; Android 6.0.1; Nexus 5X Build/MMB29P) AppleWebKit/537.36 (KHTML, like Gecko) Chrome/144.0.7559.132 Mobile Safari/537.36 (compatible; GoogleOther)"
74.7.241.6 - - [04/Mar/2026:12:53:51 +0000] "GET /buy.php?detail/09400335010068 HTTP/1.1" 200 155198 "https://inception-blue.com/buy.php?jp/094003208.html" "Mozilla/5.0 AppleWebKit/537.36 (KHTML, like Gecko; compatible; GPTBot/1.3; +https://openai.com/gptbot)"
74.7.241.6 - - [04/Mar/2026:12:53:54 +0000] "GET /buy.php?detail/09400320851519 HTTP/1.1" 200 161763 "https://inception-blue.com/buy.php?jp/094003208.html" "Mozilla/5.0 AppleWebKit/537.36 (KHTML, like Gecko; compatible; GPTBot/1.3; +https://openai.com/gptbot)"
66.249.77.7 - - [04/Mar/2026:12:54:01 +0000] "GET /?n=ltk72mskkv38352lmmkpe HTTP/1.1" 200 302384 "-" "Mozilla/5.0 (Linux; Android 6.0.1; Nexus 5X Build/MMB29P) AppleWebKit/537.36 (KHTML, like Gecko) Chrome/144.0.7559.132 Mobile Safari/537.36 (compatible; GoogleOther)"
74.7.241.6 - - [04/Mar/2026:12:53:59 +0000] "GET /buy.php?detail/21200910276485 HTTP/1.1" 200 164228 "https://inception-blue.com/buy.php?detail/21200685617882" "Mozilla/5.0 AppleWebKit/537.36 (KHTML, like Gecko; compatible; GPTBot/1.3; +https://openai.com/gptbot)"
74.7.241.6 - - [04/Mar/2026:12:54:03 +0000] "GET /buy.php?detail/21200941961072 HTTP/1.1" 200 154279 "https://inception-blue.com/buy.php?detail/21200685617882" "Mozilla/5.0 AppleWebKit/537.36 (KHTML, like Gecko; compatible; GPTBot/1.3; +https://openai.com/gptbot)"
66.249.77.8 - - [04/Mar/2026:12:54:05 +0000] "GET /?r=lnupq268pnxq37150ilqirx HTTP/1.1" 200 319667 "-" "Mozilla/5.0 (Linux; Android 6.0.1; Nexus 5X Build/MMB29P) AppleWebKit/537.36 (KHTML, like Gecko) Chrome/144.0.7559.132 Mobile Safari/537.36 (compatible; GoogleOther)"
74.7.241.6 - - [04/Mar/2026:12:54:06 +0000] "GET /buy.php?detail/28004460230138 HTTP/1.1" 200 155178 "https://inception-blue.com/buy.php?detail/28000670553600" "Mozilla/5.0 AppleWebKit/537.36 (KHTML, like Gecko; compatible; GPTBot/1.3; +https://openai.com/gptbot)"
74.7.241.6 - - [04/Mar/2026:12:54:11 +0000] "GET /buy.php?detail/12401515826255 HTTP/1.1" 200 162939 "https://inception-blue.com/buy.php?detail/12403246115713" "Mozilla/5.0 AppleWebKit/537.36 (KHTML, like Gecko; compatible; GPTBot/1.3; +https://openai.com/gptbot)"
66.249.77.7 - - [04/Mar/2026:12:54:14 +0000] "GET /?h=tif230liqhn38444gorjipnvqg HTTP/1.1" 200 304047 "-" "Mozilla/5.0 (Linux; Android 6.0.1; Nexus 5X Build/MMB29P) AppleWebKit/537.36 (KHTML, like Gecko) Chrome/144.0.7559.132 Mobile Safari/537.36 (compatible; GoogleOther)"
66.249.77.7 - - [04/Mar/2026:12:54:15 +0000] "GET /?c=ylv123tqomo43071jnanlupe HTTP/1.1" 200 304266 "-" "Mozilla/5.0 (Linux; Android 6.0.1; Nexus 5X Build/MMB29P) AppleWebKit/537.36 (KHTML, like Gecko) Chrome/144.0.7559.132 Mobile Safari/537.36 (compatible; Googlebot/2.1; +http://www.google.com/bot.html)"
74.7.241.6 - - [04/Mar/2026:12:54:14 +0000] "GET /buy.php?detail/23201429730292 HTTP/1.1" 200 168204 "https://inception-blue.com/buy.php?detail/15502524053271" "Mozilla/5.0 AppleWebKit/537.36 (KHTML, like Gecko; compatible; GPTBot/1.3; +https://openai.com/gptbot)"
74.7.241.6 - - [04/Mar/2026:12:54:17 +0000] "GET /buy.php?detail/16603901909225 HTTP/1.1" 200 146611 "https://inception-blue.com/buy.php?detail/12403246115713" "Mozilla/5.0 AppleWebKit/537.36 (KHTML, like Gecko; compatible; GPTBot/1.3; +https://openai.com/gptbot)"
66.249.77.7 - - [04/Mar/2026:12:54:22 +0000] "GET /?v=kdbs245k20997imzqyre HTTP/1.1" 200 302109 "-" "Mozilla/5.0 (Linux; Android 6.0.1; Nexus 5X Build/MMB29P) AppleWebKit/537.36 (KHTML, like Gecko) Chrome/144.0.7559.132 Mobile Safari/537.36 (compatible; GoogleOther)"
66.249.77.7 - - [04/Mar/2026:12:54:26 +0000] "GET /category/1782_2701/1/listing HTTP/1.1" 200 306918 "-" "Mozilla/5.0 (Linux; Android 6.0.1; Nexus 5X Build/MMB29P) AppleWebKit/537.36 (KHTML, like Gecko) Chrome/145.0.7632.116 Mobile Safari/537.36 (compatible; Googlebot/2.1; +http://www.google.com/bot.html)"
74.7.241.6 - - [04/Mar/2026:12:54:22 +0000] "GET /buy.php?detail/21603113039623 HTTP/1.1" 200 159164 "https://inception-blue.com/buy.php?detail/15502524053271" "Mozilla/5.0 AppleWebKit/537.36 (KHTML, like Gecko; compatible; GPTBot/1.3; +https://openai.com/gptbot)"
66.249.77.7 - - [04/Mar/2026:12:54:28 +0000] "GET /?h=gdt214l34130oabqkyk HTTP/1.1" 200 304590 "-" "Mozilla/5.0 (Linux; Android 6.0.1; Nexus 5X Build/MMB29P) AppleWebKit/537.36 (KHTML, like Gecko) Chrome/144.0.7559.132 Mobile Safari/537.36 (compatible; GoogleOther)"
74.7.241.6 - - [04/Mar/2026:12:54:27 +0000] "GET /buy.php?detail/02000831693936 HTTP/1.1" 200 155500 "https://inception-blue.com/buy.php?detail/02001584051495" "Mozilla/5.0 AppleWebKit/537.36 (KHTML, like Gecko; compatible; GPTBot/1.3; +https://openai.com/gptbot)"
66.249.77.8 - - [04/Mar/2026:12:54:32 +0000] "GET /?h=hnd193o14821yxmrorv HTTP/1.1" 200 326964 "-" "Mozilla/5.0 (Linux; Android 6.0.1; Nexus 5X Build/MMB29P) AppleWebKit/537.36 (KHTML, like Gecko) Chrome/144.0.7559.132 Mobile Safari/537.36 (compatible; GoogleOther)"
74.7.241.6 - - [04/Mar/2026:12:54:31 +0000] "GET /buy.php?detail/06700058699826 HTTP/1.1" 200 152830 "https://inception-blue.com/buy.php?detail/02001584051495" "Mozilla/5.0 AppleWebKit/537.36 (KHTML, like Gecko; compatible; GPTBot/1.3; +https://openai.com/gptbot)"
74.7.241.6 - - [04/Mar/2026:12:54:34 +0000] "GET /buy.php?detail/26300928307326 HTTP/1.1" 200 153861 "https://inception-blue.com/buy.php?detail/09400335010068" "Mozilla/5.0 AppleWebKit/537.36 (KHTML, like Gecko; compatible; GPTBot/1.3; +https://openai.com/gptbot)"
66.249.77.7 - - [04/Mar/2026:12:54:38 +0000] "GET /?h=bgov43ynkjl7dlbadnslx HTTP/1.1" 200 309396 "-" "Mozilla/5.0 (Linux; Android 6.0.1; Nexus 5X Build/MMB29P) AppleWebKit/537.36 (KHTML, like Gecko) Chrome/144.0.7559.132 Mobile Safari/537.36 (compatible; GoogleOther)"
74.7.241.6 - - [04/Mar/2026:12:54:39 +0000] "GET /buy.php?detail/05803973992856 HTTP/1.1" 200 146539 "https://inception-blue.com/buy.php?detail/27503769280763" "Mozilla/5.0 AppleWebKit/537.36 (KHTML, like Gecko; compatible; GPTBot/1.3; +https://openai.com/gptbot)"
66.249.77.8 - - [04/Mar/2026:12:54:43 +0000] "GET /?n=nhblc286enksj43214ixcrxae HTTP/1.1" 200 317873 "-" "Mozilla/5.0 (Linux; Android 6.0.1; Nexus 5X Build/MMB29P) AppleWebKit/537.36 (KHTML, like Gecko) Chrome/144.0.7559.132 Mobile Safari/537.36 (compatible; GoogleOther)"
66.249.77.8 - - [04/Mar/2026:12:54:45 +0000] "GET /?t=pai285htx9981eyrbvd HTTP/1.1" 200 307713 "-" "Mozilla/5.0 (Linux; Android 6.0.1; Nexus 5X Build/MMB29P) AppleWebKit/537.36 (KHTML, like Gecko) Chrome/144.0.7559.132 Mobile Safari/537.36 (compatible; Googlebot/2.1; +http://www.google.com/bot.html)"
74.7.241.6 - - [04/Mar/2026:12:54:43 +0000] "GET /buy.php?detail/21200348125131 HTTP/1.1" 200 159598 "https://inception-blue.com/buy.php?detail/21200910276485" "Mozilla/5.0 AppleWebKit/537.36 (KHTML, like Gecko; compatible; GPTBot/1.3; +https://openai.com/gptbot)"
74.7.241.6 - - [04/Mar/2026:12:54:46 +0000] "GET /buy.php?detail/27500345093899 HTTP/1.1" 200 149407 "https://inception-blue.com/buy.php?detail/27503769280763" "Mozilla/5.0 AppleWebKit/537.36 (KHTML, like Gecko; compatible; GPTBot/1.3; +https://openai.com/gptbot)"
74.7.241.6 - - [04/Mar/2026:12:54:49 +0000] "GET /buy.php?detail/16301557641201 HTTP/1.1" 200 149369 "https://inception-blue.com/buy.php?detail/12403246115713" "Mozilla/5.0 AppleWebKit/537.36 (KHTML, like Gecko; compatible; GPTBot/1.3; +https://openai.com/gptbot)"
66.249.77.8 - - [04/Mar/2026:12:54:55 +0000] "GET /?h=ota77dfqdx33849udpasqxeo HTTP/1.1" 200 302431 "-" "Mozilla/5.0 (Linux; Android 6.0.1; Nexus 5X Build/MMB29P) AppleWebKit/537.36 (KHTML, like Gecko) Chrome/144.0.7559.132 Mobile Safari/537.36 (compatible; GoogleOther)"
74.7.241.6 - - [04/Mar/2026:12:54:52 +0000] "GET /buy.php?detail/26004930722673 HTTP/1.1" 200 153843 "https://inception-blue.com/buy.php?detail/12401515826255" "Mozilla/5.0 AppleWebKit/537.36 (KHTML, like Gecko; compatible; GPTBot/1.3; +https://openai.com/gptbot)"
66.249.77.7 - - [04/Mar/2026:12:54:57 +0000] "GET /?c=sdgef194qsnrj17780korpcmryy HTTP/1.1" 200 305300 "-" "Mozilla/5.0 (Linux; Android 6.0.1; Nexus 5X Build/MMB29P) AppleWebKit/537.36 (KHTML, like Gecko) Chrome/144.0.7559.132 Mobile Safari/537.36 (compatible; Googlebot/2.1; +http://www.google.com/bot.html)"
74.7.241.6 - - [04/Mar/2026:12:54:56 +0000] "GET /buy.php?detail/15002038557202 HTTP/1.1" 200 156990 "https://inception-blue.com/buy.php?detail/23201429730292" "Mozilla/5.0 AppleWebKit/537.36 (KHTML, like Gecko; compatible; GPTBot/1.3; +https://openai.com/gptbot)"
74.7.241.6 - - [04/Mar/2026:12:55:01 +0000] "GET /buy.php?detail/24703032658275 HTTP/1.1" 200 157968 "https://inception-blue.com/buy.php?detail/16603901909225" "Mozilla/5.0 AppleWebKit/537.36 (KHTML, like Gecko; compatible; GPTBot/1.3; +https://openai.com/gptbot)"
74.7.241.6 - - [04/Mar/2026:12:55:04 +0000] "GET /buy.php?detail/08400613134905 HTTP/1.1" 200 162004 "https://inception-blue.com/buy.php?detail/02001584051495" "Mozilla/5.0 AppleWebKit/537.36 (KHTML, like Gecko; compatible; GPTBot/1.3; +https://openai.com/gptbot)"
66.249.77.7 - - [04/Mar/2026:12:55:08 +0000] "GET /?h=syy46kkvj44798zdyomqih HTTP/1.1" 200 299427 "-" "Mozilla/5.0 (Linux; Android 6.0.1; Nexus 5X Build/MMB29P) AppleWebKit/537.36 (KHTML, like Gecko) Chrome/144.0.7559.132 Mobile Safari/537.36 (compatible; GoogleOther)"
66.249.77.7 - - [04/Mar/2026:12:55:09 +0000] "GET /?t=aycr215jqykj44337bpozrzv HTTP/1.1" 200 303976 "-" "Mozilla/5.0 (Linux; Android 6.0.1; Nexus 5X Build/MMB29P) AppleWebKit/537.36 (KHTML, like Gecko) Chrome/144.0.7559.132 Mobile Safari/537.36 (compatible; Googlebot/2.1; +http://www.google.com/bot.html)"
74.7.241.6 - - [04/Mar/2026:12:55:08 +0000] "GET /buy.php?detail/02000737187277 HTTP/1.1" 200 158979 "https://inception-blue.com/buy.php?detail/02000831693936" "Mozilla/5.0 AppleWebKit/537.36 (KHTML, like Gecko; compatible; GPTBot/1.3; +https://openai.com/gptbot)"
66.249.77.8 - - [04/Mar/2026:12:55:13 +0000] "GET /?n=ixatv150hing21648rtgzec HTTP/1.1" 200 314797 "-" "Mozilla/5.0 (Linux; Android 6.0.1; Nexus 5X Build/MMB29P) AppleWebKit/537.36 (KHTML, like Gecko) Chrome/144.0.7559.132 Mobile Safari/537.36 (compatible; GoogleOther)"
74.7.241.6 - - [04/Mar/2026:12:55:13 +0000] "GET /buy.php?detail/27403618892242 HTTP/1.1" 200 153305 "https://inception-blue.com/buy.php?detail/21603113039623" "Mozilla/5.0 AppleWebKit/537.36 (KHTML, like Gecko; compatible; GPTBot/1.3; +https://openai.com/gptbot)"
66.249.77.7 - - [04/Mar/2026:12:55:18 +0000] "GET /?a=nzhk290yz38132ltkaad HTTP/1.1" 200 306432 "-" "Mozilla/5.0 (Linux; Android 6.0.1; Nexus 5X Build/MMB29P) AppleWebKit/537.36 (KHTML, like Gecko) Chrome/144.0.7559.132 Mobile Safari/537.36 (compatible; GoogleOther)"
74.7.241.6 - - [04/Mar/2026:12:55:16 +0000] "GET /buy.php?detail/23200712627093 HTTP/1.1" 200 165739 "https://inception-blue.com/buy.php?detail/23201429730292" "Mozilla/5.0 AppleWebKit/537.36 (KHTML, like Gecko; compatible; GPTBot/1.3; +https://openai.com/gptbot)"
74.7.241.6 - - [04/Mar/2026:12:55:20 +0000] "GET /buy.php?jp/059003323.html HTTP/1.1" 200 142742 "https://inception-blue.com/buy.php?detail/05803973992856" "Mozilla/5.0 AppleWebKit/537.36 (KHTML, like Gecko; compatible; GPTBot/1.3; +https://openai.com/gptbot)"
66.249.77.7 - - [04/Mar/2026:12:55:23 +0000] "GET /?a=gxd108dec27256gmhvlrhk HTTP/1.1" 200 318834 "-" "Mozilla/5.0 (Linux; Android 6.0.1; Nexus 5X Build/MMB29P) AppleWebKit/537.36 (KHTML, like Gecko) Chrome/144.0.7559.132 Mobile Safari/537.36 (compatible; GoogleOther)"
66.249.77.7 - - [04/Mar/2026:12:55:26 +0000] "GET /category/1782_2701_2702_3876/1/listing HTTP/1.1" 200 300977 "-" "Mozilla/5.0 (Linux; Android 6.0.1; Nexus 5X Build/MMB29P) AppleWebKit/537.36 (KHTML, like Gecko) Chrome/145.0.7632.116 Mobile Safari/537.36 (compatible; Googlebot/2.1; +http://www.google.com/bot.html)"
66.249.77.7 - - [04/Mar/2026:12:55:27 +0000] "GET /?t=llerf2fb22100vsftawee HTTP/1.1" 200 314271 "-" "Mozilla/5.0 (Linux; Android 6.0.1; Nexus 5X Build/MMB29P) AppleWebKit/537.36 (KHTML, like Gecko) Chrome/144.0.7559.132 Mobile Safari/537.36 (compatible; Googlebot/2.1; +http://www.google.com/bot.html)"
74.7.241.6 - - [04/Mar/2026:12:55:23 +0000] "GET /buy.php?detail/05300552705980 HTTP/1.1" 200 157177 "https://inception-blue.com/buy.php?detail/21200348125131" "Mozilla/5.0 AppleWebKit/537.36 (KHTML, like Gecko; compatible; GPTBot/1.3; +https://openai.com/gptbot)"
66.249.77.7 - - [04/Mar/2026:12:55:28 +0000] "GET /?h=meq249knjm27725xbjjsltng HTTP/1.1" 200 339523 "-" "Mozilla/5.0 (Linux; Android 6.0.1; Nexus 5X Build/MMB29P) AppleWebKit/537.36 (KHTML, like Gecko) Chrome/144.0.7559.132 Mobile Safari/537.36 (compatible; GoogleOther)"
74.7.241.6 - - [04/Mar/2026:12:55:28 +0000] "GET /buy.php?detail/15301372102775 HTTP/1.1" 200 160004 "https://inception-blue.com/buy.php?detail/02001584051495" "Mozilla/5.0 AppleWebKit/537.36 (KHTML, like Gecko; compatible; GPTBot/1.3; +https://openai.com/gptbot)"
66.249.77.7 - - [04/Mar/2026:12:55:33 +0000] "GET /?h=ojx199wpcpy9749lplrrivrd HTTP/1.1" 200 300080 "-" "Mozilla/5.0 (Linux; Android 6.0.1; Nexus 5X Build/MMB29P) AppleWebKit/537.36 (KHTML, like Gecko) Chrome/144.0.7559.132 Mobile Safari/537.36 (compatible; GoogleOther)"
207.46.13.87 - - [04/Mar/2026:12:55:34 +0000] "GET /?products/22973097 HTTP/1.1" 200 13 "-" "Mozilla/5.0 AppleWebKit/537.36 (KHTML, like Gecko; compatible; bingbot/2.0; +http://www.bing.com/bingbot.htm) Chrome/116.0.1938.76 Safari/537.36"
74.7.241.6 - - [04/Mar/2026:12:55:32 +0000] "GET /buy.php?detail/04603292243612 HTTP/1.1" 200 160448 "https://inception-blue.com/buy.php?detail/05803973992856" "Mozilla/5.0 AppleWebKit/537.36 (KHTML, like Gecko; compatible; GPTBot/1.3; +https://openai.com/gptbot)"
66.249.77.7 - - [04/Mar/2026:12:55:38 +0000] "GET /?l=cecj215j40203mvrsoewkii HTTP/1.1" 200 303623 "-" "Mozilla/5.0 (Linux; Android 6.0.1; Nexus 5X Build/MMB29P) AppleWebKit/537.36 (KHTML, like Gecko) Chrome/144.0.7559.132 Mobile Safari/537.36 (compatible; GoogleOther)"
74.7.241.6 - - [04/Mar/2026:12:55:35 +0000] "GET /buy.php?detail/21200339947277 HTTP/1.1" 200 167370 "https://inception-blue.com/buy.php?detail/21200910276485" "Mozilla/5.0 AppleWebKit/537.36 (KHTML, like Gecko; compatible; GPTBot/1.3; +https://openai.com/gptbot)"
74.7.241.6 - - [04/Mar/2026:12:55:39 +0000] "GET /buy.php?detail/28100933718215 HTTP/1.1" 200 157320 "https://inception-blue.com/buy.php?detail/23201429730292" "Mozilla/5.0 AppleWebKit/537.36 (KHTML, like Gecko; compatible; GPTBot/1.3; +https://openai.com/gptbot)"
74.7.241.6 - - [04/Mar/2026:12:55:44 +0000] "GET /buy.php?detail/09400125486526 HTTP/1.1" 200 158502 "https://inception-blue.com/buy.php?detail/09400320851519" "Mozilla/5.0 AppleWebKit/537.36 (KHTML, like Gecko; compatible; GPTBot/1.3; +https://openai.com/gptbot)"
66.249.77.8 - - [04/Mar/2026:12:55:49 +0000] "GET /?h=caw148j7298mqlwvpz HTTP/1.1" 200 320269 "-" "Mozilla/5.0 (Linux; Android 6.0.1; Nexus 5X Build/MMB29P) AppleWebKit/537.36 (KHTML, like Gecko) Chrome/144.0.7559.132 Mobile Safari/537.36 (compatible; GoogleOther)"
74.7.241.6 - - [04/Mar/2026:12:55:47 +0000] "GET /buy.php?detail/04502889112690 HTTP/1.1" 200 153141 "https://inception-blue.com/buy.php?detail/15502524053271" "Mozilla/5.0 AppleWebKit/537.36 (KHTML, like Gecko; compatible; GPTBot/1.3; +https://openai.com/gptbot)"
74.7.241.6 - - [04/Mar/2026:12:55:51 +0000] "GET /buy.php?detail/02000133146763 HTTP/1.1" 200 157034 "https://inception-blue.com/buy.php?detail/02000737187277" "Mozilla/5.0 AppleWebKit/537.36 (KHTML, like Gecko; compatible; GPTBot/1.3; +https://openai.com/gptbot)"
74.7.241.6 - - [04/Mar/2026:12:55:54 +0000] "GET /buy.php?detail/22901820332564 HTTP/1.1" 200 155652 "https://inception-blue.com/buy.php?detail/02000737187277" "Mozilla/5.0 AppleWebKit/537.36 (KHTML, like Gecko; compatible; GPTBot/1.3; +https://openai.com/gptbot)"
74.7.241.6 - - [04/Mar/2026:12:55:57 +0000] "GET /buy.php?detail/25902910742125 HTTP/1.1" 200 152619 "https://inception-blue.com/buy.php?detail/23200712627093" "Mozilla/5.0 AppleWebKit/537.36 (KHTML, like Gecko; compatible; GPTBot/1.3; +https://openai.com/gptbot)"
66.249.77.7 - - [04/Mar/2026:12:56:02 +0000] "GET /?h=dafs156hnxb15794dtigzili HTTP/1.1" 200 302129 "-" "Mozilla/5.0 (Linux; Android 6.0.1; Nexus 5X Build/MMB29P) AppleWebKit/537.36 (KHTML, like Gecko) Chrome/144.0.7559.132 Mobile Safari/537.36 (compatible; GoogleOther)"
74.7.241.6 - - [04/Mar/2026:12:56:02 +0000] "GET /buy.php?detail/20300859964206 HTTP/1.1" 200 159681 "https://inception-blue.com/buy.php?jp/059003323.html" "Mozilla/5.0 AppleWebKit/537.36 (KHTML, like Gecko; compatible; GPTBot/1.3; +https://openai.com/gptbot)"
66.249.77.7 - - [04/Mar/2026:12:56:07 +0000] "GET /?v=qong243nuh28903nbupuiucr HTTP/1.1" 200 301740 "-" "Mozilla/5.0 (Linux; Android 6.0.1; Nexus 5X Build/MMB29P) AppleWebKit/537.36 (KHTML, like Gecko) Chrome/144.0.7559.132 Mobile Safari/537.36 (compatible; GoogleOther)"
74.7.241.6 - - [04/Mar/2026:12:56:04 +0000] "GET /buy.php?detail/21103309495742 HTTP/1.1" 200 154920 "https://inception-blue.com/buy.php?detail/27403618892242" "Mozilla/5.0 AppleWebKit/537.36 (KHTML, like Gecko; compatible; GPTBot/1.3; +https://openai.com/gptbot)"
66.249.77.7 - - [04/Mar/2026:12:56:09 +0000] "GET /?j=vncl78xyws45012dfztrfihq HTTP/1.1" 200 317959 "-" "Mozilla/5.0 (Linux; Android 6.0.1; Nexus 5X Build/MMB29P) AppleWebKit/537.36 (KHTML, like Gecko) Chrome/144.0.7559.132 Mobile Safari/537.36 (compatible; Googlebot/2.1; +http://www.google.com/bot.html)"
66.249.77.7 - - [04/Mar/2026:12:56:12 +0000] "GET /?l=wumw299grtgv22761zaorlto HTTP/1.1" 200 304729 "-" "Mozilla/5.0 (Linux; Android 6.0.1; Nexus 5X Build/MMB29P) AppleWebKit/537.36 (KHTML, like Gecko) Chrome/144.0.7559.132 Mobile Safari/537.36 (compatible; GoogleOther)"
74.7.241.6 - - [04/Mar/2026:12:56:09 +0000] "GET /buy.php?detail/27002386976005 HTTP/1.1" 200 153848 "https://inception-blue.com/buy.php?detail/15301372102775" "Mozilla/5.0 AppleWebKit/537.36 (KHTML, like Gecko; compatible; GPTBot/1.3; +https://openai.com/gptbot)"
74.7.241.6 - - [04/Mar/2026:12:56:13 +0000] "GET /buy.php?detail/02903124558142 HTTP/1.1" 200 151891 "https://inception-blue.com/buy.php?detail/27403618892242" "Mozilla/5.0 AppleWebKit/537.36 (KHTML, like Gecko; compatible; GPTBot/1.3; +https://openai.com/gptbot)"
66.249.77.7 - - [04/Mar/2026:12:56:16 +0000] "GET /?n=hihs142x11738gbwireclhb HTTP/1.1" 200 320345 "-" "Mozilla/5.0 (Linux; Android 6.0.1; Nexus 5X Build/MMB29P) AppleWebKit/537.36 (KHTML, like Gecko) Chrome/144.0.7559.132 Mobile Safari/537.36 (compatible; GoogleOther)"
