74.7.241.6 - - [04/Mar/2026:13:42:45 +0000] "GET /buy.php?detail/103044626440 HTTP/1.1" 200 156342 "https://inception-blue.com/buy.php?detail/23300191321030" "Mozilla/5.0 AppleWebKit/537.36 (KHTML, like Gecko; compatible; GPTBot/1.3; +https://openai.com/gptbot)"
66.249.77.4 - - [04/Mar/2026:13:42:48 +0000] "GET /?b=zoe29bhqhh22617sissbjejq HTTP/1.1" 200 318171 "-" "Mozilla/5.0 (Linux; Android 6.0.1; Nexus 5X Build/MMB29P) AppleWebKit/537.36 (KHTML, like Gecko) Chrome/144.0.7559.132 Mobile Safari/537.36 (compatible; GoogleOther)"
74.7.241.6 - - [04/Mar/2026:13:42:47 +0000] "GET /buy.php?jp/217008117.html HTTP/1.1" 200 152803 "https://inception-blue.com/buy.php?detail/21704792748200" "Mozilla/5.0 AppleWebKit/537.36 (KHTML, like Gecko; compatible; GPTBot/1.3; +https://openai.com/gptbot)"
74.7.241.6 - - [04/Mar/2026:13:42:52 +0000] "GET /buy.php?detail/11001299110262 HTTP/1.1" 200 160271 "https://inception-blue.com/buy.php?detail/11000704511503" "Mozilla/5.0 AppleWebKit/537.36 (KHTML, like Gecko; compatible; GPTBot/1.3; +https://openai.com/gptbot)"
74.7.241.6 - - [04/Mar/2026:13:42:55 +0000] "GET /buy.php?detail/03400416890650 HTTP/1.1" 200 155509 "https://inception-blue.com/buy.php?detail/03400319321903" "Mozilla/5.0 AppleWebKit/537.36 (KHTML, like Gecko; compatible; GPTBot/1.3; +https://openai.com/gptbot)"
74.7.241.6 - - [04/Mar/2026:13:42:57 +0000] "GET /buy.php?detail/03400611026439 HTTP/1.1" 200 158954 "https://inception-blue.com/buy.php?detail/03400319321903" "Mozilla/5.0 AppleWebKit/537.36 (KHTML, like Gecko; compatible; GPTBot/1.3; +https://openai.com/gptbot)"
66.249.77.4 - - [04/Mar/2026:13:43:01 +0000] "GET /?n=wod217x30537pxxdpg HTTP/1.1" 200 316313 "-" "Mozilla/5.0 (Linux; Android 6.0.1; Nexus 5X Build/MMB29P) AppleWebKit/537.36 (KHTML, like Gecko) Chrome/144.0.7559.132 Mobile Safari/537.36 (compatible; GoogleOther)"
74.7.241.6 - - [04/Mar/2026:13:43:00 +0000] "GET /buy.php?detail/25502434412778 HTTP/1.1" 200 156290 "https://inception-blue.com/buy.php?jp/110018260.html" "Mozilla/5.0 AppleWebKit/537.36 (KHTML, like Gecko; compatible; GPTBot/1.3; +https://openai.com/gptbot)"
74.7.241.6 - - [04/Mar/2026:13:43:03 +0000] "GET /buy.php?detail/14002853728897 HTTP/1.1" 200 144390 "https://inception-blue.com/buy.php?detail/17800023795827" "Mozilla/5.0 AppleWebKit/537.36 (KHTML, like Gecko; compatible; GPTBot/1.3; +https://openai.com/gptbot)"
74.7.241.6 - - [04/Mar/2026:13:43:07 +0000] "GET /buy.php?detail/04200446893644 HTTP/1.1" 200 156539 "https://inception-blue.com/buy.php?detail/09502974340522" "Mozilla/5.0 AppleWebKit/537.36 (KHTML, like Gecko; compatible; GPTBot/1.3; +https://openai.com/gptbot)"
74.7.241.6 - - [04/Mar/2026:13:43:11 +0000] "GET /buy.php?detail/09500251395548 HTTP/1.1" 200 159013 "https://inception-blue.com/buy.php?detail/09502974340522" "Mozilla/5.0 AppleWebKit/537.36 (KHTML, like Gecko; compatible; GPTBot/1.3; +https://openai.com/gptbot)"
66.249.77.8 - - [04/Mar/2026:13:43:14 +0000] "GET /product/202007239 HTTP/1.1" 200 300802 "-" "Mozilla/5.0 (Linux; Android 6.0.1; Nexus 5X Build/MMB29P) AppleWebKit/537.36 (KHTML, like Gecko) Chrome/144.0.7559.132 Mobile Safari/537.36 (compatible; Googlebot/2.1; +http://www.google.com/bot.html)"
66.249.77.8 - - [04/Mar/2026:13:43:14 +0000] "GET /?i=pfuig252mi34190notlmyzgg HTTP/1.1" 200 306428 "-" "Mozilla/5.0 (Linux; Android 6.0.1; Nexus 5X Build/MMB29P) AppleWebKit/537.36 (KHTML, like Gecko) Chrome/144.0.7559.132 Mobile Safari/537.36 (compatible; GoogleOther)"
74.7.241.6 - - [04/Mar/2026:13:43:13 +0000] "GET /buy.php?detail/03400659548690 HTTP/1.1" 200 154790 "https://inception-blue.com/buy.php?detail/03400751399679" "Mozilla/5.0 AppleWebKit/537.36 (KHTML, like Gecko; compatible; GPTBot/1.3; +https://openai.com/gptbot)"
66.249.77.8 - - [04/Mar/2026:13:43:17 +0000] "GET /?detail/0670181409198 HTTP/1.1" 200 315469 "-" "Mozilla/5.0 (Linux; Android 6.0.1; Nexus 5X Build/MMB29P) AppleWebKit/537.36 (KHTML, like Gecko) Chrome/144.0.7559.132 Mobile Safari/537.36 (compatible; Googlebot/2.1; +http://www.google.com/bot.html)"
74.7.241.6 - - [04/Mar/2026:13:43:16 +0000] "GET /buy.php?detail/09300493985393 HTTP/1.1" 200 153660 "https://inception-blue.com/buy.php?jp/246024157.html" "Mozilla/5.0 AppleWebKit/537.36 (KHTML, like Gecko; compatible; GPTBot/1.3; +https://openai.com/gptbot)"
66.249.77.7 - - [04/Mar/2026:13:43:18 +0000] "GET /?r=rjoqx118np24778fypwtnpkuf HTTP/1.1" 200 312570 "-" "Mozilla/5.0 (Linux; Android 6.0.1; Nexus 5X Build/MMB29P) AppleWebKit/537.36 (KHTML, like Gecko) Chrome/144.0.7559.132 Mobile Safari/537.36 (compatible; GoogleOther)"
74.7.241.6 - - [04/Mar/2026:13:43:18 +0000] "GET /buy.php?detail/21700811734565 HTTP/1.1" 200 152686 "https://inception-blue.com/buy.php?detail/21700833706637" "Mozilla/5.0 AppleWebKit/537.36 (KHTML, like Gecko; compatible; GPTBot/1.3; +https://openai.com/gptbot)"
66.249.77.7 - - [04/Mar/2026:13:43:22 +0000] "GET /?detail/0030498608950 HTTP/1.1" 200 306386 "-" "Mozilla/5.0 (Linux; Android 6.0.1; Nexus 5X Build/MMB29P) AppleWebKit/537.36 (KHTML, like Gecko) Chrome/144.0.7559.132 Mobile Safari/537.36 (compatible; GoogleOther)"
74.7.241.6 - - [04/Mar/2026:13:43:21 +0000] "GET /buy.php?detail/25900361617417 HTTP/1.1" 200 157525 "https://inception-blue.com/buy.php?detail/14500590472458" "Mozilla/5.0 AppleWebKit/537.36 (KHTML, like Gecko; compatible; GPTBot/1.3; +https://openai.com/gptbot)"
66.249.77.7 - - [04/Mar/2026:13:43:26 +0000] "GET /?z=ika205w31845bdkyiao HTTP/1.1" 200 302859 "-" "Mozilla/5.0 (Linux; Android 6.0.1; Nexus 5X Build/MMB29P) AppleWebKit/537.36 (KHTML, like Gecko) Chrome/144.0.7559.132 Mobile Safari/537.36 (compatible; GoogleOther)"
74.7.241.6 - - [04/Mar/2026:13:43:24 +0000] "GET /buy.php?detail/11000363376949 HTTP/1.1" 200 163292 "https://inception-blue.com/buy.php?detail/11001299110262" "Mozilla/5.0 AppleWebKit/537.36 (KHTML, like Gecko; compatible; GPTBot/1.3; +https://openai.com/gptbot)"
74.7.241.6 - - [04/Mar/2026:13:43:27 +0000] "GET /buy.php?detail/11000371844763 HTTP/1.1" 200 157601 "https://inception-blue.com/buy.php?detail/11001299110262" "Mozilla/5.0 AppleWebKit/537.36 (KHTML, like Gecko; compatible; GPTBot/1.3; +https://openai.com/gptbot)"
66.249.77.7 - - [04/Mar/2026:13:43:30 +0000] "GET /?e=vxns153jgt14903ebgjblth HTTP/1.1" 200 302427 "-" "Mozilla/5.0 (Linux; Android 6.0.1; Nexus 5X Build/MMB29P) AppleWebKit/537.36 (KHTML, like Gecko) Chrome/144.0.7559.132 Mobile Safari/537.36 (compatible; GoogleOther)"
74.7.241.6 - - [04/Mar/2026:13:43:30 +0000] "GET /buy.php?detail/28900532905416 HTTP/1.1" 200 159220 "https://inception-blue.com/buy.php?detail/28900741981588" "Mozilla/5.0 AppleWebKit/537.36 (KHTML, like Gecko; compatible; GPTBot/1.3; +https://openai.com/gptbot)"
66.249.77.8 - - [04/Mar/2026:13:43:34 +0000] "GET /?d=rsr89jr44513zqhezz HTTP/1.1" 200 298962 "-" "Mozilla/5.0 (Linux; Android 6.0.1; Nexus 5X Build/MMB29P) AppleWebKit/537.36 (KHTML, like Gecko) Chrome/144.0.7559.132 Mobile Safari/537.36 (compatible; GoogleOther)"
66.249.77.7 - - [04/Mar/2026:13:43:36 +0000] "GET /?z=qfm235dxuqc20385pvwcotpi HTTP/1.1" 200 310617 "-" "Mozilla/5.0 (Linux; Android 6.0.1; Nexus 5X Build/MMB29P) AppleWebKit/537.36 (KHTML, like Gecko) Chrome/144.0.7559.132 Mobile Safari/537.36 (compatible; Googlebot/2.1; +http://www.google.com/bot.html)"
74.7.241.6 - - [04/Mar/2026:13:43:33 +0000] "GET /buy.php?detail/25501953247015 HTTP/1.1" 200 165705 "https://inception-blue.com/buy.php?detail/25502434412778" "Mozilla/5.0 AppleWebKit/537.36 (KHTML, like Gecko; compatible; GPTBot/1.3; +https://openai.com/gptbot)"
66.249.77.8 - - [04/Mar/2026:13:43:42 +0000] "GET /?l=fsy128smozs36236pdazjrv HTTP/1.1" 200 330728 "-" "Mozilla/5.0 (Linux; Android 6.0.1; Nexus 5X Build/MMB29P) AppleWebKit/537.36 (KHTML, like Gecko) Chrome/144.0.7559.132 Mobile Safari/537.36 (compatible; GoogleOther)"
74.7.241.6 - - [04/Mar/2026:13:43:38 +0000] "GET /buy.php?goods/122032668 HTTP/1.1" 200 159341 "https://inception-blue.com/buy.php?detail/14002853728897" "Mozilla/5.0 AppleWebKit/537.36 (KHTML, like Gecko; compatible; GPTBot/1.3; +https://openai.com/gptbot)"
74.7.241.6 - - [04/Mar/2026:13:43:44 +0000] "GET /buy.php?detail/05503788273155 HTTP/1.1" 200 146926 "https://inception-blue.com/buy.php?detail/04200446893644" "Mozilla/5.0 AppleWebKit/537.36 (KHTML, like Gecko; compatible; GPTBot/1.3; +https://openai.com/gptbot)"
74.7.241.6 - - [04/Mar/2026:13:43:47 +0000] "GET /buy.php?detail/04200428320456 HTTP/1.1" 200 156847 "https://inception-blue.com/buy.php?detail/04200446893644" "Mozilla/5.0 AppleWebKit/537.36 (KHTML, like Gecko; compatible; GPTBot/1.3; +https://openai.com/gptbot)"
74.7.241.6 - - [04/Mar/2026:13:43:52 +0000] "GET /buy.php?detail/12502071811687 HTTP/1.1" 200 157256 "https://inception-blue.com/buy.php?detail/25502434412778" "Mozilla/5.0 AppleWebKit/537.36 (KHTML, like Gecko; compatible; GPTBot/1.3; +https://openai.com/gptbot)"
66.249.77.8 - - [04/Mar/2026:13:43:56 +0000] "GET /?y=kajh63ewvz43545mhgtnbk HTTP/1.1" 200 319469 "-" "Mozilla/5.0 (Linux; Android 6.0.1; Nexus 5X Build/MMB29P) AppleWebKit/537.36 (KHTML, like Gecko) Chrome/144.0.7559.132 Mobile Safari/537.36 (compatible; GoogleOther)"
74.7.241.6 - - [04/Mar/2026:13:43:55 +0000] "GET /buy.php?detail/26200803149250 HTTP/1.1" 200 160138 "https://inception-blue.com/buy.php?detail/09500251395548" "Mozilla/5.0 AppleWebKit/537.36 (KHTML, like Gecko; compatible; GPTBot/1.3; +https://openai.com/gptbot)"
74.7.241.6 - - [04/Mar/2026:13:43:58 +0000] "GET /buy.php?detail/10600184654074 HTTP/1.1" 200 158025 "https://inception-blue.com/buy.php?detail/21700811734565" "Mozilla/5.0 AppleWebKit/537.36 (KHTML, like Gecko; compatible; GPTBot/1.3; +https://openai.com/gptbot)"
74.7.241.6 - - [04/Mar/2026:13:44:01 +0000] "GET /buy.php?detail/2590125813997 HTTP/1.1" 200 154596 "https://inception-blue.com/buy.php?detail/25900361617417" "Mozilla/5.0 AppleWebKit/537.36 (KHTML, like Gecko; compatible; GPTBot/1.3; +https://openai.com/gptbot)"
66.249.77.9 - - [04/Mar/2026:13:44:05 +0000] "GET /?goods/162036067 HTTP/1.1" 200 360440 "-" "Mozilla/5.0 (Linux; Android 6.0.1; Nexus 5X Build/MMB29P) AppleWebKit/537.36 (KHTML, like Gecko) Chrome/144.0.7559.132 Mobile Safari/537.36 (compatible; GoogleOther)"
74.7.241.6 - - [04/Mar/2026:13:44:04 +0000] "GET /buy.php?detail/11000138042447 HTTP/1.1" 200 157500 "https://inception-blue.com/buy.php?detail/11000363376949" "Mozilla/5.0 AppleWebKit/537.36 (KHTML, like Gecko; compatible; GPTBot/1.3; +https://openai.com/gptbot)"
66.249.77.8 - - [04/Mar/2026:13:44:09 +0000] "GET /?x=zzts1q46637uegihmu HTTP/1.1" 200 301836 "-" "Mozilla/5.0 (Linux; Android 6.0.1; Nexus 5X Build/MMB29P) AppleWebKit/537.36 (KHTML, like Gecko) Chrome/144.0.7559.132 Mobile Safari/537.36 (compatible; GoogleOther)"
74.7.241.6 - - [04/Mar/2026:13:44:09 +0000] "GET /buy.php?detail/11001173982066 HTTP/1.1" 200 159704 "https://inception-blue.com/buy.php?detail/11000371844763" "Mozilla/5.0 AppleWebKit/537.36 (KHTML, like Gecko; compatible; GPTBot/1.3; +https://openai.com/gptbot)"
74.7.241.6 - - [04/Mar/2026:13:44:12 +0000] "GET /buy.php?detail/28902482308257 HTTP/1.1" 200 157341 "https://inception-blue.com/buy.php?detail/28900532905416" "Mozilla/5.0 AppleWebKit/537.36 (KHTML, like Gecko; compatible; GPTBot/1.3; +https://openai.com/gptbot)"
66.249.77.7 - - [04/Mar/2026:13:44:14 +0000] "GET /?b=rhqk58uhx1972esckamsmi HTTP/1.1" 200 315815 "-" "Mozilla/5.0 (Linux; Android 6.0.1; Nexus 5X Build/MMB29P) AppleWebKit/537.36 (KHTML, like Gecko) Chrome/144.0.7559.132 Mobile Safari/537.36 (compatible; GoogleOther)"
74.7.241.6 - - [04/Mar/2026:13:44:15 +0000] "GET /buy.php?detail/25502294415899 HTTP/1.1" 200 159013 "https://inception-blue.com/buy.php?detail/25501953247015" "Mozilla/5.0 AppleWebKit/537.36 (KHTML, like Gecko; compatible; GPTBot/1.3; +https://openai.com/gptbot)"
74.7.241.6 - - [04/Mar/2026:13:44:18 +0000] "GET /buy.php?detail/12202230287194 HTTP/1.1" 200 156227 "https://inception-blue.com/buy.php?goods/122032668" "Mozilla/5.0 AppleWebKit/537.36 (KHTML, like Gecko; compatible; GPTBot/1.3; +https://openai.com/gptbot)"
66.249.77.7 - - [04/Mar/2026:13:44:22 +0000] "GET /?y=rwug88ftst9642ksknapxfya HTTP/1.1" 200 306544 "-" "Mozilla/5.0 (Linux; Android 6.0.1; Nexus 5X Build/MMB29P) AppleWebKit/537.36 (KHTML, like Gecko) Chrome/144.0.7559.132 Mobile Safari/537.36 (compatible; GoogleOther)"
74.7.241.6 - - [04/Mar/2026:13:44:21 +0000] "GET /buy.php?detail/16600541405980 HTTP/1.1" 200 156609 "https://inception-blue.com/buy.php?goods/122032668" "Mozilla/5.0 AppleWebKit/537.36 (KHTML, like Gecko; compatible; GPTBot/1.3; +https://openai.com/gptbot)"
74.7.241.6 - - [04/Mar/2026:13:44:23 +0000] "GET /buy.php?detail/16400112649941 HTTP/1.1" 200 156359 "https://inception-blue.com/buy.php?detail/05503788273155" "Mozilla/5.0 AppleWebKit/537.36 (KHTML, like Gecko; compatible; GPTBot/1.3; +https://openai.com/gptbot)"
66.249.77.7 - - [04/Mar/2026:13:44:26 +0000] "GET /?y=kivn197bqda10537csfrnjpbla HTTP/1.1" 200 298696 "-" "Mozilla/5.0 (Linux; Android 6.0.1; Nexus 5X Build/MMB29P) AppleWebKit/537.36 (KHTML, like Gecko) Chrome/144.0.7559.132 Mobile Safari/537.36 (compatible; GoogleOther)"
74.7.241.6 - - [04/Mar/2026:13:44:27 +0000] "GET /buy.php?detail/04200862053614 HTTP/1.1" 200 153116 "https://inception-blue.com/buy.php?detail/04200428320456" "Mozilla/5.0 AppleWebKit/537.36 (KHTML, like Gecko; compatible; GPTBot/1.3; +https://openai.com/gptbot)"
66.249.77.7 - - [04/Mar/2026:13:44:31 +0000] "GET /1167912831 HTTP/1.1" 200 318975 "-" "Mozilla/5.0 (Linux; Android 6.0.1; Nexus 5X Build/MMB29P) AppleWebKit/537.36 (KHTML, like Gecko) Chrome/144.0.7559.132 Mobile Safari/537.36 (compatible; GoogleOther)"
74.7.241.6 - - [04/Mar/2026:13:44:31 +0000] "GET /buy.php?detail/21904404053978 HTTP/1.1" 200 145964 "https://inception-blue.com/buy.php?detail/26200803149250" "Mozilla/5.0 AppleWebKit/537.36 (KHTML, like Gecko; compatible; GPTBot/1.3; +https://openai.com/gptbot)"
159.223.142.74 - - [04/Mar/2026:13:44:34 +0000] "POST /wp-cron.php?doing_wp_cron=1772631874.1289029121398925781250 HTTP/1.1" 404 185455 "-" "WordPress/6.9.1; https://inception-blue.com"
209.141.44.114 - - [04/Mar/2026:13:44:33 +0000] "GET /wp-login.php HTTP/1.1" 200 84560 "-" "Mozilla/5.0 (X11; Linux x86_64) AppleWebKit/537.36 (KHTML, like Gecko) Chrome/35.0.1916.153 Safari/537.36"
209.141.44.114 - - [04/Mar/2026:13:44:35 +0000] "POST /wp-login.php HTTP/1.1" 200 84578 "-" "Mozilla/5.0 (X11; Linux x86_64) AppleWebKit/537.36 (KHTML, like Gecko) Chrome/35.0.1916.153 Safari/537.36"
74.7.241.6 - - [04/Mar/2026:13:44:34 +0000] "GET /buy.php?detail/23402266539924 HTTP/1.1" 200 155207 "https://inception-blue.com/buy.php?detail/10600184654074" "Mozilla/5.0 AppleWebKit/537.36 (KHTML, like Gecko; compatible; GPTBot/1.3; +https://openai.com/gptbot)"
66.249.77.8 - - [04/Mar/2026:13:44:36 +0000] "GET /?e=uwq109owh44979vnclyahl HTTP/1.1" 200 316982 "-" "Mozilla/5.0 (Linux; Android 6.0.1; Nexus 5X Build/MMB29P) AppleWebKit/537.36 (KHTML, like Gecko) Chrome/144.0.7559.132 Mobile Safari/537.36 (compatible; GoogleOther)"
74.7.241.6 - - [04/Mar/2026:13:44:37 +0000] "GET /buy.php?goods/259004822 HTTP/1.1" 200 153615 "https://inception-blue.com/buy.php?detail/2590125813997" "Mozilla/5.0 AppleWebKit/537.36 (KHTML, like Gecko; compatible; GPTBot/1.3; +https://openai.com/gptbot)"
74.7.241.6 - - [04/Mar/2026:13:44:39 +0000] "GET /buy.php?detail/10302229922468 HTTP/1.1" 200 157955 "https://inception-blue.com/buy.php?detail/2590125813997" "Mozilla/5.0 AppleWebKit/537.36 (KHTML, like Gecko; compatible; GPTBot/1.3; +https://openai.com/gptbot)"
74.7.241.6 - - [04/Mar/2026:13:44:42 +0000] "GET /buy.php?detail/11000894714294 HTTP/1.1" 200 155754 "https://inception-blue.com/buy.php?detail/11000138042447" "Mozilla/5.0 AppleWebKit/537.36 (KHTML, like Gecko; compatible; GPTBot/1.3; +https://openai.com/gptbot)"
66.249.77.8 - - [04/Mar/2026:13:44:45 +0000] "GET /?z=wgq80xeso21154obstjnm HTTP/1.1" 200 302786 "-" "Mozilla/5.0 (Linux; Android 6.0.1; Nexus 5X Build/MMB29P) AppleWebKit/537.36 (KHTML, like Gecko) Chrome/144.0.7559.132 Mobile Safari/537.36 (compatible; Googlebot/2.1; +http://www.google.com/bot.html)"
74.7.241.6 - - [04/Mar/2026:13:44:45 +0000] "GET /buy.php?detail/14501608770031 HTTP/1.1" 200 149975 "https://inception-blue.com/buy.php?detail/11000371844763" "Mozilla/5.0 AppleWebKit/537.36 (KHTML, like Gecko; compatible; GPTBot/1.3; +https://openai.com/gptbot)"
66.249.77.7 - - [04/Mar/2026:13:44:50 +0000] "GET /?r=lqyuy232oa6614sfslrq HTTP/1.1" 200 298249 "-" "Mozilla/5.0 (Linux; Android 6.0.1; Nexus 5X Build/MMB29P) AppleWebKit/537.36 (KHTML, like Gecko) Chrome/144.0.7559.132 Mobile Safari/537.36 (compatible; GoogleOther)"
74.7.241.6 - - [04/Mar/2026:13:44:50 +0000] "GET /buy.php?detail/18901207476418 HTTP/1.1" 200 159827 "https://inception-blue.com/buy.php?detail/25502294415899" "Mozilla/5.0 AppleWebKit/537.36 (KHTML, like Gecko; compatible; GPTBot/1.3; +https://openai.com/gptbot)"
66.249.77.7 - - [04/Mar/2026:13:44:55 +0000] "GET /?detail/12803550783530 HTTP/1.1" 200 313725 "-" "Mozilla/5.0 (Linux; Android 6.0.1; Nexus 5X Build/MMB29P) AppleWebKit/537.36 (KHTML, like Gecko) Chrome/144.0.7559.132 Mobile Safari/537.36 (compatible; GoogleOther)"
74.7.241.6 - - [04/Mar/2026:13:44:53 +0000] "GET /buy.php?detail/07902268177200 HTTP/1.1" 200 150023 "https://inception-blue.com/buy.php?detail/25502294415899" "Mozilla/5.0 AppleWebKit/537.36 (KHTML, like Gecko; compatible; GPTBot/1.3; +https://openai.com/gptbot)"
74.7.241.6 - - [04/Mar/2026:13:44:57 +0000] "GET /buy.php?detail/10602419965549 HTTP/1.1" 200 156708 "https://inception-blue.com/buy.php?detail/10600184654074" "Mozilla/5.0 AppleWebKit/537.36 (KHTML, like Gecko; compatible; GPTBot/1.3; +https://openai.com/gptbot)"
74.7.241.6 - - [04/Mar/2026:13:45:00 +0000] "GET /buy.php?detail/10001451864082 HTTP/1.1" 200 152556 "https://inception-blue.com/buy.php?detail/16400112649941" "Mozilla/5.0 AppleWebKit/537.36 (KHTML, like Gecko; compatible; GPTBot/1.3; +https://openai.com/gptbot)"
66.249.77.7 - - [04/Mar/2026:13:45:03 +0000] "GET /?t=gcwks229ltd13081qetqmawxnm HTTP/1.1" 200 301829 "-" "Mozilla/5.0 (Linux; Android 6.0.1; Nexus 5X Build/MMB29P) AppleWebKit/537.36 (KHTML, like Gecko) Chrome/144.0.7559.132 Mobile Safari/537.36 (compatible; GoogleOther)"
74.7.241.6 - - [04/Mar/2026:13:45:03 +0000] "GET /buy.php?detail/04503085595233 HTTP/1.1" 200 161137 "https://inception-blue.com/buy.php?detail/16400112649941" "Mozilla/5.0 AppleWebKit/537.36 (KHTML, like Gecko; compatible; GPTBot/1.3; +https://openai.com/gptbot)"
66.249.77.8 - - [04/Mar/2026:13:45:08 +0000] "GET /?n=iia275itk7859bxdqfg HTTP/1.1" 200 302919 "-" "Mozilla/5.0 (Linux; Android 6.0.1; Nexus 5X Build/MMB29P) AppleWebKit/537.36 (KHTML, like Gecko) Chrome/144.0.7559.132 Mobile Safari/537.36 (compatible; GoogleOther)"
74.7.241.6 - - [04/Mar/2026:13:45:06 +0000] "GET /buy.php?detail/12200279342501 HTTP/1.1" 200 157321 "https://inception-blue.com/buy.php?goods/122032668" "Mozilla/5.0 AppleWebKit/537.36 (KHTML, like Gecko; compatible; GPTBot/1.3; +https://openai.com/gptbot)"
74.7.241.6 - - [04/Mar/2026:13:45:09 +0000] "GET /buy.php?detail/02204946748337 HTTP/1.1" 200 154882 "https://inception-blue.com/buy.php?detail/23402266539924" "Mozilla/5.0 AppleWebKit/537.36 (KHTML, like Gecko; compatible; GPTBot/1.3; +https://openai.com/gptbot)"
66.249.77.7 - - [04/Mar/2026:13:45:13 +0000] "GET /?v=wzmu9ieza19635ubzclbyei HTTP/1.1" 200 304495 "-" "Mozilla/5.0 (Linux; Android 6.0.1; Nexus 5X Build/MMB29P) AppleWebKit/537.36 (KHTML, like Gecko) Chrome/144.0.7559.132 Mobile Safari/537.36 (compatible; GoogleOther)"
74.7.241.6 - - [04/Mar/2026:13:45:12 +0000] "GET /buy.php?detail/23403229384685 HTTP/1.1" 200 154436 "https://inception-blue.com/buy.php?detail/28900532905416" "Mozilla/5.0 AppleWebKit/537.36 (KHTML, like Gecko; compatible; GPTBot/1.3; +https://openai.com/gptbot)"
66.249.77.7 - - [04/Mar/2026:13:45:17 +0000] "GET /?x=ahql288lgwfh15372jvhpysaeka HTTP/1.1" 200 302146 "-" "Mozilla/5.0 (Linux; Android 6.0.1; Nexus 5X Build/MMB29P) AppleWebKit/537.36 (KHTML, like Gecko) Chrome/144.0.7559.132 Mobile Safari/537.36 (compatible; GoogleOther)"
74.7.241.6 - - [04/Mar/2026:13:45:15 +0000] "GET /buy.php?detail/01903598826235 HTTP/1.1" 200 143823 "https://inception-blue.com/buy.php?detail/10302229922468" "Mozilla/5.0 AppleWebKit/537.36 (KHTML, like Gecko; compatible; GPTBot/1.3; +https://openai.com/gptbot)"
74.7.241.6 - - [04/Mar/2026:13:45:19 +0000] "GET /buy.php?goods/247028908 HTTP/1.1" 200 152536 "https://inception-blue.com/buy.php?detail/11000894714294" "Mozilla/5.0 AppleWebKit/537.36 (KHTML, like Gecko; compatible; GPTBot/1.3; +https://openai.com/gptbot)"
74.7.241.6 - - [04/Mar/2026:13:45:23 +0000] "GET /buy.php?detail/11001049779546 HTTP/1.1" 200 159995 "https://inception-blue.com/buy.php?detail/11000894714294" "Mozilla/5.0 AppleWebKit/537.36 (KHTML, like Gecko; compatible; GPTBot/1.3; +https://openai.com/gptbot)"
74.7.241.6 - - [04/Mar/2026:13:45:26 +0000] "GET /buy.php?detail/05002481315143 HTTP/1.1" 200 164594 "https://inception-blue.com/buy.php?detail/10302229922468" "Mozilla/5.0 AppleWebKit/537.36 (KHTML, like Gecko; compatible; GPTBot/1.3; +https://openai.com/gptbot)"
66.249.77.7 - - [04/Mar/2026:13:45:31 +0000] "GET /?l=suo120dqq92mmxdqgzfs HTTP/1.1" 200 306962 "-" "Mozilla/5.0 (Linux; Android 6.0.1; Nexus 5X Build/MMB29P) AppleWebKit/537.36 (KHTML, like Gecko) Chrome/144.0.7559.132 Mobile Safari/537.36 (compatible; GoogleOther)"
74.7.241.6 - - [04/Mar/2026:13:45:30 +0000] "GET /buy.php?detail/17601002674288 HTTP/1.1" 200 155195 "https://inception-blue.com/buy.php?detail/14501608770031" "Mozilla/5.0 AppleWebKit/537.36 (KHTML, like Gecko; compatible; GPTBot/1.3; +https://openai.com/gptbot)"
66.249.77.7 - - [04/Mar/2026:13:45:35 +0000] "GET /?t=ddts67qjk22441ghsybmz HTTP/1.1" 200 301401 "-" "Mozilla/5.0 (Linux; Android 6.0.1; Nexus 5X Build/MMB29P) AppleWebKit/537.36 (KHTML, like Gecko) Chrome/144.0.7559.132 Mobile Safari/537.36 (compatible; Googlebot/2.1; +http://www.google.com/bot.html)"
66.249.77.7 - - [04/Mar/2026:13:45:36 +0000] "GET /?goods/231039930 HTTP/1.1" 200 299541 "-" "Mozilla/5.0 (Linux; Android 6.0.1; Nexus 5X Build/MMB29P) AppleWebKit/537.36 (KHTML, like Gecko) Chrome/144.0.7559.132 Mobile Safari/537.36 (compatible; GoogleOther)"
74.7.241.6 - - [04/Mar/2026:13:45:33 +0000] "GET /buy.php?goods/093000130 HTTP/1.1" 200 154634 "https://inception-blue.com/buy.php?detail/09300493985393" "Mozilla/5.0 AppleWebKit/537.36 (KHTML, like Gecko; compatible; GPTBot/1.3; +https://openai.com/gptbot)"
74.7.241.6 - - [04/Mar/2026:13:45:37 +0000] "GET /buy.php?detail/24900853774124 HTTP/1.1" 200 145011 "https://inception-blue.com/buy.php?detail/14500590472458" "Mozilla/5.0 AppleWebKit/537.36 (KHTML, like Gecko; compatible; GPTBot/1.3; +https://openai.com/gptbot)"
74.7.241.6 - - [04/Mar/2026:13:45:40 +0000] "GET /buy.php?detail/17104850937030 HTTP/1.1" 200 155708 "https://inception-blue.com/buy.php?detail/17100007996645" "Mozilla/5.0 AppleWebKit/537.36 (KHTML, like Gecko; compatible; GPTBot/1.3; +https://openai.com/gptbot)"
66.249.77.7 - - [04/Mar/2026:13:45:44 +0000] "GET /?l=ymvd287ocsb46391gaulwd HTTP/1.1" 200 299341 "-" "Mozilla/5.0 (Linux; Android 6.0.1; Nexus 5X Build/MMB29P) AppleWebKit/537.36 (KHTML, like Gecko) Chrome/144.0.7559.132 Mobile Safari/537.36 (compatible; GoogleOther)"
74.7.241.6 - - [04/Mar/2026:13:45:43 +0000] "GET /buy.php?detail/25904261461568 HTTP/1.1" 200 157470 "https://inception-blue.com/buy.php?detail/12200279342501" "Mozilla/5.0 AppleWebKit/537.36 (KHTML, like Gecko; compatible; GPTBot/1.3; +https://openai.com/gptbot)"
66.249.77.8 - - [04/Mar/2026:13:45:47 +0000] "GET /?g=znm59gaafm31745yyimdgr HTTP/1.1" 200 304688 "-" "Mozilla/5.0 (Linux; Android 6.0.1; Nexus 5X Build/MMB29P) AppleWebKit/537.36 (KHTML, like Gecko) Chrome/144.0.7559.132 Mobile Safari/537.36 (compatible; Googlebot/2.1; +http://www.google.com/bot.html)"
66.249.77.7 - - [04/Mar/2026:13:45:48 +0000] "GET /?a=bhe40a49832efyqmkxtty HTTP/1.1" 200 315472 "-" "Mozilla/5.0 (Linux; Android 6.0.1; Nexus 5X Build/MMB29P) AppleWebKit/537.36 (KHTML, like Gecko) Chrome/144.0.7559.132 Mobile Safari/537.36 (compatible; GoogleOther)"
74.7.241.6 - - [04/Mar/2026:13:45:46 +0000] "GET /buy.php?detail/02200894008228 HTTP/1.1" 200 153946 "https://inception-blue.com/buy.php?detail/02204946748337" "Mozilla/5.0 AppleWebKit/537.36 (KHTML, like Gecko; compatible; GPTBot/1.3; +https://openai.com/gptbot)"
74.7.241.6 - - [04/Mar/2026:13:45:49 +0000] "GET /buy.php?detail/13004063462750 HTTP/1.1" 200 164551 "https://inception-blue.com/buy.php?detail/09104557300050" "Mozilla/5.0 AppleWebKit/537.36 (KHTML, like Gecko; compatible; GPTBot/1.3; +https://openai.com/gptbot)"
66.249.77.8 - - [04/Mar/2026:13:45:52 +0000] "GET /?t=mau177bvuf1835ocmbgxpt HTTP/1.1" 200 328539 "-" "Mozilla/5.0 (Linux; Android 6.0.1; Nexus 5X Build/MMB29P) AppleWebKit/537.36 (KHTML, like Gecko) Chrome/144.0.7559.132 Mobile Safari/537.36 (compatible; GoogleOther)"
74.7.241.6 - - [04/Mar/2026:13:45:52 +0000] "GET /buy.php?detail/15401211776236 HTTP/1.1" 200 166194 "https://inception-blue.com/buy.php?jp/267045393.html" "Mozilla/5.0 AppleWebKit/537.36 (KHTML, like Gecko; compatible; GPTBot/1.3; +https://openai.com/gptbot)"
66.249.77.7 - - [04/Mar/2026:13:45:58 +0000] "GET /?e=guf34boiqo48972yswytjfzvx HTTP/1.1" 200 304216 "-" "Mozilla/5.0 (Linux; Android 6.0.1; Nexus 5X Build/MMB29P) AppleWebKit/537.36 (KHTML, like Gecko) Chrome/144.0.7559.132 Mobile Safari/537.36 (compatible; GoogleOther)"
74.7.241.6 - - [04/Mar/2026:13:45:57 +0000] "GET /buy.php?detail/02704277590130 HTTP/1.1" 200 142680 "https://inception-blue.com/buy.php?goods/247028908" "Mozilla/5.0 AppleWebKit/537.36 (KHTML, like Gecko; compatible; GPTBot/1.3; +https://openai.com/gptbot)"
66.249.77.7 - - [04/Mar/2026:13:45:59 +0000] "GET /?c=aboh282p14344pcajtqz HTTP/1.1" 200 311589 "-" "Mozilla/5.0 (Linux; Android 6.0.1; Nexus 5X Build/MMB29P) AppleWebKit/537.36 (KHTML, like Gecko) Chrome/144.0.7559.132 Mobile Safari/537.36 (compatible; Googlebot/2.1; +http://www.google.com/bot.html)"
66.249.77.7 - - [04/Mar/2026:13:46:02 +0000] "GET /?detail/193044322238 HTTP/1.1" 200 308836 "-" "Mozilla/5.0 (Linux; Android 6.0.1; Nexus 5X Build/MMB29P) AppleWebKit/537.36 (KHTML, like Gecko) Chrome/144.0.7559.132 Mobile Safari/537.36 (compatible; Googlebot/2.1; +http://www.google.com/bot.html)"
74.7.241.6 - - [04/Mar/2026:13:46:00 +0000] "GET /buy.php?detail/24700134049365 HTTP/1.1" 200 153710 "https://inception-blue.com/buy.php?goods/247028908" "Mozilla/5.0 AppleWebKit/537.36 (KHTML, like Gecko; compatible; GPTBot/1.3; +https://openai.com/gptbot)"
66.249.77.7 - - [04/Mar/2026:13:46:04 +0000] "GET /1094438448 HTTP/1.1" 200 323404 "-" "Mozilla/5.0 (Linux; Android 6.0.1; Nexus 5X Build/MMB29P) AppleWebKit/537.36 (KHTML, like Gecko) Chrome/144.0.7559.132 Mobile Safari/537.36 (compatible; GoogleOther)"
74.7.241.6 - - [04/Mar/2026:13:46:03 +0000] "GET /buy.php?detail/00404012758814 HTTP/1.1" 200 148090 "https://inception-blue.com/buy.php?detail/05002481315143" "Mozilla/5.0 AppleWebKit/537.36 (KHTML, like Gecko; compatible; GPTBot/1.3; +https://openai.com/gptbot)"
74.7.241.6 - - [04/Mar/2026:13:46:07 +0000] "GET /buy.php?detail/17604224739147 HTTP/1.1" 200 156947 "https://inception-blue.com/buy.php?detail/17601002674288" "Mozilla/5.0 AppleWebKit/537.36 (KHTML, like Gecko; compatible; GPTBot/1.3; +https://openai.com/gptbot)"
66.249.77.7 - - [04/Mar/2026:13:46:11 +0000] "GET /?l=tjpk96tdk5564lhvbse HTTP/1.1" 200 313599 "-" "Mozilla/5.0 (Linux; Android 6.0.1; Nexus 5X Build/MMB29P) AppleWebKit/537.36 (KHTML, like Gecko) Chrome/144.0.7559.132 Mobile Safari/537.36 (compatible; GoogleOther)"
74.7.241.6 - - [04/Mar/2026:13:46:11 +0000] "GET /buy.php?detail/09300033351820 HTTP/1.1" 200 160376 "https://inception-blue.com/buy.php?goods/093000130" "Mozilla/5.0 AppleWebKit/537.36 (KHTML, like Gecko; compatible; GPTBot/1.3; +https://openai.com/gptbot)"
66.249.77.7 - - [04/Mar/2026:13:46:15 +0000] "GET /?q=rqop8pjoxp17454lthpyyu HTTP/1.1" 200 304563 "-" "Mozilla/5.0 (Linux; Android 6.0.1; Nexus 5X Build/MMB29P) AppleWebKit/537.36 (KHTML, like Gecko) Chrome/144.0.7559.132 Mobile Safari/537.36 (compatible; GoogleOther)"
74.7.241.6 - - [04/Mar/2026:13:46:14 +0000] "GET /buy.php?detail/24700172998191 HTTP/1.1" 200 159648 "https://inception-blue.com/buy.php?goods/247028908" "Mozilla/5.0 AppleWebKit/537.36 (KHTML, like Gecko; compatible; GPTBot/1.3; +https://openai.com/gptbot)"
74.7.241.6 - - [04/Mar/2026:13:46:18 +0000] "GET /buy.php?goods/154030012 HTTP/1.1" 200 163853 "https://inception-blue.com/buy.php?detail/17104850937030" "Mozilla/5.0 AppleWebKit/537.36 (KHTML, like Gecko; compatible; GPTBot/1.3; +https://openai.com/gptbot)"
74.7.241.6 - - [04/Mar/2026:13:46:21 +0000] "GET /buy.php?detail/28000108376404 HTTP/1.1" 200 169507 "https://inception-blue.com/buy.php?detail/17104850937030" "Mozilla/5.0 AppleWebKit/537.36 (KHTML, like Gecko; compatible; GPTBot/1.3; +https://openai.com/gptbot)"
66.249.77.7 - - [04/Mar/2026:13:46:25 +0000] "GET /?j=jnps261zai47813lozmclfu HTTP/1.1" 200 304396 "-" "Mozilla/5.0 (Linux; Android 6.0.1; Nexus 5X Build/MMB29P) AppleWebKit/537.36 (KHTML, like Gecko) Chrome/144.0.7559.132 Mobile Safari/537.36 (compatible; GoogleOther)"
74.7.241.6 - - [04/Mar/2026:13:46:24 +0000] "GET /buy.php?detail/17201796971127 HTTP/1.1" 200 147298 "https://inception-blue.com/buy.php?detail/17104850937030" "Mozilla/5.0 AppleWebKit/537.36 (KHTML, like Gecko; compatible; GPTBot/1.3; +https://openai.com/gptbot)"
74.7.241.6 - - [04/Mar/2026:13:46:28 +0000] "GET /buy.php?detail/05904058698840 HTTP/1.1" 200 152643 "https://inception-blue.com/buy.php?detail/02200894008228" "Mozilla/5.0 AppleWebKit/537.36 (KHTML, like Gecko; compatible; GPTBot/1.3; +https://openai.com/gptbot)"
74.7.241.6 - - [04/Mar/2026:13:46:32 +0000] "GET /buy.php?detail/08903024731054 HTTP/1.1" 200 170718 "https://inception-blue.com/buy.php?detail/25904261461568" "Mozilla/5.0 AppleWebKit/537.36 (KHTML, like Gecko; compatible; GPTBot/1.3; +https://openai.com/gptbot)"
66.249.77.7 - - [04/Mar/2026:13:46:35 +0000] "GET /?u=ponbm227gqs2403fanzdk HTTP/1.1" 200 335850 "-" "Mozilla/5.0 (Linux; Android 6.0.1; Nexus 5X Build/MMB29P) AppleWebKit/537.36 (KHTML, like Gecko) Chrome/144.0.7559.132 Mobile Safari/537.36 (compatible; GoogleOther)"
66.249.77.7 - - [04/Mar/2026:13:46:36 +0000] "GET /product/227017108 HTTP/1.1" 200 290118 "-" "Mozilla/5.0 (Linux; Android 6.0.1; Nexus 5X Build/MMB29P) AppleWebKit/537.36 (KHTML, like Gecko) Chrome/144.0.7559.132 Mobile Safari/537.36 (compatible; Googlebot/2.1; +http://www.google.com/bot.html)"
66.249.77.7 - - [04/Mar/2026:13:46:37 +0000] "GET /product/035047144 HTTP/1.1" 200 302655 "-" "Mozilla/5.0 (Linux; Android 6.0.1; Nexus 5X Build/MMB29P) AppleWebKit/537.36 (KHTML, like Gecko) Chrome/144.0.7559.132 Mobile Safari/537.36 (compatible; Googlebot/2.1; +http://www.google.com/bot.html)"
74.7.241.6 - - [04/Mar/2026:13:46:35 +0000] "GET /buy.php?detail/04603010734174 HTTP/1.1" 200 154197 "https://inception-blue.com/buy.php?goods/247028908" "Mozilla/5.0 AppleWebKit/537.36 (KHTML, like Gecko; compatible; GPTBot/1.3; +https://openai.com/gptbot)"
66.249.77.7 - - [04/Mar/2026:13:46:39 +0000] "GET /?j=iec107zuj7155rikpdr HTTP/1.1" 200 378109 "-" "Mozilla/5.0 (Linux; Android 6.0.1; Nexus 5X Build/MMB29P) AppleWebKit/537.36 (KHTML, like Gecko) Chrome/144.0.7559.132 Mobile Safari/537.36 (compatible; GoogleOther)"
74.7.241.6 - - [04/Mar/2026:13:46:38 +0000] "GET /buy.php?detail/00401902406873 HTTP/1.1" 200 142335 "https://inception-blue.com/buy.php?detail/24700134049365" "Mozilla/5.0 AppleWebKit/537.36 (KHTML, like Gecko; compatible; GPTBot/1.3; +https://openai.com/gptbot)"
66.249.77.7 - - [04/Mar/2026:13:46:44 +0000] "GET /?v=zsa216wxwu23360iesiyyz HTTP/1.1" 200 310901 "-" "Mozilla/5.0 (Linux; Android 6.0.1; Nexus 5X Build/MMB29P) AppleWebKit/537.36 (KHTML, like Gecko) Chrome/144.0.7559.132 Mobile Safari/537.36 (compatible; GoogleOther)"
74.7.241.6 - - [04/Mar/2026:13:46:43 +0000] "GET /buy.php?detail/27502499169973 HTTP/1.1" 200 145616 "https://inception-blue.com/buy.php?detail/00404012758814" "Mozilla/5.0 AppleWebKit/537.36 (KHTML, like Gecko; compatible; GPTBot/1.3; +https://openai.com/gptbot)"
66.249.77.7 - - [04/Mar/2026:13:46:48 +0000] "GET /?goods/157032465 HTTP/1.1" 200 319661 "-" "Mozilla/5.0 (Linux; Android 6.0.1; Nexus 5X Build/MMB29P) AppleWebKit/537.36 (KHTML, like Gecko) Chrome/144.0.7559.132 Mobile Safari/537.36 (compatible; GoogleOther)"
66.249.77.8 - - [04/Mar/2026:13:46:49 +0000] "GET /?z=aazxb192jsm9996skfoofhx HTTP/1.1" 200 360360 "-" "Mozilla/5.0 (Linux; Android 6.0.1; Nexus 5X Build/MMB29P) AppleWebKit/537.36 (KHTML, like Gecko) Chrome/144.0.7559.132 Mobile Safari/537.36 (compatible; Googlebot/2.1; +http://www.google.com/bot.html)"
74.7.241.6 - - [04/Mar/2026:13:46:48 +0000] "GET /buy.php?detail/10604620686557 HTTP/1.1" 200 155911 "https://inception-blue.com/buy.php?detail/00404012758814" "Mozilla/5.0 AppleWebKit/537.36 (KHTML, like Gecko; compatible; GPTBot/1.3; +https://openai.com/gptbot)"
66.249.77.7 - - [04/Mar/2026:13:46:52 +0000] "GET /?j=orvmq21ct28363wryynsalt HTTP/1.1" 200 303714 "-" "Mozilla/5.0 (Linux; Android 6.0.1; Nexus 5X Build/MMB29P) AppleWebKit/537.36 (KHTML, like Gecko) Chrome/144.0.7559.132 Mobile Safari/537.36 (compatible; GoogleOther)"
74.7.241.6 - - [04/Mar/2026:13:46:50 +0000] "GET /buy.php?detail/03703387693006 HTTP/1.1" 200 166206 "https://inception-blue.com/buy.php?detail/09300033351820" "Mozilla/5.0 AppleWebKit/537.36 (KHTML, like Gecko; compatible; GPTBot/1.3; +https://openai.com/gptbot)"
66.249.77.7 - - [04/Mar/2026:13:46:55 +0000] "GET /?v=kqjyg50oh19916avoxgewi HTTP/1.1" 200 335698 "-" "Mozilla/5.0 (Linux; Android 6.0.1; Nexus 5X Build/MMB29P) AppleWebKit/537.36 (KHTML, like Gecko) Chrome/144.0.7559.132 Mobile Safari/537.36 (compatible; GoogleOther)"
74.7.241.6 - - [04/Mar/2026:13:46:55 +0000] "GET /buy.php?detail/24700511660444 HTTP/1.1" 200 153452 "https://inception-blue.com/buy.php?detail/24700172998191" "Mozilla/5.0 AppleWebKit/537.36 (KHTML, like Gecko; compatible; GPTBot/1.3; +https://openai.com/gptbot)"
66.249.77.9 - - [04/Mar/2026:13:46:59 +0000] "GET /?c=sms115rl31851ruazro HTTP/1.1" 200 318708 "-" "Mozilla/5.0 (Linux; Android 6.0.1; Nexus 5X Build/MMB29P) AppleWebKit/537.36 (KHTML, like Gecko) Chrome/144.0.7559.132 Mobile Safari/537.36 (compatible; GoogleOther)"
74.7.241.6 - - [04/Mar/2026:13:46:58 +0000] "GET /buy.php?detail/17604207218125 HTTP/1.1" 200 171532 "https://inception-blue.com/buy.php?detail/17601002674288" "Mozilla/5.0 AppleWebKit/537.36 (KHTML, like Gecko; compatible; GPTBot/1.3; +https://openai.com/gptbot)"
66.249.77.7 - - [04/Mar/2026:13:47:03 +0000] "GET /product/244013317 HTTP/1.1" 200 318700 "-" "Mozilla/5.0 (Linux; Android 6.0.1; Nexus 5X Build/MMB29P) AppleWebKit/537.36 (KHTML, like Gecko) Chrome/144.0.7559.132 Mobile Safari/537.36 (compatible; GoogleOther)"
74.7.241.6 - - [04/Mar/2026:13:47:01 +0000] "GET /buy.php?detail/24700523684761 HTTP/1.1" 200 165275 "https://inception-blue.com/buy.php?detail/24700172998191" "Mozilla/5.0 AppleWebKit/537.36 (KHTML, like Gecko; compatible; GPTBot/1.3; +https://openai.com/gptbot)"
66.249.77.7 - - [04/Mar/2026:13:47:07 +0000] "GET /?goods/081025603 HTTP/1.1" 200 316853 "-" "Mozilla/5.0 (Linux; Android 6.0.1; Nexus 5X Build/MMB29P) AppleWebKit/537.36 (KHTML, like Gecko) Chrome/144.0.7559.132 Mobile Safari/537.36 (compatible; GoogleOther)"
74.7.241.6 - - [04/Mar/2026:13:47:06 +0000] "GET /buy.php?detail/21800601587330 HTTP/1.1" 200 155503 "https://inception-blue.com/buy.php?detail/29804155896255" "Mozilla/5.0 AppleWebKit/537.36 (KHTML, like Gecko; compatible; GPTBot/1.3; +https://openai.com/gptbot)"
66.249.77.7 - - [04/Mar/2026:13:47:11 +0000] "GET /?y=arqdg133tu49031ganyqxiot HTTP/1.1" 200 300661 "-" "Mozilla/5.0 (Linux; Android 6.0.1; Nexus 5X Build/MMB29P) AppleWebKit/537.36 (KHTML, like Gecko) Chrome/144.0.7559.132 Mobile Safari/537.36 (compatible; GoogleOther)"
74.7.241.6 - - [04/Mar/2026:13:47:09 +0000] "GET /buy.php?detail/11303345069357 HTTP/1.1" 200 158345 "https://inception-blue.com/buy.php?detail/15504539143551" "Mozilla/5.0 AppleWebKit/537.36 (KHTML, like Gecko; compatible; GPTBot/1.3; +https://openai.com/gptbot)"
74.7.241.6 - - [04/Mar/2026:13:47:13 +0000] "GET /buy.php?detail/08900183804384 HTTP/1.1" 200 161245 "https://inception-blue.com/buy.php?detail/08903024731054" "Mozilla/5.0 AppleWebKit/537.36 (KHTML, like Gecko; compatible; GPTBot/1.3; +https://openai.com/gptbot)"
74.7.241.6 - - [04/Mar/2026:13:47:15 +0000] "GET /buy.php?detail/13701464411417 HTTP/1.1" 200 156150 "https://inception-blue.com/buy.php?detail/04603010734174" "Mozilla/5.0 AppleWebKit/537.36 (KHTML, like Gecko; compatible; GPTBot/1.3; +https://openai.com/gptbot)"
66.249.77.7 - - [04/Mar/2026:13:47:19 +0000] "GET /?h=iszl275xvyc34129zsydck HTTP/1.1" 200 301107 "-" "Mozilla/5.0 (Linux; Android 6.0.1; Nexus 5X Build/MMB29P) AppleWebKit/537.36 (KHTML, like Gecko) Chrome/144.0.7559.132 Mobile Safari/537.36 (compatible; GoogleOther)"
66.249.77.7 - - [04/Mar/2026:13:47:20 +0000] "GET /1149257749 HTTP/1.1" 200 304552 "-" "Mozilla/5.0 (Linux; Android 6.0.1; Nexus 5X Build/MMB29P) AppleWebKit/537.36 (KHTML, like Gecko) Chrome/144.0.7559.132 Mobile Safari/537.36 (compatible; Googlebot/2.1; +http://www.google.com/bot.html)"
74.7.241.6 - - [04/Mar/2026:13:47:18 +0000] "GET /buy.php?jp/051006846.html HTTP/1.1" 200 143311 "https://inception-blue.com/buy.php?detail/00401902406873" "Mozilla/5.0 AppleWebKit/537.36 (KHTML, like Gecko; compatible; GPTBot/1.3; +https://openai.com/gptbot)"
74.7.241.6 - - [04/Mar/2026:13:47:21 +0000] "GET /buy.php?detail/08900184427436 HTTP/1.1" 200 159011 "https://inception-blue.com/buy.php?detail/08903024731054" "Mozilla/5.0 AppleWebKit/537.36 (KHTML, like Gecko; compatible; GPTBot/1.3; +https://openai.com/gptbot)"
66.249.77.7 - - [04/Mar/2026:13:47:26 +0000] "GET /?goods/283028092 HTTP/1.1" 200 322777 "-" "Mozilla/5.0 (Linux; Android 6.0.1; Nexus 5X Build/MMB29P) AppleWebKit/537.36 (KHTML, like Gecko) Chrome/144.0.7559.132 Mobile Safari/537.36 (compatible; GoogleOther)"
74.7.241.6 - - [04/Mar/2026:13:47:24 +0000] "GET /buy.php?detail/22404154267571 HTTP/1.1" 200 152374 "https://inception-blue.com/buy.php?detail/00401902406873" "Mozilla/5.0 AppleWebKit/537.36 (KHTML, like Gecko; compatible; GPTBot/1.3; +https://openai.com/gptbot)"
74.7.241.6 - - [04/Mar/2026:13:47:27 +0000] "GET /buy.php?detail/03700436751353 HTTP/1.1" 200 155868 "https://inception-blue.com/buy.php?detail/03703387693006" "Mozilla/5.0 AppleWebKit/537.36 (KHTML, like Gecko; compatible; GPTBot/1.3; +https://openai.com/gptbot)"
66.249.77.7 - - [04/Mar/2026:13:47:30 +0000] "GET /?z=pvl120u10442nmybshfd HTTP/1.1" 200 305201 "-" "Mozilla/5.0 (Linux; Android 6.0.1; Nexus 5X Build/MMB29P) AppleWebKit/537.36 (KHTML, like Gecko) Chrome/144.0.7559.132 Mobile Safari/537.36 (compatible; GoogleOther)"
74.7.241.6 - - [04/Mar/2026:13:47:30 +0000] "GET /buy.php?detail/02202032118945 HTTP/1.1" 200 158722 "https://inception-blue.com/buy.php?detail/24700511660444" "Mozilla/5.0 AppleWebKit/537.36 (KHTML, like Gecko; compatible; GPTBot/1.3; +https://openai.com/gptbot)"
66.249.77.7 - - [04/Mar/2026:13:47:32 +0000] "GET /?t=ajc6d45414mlveplzz HTTP/1.1" 200 303968 "-" "Mozilla/5.0 (Linux; Android 6.0.1; Nexus 5X Build/MMB29P) AppleWebKit/537.36 (KHTML, like Gecko) Chrome/144.0.7559.132 Mobile Safari/537.36 (compatible; Googlebot/2.1; +http://www.google.com/bot.html)"
66.249.77.8 - - [04/Mar/2026:13:47:34 +0000] "GET /?h=simm24rccru17156aaibvuc HTTP/1.1" 200 313906 "-" "Mozilla/5.0 (Linux; Android 6.0.1; Nexus 5X Build/MMB29P) AppleWebKit/537.36 (KHTML, like Gecko) Chrome/144.0.7559.132 Mobile Safari/537.36 (compatible; GoogleOther)"
74.7.241.6 - - [04/Mar/2026:13:47:33 +0000] "GET /buy.php?detail/16604378176667 HTTP/1.1" 200 154447 "https://inception-blue.com/buy.php?detail/17604207218125" "Mozilla/5.0 AppleWebKit/537.36 (KHTML, like Gecko; compatible; GPTBot/1.3; +https://openai.com/gptbot)"
74.7.241.6 - - [04/Mar/2026:13:47:35 +0000] "GET /buy.php?detail/27203035671339 HTTP/1.1" 200 164643 "https://inception-blue.com/buy.php?detail/24700511660444" "Mozilla/5.0 AppleWebKit/537.36 (KHTML, like Gecko; compatible; GPTBot/1.3; +https://openai.com/gptbot)"
74.7.241.6 - - [04/Mar/2026:13:47:39 +0000] "GET /buy.php?detail/24700178771635 HTTP/1.1" 200 157860 "https://inception-blue.com/buy.php?detail/24700523684761" "Mozilla/5.0 AppleWebKit/537.36 (KHTML, like Gecko; compatible; GPTBot/1.3; +https://openai.com/gptbot)"
74.7.241.6 - - [04/Mar/2026:13:47:41 +0000] "GET /buy.php?detail/03700774678854 HTTP/1.1" 200 167338 "https://inception-blue.com/buy.php?detail/03703387693006" "Mozilla/5.0 AppleWebKit/537.36 (KHTML, like Gecko; compatible; GPTBot/1.3; +https://openai.com/gptbot)"
66.249.77.8 - - [04/Mar/2026:13:47:44 +0000] "GET /?t=gcrt179v22281czvtrmulx HTTP/1.1" 200 304445 "-" "Mozilla/5.0 (Linux; Android 6.0.1; Nexus 5X Build/MMB29P) AppleWebKit/537.36 (KHTML, like Gecko) Chrome/144.0.7559.132 Mobile Safari/537.36 (compatible; Googlebot/2.1; +http://www.google.com/bot.html)"
66.249.77.8 - - [04/Mar/2026:13:47:46 +0000] "GET /?r=riv139vjc28963kaurjatzs HTTP/1.1" 200 308577 "-" "Mozilla/5.0 (Linux; Android 6.0.1; Nexus 5X Build/MMB29P) AppleWebKit/537.36 (KHTML, like Gecko) Chrome/144.0.7559.132 Mobile Safari/537.36 (compatible; GoogleOther)"
74.7.241.6 - - [04/Mar/2026:13:47:44 +0000] "GET /buy.php?detail/22802828763823 HTTP/1.1" 200 154796 "https://inception-blue.com/buy.php?detail/08900183804384" "Mozilla/5.0 AppleWebKit/537.36 (KHTML, like Gecko; compatible; GPTBot/1.3; +https://openai.com/gptbot)"
66.249.77.7 - - [04/Mar/2026:13:47:50 +0000] "GET /?x=drcw87eqsof39161wutqrhhty HTTP/1.1" 200 321965 "-" "Mozilla/5.0 (Linux; Android 6.0.1; Nexus 5X Build/MMB29P) AppleWebKit/537.36 (KHTML, like Gecko) Chrome/144.0.7559.132 Mobile Safari/537.36 (compatible; GoogleOther)"
74.7.241.6 - - [04/Mar/2026:13:47:48 +0000] "GET /buy.php?detail/2500187713364 HTTP/1.1" 200 153334 "https://inception-blue.com/buy.php?detail/13701464411417" "Mozilla/5.0 AppleWebKit/537.36 (KHTML, like Gecko; compatible; GPTBot/1.3; +https://openai.com/gptbot)"
66.249.77.8 - - [04/Mar/2026:13:47:56 +0000] "GET /?goods/216037172 HTTP/1.1" 200 301168 "-" "Mozilla/5.0 (Linux; Android 6.0.1; Nexus 5X Build/MMB29P) AppleWebKit/537.36 (KHTML, like Gecko) Chrome/144.0.7559.132 Mobile Safari/537.36 (compatible; GoogleOther)"
74.7.241.6 - - [04/Mar/2026:13:47:53 +0000] "GET /buy.php?detail/13700478425424 HTTP/1.1" 200 156342 "https://inception-blue.com/buy.php?detail/13701464411417" "Mozilla/5.0 AppleWebKit/537.36 (KHTML, like Gecko; compatible; GPTBot/1.3; +https://openai.com/gptbot)"
66.249.77.9 - - [04/Mar/2026:13:47:57 +0000] "GET /?y=riy220qc8806ctpxbvlb HTTP/1.1" 200 334260 "-" "Mozilla/5.0 (Linux; Android 6.0.1; Nexus 5X Build/MMB29P) AppleWebKit/537.36 (KHTML, like Gecko) Chrome/144.0.7559.132 Mobile Safari/537.36 (compatible; Googlebot/2.1; +http://www.google.com/bot.html)"
74.7.241.6 - - [04/Mar/2026:13:47:57 +0000] "GET /buy.php?detail/06604519696885 HTTP/1.1" 200 152394 "https://inception-blue.com/buy.php?detail/08900184427436" "Mozilla/5.0 AppleWebKit/537.36 (KHTML, like Gecko; compatible; GPTBot/1.3; +https://openai.com/gptbot)"
66.249.77.9 - - [04/Mar/2026:13:48:00 +0000] "GET /?h=yhgo246nlwgm27576zqsrei HTTP/1.1" 200 300362 "-" "Mozilla/5.0 (Linux; Android 6.0.1; Nexus 5X Build/MMB29P) AppleWebKit/537.36 (KHTML, like Gecko) Chrome/144.0.7559.132 Mobile Safari/537.36 (compatible; GoogleOther)"
74.7.241.6 - - [04/Mar/2026:13:48:01 +0000] "GET /buy.php?detail/06703732530477 HTTP/1.1" 200 145841 "https://inception-blue.com/buy.php?detail/08900183804384" "Mozilla/5.0 AppleWebKit/537.36 (KHTML, like Gecko; compatible; GPTBot/1.3; +https://openai.com/gptbot)"
74.7.241.6 - - [04/Mar/2026:13:48:06 +0000] "GET /buy.php?detail/03700511660132 HTTP/1.1" 200 158047 "https://inception-blue.com/buy.php?detail/03700436751353" "Mozilla/5.0 AppleWebKit/537.36 (KHTML, like Gecko; compatible; GPTBot/1.3; +https://openai.com/gptbot)"
66.249.77.7 - - [04/Mar/2026:13:48:13 +0000] "GET /?n=ofjap179fvb36287ocgabu HTTP/1.1" 200 307853 "-" "Mozilla/5.0 (Linux; Android 6.0.1; Nexus 5X Build/MMB29P) AppleWebKit/537.36 (KHTML, like Gecko) Chrome/144.0.7559.132 Mobile Safari/537.36 (compatible; GoogleOther)"
74.7.241.6 - - [04/Mar/2026:13:48:10 +0000] "GET /buy.php?detail/02200058487833 HTTP/1.1" 200 158832 "https://inception-blue.com/buy.php?detail/02202032118945" "Mozilla/5.0 AppleWebKit/537.36 (KHTML, like Gecko; compatible; GPTBot/1.3; +https://openai.com/gptbot)"
66.249.77.7 - - [04/Mar/2026:13:48:17 +0000] "GET /?goods/080023553 HTTP/1.1" 200 300679 "-" "Mozilla/5.0 (Linux; Android 6.0.1; Nexus 5X Build/MMB29P) AppleWebKit/537.36 (KHTML, like Gecko) Chrome/144.0.7559.132 Mobile Safari/537.36 (compatible; GoogleOther)"
74.7.241.6 - - [04/Mar/2026:13:48:15 +0000] "GET /buy.php?goods/022000594 HTTP/1.1" 200 157931 "https://inception-blue.com/buy.php?detail/02202032118945" "Mozilla/5.0 AppleWebKit/537.36 (KHTML, like Gecko; compatible; GPTBot/1.3; +https://openai.com/gptbot)"
66.249.77.7 - - [04/Mar/2026:13:48:22 +0000] "GET /?b=eqfbn185ilkwn35037caeqdz HTTP/1.1" 200 312162 "-" "Mozilla/5.0 (Linux; Android 6.0.1; Nexus 5X Build/MMB29P) AppleWebKit/537.36 (KHTML, like Gecko) Chrome/144.0.7559.132 Mobile Safari/537.36 (compatible; GoogleOther)"
74.7.241.6 - - [04/Mar/2026:13:48:19 +0000] "GET /buy.php?detail/27202432712778 HTTP/1.1" 200 167397 "https://inception-blue.com/buy.php?detail/27203035671339" "Mozilla/5.0 AppleWebKit/537.36 (KHTML, like Gecko; compatible; GPTBot/1.3; +https://openai.com/gptbot)"
98.83.177.42 - - [04/Mar/2026:13:48:23 +0000] "GET /wp-json/wp/v2/posts/1?dir=/run/systemd/journal HTTP/1.1" 200 38198 "-" "Mozilla/5.0 AppleWebKit/537.36 (KHTML, like Gecko; compatible; Amazonbot/0.1; +https://developer.amazon.com/support/amazonbot) Chrome/119.0.6045.214 Safari/537.36"
159.223.142.74 - - [04/Mar/2026:13:48:24 +0000] "POST /wp-cron.php?doing_wp_cron=1772632104.5090661048889160156250 HTTP/1.1" 404 185455 "-" "WordPress/6.9.1; https://inception-blue.com"
74.7.241.6 - - [04/Mar/2026:13:48:23 +0000] "GET /buy.php?jp/247003086.html HTTP/1.1" 200 156368 "https://inception-blue.com/buy.php?detail/24700178771635" "Mozilla/5.0 AppleWebKit/537.36 (KHTML, like Gecko; compatible; GPTBot/1.3; +https://openai.com/gptbot)"
66.249.77.7 - - [04/Mar/2026:13:48:27 +0000] "GET /?h=rwsw233kokoh2331mqmazcy HTTP/1.1" 200 307557 "-" "Mozilla/5.0 (Linux; Android 6.0.1; Nexus 5X Build/MMB29P) AppleWebKit/537.36 (KHTML, like Gecko) Chrome/144.0.7559.132 Mobile Safari/537.36 (compatible; GoogleOther)"
34.225.87.80 - - [04/Mar/2026:13:48:27 +0000] "GET /wp-json/wp/v2/posts/1?dir=/run/systemd/sessions HTTP/1.1" 200 28523 "-" "Mozilla/5.0 AppleWebKit/537.36 (KHTML, like Gecko; compatible; Amazonbot/0.1; +https://developer.amazon.com/support/amazonbot) Chrome/119.0.6045.214 Safari/537.36"
66.249.77.7 - - [04/Mar/2026:13:48:28 +0000] "GET /?g=umgeg258kbebj3072gqgermnp HTTP/1.1" 200 301406 "-" "Mozilla/5.0 (Linux; Android 6.0.1; Nexus 5X Build/MMB29P) AppleWebKit/537.36 (KHTML, like Gecko) Chrome/144.0.7559.132 Mobile Safari/537.36 (compatible; Googlebot/2.1; +http://www.google.com/bot.html)"
74.7.241.6 - - [04/Mar/2026:13:48:26 +0000] "GET /buy.php?goods/037003659 HTTP/1.1" 200 157703 "https://inception-blue.com/buy.php?detail/03700774678854" "Mozilla/5.0 AppleWebKit/537.36 (KHTML, like Gecko; compatible; GPTBot/1.3; +https://openai.com/gptbot)"
54.198.33.233 - - [04/Mar/2026:13:48:31 +0000] "GET /wp-json/wp/v2/posts/1?dir=/run/tuned&read=/run/tuned/tuned.pid HTTP/1.1" 200 25266 "-" "Mozilla/5.0 AppleWebKit/537.36 (KHTML, like Gecko; compatible; Amazonbot/0.1; +https://developer.amazon.com/support/amazonbot) Chrome/119.0.6045.214 Safari/537.36"
74.7.241.6 - - [04/Mar/2026:13:48:29 +0000] "GET /buy.php?detail/03700367345953 HTTP/1.1" 200 153741 "https://inception-blue.com/buy.php?detail/03700774678854" "Mozilla/5.0 AppleWebKit/537.36 (KHTML, like Gecko; compatible; GPTBot/1.3; +https://openai.com/gptbot)"
74.7.241.6 - - [04/Mar/2026:13:48:32 +0000] "GET /buy.php?detail/19901929225204 HTTP/1.1" 200 167876 "https://inception-blue.com/buy.php?detail/2500187713364" "Mozilla/5.0 AppleWebKit/537.36 (KHTML, like Gecko; compatible; GPTBot/1.3; +https://openai.com/gptbot)"
44.215.235.20 - - [04/Mar/2026:13:48:35 +0000] "GET /wp-json/wp/v2/posts/1?dir=/var/imunify360/tmp_cleanup HTTP/1.1" 200 90879 "-" "Mozilla/5.0 AppleWebKit/537.36 (KHTML, like Gecko; compatible; Amazonbot/0.1; +https://developer.amazon.com/support/amazonbot) Chrome/119.0.6045.214 Safari/537.36"
66.249.77.3 - - [04/Mar/2026:13:48:36 +0000] "GET /?d=xwa155rih601rdjrxpgqoe HTTP/1.1" 200 315680 "-" "Mozilla/5.0 (Linux; Android 6.0.1; Nexus 5X Build/MMB29P) AppleWebKit/537.36 (KHTML, like Gecko) Chrome/144.0.7559.132 Mobile Safari/537.36 (compatible; GoogleOther)"
74.7.241.6 - - [04/Mar/2026:13:48:35 +0000] "GET /buy.php?detail/15402520942948 HTTP/1.1" 200 155348 "https://inception-blue.com/buy.php?detail/13700478425424" "Mozilla/5.0 AppleWebKit/537.36 (KHTML, like Gecko; compatible; GPTBot/1.3; +https://openai.com/gptbot)"
52.200.58.199 - - [04/Mar/2026:13:48:39 +0000] "GET /wp-json/wp/v2/pages/2?dir=/run/chkservd&read=/run/chkservd/queueprocd HTTP/1.1" 200 27668 "-" "Mozilla/5.0 AppleWebKit/537.36 (KHTML, like Gecko; compatible; Amazonbot/0.1; +https://developer.amazon.com/support/amazonbot) Chrome/119.0.6045.214 Safari/537.36"
74.7.241.6 - - [04/Mar/2026:13:48:38 +0000] "GET /buy.php?detail/27503295049230 HTTP/1.1" 200 156686 "https://inception-blue.com/buy.php?detail/24700178771635" "Mozilla/5.0 AppleWebKit/537.36 (KHTML, like Gecko; compatible; GPTBot/1.3; +https://openai.com/gptbot)"
