66.249.77.3 - - [04/Mar/2026:13:30:26 +0000] "GET /?y=cir53vx12489ckabwajfgl HTTP/1.1" 200 333464 "-" "Mozilla/5.0 (Linux; Android 6.0.1; Nexus 5X Build/MMB29P) AppleWebKit/537.36 (KHTML, like Gecko) Chrome/144.0.7559.132 Mobile Safari/537.36 (compatible; GoogleOther)"
74.7.241.6 - - [04/Mar/2026:13:30:26 +0000] "GET /buy.php?detail/07202704721362 HTTP/1.1" 200 166389 "https://inception-blue.com/buy.php?detail/08502287216888" "Mozilla/5.0 AppleWebKit/537.36 (KHTML, like Gecko; compatible; GPTBot/1.3; +https://openai.com/gptbot)"
66.249.77.3 - - [04/Mar/2026:13:30:31 +0000] "GET /?v=yxpbw183cjxqy14767ykejldjn HTTP/1.1" 200 312298 "-" "Mozilla/5.0 (Linux; Android 6.0.1; Nexus 5X Build/MMB29P) AppleWebKit/537.36 (KHTML, like Gecko) Chrome/144.0.7559.132 Mobile Safari/537.36 (compatible; GoogleOther)"
74.7.241.6 - - [04/Mar/2026:13:30:29 +0000] "GET /buy.php?detail/062001314185 HTTP/1.1" 200 156686 "https://inception-blue.com/buy.php?detail/03804611763693" "Mozilla/5.0 AppleWebKit/537.36 (KHTML, like Gecko; compatible; GPTBot/1.3; +https://openai.com/gptbot)"
74.7.241.6 - - [04/Mar/2026:13:30:32 +0000] "GET /buy.php?detail/00500329505212 HTTP/1.1" 200 165452 "https://inception-blue.com/buy.php?detail/00500278020732" "Mozilla/5.0 AppleWebKit/537.36 (KHTML, like Gecko; compatible; GPTBot/1.3; +https://openai.com/gptbot)"
66.249.77.4 - - [04/Mar/2026:13:30:36 +0000] "GET /?f=pyuot235zmy23659gfcail HTTP/1.1" 200 305095 "-" "Mozilla/5.0 (Linux; Android 6.0.1; Nexus 5X Build/MMB29P) AppleWebKit/537.36 (KHTML, like Gecko) Chrome/144.0.7559.132 Mobile Safari/537.36 (compatible; GoogleOther)"
74.7.241.6 - - [04/Mar/2026:13:30:36 +0000] "GET /buy.php?detail/00500333326158 HTTP/1.1" 200 172083 "https://inception-blue.com/buy.php?detail/00500278020732" "Mozilla/5.0 AppleWebKit/537.36 (KHTML, like Gecko; compatible; GPTBot/1.3; +https://openai.com/gptbot)"
74.7.241.6 - - [04/Mar/2026:13:30:38 +0000] "GET /buy.php?detail/2480406649127 HTTP/1.1" 200 156173 "https://inception-blue.com/buy.php?detail/24802859792119" "Mozilla/5.0 AppleWebKit/537.36 (KHTML, like Gecko; compatible; GPTBot/1.3; +https://openai.com/gptbot)"
66.249.77.4 - - [04/Mar/2026:13:30:41 +0000] "GET /?detail/0900344123834 HTTP/1.1" 200 300997 "-" "Mozilla/5.0 (Linux; Android 6.0.1; Nexus 5X Build/MMB29P) AppleWebKit/537.36 (KHTML, like Gecko) Chrome/144.0.7559.132 Mobile Safari/537.36 (compatible; GoogleOther)"
74.7.241.6 - - [04/Mar/2026:13:30:42 +0000] "GET /buy.php?detail/07104060099942 HTTP/1.1" 200 146746 "https://inception-blue.com/buy.php?detail/24102994401405" "Mozilla/5.0 AppleWebKit/537.36 (KHTML, like Gecko; compatible; GPTBot/1.3; +https://openai.com/gptbot)"
74.7.241.6 - - [04/Mar/2026:13:30:46 +0000] "GET /buy.php?detail/19102636382118 HTTP/1.1" 200 153937 "https://inception-blue.com/buy.php?detail/19100380410980" "Mozilla/5.0 AppleWebKit/537.36 (KHTML, like Gecko; compatible; GPTBot/1.3; +https://openai.com/gptbot)"
66.249.77.3 - - [04/Mar/2026:13:30:48 +0000] "GET /?g=hfx282pnt13762ykmddkdzvl HTTP/1.1" 200 304222 "-" "Mozilla/5.0 (Linux; Android 6.0.1; Nexus 5X Build/MMB29P) AppleWebKit/537.36 (KHTML, like Gecko) Chrome/144.0.7559.132 Mobile Safari/537.36 (compatible; GoogleOther)"
74.7.241.6 - - [04/Mar/2026:13:30:49 +0000] "GET /buy.php?detail/21900240424512 HTTP/1.1" 200 159195 "https://inception-blue.com/buy.php?detail/21903796241264" "Mozilla/5.0 AppleWebKit/537.36 (KHTML, like Gecko; compatible; GPTBot/1.3; +https://openai.com/gptbot)"
66.249.77.4 - - [04/Mar/2026:13:30:52 +0000] "GET /product/208023529 HTTP/1.1" 200 337215 "-" "Mozilla/5.0 (Linux; Android 6.0.1; Nexus 5X Build/MMB29P) AppleWebKit/537.36 (KHTML, like Gecko) Chrome/144.0.7559.132 Mobile Safari/537.36 (compatible; Googlebot/2.1; +http://www.google.com/bot.html)"
66.249.77.3 - - [04/Mar/2026:13:30:53 +0000] "GET /product/236027365 HTTP/1.1" 200 305377 "-" "Mozilla/5.0 (Linux; Android 6.0.1; Nexus 5X Build/MMB29P) AppleWebKit/537.36 (KHTML, like Gecko) Chrome/144.0.7559.132 Mobile Safari/537.36 (compatible; Googlebot/2.1; +http://www.google.com/bot.html)"
74.7.241.6 - - [04/Mar/2026:13:30:52 +0000] "GET /buy.php?detail/26801360602775 HTTP/1.1" 200 147997 "https://inception-blue.com/buy.php?detail/23702896929702" "Mozilla/5.0 AppleWebKit/537.36 (KHTML, like Gecko; compatible; GPTBot/1.3; +https://openai.com/gptbot)"
66.249.77.3 - - [04/Mar/2026:13:30:54 +0000] "GET /?y=ncz38ezu30260yejnzzzf HTTP/1.1" 200 339523 "-" "Mozilla/5.0 (Linux; Android 6.0.1; Nexus 5X Build/MMB29P) AppleWebKit/537.36 (KHTML, like Gecko) Chrome/144.0.7559.132 Mobile Safari/537.36 (compatible; Googlebot/2.1; +http://www.google.com/bot.html)"
66.249.77.4 - - [04/Mar/2026:13:30:56 +0000] "GET /?b=hory237lo46377hftnzda HTTP/1.1" 200 297402 "-" "Mozilla/5.0 (Linux; Android 6.0.1; Nexus 5X Build/MMB29P) AppleWebKit/537.36 (KHTML, like Gecko) Chrome/144.0.7559.132 Mobile Safari/537.36 (compatible; GoogleOther)"
74.7.241.6 - - [04/Mar/2026:13:30:55 +0000] "GET /buy.php?jp/085016905.html HTTP/1.1" 200 154621 "https://inception-blue.com/buy.php?detail/08500685987117" "Mozilla/5.0 AppleWebKit/537.36 (KHTML, like Gecko; compatible; GPTBot/1.3; +https://openai.com/gptbot)"
66.249.77.3 - - [04/Mar/2026:13:31:02 +0000] "GET /auc-nontarou-dr-06007k HTTP/1.1" 200 305883 "-" "Mozilla/5.0 (Linux; Android 6.0.1; Nexus 5X Build/MMB29P) AppleWebKit/537.36 (KHTML, like Gecko) Chrome/144.0.7559.132 Mobile Safari/537.36 (compatible; Googlebot/2.1; +http://www.google.com/bot.html)"
74.7.241.6 - - [04/Mar/2026:13:30:59 +0000] "GET /buy.php?detail/19700019165854 HTTP/1.1" 200 147971 "https://inception-blue.com/buy.php?detail/19200209544341" "Mozilla/5.0 AppleWebKit/537.36 (KHTML, like Gecko; compatible; GPTBot/1.3; +https://openai.com/gptbot)"
66.249.77.5 - - [04/Mar/2026:13:31:03 +0000] "GET /?r=oruoh145q8779ibslant HTTP/1.1" 200 309442 "-" "Mozilla/5.0 (Linux; Android 6.0.1; Nexus 5X Build/MMB29P) AppleWebKit/537.36 (KHTML, like Gecko) Chrome/144.0.7559.132 Mobile Safari/537.36 (compatible; GoogleOther)"
66.249.77.5 - - [04/Mar/2026:13:31:04 +0000] "GET /?m=bffi263zzqhc10645gfnzwn HTTP/1.1" 200 301465 "-" "Mozilla/5.0 (Linux; Android 6.0.1; Nexus 5X Build/MMB29P) AppleWebKit/537.36 (KHTML, like Gecko) Chrome/144.0.7559.132 Mobile Safari/537.36 (compatible; Googlebot/2.1; +http://www.google.com/bot.html)"
74.7.241.6 - - [04/Mar/2026:13:31:04 +0000] "GET /buy.php?detail/18401092792734 HTTP/1.1" 200 152635 "https://inception-blue.com/buy.php?detail/09601728916361" "Mozilla/5.0 AppleWebKit/537.36 (KHTML, like Gecko; compatible; GPTBot/1.3; +https://openai.com/gptbot)"
74.7.241.6 - - [04/Mar/2026:13:31:07 +0000] "GET /buy.php?detail/04204033406663 HTTP/1.1" 200 144284 "https://inception-blue.com/buy.php?detail/07202704721362" "Mozilla/5.0 AppleWebKit/537.36 (KHTML, like Gecko; compatible; GPTBot/1.3; +https://openai.com/gptbot)"
74.7.241.6 - - [04/Mar/2026:13:31:09 +0000] "GET /buy.php?detail/24002819904704 HTTP/1.1" 200 159246 "https://inception-blue.com/buy.php?detail/00500329505212" "Mozilla/5.0 AppleWebKit/537.36 (KHTML, like Gecko; compatible; GPTBot/1.3; +https://openai.com/gptbot)"
66.249.77.4 - - [04/Mar/2026:13:31:12 +0000] "GET /?z=xtdh39ntukt4387afuabcmhh HTTP/1.1" 200 319238 "-" "Mozilla/5.0 (Linux; Android 6.0.1; Nexus 5X Build/MMB29P) AppleWebKit/537.36 (KHTML, like Gecko) Chrome/144.0.7559.132 Mobile Safari/537.36 (compatible; GoogleOther)"
74.7.241.6 - - [04/Mar/2026:13:31:12 +0000] "GET /buy.php?detail/00500383375951 HTTP/1.1" 200 164788 "https://inception-blue.com/buy.php?detail/00500333326158" "Mozilla/5.0 AppleWebKit/537.36 (KHTML, like Gecko; compatible; GPTBot/1.3; +https://openai.com/gptbot)"
66.249.77.3 - - [04/Mar/2026:13:31:17 +0000] "GET /?b=wax23ycb699nrzhxrh HTTP/1.1" 200 311090 "-" "Mozilla/5.0 (Linux; Android 6.0.1; Nexus 5X Build/MMB29P) AppleWebKit/537.36 (KHTML, like Gecko) Chrome/144.0.7559.132 Mobile Safari/537.36 (compatible; GoogleOther)"
74.7.241.6 - - [04/Mar/2026:13:31:15 +0000] "GET /buy.php?detail/00500385447971 HTTP/1.1" 200 166249 "https://inception-blue.com/buy.php?detail/00500333326158" "Mozilla/5.0 AppleWebKit/537.36 (KHTML, like Gecko; compatible; GPTBot/1.3; +https://openai.com/gptbot)"
74.7.241.6 - - [04/Mar/2026:13:31:20 +0000] "GET /buy.php?detail/24001817736109 HTTP/1.1" 200 160330 "https://inception-blue.com/buy.php?detail/00500278020732" "Mozilla/5.0 AppleWebKit/537.36 (KHTML, like Gecko; compatible; GPTBot/1.3; +https://openai.com/gptbot)"
74.7.241.6 - - [04/Mar/2026:13:31:23 +0000] "GET /buy.php?detail/25803482917788 HTTP/1.1" 200 143973 "https://inception-blue.com/buy.php?detail/24102994401405" "Mozilla/5.0 AppleWebKit/537.36 (KHTML, like Gecko; compatible; GPTBot/1.3; +https://openai.com/gptbot)"
74.7.241.6 - - [04/Mar/2026:13:31:25 +0000] "GET /buy.php?detail/06404462858676 HTTP/1.1" 200 146813 "https://inception-blue.com/buy.php?detail/13601015163856" "Mozilla/5.0 AppleWebKit/537.36 (KHTML, like Gecko; compatible; GPTBot/1.3; +https://openai.com/gptbot)"
66.249.77.3 - - [04/Mar/2026:13:31:30 +0000] "GET /?e=yfk101q41159easzqdiy HTTP/1.1" 200 303592 "-" "Mozilla/5.0 (Linux; Android 6.0.1; Nexus 5X Build/MMB29P) AppleWebKit/537.36 (KHTML, like Gecko) Chrome/144.0.7559.132 Mobile Safari/537.36 (compatible; GoogleOther)"
74.7.241.6 - - [04/Mar/2026:13:31:29 +0000] "GET /buy.php?detail/05501353414912 HTTP/1.1" 200 161910 "https://inception-blue.com/buy.php?detail/00500278020732" "Mozilla/5.0 AppleWebKit/537.36 (KHTML, like Gecko; compatible; GPTBot/1.3; +https://openai.com/gptbot)"
66.249.77.3 - - [04/Mar/2026:13:31:35 +0000] "GET /?m=bvui63w35661xhfscu HTTP/1.1" 200 326421 "-" "Mozilla/5.0 (Linux; Android 6.0.1; Nexus 5X Build/MMB29P) AppleWebKit/537.36 (KHTML, like Gecko) Chrome/144.0.7559.132 Mobile Safari/537.36 (compatible; GoogleOther)"
74.7.241.6 - - [04/Mar/2026:13:31:31 +0000] "GET /buy.php?goods/201030826 HTTP/1.1" 200 147426 "https://inception-blue.com/buy.php?jp/085016905.html" "Mozilla/5.0 AppleWebKit/537.36 (KHTML, like Gecko; compatible; GPTBot/1.3; +https://openai.com/gptbot)"
66.249.77.3 - - [04/Mar/2026:13:31:36 +0000] "GET /?c=ylv232tqomo42962jnanlupe HTTP/1.1" 200 303707 "-" "Mozilla/5.0 (Linux; Android 6.0.1; Nexus 5X Build/MMB29P) AppleWebKit/537.36 (KHTML, like Gecko) Chrome/144.0.7559.132 Mobile Safari/537.36 (compatible; Googlebot/2.1; +http://www.google.com/bot.html)"
74.7.241.6 - - [04/Mar/2026:13:31:36 +0000] "GET /buy.php?detail/08500688008147 HTTP/1.1" 200 168439 "https://inception-blue.com/buy.php?jp/085016905.html" "Mozilla/5.0 AppleWebKit/537.36 (KHTML, like Gecko; compatible; GPTBot/1.3; +https://openai.com/gptbot)"
66.249.77.3 - - [04/Mar/2026:13:31:39 +0000] "GET /?detail/230033634691 HTTP/1.1" 200 313346 "-" "Mozilla/5.0 (Linux; Android 6.0.1; Nexus 5X Build/MMB29P) AppleWebKit/537.36 (KHTML, like Gecko) Chrome/144.0.7559.132 Mobile Safari/537.36 (compatible; GoogleOther)"
74.7.241.6 - - [04/Mar/2026:13:31:39 +0000] "GET /buy.php?detail/08601919218995 HTTP/1.1" 200 154214 "https://inception-blue.com/buy.php?jp/085016905.html" "Mozilla/5.0 AppleWebKit/537.36 (KHTML, like Gecko; compatible; GPTBot/1.3; +https://openai.com/gptbot)"
66.249.77.3 - - [04/Mar/2026:13:31:43 +0000] "GET /?h=ecfus221n35899nsbrtrc HTTP/1.1" 200 309373 "-" "Mozilla/5.0 (Linux; Android 6.0.1; Nexus 5X Build/MMB29P) AppleWebKit/537.36 (KHTML, like Gecko) Chrome/144.0.7559.132 Mobile Safari/537.36 (compatible; GoogleOther)"
74.7.241.6 - - [04/Mar/2026:13:31:43 +0000] "GET /buy.php?detail/24804068899290 HTTP/1.1" 200 156127 "https://inception-blue.com/buy.php?detail/24802859792119" "Mozilla/5.0 AppleWebKit/537.36 (KHTML, like Gecko; compatible; GPTBot/1.3; +https://openai.com/gptbot)"
66.249.77.3 - - [04/Mar/2026:13:31:48 +0000] "GET /?x=wapko90n27858dscnmxw HTTP/1.1" 200 338583 "-" "Mozilla/5.0 (Linux; Android 6.0.1; Nexus 5X Build/MMB29P) AppleWebKit/537.36 (KHTML, like Gecko) Chrome/144.0.7559.132 Mobile Safari/537.36 (compatible; GoogleOther)"
74.7.241.6 - - [04/Mar/2026:13:31:45 +0000] "GET /buy.php?detail/25004949286903 HTTP/1.1" 200 158908 "https://inception-blue.com/buy.php?detail/24002819904704" "Mozilla/5.0 AppleWebKit/537.36 (KHTML, like Gecko; compatible; GPTBot/1.3; +https://openai.com/gptbot)"
74.7.241.6 - - [04/Mar/2026:13:31:48 +0000] "GET /buy.php?goods/145035827 HTTP/1.1" 200 145870 "https://inception-blue.com/buy.php?detail/00500383375951" "Mozilla/5.0 AppleWebKit/537.36 (KHTML, like Gecko; compatible; GPTBot/1.3; +https://openai.com/gptbot)"
74.7.241.6 - - [04/Mar/2026:13:31:51 +0000] "GET /buy.php?detail/00500087019423 HTTP/1.1" 200 163352 "https://inception-blue.com/buy.php?detail/00500383375951" "Mozilla/5.0 AppleWebKit/537.36 (KHTML, like Gecko; compatible; GPTBot/1.3; +https://openai.com/gptbot)"
66.249.77.4 - - [04/Mar/2026:13:31:57 +0000] "GET /?y=qyrc138r33654pouoqqru HTTP/1.1" 200 301524 "-" "Mozilla/5.0 (Linux; Android 6.0.1; Nexus 5X Build/MMB29P) AppleWebKit/537.36 (KHTML, like Gecko) Chrome/144.0.7559.132 Mobile Safari/537.36 (compatible; GoogleOther)"
74.7.241.6 - - [04/Mar/2026:13:31:54 +0000] "GET /buy.php?detail/01900154964871 HTTP/1.1" 200 143296 "https://inception-blue.com/buy.php?detail/24001817736109" "Mozilla/5.0 AppleWebKit/537.36 (KHTML, like Gecko; compatible; GPTBot/1.3; +https://openai.com/gptbot)"
74.7.241.6 - - [04/Mar/2026:13:31:59 +0000] "GET /buy.php?detail/01304348891767 HTTP/1.1" 200 154912 "https://inception-blue.com/buy.php?detail/24001817736109" "Mozilla/5.0 AppleWebKit/537.36 (KHTML, like Gecko; compatible; GPTBot/1.3; +https://openai.com/gptbot)"
66.249.77.3 - - [04/Mar/2026:13:32:02 +0000] "GET /?g=kis61za24359hhplhesri HTTP/1.1" 200 306845 "-" "Mozilla/5.0 (Linux; Android 6.0.1; Nexus 5X Build/MMB29P) AppleWebKit/537.36 (KHTML, like Gecko) Chrome/144.0.7559.132 Mobile Safari/537.36 (compatible; GoogleOther)"
66.249.77.3 - - [04/Mar/2026:13:32:06 +0000] "GET /?j=yrt172kbse35594vyuzmle HTTP/1.1" 200 327889 "-" "Mozilla/5.0 (Linux; Android 6.0.1; Nexus 5X Build/MMB29P) AppleWebKit/537.36 (KHTML, like Gecko) Chrome/144.0.7559.132 Mobile Safari/537.36 (compatible; Googlebot/2.1; +http://www.google.com/bot.html)"
74.7.241.6 - - [04/Mar/2026:13:32:02 +0000] "GET /buy.php?detail/24001123799755 HTTP/1.1" 200 161066 "https://inception-blue.com/buy.php?detail/24002819904704" "Mozilla/5.0 AppleWebKit/537.36 (KHTML, like Gecko; compatible; GPTBot/1.3; +https://openai.com/gptbot)"
74.7.241.6 - - [04/Mar/2026:13:32:07 +0000] "GET /buy.php?detail/26603713829312 HTTP/1.1" 200 153371 "https://inception-blue.com/buy.php?detail/09601728916361" "Mozilla/5.0 AppleWebKit/537.36 (KHTML, like Gecko; compatible; GPTBot/1.3; +https://openai.com/gptbot)"
66.249.77.3 - - [04/Mar/2026:13:32:11 +0000] "GET /?n=evv289q45647rmaree HTTP/1.1" 200 302374 "-" "Mozilla/5.0 (Linux; Android 6.0.1; Nexus 5X Build/MMB29P) AppleWebKit/537.36 (KHTML, like Gecko) Chrome/144.0.7559.132 Mobile Safari/537.36 (compatible; GoogleOther)"
74.7.241.6 - - [04/Mar/2026:13:32:12 +0000] "GET /buy.php?detail/17101368032664 HTTP/1.1" 200 157132 "https://inception-blue.com/buy.php?detail/09601728916361" "Mozilla/5.0 AppleWebKit/537.36 (KHTML, like Gecko; compatible; GPTBot/1.3; +https://openai.com/gptbot)"
74.7.241.6 - - [04/Mar/2026:13:32:14 +0000] "GET /buy.php?detail/08501314308034 HTTP/1.1" 200 154691 "https://inception-blue.com/buy.php?detail/08500688008147" "Mozilla/5.0 AppleWebKit/537.36 (KHTML, like Gecko; compatible; GPTBot/1.3; +https://openai.com/gptbot)"
66.249.77.3 - - [04/Mar/2026:13:32:18 +0000] "GET /?r=nspep248df19478gpgxrvicin HTTP/1.1" 200 301240 "-" "Mozilla/5.0 (Linux; Android 6.0.1; Nexus 5X Build/MMB29P) AppleWebKit/537.36 (KHTML, like Gecko) Chrome/144.0.7559.132 Mobile Safari/537.36 (compatible; Googlebot/2.1; +http://www.google.com/bot.html)"
66.249.77.3 - - [04/Mar/2026:13:32:21 +0000] "GET /?r=wpjpr19jwj47423lyeabnr HTTP/1.1" 200 309062 "-" "Mozilla/5.0 (Linux; Android 6.0.1; Nexus 5X Build/MMB29P) AppleWebKit/537.36 (KHTML, like Gecko) Chrome/144.0.7559.132 Mobile Safari/537.36 (compatible; GoogleOther)"
74.7.241.6 - - [04/Mar/2026:13:32:17 +0000] "GET /buy.php?detail/08600565734497 HTTP/1.1" 200 154280 "https://inception-blue.com/buy.php?detail/08601919218995" "Mozilla/5.0 AppleWebKit/537.36 (KHTML, like Gecko; compatible; GPTBot/1.3; +https://openai.com/gptbot)"
74.7.241.6 - - [04/Mar/2026:13:32:22 +0000] "GET /buy.php?detail/24800629229482 HTTP/1.1" 200 158046 "https://inception-blue.com/buy.php?detail/24804068899290" "Mozilla/5.0 AppleWebKit/537.36 (KHTML, like Gecko; compatible; GPTBot/1.3; +https://openai.com/gptbot)"
66.249.77.3 - - [04/Mar/2026:13:32:25 +0000] "GET /?x=gngco263s16507avgogt HTTP/1.1" 200 325003 "-" "Mozilla/5.0 (Linux; Android 6.0.1; Nexus 5X Build/MMB29P) AppleWebKit/537.36 (KHTML, like Gecko) Chrome/144.0.7559.132 Mobile Safari/537.36 (compatible; GoogleOther)"
74.7.241.6 - - [04/Mar/2026:13:32:25 +0000] "GET /buy.php?detail/08600684073988 HTTP/1.1" 200 155543 "https://inception-blue.com/buy.php?detail/08601919218995" "Mozilla/5.0 AppleWebKit/537.36 (KHTML, like Gecko; compatible; GPTBot/1.3; +https://openai.com/gptbot)"
66.249.77.3 - - [04/Mar/2026:13:32:30 +0000] "GET /1154493699 HTTP/1.1" 200 350273 "-" "Mozilla/5.0 (Linux; Android 6.0.1; Nexus 5X Build/MMB29P) AppleWebKit/537.36 (KHTML, like Gecko) Chrome/144.0.7559.132 Mobile Safari/537.36 (compatible; GoogleOther)"
74.7.241.6 - - [04/Mar/2026:13:32:28 +0000] "GET /buy.php?detail/05902697197227 HTTP/1.1" 200 154937 "https://inception-blue.com/buy.php?goods/145035827" "Mozilla/5.0 AppleWebKit/537.36 (KHTML, like Gecko; compatible; GPTBot/1.3; +https://openai.com/gptbot)"
74.7.241.6 - - [04/Mar/2026:13:32:31 +0000] "GET /buy.php?detail/02203084915339 HTTP/1.1" 200 154197 "https://inception-blue.com/buy.php?detail/06401187394601" "Mozilla/5.0 AppleWebKit/537.36 (KHTML, like Gecko; compatible; GPTBot/1.3; +https://openai.com/gptbot)"
66.249.77.3 - - [04/Mar/2026:13:32:38 +0000] "GET /?n=fld201fx19993xvjymfrpad HTTP/1.1" 200 299506 "-" "Mozilla/5.0 (Linux; Android 6.0.1; Nexus 5X Build/MMB29P) AppleWebKit/537.36 (KHTML, like Gecko) Chrome/144.0.7559.132 Mobile Safari/537.36 (compatible; GoogleOther)"
74.7.241.6 - - [04/Mar/2026:13:32:36 +0000] "GET /buy.php?jp/248006243.html HTTP/1.1" 200 160661 "https://inception-blue.com/buy.php?detail/24804068899290" "Mozilla/5.0 AppleWebKit/537.36 (KHTML, like Gecko; compatible; GPTBot/1.3; +https://openai.com/gptbot)"
74.7.241.6 - - [04/Mar/2026:13:32:40 +0000] "GET /buy.php?detail/10504415526494 HTTP/1.1" 200 161941 "https://inception-blue.com/buy.php?detail/01304348891767" "Mozilla/5.0 AppleWebKit/537.36 (KHTML, like Gecko; compatible; GPTBot/1.3; +https://openai.com/gptbot)"
66.249.77.4 - - [04/Mar/2026:13:32:42 +0000] "GET /?jp/098001085.html HTTP/1.1" 200 320394 "-" "Mozilla/5.0 (Linux; Android 6.0.1; Nexus 5X Build/MMB29P) AppleWebKit/537.36 (KHTML, like Gecko) Chrome/144.0.7559.132 Mobile Safari/537.36 (compatible; GoogleOther)"
74.7.241.6 - - [04/Mar/2026:13:32:43 +0000] "GET /buy.php?detail/15601472360325 HTTP/1.1" 200 156718 "https://inception-blue.com/buy.php?detail/24001123799755" "Mozilla/5.0 AppleWebKit/537.36 (KHTML, like Gecko; compatible; GPTBot/1.3; +https://openai.com/gptbot)"
74.7.241.6 - - [04/Mar/2026:13:32:46 +0000] "GET /buy.php?detail/15404926788515 HTTP/1.1" 200 153122 "https://inception-blue.com/buy.php?detail/05603545231331" "Mozilla/5.0 AppleWebKit/537.36 (KHTML, like Gecko; compatible; GPTBot/1.3; +https://openai.com/gptbot)"
66.249.77.4 - - [04/Mar/2026:13:32:49 +0000] "GET /?goods/034003044 HTTP/1.1" 200 310271 "-" "Mozilla/5.0 (Linux; Android 6.0.1; Nexus 5X Build/MMB29P) AppleWebKit/537.36 (KHTML, like Gecko) Chrome/144.0.7559.132 Mobile Safari/537.36 (compatible; Googlebot/2.1; +http://www.google.com/bot.html)"
66.249.77.4 - - [04/Mar/2026:13:32:50 +0000] "GET /?r=bgyy298rnn10566bbtieya HTTP/1.1" 200 307988 "-" "Mozilla/5.0 (Linux; Android 6.0.1; Nexus 5X Build/MMB29P) AppleWebKit/537.36 (KHTML, like Gecko) Chrome/144.0.7559.132 Mobile Safari/537.36 (compatible; GoogleOther)"
74.7.241.6 - - [04/Mar/2026:13:32:49 +0000] "GET /buy.php?detail/17101057710787 HTTP/1.1" 200 162584 "https://inception-blue.com/buy.php?detail/17101368032664" "Mozilla/5.0 AppleWebKit/537.36 (KHTML, like Gecko; compatible; GPTBot/1.3; +https://openai.com/gptbot)"
66.249.77.3 - - [04/Mar/2026:13:32:54 +0000] "GET /?x=rawnu272jqu38436vyhtag HTTP/1.1" 200 323037 "-" "Mozilla/5.0 (Linux; Android 6.0.1; Nexus 5X Build/MMB29P) AppleWebKit/537.36 (KHTML, like Gecko) Chrome/144.0.7559.132 Mobile Safari/537.36 (compatible; GoogleOther)"
74.7.241.6 - - [04/Mar/2026:13:32:52 +0000] "GET /buy.php?detail/25703166956499 HTTP/1.1" 200 153463 "https://inception-blue.com/buy.php?detail/08501314308034" "Mozilla/5.0 AppleWebKit/537.36 (KHTML, like Gecko; compatible; GPTBot/1.3; +https://openai.com/gptbot)"
74.7.241.6 - - [04/Mar/2026:13:32:56 +0000] "GET /buy.php?detail/02500563924559 HTTP/1.1" 200 153352 "https://inception-blue.com/buy.php?detail/08501314308034" "Mozilla/5.0 AppleWebKit/537.36 (KHTML, like Gecko; compatible; GPTBot/1.3; +https://openai.com/gptbot)"
74.7.241.6 - - [04/Mar/2026:13:32:59 +0000] "GET /buy.php?detail/03901794692020 HTTP/1.1" 200 156182 "https://inception-blue.com/buy.php?detail/24800629229482" "Mozilla/5.0 AppleWebKit/537.36 (KHTML, like Gecko; compatible; GPTBot/1.3; +https://openai.com/gptbot)"
66.249.77.3 - - [04/Mar/2026:13:33:05 +0000] "GET /?o=vuq17tay49701fnwrnaqe HTTP/1.1" 200 304472 "-" "Mozilla/5.0 (Linux; Android 6.0.1; Nexus 5X Build/MMB29P) AppleWebKit/537.36 (KHTML, like Gecko) Chrome/144.0.7559.132 Mobile Safari/537.36 (compatible; GoogleOther)"
74.7.241.6 - - [04/Mar/2026:13:33:03 +0000] "GET /buy.php?detail/08600687864856 HTTP/1.1" 200 153238 "https://inception-blue.com/buy.php?detail/08600684073988" "Mozilla/5.0 AppleWebKit/537.36 (KHTML, like Gecko; compatible; GPTBot/1.3; +https://openai.com/gptbot)"
74.7.241.6 - - [04/Mar/2026:13:33:06 +0000] "GET /buy.php?detail/05900025170906 HTTP/1.1" 200 155818 "https://inception-blue.com/buy.php?detail/05902697197227" "Mozilla/5.0 AppleWebKit/537.36 (KHTML, like Gecko; compatible; GPTBot/1.3; +https://openai.com/gptbot)"
66.249.77.4 - - [04/Mar/2026:13:33:11 +0000] "GET /?g=vhum80j7544xejlnrw HTTP/1.1" 200 308491 "-" "Mozilla/5.0 (Linux; Android 6.0.1; Nexus 5X Build/MMB29P) AppleWebKit/537.36 (KHTML, like Gecko) Chrome/144.0.7559.132 Mobile Safari/537.36 (compatible; GoogleOther)"
74.7.241.6 - - [04/Mar/2026:13:33:10 +0000] "GET /buy.php?jp/039017946.html HTTP/1.1" 200 156049 "https://inception-blue.com/buy.php?detail/03901794692020" "Mozilla/5.0 AppleWebKit/537.36 (KHTML, like Gecko; compatible; GPTBot/1.3; +https://openai.com/gptbot)"
74.7.241.6 - - [04/Mar/2026:13:33:12 +0000] "GET /buy.php?detail/03800590064295 HTTP/1.1" 200 154780 "https://inception-blue.com/buy.php?detail/02203084915339" "Mozilla/5.0 AppleWebKit/537.36 (KHTML, like Gecko; compatible; GPTBot/1.3; +https://openai.com/gptbot)"
74.7.241.6 - - [04/Mar/2026:13:33:15 +0000] "GET /buy.php?detail/08102013763788 HTTP/1.1" 200 156777 "https://inception-blue.com/buy.php?jp/248006243.html" "Mozilla/5.0 AppleWebKit/537.36 (KHTML, like Gecko; compatible; GPTBot/1.3; +https://openai.com/gptbot)"
66.249.77.3 - - [04/Mar/2026:13:33:19 +0000] "GET /?x=gtgnl62x44862kxjantqef HTTP/1.1" 200 305953 "-" "Mozilla/5.0 (Linux; Android 6.0.1; Nexus 5X Build/MMB29P) AppleWebKit/537.36 (KHTML, like Gecko) Chrome/144.0.7559.132 Mobile Safari/537.36 (compatible; GoogleOther)"
74.7.241.6 - - [04/Mar/2026:13:33:18 +0000] "GET /buy.php?detail/26703530316208 HTTP/1.1" 200 152470 "https://inception-blue.com/buy.php?detail/05902697197227" "Mozilla/5.0 AppleWebKit/537.36 (KHTML, like Gecko; compatible; GPTBot/1.3; +https://openai.com/gptbot)"
74.7.241.6 - - [04/Mar/2026:13:33:21 +0000] "GET /buy.php?detail/16903785965671 HTTP/1.1" 200 166370 "https://inception-blue.com/buy.php?detail/05902697197227" "Mozilla/5.0 AppleWebKit/537.36 (KHTML, like Gecko; compatible; GPTBot/1.3; +https://openai.com/gptbot)"
66.249.77.3 - - [04/Mar/2026:13:33:23 +0000] "GET /?g=meoj227nxa25463zipcqqag HTTP/1.1" 200 299447 "-" "Mozilla/5.0 (Linux; Android 6.0.1; Nexus 5X Build/MMB29P) AppleWebKit/537.36 (KHTML, like Gecko) Chrome/144.0.7559.132 Mobile Safari/537.36 (compatible; GoogleOther)"
74.7.241.6 - - [04/Mar/2026:13:33:24 +0000] "GET /buy.php?detail/12602255896225 HTTP/1.1" 200 159433 "https://inception-blue.com/buy.php?detail/15404926788515" "Mozilla/5.0 AppleWebKit/537.36 (KHTML, like Gecko; compatible; GPTBot/1.3; +https://openai.com/gptbot)"
66.249.77.3 - - [04/Mar/2026:13:33:28 +0000] "GET /?y=wopfn97qfm11301aevevxq HTTP/1.1" 200 309110 "-" "Mozilla/5.0 (Linux; Android 6.0.1; Nexus 5X Build/MMB29P) AppleWebKit/537.36 (KHTML, like Gecko) Chrome/144.0.7559.132 Mobile Safari/537.36 (compatible; Googlebot/2.1; +http://www.google.com/bot.html)"
74.7.241.6 - - [04/Mar/2026:13:33:27 +0000] "GET /buy.php?detail/14001571085883 HTTP/1.1" 200 157740 "https://inception-blue.com/buy.php?detail/15404926788515" "Mozilla/5.0 AppleWebKit/537.36 (KHTML, like Gecko; compatible; GPTBot/1.3; +https://openai.com/gptbot)"
66.249.77.3 - - [04/Mar/2026:13:33:32 +0000] "GET /?y=ffpuw182e2832joiqhw HTTP/1.1" 200 306092 "-" "Mozilla/5.0 (Linux; Android 6.0.1; Nexus 5X Build/MMB29P) AppleWebKit/537.36 (KHTML, like Gecko) Chrome/144.0.7559.132 Mobile Safari/537.36 (compatible; GoogleOther)"
74.7.241.6 - - [04/Mar/2026:13:33:30 +0000] "GET /buy.php?detail/13601524653181 HTTP/1.1" 200 152696 "https://inception-blue.com/buy.php?detail/13600033410211" "Mozilla/5.0 AppleWebKit/537.36 (KHTML, like Gecko; compatible; GPTBot/1.3; +https://openai.com/gptbot)"
74.7.241.6 - - [04/Mar/2026:13:33:33 +0000] "GET /buy.php?detail/00402039566247 HTTP/1.1" 200 142726 "https://inception-blue.com/buy.php?detail/24601114746377" "Mozilla/5.0 AppleWebKit/537.36 (KHTML, like Gecko; compatible; GPTBot/1.3; +https://openai.com/gptbot)"
74.7.241.6 - - [04/Mar/2026:13:33:36 +0000] "GET /buy.php?detail/20403376545092 HTTP/1.1" 200 156455 "https://inception-blue.com/buy.php?detail/03901794692020" "Mozilla/5.0 AppleWebKit/537.36 (KHTML, like Gecko; compatible; GPTBot/1.3; +https://openai.com/gptbot)"
66.249.77.3 - - [04/Mar/2026:13:33:39 +0000] "GET /?v=eahk234ps37738gepvpdqgef HTTP/1.1" 200 319182 "-" "Mozilla/5.0 (Linux; Android 6.0.1; Nexus 5X Build/MMB29P) AppleWebKit/537.36 (KHTML, like Gecko) Chrome/144.0.7559.132 Mobile Safari/537.36 (compatible; GoogleOther)"
66.249.77.3 - - [04/Mar/2026:13:33:40 +0000] "GET /?detail/235034594597 HTTP/1.1" 200 302115 "-" "Mozilla/5.0 (Linux; Android 6.0.1; Nexus 5X Build/MMB29P) AppleWebKit/537.36 (KHTML, like Gecko) Chrome/144.0.7559.132 Mobile Safari/537.36 (compatible; Googlebot/2.1; +http://www.google.com/bot.html)"
74.7.241.6 - - [04/Mar/2026:13:33:39 +0000] "GET /buy.php?detail/26503710695772 HTTP/1.1" 200 152884 "https://inception-blue.com/buy.php?detail/08600687864856" "Mozilla/5.0 AppleWebKit/537.36 (KHTML, like Gecko; compatible; GPTBot/1.3; +https://openai.com/gptbot)"
66.249.77.3 - - [04/Mar/2026:13:33:46 +0000] "GET /?e=uzqm283kgrex18277lrqklk HTTP/1.1" 200 319813 "-" "Mozilla/5.0 (Linux; Android 6.0.1; Nexus 5X Build/MMB29P) AppleWebKit/537.36 (KHTML, like Gecko) Chrome/144.0.7559.132 Mobile Safari/537.36 (compatible; GoogleOther)"
74.7.241.6 - - [04/Mar/2026:13:33:44 +0000] "GET /buy.php?detail/25700069607799 HTTP/1.1" 200 144530 "https://inception-blue.com/buy.php?jp/039017946.html" "Mozilla/5.0 AppleWebKit/537.36 (KHTML, like Gecko; compatible; GPTBot/1.3; +https://openai.com/gptbot)"
74.7.241.6 - - [04/Mar/2026:13:33:47 +0000] "GET /buy.php?detail/05600107848795 HTTP/1.1" 200 158018 "https://inception-blue.com/buy.php?detail/05600377960105" "Mozilla/5.0 AppleWebKit/537.36 (KHTML, like Gecko; compatible; GPTBot/1.3; +https://openai.com/gptbot)"
66.249.77.4 - - [04/Mar/2026:13:33:52 +0000] "GET /?o=vtxx226mvvs13186ssgasemi HTTP/1.1" 200 306627 "-" "Mozilla/5.0 (Linux; Android 6.0.1; Nexus 5X Build/MMB29P) AppleWebKit/537.36 (KHTML, like Gecko) Chrome/144.0.7559.132 Mobile Safari/537.36 (compatible; Googlebot/2.1; +http://www.google.com/bot.html)"
66.249.77.4 - - [04/Mar/2026:13:33:53 +0000] "GET /?i=ptgup137kel8463awqxhzudh HTTP/1.1" 200 312607 "-" "Mozilla/5.0 (Linux; Android 6.0.1; Nexus 5X Build/MMB29P) AppleWebKit/537.36 (KHTML, like Gecko) Chrome/144.0.7559.132 Mobile Safari/537.36 (compatible; GoogleOther)"
74.7.241.6 - - [04/Mar/2026:13:33:52 +0000] "GET /buy.php?detail/28900741981588 HTTP/1.1" 200 156087 "https://inception-blue.com/buy.php?detail/28900603182859" "Mozilla/5.0 AppleWebKit/537.36 (KHTML, like Gecko; compatible; GPTBot/1.3; +https://openai.com/gptbot)"
74.7.241.6 - - [04/Mar/2026:13:33:57 +0000] "GET /buy.php?detail/26700778733539 HTTP/1.1" 200 159355 "https://inception-blue.com/buy.php?detail/26703530316208" "Mozilla/5.0 AppleWebKit/537.36 (KHTML, like Gecko; compatible; GPTBot/1.3; +https://openai.com/gptbot)"
66.249.77.3 - - [04/Mar/2026:13:33:59 +0000] "GET /?l=pks204ricx21214vgleonkl HTTP/1.1" 200 311209 "-" "Mozilla/5.0 (Linux; Android 6.0.1; Nexus 5X Build/MMB29P) AppleWebKit/537.36 (KHTML, like Gecko) Chrome/144.0.7559.132 Mobile Safari/537.36 (compatible; GoogleOther)"
74.7.241.6 - - [04/Mar/2026:13:33:59 +0000] "GET /buy.php?detail/15602033836062 HTTP/1.1" 200 160435 "https://inception-blue.com/buy.php?detail/16903785965671" "Mozilla/5.0 AppleWebKit/537.36 (KHTML, like Gecko; compatible; GPTBot/1.3; +https://openai.com/gptbot)"
66.249.77.3 - - [04/Mar/2026:13:34:03 +0000] "GET /?h=nabk197xckre27129xemlupfy HTTP/1.1" 200 301581 "-" "Mozilla/5.0 (Linux; Android 6.0.1; Nexus 5X Build/MMB29P) AppleWebKit/537.36 (KHTML, like Gecko) Chrome/144.0.7559.132 Mobile Safari/537.36 (compatible; GoogleOther)"
74.7.241.6 - - [04/Mar/2026:13:34:04 +0000] "GET /buy.php?detail/29504529925984 HTTP/1.1" 200 164382 "https://inception-blue.com/buy.php?detail/12602255896225" "Mozilla/5.0 AppleWebKit/537.36 (KHTML, like Gecko; compatible; GPTBot/1.3; +https://openai.com/gptbot)"
74.7.241.6 - - [04/Mar/2026:13:34:07 +0000] "GET /buy.php?detail/21401777192020 HTTP/1.1" 200 143033 "https://inception-blue.com/buy.php?detail/14001571085883" "Mozilla/5.0 AppleWebKit/537.36 (KHTML, like Gecko; compatible; GPTBot/1.3; +https://openai.com/gptbot)"
74.7.241.6 - - [04/Mar/2026:13:34:09 +0000] "GET /buy.php?detail/15801910017270 HTTP/1.1" 200 164430 "https://inception-blue.com/buy.php?detail/12602255896225" "Mozilla/5.0 AppleWebKit/537.36 (KHTML, like Gecko; compatible; GPTBot/1.3; +https://openai.com/gptbot)"
66.249.77.7 - - [04/Mar/2026:13:34:12 +0000] "GET /?z=gbhaf218xiwk28898hobyxhxa HTTP/1.1" 200 301332 "-" "Mozilla/5.0 (Linux; Android 6.0.1; Nexus 5X Build/MMB29P) AppleWebKit/537.36 (KHTML, like Gecko) Chrome/144.0.7559.132 Mobile Safari/537.36 (compatible; GoogleOther)"
74.7.241.6 - - [04/Mar/2026:13:34:13 +0000] "GET /buy.php?detail/14000048457851 HTTP/1.1" 200 158674 "https://inception-blue.com/buy.php?detail/14001571085883" "Mozilla/5.0 AppleWebKit/537.36 (KHTML, like Gecko; compatible; GPTBot/1.3; +https://openai.com/gptbot)"
66.249.77.7 - - [04/Mar/2026:13:34:16 +0000] "GET /?b=qwh259jb21015tsvobysu HTTP/1.1" 200 301942 "-" "Mozilla/5.0 (Linux; Android 6.0.1; Nexus 5X Build/MMB29P) AppleWebKit/537.36 (KHTML, like Gecko) Chrome/144.0.7559.132 Mobile Safari/537.36 (compatible; GoogleOther)"
74.7.241.6 - - [04/Mar/2026:13:34:16 +0000] "GET /buy.php?detail/11000704511503 HTTP/1.1" 200 153848 "https://inception-blue.com/buy.php?detail/16903785965671" "Mozilla/5.0 AppleWebKit/537.36 (KHTML, like Gecko; compatible; GPTBot/1.3; +https://openai.com/gptbot)"
74.7.241.6 - - [04/Mar/2026:13:34:19 +0000] "GET /buy.php?detail/12600539606062 HTTP/1.1" 200 158112 "https://inception-blue.com/buy.php?detail/12602255896225" "Mozilla/5.0 AppleWebKit/537.36 (KHTML, like Gecko; compatible; GPTBot/1.3; +https://openai.com/gptbot)"
66.249.77.7 - - [04/Mar/2026:13:34:23 +0000] "GET /?jp/210001949.html HTTP/1.1" 200 328919 "-" "Mozilla/5.0 (Linux; Android 6.0.1; Nexus 5X Build/MMB29P) AppleWebKit/537.36 (KHTML, like Gecko) Chrome/144.0.7559.132 Mobile Safari/537.36 (compatible; Googlebot/2.1; +http://www.google.com/bot.html)"
74.7.241.6 - - [04/Mar/2026:13:34:21 +0000] "GET /buy.php?detail/03803875179768 HTTP/1.1" 200 156664 "https://inception-blue.com/buy.php?detail/00402039566247" "Mozilla/5.0 AppleWebKit/537.36 (KHTML, like Gecko; compatible; GPTBot/1.3; +https://openai.com/gptbot)"
66.249.77.7 - - [04/Mar/2026:13:34:24 +0000] "GET /?n=mbodj24a11916hcpfyw HTTP/1.1" 200 326285 "-" "Mozilla/5.0 (Linux; Android 6.0.1; Nexus 5X Build/MMB29P) AppleWebKit/537.36 (KHTML, like Gecko) Chrome/144.0.7559.132 Mobile Safari/537.36 (compatible; Googlebot/2.1; +http://www.google.com/bot.html)"
74.7.241.6 - - [04/Mar/2026:13:34:24 +0000] "GET /buy.php?detail/19804165328588 HTTP/1.1" 200 148217 "https://inception-blue.com/buy.php?detail/20403376545092" "Mozilla/5.0 AppleWebKit/537.36 (KHTML, like Gecko; compatible; GPTBot/1.3; +https://openai.com/gptbot)"
66.249.77.7 - - [04/Mar/2026:13:34:26 +0000] "GET /?l=helsq270gx47218ychgzwgx HTTP/1.1" 200 304259 "-" "Mozilla/5.0 (Linux; Android 6.0.1; Nexus 5X Build/MMB29P) AppleWebKit/537.36 (KHTML, like Gecko) Chrome/144.0.7559.132 Mobile Safari/537.36 (compatible; GoogleOther)"
74.7.241.6 - - [04/Mar/2026:13:34:27 +0000] "GET /buy.php?detail/28900521640009 HTTP/1.1" 200 161529 "https://inception-blue.com/buy.php?detail/28900741981588" "Mozilla/5.0 AppleWebKit/537.36 (KHTML, like Gecko; compatible; GPTBot/1.3; +https://openai.com/gptbot)"
66.249.77.7 - - [04/Mar/2026:13:34:31 +0000] "GET /?t=pkue26yplmi3448snpdkyfcl HTTP/1.1" 200 301722 "-" "Mozilla/5.0 (Linux; Android 6.0.1; Nexus 5X Build/MMB29P) AppleWebKit/537.36 (KHTML, like Gecko) Chrome/144.0.7559.132 Mobile Safari/537.36 (compatible; GoogleOther)"
74.7.241.6 - - [04/Mar/2026:13:34:29 +0000] "GET /buy.php?detail/01600126065099 HTTP/1.1" 200 148067 "https://inception-blue.com/buy.php?detail/28900741981588" "Mozilla/5.0 AppleWebKit/537.36 (KHTML, like Gecko; compatible; GPTBot/1.3; +https://openai.com/gptbot)"
74.7.241.6 - - [04/Mar/2026:13:34:33 +0000] "GET /buy.php?detail/23502388949648 HTTP/1.1" 200 157091 "https://inception-blue.com/buy.php?detail/28900741981588" "Mozilla/5.0 AppleWebKit/537.36 (KHTML, like Gecko; compatible; GPTBot/1.3; +https://openai.com/gptbot)"
66.249.77.8 - - [04/Mar/2026:13:34:36 +0000] "GET /?v=etgp44bh24548wcuogd HTTP/1.1" 200 301618 "-" "Mozilla/5.0 (Linux; Android 6.0.1; Nexus 5X Build/MMB29P) AppleWebKit/537.36 (KHTML, like Gecko) Chrome/144.0.7559.132 Mobile Safari/537.36 (compatible; Googlebot/2.1; +http://www.google.com/bot.html)"
74.7.241.6 - - [04/Mar/2026:13:34:35 +0000] "GET /buy.php?detail/24002107517811 HTTP/1.1" 200 152314 "https://inception-blue.com/buy.php?detail/16903785965671" "Mozilla/5.0 AppleWebKit/537.36 (KHTML, like Gecko; compatible; GPTBot/1.3; +https://openai.com/gptbot)"
66.249.77.7 - - [04/Mar/2026:13:34:40 +0000] "GET /?y=wczh4pz25696vmlcycxm HTTP/1.1" 200 313788 "-" "Mozilla/5.0 (Linux; Android 6.0.1; Nexus 5X Build/MMB29P) AppleWebKit/537.36 (KHTML, like Gecko) Chrome/144.0.7559.132 Mobile Safari/537.36 (compatible; GoogleOther)"
74.7.241.6 - - [04/Mar/2026:13:34:38 +0000] "GET /buy.php?detail/19501255372088 HTTP/1.1" 200 157023 "https://inception-blue.com/buy.php?detail/21401777192020" "Mozilla/5.0 AppleWebKit/537.36 (KHTML, like Gecko; compatible; GPTBot/1.3; +https://openai.com/gptbot)"
74.7.241.6 - - [04/Mar/2026:13:34:41 +0000] "GET /buy.php?jp/158008142.html HTTP/1.1" 200 167354 "https://inception-blue.com/buy.php?detail/15801910017270" "Mozilla/5.0 AppleWebKit/537.36 (KHTML, like Gecko; compatible; GPTBot/1.3; +https://openai.com/gptbot)"
74.7.241.6 - - [04/Mar/2026:13:34:44 +0000] "GET /buy.php?jp/193047250.html HTTP/1.1" 200 155375 "https://inception-blue.com/buy.php?detail/15801910017270" "Mozilla/5.0 AppleWebKit/537.36 (KHTML, like Gecko; compatible; GPTBot/1.3; +https://openai.com/gptbot)"
74.7.241.6 - - [04/Mar/2026:13:34:47 +0000] "GET /buy.php?detail/15800815780513 HTTP/1.1" 200 171637 "https://inception-blue.com/buy.php?detail/15801910017270" "Mozilla/5.0 AppleWebKit/537.36 (KHTML, like Gecko; compatible; GPTBot/1.3; +https://openai.com/gptbot)"
66.249.77.7 - - [04/Mar/2026:13:34:51 +0000] "GET /?e=ovo79ekum25935dzmcnszqs HTTP/1.1" 200 303215 "-" "Mozilla/5.0 (Linux; Android 6.0.1; Nexus 5X Build/MMB29P) AppleWebKit/537.36 (KHTML, like Gecko) Chrome/144.0.7559.132 Mobile Safari/537.36 (compatible; GoogleOther)"
74.7.241.6 - - [04/Mar/2026:13:34:50 +0000] "GET /buy.php?detail/21900093529398 HTTP/1.1" 200 147379 "https://inception-blue.com/buy.php?detail/12600539606062" "Mozilla/5.0 AppleWebKit/537.36 (KHTML, like Gecko; compatible; GPTBot/1.3; +https://openai.com/gptbot)"
74.7.241.6 - - [04/Mar/2026:13:34:53 +0000] "GET /buy.php?detail/15800812702755 HTTP/1.1" 200 161001 "https://inception-blue.com/buy.php?detail/15801910017270" "Mozilla/5.0 AppleWebKit/537.36 (KHTML, like Gecko; compatible; GPTBot/1.3; +https://openai.com/gptbot)"
66.249.77.8 - - [04/Mar/2026:13:34:56 +0000] "GET /?f=cwgx215irdv35833jamfwdq HTTP/1.1" 200 304506 "-" "Mozilla/5.0 (Linux; Android 6.0.1; Nexus 5X Build/MMB29P) AppleWebKit/537.36 (KHTML, like Gecko) Chrome/144.0.7559.132 Mobile Safari/537.36 (compatible; GoogleOther)"
74.7.241.6 - - [04/Mar/2026:13:34:56 +0000] "GET /buy.php?detail/14301689110150 HTTP/1.1" 200 159121 "https://inception-blue.com/buy.php?detail/03803875179768" "Mozilla/5.0 AppleWebKit/537.36 (KHTML, like Gecko; compatible; GPTBot/1.3; +https://openai.com/gptbot)"
74.7.241.6 - - [04/Mar/2026:13:34:59 +0000] "GET /buy.php?goods/289020422 HTTP/1.1" 200 162530 "https://inception-blue.com/buy.php?detail/28900521640009" "Mozilla/5.0 AppleWebKit/537.36 (KHTML, like Gecko; compatible; GPTBot/1.3; +https://openai.com/gptbot)"
66.249.77.7 - - [04/Mar/2026:13:35:03 +0000] "GET /?v=vzgnc9xy20911zomeyy HTTP/1.1" 200 310072 "-" "Mozilla/5.0 (Linux; Android 6.0.1; Nexus 5X Build/MMB29P) AppleWebKit/537.36 (KHTML, like Gecko) Chrome/144.0.7559.132 Mobile Safari/537.36 (compatible; GoogleOther)"
74.7.241.6 - - [04/Mar/2026:13:35:02 +0000] "GET /buy.php?detail/13003339396273 HTTP/1.1" 200 151961 "https://inception-blue.com/buy.php?detail/28900521640009" "Mozilla/5.0 AppleWebKit/537.36 (KHTML, like Gecko; compatible; GPTBot/1.3; +https://openai.com/gptbot)"
66.249.77.8 - - [04/Mar/2026:13:35:07 +0000] "GET /?jp/268005474.html HTTP/1.1" 200 310662 "-" "Mozilla/5.0 (Linux; Android 6.0.1; Nexus 5X Build/MMB29P) AppleWebKit/537.36 (KHTML, like Gecko) Chrome/144.0.7559.132 Mobile Safari/537.36 (compatible; Googlebot/2.1; +http://www.google.com/bot.html)"
66.249.77.7 - - [04/Mar/2026:13:35:08 +0000] "GET /?h=hvhg77g29455vjsythjnjg HTTP/1.1" 200 302104 "-" "Mozilla/5.0 (Linux; Android 6.0.1; Nexus 5X Build/MMB29P) AppleWebKit/537.36 (KHTML, like Gecko) Chrome/144.0.7559.132 Mobile Safari/537.36 (compatible; Googlebot/2.1; +http://www.google.com/bot.html)"
74.7.241.6 - - [04/Mar/2026:13:35:07 +0000] "GET /buy.php?detail/04002579750462 HTTP/1.1" 200 161244 "https://inception-blue.com/buy.php?detail/03803875179768" "Mozilla/5.0 AppleWebKit/537.36 (KHTML, like Gecko; compatible; GPTBot/1.3; +https://openai.com/gptbot)"
66.249.77.8 - - [04/Mar/2026:13:35:09 +0000] "GET /?jp/125020434.html HTTP/1.1" 200 311912 "-" "Mozilla/5.0 (Linux; Android 6.0.1; Nexus 5X Build/MMB29P) AppleWebKit/537.36 (KHTML, like Gecko) Chrome/144.0.7559.132 Mobile Safari/537.36 (compatible; GoogleOther)"
74.7.241.6 - - [04/Mar/2026:13:35:09 +0000] "GET /buy.php?detail/19004672211973 HTTP/1.1" 200 156642 "https://inception-blue.com/buy.php?detail/03803875179768" "Mozilla/5.0 AppleWebKit/537.36 (KHTML, like Gecko; compatible; GPTBot/1.3; +https://openai.com/gptbot)"
74.7.241.6 - - [04/Mar/2026:13:35:12 +0000] "GET /buy.php?detail/28902046520749 HTTP/1.1" 200 164727 "https://inception-blue.com/buy.php?detail/28900521640009" "Mozilla/5.0 AppleWebKit/537.36 (KHTML, like Gecko; compatible; GPTBot/1.3; +https://openai.com/gptbot)"
66.249.77.7 - - [04/Mar/2026:13:35:15 +0000] "GET /?r=gtrk32sd39094zjfrruq HTTP/1.1" 200 304791 "-" "Mozilla/5.0 (Linux; Android 6.0.1; Nexus 5X Build/MMB29P) AppleWebKit/537.36 (KHTML, like Gecko) Chrome/144.0.7559.132 Mobile Safari/537.36 (compatible; GoogleOther)"
74.7.241.6 - - [04/Mar/2026:13:35:15 +0000] "GET /buy.php?detail/15801068049371 HTTP/1.1" 200 156625 "https://inception-blue.com/buy.php?jp/158008142.html" "Mozilla/5.0 AppleWebKit/537.36 (KHTML, like Gecko; compatible; GPTBot/1.3; +https://openai.com/gptbot)"
66.249.77.7 - - [04/Mar/2026:13:35:20 +0000] "GET /?t=fqfh84qcz21124mhkpcx HTTP/1.1" 200 309471 "-" "Mozilla/5.0 (Linux; Android 6.0.1; Nexus 5X Build/MMB29P) AppleWebKit/537.36 (KHTML, like Gecko) Chrome/144.0.7559.132 Mobile Safari/537.36 (compatible; Googlebot/2.1; +http://www.google.com/bot.html)"
74.7.241.6 - - [04/Mar/2026:13:35:18 +0000] "GET /buy.php?detail/14604622565437 HTTP/1.1" 200 156251 "https://inception-blue.com/buy.php?detail/24002107517811" "Mozilla/5.0 AppleWebKit/537.36 (KHTML, like Gecko; compatible; GPTBot/1.3; +https://openai.com/gptbot)"
66.249.77.7 - - [04/Mar/2026:13:35:20 +0000] "GET /?r=nhsyw237e4443uqmnvca HTTP/1.1" 200 301847 "-" "Mozilla/5.0 (Linux; Android 6.0.1; Nexus 5X Build/MMB29P) AppleWebKit/537.36 (KHTML, like Gecko) Chrome/144.0.7559.132 Mobile Safari/537.36 (compatible; GoogleOther)"
74.7.241.6 - - [04/Mar/2026:13:35:21 +0000] "GET /buy.php?detail/15800197195552 HTTP/1.1" 200 155629 "https://inception-blue.com/buy.php?detail/15800815780513" "Mozilla/5.0 AppleWebKit/537.36 (KHTML, like Gecko; compatible; GPTBot/1.3; +https://openai.com/gptbot)"
66.249.77.7 - - [04/Mar/2026:13:35:27 +0000] "GET /?o=aodqz137wq8347njylzb HTTP/1.1" 200 325523 "-" "Mozilla/5.0 (Linux; Android 6.0.1; Nexus 5X Build/MMB29P) AppleWebKit/537.36 (KHTML, like Gecko) Chrome/144.0.7559.132 Mobile Safari/537.36 (compatible; GoogleOther)"
74.7.241.6 - - [04/Mar/2026:13:35:24 +0000] "GET /buy.php?detail/18901853379104 HTTP/1.1" 200 152219 "https://inception-blue.com/buy.php?detail/21900093529398" "Mozilla/5.0 AppleWebKit/537.36 (KHTML, like Gecko; compatible; GPTBot/1.3; +https://openai.com/gptbot)"
74.7.241.6 - - [04/Mar/2026:13:35:28 +0000] "GET /buy.php?goods/146046225 HTTP/1.1" 200 156592 "https://inception-blue.com/buy.php?detail/14604622565437" "Mozilla/5.0 AppleWebKit/537.36 (KHTML, like Gecko; compatible; GPTBot/1.3; +https://openai.com/gptbot)"
66.249.77.8 - - [04/Mar/2026:13:35:32 +0000] "GET /?c=kcr288bu36552mhpwnzbqcv HTTP/1.1" 200 305223 "-" "Mozilla/5.0 (Linux; Android 6.0.1; Nexus 5X Build/MMB29P) AppleWebKit/537.36 (KHTML, like Gecko) Chrome/144.0.7559.132 Mobile Safari/537.36 (compatible; Googlebot/2.1; +http://www.google.com/bot.html)"
66.249.77.7 - - [04/Mar/2026:13:35:34 +0000] "GET /?w=xeae267yo20607deyxwk HTTP/1.1" 200 354112 "-" "Mozilla/5.0 (Linux; Android 6.0.1; Nexus 5X Build/MMB29P) AppleWebKit/537.36 (KHTML, like Gecko) Chrome/144.0.7559.132 Mobile Safari/537.36 (compatible; GoogleOther)"
74.7.241.6 - - [04/Mar/2026:13:35:31 +0000] "GET /buy.php?detail/01000795486235 HTTP/1.1" 200 159924 "https://inception-blue.com/buy.php?detail/19804165328588" "Mozilla/5.0 AppleWebKit/537.36 (KHTML, like Gecko; compatible; GPTBot/1.3; +https://openai.com/gptbot)"
74.7.241.6 - - [04/Mar/2026:13:35:36 +0000] "GET /buy.php?detail/03101121126295 HTTP/1.1" 200 157588 "https://inception-blue.com/buy.php?detail/14000048457851" "Mozilla/5.0 AppleWebKit/537.36 (KHTML, like Gecko; compatible; GPTBot/1.3; +https://openai.com/gptbot)"
66.249.77.7 - - [04/Mar/2026:13:35:40 +0000] "GET /?n=ivwch225an31823ikasyrhdjv HTTP/1.1" 200 305962 "-" "Mozilla/5.0 (Linux; Android 6.0.1; Nexus 5X Build/MMB29P) AppleWebKit/537.36 (KHTML, like Gecko) Chrome/144.0.7559.132 Mobile Safari/537.36 (compatible; GoogleOther)"
74.7.241.6 - - [04/Mar/2026:13:35:39 +0000] "GET /buy.php?jp/267045393.html HTTP/1.1" 200 156062 "https://inception-blue.com/buy.php?goods/289020422" "Mozilla/5.0 AppleWebKit/537.36 (KHTML, like Gecko; compatible; GPTBot/1.3; +https://openai.com/gptbot)"
66.249.77.7 - - [04/Mar/2026:13:35:44 +0000] "GET /?l=ysbcp12lsqx43672hxlozn HTTP/1.1" 200 321131 "-" "Mozilla/5.0 (Linux; Android 6.0.1; Nexus 5X Build/MMB29P) AppleWebKit/537.36 (KHTML, like Gecko) Chrome/144.0.7559.132 Mobile Safari/537.36 (compatible; Googlebot/2.1; +http://www.google.com/bot.html)"
74.7.241.6 - - [04/Mar/2026:13:35:42 +0000] "GET /buy.php?detail/13001153961797 HTTP/1.1" 200 166933 "https://inception-blue.com/buy.php?detail/13003339396273" "Mozilla/5.0 AppleWebKit/537.36 (KHTML, like Gecko; compatible; GPTBot/1.3; +https://openai.com/gptbot)"
66.249.77.8 - - [04/Mar/2026:13:35:45 +0000] "GET /?jp/291030598.html HTTP/1.1" 200 306699 "-" "Mozilla/5.0 (Linux; Android 6.0.1; Nexus 5X Build/MMB29P) AppleWebKit/537.36 (KHTML, like Gecko) Chrome/144.0.7559.132 Mobile Safari/537.36 (compatible; GoogleOther)"
74.7.241.6 - - [04/Mar/2026:13:35:45 +0000] "GET /buy.php?detail/08200558345527 HTTP/1.1" 200 144583 "https://inception-blue.com/buy.php?detail/04002579750462" "Mozilla/5.0 AppleWebKit/537.36 (KHTML, like Gecko; compatible; GPTBot/1.3; +https://openai.com/gptbot)"
66.249.77.9 - - [04/Mar/2026:13:35:50 +0000] "GET /?i=uez176hwdmd47154jnlnvvhlhp HTTP/1.1" 200 346703 "-" "Mozilla/5.0 (Linux; Android 6.0.1; Nexus 5X Build/MMB29P) AppleWebKit/537.36 (KHTML, like Gecko) Chrome/144.0.7559.132 Mobile Safari/537.36 (compatible; GoogleOther)"
157.55.39.56 - - [04/Mar/2026:13:35:53 +0000] "GET /?products/25953475 HTTP/1.1" 200 13 "-" "Mozilla/5.0 AppleWebKit/537.36 (KHTML, like Gecko; compatible; bingbot/2.0; +http://www.bing.com/bingbot.htm) Chrome/116.0.1938.76 Safari/537.36"
74.7.241.6 - - [04/Mar/2026:13:35:50 +0000] "GET /buy.php?detail/04001483749629 HTTP/1.1" 200 156329 "https://inception-blue.com/buy.php?detail/04002579750462" "Mozilla/5.0 AppleWebKit/537.36 (KHTML, like Gecko; compatible; GPTBot/1.3; +https://openai.com/gptbot)"
66.249.77.8 - - [04/Mar/2026:13:35:56 +0000] "GET /?g=enuw198vn12844oxjwycab HTTP/1.1" 200 303569 "-" "Mozilla/5.0 (Linux; Android 6.0.1; Nexus 5X Build/MMB29P) AppleWebKit/537.36 (KHTML, like Gecko) Chrome/144.0.7559.132 Mobile Safari/537.36 (compatible; GoogleOther)"
74.7.241.6 - - [04/Mar/2026:13:35:54 +0000] "GET /buy.php?detail/00101171942396 HTTP/1.1" 200 149218 "https://inception-blue.com/buy.php?detail/28902046520749" "Mozilla/5.0 AppleWebKit/537.36 (KHTML, like Gecko; compatible; GPTBot/1.3; +https://openai.com/gptbot)"
74.7.241.6 - - [04/Mar/2026:13:35:59 +0000] "GET /buy.php?jp/027049166.html HTTP/1.1" 200 159008 "https://inception-blue.com/buy.php?detail/15801068049371" "Mozilla/5.0 AppleWebKit/537.36 (KHTML, like Gecko; compatible; GPTBot/1.3; +https://openai.com/gptbot)"
66.249.77.8 - - [04/Mar/2026:13:36:02 +0000] "GET /?n=dwt274an32876nycohxx HTTP/1.1" 200 311043 "-" "Mozilla/5.0 (Linux; Android 6.0.1; Nexus 5X Build/MMB29P) AppleWebKit/537.36 (KHTML, like Gecko) Chrome/144.0.7559.132 Mobile Safari/537.36 (compatible; GoogleOther)"
74.7.241.6 - - [04/Mar/2026:13:36:02 +0000] "GET /buy.php?jp/158013090.html HTTP/1.1" 200 158309 "https://inception-blue.com/buy.php?detail/15801068049371" "Mozilla/5.0 AppleWebKit/537.36 (KHTML, like Gecko; compatible; GPTBot/1.3; +https://openai.com/gptbot)"
74.7.241.6 - - [04/Mar/2026:13:36:05 +0000] "GET /buy.php?detail/26804026305721 HTTP/1.1" 200 141794 "https://inception-blue.com/buy.php?detail/14604622565437" "Mozilla/5.0 AppleWebKit/537.36 (KHTML, like Gecko; compatible; GPTBot/1.3; +https://openai.com/gptbot)"
66.249.77.8 - - [04/Mar/2026:13:36:08 +0000] "GET /?d=znbni200lal28130dyptfg HTTP/1.1" 200 314030 "-" "Mozilla/5.0 (Linux; Android 6.0.1; Nexus 5X Build/MMB29P) AppleWebKit/537.36 (KHTML, like Gecko) Chrome/144.0.7559.132 Mobile Safari/537.36 (compatible; GoogleOther)"
66.249.77.7 - - [04/Mar/2026:13:36:10 +0000] "GET /?m=gvto155xtgf30321lpxotklpks HTTP/1.1" 200 313287 "-" "Mozilla/5.0 (Linux; Android 6.0.1; Nexus 5X Build/MMB29P) AppleWebKit/537.36 (KHTML, like Gecko) Chrome/144.0.7559.132 Mobile Safari/537.36 (compatible; Googlebot/2.1; +http://www.google.com/bot.html)"
74.7.241.6 - - [04/Mar/2026:13:36:08 +0000] "GET /buy.php?detail/04104015549359 HTTP/1.1" 200 161059 "https://inception-blue.com/buy.php?detail/15800197195552" "Mozilla/5.0 AppleWebKit/537.36 (KHTML, like Gecko; compatible; GPTBot/1.3; +https://openai.com/gptbot)"
66.249.77.7 - - [04/Mar/2026:13:36:13 +0000] "GET /?detail/2360493529754 HTTP/1.1" 200 303550 "-" "Mozilla/5.0 (Linux; Android 6.0.1; Nexus 5X Build/MMB29P) AppleWebKit/537.36 (KHTML, like Gecko) Chrome/144.0.7559.132 Mobile Safari/537.36 (compatible; GoogleOther)"
74.7.241.6 - - [04/Mar/2026:13:36:12 +0000] "GET /buy.php?detail/14600636899005 HTTP/1.1" 200 154056 "https://inception-blue.com/buy.php?goods/146046225" "Mozilla/5.0 AppleWebKit/537.36 (KHTML, like Gecko; compatible; GPTBot/1.3; +https://openai.com/gptbot)"
74.7.241.6 - - [04/Mar/2026:13:36:15 +0000] "GET /buy.php?detail/03100073265941 HTTP/1.1" 200 152034 "https://inception-blue.com/buy.php?detail/03101121126295" "Mozilla/5.0 AppleWebKit/537.36 (KHTML, like Gecko; compatible; GPTBot/1.3; +https://openai.com/gptbot)"
66.249.77.7 - - [04/Mar/2026:13:36:19 +0000] "GET /?y=njssd168w8002wwfdpsbpq HTTP/1.1" 200 310569 "-" "Mozilla/5.0 (Linux; Android 6.0.1; Nexus 5X Build/MMB29P) AppleWebKit/537.36 (KHTML, like Gecko) Chrome/144.0.7559.132 Mobile Safari/537.36 (compatible; GoogleOther)"
74.7.241.6 - - [04/Mar/2026:13:36:18 +0000] "GET /buy.php?detail/28902417099286 HTTP/1.1" 200 161221 "https://inception-blue.com/buy.php?detail/28902046520749" "Mozilla/5.0 AppleWebKit/537.36 (KHTML, like Gecko; compatible; GPTBot/1.3; +https://openai.com/gptbot)"
74.7.241.6 - - [04/Mar/2026:13:36:22 +0000] "GET /buy.php?detail/13003091723585 HTTP/1.1" 200 156438 "https://inception-blue.com/buy.php?detail/13001153961797" "Mozilla/5.0 AppleWebKit/537.36 (KHTML, like Gecko; compatible; GPTBot/1.3; +https://openai.com/gptbot)"
