66.249.77.10 - - [04/Mar/2026:12:13:01 +0000] "GET /573784983 HTTP/1.1" 200 308651 "-" "Mozilla/5.0 (Linux; Android 6.0.1; Nexus 5X Build/MMB29P) AppleWebKit/537.36 (KHTML, like Gecko) Chrome/144.0.7559.132 Mobile Safari/537.36 (compatible; Googlebot/2.1; +http://www.google.com/bot.html)"
66.249.77.10 - - [04/Mar/2026:12:13:02 +0000] "GET /1131460073 HTTP/1.1" 200 313273 "-" "Mozilla/5.0 (Linux; Android 6.0.1; Nexus 5X Build/MMB29P) AppleWebKit/537.36 (KHTML, like Gecko) Chrome/144.0.7559.132 Mobile Safari/537.36 (compatible; Googlebot/2.1; +http://www.google.com/bot.html)"
74.7.241.6 - - [04/Mar/2026:12:13:00 +0000] "GET /buy.php?detail/27701263600305 HTTP/1.1" 200 162994 "https://inception-blue.com/buy.php?goods/145044371" "Mozilla/5.0 AppleWebKit/537.36 (KHTML, like Gecko; compatible; GPTBot/1.3; +https://openai.com/gptbot)"
66.249.77.5 - - [04/Mar/2026:12:13:03 +0000] "GET /?m=nsn62ms18410fttxctppt HTTP/1.1" 200 311471 "-" "Mozilla/5.0 (Linux; Android 6.0.1; Nexus 5X Build/MMB29P) AppleWebKit/537.36 (KHTML, like Gecko) Chrome/144.0.7559.132 Mobile Safari/537.36 (compatible; Googlebot/2.1; +http://www.google.com/bot.html)"
66.249.77.7 - - [04/Mar/2026:12:13:04 +0000] "GET /876169800 HTTP/1.1" 200 306761 "-" "Mozilla/5.0 (Linux; Android 6.0.1; Nexus 5X Build/MMB29P) AppleWebKit/537.36 (KHTML, like Gecko) Chrome/144.0.7559.132 Mobile Safari/537.36 (compatible; Googlebot/2.1; +http://www.google.com/bot.html)"
66.249.77.5 - - [04/Mar/2026:12:13:05 +0000] "GET /1146949584 HTTP/1.1" 200 317813 "-" "Mozilla/5.0 (Linux; Android 6.0.1; Nexus 5X Build/MMB29P) AppleWebKit/537.36 (KHTML, like Gecko) Chrome/144.0.7559.132 Mobile Safari/537.36 (compatible; Googlebot/2.1; +http://www.google.com/bot.html)"
66.249.77.7 - - [04/Mar/2026:12:13:05 +0000] "GET /1088759159 HTTP/1.1" 200 325006 "-" "Mozilla/5.0 (Linux; Android 6.0.1; Nexus 5X Build/MMB29P) AppleWebKit/537.36 (KHTML, like Gecko) Chrome/144.0.7559.132 Mobile Safari/537.36 (compatible; Googlebot/2.1; +http://www.google.com/bot.html)"
74.7.241.6 - - [04/Mar/2026:12:13:03 +0000] "GET /buy.php?detail/27004677903864 HTTP/1.1" 200 154399 "https://inception-blue.com/buy.php?detail/03200523942140" "Mozilla/5.0 AppleWebKit/537.36 (KHTML, like Gecko; compatible; GPTBot/1.3; +https://openai.com/gptbot)"
66.249.77.3 - - [04/Mar/2026:12:13:06 +0000] "GET /?z=cicrg3rvzo3885gyiwyl HTTP/1.1" 200 311413 "-" "Mozilla/5.0 (Linux; Android 6.0.1; Nexus 5X Build/MMB29P) AppleWebKit/537.36 (KHTML, like Gecko) Chrome/144.0.7559.132 Mobile Safari/537.36 (compatible; Googlebot/2.1; +http://www.google.com/bot.html)"
66.249.77.5 - - [04/Mar/2026:12:13:08 +0000] "GET /?e=jeqss123jhcc26263deesqzvn HTTP/1.1" 200 297988 "-" "Mozilla/5.0 (Linux; Android 6.0.1; Nexus 5X Build/MMB29P) AppleWebKit/537.36 (KHTML, like Gecko) Chrome/144.0.7559.132 Mobile Safari/537.36 (compatible; Googlebot/2.1; +http://www.google.com/bot.html)"
66.249.77.4 - - [04/Mar/2026:12:13:09 +0000] "GET /?detail/19301615552430 HTTP/1.1" 200 302725 "-" "Mozilla/5.0 (Linux; Android 6.0.1; Nexus 5X Build/MMB29P) AppleWebKit/537.36 (KHTML, like Gecko) Chrome/144.0.7559.132 Mobile Safari/537.36 (compatible; Googlebot/2.1; +http://www.google.com/bot.html)"
66.249.77.3 - - [04/Mar/2026:12:13:10 +0000] "GET /1170534834 HTTP/1.1" 200 331158 "-" "Mozilla/5.0 (Linux; Android 6.0.1; Nexus 5X Build/MMB29P) AppleWebKit/537.36 (KHTML, like Gecko) Chrome/144.0.7559.132 Mobile Safari/537.36 (compatible; Googlebot/2.1; +http://www.google.com/bot.html)"
74.7.241.6 - - [04/Mar/2026:12:13:07 +0000] "GET /buy.php?detail/28100010047953 HTTP/1.1" 200 145911 "https://inception-blue.com/buy.php?detail/28101761909655" "Mozilla/5.0 AppleWebKit/537.36 (KHTML, like Gecko; compatible; GPTBot/1.3; +https://openai.com/gptbot)"
66.249.77.3 - - [04/Mar/2026:12:13:11 +0000] "GET /?g=tqe129xmgh19393nodaauwd HTTP/1.1" 200 300710 "-" "Mozilla/5.0 (Linux; Android 6.0.1; Nexus 5X Build/MMB29P) AppleWebKit/537.36 (KHTML, like Gecko) Chrome/144.0.7559.132 Mobile Safari/537.36 (compatible; Googlebot/2.1; +http://www.google.com/bot.html)"
66.249.77.4 - - [04/Mar/2026:12:13:12 +0000] "GET /?c=ndd100t10780urocnlqv HTTP/1.1" 200 328411 "-" "Mozilla/5.0 (Linux; Android 6.0.1; Nexus 5X Build/MMB29P) AppleWebKit/537.36 (KHTML, like Gecko) Chrome/144.0.7559.132 Mobile Safari/537.36 (compatible; Googlebot/2.1; +http://www.google.com/bot.html)"
66.249.77.6 - - [04/Mar/2026:12:13:12 +0000] "GET /?t=fxp178zsze26436orhcjzi HTTP/1.1" 200 315449 "-" "Mozilla/5.0 (Linux; Android 6.0.1; Nexus 5X Build/MMB29P) AppleWebKit/537.36 (KHTML, like Gecko) Chrome/144.0.7559.132 Mobile Safari/537.36 (compatible; Googlebot/2.1; +http://www.google.com/bot.html)"
66.249.77.5 - - [04/Mar/2026:12:13:13 +0000] "GET /?r=vctcs275hmhie45373wuqsexdntj HTTP/1.1" 200 326964 "-" "Mozilla/5.0 (Linux; Android 6.0.1; Nexus 5X Build/MMB29P) AppleWebKit/537.36 (KHTML, like Gecko) Chrome/144.0.7559.132 Mobile Safari/537.36 (compatible; Googlebot/2.1; +http://www.google.com/bot.html)"
74.7.241.6 - - [04/Mar/2026:12:13:11 +0000] "GET /buy.php?detail/13104220841764 HTTP/1.1" 200 145020 "https://inception-blue.com/buy.php?detail/08800002737553" "Mozilla/5.0 AppleWebKit/537.36 (KHTML, like Gecko; compatible; GPTBot/1.3; +https://openai.com/gptbot)"
66.249.77.3 - - [04/Mar/2026:12:13:14 +0000] "GET /1125883199 HTTP/1.1" 200 313920 "-" "Mozilla/5.0 (Linux; Android 6.0.1; Nexus 5X Build/MMB29P) AppleWebKit/537.36 (KHTML, like Gecko) Chrome/144.0.7559.132 Mobile Safari/537.36 (compatible; Googlebot/2.1; +http://www.google.com/bot.html)"
66.249.77.3 - - [04/Mar/2026:12:13:15 +0000] "GET /?z=bvx62yb49742idxfrsipq HTTP/1.1" 200 314294 "-" "Mozilla/5.0 (Linux; Android 6.0.1; Nexus 5X Build/MMB29P) AppleWebKit/537.36 (KHTML, like Gecko) Chrome/144.0.7559.132 Mobile Safari/537.36 (compatible; Googlebot/2.1; +http://www.google.com/bot.html)"
66.249.77.3 - - [04/Mar/2026:12:13:16 +0000] "GET /?v=dkjq102ods29934xughpe HTTP/1.1" 200 331367 "-" "Mozilla/5.0 (Linux; Android 6.0.1; Nexus 5X Build/MMB29P) AppleWebKit/537.36 (KHTML, like Gecko) Chrome/144.0.7559.132 Mobile Safari/537.36 (compatible; Googlebot/2.1; +http://www.google.com/bot.html)"
66.249.77.6 - - [04/Mar/2026:12:13:16 +0000] "GET /?o=fujot76pwl35804gemmfngjq HTTP/1.1" 200 301584 "-" "Mozilla/5.0 (Linux; Android 6.0.1; Nexus 5X Build/MMB29P) AppleWebKit/537.36 (KHTML, like Gecko) Chrome/144.0.7559.132 Mobile Safari/537.36 (compatible; Googlebot/2.1; +http://www.google.com/bot.html)"
66.249.77.6 - - [04/Mar/2026:12:13:17 +0000] "GET /1129005984 HTTP/1.1" 200 300645 "-" "Mozilla/5.0 (Linux; Android 6.0.1; Nexus 5X Build/MMB29P) AppleWebKit/537.36 (KHTML, like Gecko) Chrome/144.0.7559.132 Mobile Safari/537.36 (compatible; Googlebot/2.1; +http://www.google.com/bot.html)"
74.7.241.6 - - [04/Mar/2026:12:13:15 +0000] "GET /buy.php?detail/26003233133765 HTTP/1.1" 200 160981 "https://inception-blue.com/buy.php?detail/07900535720657" "Mozilla/5.0 AppleWebKit/537.36 (KHTML, like Gecko; compatible; GPTBot/1.3; +https://openai.com/gptbot)"
66.249.77.6 - - [04/Mar/2026:12:13:18 +0000] "GET /?x=xay149ol48097ivgdkvzp HTTP/1.1" 200 302304 "-" "Mozilla/5.0 (Linux; Android 6.0.1; Nexus 5X Build/MMB29P) AppleWebKit/537.36 (KHTML, like Gecko) Chrome/144.0.7559.132 Mobile Safari/537.36 (compatible; Googlebot/2.1; +http://www.google.com/bot.html)"
66.249.77.4 - - [04/Mar/2026:12:13:19 +0000] "GET /1102579882 HTTP/1.1" 200 320283 "-" "Mozilla/5.0 (Linux; Android 6.0.1; Nexus 5X Build/MMB29P) AppleWebKit/537.36 (KHTML, like Gecko) Chrome/144.0.7559.132 Mobile Safari/537.36 (compatible; Googlebot/2.1; +http://www.google.com/bot.html)"
66.249.77.4 - - [04/Mar/2026:12:13:20 +0000] "GET /?z=kcus173zxkv28959movgfxs HTTP/1.1" 200 305772 "-" "Mozilla/5.0 (Linux; Android 6.0.1; Nexus 5X Build/MMB29P) AppleWebKit/537.36 (KHTML, like Gecko) Chrome/144.0.7559.132 Mobile Safari/537.36 (compatible; Googlebot/2.1; +http://www.google.com/bot.html)"
66.249.77.5 - - [04/Mar/2026:12:13:21 +0000] "GET /?g=suaq71s22917xdjpopp HTTP/1.1" 200 349626 "-" "Mozilla/5.0 (Linux; Android 6.0.1; Nexus 5X Build/MMB29P) AppleWebKit/537.36 (KHTML, like Gecko) Chrome/144.0.7559.132 Mobile Safari/537.36 (compatible; Googlebot/2.1; +http://www.google.com/bot.html)"
74.7.241.6 - - [04/Mar/2026:12:13:19 +0000] "GET /buy.php?detail/02200687754552 HTTP/1.1" 200 154053 "https://inception-blue.com/buy.php?detail/02200933721688" "Mozilla/5.0 AppleWebKit/537.36 (KHTML, like Gecko; compatible; GPTBot/1.3; +https://openai.com/gptbot)"
66.249.77.5 - - [04/Mar/2026:12:13:22 +0000] "GET /?c=glr35sz11737snnzxq HTTP/1.1" 200 301358 "-" "Mozilla/5.0 (Linux; Android 6.0.1; Nexus 5X Build/MMB29P) AppleWebKit/537.36 (KHTML, like Gecko) Chrome/144.0.7559.132 Mobile Safari/537.36 (compatible; Googlebot/2.1; +http://www.google.com/bot.html)"
66.249.77.6 - - [04/Mar/2026:12:13:23 +0000] "GET /?goods/048030527 HTTP/1.1" 200 303872 "-" "Mozilla/5.0 (Linux; Android 6.0.1; Nexus 5X Build/MMB29P) AppleWebKit/537.36 (KHTML, like Gecko) Chrome/144.0.7559.132 Mobile Safari/537.36 (compatible; Googlebot/2.1; +http://www.google.com/bot.html)"
66.249.77.5 - - [04/Mar/2026:12:13:23 +0000] "GET /1163327470 HTTP/1.1" 200 300181 "-" "Mozilla/5.0 (Linux; Android 6.0.1; Nexus 5X Build/MMB29P) AppleWebKit/537.36 (KHTML, like Gecko) Chrome/144.0.7559.132 Mobile Safari/537.36 (compatible; Googlebot/2.1; +http://www.google.com/bot.html)"
66.249.77.4 - - [04/Mar/2026:12:13:24 +0000] "GET /?detail/16904774051242 HTTP/1.1" 200 305530 "-" "Mozilla/5.0 (Linux; Android 6.0.1; Nexus 5X Build/MMB29P) AppleWebKit/537.36 (KHTML, like Gecko) Chrome/144.0.7559.132 Mobile Safari/537.36 (compatible; Googlebot/2.1; +http://www.google.com/bot.html)"
74.7.241.6 - - [04/Mar/2026:12:13:22 +0000] "GET /buy.php?detail/25904173403114 HTTP/1.1" 200 171006 "https://inception-blue.com/buy.php?detail/19200821088066" "Mozilla/5.0 AppleWebKit/537.36 (KHTML, like Gecko; compatible; GPTBot/1.3; +https://openai.com/gptbot)"
66.249.77.6 - - [04/Mar/2026:12:13:25 +0000] "GET /828623219 HTTP/1.1" 200 325669 "-" "Mozilla/5.0 (Linux; Android 6.0.1; Nexus 5X Build/MMB29P) AppleWebKit/537.36 (KHTML, like Gecko) Chrome/144.0.7559.132 Mobile Safari/537.36 (compatible; Googlebot/2.1; +http://www.google.com/bot.html)"
66.249.77.5 - - [04/Mar/2026:12:13:26 +0000] "GET /975061529 HTTP/1.1" 200 316779 "-" "Mozilla/5.0 (Linux; Android 6.0.1; Nexus 5X Build/MMB29P) AppleWebKit/537.36 (KHTML, like Gecko) Chrome/144.0.7559.132 Mobile Safari/537.36 (compatible; Googlebot/2.1; +http://www.google.com/bot.html)"
66.249.77.5 - - [04/Mar/2026:12:13:26 +0000] "GET /?f=rwg93viov12783jaujdzsvt HTTP/1.1" 200 301137 "-" "Mozilla/5.0 (Linux; Android 6.0.1; Nexus 5X Build/MMB29P) AppleWebKit/537.36 (KHTML, like Gecko) Chrome/144.0.7559.132 Mobile Safari/537.36 (compatible; Googlebot/2.1; +http://www.google.com/bot.html)"
66.249.77.5 - - [04/Mar/2026:12:13:27 +0000] "GET /?h=yznie18nsgk31312wdhkkkz HTTP/1.1" 200 350071 "-" "Mozilla/5.0 (Linux; Android 6.0.1; Nexus 5X Build/MMB29P) AppleWebKit/537.36 (KHTML, like Gecko) Chrome/144.0.7559.132 Mobile Safari/537.36 (compatible; Googlebot/2.1; +http://www.google.com/bot.html)"
66.249.77.3 - - [04/Mar/2026:12:13:28 +0000] "GET /?z=ahm296ptnl31736qiorkffgl HTTP/1.1" 200 311198 "-" "Mozilla/5.0 (Linux; Android 6.0.1; Nexus 5X Build/MMB29P) AppleWebKit/537.36 (KHTML, like Gecko) Chrome/144.0.7559.132 Mobile Safari/537.36 (compatible; Googlebot/2.1; +http://www.google.com/bot.html)"
66.249.77.4 - - [04/Mar/2026:12:13:28 +0000] "GET /?o=dsusz145hn13747npilxbvlez HTTP/1.1" 200 308234 "-" "Mozilla/5.0 (Linux; Android 6.0.1; Nexus 5X Build/MMB29P) AppleWebKit/537.36 (KHTML, like Gecko) Chrome/144.0.7559.132 Mobile Safari/537.36 (compatible; Googlebot/2.1; +http://www.google.com/bot.html)"
74.7.241.6 - - [04/Mar/2026:12:13:25 +0000] "GET /buy.php?detail/07600832315999 HTTP/1.1" 200 159106 "https://inception-blue.com/buy.php?detail/03201093844206" "Mozilla/5.0 AppleWebKit/537.36 (KHTML, like Gecko; compatible; GPTBot/1.3; +https://openai.com/gptbot)"
66.249.77.3 - - [04/Mar/2026:12:13:29 +0000] "GET /?g=kvf260cq22178bmqozafpi HTTP/1.1" 200 301099 "-" "Mozilla/5.0 (Linux; Android 6.0.1; Nexus 5X Build/MMB29P) AppleWebKit/537.36 (KHTML, like Gecko) Chrome/144.0.7559.132 Mobile Safari/537.36 (compatible; Googlebot/2.1; +http://www.google.com/bot.html)"
66.249.77.4 - - [04/Mar/2026:12:13:30 +0000] "GET /?goods/009032547 HTTP/1.1" 200 303055 "-" "Mozilla/5.0 (Linux; Android 6.0.1; Nexus 5X Build/MMB29P) AppleWebKit/537.36 (KHTML, like Gecko) Chrome/144.0.7559.132 Mobile Safari/537.36 (compatible; Googlebot/2.1; +http://www.google.com/bot.html)"
66.249.77.3 - - [04/Mar/2026:12:13:31 +0000] "GET /?b=mhiu293rptlx44657empvcyi HTTP/1.1" 200 305306 "-" "Mozilla/5.0 (Linux; Android 6.0.1; Nexus 5X Build/MMB29P) AppleWebKit/537.36 (KHTML, like Gecko) Chrome/144.0.7559.132 Mobile Safari/537.36 (compatible; Googlebot/2.1; +http://www.google.com/bot.html)"
66.249.77.6 - - [04/Mar/2026:12:13:31 +0000] "GET /?goods/165039949 HTTP/1.1" 200 307151 "-" "Mozilla/5.0 (Linux; Android 6.0.1; Nexus 5X Build/MMB29P) AppleWebKit/537.36 (KHTML, like Gecko) Chrome/144.0.7559.132 Mobile Safari/537.36 (compatible; Googlebot/2.1; +http://www.google.com/bot.html)"
66.249.77.4 - - [04/Mar/2026:12:13:32 +0000] "GET /?a=kuvq259iw17947pmrvhmixe HTTP/1.1" 200 308236 "-" "Mozilla/5.0 (Linux; Android 6.0.1; Nexus 5X Build/MMB29P) AppleWebKit/537.36 (KHTML, like Gecko) Chrome/144.0.7559.132 Mobile Safari/537.36 (compatible; Googlebot/2.1; +http://www.google.com/bot.html)"
66.249.77.4 - - [04/Mar/2026:12:13:33 +0000] "GET /?j=lqon205ui11939rwznhpyv HTTP/1.1" 200 317536 "-" "Mozilla/5.0 (Linux; Android 6.0.1; Nexus 5X Build/MMB29P) AppleWebKit/537.36 (KHTML, like Gecko) Chrome/144.0.7559.132 Mobile Safari/537.36 (compatible; Googlebot/2.1; +http://www.google.com/bot.html)"
74.7.241.6 - - [04/Mar/2026:12:13:30 +0000] "GET /buy.php?detail/03200836287749 HTTP/1.1" 200 167538 "https://inception-blue.com/buy.php?detail/03201057364193" "Mozilla/5.0 AppleWebKit/537.36 (KHTML, like Gecko; compatible; GPTBot/1.3; +https://openai.com/gptbot)"
66.249.77.3 - - [04/Mar/2026:12:13:34 +0000] "GET /23866779 HTTP/1.1" 200 301719 "-" "Mozilla/5.0 (Linux; Android 6.0.1; Nexus 5X Build/MMB29P) AppleWebKit/537.36 (KHTML, like Gecko) Chrome/145.0.7632.116 Mobile Safari/537.36 (compatible; Googlebot/2.1; +http://www.google.com/bot.html)"
66.249.77.4 - - [04/Mar/2026:12:13:35 +0000] "GET /?detail/25800281092097 HTTP/1.1" 200 332459 "-" "Mozilla/5.0 (Linux; Android 6.0.1; Nexus 5X Build/MMB29P) AppleWebKit/537.36 (KHTML, like Gecko) Chrome/144.0.7559.132 Mobile Safari/537.36 (compatible; Googlebot/2.1; +http://www.google.com/bot.html)"
66.249.77.5 - - [04/Mar/2026:12:13:37 +0000] "GET /?k=qiv89iy31353mphuwhv HTTP/1.1" 200 337091 "-" "Mozilla/5.0 (Linux; Android 6.0.1; Nexus 5X Build/MMB29P) AppleWebKit/537.36 (KHTML, like Gecko) Chrome/144.0.7559.132 Mobile Safari/537.36 (compatible; Googlebot/2.1; +http://www.google.com/bot.html)"
74.7.241.6 - - [04/Mar/2026:12:13:34 +0000] "GET /buy.php?detail/09802688543243 HTTP/1.1" 200 151269 "https://inception-blue.com/buy.php?detail/15901914620551" "Mozilla/5.0 AppleWebKit/537.36 (KHTML, like Gecko; compatible; GPTBot/1.3; +https://openai.com/gptbot)"
66.249.77.3 - - [04/Mar/2026:12:13:37 +0000] "GET /?z=nuz19iqbis1697qwrpbhjoja HTTP/1.1" 200 306859 "-" "Mozilla/5.0 (Linux; Android 6.0.1; Nexus 5X Build/MMB29P) AppleWebKit/537.36 (KHTML, like Gecko) Chrome/144.0.7559.132 Mobile Safari/537.36 (compatible; Googlebot/2.1; +http://www.google.com/bot.html)"
66.249.77.9 - - [04/Mar/2026:12:13:38 +0000] "GET /?m=jaxoh160fzcer30582kjoiuutizz HTTP/1.1" 200 301553 "-" "Mozilla/5.0 (Linux; Android 6.0.1; Nexus 5X Build/MMB29P) AppleWebKit/537.36 (KHTML, like Gecko) Chrome/144.0.7559.132 Mobile Safari/537.36 (compatible; Googlebot/2.1; +http://www.google.com/bot.html)"
66.249.77.5 - - [04/Mar/2026:12:13:39 +0000] "GET /?detail/0930000477868 HTTP/1.1" 200 315014 "-" "Mozilla/5.0 (Linux; Android 6.0.1; Nexus 5X Build/MMB29P) AppleWebKit/537.36 (KHTML, like Gecko) Chrome/144.0.7559.132 Mobile Safari/537.36 (compatible; GoogleOther)"
66.249.77.8 - - [04/Mar/2026:12:13:40 +0000] "GET /?y=bkiw2m26462obgfntirjq HTTP/1.1" 200 308811 "-" "Mozilla/5.0 (Linux; Android 6.0.1; Nexus 5X Build/MMB29P) AppleWebKit/537.36 (KHTML, like Gecko) Chrome/144.0.7559.132 Mobile Safari/537.36 (compatible; Googlebot/2.1; +http://www.google.com/bot.html)"
66.249.77.3 - - [04/Mar/2026:12:13:41 +0000] "GET /?l=vss202qq28036jzypulxqnl HTTP/1.1" 200 317670 "-" "Mozilla/5.0 (Linux; Android 6.0.1; Nexus 5X Build/MMB29P) AppleWebKit/537.36 (KHTML, like Gecko) Chrome/144.0.7559.132 Mobile Safari/537.36 (compatible; Googlebot/2.1; +http://www.google.com/bot.html)"
74.7.241.6 - - [04/Mar/2026:12:13:37 +0000] "GET /buy.php?detail/23604485235035 HTTP/1.1" 200 163229 "https://inception-blue.com/buy.php?detail/23600453612334" "Mozilla/5.0 AppleWebKit/537.36 (KHTML, like Gecko; compatible; GPTBot/1.3; +https://openai.com/gptbot)"
66.249.77.7 - - [04/Mar/2026:12:13:42 +0000] "GET /476259334 HTTP/1.1" 200 305179 "-" "Mozilla/5.0 (Linux; Android 6.0.1; Nexus 5X Build/MMB29P) AppleWebKit/537.36 (KHTML, like Gecko) Chrome/144.0.7559.132 Mobile Safari/537.36 (compatible; Googlebot/2.1; +http://www.google.com/bot.html)"
66.249.77.4 - - [04/Mar/2026:12:13:43 +0000] "GET /?jp/031008299.html HTTP/1.1" 200 318853 "-" "Mozilla/5.0 (Linux; Android 6.0.1; Nexus 5X Build/MMB29P) AppleWebKit/537.36 (KHTML, like Gecko) Chrome/144.0.7559.132 Mobile Safari/537.36 (compatible; Googlebot/2.1; +http://www.google.com/bot.html)"
66.249.77.3 - - [04/Mar/2026:12:13:43 +0000] "GET /?l=pmrji274y17344helymlrayd HTTP/1.1" 200 302359 "-" "Mozilla/5.0 (Linux; Android 6.0.1; Nexus 5X Build/MMB29P) AppleWebKit/537.36 (KHTML, like Gecko) Chrome/144.0.7559.132 Mobile Safari/537.36 (compatible; Googlebot/2.1; +http://www.google.com/bot.html)"
66.249.77.11 - - [04/Mar/2026:12:13:45 +0000] "GET /?g=tqe184xmgh19338nodaauwd HTTP/1.1" 200 311547 "-" "Mozilla/5.0 (Linux; Android 6.0.1; Nexus 5X Build/MMB29P) AppleWebKit/537.36 (KHTML, like Gecko) Chrome/144.0.7559.132 Mobile Safari/537.36 (compatible; Googlebot/2.1; +http://www.google.com/bot.html)"
66.249.77.5 - - [04/Mar/2026:12:13:46 +0000] "GET /?y=vgr286mpc35102rvwetv HTTP/1.1" 200 317610 "-" "Mozilla/5.0 (Linux; Android 6.0.1; Nexus 5X Build/MMB29P) AppleWebKit/537.36 (KHTML, like Gecko) Chrome/144.0.7559.132 Mobile Safari/537.36 (compatible; Googlebot/2.1; +http://www.google.com/bot.html)"
74.7.241.6 - - [04/Mar/2026:12:13:42 +0000] "GET /buy.php?detail/19204740136748 HTTP/1.1" 200 158665 "https://inception-blue.com/buy.php?detail/19204101280673" "Mozilla/5.0 AppleWebKit/537.36 (KHTML, like Gecko; compatible; GPTBot/1.3; +https://openai.com/gptbot)"
66.249.77.4 - - [04/Mar/2026:12:13:46 +0000] "GET /?g=wmmk117pp13251veysbwtolp HTTP/1.1" 200 334295 "-" "Mozilla/5.0 (Linux; Android 6.0.1; Nexus 5X Build/MMB29P) AppleWebKit/537.36 (KHTML, like Gecko) Chrome/144.0.7559.132 Mobile Safari/537.36 (compatible; Googlebot/2.1; +http://www.google.com/bot.html)"
66.249.77.3 - - [04/Mar/2026:12:13:47 +0000] "GET /1112181799 HTTP/1.1" 200 306170 "-" "Mozilla/5.0 (Linux; Android 6.0.1; Nexus 5X Build/MMB29P) AppleWebKit/537.36 (KHTML, like Gecko) Chrome/144.0.7559.132 Mobile Safari/537.36 (compatible; Googlebot/2.1; +http://www.google.com/bot.html)"
66.249.77.9 - - [04/Mar/2026:12:13:48 +0000] "GET /?j=ysiz229tjkno8529hyfpazi HTTP/1.1" 200 299507 "-" "Mozilla/5.0 (Linux; Android 6.0.1; Nexus 5X Build/MMB29P) AppleWebKit/537.36 (KHTML, like Gecko) Chrome/144.0.7559.132 Mobile Safari/537.36 (compatible; Googlebot/2.1; +http://www.google.com/bot.html)"
74.7.241.6 - - [04/Mar/2026:12:13:46 +0000] "GET /buy.php?detail/03201088049452 HTTP/1.1" 200 153096 "https://inception-blue.com/buy.php?detail/03200523942140" "Mozilla/5.0 AppleWebKit/537.36 (KHTML, like Gecko; compatible; GPTBot/1.3; +https://openai.com/gptbot)"
66.249.77.10 - - [04/Mar/2026:12:13:49 +0000] "GET /?goods/252023098 HTTP/1.1" 200 308366 "-" "Mozilla/5.0 (Linux; Android 6.0.1; Nexus 5X Build/MMB29P) AppleWebKit/537.36 (KHTML, like Gecko) Chrome/144.0.7559.132 Mobile Safari/537.36 (compatible; Googlebot/2.1; +http://www.google.com/bot.html)"
66.249.77.8 - - [04/Mar/2026:12:13:50 +0000] "GET /?g=xfk174cvxuw19754tfpxlx HTTP/1.1" 200 315615 "-" "Mozilla/5.0 (Linux; Android 6.0.1; Nexus 5X Build/MMB29P) AppleWebKit/537.36 (KHTML, like Gecko) Chrome/144.0.7559.132 Mobile Safari/537.36 (compatible; Googlebot/2.1; +http://www.google.com/bot.html)"
66.249.77.12 - - [04/Mar/2026:12:13:51 +0000] "GET /?g=ohyv119zm33955fkkmebll HTTP/1.1" 200 306144 "-" "Mozilla/5.0 (Linux; Android 6.0.1; Nexus 5X Build/MMB29P) AppleWebKit/537.36 (KHTML, like Gecko) Chrome/144.0.7559.132 Mobile Safari/537.36 (compatible; Googlebot/2.1; +http://www.google.com/bot.html)"
74.7.241.6 - - [04/Mar/2026:12:13:49 +0000] "GET /buy.php?detail/1870185228636 HTTP/1.1" 200 158995 "https://inception-blue.com/buy.php?detail/28100010047953" "Mozilla/5.0 AppleWebKit/537.36 (KHTML, like Gecko; compatible; GPTBot/1.3; +https://openai.com/gptbot)"
66.249.77.4 - - [04/Mar/2026:12:13:52 +0000] "GET /?n=nstuk143yo47045wcpvsmji HTTP/1.1" 200 301711 "-" "Mozilla/5.0 (Linux; Android 6.0.1; Nexus 5X Build/MMB29P) AppleWebKit/537.36 (KHTML, like Gecko) Chrome/144.0.7559.132 Mobile Safari/537.36 (compatible; Googlebot/2.1; +http://www.google.com/bot.html)"
66.249.77.6 - - [04/Mar/2026:12:13:53 +0000] "GET /?z=yzcx13rvnq20789otziuocsy HTTP/1.1" 200 303169 "-" "Mozilla/5.0 (Linux; Android 6.0.1; Nexus 5X Build/MMB29P) AppleWebKit/537.36 (KHTML, like Gecko) Chrome/144.0.7559.132 Mobile Safari/537.36 (compatible; Googlebot/2.1; +http://www.google.com/bot.html)"
66.249.77.4 - - [04/Mar/2026:12:13:54 +0000] "GET /?i=vgno131vz8753ltfhdzwoit HTTP/1.1" 200 309378 "-" "Mozilla/5.0 (Linux; Android 6.0.1; Nexus 5X Build/MMB29P) AppleWebKit/537.36 (KHTML, like Gecko) Chrome/144.0.7559.132 Mobile Safari/537.36 (compatible; Googlebot/2.1; +http://www.google.com/bot.html)"
66.249.77.7 - - [04/Mar/2026:12:13:55 +0000] "GET /?z=erdo227mzo31361zujvdw HTTP/1.1" 200 304695 "-" "Mozilla/5.0 (Linux; Android 6.0.1; Nexus 5X Build/MMB29P) AppleWebKit/537.36 (KHTML, like Gecko) Chrome/144.0.7559.132 Mobile Safari/537.36 (compatible; Googlebot/2.1; +http://www.google.com/bot.html)"
74.7.241.6 - - [04/Mar/2026:12:13:53 +0000] "GET /buy.php?detail/18900116064265 HTTP/1.1" 200 154268 "https://inception-blue.com/buy.php?detail/18902160234981" "Mozilla/5.0 AppleWebKit/537.36 (KHTML, like Gecko; compatible; GPTBot/1.3; +https://openai.com/gptbot)"
66.249.77.8 - - [04/Mar/2026:12:13:56 +0000] "GET /?a=cpcb65ksp3871ckbgcn HTTP/1.1" 200 303677 "-" "Mozilla/5.0 (Linux; Android 6.0.1; Nexus 5X Build/MMB29P) AppleWebKit/537.36 (KHTML, like Gecko) Chrome/144.0.7559.132 Mobile Safari/537.36 (compatible; Googlebot/2.1; +http://www.google.com/bot.html)"
66.249.77.6 - - [04/Mar/2026:12:13:56 +0000] "GET /1171127285 HTTP/1.1" 200 304232 "-" "Mozilla/5.0 (Linux; Android 6.0.1; Nexus 5X Build/MMB29P) AppleWebKit/537.36 (KHTML, like Gecko) Chrome/144.0.7559.132 Mobile Safari/537.36 (compatible; Googlebot/2.1; +http://www.google.com/bot.html)"
66.249.77.9 - - [04/Mar/2026:12:13:57 +0000] "GET /?a=noa196h31286vbgfbs HTTP/1.1" 200 302347 "-" "Mozilla/5.0 (Linux; Android 6.0.1; Nexus 5X Build/MMB29P) AppleWebKit/537.36 (KHTML, like Gecko) Chrome/144.0.7559.132 Mobile Safari/537.36 (compatible; Googlebot/2.1; +http://www.google.com/bot.html)"
74.7.241.6 - - [04/Mar/2026:12:13:55 +0000] "GET /buy.php?goods/178026504 HTTP/1.1" 200 145031 "https://inception-blue.com/buy.php?detail/26003233133765" "Mozilla/5.0 AppleWebKit/537.36 (KHTML, like Gecko; compatible; GPTBot/1.3; +https://openai.com/gptbot)"
66.249.77.5 - - [04/Mar/2026:12:13:58 +0000] "GET /1068296824 HTTP/1.1" 200 302588 "-" "Mozilla/5.0 (Linux; Android 6.0.1; Nexus 5X Build/MMB29P) AppleWebKit/537.36 (KHTML, like Gecko) Chrome/144.0.7559.132 Mobile Safari/537.36 (compatible; Googlebot/2.1; +http://www.google.com/bot.html)"
66.249.77.8 - - [04/Mar/2026:12:13:59 +0000] "GET /?v=ixx81llxxp17443kccsdw HTTP/1.1" 200 315272 "-" "Mozilla/5.0 (Linux; Android 6.0.1; Nexus 5X Build/MMB29P) AppleWebKit/537.36 (KHTML, like Gecko) Chrome/144.0.7559.132 Mobile Safari/537.36 (compatible; Googlebot/2.1; +http://www.google.com/bot.html)"
66.249.77.7 - - [04/Mar/2026:12:14:00 +0000] "GET /?g=ybu144yge1878raqwmis HTTP/1.1" 200 304790 "-" "Mozilla/5.0 (Linux; Android 6.0.1; Nexus 5X Build/MMB29P) AppleWebKit/537.36 (KHTML, like Gecko) Chrome/144.0.7559.132 Mobile Safari/537.36 (compatible; Googlebot/2.1; +http://www.google.com/bot.html)"
66.249.77.7 - - [04/Mar/2026:12:14:01 +0000] "GET /?g=qlvdm265p5733wvcvbgy HTTP/1.1" 200 300672 "-" "Mozilla/5.0 (Linux; Android 6.0.1; Nexus 5X Build/MMB29P) AppleWebKit/537.36 (KHTML, like Gecko) Chrome/144.0.7559.132 Mobile Safari/537.36 (compatible; Googlebot/2.1; +http://www.google.com/bot.html)"
74.7.241.6 - - [04/Mar/2026:12:13:58 +0000] "GET /buy.php?detail/02200586550275 HTTP/1.1" 200 153328 "https://inception-blue.com/buy.php?detail/02200687754552" "Mozilla/5.0 AppleWebKit/537.36 (KHTML, like Gecko; compatible; GPTBot/1.3; +https://openai.com/gptbot)"
66.249.77.5 - - [04/Mar/2026:12:14:02 +0000] "GET /w-w-m-nbm82202 HTTP/1.1" 200 309901 "-" "Mozilla/5.0 (Linux; Android 6.0.1; Nexus 5X Build/MMB29P) AppleWebKit/537.36 (KHTML, like Gecko) Chrome/144.0.7559.132 Mobile Safari/537.36 (compatible; Googlebot/2.1; +http://www.google.com/bot.html)"
66.249.77.10 - - [04/Mar/2026:12:14:02 +0000] "GET /?goods/003025964 HTTP/1.1" 200 306738 "-" "Mozilla/5.0 (Linux; Android 6.0.1; Nexus 5X Build/MMB29P) AppleWebKit/537.36 (KHTML, like Gecko) Chrome/144.0.7559.132 Mobile Safari/537.36 (compatible; Googlebot/2.1; +http://www.google.com/bot.html)"
66.249.77.9 - - [04/Mar/2026:12:14:03 +0000] "GET /?n=isg256mv37270ghywlnewhu HTTP/1.1" 200 296996 "-" "Mozilla/5.0 (Linux; Android 6.0.1; Nexus 5X Build/MMB29P) AppleWebKit/537.36 (KHTML, like Gecko) Chrome/144.0.7559.132 Mobile Safari/537.36 (compatible; Googlebot/2.1; +http://www.google.com/bot.html)"
66.249.77.6 - - [04/Mar/2026:12:14:04 +0000] "GET /?goods/264047974 HTTP/1.1" 200 305327 "-" "Mozilla/5.0 (Linux; Android 6.0.1; Nexus 5X Build/MMB29P) AppleWebKit/537.36 (KHTML, like Gecko) Chrome/144.0.7559.132 Mobile Safari/537.36 (compatible; Googlebot/2.1; +http://www.google.com/bot.html)"
74.7.241.6 - - [04/Mar/2026:12:14:02 +0000] "GET /buy.php?detail/07903239897849 HTTP/1.1" 200 160023 "https://inception-blue.com/buy.php?detail/26003233133765" "Mozilla/5.0 AppleWebKit/537.36 (KHTML, like Gecko; compatible; GPTBot/1.3; +https://openai.com/gptbot)"
66.249.77.8 - - [04/Mar/2026:12:14:05 +0000] "GET /?e=jjhef215rwlx3643tibmituya HTTP/1.1" 200 320259 "-" "Mozilla/5.0 (Linux; Android 6.0.1; Nexus 5X Build/MMB29P) AppleWebKit/537.36 (KHTML, like Gecko) Chrome/144.0.7559.132 Mobile Safari/537.36 (compatible; Googlebot/2.1; +http://www.google.com/bot.html)"
66.249.77.3 - - [04/Mar/2026:12:14:06 +0000] "GET /?detail/070012233809 HTTP/1.1" 200 328163 "-" "Mozilla/5.0 (Linux; Android 6.0.1; Nexus 5X Build/MMB29P) AppleWebKit/537.36 (KHTML, like Gecko) Chrome/144.0.7559.132 Mobile Safari/537.36 (compatible; Googlebot/2.1; +http://www.google.com/bot.html)"
66.249.77.6 - - [04/Mar/2026:12:14:06 +0000] "GET /?o=pdz28f492paegcu HTTP/1.1" 200 297311 "-" "Mozilla/5.0 (Linux; Android 6.0.1; Nexus 5X Build/MMB29P) AppleWebKit/537.36 (KHTML, like Gecko) Chrome/144.0.7559.132 Mobile Safari/537.36 (compatible; Googlebot/2.1; +http://www.google.com/bot.html)"
74.7.241.6 - - [04/Mar/2026:12:14:05 +0000] "GET /buy.php?detail/03001260824931 HTTP/1.1" 200 160719 "https://inception-blue.com/buy.php?detail/12301531729911" "Mozilla/5.0 AppleWebKit/537.36 (KHTML, like Gecko; compatible; GPTBot/1.3; +https://openai.com/gptbot)"
66.249.77.5 - - [04/Mar/2026:12:14:07 +0000] "GET /?z=bpvtk40w13512jyvbqiwzia HTTP/1.1" 200 304782 "-" "Mozilla/5.0 (Linux; Android 6.0.1; Nexus 5X Build/MMB29P) AppleWebKit/537.36 (KHTML, like Gecko) Chrome/144.0.7559.132 Mobile Safari/537.36 (compatible; Googlebot/2.1; +http://www.google.com/bot.html)"
66.249.77.4 - - [04/Mar/2026:12:14:08 +0000] "GET /1154190152 HTTP/1.1" 200 306358 "-" "Mozilla/5.0 (Linux; Android 6.0.1; Nexus 5X Build/MMB29P) AppleWebKit/537.36 (KHTML, like Gecko) Chrome/144.0.7559.132 Mobile Safari/537.36 (compatible; Googlebot/2.1; +http://www.google.com/bot.html)"
66.249.77.8 - - [04/Mar/2026:12:14:09 +0000] "GET /?b=aln107l2639czchnd HTTP/1.1" 200 317466 "-" "Mozilla/5.0 (Linux; Android 6.0.1; Nexus 5X Build/MMB29P) AppleWebKit/537.36 (KHTML, like Gecko) Chrome/144.0.7559.132 Mobile Safari/537.36 (compatible; Googlebot/2.1; +http://www.google.com/bot.html)"
74.7.241.6 - - [04/Mar/2026:12:14:07 +0000] "GET /buy.php?002000309.htm HTTP/1.1" 200 156742 "https://inception-blue.com/buy.php?m50714333552" "Mozilla/5.0 AppleWebKit/537.36 (KHTML, like Gecko; compatible; GPTBot/1.3; +https://openai.com/gptbot)"
66.249.77.8 - - [04/Mar/2026:12:14:10 +0000] "GET /1139999343 HTTP/1.1" 200 299530 "-" "Mozilla/5.0 (Linux; Android 6.0.1; Nexus 5X Build/MMB29P) AppleWebKit/537.36 (KHTML, like Gecko) Chrome/144.0.7559.132 Mobile Safari/537.36 (compatible; Googlebot/2.1; +http://www.google.com/bot.html)"
66.249.77.6 - - [04/Mar/2026:12:14:10 +0000] "GET /?z=ovuq198orgy46674sfvroauq HTTP/1.1" 200 335051 "-" "Mozilla/5.0 (Linux; Android 6.0.1; Nexus 5X Build/MMB29P) AppleWebKit/537.36 (KHTML, like Gecko) Chrome/144.0.7559.132 Mobile Safari/537.36 (compatible; Googlebot/2.1; +http://www.google.com/bot.html)"
66.249.77.5 - - [04/Mar/2026:12:14:11 +0000] "GET /?g=yonl108ubr19360bveqtihb HTTP/1.1" 200 314585 "-" "Mozilla/5.0 (Linux; Android 6.0.1; Nexus 5X Build/MMB29P) AppleWebKit/537.36 (KHTML, like Gecko) Chrome/144.0.7559.132 Mobile Safari/537.36 (compatible; Googlebot/2.1; +http://www.google.com/bot.html)"
66.249.77.3 - - [04/Mar/2026:12:14:12 +0000] "GET /?e=pryn141xn2997nxghuyjc HTTP/1.1" 200 299930 "-" "Mozilla/5.0 (Linux; Android 6.0.1; Nexus 5X Build/MMB29P) AppleWebKit/537.36 (KHTML, like Gecko) Chrome/144.0.7559.132 Mobile Safari/537.36 (compatible; Googlebot/2.1; +http://www.google.com/bot.html)"
74.7.241.6 - - [04/Mar/2026:12:14:10 +0000] "GET /buy.php?detail/27702507085715 HTTP/1.1" 200 156652 "https://inception-blue.com/buy.php?detail/09802688543243" "Mozilla/5.0 AppleWebKit/537.36 (KHTML, like Gecko; compatible; GPTBot/1.3; +https://openai.com/gptbot)"
66.249.77.3 - - [04/Mar/2026:12:14:13 +0000] "GET /?goods/059019425 HTTP/1.1" 200 302467 "-" "Mozilla/5.0 (Linux; Android 6.0.1; Nexus 5X Build/MMB29P) AppleWebKit/537.36 (KHTML, like Gecko) Chrome/144.0.7559.132 Mobile Safari/537.36 (compatible; Googlebot/2.1; +http://www.google.com/bot.html)"
66.249.77.5 - - [04/Mar/2026:12:14:13 +0000] "GET /?d=zct99lcej35943vpwegnatc HTTP/1.1" 200 322309 "-" "Mozilla/5.0 (Linux; Android 6.0.1; Nexus 5X Build/MMB29P) AppleWebKit/537.36 (KHTML, like Gecko) Chrome/144.0.7559.132 Mobile Safari/537.36 (compatible; Googlebot/2.1; +http://www.google.com/bot.html)"
66.249.77.5 - - [04/Mar/2026:12:14:14 +0000] "GET /?y=map181wlxe32321iphsczq HTTP/1.1" 200 302673 "-" "Mozilla/5.0 (Linux; Android 6.0.1; Nexus 5X Build/MMB29P) AppleWebKit/537.36 (KHTML, like Gecko) Chrome/144.0.7559.132 Mobile Safari/537.36 (compatible; Googlebot/2.1; +http://www.google.com/bot.html)"
66.249.77.3 - - [04/Mar/2026:12:14:15 +0000] "GET /?e=mhjva115ubvf19605filpamh HTTP/1.1" 200 313458 "-" "Mozilla/5.0 (Linux; Android 6.0.1; Nexus 5X Build/MMB29P) AppleWebKit/537.36 (KHTML, like Gecko) Chrome/144.0.7559.132 Mobile Safari/537.36 (compatible; GoogleOther)"
74.7.241.6 - - [04/Mar/2026:12:14:13 +0000] "GET /buy.php?detail/17602020630276 HTTP/1.1" 200 153459 "https://inception-blue.com/buy.php?detail/09802688543243" "Mozilla/5.0 AppleWebKit/537.36 (KHTML, like Gecko; compatible; GPTBot/1.3; +https://openai.com/gptbot)"
66.249.77.7 - - [04/Mar/2026:12:14:16 +0000] "GET /?z=jaxnb191n4833xfnozsu HTTP/1.1" 200 307744 "-" "Mozilla/5.0 (Linux; Android 6.0.1; Nexus 5X Build/MMB29P) AppleWebKit/537.36 (KHTML, like Gecko) Chrome/144.0.7559.132 Mobile Safari/537.36 (compatible; Googlebot/2.1; +http://www.google.com/bot.html)"
66.249.77.4 - - [04/Mar/2026:12:14:17 +0000] "GET /?jp/046004761.html HTTP/1.1" 200 305376 "-" "Mozilla/5.0 (Linux; Android 6.0.1; Nexus 5X Build/MMB29P) AppleWebKit/537.36 (KHTML, like Gecko) Chrome/144.0.7559.132 Mobile Safari/537.36 (compatible; Googlebot/2.1; +http://www.google.com/bot.html)"
66.249.77.5 - - [04/Mar/2026:12:14:17 +0000] "GET /?d=uqyze163gnip14399ynrrpqkclf HTTP/1.1" 200 319062 "-" "Mozilla/5.0 (Linux; Android 6.0.1; Nexus 5X Build/MMB29P) AppleWebKit/537.36 (KHTML, like Gecko) Chrome/144.0.7559.132 Mobile Safari/537.36 (compatible; Googlebot/2.1; +http://www.google.com/bot.html)"
66.249.77.6 - - [04/Mar/2026:12:14:18 +0000] "GET /?z=bxz80obngd45760oekabue HTTP/1.1" 200 316039 "-" "Mozilla/5.0 (Linux; Android 6.0.1; Nexus 5X Build/MMB29P) AppleWebKit/537.36 (KHTML, like Gecko) Chrome/144.0.7559.132 Mobile Safari/537.36 (compatible; Googlebot/2.1; +http://www.google.com/bot.html)"
74.7.241.6 - - [04/Mar/2026:12:14:16 +0000] "GET /buy.php?detail/26902809092884 HTTP/1.1" 200 153881 "https://inception-blue.com/buy.php?detail/19204740136748" "Mozilla/5.0 AppleWebKit/537.36 (KHTML, like Gecko; compatible; GPTBot/1.3; +https://openai.com/gptbot)"
66.249.77.3 - - [04/Mar/2026:12:14:19 +0000] "GET /?b=ocjo50vsk40844hdydeyg HTTP/1.1" 200 329344 "-" "Mozilla/5.0 (Linux; Android 6.0.1; Nexus 5X Build/MMB29P) AppleWebKit/537.36 (KHTML, like Gecko) Chrome/144.0.7559.132 Mobile Safari/537.36 (compatible; Googlebot/2.1; +http://www.google.com/bot.html)"
66.249.77.6 - - [04/Mar/2026:12:14:20 +0000] "GET /?g=mzrz210gf20468ofzxrhhl HTTP/1.1" 200 314079 "-" "Mozilla/5.0 (Linux; Android 6.0.1; Nexus 5X Build/MMB29P) AppleWebKit/537.36 (KHTML, like Gecko) Chrome/144.0.7559.132 Mobile Safari/537.36 (compatible; Googlebot/2.1; +http://www.google.com/bot.html)"
66.249.77.3 - - [04/Mar/2026:12:14:21 +0000] "GET /?g=lriis94vyyp22222rrloboo HTTP/1.1" 200 311924 "-" "Mozilla/5.0 (Linux; Android 6.0.1; Nexus 5X Build/MMB29P) AppleWebKit/537.36 (KHTML, like Gecko) Chrome/144.0.7559.132 Mobile Safari/537.36 (compatible; Googlebot/2.1; +http://www.google.com/bot.html)"
66.249.77.6 - - [04/Mar/2026:12:14:22 +0000] "GET /?w=bka5tsrq37659mwkvzjb HTTP/1.1" 200 306451 "-" "Mozilla/5.0 (Linux; Android 6.0.1; Nexus 5X Build/MMB29P) AppleWebKit/537.36 (KHTML, like Gecko) Chrome/144.0.7559.132 Mobile Safari/537.36 (compatible; Googlebot/2.1; +http://www.google.com/bot.html)"
66.249.77.3 - - [04/Mar/2026:12:14:22 +0000] "GET /?g=srwue233t6929cdkrlovzb HTTP/1.1" 200 304657 "-" "Mozilla/5.0 (Linux; Android 6.0.1; Nexus 5X Build/MMB29P) AppleWebKit/537.36 (KHTML, like Gecko) Chrome/144.0.7559.132 Mobile Safari/537.36 (compatible; Googlebot/2.1; +http://www.google.com/bot.html)"
74.7.241.6 - - [04/Mar/2026:12:14:19 +0000] "GET /buy.php?detail/03200170365406 HTTP/1.1" 200 154054 "https://inception-blue.com/buy.php?detail/03201088049452" "Mozilla/5.0 AppleWebKit/537.36 (KHTML, like Gecko; compatible; GPTBot/1.3; +https://openai.com/gptbot)"
66.249.77.3 - - [04/Mar/2026:12:14:23 +0000] "GET /?j=owp262te49350sqxkff HTTP/1.1" 200 310140 "-" "Mozilla/5.0 (Linux; Android 6.0.1; Nexus 5X Build/MMB29P) AppleWebKit/537.36 (KHTML, like Gecko) Chrome/144.0.7559.132 Mobile Safari/537.36 (compatible; Googlebot/2.1; +http://www.google.com/bot.html)"
66.249.77.7 - - [04/Mar/2026:12:14:24 +0000] "GET /1119336328 HTTP/1.1" 200 307891 "-" "Mozilla/5.0 (Linux; Android 6.0.1; Nexus 5X Build/MMB29P) AppleWebKit/537.36 (KHTML, like Gecko) Chrome/144.0.7559.132 Mobile Safari/537.36 (compatible; Googlebot/2.1; +http://www.google.com/bot.html)"
66.249.77.5 - - [04/Mar/2026:12:14:26 +0000] "GET /?i=nxeq126eb33040uepkise HTTP/1.1" 200 308661 "-" "Mozilla/5.0 (Linux; Android 6.0.1; Nexus 5X Build/MMB29P) AppleWebKit/537.36 (KHTML, like Gecko) Chrome/144.0.7559.132 Mobile Safari/537.36 (compatible; Googlebot/2.1; +http://www.google.com/bot.html)"
74.7.241.6 - - [04/Mar/2026:12:14:24 +0000] "GET /buy.php?detail/15300083822235 HTTP/1.1" 200 158087 "https://inception-blue.com/buy.php?detail/1870185228636" "Mozilla/5.0 AppleWebKit/537.36 (KHTML, like Gecko; compatible; GPTBot/1.3; +https://openai.com/gptbot)"
66.249.77.3 - - [04/Mar/2026:12:14:27 +0000] "GET /?g=ahew3jhxl21107qtmgivcea HTTP/1.1" 200 311322 "-" "Mozilla/5.0 (Linux; Android 6.0.1; Nexus 5X Build/MMB29P) AppleWebKit/537.36 (KHTML, like Gecko) Chrome/144.0.7559.132 Mobile Safari/537.36 (compatible; Googlebot/2.1; +http://www.google.com/bot.html)"
66.249.77.5 - - [04/Mar/2026:12:14:28 +0000] "GET /?t=ucjuf147lm14321azxesdm HTTP/1.1" 200 300881 "-" "Mozilla/5.0 (Linux; Android 6.0.1; Nexus 5X Build/MMB29P) AppleWebKit/537.36 (KHTML, like Gecko) Chrome/144.0.7559.132 Mobile Safari/537.36 (compatible; Googlebot/2.1; +http://www.google.com/bot.html)"
66.249.77.5 - - [04/Mar/2026:12:14:29 +0000] "GET /?g=ojnb122rg22482khszta HTTP/1.1" 200 322222 "-" "Mozilla/5.0 (Linux; Android 6.0.1; Nexus 5X Build/MMB29P) AppleWebKit/537.36 (KHTML, like Gecko) Chrome/144.0.7559.132 Mobile Safari/537.36 (compatible; Googlebot/2.1; +http://www.google.com/bot.html)"
66.249.77.8 - - [04/Mar/2026:12:14:29 +0000] "GET /?f=qvij229ej27489eijddqgc HTTP/1.1" 200 327250 "-" "Mozilla/5.0 (Linux; Android 6.0.1; Nexus 5X Build/MMB29P) AppleWebKit/537.36 (KHTML, like Gecko) Chrome/144.0.7559.132 Mobile Safari/537.36 (compatible; Googlebot/2.1; +http://www.google.com/bot.html)"
66.249.77.7 - - [04/Mar/2026:12:14:30 +0000] "GET /?h=acwad86izbgf8772yzeitg HTTP/1.1" 200 354652 "-" "Mozilla/5.0 (Linux; Android 6.0.1; Nexus 5X Build/MMB29P) AppleWebKit/537.36 (KHTML, like Gecko) Chrome/144.0.7559.132 Mobile Safari/537.36 (compatible; Googlebot/2.1; +http://www.google.com/bot.html)"
74.7.241.6 - - [04/Mar/2026:12:14:27 +0000] "GET /buy.php?detail/05703022575011 HTTP/1.1" 200 158056 "https://inception-blue.com/buy.php?detail/18900116064265" "Mozilla/5.0 AppleWebKit/537.36 (KHTML, like Gecko; compatible; GPTBot/1.3; +https://openai.com/gptbot)"
66.249.77.3 - - [04/Mar/2026:12:14:31 +0000] "GET /?jp/250009249.html HTTP/1.1" 200 317031 "-" "Mozilla/5.0 (Linux; Android 6.0.1; Nexus 5X Build/MMB29P) AppleWebKit/537.36 (KHTML, like Gecko) Chrome/144.0.7559.132 Mobile Safari/537.36 (compatible; Googlebot/2.1; +http://www.google.com/bot.html)"
66.249.77.4 - - [04/Mar/2026:12:14:32 +0000] "GET /?j=jqx110d42558ywkdwkxv HTTP/1.1" 200 306183 "-" "Mozilla/5.0 (Linux; Android 6.0.1; Nexus 5X Build/MMB29P) AppleWebKit/537.36 (KHTML, like Gecko) Chrome/144.0.7559.132 Mobile Safari/537.36 (compatible; Googlebot/2.1; +http://www.google.com/bot.html)"
66.249.77.3 - - [04/Mar/2026:12:14:33 +0000] "GET /?e=ahbo250ozavw13940tfzjfru HTTP/1.1" 200 303696 "-" "Mozilla/5.0 (Linux; Android 6.0.1; Nexus 5X Build/MMB29P) AppleWebKit/537.36 (KHTML, like Gecko) Chrome/144.0.7559.132 Mobile Safari/537.36 (compatible; Googlebot/2.1; +http://www.google.com/bot.html)"
66.249.77.4 - - [04/Mar/2026:12:14:34 +0000] "GET /?m=svc140dk26732ybgwosl HTTP/1.1" 200 300935 "-" "Mozilla/5.0 (Linux; Android 6.0.1; Nexus 5X Build/MMB29P) AppleWebKit/537.36 (KHTML, like Gecko) Chrome/144.0.7559.132 Mobile Safari/537.36 (compatible; Googlebot/2.1; +http://www.google.com/bot.html)"
66.249.77.5 - - [04/Mar/2026:12:14:34 +0000] "GET /?detail/0850429409244 HTTP/1.1" 200 320548 "-" "Mozilla/5.0 (Linux; Android 6.0.1; Nexus 5X Build/MMB29P) AppleWebKit/537.36 (KHTML, like Gecko) Chrome/144.0.7559.132 Mobile Safari/537.36 (compatible; Googlebot/2.1; +http://www.google.com/bot.html)"
74.7.241.6 - - [04/Mar/2026:12:14:31 +0000] "GET /buy.php?detail/23601858587107 HTTP/1.1" 200 158436 "https://inception-blue.com/buy.php?detail/23604485235035" "Mozilla/5.0 AppleWebKit/537.36 (KHTML, like Gecko; compatible; GPTBot/1.3; +https://openai.com/gptbot)"
66.249.77.8 - - [04/Mar/2026:12:14:35 +0000] "GET /?jp/184032554.html HTTP/1.1" 200 315970 "-" "Mozilla/5.0 (Linux; Android 6.0.1; Nexus 5X Build/MMB29P) AppleWebKit/537.36 (KHTML, like Gecko) Chrome/144.0.7559.132 Mobile Safari/537.36 (compatible; Googlebot/2.1; +http://www.google.com/bot.html)"
66.249.77.4 - - [04/Mar/2026:12:14:36 +0000] "GET /?c=lvue36k20974inhbcawcu HTTP/1.1" 200 301540 "-" "Mozilla/5.0 (Linux; Android 6.0.1; Nexus 5X Build/MMB29P) AppleWebKit/537.36 (KHTML, like Gecko) Chrome/144.0.7559.132 Mobile Safari/537.36 (compatible; Googlebot/2.1; +http://www.google.com/bot.html)"
66.249.77.8 - - [04/Mar/2026:12:14:37 +0000] "GET /?g=bst220z14960oqyqtap HTTP/1.1" 200 306800 "-" "Mozilla/5.0 (Linux; Android 6.0.1; Nexus 5X Build/MMB29P) AppleWebKit/537.36 (KHTML, like Gecko) Chrome/144.0.7559.132 Mobile Safari/537.36 (compatible; Googlebot/2.1; +http://www.google.com/bot.html)"
66.249.77.4 - - [04/Mar/2026:12:14:37 +0000] "GET /?v=gaguq171l43777jviuzyf HTTP/1.1" 200 314227 "-" "Mozilla/5.0 (Linux; Android 6.0.1; Nexus 5X Build/MMB29P) AppleWebKit/537.36 (KHTML, like Gecko) Chrome/144.0.7559.132 Mobile Safari/537.36 (compatible; Googlebot/2.1; +http://www.google.com/bot.html)"
74.7.241.6 - - [04/Mar/2026:12:14:35 +0000] "GET /buy.php?detail/03302053223735 HTTP/1.1" 200 154522 "https://inception-blue.com/buy.php?detail/23604485235035" "Mozilla/5.0 AppleWebKit/537.36 (KHTML, like Gecko; compatible; GPTBot/1.3; +https://openai.com/gptbot)"
66.249.77.9 - - [04/Mar/2026:12:14:38 +0000] "GET /?e=inqfp37b1033olksbyfgxz HTTP/1.1" 200 300467 "-" "Mozilla/5.0 (Linux; Android 6.0.1; Nexus 5X Build/MMB29P) AppleWebKit/537.36 (KHTML, like Gecko) Chrome/144.0.7559.132 Mobile Safari/537.36 (compatible; Googlebot/2.1; +http://www.google.com/bot.html)"
66.249.77.6 - - [04/Mar/2026:12:14:39 +0000] "GET /?o=bzi151j28979kcusthpcw HTTP/1.1" 200 304551 "-" "Mozilla/5.0 (Linux; Android 6.0.1; Nexus 5X Build/MMB29P) AppleWebKit/537.36 (KHTML, like Gecko) Chrome/144.0.7559.132 Mobile Safari/537.36 (compatible; Googlebot/2.1; +http://www.google.com/bot.html)"
66.249.77.6 - - [04/Mar/2026:12:14:39 +0000] "GET /?jp/068011397.html HTTP/1.1" 200 301794 "-" "Mozilla/5.0 (Linux; Android 6.0.1; Nexus 5X Build/MMB29P) AppleWebKit/537.36 (KHTML, like Gecko) Chrome/144.0.7559.132 Mobile Safari/537.36 (compatible; Googlebot/2.1; +http://www.google.com/bot.html)"
66.249.77.6 - - [04/Mar/2026:12:14:40 +0000] "GET /?a=wus75tag38145yonpleyg HTTP/1.1" 200 310973 "-" "Mozilla/5.0 (Linux; Android 6.0.1; Nexus 5X Build/MMB29P) AppleWebKit/537.36 (KHTML, like Gecko) Chrome/144.0.7559.132 Mobile Safari/537.36 (compatible; Googlebot/2.1; +http://www.google.com/bot.html)"
74.7.241.6 - - [04/Mar/2026:12:14:38 +0000] "GET /buy.php?detail/02003491141125 HTTP/1.1" 200 158397 "https://inception-blue.com/buy.php?detail/07903239897849" "Mozilla/5.0 AppleWebKit/537.36 (KHTML, like Gecko; compatible; GPTBot/1.3; +https://openai.com/gptbot)"
66.249.77.5 - - [04/Mar/2026:12:14:41 +0000] "GET /?goods/040018137 HTTP/1.1" 200 300227 "-" "Mozilla/5.0 (Linux; Android 6.0.1; Nexus 5X Build/MMB29P) AppleWebKit/537.36 (KHTML, like Gecko) Chrome/144.0.7559.132 Mobile Safari/537.36 (compatible; Googlebot/2.1; +http://www.google.com/bot.html)"
66.249.77.7 - - [04/Mar/2026:12:14:41 +0000] "GET /?detail/26701084074221 HTTP/1.1" 200 346118 "-" "Mozilla/5.0 (Linux; Android 6.0.1; Nexus 5X Build/MMB29P) AppleWebKit/537.36 (KHTML, like Gecko) Chrome/144.0.7559.132 Mobile Safari/537.36 (compatible; Googlebot/2.1; +http://www.google.com/bot.html)"
66.249.77.9 - - [04/Mar/2026:12:14:42 +0000] "GET /?g=mxfdo82ldkoy49870tbwmmafw HTTP/1.1" 200 310009 "-" "Mozilla/5.0 (Linux; Android 6.0.1; Nexus 5X Build/MMB29P) AppleWebKit/537.36 (KHTML, like Gecko) Chrome/144.0.7559.132 Mobile Safari/537.36 (compatible; Googlebot/2.1; +http://www.google.com/bot.html)"
66.249.77.7 - - [04/Mar/2026:12:14:43 +0000] "GET /?g=zpiew102zkty40170rculydnwj HTTP/1.1" 200 302932 "-" "Mozilla/5.0 (Linux; Android 6.0.1; Nexus 5X Build/MMB29P) AppleWebKit/537.36 (KHTML, like Gecko) Chrome/144.0.7559.132 Mobile Safari/537.36 (compatible; Googlebot/2.1; +http://www.google.com/bot.html)"
66.249.77.3 - - [04/Mar/2026:12:14:43 +0000] "GET /?f=rsxc44hrxf22916knrdyjft HTTP/1.1" 200 302043 "-" "Mozilla/5.0 (Linux; Android 6.0.1; Nexus 5X Build/MMB29P) AppleWebKit/537.36 (KHTML, like Gecko) Chrome/144.0.7559.132 Mobile Safari/537.36 (compatible; Googlebot/2.1; +http://www.google.com/bot.html)"
66.249.77.6 - - [04/Mar/2026:12:14:44 +0000] "GET /?x=qfy108d13250bcspruhrj HTTP/1.1" 200 318625 "-" "Mozilla/5.0 (Linux; Android 6.0.1; Nexus 5X Build/MMB29P) AppleWebKit/537.36 (KHTML, like Gecko) Chrome/144.0.7559.132 Mobile Safari/537.36 (compatible; Googlebot/2.1; +http://www.google.com/bot.html)"
74.7.241.6 - - [04/Mar/2026:12:14:41 +0000] "GET /buy.php?detail/03000619541904 HTTP/1.1" 200 160002 "https://inception-blue.com/buy.php?detail/03001260824931" "Mozilla/5.0 AppleWebKit/537.36 (KHTML, like Gecko; compatible; GPTBot/1.3; +https://openai.com/gptbot)"
66.249.77.7 - - [04/Mar/2026:12:14:45 +0000] "GET /?z=smt298gfw37150mouleoj HTTP/1.1" 200 304783 "-" "Mozilla/5.0 (Linux; Android 6.0.1; Nexus 5X Build/MMB29P) AppleWebKit/537.36 (KHTML, like Gecko) Chrome/144.0.7559.132 Mobile Safari/537.36 (compatible; Googlebot/2.1; +http://www.google.com/bot.html)"
66.249.77.6 - - [04/Mar/2026:12:14:46 +0000] "GET /?a=nzhk166yz38256ltkaad HTTP/1.1" 200 305829 "-" "Mozilla/5.0 (Linux; Android 6.0.1; Nexus 5X Build/MMB29P) AppleWebKit/537.36 (KHTML, like Gecko) Chrome/144.0.7559.132 Mobile Safari/537.36 (compatible; Googlebot/2.1; +http://www.google.com/bot.html)"
66.249.77.11 - - [04/Mar/2026:12:14:46 +0000] "GET /?c=kbkh291qvko19089avcphj HTTP/1.1" 200 303357 "-" "Mozilla/5.0 (Linux; Android 6.0.1; Nexus 5X Build/MMB29P) AppleWebKit/537.36 (KHTML, like Gecko) Chrome/144.0.7559.132 Mobile Safari/537.36 (compatible; Googlebot/2.1; +http://www.google.com/bot.html)"
66.249.77.5 - - [04/Mar/2026:12:14:47 +0000] "GET /?i=xrpic134vfilt45540euajveqlmp HTTP/1.1" 200 299691 "-" "Mozilla/5.0 (Linux; Android 6.0.1; Nexus 5X Build/MMB29P) AppleWebKit/537.36 (KHTML, like Gecko) Chrome/144.0.7559.132 Mobile Safari/537.36 (compatible; Googlebot/2.1; +http://www.google.com/bot.html)"
74.7.241.6 - - [04/Mar/2026:12:14:45 +0000] "GET /buy.php?goods/030006384 HTTP/1.1" 200 156849 "https://inception-blue.com/buy.php?detail/03001260824931" "Mozilla/5.0 AppleWebKit/537.36 (KHTML, like Gecko; compatible; GPTBot/1.3; +https://openai.com/gptbot)"
66.249.77.9 - - [04/Mar/2026:12:14:48 +0000] "GET /?goods/153048819 HTTP/1.1" 200 318936 "-" "Mozilla/5.0 (Linux; Android 6.0.1; Nexus 5X Build/MMB29P) AppleWebKit/537.36 (KHTML, like Gecko) Chrome/144.0.7559.132 Mobile Safari/537.36 (compatible; Googlebot/2.1; +http://www.google.com/bot.html)"
66.249.77.13 - - [04/Mar/2026:12:14:49 +0000] "GET /ag-8818-sx-1880-1 HTTP/1.1" 200 338085 "-" "Mozilla/5.0 (Linux; Android 6.0.1; Nexus 5X Build/MMB29P) AppleWebKit/537.36 (KHTML, like Gecko) Chrome/144.0.7559.132 Mobile Safari/537.36 (compatible; GoogleOther)"
66.249.77.6 - - [04/Mar/2026:12:14:49 +0000] "GET /?h=yqdyn263dvphw23055ugltygxe HTTP/1.1" 200 300417 "-" "Mozilla/5.0 (Linux; Android 6.0.1; Nexus 5X Build/MMB29P) AppleWebKit/537.36 (KHTML, like Gecko) Chrome/144.0.7559.132 Mobile Safari/537.36 (compatible; Googlebot/2.1; +http://www.google.com/bot.html)"
66.249.77.11 - - [04/Mar/2026:12:14:50 +0000] "GET /?r=gmke214v1072mruewcmpuq HTTP/1.1" 200 301233 "-" "Mozilla/5.0 (Linux; Android 6.0.1; Nexus 5X Build/MMB29P) AppleWebKit/537.36 (KHTML, like Gecko) Chrome/144.0.7559.132 Mobile Safari/537.36 (compatible; Googlebot/2.1; +http://www.google.com/bot.html)"
66.249.77.10 - - [04/Mar/2026:12:14:51 +0000] "GET /?detail/0770450055887 HTTP/1.1" 200 354827 "-" "Mozilla/5.0 (Linux; Android 6.0.1; Nexus 5X Build/MMB29P) AppleWebKit/537.36 (KHTML, like Gecko) Chrome/144.0.7559.132 Mobile Safari/537.36 (compatible; Googlebot/2.1; +http://www.google.com/bot.html)"
74.7.241.6 - - [04/Mar/2026:12:14:48 +0000] "GET /buy.php?detail/00200446933290 HTTP/1.1" 200 160091 "https://inception-blue.com/buy.php?002000309.htm" "Mozilla/5.0 AppleWebKit/537.36 (KHTML, like Gecko; compatible; GPTBot/1.3; +https://openai.com/gptbot)"
66.249.77.13 - - [04/Mar/2026:12:14:52 +0000] "GET /?jp/080020273.html HTTP/1.1" 200 302076 "-" "Mozilla/5.0 (Linux; Android 6.0.1; Nexus 5X Build/MMB29P) AppleWebKit/537.36 (KHTML, like Gecko) Chrome/144.0.7559.132 Mobile Safari/537.36 (compatible; Googlebot/2.1; +http://www.google.com/bot.html)"
66.249.77.7 - - [04/Mar/2026:12:14:52 +0000] "GET /?a=bufrj56f23754nosjoiiv HTTP/1.1" 200 322031 "-" "Mozilla/5.0 (Linux; Android 6.0.1; Nexus 5X Build/MMB29P) AppleWebKit/537.36 (KHTML, like Gecko) Chrome/144.0.7559.132 Mobile Safari/537.36 (compatible; Googlebot/2.1; +http://www.google.com/bot.html)"
66.249.77.3 - - [04/Mar/2026:12:14:53 +0000] "GET /?l=bcgvu250nsf7442hjxwkhrw HTTP/1.1" 200 302831 "-" "Mozilla/5.0 (Linux; Android 6.0.1; Nexus 5X Build/MMB29P) AppleWebKit/537.36 (KHTML, like Gecko) Chrome/144.0.7559.132 Mobile Safari/537.36 (compatible; Googlebot/2.1; +http://www.google.com/bot.html)"
66.249.77.13 - - [04/Mar/2026:12:14:54 +0000] "GET /?n=ign69bqz29385qgdtqfcryw HTTP/1.1" 200 335130 "-" "Mozilla/5.0 (Linux; Android 6.0.1; Nexus 5X Build/MMB29P) AppleWebKit/537.36 (KHTML, like Gecko) Chrome/144.0.7559.132 Mobile Safari/537.36 (compatible; Googlebot/2.1; +http://www.google.com/bot.html)"
66.249.77.12 - - [04/Mar/2026:12:14:55 +0000] "GET /?detail/246043903852 HTTP/1.1" 200 304778 "-" "Mozilla/5.0 (Linux; Android 6.0.1; Nexus 5X Build/MMB29P) AppleWebKit/537.36 (KHTML, like Gecko) Chrome/144.0.7559.132 Mobile Safari/537.36 (compatible; Googlebot/2.1; +http://www.google.com/bot.html)"
66.249.77.10 - - [04/Mar/2026:12:14:55 +0000] "GET /?detail/250015375103 HTTP/1.1" 200 300070 "-" "Mozilla/5.0 (Linux; Android 6.0.1; Nexus 5X Build/MMB29P) AppleWebKit/537.36 (KHTML, like Gecko) Chrome/144.0.7559.132 Mobile Safari/537.36 (compatible; Googlebot/2.1; +http://www.google.com/bot.html)"
