74.7.241.6 - - [04/Mar/2026:13:20:25 +0000] "GET /buy.php?detail/23300644943205 HTTP/1.1" 200 1 "https://inception-blue.com/buy.php?goods/215004365" "Mozilla/5.0 AppleWebKit/537.36 (KHTML, like Gecko; compatible; GPTBot/1.3; +https://openai.com/gptbot)"
66.249.77.7 - - [04/Mar/2026:13:21:29 +0000] "GET /?s=lli57qte42075sukanf HTTP/1.1" 200 324096 "-" "Mozilla/5.0 (Linux; Android 6.0.1; Nexus 5X Build/MMB29P) AppleWebKit/537.36 (KHTML, like Gecko) Chrome/144.0.7559.132 Mobile Safari/537.36 (compatible; GoogleOther)"
74.7.241.6 - - [04/Mar/2026:13:21:26 +0000] "GET /buy.php?jp/121040715.html HTTP/1.1" 200 164560 "https://inception-blue.com/buy.php?detail/26000822560448" "Mozilla/5.0 AppleWebKit/537.36 (KHTML, like Gecko; compatible; GPTBot/1.3; +https://openai.com/gptbot)"
44.209.35.147 - - [04/Mar/2026:13:21:31 +0000] "GET /search/feed/rss2/?dir=/home/inceptionblue/public_html/wp-admin/images&read=/home/inceptionblue/public_html/wp-admin/images/xit.gif HTTP/1.1" 200 13495 "-" "Mozilla/5.0 AppleWebKit/537.36 (KHTML, like Gecko; compatible; Amazonbot/0.1; +https://developer.amazon.com/support/amazonbot) Chrome/119.0.6045.214 Safari/537.36"
66.249.77.7 - - [04/Mar/2026:13:21:33 +0000] "GET /?t=rtzen147l9697mqhwar HTTP/1.1" 200 301345 "-" "Mozilla/5.0 (Linux; Android 6.0.1; Nexus 5X Build/MMB29P) AppleWebKit/537.36 (KHTML, like Gecko) Chrome/144.0.7559.132 Mobile Safari/537.36 (compatible; GoogleOther)"
74.7.241.6 - - [04/Mar/2026:13:21:31 +0000] "GET /buy.php?detail/26000210094866 HTTP/1.1" 200 154001 "https://inception-blue.com/buy.php?detail/26000822560448" "Mozilla/5.0 AppleWebKit/537.36 (KHTML, like Gecko; compatible; GPTBot/1.3; +https://openai.com/gptbot)"
3.210.29.96 - - [04/Mar/2026:13:21:35 +0000] "GET /search/feed/rss2/?dir=/home/inceptionblue/public_html/wp-includes/images&read=/home/inceptionblue/public_html/wp-includes/images/icon-pointer-flag-2x.png HTTP/1.1" 200 13573 "-" "Mozilla/5.0 AppleWebKit/537.36 (KHTML, like Gecko; compatible; Amazonbot/0.1; +https://developer.amazon.com/support/amazonbot) Chrome/119.0.6045.214 Safari/537.36"
66.249.77.7 - - [04/Mar/2026:13:21:36 +0000] "GET /?r=van31ge48787ekutysiehy HTTP/1.1" 200 301792 "-" "Mozilla/5.0 (Linux; Android 6.0.1; Nexus 5X Build/MMB29P) AppleWebKit/537.36 (KHTML, like Gecko) Chrome/144.0.7559.132 Mobile Safari/537.36 (compatible; GoogleOther)"
74.7.241.6 - - [04/Mar/2026:13:21:34 +0000] "GET /buy.php?detail/06401413750318 HTTP/1.1" 200 156147 "https://inception-blue.com/buy.php?detail/215006871653" "Mozilla/5.0 AppleWebKit/537.36 (KHTML, like Gecko; compatible; GPTBot/1.3; +https://openai.com/gptbot)"
34.196.6.199 - - [04/Mar/2026:13:21:40 +0000] "GET /search/feed/rss2/?dir=/home/inceptionblue/public_html/wp-admin/images&read=/home/inceptionblue/public_html/wp-admin/images/comment-grey-bubble-2x.png HTTP/1.1" 200 13552 "-" "Mozilla/5.0 AppleWebKit/537.36 (KHTML, like Gecko; compatible; Amazonbot/0.1; +https://developer.amazon.com/support/amazonbot) Chrome/119.0.6045.214 Safari/537.36"
74.7.241.6 - - [04/Mar/2026:13:21:38 +0000] "GET /buy.php?detail/20200178210152 HTTP/1.1" 200 153126 "https://inception-blue.com/buy.php?detail/19504876527619" "Mozilla/5.0 AppleWebKit/537.36 (KHTML, like Gecko; compatible; GPTBot/1.3; +https://openai.com/gptbot)"
98.82.63.147 - - [04/Mar/2026:13:21:43 +0000] "GET /search/feed/rss2/?dir=/home/inceptionblue/public_html/.well-known/MH_configs_20260301022336&read=/home/inceptionblue/public_html/.well-known/MH_configs_20260301022336/.htaccess HTTP/1.1" 200 13730 "-" "Mozilla/5.0 AppleWebKit/537.36 (KHTML, like Gecko; compatible; Amazonbot/0.1; +https://developer.amazon.com/support/amazonbot) Chrome/119.0.6045.214 Safari/537.36"
74.7.241.6 - - [04/Mar/2026:13:21:42 +0000] "GET /buy.php?detail/12603243994861 HTTP/1.1" 200 150907 "https://inception-blue.com/buy.php?detail/19504876527619" "Mozilla/5.0 AppleWebKit/537.36 (KHTML, like Gecko; compatible; GPTBot/1.3; +https://openai.com/gptbot)"
66.249.77.7 - - [04/Mar/2026:13:21:47 +0000] "GET /?x=ktad39fsbl1085ckaocyhaf HTTP/1.1" 200 350481 "-" "Mozilla/5.0 (Linux; Android 6.0.1; Nexus 5X Build/MMB29P) AppleWebKit/537.36 (KHTML, like Gecko) Chrome/144.0.7559.132 Mobile Safari/537.36 (compatible; GoogleOther)"
74.7.241.6 - - [04/Mar/2026:13:21:45 +0000] "GET /buy.php?detail/0460340794264 HTTP/1.1" 200 170113 "https://inception-blue.com/buy.php?goods/155036246" "Mozilla/5.0 AppleWebKit/537.36 (KHTML, like Gecko; compatible; GPTBot/1.3; +https://openai.com/gptbot)"
74.7.241.6 - - [04/Mar/2026:13:21:50 +0000] "GET /buy.php?detail/26000227722629 HTTP/1.1" 200 152678 "https://inception-blue.com/buy.php?detail/26000822560448" "Mozilla/5.0 AppleWebKit/537.36 (KHTML, like Gecko; compatible; GPTBot/1.3; +https://openai.com/gptbot)"
74.7.241.6 - - [04/Mar/2026:13:21:53 +0000] "GET /buy.php?detail/16204033839319 HTTP/1.1" 200 154036 "https://inception-blue.com/buy.php?detail/14703494017788" "Mozilla/5.0 AppleWebKit/537.36 (KHTML, like Gecko; compatible; GPTBot/1.3; +https://openai.com/gptbot)"
74.7.241.6 - - [04/Mar/2026:13:21:56 +0000] "GET /buy.php?detail/15100281757106 HTTP/1.1" 200 155993 "https://inception-blue.com/buy.php?detail/15100170882777" "Mozilla/5.0 AppleWebKit/537.36 (KHTML, like Gecko; compatible; GPTBot/1.3; +https://openai.com/gptbot)"
66.249.77.7 - - [04/Mar/2026:13:22:01 +0000] "GET /?x=nvy69ml24055wcfkctun HTTP/1.1" 200 312726 "-" "Mozilla/5.0 (Linux; Android 6.0.1; Nexus 5X Build/MMB29P) AppleWebKit/537.36 (KHTML, like Gecko) Chrome/144.0.7559.132 Mobile Safari/537.36 (compatible; GoogleOther)"
74.7.241.6 - - [04/Mar/2026:13:22:00 +0000] "GET /buy.php?goods/017042397 HTTP/1.1" 200 151812 "https://inception-blue.com/buy.php?detail/01704239747914" "Mozilla/5.0 AppleWebKit/537.36 (KHTML, like Gecko; compatible; GPTBot/1.3; +https://openai.com/gptbot)"
66.249.77.9 - - [04/Mar/2026:13:22:03 +0000] "GET /product/206007225 HTTP/1.1" 200 300224 "-" "Mozilla/5.0 (Linux; Android 6.0.1; Nexus 5X Build/MMB29P) AppleWebKit/537.36 (KHTML, like Gecko) Chrome/144.0.7559.132 Mobile Safari/537.36 (compatible; Googlebot/2.1; +http://www.google.com/bot.html)"
74.7.241.6 - - [04/Mar/2026:13:22:04 +0000] "GET /buy.php?detail/26803246934804 HTTP/1.1" 200 150742 "https://inception-blue.com/buy.php?detail/09201516515189" "Mozilla/5.0 AppleWebKit/537.36 (KHTML, like Gecko; compatible; GPTBot/1.3; +https://openai.com/gptbot)"
66.249.77.8 - - [04/Mar/2026:13:22:10 +0000] "GET /?h=ubgh215s35171vgrvnbsvw HTTP/1.1" 200 307868 "-" "Mozilla/5.0 (Linux; Android 6.0.1; Nexus 5X Build/MMB29P) AppleWebKit/537.36 (KHTML, like Gecko) Chrome/144.0.7559.132 Mobile Safari/537.36 (compatible; GoogleOther)"
74.7.241.6 - - [04/Mar/2026:13:22:08 +0000] "GET /buy.php?m75916164137 HTTP/1.1" 200 158322 "https://inception-blue.com/buy.php?jp/121040715.html" "Mozilla/5.0 AppleWebKit/537.36 (KHTML, like Gecko; compatible; GPTBot/1.3; +https://openai.com/gptbot)"
74.7.241.6 - - [04/Mar/2026:13:22:11 +0000] "GET /buy.php?detail/26000219636961 HTTP/1.1" 200 162633 "https://inception-blue.com/buy.php?detail/26000210094866" "Mozilla/5.0 AppleWebKit/537.36 (KHTML, like Gecko; compatible; GPTBot/1.3; +https://openai.com/gptbot)"
66.249.77.7 - - [04/Mar/2026:13:22:14 +0000] "GET /?a=qrz126veb42446ktoeoalwc HTTP/1.1" 200 309675 "-" "Mozilla/5.0 (Linux; Android 6.0.1; Nexus 5X Build/MMB29P) AppleWebKit/537.36 (KHTML, like Gecko) Chrome/144.0.7559.132 Mobile Safari/537.36 (compatible; GoogleOther)"
66.249.77.7 - - [04/Mar/2026:13:22:16 +0000] "GET /?m=nysm210jkc47470fdgpun HTTP/1.1" 200 304524 "-" "Mozilla/5.0 (Linux; Android 6.0.1; Nexus 5X Build/MMB29P) AppleWebKit/537.36 (KHTML, like Gecko) Chrome/144.0.7559.132 Mobile Safari/537.36 (compatible; Googlebot/2.1; +http://www.google.com/bot.html)"
74.7.241.6 - - [04/Mar/2026:13:22:14 +0000] "GET /buy.php?detail/12102381637837 HTTP/1.1" 200 156402 "https://inception-blue.com/buy.php?jp/121040715.html" "Mozilla/5.0 AppleWebKit/537.36 (KHTML, like Gecko; compatible; GPTBot/1.3; +https://openai.com/gptbot)"
66.249.77.7 - - [04/Mar/2026:13:22:18 +0000] "GET /?x=mxbyi109ij38831sboggja HTTP/1.1" 200 344115 "-" "Mozilla/5.0 (Linux; Android 6.0.1; Nexus 5X Build/MMB29P) AppleWebKit/537.36 (KHTML, like Gecko) Chrome/144.0.7559.132 Mobile Safari/537.36 (compatible; GoogleOther)"
74.7.241.6 - - [04/Mar/2026:13:22:18 +0000] "GET /buy.php?detail/13600033410211 HTTP/1.1" 200 152936 "https://inception-blue.com/buy.php?detail/20200178210152" "Mozilla/5.0 AppleWebKit/537.36 (KHTML, like Gecko; compatible; GPTBot/1.3; +https://openai.com/gptbot)"
66.249.77.7 - - [04/Mar/2026:13:22:22 +0000] "GET /?goods/120001278 HTTP/1.1" 200 320170 "-" "Mozilla/5.0 (Linux; Android 6.0.1; Nexus 5X Build/MMB29P) AppleWebKit/537.36 (KHTML, like Gecko) Chrome/144.0.7559.132 Mobile Safari/537.36 (compatible; GoogleOther)"
74.7.241.6 - - [04/Mar/2026:13:22:23 +0000] "GET /buy.php?detail/26602261781058 HTTP/1.1" 200 152321 "https://inception-blue.com/buy.php?jp/121040715.html" "Mozilla/5.0 AppleWebKit/537.36 (KHTML, like Gecko; compatible; GPTBot/1.3; +https://openai.com/gptbot)"
66.249.77.8 - - [04/Mar/2026:13:22:27 +0000] "GET /?f=tbs274jbonn28542jlccxeszgm HTTP/1.1" 200 311444 "-" "Mozilla/5.0 (Linux; Android 6.0.1; Nexus 5X Build/MMB29P) AppleWebKit/537.36 (KHTML, like Gecko) Chrome/144.0.7559.132 Mobile Safari/537.36 (compatible; GoogleOther)"
74.7.241.6 - - [04/Mar/2026:13:22:27 +0000] "GET /buy.php?detail/04600562370504 HTTP/1.1" 200 156635 "https://inception-blue.com/buy.php?detail/0460340794264" "Mozilla/5.0 AppleWebKit/537.36 (KHTML, like Gecko; compatible; GPTBot/1.3; +https://openai.com/gptbot)"
66.249.77.8 - - [04/Mar/2026:13:22:32 +0000] "GET /?l=zns233myqo46069bumdubklr HTTP/1.1" 200 308805 "-" "Mozilla/5.0 (Linux; Android 6.0.1; Nexus 5X Build/MMB29P) AppleWebKit/537.36 (KHTML, like Gecko) Chrome/144.0.7559.132 Mobile Safari/537.36 (compatible; GoogleOther)"
74.7.241.6 - - [04/Mar/2026:13:22:30 +0000] "GET /buy.php?detail/26000683676612 HTTP/1.1" 200 153564 "https://inception-blue.com/buy.php?detail/26000227722629" "Mozilla/5.0 AppleWebKit/537.36 (KHTML, like Gecko; compatible; GPTBot/1.3; +https://openai.com/gptbot)"
74.7.241.6 - - [04/Mar/2026:13:22:35 +0000] "GET /buy.php?detail/20200510479950 HTTP/1.1" 200 160228 "https://inception-blue.com/buy.php?detail/20200178210152" "Mozilla/5.0 AppleWebKit/537.36 (KHTML, like Gecko; compatible; GPTBot/1.3; +https://openai.com/gptbot)"
74.7.241.6 - - [04/Mar/2026:13:22:39 +0000] "GET /buy.php?detail/24803023948233 HTTP/1.1" 200 156923 "https://inception-blue.com/buy.php?jp/121040715.html" "Mozilla/5.0 AppleWebKit/537.36 (KHTML, like Gecko; compatible; GPTBot/1.3; +https://openai.com/gptbot)"
66.249.77.8 - - [04/Mar/2026:13:22:42 +0000] "GET /?f=llm277gqbld46353bwqpzpxxyn HTTP/1.1" 200 305842 "-" "Mozilla/5.0 (Linux; Android 6.0.1; Nexus 5X Build/MMB29P) AppleWebKit/537.36 (KHTML, like Gecko) Chrome/144.0.7559.132 Mobile Safari/537.36 (compatible; GoogleOther)"
74.7.241.6 - - [04/Mar/2026:13:22:42 +0000] "GET /buy.php?detail/01700301147165 HTTP/1.1" 200 153680 "https://inception-blue.com/buy.php?goods/017042397" "Mozilla/5.0 AppleWebKit/537.36 (KHTML, like Gecko; compatible; GPTBot/1.3; +https://openai.com/gptbot)"
66.249.77.8 - - [04/Mar/2026:13:22:47 +0000] "GET /?h=rvqxm88xd13638vmcieia HTTP/1.1" 200 308889 "-" "Mozilla/5.0 (Linux; Android 6.0.1; Nexus 5X Build/MMB29P) AppleWebKit/537.36 (KHTML, like Gecko) Chrome/144.0.7559.132 Mobile Safari/537.36 (compatible; Googlebot/2.1; +http://www.google.com/bot.html)"
66.249.77.8 - - [04/Mar/2026:13:22:48 +0000] "GET /product/288024411 HTTP/1.1" 200 300934 "-" "Mozilla/5.0 (Linux; Android 6.0.1; Nexus 5X Build/MMB29P) AppleWebKit/537.36 (KHTML, like Gecko) Chrome/144.0.7559.132 Mobile Safari/537.36 (compatible; Googlebot/2.1; +http://www.google.com/bot.html)"
74.7.241.6 - - [04/Mar/2026:13:22:46 +0000] "GET /buy.php?detail/26800003508951 HTTP/1.1" 200 145620 "https://inception-blue.com/buy.php?detail/26803246934804" "Mozilla/5.0 AppleWebKit/537.36 (KHTML, like Gecko; compatible; GPTBot/1.3; +https://openai.com/gptbot)"
74.7.241.6 - - [04/Mar/2026:13:22:49 +0000] "GET /buy.php?detail/06401187394601 HTTP/1.1" 200 155093 "https://inception-blue.com/buy.php?detail/06401413750318" "Mozilla/5.0 AppleWebKit/537.36 (KHTML, like Gecko; compatible; GPTBot/1.3; +https://openai.com/gptbot)"
66.249.77.8 - - [04/Mar/2026:13:22:52 +0000] "GET /product/161006558 HTTP/1.1" 200 302312 "-" "Mozilla/5.0 (Linux; Android 6.0.1; Nexus 5X Build/MMB29P) AppleWebKit/537.36 (KHTML, like Gecko) Chrome/144.0.7559.132 Mobile Safari/537.36 (compatible; Googlebot/2.1; +http://www.google.com/bot.html)"
74.7.241.6 - - [04/Mar/2026:13:22:52 +0000] "GET /buy.php?detail/20100231025608 HTTP/1.1" 200 155901 "https://inception-blue.com/buy.php?detail/26000219636961" "Mozilla/5.0 AppleWebKit/537.36 (KHTML, like Gecko; compatible; GPTBot/1.3; +https://openai.com/gptbot)"
66.249.77.7 - - [04/Mar/2026:13:22:55 +0000] "GET /?n=jvdgv230dhud5814dvmayyumh HTTP/1.1" 200 304086 "-" "Mozilla/5.0 (Linux; Android 6.0.1; Nexus 5X Build/MMB29P) AppleWebKit/537.36 (KHTML, like Gecko) Chrome/144.0.7559.132 Mobile Safari/537.36 (compatible; GoogleOther)"
74.7.241.6 - - [04/Mar/2026:13:22:55 +0000] "GET /buy.php?detail/12102780109038 HTTP/1.1" 200 155673 "https://inception-blue.com/buy.php?detail/12102381637837" "Mozilla/5.0 AppleWebKit/537.36 (KHTML, like Gecko; compatible; GPTBot/1.3; +https://openai.com/gptbot)"
66.249.77.8 - - [04/Mar/2026:13:22:59 +0000] "GET /?m=znwi71mi38633osvrdkzue HTTP/1.1" 200 302984 "-" "Mozilla/5.0 (Linux; Android 6.0.1; Nexus 5X Build/MMB29P) AppleWebKit/537.36 (KHTML, like Gecko) Chrome/144.0.7559.132 Mobile Safari/537.36 (compatible; Googlebot/2.1; +http://www.google.com/bot.html)"
74.7.241.6 - - [04/Mar/2026:13:22:58 +0000] "GET /buy.php?detail/19802101016948 HTTP/1.1" 200 156334 "https://inception-blue.com/buy.php?detail/15100281757106" "Mozilla/5.0 AppleWebKit/537.36 (KHTML, like Gecko; compatible; GPTBot/1.3; +https://openai.com/gptbot)"
66.249.77.7 - - [04/Mar/2026:13:23:03 +0000] "GET /?e=nhs300dom16632wqwcrwfvis HTTP/1.1" 200 312329 "-" "Mozilla/5.0 (Linux; Android 6.0.1; Nexus 5X Build/MMB29P) AppleWebKit/537.36 (KHTML, like Gecko) Chrome/144.0.7559.132 Mobile Safari/537.36 (compatible; GoogleOther)"
74.7.241.6 - - [04/Mar/2026:13:23:01 +0000] "GET /buy.php?detail/26601742704426 HTTP/1.1" 200 154574 "https://inception-blue.com/buy.php?detail/26602261781058" "Mozilla/5.0 AppleWebKit/537.36 (KHTML, like Gecko; compatible; GPTBot/1.3; +https://openai.com/gptbot)"
74.7.241.6 - - [04/Mar/2026:13:23:04 +0000] "GET /buy.php?detail/23901989521211 HTTP/1.1" 200 159794 "https://inception-blue.com/buy.php?detail/04600562370504" "Mozilla/5.0 AppleWebKit/537.36 (KHTML, like Gecko; compatible; GPTBot/1.3; +https://openai.com/gptbot)"
66.249.77.8 - - [04/Mar/2026:13:23:08 +0000] "GET /?detail/19904508717488 HTTP/1.1" 200 316708 "-" "Mozilla/5.0 (Linux; Android 6.0.1; Nexus 5X Build/MMB29P) AppleWebKit/537.36 (KHTML, like Gecko) Chrome/144.0.7559.132 Mobile Safari/537.36 (compatible; GoogleOther)"
74.7.241.6 - - [04/Mar/2026:13:23:07 +0000] "GET /buy.php?detail/26001808064669 HTTP/1.1" 200 155623 "https://inception-blue.com/buy.php?detail/26000683676612" "Mozilla/5.0 AppleWebKit/537.36 (KHTML, like Gecko; compatible; GPTBot/1.3; +https://openai.com/gptbot)"
66.249.77.7 - - [04/Mar/2026:13:23:11 +0000] "GET /?j=jwo69kzbto23195rbhxpn HTTP/1.1" 200 302674 "-" "Mozilla/5.0 (Linux; Android 6.0.1; Nexus 5X Build/MMB29P) AppleWebKit/537.36 (KHTML, like Gecko) Chrome/144.0.7559.132 Mobile Safari/537.36 (compatible; Googlebot/2.1; +http://www.google.com/bot.html)"
66.249.77.7 - - [04/Mar/2026:13:23:13 +0000] "GET /?n=trhzd218yklo5696buctsnli HTTP/1.1" 200 301220 "-" "Mozilla/5.0 (Linux; Android 6.0.1; Nexus 5X Build/MMB29P) AppleWebKit/537.36 (KHTML, like Gecko) Chrome/144.0.7559.132 Mobile Safari/537.36 (compatible; GoogleOther)"
74.7.241.6 - - [04/Mar/2026:13:23:10 +0000] "GET /buy.php?detail/20200677688060 HTTP/1.1" 200 160768 "https://inception-blue.com/buy.php?detail/20200510479950" "Mozilla/5.0 AppleWebKit/537.36 (KHTML, like Gecko; compatible; GPTBot/1.3; +https://openai.com/gptbot)"
74.7.241.6 - - [04/Mar/2026:13:23:14 +0000] "GET /buy.php?detail/24000155383963 HTTP/1.1" 200 156728 "https://inception-blue.com/buy.php?detail/24803023948233" "Mozilla/5.0 AppleWebKit/537.36 (KHTML, like Gecko; compatible; GPTBot/1.3; +https://openai.com/gptbot)"
66.249.77.7 - - [04/Mar/2026:13:23:18 +0000] "GET /?g=plsy190cya21882auuylsb HTTP/1.1" 200 326368 "-" "Mozilla/5.0 (Linux; Android 6.0.1; Nexus 5X Build/MMB29P) AppleWebKit/537.36 (KHTML, like Gecko) Chrome/144.0.7559.132 Mobile Safari/537.36 (compatible; GoogleOther)"
74.7.241.6 - - [04/Mar/2026:13:23:18 +0000] "GET /buy.php?detail/20502075038102 HTTP/1.1" 200 154737 "https://inception-blue.com/buy.php?detail/26000683676612" "Mozilla/5.0 AppleWebKit/537.36 (KHTML, like Gecko; compatible; GPTBot/1.3; +https://openai.com/gptbot)"
66.249.77.7 - - [04/Mar/2026:13:23:22 +0000] "GET /?goods/124035228 HTTP/1.1" 200 301611 "-" "Mozilla/5.0 (Linux; Android 6.0.1; Nexus 5X Build/MMB29P) AppleWebKit/537.36 (KHTML, like Gecko) Chrome/144.0.7559.132 Mobile Safari/537.36 (compatible; GoogleOther)"
74.7.241.6 - - [04/Mar/2026:13:23:21 +0000] "GET /buy.php?detail/05100021075591 HTTP/1.1" 200 155690 "https://inception-blue.com/buy.php?detail/26800003508951" "Mozilla/5.0 AppleWebKit/537.36 (KHTML, like Gecko; compatible; GPTBot/1.3; +https://openai.com/gptbot)"
66.249.77.8 - - [04/Mar/2026:13:23:27 +0000] "GET /?l=tyqlp5yp5763ekvqlzx HTTP/1.1" 200 307343 "-" "Mozilla/5.0 (Linux; Android 6.0.1; Nexus 5X Build/MMB29P) AppleWebKit/537.36 (KHTML, like Gecko) Chrome/144.0.7559.132 Mobile Safari/537.36 (compatible; GoogleOther)"
74.7.241.6 - - [04/Mar/2026:13:23:26 +0000] "GET /buy.php?jp/087043063.html HTTP/1.1" 200 153609 "https://inception-blue.com/buy.php?detail/06401187394601" "Mozilla/5.0 AppleWebKit/537.36 (KHTML, like Gecko; compatible; GPTBot/1.3; +https://openai.com/gptbot)"
74.7.241.6 - - [04/Mar/2026:13:23:29 +0000] "GET /buy.php?detail/26000084893311 HTTP/1.1" 200 164257 "https://inception-blue.com/buy.php?detail/26000210094866" "Mozilla/5.0 AppleWebKit/537.36 (KHTML, like Gecko; compatible; GPTBot/1.3; +https://openai.com/gptbot)"
74.7.241.6 - - [04/Mar/2026:13:23:32 +0000] "GET /buy.php?detail/12202962472078 HTTP/1.1" 200 153264 "https://inception-blue.com/buy.php?detail/12102780109038" "Mozilla/5.0 AppleWebKit/537.36 (KHTML, like Gecko; compatible; GPTBot/1.3; +https://openai.com/gptbot)"
66.249.77.7 - - [04/Mar/2026:13:23:36 +0000] "GET /?e=kba27sysak36915fpyqfs HTTP/1.1" 200 337504 "-" "Mozilla/5.0 (Linux; Android 6.0.1; Nexus 5X Build/MMB29P) AppleWebKit/537.36 (KHTML, like Gecko) Chrome/144.0.7559.132 Mobile Safari/537.36 (compatible; GoogleOther)"
74.7.241.6 - - [04/Mar/2026:13:23:36 +0000] "GET /buy.php?detail/19803882723386 HTTP/1.1" 200 151742 "https://inception-blue.com/buy.php?detail/19802101016948" "Mozilla/5.0 AppleWebKit/537.36 (KHTML, like Gecko; compatible; GPTBot/1.3; +https://openai.com/gptbot)"
66.249.77.7 - - [04/Mar/2026:13:23:42 +0000] "GET /?g=yyjyy77gyggo14523ennzfqces HTTP/1.1" 200 308534 "-" "Mozilla/5.0 (Linux; Android 6.0.1; Nexus 5X Build/MMB29P) AppleWebKit/537.36 (KHTML, like Gecko) Chrome/144.0.7559.132 Mobile Safari/537.36 (compatible; Googlebot/2.1; +http://www.google.com/bot.html)"
74.7.241.6 - - [04/Mar/2026:13:23:39 +0000] "GET /buy.php?detail/19802230744442 HTTP/1.1" 200 152886 "https://inception-blue.com/buy.php?detail/19802101016948" "Mozilla/5.0 AppleWebKit/537.36 (KHTML, like Gecko; compatible; GPTBot/1.3; +https://openai.com/gptbot)"
74.7.241.6 - - [04/Mar/2026:13:23:43 +0000] "GET /buy.php?detail/18402376492262 HTTP/1.1" 200 147084 "https://inception-blue.com/buy.php?detail/06401187394601" "Mozilla/5.0 AppleWebKit/537.36 (KHTML, like Gecko; compatible; GPTBot/1.3; +https://openai.com/gptbot)"
74.7.241.6 - - [04/Mar/2026:13:23:46 +0000] "GET /buy.php?goods/260010451 HTTP/1.1" 200 154755 "https://inception-blue.com/buy.php?detail/26001808064669" "Mozilla/5.0 AppleWebKit/537.36 (KHTML, like Gecko; compatible; GPTBot/1.3; +https://openai.com/gptbot)"
66.249.77.8 - - [04/Mar/2026:13:23:49 +0000] "GET /?x=ntzy191wf17129moibnvjl HTTP/1.1" 200 311083 "-" "Mozilla/5.0 (Linux; Android 6.0.1; Nexus 5X Build/MMB29P) AppleWebKit/537.36 (KHTML, like Gecko) Chrome/144.0.7559.132 Mobile Safari/537.36 (compatible; GoogleOther)"
74.7.241.6 - - [04/Mar/2026:13:23:49 +0000] "GET /buy.php?detail/26000986391401 HTTP/1.1" 200 154217 "https://inception-blue.com/buy.php?detail/26001808064669" "Mozilla/5.0 AppleWebKit/537.36 (KHTML, like Gecko; compatible; GPTBot/1.3; +https://openai.com/gptbot)"
66.249.77.7 - - [04/Mar/2026:13:23:54 +0000] "GET /?o=xvv57rrsri34827lflopd HTTP/1.1" 200 304845 "-" "Mozilla/5.0 (Linux; Android 6.0.1; Nexus 5X Build/MMB29P) AppleWebKit/537.36 (KHTML, like Gecko) Chrome/144.0.7559.132 Mobile Safari/537.36 (compatible; GoogleOther)"
74.7.241.6 - - [04/Mar/2026:13:23:52 +0000] "GET /buy.php?detail/24001631249794 HTTP/1.1" 200 153285 "https://inception-blue.com/buy.php?detail/24000155383963" "Mozilla/5.0 AppleWebKit/537.36 (KHTML, like Gecko; compatible; GPTBot/1.3; +https://openai.com/gptbot)"
66.249.77.8 - - [04/Mar/2026:13:23:55 +0000] "GET /?t=kslg211raqlh28053lkvjrj HTTP/1.1" 200 308849 "-" "Mozilla/5.0 (Linux; Android 6.0.1; Nexus 5X Build/MMB29P) AppleWebKit/537.36 (KHTML, like Gecko) Chrome/144.0.7559.132 Mobile Safari/537.36 (compatible; Googlebot/2.1; +http://www.google.com/bot.html)"
74.7.241.6 - - [04/Mar/2026:13:23:55 +0000] "GET /buy.php?detail/20504722453772 HTTP/1.1" 200 157210 "https://inception-blue.com/buy.php?detail/20502075038102" "Mozilla/5.0 AppleWebKit/537.36 (KHTML, like Gecko; compatible; GPTBot/1.3; +https://openai.com/gptbot)"
66.249.77.9 - - [04/Mar/2026:13:23:58 +0000] "GET /?g=jlitp249bg33901oqrfrlgvd HTTP/1.1" 200 314693 "-" "Mozilla/5.0 (Linux; Android 6.0.1; Nexus 5X Build/MMB29P) AppleWebKit/537.36 (KHTML, like Gecko) Chrome/144.0.7559.132 Mobile Safari/537.36 (compatible; GoogleOther)"
74.7.241.6 - - [04/Mar/2026:13:23:59 +0000] "GET /buy.php?detail/05100036985237 HTTP/1.1" 200 157887 "https://inception-blue.com/buy.php?detail/05100021075591" "Mozilla/5.0 AppleWebKit/537.36 (KHTML, like Gecko; compatible; GPTBot/1.3; +https://openai.com/gptbot)"
66.249.77.7 - - [04/Mar/2026:13:24:03 +0000] "GET /?z=qgt89rci41379npikoael HTTP/1.1" 200 301381 "-" "Mozilla/5.0 (Linux; Android 6.0.1; Nexus 5X Build/MMB29P) AppleWebKit/537.36 (KHTML, like Gecko) Chrome/144.0.7559.132 Mobile Safari/537.36 (compatible; GoogleOther)"
74.7.241.6 - - [04/Mar/2026:13:24:03 +0000] "GET /buy.php?detail/08204691484629 HTTP/1.1" 200 153195 "https://inception-blue.com/buy.php?detail/05100021075591" "Mozilla/5.0 AppleWebKit/537.36 (KHTML, like Gecko; compatible; GPTBot/1.3; +https://openai.com/gptbot)"
66.249.77.7 - - [04/Mar/2026:13:24:07 +0000] "GET /?l=jhta176nshvr2200bosayudzmc HTTP/1.1" 200 315956 "-" "Mozilla/5.0 (Linux; Android 6.0.1; Nexus 5X Build/MMB29P) AppleWebKit/537.36 (KHTML, like Gecko) Chrome/144.0.7559.132 Mobile Safari/537.36 (compatible; GoogleOther)"
74.7.241.6 - - [04/Mar/2026:13:24:07 +0000] "GET /buy.php?detail/22200659124896 HTTP/1.1" 200 166750 "https://inception-blue.com/buy.php?detail/26000084893311" "Mozilla/5.0 AppleWebKit/537.36 (KHTML, like Gecko; compatible; GPTBot/1.3; +https://openai.com/gptbot)"
74.7.241.6 - - [04/Mar/2026:13:24:11 +0000] "GET /buy.php?detail/12203436470234 HTTP/1.1" 200 154792 "https://inception-blue.com/buy.php?detail/12202962472078" "Mozilla/5.0 AppleWebKit/537.36 (KHTML, like Gecko; compatible; GPTBot/1.3; +https://openai.com/gptbot)"
66.249.77.7 - - [04/Mar/2026:13:24:17 +0000] "GET /?f=wezzc57ixxss38917mmrryojuh HTTP/1.1" 200 326602 "-" "Mozilla/5.0 (Linux; Android 6.0.1; Nexus 5X Build/MMB29P) AppleWebKit/537.36 (KHTML, like Gecko) Chrome/144.0.7559.132 Mobile Safari/537.36 (compatible; GoogleOther)"
74.7.241.6 - - [04/Mar/2026:13:24:15 +0000] "GET /buy.php?detail/07401509813504 HTTP/1.1" 200 154473 "https://inception-blue.com/buy.php?detail/20502075038102" "Mozilla/5.0 AppleWebKit/537.36 (KHTML, like Gecko; compatible; GPTBot/1.3; +https://openai.com/gptbot)"
74.7.241.6 - - [04/Mar/2026:13:24:19 +0000] "GET /buy.php?jp/174030659.html HTTP/1.1" 200 161192 "https://inception-blue.com/buy.php?detail/19802230744442" "Mozilla/5.0 AppleWebKit/537.36 (KHTML, like Gecko; compatible; GPTBot/1.3; +https://openai.com/gptbot)"
74.7.241.6 - - [04/Mar/2026:13:24:24 +0000] "GET /buy.php?detail/06601782383069 HTTP/1.1" 200 148105 "https://inception-blue.com/buy.php?detail/18402376492262" "Mozilla/5.0 AppleWebKit/537.36 (KHTML, like Gecko; compatible; GPTBot/1.3; +https://openai.com/gptbot)"
74.7.241.6 - - [04/Mar/2026:13:24:27 +0000] "GET /buy.php?detail/25600056587968 HTTP/1.1" 200 153661 "https://inception-blue.com/buy.php?goods/260010451" "Mozilla/5.0 AppleWebKit/537.36 (KHTML, like Gecko; compatible; GPTBot/1.3; +https://openai.com/gptbot)"
66.249.77.7 - - [04/Mar/2026:13:24:30 +0000] "GET /?l=ivbgp217yz19299wzfkqjtov HTTP/1.1" 200 329581 "-" "Mozilla/5.0 (Linux; Android 6.0.1; Nexus 5X Build/MMB29P) AppleWebKit/537.36 (KHTML, like Gecko) Chrome/144.0.7559.132 Mobile Safari/537.36 (compatible; GoogleOther)"
74.7.241.6 - - [04/Mar/2026:13:24:30 +0000] "GET /buy.php?detail/26003159008044 HTTP/1.1" 200 159321 "https://inception-blue.com/buy.php?goods/260010451" "Mozilla/5.0 AppleWebKit/537.36 (KHTML, like Gecko; compatible; GPTBot/1.3; +https://openai.com/gptbot)"
66.249.77.7 - - [04/Mar/2026:13:24:34 +0000] "GET /?jp/022035360.html HTTP/1.1" 200 303698 "-" "Mozilla/5.0 (Linux; Android 6.0.1; Nexus 5X Build/MMB29P) AppleWebKit/537.36 (KHTML, like Gecko) Chrome/144.0.7559.132 Mobile Safari/537.36 (compatible; GoogleOther)"
74.7.241.6 - - [04/Mar/2026:13:24:34 +0000] "GET /buy.php?detail/24000715977147 HTTP/1.1" 200 155331 "https://inception-blue.com/buy.php?detail/24001631249794" "Mozilla/5.0 AppleWebKit/537.36 (KHTML, like Gecko; compatible; GPTBot/1.3; +https://openai.com/gptbot)"
66.249.77.7 - - [04/Mar/2026:13:24:41 +0000] "GET /?f=ncgja219zl19587mwfkxthpqh HTTP/1.1" 200 300847 "-" "Mozilla/5.0 (Linux; Android 6.0.1; Nexus 5X Build/MMB29P) AppleWebKit/537.36 (KHTML, like Gecko) Chrome/144.0.7559.132 Mobile Safari/537.36 (compatible; GoogleOther)"
74.7.241.6 - - [04/Mar/2026:13:24:37 +0000] "GET /buy.php?detail/07300682592822 HTTP/1.1" 200 145960 "https://inception-blue.com/buy.php?detail/20504722453772" "Mozilla/5.0 AppleWebKit/537.36 (KHTML, like Gecko; compatible; GPTBot/1.3; +https://openai.com/gptbot)"
66.249.77.7 - - [04/Mar/2026:13:24:44 +0000] "GET /product/148044695 HTTP/1.1" 200 302738 "-" "Mozilla/5.0 (Linux; Android 6.0.1; Nexus 5X Build/MMB29P) AppleWebKit/537.36 (KHTML, like Gecko) Chrome/144.0.7559.132 Mobile Safari/537.36 (compatible; Googlebot/2.1; +http://www.google.com/bot.html)"
74.7.241.6 - - [04/Mar/2026:13:24:41 +0000] "GET /buy.php?detail/05100031509827 HTTP/1.1" 200 155342 "https://inception-blue.com/buy.php?detail/05100036985237" "Mozilla/5.0 AppleWebKit/537.36 (KHTML, like Gecko; compatible; GPTBot/1.3; +https://openai.com/gptbot)"
66.249.77.7 - - [04/Mar/2026:13:24:44 +0000] "GET /?b=olly5uusiq39875lczyfukjs HTTP/1.1" 200 309117 "-" "Mozilla/5.0 (Linux; Android 6.0.1; Nexus 5X Build/MMB29P) AppleWebKit/537.36 (KHTML, like Gecko) Chrome/144.0.7559.132 Mobile Safari/537.36 (compatible; Googlebot/2.1; +http://www.google.com/bot.html)"
66.249.77.8 - - [04/Mar/2026:13:24:45 +0000] "GET /?x=kbtse88tyml12588squbahbby HTTP/1.1" 200 302327 "-" "Mozilla/5.0 (Linux; Android 6.0.1; Nexus 5X Build/MMB29P) AppleWebKit/537.36 (KHTML, like Gecko) Chrome/144.0.7559.132 Mobile Safari/537.36 (compatible; GoogleOther)"
74.7.241.6 - - [04/Mar/2026:13:24:45 +0000] "GET /buy.php?detail/12102181410530 HTTP/1.1" 200 154564 "https://inception-blue.com/buy.php?detail/08204691484629" "Mozilla/5.0 AppleWebKit/537.36 (KHTML, like Gecko; compatible; GPTBot/1.3; +https://openai.com/gptbot)"
66.249.77.8 - - [04/Mar/2026:13:24:49 +0000] "GET /?r=fty266zlkzq29608pcdjpqnhil HTTP/1.1" 200 312163 "-" "Mozilla/5.0 (Linux; Android 6.0.1; Nexus 5X Build/MMB29P) AppleWebKit/537.36 (KHTML, like Gecko) Chrome/144.0.7559.132 Mobile Safari/537.36 (compatible; GoogleOther)"
66.249.77.8 - - [04/Mar/2026:13:24:52 +0000] "GET /?e=eeovn268bf31432emkgghpv HTTP/1.1" 200 316334 "-" "Mozilla/5.0 (Linux; Android 6.0.1; Nexus 5X Build/MMB29P) AppleWebKit/537.36 (KHTML, like Gecko) Chrome/144.0.7559.132 Mobile Safari/537.36 (compatible; GoogleOther)"
74.7.241.6 - - [04/Mar/2026:13:24:48 +0000] "GET /buy.php?detail/10500067390377 HTTP/1.1" 200 153139 "https://inception-blue.com/buy.php?detail/22200659124896" "Mozilla/5.0 AppleWebKit/537.36 (KHTML, like Gecko; compatible; GPTBot/1.3; +https://openai.com/gptbot)"
66.249.77.7 - - [04/Mar/2026:13:24:56 +0000] "GET /?c=makgs258iet49816yhwaxr HTTP/1.1" 200 305910 "-" "Mozilla/5.0 (Linux; Android 6.0.1; Nexus 5X Build/MMB29P) AppleWebKit/537.36 (KHTML, like Gecko) Chrome/144.0.7559.132 Mobile Safari/537.36 (compatible; GoogleOther)"
74.7.241.6 - - [04/Mar/2026:13:24:54 +0000] "GET /buy.php?detail/04903800016697 HTTP/1.1" 200 150108 "https://inception-blue.com/buy.php?detail/12203436470234" "Mozilla/5.0 AppleWebKit/537.36 (KHTML, like Gecko; compatible; GPTBot/1.3; +https://openai.com/gptbot)"
66.249.77.7 - - [04/Mar/2026:13:24:59 +0000] "GET /?b=fdap140p22604mvpaqqnvfv HTTP/1.1" 200 316506 "-" "Mozilla/5.0 (Linux; Android 6.0.1; Nexus 5X Build/MMB29P) AppleWebKit/537.36 (KHTML, like Gecko) Chrome/144.0.7559.132 Mobile Safari/537.36 (compatible; GoogleOther)"
74.7.241.6 - - [04/Mar/2026:13:24:58 +0000] "GET /buy.php?detail/20300368629136 HTTP/1.1" 200 156322 "https://inception-blue.com/buy.php?detail/22200659124896" "Mozilla/5.0 AppleWebKit/537.36 (KHTML, like Gecko; compatible; GPTBot/1.3; +https://openai.com/gptbot)"
74.7.241.6 - - [04/Mar/2026:13:25:00 +0000] "GET /buy.php?detail/12201287873394 HTTP/1.1" 200 154032 "https://inception-blue.com/buy.php?detail/12203436470234" "Mozilla/5.0 AppleWebKit/537.36 (KHTML, like Gecko; compatible; GPTBot/1.3; +https://openai.com/gptbot)"
74.7.241.6 - - [04/Mar/2026:13:25:04 +0000] "GET /buy.php?detail/28003145167015 HTTP/1.1" 200 169055 "https://inception-blue.com/buy.php?detail/26601742704426" "Mozilla/5.0 AppleWebKit/537.36 (KHTML, like Gecko; compatible; GPTBot/1.3; +https://openai.com/gptbot)"
74.7.241.6 - - [04/Mar/2026:13:25:07 +0000] "GET /buy.php?detail/07400229824315 HTTP/1.1" 200 154214 "https://inception-blue.com/buy.php?detail/07401509813504" "Mozilla/5.0 AppleWebKit/537.36 (KHTML, like Gecko; compatible; GPTBot/1.3; +https://openai.com/gptbot)"
74.7.241.6 - - [04/Mar/2026:13:25:10 +0000] "GET /buy.php?detail/14004122423710 HTTP/1.1" 200 151135 "https://inception-blue.com/buy.php?detail/06601782383069" "Mozilla/5.0 AppleWebKit/537.36 (KHTML, like Gecko; compatible; GPTBot/1.3; +https://openai.com/gptbot)"
74.7.241.6 - - [04/Mar/2026:13:25:13 +0000] "GET /buy.php?detail/24000806148852 HTTP/1.1" 200 152639 "https://inception-blue.com/buy.php?detail/24000715977147" "Mozilla/5.0 AppleWebKit/537.36 (KHTML, like Gecko; compatible; GPTBot/1.3; +https://openai.com/gptbot)"
66.249.77.7 - - [04/Mar/2026:13:25:11 +0000] "GET /?l=jmip55nqvnd48471zdnvgpi HTTP/1.1" 200 307262 "-" "Mozilla/5.0 (Linux; Android 6.0.1; Nexus 5X Build/MMB29P) AppleWebKit/537.36 (KHTML, like Gecko) Chrome/144.0.7559.132 Mobile Safari/537.36 (compatible; GoogleOther)"
159.223.142.74 - - [04/Mar/2026:13:25:16 +0000] "POST /wp-cron.php?doing_wp_cron=1772630716.0408930778503417968750 HTTP/1.1" 404 185455 "-" "WordPress/6.9.1; https://inception-blue.com"
52.73.6.26 - - [04/Mar/2026:13:25:15 +0000] "GET /wp-json/wp/v2/posts/1?dir=/run/dovecot/srv.imap-hibernate HTTP/1.1" 200 90879 "-" "Mozilla/5.0 AppleWebKit/537.36 (KHTML, like Gecko; compatible; Amazonbot/0.1; +https://developer.amazon.com/support/amazonbot) Chrome/119.0.6045.214 Safari/537.36"
74.7.241.6 - - [04/Mar/2026:13:25:16 +0000] "GET /buy.php?detail/25403402349794 HTTP/1.1" 200 167472 "https://inception-blue.com/buy.php?detail/07300682592822" "Mozilla/5.0 AppleWebKit/537.36 (KHTML, like Gecko; compatible; GPTBot/1.3; +https://openai.com/gptbot)"
3.212.205.90 - - [04/Mar/2026:13:25:19 +0000] "GET /wp-json/wp/v2/posts/1?dir=/var/spool/exim HTTP/1.1" 200 35200 "-" "Mozilla/5.0 AppleWebKit/537.36 (KHTML, like Gecko; compatible; Amazonbot/0.1; +https://developer.amazon.com/support/amazonbot) Chrome/119.0.6045.214 Safari/537.36"
74.7.241.6 - - [04/Mar/2026:13:25:19 +0000] "GET /buy.php?detail/01000721663387 HTTP/1.1" 200 152713 "https://inception-blue.com/buy.php?detail/05100031509827" "Mozilla/5.0 AppleWebKit/537.36 (KHTML, like Gecko; compatible; GPTBot/1.3; +https://openai.com/gptbot)"
3.214.176.44 - - [04/Mar/2026:13:25:23 +0000] "GET /wp-json/wp/v2/pages/2?dir=/var/lib/nfs/rpc_pipefs/portmap HTTP/1.1" 200 31144 "-" "Mozilla/5.0 AppleWebKit/537.36 (KHTML, like Gecko; compatible; Amazonbot/0.1; +https://developer.amazon.com/support/amazonbot) Chrome/119.0.6045.214 Safari/537.36"
66.249.77.7 - - [04/Mar/2026:13:25:24 +0000] "GET /?n=jylx156cod39454ypyreszxj HTTP/1.1" 200 307634 "-" "Mozilla/5.0 (Linux; Android 6.0.1; Nexus 5X Build/MMB29P) AppleWebKit/537.36 (KHTML, like Gecko) Chrome/144.0.7559.132 Mobile Safari/537.36 (compatible; GoogleOther)"
74.7.241.6 - - [04/Mar/2026:13:25:22 +0000] "GET /buy.php?detail/24601114746377 HTTP/1.1" 200 147606 "https://inception-blue.com/buy.php?detail/12102181410530" "Mozilla/5.0 AppleWebKit/537.36 (KHTML, like Gecko; compatible; GPTBot/1.3; +https://openai.com/gptbot)"
3.229.2.217 - - [04/Mar/2026:13:25:27 +0000] "GET /wp-json/wp/v2/pages/2?dir=/var/cache/dnf&read=/var/cache/dnf/imunify360-rollout-6-filenames.solvx HTTP/1.1" 200 27862 "-" "Mozilla/5.0 AppleWebKit/537.36 (KHTML, like Gecko; compatible; Amazonbot/0.1; +https://developer.amazon.com/support/amazonbot) Chrome/119.0.6045.214 Safari/537.36"
74.7.241.6 - - [04/Mar/2026:13:25:25 +0000] "GET /buy.php?detail/05603545231331 HTTP/1.1" 200 156334 "https://inception-blue.com/buy.php?detail/10500067390377" "Mozilla/5.0 AppleWebKit/537.36 (KHTML, like Gecko; compatible; GPTBot/1.3; +https://openai.com/gptbot)"
66.249.77.7 - - [04/Mar/2026:13:25:31 +0000] "GET /?z=hdi70yhe21866tpudddci HTTP/1.1" 200 298752 "-" "Mozilla/5.0 (Linux; Android 6.0.1; Nexus 5X Build/MMB29P) AppleWebKit/537.36 (KHTML, like Gecko) Chrome/144.0.7559.132 Mobile Safari/537.36 (compatible; GoogleOther)"
18.215.77.19 - - [04/Mar/2026:13:25:31 +0000] "GET /wp-json/wp/v2/pages/7?dir=/home/inceptionblue/public_html/wp-content/themes/astra/inc/builder/type/header/off-canvas&read=/home/inceptionblue/public_html/wp-content/themes/astra/inc/builder/type/header/off-canvas/class-astra-off-canvas-loader.php HTTP/1.1" 200 26776 "-" "Mozilla/5.0 AppleWebKit/537.36 (KHTML, like Gecko; compatible; Amazonbot/0.1; +https://developer.amazon.com/support/amazonbot) Chrome/119.0.6045.214 Safari/537.36"
74.7.241.6 - - [04/Mar/2026:13:25:30 +0000] "GET /buy.php?jp/068012190.html HTTP/1.1" 200 152573 "https://inception-blue.com/buy.php?detail/04903800016697" "Mozilla/5.0 AppleWebKit/537.36 (KHTML, like Gecko; compatible; GPTBot/1.3; +https://openai.com/gptbot)"
66.249.77.7 - - [04/Mar/2026:13:25:34 +0000] "GET /?t=vef133k49473jpipxh HTTP/1.1" 200 298532 "-" "Mozilla/5.0 (Linux; Android 6.0.1; Nexus 5X Build/MMB29P) AppleWebKit/537.36 (KHTML, like Gecko) Chrome/144.0.7559.132 Mobile Safari/537.36 (compatible; Googlebot/2.1; +http://www.google.com/bot.html)"
98.82.66.172 - - [04/Mar/2026:13:25:35 +0000] "GET /wp-json/wp/v2/posts/1?dir=/var/lib/dnf/repos HTTP/1.1" 200 35692 "-" "Mozilla/5.0 AppleWebKit/537.36 (KHTML, like Gecko; compatible; Amazonbot/0.1; +https://developer.amazon.com/support/amazonbot) Chrome/119.0.6045.214 Safari/537.36"
74.7.241.6 - - [04/Mar/2026:13:25:34 +0000] "GET /buy.php?detail/04204086116855 HTTP/1.1" 200 152581 "https://inception-blue.com/buy.php?detail/04903800016697" "Mozilla/5.0 AppleWebKit/537.36 (KHTML, like Gecko; compatible; GPTBot/1.3; +https://openai.com/gptbot)"
66.249.77.7 - - [04/Mar/2026:13:25:38 +0000] "GET /?o=aee282mmg37266dhhnyouf HTTP/1.1" 200 325472 "-" "Mozilla/5.0 (Linux; Android 6.0.1; Nexus 5X Build/MMB29P) AppleWebKit/537.36 (KHTML, like Gecko) Chrome/144.0.7559.132 Mobile Safari/537.36 (compatible; GoogleOther)"
52.5.242.243 - - [04/Mar/2026:13:25:39 +0000] "GET /wp-json/wp/v2/pages/2?dir=/home/inceptionblue/public_html/wp-content/plugins/astra-addon/classes/builder/assets/css/unminified HTTP/1.1" 200 36751 "-" "Mozilla/5.0 AppleWebKit/537.36 (KHTML, like Gecko; compatible; Amazonbot/0.1; +https://developer.amazon.com/support/amazonbot) Chrome/119.0.6045.214 Safari/537.36"
74.7.241.6 - - [04/Mar/2026:13:25:37 +0000] "GET /buy.php?detail/05302826129802 HTTP/1.1" 200 152956 "https://inception-blue.com/buy.php?detail/24000715977147" "Mozilla/5.0 AppleWebKit/537.36 (KHTML, like Gecko; compatible; GPTBot/1.3; +https://openai.com/gptbot)"
74.7.241.6 - - [04/Mar/2026:13:25:40 +0000] "GET /buy.php?detail/12201725986164 HTTP/1.1" 200 159480 "https://inception-blue.com/buy.php?detail/12201287873394" "Mozilla/5.0 AppleWebKit/537.36 (KHTML, like Gecko; compatible; GPTBot/1.3; +https://openai.com/gptbot)"
100.29.160.53 - - [04/Mar/2026:13:25:43 +0000] "GET /wp-json/wp/v2/pages/2?dir=/home/inceptionblue/public_html/wp-includes/css/dist/block-library&read=/home/inceptionblue/public_html/wp-includes/css/dist/block-library/editor-elements.min.css HTTP/1.1" 200 28635 "-" "Mozilla/5.0 AppleWebKit/537.36 (KHTML, like Gecko; compatible; Amazonbot/0.1; +https://developer.amazon.com/support/amazonbot) Chrome/119.0.6045.214 Safari/537.36"
66.249.77.7 - - [04/Mar/2026:13:25:44 +0000] "GET /?detail/208037827533 HTTP/1.1" 200 311801 "-" "Mozilla/5.0 (Linux; Android 6.0.1; Nexus 5X Build/MMB29P) AppleWebKit/537.36 (KHTML, like Gecko) Chrome/144.0.7559.132 Mobile Safari/537.36 (compatible; GoogleOther)"
66.249.77.7 - - [04/Mar/2026:13:25:46 +0000] "GET /?m=ata154waay47316aatrgxkvj HTTP/1.1" 200 305226 "-" "Mozilla/5.0 (Linux; Android 6.0.1; Nexus 5X Build/MMB29P) AppleWebKit/537.36 (KHTML, like Gecko) Chrome/144.0.7559.132 Mobile Safari/537.36 (compatible; Googlebot/2.1; +http://www.google.com/bot.html)"
74.7.241.6 - - [04/Mar/2026:13:25:44 +0000] "GET /buy.php?detail/13503501612582 HTTP/1.1" 200 166210 "https://inception-blue.com/buy.php?detail/07400229824315" "Mozilla/5.0 AppleWebKit/537.36 (KHTML, like Gecko; compatible; GPTBot/1.3; +https://openai.com/gptbot)"
34.202.88.37 - - [04/Mar/2026:13:25:47 +0000] "GET /wp-json/wp/v2/pages/2?dir=/home/inceptionblue/public_html/wp-content/plugins/astra-addon/addons/learndash/assets/css/unminified HTTP/1.1" 200 36773 "-" "Mozilla/5.0 AppleWebKit/537.36 (KHTML, like Gecko; compatible; Amazonbot/0.1; +https://developer.amazon.com/support/amazonbot) Chrome/119.0.6045.214 Safari/537.36"
74.7.241.6 - - [04/Mar/2026:13:25:47 +0000] "GET /buy.php?detail/15600898237801 HTTP/1.1" 200 145030 "https://inception-blue.com/buy.php?detail/12201287873394" "Mozilla/5.0 AppleWebKit/537.36 (KHTML, like Gecko; compatible; GPTBot/1.3; +https://openai.com/gptbot)"
66.249.77.8 - - [04/Mar/2026:13:25:50 +0000] "GET /?jp/009014693.html HTTP/1.1" 200 309431 "-" "Mozilla/5.0 (Linux; Android 6.0.1; Nexus 5X Build/MMB29P) AppleWebKit/537.36 (KHTML, like Gecko) Chrome/144.0.7559.132 Mobile Safari/537.36 (compatible; GoogleOther)"
54.225.81.20 - - [04/Mar/2026:13:25:51 +0000] "GET /wp-json/wp/v2/pages/2?dir=/home/inceptionblue/public_html/wp-content/plugins/google-site-kit/third-party/google/auth/src/Cache&read=/home/inceptionblue/public_html/wp-content/plugins/google-site-kit/third-party/google/auth/src/Cache/MemoryCacheItemPool.php HTTP/1.1" 200 32726 "-" "Mozilla/5.0 AppleWebKit/537.36 (KHTML, like Gecko; compatible; Amazonbot/0.1; +https://developer.amazon.com/support/amazonbot) Chrome/119.0.6045.214 Safari/537.36"
74.7.241.6 - - [04/Mar/2026:13:25:50 +0000] "GET /buy.php?detail/13501671560646 HTTP/1.1" 200 162599 "https://inception-blue.com/buy.php?detail/06601782383069" "Mozilla/5.0 AppleWebKit/537.36 (KHTML, like Gecko; compatible; GPTBot/1.3; +https://openai.com/gptbot)"
100.29.107.38 - - [04/Mar/2026:13:25:55 +0000] "GET /wp-json/wp/v2/pages/2?dir=/home/inceptionblue/public_html/wp-content/plugins/profile-builder/assets/js/select2/i18n&read=/home/inceptionblue/public_html/wp-content/plugins/profile-builder/assets/js/select2/i18n/et.js HTTP/1.1" 200 29851 "-" "Mozilla/5.0 AppleWebKit/537.36 (KHTML, like Gecko; compatible; Amazonbot/0.1; +https://developer.amazon.com/support/amazonbot) Chrome/119.0.6045.214 Safari/537.36"
66.249.77.7 - - [04/Mar/2026:13:25:56 +0000] "GET /1162904460 HTTP/1.1" 200 302339 "-" "Mozilla/5.0 (Linux; Android 6.0.1; Nexus 5X Build/MMB29P) AppleWebKit/537.36 (KHTML, like Gecko) Chrome/144.0.7559.132 Mobile Safari/537.36 (compatible; Googlebot/2.1; +http://www.google.com/bot.html)"
66.249.77.7 - - [04/Mar/2026:13:25:57 +0000] "GET /?v=ektyh147shd43659cxmtvcpv HTTP/1.1" 200 308532 "-" "Mozilla/5.0 (Linux; Android 6.0.1; Nexus 5X Build/MMB29P) AppleWebKit/537.36 (KHTML, like Gecko) Chrome/144.0.7559.132 Mobile Safari/537.36 (compatible; GoogleOther)"
74.7.241.6 - - [04/Mar/2026:13:25:53 +0000] "GET /buy.php?detail/15100234474535 HTTP/1.1" 200 157973 "https://inception-blue.com/buy.php?detail/15100281757106" "Mozilla/5.0 AppleWebKit/537.36 (KHTML, like Gecko; compatible; GPTBot/1.3; +https://openai.com/gptbot)"
66.249.77.7 - - [04/Mar/2026:13:25:58 +0000] "GET /?g=pqhs240tcen48084wktiitdy HTTP/1.1" 200 306404 "-" "Mozilla/5.0 (Linux; Android 6.0.1; Nexus 5X Build/MMB29P) AppleWebKit/537.36 (KHTML, like Gecko) Chrome/144.0.7559.132 Mobile Safari/537.36 (compatible; Googlebot/2.1; +http://www.google.com/bot.html)"
18.209.201.119 - - [04/Mar/2026:13:25:59 +0000] "GET /wp-json/wp/v2/pages/2?dir=/home/inceptionblue/public_html/wp-content/plugins/astra-sites/inc/classes/compatibility/uabb HTTP/1.1" 200 34690 "-" "Mozilla/5.0 AppleWebKit/537.36 (KHTML, like Gecko; compatible; Amazonbot/0.1; +https://developer.amazon.com/support/amazonbot) Chrome/119.0.6045.214 Safari/537.36"
74.7.241.6 - - [04/Mar/2026:13:25:58 +0000] "GET /buy.php?detail/10903083421239 HTTP/1.1" 200 167002 "https://inception-blue.com/buy.php?detail/05100036985237" "Mozilla/5.0 AppleWebKit/537.36 (KHTML, like Gecko; compatible; GPTBot/1.3; +https://openai.com/gptbot)"
66.249.77.7 - - [04/Mar/2026:13:26:02 +0000] "GET /?n=mhj179ct40033eugfmw HTTP/1.1" 200 301358 "-" "Mozilla/5.0 (Linux; Android 6.0.1; Nexus 5X Build/MMB29P) AppleWebKit/537.36 (KHTML, like Gecko) Chrome/144.0.7559.132 Mobile Safari/537.36 (compatible; GoogleOther)"
34.194.226.74 - - [04/Mar/2026:13:26:03 +0000] "GET /wp-json/wp/v2/pages/2?dir=/home/inceptionblue/public_html/wp-content/plugins/google-site-kit/third-party/guzzlehttp/promises/src&read=/home/inceptionblue/public_html/wp-content/plugins/google-site-kit/third-party/guzzlehttp/promises/src/AggregateException.php HTTP/1.1" 200 29592 "-" "Mozilla/5.0 AppleWebKit/537.36 (KHTML, like Gecko; compatible; Amazonbot/0.1; +https://developer.amazon.com/support/amazonbot) Chrome/119.0.6045.214 Safari/537.36"
74.7.241.6 - - [04/Mar/2026:13:26:02 +0000] "GET /buy.php?detail/26101406523041 HTTP/1.1" 200 163126 "https://inception-blue.com/buy.php?detail/19802230744442" "Mozilla/5.0 AppleWebKit/537.36 (KHTML, like Gecko; compatible; GPTBot/1.3; +https://openai.com/gptbot)"
54.92.171.106 - - [04/Mar/2026:13:26:07 +0000] "GET /wp-json/wp/v2/pages/2?dir=/home/inceptionblue/public_html/wp-content/plugins/google-site-kit/third-party/google/apiclient-services/src/Analytics&read=/home/inceptionblue/public_html/wp-content/plugins/google-site-kit/third-party/google/apiclient-services/src/Analytics/AnalyticsDataimportDeleteUploadDataRequest.php HTTP/1.1" 200 31125 "-" "Mozilla/5.0 AppleWebKit/537.36 (KHTML, like Gecko; compatible; Amazonbot/0.1; +https://developer.amazon.com/support/amazonbot) Chrome/119.0.6045.214 Safari/537.36"
66.249.77.7 - - [04/Mar/2026:13:26:08 +0000] "GET /?h=ktjr1zlb23455zxflcnmte HTTP/1.1" 200 309423 "-" "Mozilla/5.0 (Linux; Android 6.0.1; Nexus 5X Build/MMB29P) AppleWebKit/537.36 (KHTML, like Gecko) Chrome/144.0.7559.132 Mobile Safari/537.36 (compatible; GoogleOther)"
74.7.241.6 - - [04/Mar/2026:13:26:07 +0000] "GET /buy.php?detail/05600438238050 HTTP/1.1" 200 167014 "https://inception-blue.com/buy.php?detail/05603545231331" "Mozilla/5.0 AppleWebKit/537.36 (KHTML, like Gecko; compatible; GPTBot/1.3; +https://openai.com/gptbot)"
44.218.6.93 - - [04/Mar/2026:13:26:11 +0000] "GET /wp-json/wp/v2/pages/2?dir=/home/inceptionblue/public_html/wp-content/plugins/wordpress-seo/src/helpers&read=/home/inceptionblue/public_html/wp-content/plugins/wordpress-seo/src/helpers/redirect-helper.php HTTP/1.1" 200 30474 "-" "Mozilla/5.0 AppleWebKit/537.36 (KHTML, like Gecko; compatible; Amazonbot/0.1; +https://developer.amazon.com/support/amazonbot) Chrome/119.0.6045.214 Safari/537.36"
74.7.241.6 - - [04/Mar/2026:13:26:10 +0000] "GET /buy.php?detail/07802152685804 HTTP/1.1" 200 157003 "https://inception-blue.com/buy.php?jp/068012190.html" "Mozilla/5.0 AppleWebKit/537.36 (KHTML, like Gecko; compatible; GPTBot/1.3; +https://openai.com/gptbot)"
44.223.116.149 - - [04/Mar/2026:13:26:15 +0000] "GET /wp-json/wp/v2/pages/2?dir=/home/inceptionblue/public_html/wp-content/plugins/astra-sites/inc/classes/compatibility/checkout-plugins-stripe-woo HTTP/1.1" 200 35117 "-" "Mozilla/5.0 AppleWebKit/537.36 (KHTML, like Gecko; compatible; Amazonbot/0.1; +https://developer.amazon.com/support/amazonbot) Chrome/119.0.6045.214 Safari/537.36"
74.7.241.6 - - [04/Mar/2026:13:26:13 +0000] "GET /buy.php?jp/042005666.html HTTP/1.1" 200 154365 "https://inception-blue.com/buy.php?detail/04204086116855" "Mozilla/5.0 AppleWebKit/537.36 (KHTML, like Gecko; compatible; GPTBot/1.3; +https://openai.com/gptbot)"
74.7.241.6 - - [04/Mar/2026:13:26:16 +0000] "GET /buy.php?detail/24803839859934 HTTP/1.1" 200 163817 "https://inception-blue.com/buy.php?detail/05302826129802" "Mozilla/5.0 AppleWebKit/537.36 (KHTML, like Gecko; compatible; GPTBot/1.3; +https://openai.com/gptbot)"
66.249.77.7 - - [04/Mar/2026:13:26:18 +0000] "GET /1145930787 HTTP/1.1" 200 304360 "-" "Mozilla/5.0 (Linux; Android 6.0.1; Nexus 5X Build/MMB29P) AppleWebKit/537.36 (KHTML, like Gecko) Chrome/144.0.7559.132 Mobile Safari/537.36 (compatible; GoogleOther)"
159.223.142.74 - - [04/Mar/2026:13:26:20 +0000] "POST /wp-cron.php?doing_wp_cron=1772630780.0692079067230224609375 HTTP/1.1" 404 185455 "-" "WordPress/6.9.1; https://inception-blue.com"
34.236.41.241 - - [04/Mar/2026:13:26:19 +0000] "GET /wp-json/wp/v2/pages/2?dir=/home/inceptionblue/public_html/wp-content/themes/twentytwentytwo/inc/patterns&read=/home/inceptionblue/public_html/wp-content/themes/twentytwentytwo/inc/patterns/header-default.php HTTP/1.1" 200 30539 "-" "Mozilla/5.0 AppleWebKit/537.36 (KHTML, like Gecko; compatible; Amazonbot/0.1; +https://developer.amazon.com/support/amazonbot) Chrome/119.0.6045.214 Safari/537.36"
74.7.241.6 - - [04/Mar/2026:13:26:19 +0000] "GET /buy.php?detail/26002245776544 HTTP/1.1" 200 152396 "https://inception-blue.com/buy.php?detail/26000219636961" "Mozilla/5.0 AppleWebKit/537.36 (KHTML, like Gecko; compatible; GPTBot/1.3; +https://openai.com/gptbot)"
52.200.58.199 - - [04/Mar/2026:13:26:23 +0000] "GET /wp-json/wp/v2/pages/2?dir=/home/inceptionblue/public_html/wp-content/plugins/wordpress-seo/vendor_prefixed/guzzlehttp/guzzle/src&read=/home/inceptionblue/public_html/wp-content/plugins/wordpress-seo/vendor_prefixed/guzzlehttp/guzzle/src/functions_include.php HTTP/1.1" 200 29368 "-" "Mozilla/5.0 AppleWebKit/537.36 (KHTML, like Gecko; compatible; Amazonbot/0.1; +https://developer.amazon.com/support/amazonbot) Chrome/119.0.6045.214 Safari/537.36"
66.249.77.7 - - [04/Mar/2026:13:26:23 +0000] "GET /?y=dwh260qg3988ghwtts HTTP/1.1" 200 306997 "-" "Mozilla/5.0 (Linux; Android 6.0.1; Nexus 5X Build/MMB29P) AppleWebKit/537.36 (KHTML, like Gecko) Chrome/144.0.7559.132 Mobile Safari/537.36 (compatible; GoogleOther)"
34.224.9.144 - - [04/Mar/2026:13:26:27 +0000] "GET /wp-json/wp/v2/posts/1?dir=/home/inceptionblue/public_html/wp-content/themes/twentytwentyfive/assets/fonts/platypi&read=/home/inceptionblue/public_html/wp-content/themes/twentytwentyfive/assets/fonts/platypi/Platypi-VariableFont_wght.woff2 HTTP/1.1" 200 25837 "-" "Mozilla/5.0 AppleWebKit/537.36 (KHTML, like Gecko; compatible; Amazonbot/0.1; +https://developer.amazon.com/support/amazonbot) Chrome/119.0.6045.214 Safari/537.36"
74.7.241.6 - - [04/Mar/2026:13:26:23 +0000] "GET /buy.php?detail/13500047035852 HTTP/1.1" 200 156166 "https://inception-blue.com/buy.php?detail/13503501612582" "Mozilla/5.0 AppleWebKit/537.36 (KHTML, like Gecko; compatible; GPTBot/1.3; +https://openai.com/gptbot)"
66.249.77.7 - - [04/Mar/2026:13:26:29 +0000] "GET /?goods/086042037 HTTP/1.1" 200 313752 "-" "Mozilla/5.0 (Linux; Android 6.0.1; Nexus 5X Build/MMB29P) AppleWebKit/537.36 (KHTML, like Gecko) Chrome/144.0.7559.132 Mobile Safari/537.36 (compatible; GoogleOther)"
66.249.77.7 - - [04/Mar/2026:13:26:30 +0000] "GET /?z=imn237onf30453gkqttzlzv HTTP/1.1" 200 304492 "-" "Mozilla/5.0 (Linux; Android 6.0.1; Nexus 5X Build/MMB29P) AppleWebKit/537.36 (KHTML, like Gecko) Chrome/144.0.7559.132 Mobile Safari/537.36 (compatible; Googlebot/2.1; +http://www.google.com/bot.html)"
66.249.77.7 - - [04/Mar/2026:13:26:31 +0000] "GET /?j=ajrwp299qpufl401tpdxshdf HTTP/1.1" 200 309010 "-" "Mozilla/5.0 (Linux; Android 6.0.1; Nexus 5X Build/MMB29P) AppleWebKit/537.36 (KHTML, like Gecko) Chrome/144.0.7559.132 Mobile Safari/537.36 (compatible; Googlebot/2.1; +http://www.google.com/bot.html)"
