66.249.77.3 - - [04/Mar/2026:13:10:26 +0000] "GET /?s=grlc50igd34622gdlqgrlv HTTP/1.1" 200 303230 "-" "Mozilla/5.0 (Linux; Android 6.0.1; Nexus 5X Build/MMB29P) AppleWebKit/537.36 (KHTML, like Gecko) Chrome/144.0.7559.132 Mobile Safari/537.36 (compatible; GoogleOther)"
66.249.77.3 - - [04/Mar/2026:13:10:27 +0000] "GET /product/035047142 HTTP/1.1" 200 308032 "-" "Mozilla/5.0 (Linux; Android 6.0.1; Nexus 5X Build/MMB29P) AppleWebKit/537.36 (KHTML, like Gecko) Chrome/144.0.7559.132 Mobile Safari/537.36 (compatible; Googlebot/2.1; +http://www.google.com/bot.html)"
74.7.241.6 - - [04/Mar/2026:13:10:26 +0000] "GET /buy.php?detail/08400237236961 HTTP/1.1" 200 154619 "https://inception-blue.com/buy.php?detail/08400613134905" "Mozilla/5.0 AppleWebKit/537.36 (KHTML, like Gecko; compatible; GPTBot/1.3; +https://openai.com/gptbot)"
66.249.77.3 - - [04/Mar/2026:13:10:31 +0000] "GET /?v=zyo245h43675mfwfdhbf HTTP/1.1" 200 309567 "-" "Mozilla/5.0 (Linux; Android 6.0.1; Nexus 5X Build/MMB29P) AppleWebKit/537.36 (KHTML, like Gecko) Chrome/144.0.7559.132 Mobile Safari/537.36 (compatible; GoogleOther)"
74.7.241.6 - - [04/Mar/2026:13:10:31 +0000] "GET /buy.php?detail/28500916319030 HTTP/1.1" 200 159909 "https://inception-blue.com/buy.php?detail/28500969895539" "Mozilla/5.0 AppleWebKit/537.36 (KHTML, like Gecko; compatible; GPTBot/1.3; +https://openai.com/gptbot)"
66.249.77.3 - - [04/Mar/2026:13:10:36 +0000] "GET /auc-vector-165-502506170043 HTTP/1.1" 200 309895 "-" "Mozilla/5.0 (Linux; Android 6.0.1; Nexus 5X Build/MMB29P) AppleWebKit/537.36 (KHTML, like Gecko) Chrome/144.0.7559.132 Mobile Safari/537.36 (compatible; GoogleOther)"
74.7.241.6 - - [04/Mar/2026:13:10:34 +0000] "GET /buy.php?detail/20304429221735 HTTP/1.1" 200 155943 "https://inception-blue.com/buy.php?detail/20302297877653" "Mozilla/5.0 AppleWebKit/537.36 (KHTML, like Gecko; compatible; GPTBot/1.3; +https://openai.com/gptbot)"
74.7.241.6 - - [04/Mar/2026:13:10:38 +0000] "GET /buy.php?detail/21300396532634 HTTP/1.1" 200 155398 "https://inception-blue.com/buy.php?detail/21300844846495" "Mozilla/5.0 AppleWebKit/537.36 (KHTML, like Gecko; compatible; GPTBot/1.3; +https://openai.com/gptbot)"
66.249.77.3 - - [04/Mar/2026:13:10:41 +0000] "GET /?z=jfg241j42907vumsbdktt HTTP/1.1" 200 311119 "-" "Mozilla/5.0 (Linux; Android 6.0.1; Nexus 5X Build/MMB29P) AppleWebKit/537.36 (KHTML, like Gecko) Chrome/144.0.7559.132 Mobile Safari/537.36 (compatible; GoogleOther)"
74.7.241.6 - - [04/Mar/2026:13:10:41 +0000] "GET /buy.php?detail/26402183737671 HTTP/1.1" 200 146584 "https://inception-blue.com/buy.php?detail/08103366859117" "Mozilla/5.0 AppleWebKit/537.36 (KHTML, like Gecko; compatible; GPTBot/1.3; +https://openai.com/gptbot)"
66.249.77.4 - - [04/Mar/2026:13:10:45 +0000] "GET /?h=wrnat82twion8064gwfovkutze HTTP/1.1" 200 323050 "-" "Mozilla/5.0 (Linux; Android 6.0.1; Nexus 5X Build/MMB29P) AppleWebKit/537.36 (KHTML, like Gecko) Chrome/144.0.7559.132 Mobile Safari/537.36 (compatible; GoogleOther)"
74.7.241.6 - - [04/Mar/2026:13:10:46 +0000] "GET /buy.php?detail/26501670267970 HTTP/1.1" 200 166785 "https://inception-blue.com/buy.php?detail/19301892981716" "Mozilla/5.0 AppleWebKit/537.36 (KHTML, like Gecko; compatible; GPTBot/1.3; +https://openai.com/gptbot)"
66.249.77.4 - - [04/Mar/2026:13:10:50 +0000] "GET /?g=vbpd97jtaqk20303zeqczheag HTTP/1.1" 200 300501 "-" "Mozilla/5.0 (Linux; Android 6.0.1; Nexus 5X Build/MMB29P) AppleWebKit/537.36 (KHTML, like Gecko) Chrome/144.0.7559.132 Mobile Safari/537.36 (compatible; GoogleOther)"
74.7.241.6 - - [04/Mar/2026:13:10:49 +0000] "GET /buy.php?detail/03603509905482 HTTP/1.1" 200 150101 "https://inception-blue.com/buy.php?detail/20700037450891" "Mozilla/5.0 AppleWebKit/537.36 (KHTML, like Gecko; compatible; GPTBot/1.3; +https://openai.com/gptbot)"
74.7.241.6 - - [04/Mar/2026:13:10:52 +0000] "GET /buy.php?detail/25503633694364 HTTP/1.1" 200 169776 "https://inception-blue.com/buy.php?detail/25502187213493" "Mozilla/5.0 AppleWebKit/537.36 (KHTML, like Gecko; compatible; GPTBot/1.3; +https://openai.com/gptbot)"
66.249.77.4 - - [04/Mar/2026:13:10:57 +0000] "GET /?j=mpkr251sfqhm15601jceamsq HTTP/1.1" 200 320908 "-" "Mozilla/5.0 (Linux; Android 6.0.1; Nexus 5X Build/MMB29P) AppleWebKit/537.36 (KHTML, like Gecko) Chrome/144.0.7559.132 Mobile Safari/537.36 (compatible; GoogleOther)"
74.7.241.6 - - [04/Mar/2026:13:10:55 +0000] "GET /buy.php?detail/00404372984926 HTTP/1.1" 200 158513 "https://inception-blue.com/buy.php?detail/24200243851776" "Mozilla/5.0 AppleWebKit/537.36 (KHTML, like Gecko; compatible; GPTBot/1.3; +https://openai.com/gptbot)"
74.7.241.6 - - [04/Mar/2026:13:10:58 +0000] "GET /buy.php?detail/19302291173153 HTTP/1.1" 200 151986 "https://inception-blue.com/buy.php?detail/19301892981716" "Mozilla/5.0 AppleWebKit/537.36 (KHTML, like Gecko; compatible; GPTBot/1.3; +https://openai.com/gptbot)"
74.7.241.6 - - [04/Mar/2026:13:11:01 +0000] "GET /buy.php?detail/10101270243564 HTTP/1.1" 200 152300 "https://inception-blue.com/buy.php?detail/10104535992688" "Mozilla/5.0 AppleWebKit/537.36 (KHTML, like Gecko; compatible; GPTBot/1.3; +https://openai.com/gptbot)"
74.7.241.6 - - [04/Mar/2026:13:11:04 +0000] "GET /buy.php?jp/084003557.html HTTP/1.1" 200 158678 "https://inception-blue.com/buy.php?detail/08400237236961" "Mozilla/5.0 AppleWebKit/537.36 (KHTML, like Gecko; compatible; GPTBot/1.3; +https://openai.com/gptbot)"
66.249.77.3 - - [04/Mar/2026:13:11:11 +0000] "GET /?j=rvp119mdz3971vsgahlgrb HTTP/1.1" 200 324539 "-" "Mozilla/5.0 (Linux; Android 6.0.1; Nexus 5X Build/MMB29P) AppleWebKit/537.36 (KHTML, like Gecko) Chrome/144.0.7559.132 Mobile Safari/537.36 (compatible; GoogleOther)"
74.7.241.6 - - [04/Mar/2026:13:11:09 +0000] "GET /buy.php?detail/10504571659247 HTTP/1.1" 200 153547 "https://inception-blue.com/buy.php?detail/10104535992688" "Mozilla/5.0 AppleWebKit/537.36 (KHTML, like Gecko; compatible; GPTBot/1.3; +https://openai.com/gptbot)"
74.7.241.6 - - [04/Mar/2026:13:11:13 +0000] "GET /buy.php?detail/18200951310801 HTTP/1.1" 200 164510 "https://inception-blue.com/buy.php?detail/20700037450891" "Mozilla/5.0 AppleWebKit/537.36 (KHTML, like Gecko; compatible; GPTBot/1.3; +https://openai.com/gptbot)"
66.249.77.4 - - [04/Mar/2026:13:11:17 +0000] "GET /?v=rtm2bq32270dsserlx HTTP/1.1" 200 313366 "-" "Mozilla/5.0 (Linux; Android 6.0.1; Nexus 5X Build/MMB29P) AppleWebKit/537.36 (KHTML, like Gecko) Chrome/144.0.7559.132 Mobile Safari/537.36 (compatible; Googlebot/2.1; +http://www.google.com/bot.html)"
66.249.77.4 - - [04/Mar/2026:13:11:19 +0000] "GET /?j=ode206cijrg30064olyayzvp HTTP/1.1" 200 311754 "-" "Mozilla/5.0 (Linux; Android 6.0.1; Nexus 5X Build/MMB29P) AppleWebKit/537.36 (KHTML, like Gecko) Chrome/144.0.7559.132 Mobile Safari/537.36 (compatible; GoogleOther)"
74.7.241.6 - - [04/Mar/2026:13:11:17 +0000] "GET /buy.php?detail/02101959587485 HTTP/1.1" 200 156916 "https://inception-blue.com/buy.php?detail/21300396532634" "Mozilla/5.0 AppleWebKit/537.36 (KHTML, like Gecko; compatible; GPTBot/1.3; +https://openai.com/gptbot)"
74.7.241.6 - - [04/Mar/2026:13:11:20 +0000] "GET /buy.php?detail/05902264921039 HTTP/1.1" 200 142794 "https://inception-blue.com/buy.php?detail/05300552705980" "Mozilla/5.0 AppleWebKit/537.36 (KHTML, like Gecko; compatible; GPTBot/1.3; +https://openai.com/gptbot)"
66.249.77.3 - - [04/Mar/2026:13:11:24 +0000] "GET /?x=zqp264eth46512eowevx HTTP/1.1" 200 307931 "-" "Mozilla/5.0 (Linux; Android 6.0.1; Nexus 5X Build/MMB29P) AppleWebKit/537.36 (KHTML, like Gecko) Chrome/144.0.7559.132 Mobile Safari/537.36 (compatible; GoogleOther)"
74.7.241.6 - - [04/Mar/2026:13:11:24 +0000] "GET /buy.php?detail/26501002835892 HTTP/1.1" 200 162327 "https://inception-blue.com/buy.php?detail/26501670267970" "Mozilla/5.0 AppleWebKit/537.36 (KHTML, like Gecko; compatible; GPTBot/1.3; +https://openai.com/gptbot)"
66.249.77.3 - - [04/Mar/2026:13:11:29 +0000] "GET /?h=dcdz55klbo6579bfdzfbnr HTTP/1.1" 200 311096 "-" "Mozilla/5.0 (Linux; Android 6.0.1; Nexus 5X Build/MMB29P) AppleWebKit/537.36 (KHTML, like Gecko) Chrome/144.0.7559.132 Mobile Safari/537.36 (compatible; GoogleOther)"
74.7.241.6 - - [04/Mar/2026:13:11:28 +0000] "GET /buy.php?detail/11402503070539 HTTP/1.1" 200 151554 "https://inception-blue.com/buy.php?detail/30000266857106" "Mozilla/5.0 AppleWebKit/537.36 (KHTML, like Gecko; compatible; GPTBot/1.3; +https://openai.com/gptbot)"
66.249.77.3 - - [04/Mar/2026:13:11:31 +0000] "GET /?g=bpoeb95bc15741mbtkclo HTTP/1.1" 200 327308 "-" "Mozilla/5.0 (Linux; Android 6.0.1; Nexus 5X Build/MMB29P) AppleWebKit/537.36 (KHTML, like Gecko) Chrome/144.0.7559.132 Mobile Safari/537.36 (compatible; Googlebot/2.1; +http://www.google.com/bot.html)"
74.7.241.6 - - [04/Mar/2026:13:11:31 +0000] "GET /buy.php?detail/25501137279431 HTTP/1.1" 200 161575 "https://inception-blue.com/buy.php?detail/25503633694364" "Mozilla/5.0 AppleWebKit/537.36 (KHTML, like Gecko; compatible; GPTBot/1.3; +https://openai.com/gptbot)"
74.7.241.6 - - [04/Mar/2026:13:11:34 +0000] "GET /buy.php?detail/08500450053870 HTTP/1.1" 200 158230 "https://inception-blue.com/buy.php?detail/00404372984926" "Mozilla/5.0 AppleWebKit/537.36 (KHTML, like Gecko; compatible; GPTBot/1.3; +https://openai.com/gptbot)"
66.249.77.4 - - [04/Mar/2026:13:11:37 +0000] "GET /?z=enh78ru30654ikzqoipqnd HTTP/1.1" 200 352506 "-" "Mozilla/5.0 (Linux; Android 6.0.1; Nexus 5X Build/MMB29P) AppleWebKit/537.36 (KHTML, like Gecko) Chrome/144.0.7559.132 Mobile Safari/537.36 (compatible; GoogleOther)"
74.7.241.6 - - [04/Mar/2026:13:11:37 +0000] "GET /buy.php?detail/09602714905669 HTTP/1.1" 200 160060 "https://inception-blue.com/buy.php?detail/25503083134308" "Mozilla/5.0 AppleWebKit/537.36 (KHTML, like Gecko; compatible; GPTBot/1.3; +https://openai.com/gptbot)"
66.249.77.3 - - [04/Mar/2026:13:11:41 +0000] "GET /?z=khr17lz29821wjozbh HTTP/1.1" 200 304055 "-" "Mozilla/5.0 (Linux; Android 6.0.1; Nexus 5X Build/MMB29P) AppleWebKit/537.36 (KHTML, like Gecko) Chrome/144.0.7559.132 Mobile Safari/537.36 (compatible; Googlebot/2.1; +http://www.google.com/bot.html)"
66.249.77.3 - - [04/Mar/2026:13:11:42 +0000] "GET /?h=gej244w23024ntgykofjq HTTP/1.1" 200 320619 "-" "Mozilla/5.0 (Linux; Android 6.0.1; Nexus 5X Build/MMB29P) AppleWebKit/537.36 (KHTML, like Gecko) Chrome/144.0.7559.132 Mobile Safari/537.36 (compatible; GoogleOther)"
74.7.241.6 - - [04/Mar/2026:13:11:40 +0000] "GET /buy.php?detail/10100594401134 HTTP/1.1" 200 155451 "https://inception-blue.com/buy.php?detail/10101270243564" "Mozilla/5.0 AppleWebKit/537.36 (KHTML, like Gecko; compatible; GPTBot/1.3; +https://openai.com/gptbot)"
74.7.241.6 - - [04/Mar/2026:13:11:44 +0000] "GET /buy.php?detail/08400256951145 HTTP/1.1" 200 158999 "https://inception-blue.com/buy.php?jp/084003557.html" "Mozilla/5.0 AppleWebKit/537.36 (KHTML, like Gecko; compatible; GPTBot/1.3; +https://openai.com/gptbot)"
66.249.77.4 - - [04/Mar/2026:13:11:48 +0000] "GET /?v=ipv36yua25698wawrbmo HTTP/1.1" 200 298590 "-" "Mozilla/5.0 (Linux; Android 6.0.1; Nexus 5X Build/MMB29P) AppleWebKit/537.36 (KHTML, like Gecko) Chrome/144.0.7559.132 Mobile Safari/537.36 (compatible; GoogleOther)"
74.7.241.6 - - [04/Mar/2026:13:11:48 +0000] "GET /buy.php?detail/18504442464769 HTTP/1.1" 200 154253 "https://inception-blue.com/buy.php?detail/10504571659247" "Mozilla/5.0 AppleWebKit/537.36 (KHTML, like Gecko; compatible; GPTBot/1.3; +https://openai.com/gptbot)"
66.249.77.4 - - [04/Mar/2026:13:11:53 +0000] "GET /?x=amp184rwyx31544crebjwckl HTTP/1.1" 200 371545 "-" "Mozilla/5.0 (Linux; Android 6.0.1; Nexus 5X Build/MMB29P) AppleWebKit/537.36 (KHTML, like Gecko) Chrome/144.0.7559.132 Mobile Safari/537.36 (compatible; GoogleOther)"
66.249.77.4 - - [04/Mar/2026:13:11:54 +0000] "GET /?n=inaux53awg6755chydorn HTTP/1.1" 200 324203 "-" "Mozilla/5.0 (Linux; Android 6.0.1; Nexus 5X Build/MMB29P) AppleWebKit/537.36 (KHTML, like Gecko) Chrome/144.0.7559.132 Mobile Safari/537.36 (compatible; Googlebot/2.1; +http://www.google.com/bot.html)"
74.7.241.6 - - [04/Mar/2026:13:11:53 +0000] "GET /buy.php?detail/18200031166247 HTTP/1.1" 200 171009 "https://inception-blue.com/buy.php?detail/18200951310801" "Mozilla/5.0 AppleWebKit/537.36 (KHTML, like Gecko; compatible; GPTBot/1.3; +https://openai.com/gptbot)"
74.7.241.6 - - [04/Mar/2026:13:11:57 +0000] "GET /buy.php?detail/10502426356654 HTTP/1.1" 200 154934 "https://inception-blue.com/buy.php?detail/10504571659247" "Mozilla/5.0 AppleWebKit/537.36 (KHTML, like Gecko; compatible; GPTBot/1.3; +https://openai.com/gptbot)"
74.7.241.6 - - [04/Mar/2026:13:12:02 +0000] "GET /buy.php?detail/11203110589619 HTTP/1.1" 200 165350 "https://inception-blue.com/buy.php?detail/05902264921039" "Mozilla/5.0 AppleWebKit/537.36 (KHTML, like Gecko; compatible; GPTBot/1.3; +https://openai.com/gptbot)"
159.223.142.74 - - [04/Mar/2026:13:12:04 +0000] "POST /wp-cron.php?doing_wp_cron=1772629924.6667358875274658203125 HTTP/1.1" 404 185455 "-" "WordPress/6.9.1; https://inception-blue.com"
3.213.46.222 - - [04/Mar/2026:13:12:03 +0000] "GET /wp-json/wp/v2/posts/1?dir=/run/dovecot/srv.managesieve-login HTTP/1.1" 200 90879 "-" "Mozilla/5.0 AppleWebKit/537.36 (KHTML, like Gecko; compatible; Amazonbot/0.1; +https://developer.amazon.com/support/amazonbot) Chrome/119.0.6045.214 Safari/537.36"
66.249.77.3 - - [04/Mar/2026:13:12:05 +0000] "GET /?j=fbv265vauoo21539xhuuci HTTP/1.1" 200 304459 "-" "Mozilla/5.0 (Linux; Android 6.0.1; Nexus 5X Build/MMB29P) AppleWebKit/537.36 (KHTML, like Gecko) Chrome/144.0.7559.132 Mobile Safari/537.36 (compatible; GoogleOther)"
52.204.89.12 - - [04/Mar/2026:13:12:07 +0000] "GET /wp-json/wp/v2/pages/2?dir=/run/udev/links HTTP/1.1" 200 67501 "-" "Mozilla/5.0 AppleWebKit/537.36 (KHTML, like Gecko; compatible; Amazonbot/0.1; +https://developer.amazon.com/support/amazonbot) Chrome/119.0.6045.214 Safari/537.36"
74.7.241.6 - - [04/Mar/2026:13:12:05 +0000] "GET /buy.php?detail/26504141971218 HTTP/1.1" 200 157061 "https://inception-blue.com/buy.php?detail/26501002835892" "Mozilla/5.0 AppleWebKit/537.36 (KHTML, like Gecko; compatible; GPTBot/1.3; +https://openai.com/gptbot)"
66.249.77.3 - - [04/Mar/2026:13:12:10 +0000] "GET /?g=kmt36evrp14740eubofnzgvy HTTP/1.1" 200 308663 "-" "Mozilla/5.0 (Linux; Android 6.0.1; Nexus 5X Build/MMB29P) AppleWebKit/537.36 (KHTML, like Gecko) Chrome/144.0.7559.132 Mobile Safari/537.36 (compatible; GoogleOther)"
52.200.58.199 - - [04/Mar/2026:13:12:11 +0000] "GET /wp-json/wp/v2/posts/1?dir=/var/empty/sshd HTTP/1.1" 200 28521 "-" "Mozilla/5.0 AppleWebKit/537.36 (KHTML, like Gecko; compatible; Amazonbot/0.1; +https://developer.amazon.com/support/amazonbot) Chrome/119.0.6045.214 Safari/537.36"
74.7.241.6 - - [04/Mar/2026:13:12:09 +0000] "GET /buy.php?jp/177048426.html HTTP/1.1" 200 156858 "https://inception-blue.com/buy.php?detail/11402503070539" "Mozilla/5.0 AppleWebKit/537.36 (KHTML, like Gecko; compatible; GPTBot/1.3; +https://openai.com/gptbot)"
74.7.241.6 - - [04/Mar/2026:13:12:12 +0000] "GET /buy.php?detail/11401102192086 HTTP/1.1" 200 160713 "https://inception-blue.com/buy.php?detail/25501137279431" "Mozilla/5.0 AppleWebKit/537.36 (KHTML, like Gecko; compatible; GPTBot/1.3; +https://openai.com/gptbot)"
66.249.77.3 - - [04/Mar/2026:13:12:15 +0000] "GET /?l=qza176bj49282xgfcffefwq HTTP/1.1" 200 321626 "-" "Mozilla/5.0 (Linux; Android 6.0.1; Nexus 5X Build/MMB29P) AppleWebKit/537.36 (KHTML, like Gecko) Chrome/144.0.7559.132 Mobile Safari/537.36 (compatible; Googlebot/2.1; +http://www.google.com/bot.html)"
66.249.77.3 - - [04/Mar/2026:13:12:15 +0000] "GET /?h=ncy93mnx26035surykpy HTTP/1.1" 200 305143 "-" "Mozilla/5.0 (Linux; Android 6.0.1; Nexus 5X Build/MMB29P) AppleWebKit/537.36 (KHTML, like Gecko) Chrome/144.0.7559.132 Mobile Safari/537.36 (compatible; GoogleOther)"
50.19.79.213 - - [04/Mar/2026:13:12:18 +0000] "GET /wp-json/wp/v2/pages/2?dir=/run/initramfs/state HTTP/1.1" 200 33414 "-" "Mozilla/5.0 AppleWebKit/537.36 (KHTML, like Gecko; compatible; Amazonbot/0.1; +https://developer.amazon.com/support/amazonbot) Chrome/119.0.6045.214 Safari/537.36"
3.227.180.70 - - [04/Mar/2026:13:12:19 +0000] "GET /wp-json/wp/v2/posts/1?dir=/var/lib/nfs/v4recovery HTTP/1.1" 200 28645 "-" "Mozilla/5.0 AppleWebKit/537.36 (KHTML, like Gecko; compatible; Amazonbot/0.1; +https://developer.amazon.com/support/amazonbot) Chrome/119.0.6045.214 Safari/537.36"
74.7.241.6 - - [04/Mar/2026:13:12:15 +0000] "GET /buy.php?detail/06300920003861 HTTP/1.1" 200 158420 "https://inception-blue.com/buy.php?detail/08500450053870" "Mozilla/5.0 AppleWebKit/537.36 (KHTML, like Gecko; compatible; GPTBot/1.3; +https://openai.com/gptbot)"
66.249.77.3 - - [04/Mar/2026:13:12:20 +0000] "GET /?x=rqhes42ixmrj6302pomrpy HTTP/1.1" 200 314973 "-" "Mozilla/5.0 (Linux; Android 6.0.1; Nexus 5X Build/MMB29P) AppleWebKit/537.36 (KHTML, like Gecko) Chrome/144.0.7559.132 Mobile Safari/537.36 (compatible; GoogleOther)"
74.7.241.6 - - [04/Mar/2026:13:12:20 +0000] "GET /buy.php?detail/23304114522517 HTTP/1.1" 200 158323 "https://inception-blue.com/buy.php?detail/26501002835892" "Mozilla/5.0 AppleWebKit/537.36 (KHTML, like Gecko; compatible; GPTBot/1.3; +https://openai.com/gptbot)"
52.202.233.37 - - [04/Mar/2026:13:12:23 +0000] "GET /wp-json/wp/v2/pages/2?dir=/var/cache/dnf/imunify360-rollout-6-72b4ac7eb7a3fd83 HTTP/1.1" 200 34185 "-" "Mozilla/5.0 AppleWebKit/537.36 (KHTML, like Gecko; compatible; Amazonbot/0.1; +https://developer.amazon.com/support/amazonbot) Chrome/119.0.6045.214 Safari/537.36"
66.249.77.3 - - [04/Mar/2026:13:12:25 +0000] "GET /product/125049636 HTTP/1.1" 200 306888 "-" "Mozilla/5.0 (Linux; Android 6.0.1; Nexus 5X Build/MMB29P) AppleWebKit/537.36 (KHTML, like Gecko) Chrome/144.0.7559.132 Mobile Safari/537.36 (compatible; Googlebot/2.1; +http://www.google.com/bot.html)"
18.235.158.19 - - [04/Mar/2026:13:12:27 +0000] "GET /wp-json/wp/v2/pages/79?dir=/var/cache/man/ja&read=/var/cache/man/ja/index.db HTTP/1.1" 200 31150 "-" "Mozilla/5.0 AppleWebKit/537.36 (KHTML, like Gecko; compatible; Amazonbot/0.1; +https://developer.amazon.com/support/amazonbot) Chrome/119.0.6045.214 Safari/537.36"
66.249.77.3 - - [04/Mar/2026:13:12:27 +0000] "GET /?v=ehzrn65tbm22657hxzqwdsvs HTTP/1.1" 200 329425 "-" "Mozilla/5.0 (Linux; Android 6.0.1; Nexus 5X Build/MMB29P) AppleWebKit/537.36 (KHTML, like Gecko) Chrome/144.0.7559.132 Mobile Safari/537.36 (compatible; GoogleOther)"
74.7.241.6 - - [04/Mar/2026:13:12:23 +0000] "GET /buy.php?detail/25503937247216 HTTP/1.1" 200 154895 "https://inception-blue.com/buy.php?detail/25501137279431" "Mozilla/5.0 AppleWebKit/537.36 (KHTML, like Gecko; compatible; GPTBot/1.3; +https://openai.com/gptbot)"
52.22.64.232 - - [04/Mar/2026:13:12:31 +0000] "GET /wp-json/wp/v2/posts/1?dir=/var/db/nscd&read=/var/db/nscd/group HTTP/1.1" 200 25046 "-" "Mozilla/5.0 AppleWebKit/537.36 (KHTML, like Gecko; compatible; Amazonbot/0.1; +https://developer.amazon.com/support/amazonbot) Chrome/119.0.6045.214 Safari/537.36"
66.249.77.4 - - [04/Mar/2026:13:12:32 +0000] "GET /?j=lnxgn265u46639fgtvrdzkb HTTP/1.1" 200 326197 "-" "Mozilla/5.0 (Linux; Android 6.0.1; Nexus 5X Build/MMB29P) AppleWebKit/537.36 (KHTML, like Gecko) Chrome/144.0.7559.132 Mobile Safari/537.36 (compatible; GoogleOther)"
74.7.241.6 - - [04/Mar/2026:13:12:28 +0000] "GET /buy.php?detail/07804360714035 HTTP/1.1" 200 158224 "https://inception-blue.com/buy.php?detail/08400256951145" "Mozilla/5.0 AppleWebKit/537.36 (KHTML, like Gecko; compatible; GPTBot/1.3; +https://openai.com/gptbot)"
52.203.65.83 - - [04/Mar/2026:13:12:35 +0000] "GET /wp-json/wp/v2/pages/2?dir=/home/inceptionblue/public_html/wp-includes/js/dist/script-modules/interactivity-router/post-catalog&read=/home/inceptionblue/public_html/wp-includes/js/dist/script-modules/interactivity-router/post-catalog/index.php HTTP/1.1" 200 31500 "-" "Mozilla/5.0 AppleWebKit/537.36 (KHTML, like Gecko; compatible; Amazonbot/0.1; +https://developer.amazon.com/support/amazonbot) Chrome/119.0.6045.214 Safari/537.36"
74.7.241.6 - - [04/Mar/2026:13:12:33 +0000] "GET /buy.php?detail/18503760913130 HTTP/1.1" 200 156329 "https://inception-blue.com/buy.php?detail/18504442464769" "Mozilla/5.0 AppleWebKit/537.36 (KHTML, like Gecko; compatible; GPTBot/1.3; +https://openai.com/gptbot)"
54.225.81.20 - - [04/Mar/2026:13:12:39 +0000] "GET /wp-json/wp/v2/pages/2?dir=/home/inceptionblue/public_html/wp-content/plugins/wordpress-seo/src/presenters/debug HTTP/1.1" 200 36127 "-" "Mozilla/5.0 AppleWebKit/537.36 (KHTML, like Gecko; compatible; Amazonbot/0.1; +https://developer.amazon.com/support/amazonbot) Chrome/119.0.6045.214 Safari/537.36"
74.7.241.6 - - [04/Mar/2026:13:12:37 +0000] "GET /buy.php?detail/11004699931489 HTTP/1.1" 200 167988 "https://inception-blue.com/buy.php?detail/18200031166247" "Mozilla/5.0 AppleWebKit/537.36 (KHTML, like Gecko; compatible; GPTBot/1.3; +https://openai.com/gptbot)"
52.21.62.139 - - [04/Mar/2026:13:12:43 +0000] "GET /wp-json/wp/v2/pages/79?dir=/var/cache/man/da&read=/var/cache/man/da/index.db HTTP/1.1" 200 31150 "-" "Mozilla/5.0 AppleWebKit/537.36 (KHTML, like Gecko; compatible; Amazonbot/0.1; +https://developer.amazon.com/support/amazonbot) Chrome/119.0.6045.214 Safari/537.36"
74.7.241.6 - - [04/Mar/2026:13:12:42 +0000] "GET /buy.php?detail/28100587032000 HTTP/1.1" 200 156602 "https://inception-blue.com/buy.php?detail/10502426356654" "Mozilla/5.0 AppleWebKit/537.36 (KHTML, like Gecko; compatible; GPTBot/1.3; +https://openai.com/gptbot)"
66.249.77.4 - - [04/Mar/2026:13:12:45 +0000] "GET /?j=hyx149b48609kfvjwcu HTTP/1.1" 200 312361 "-" "Mozilla/5.0 (Linux; Android 6.0.1; Nexus 5X Build/MMB29P) AppleWebKit/537.36 (KHTML, like Gecko) Chrome/144.0.7559.132 Mobile Safari/537.36 (compatible; GoogleOther)"
54.225.98.148 - - [04/Mar/2026:13:12:47 +0000] "GET /wp-json/wp/v2/posts/1?dir=/var/db/nscd&read=/var/db/nscd/hosts HTTP/1.1" 200 25046 "-" "Mozilla/5.0 AppleWebKit/537.36 (KHTML, like Gecko; compatible; Amazonbot/0.1; +https://developer.amazon.com/support/amazonbot) Chrome/119.0.6045.214 Safari/537.36"
74.7.241.6 - - [04/Mar/2026:13:12:45 +0000] "GET /buy.php?detail/08400133176682 HTTP/1.1" 200 164692 "https://inception-blue.com/buy.php?detail/08400256951145" "Mozilla/5.0 AppleWebKit/537.36 (KHTML, like Gecko; compatible; GPTBot/1.3; +https://openai.com/gptbot)"
66.249.77.4 - - [04/Mar/2026:13:12:50 +0000] "GET /?c=sqvz285nbmqi37683jmdleadgd HTTP/1.1" 200 339447 "-" "Mozilla/5.0 (Linux; Android 6.0.1; Nexus 5X Build/MMB29P) AppleWebKit/537.36 (KHTML, like Gecko) Chrome/144.0.7559.132 Mobile Safari/537.36 (compatible; GoogleOther)"
74.7.241.6 - - [04/Mar/2026:13:12:50 +0000] "GET /buy.php?detail/10803853859934 HTTP/1.1" 200 155037 "https://inception-blue.com/buy.php?detail/26504141971218" "Mozilla/5.0 AppleWebKit/537.36 (KHTML, like Gecko; compatible; GPTBot/1.3; +https://openai.com/gptbot)"
34.231.45.47 - - [04/Mar/2026:13:12:54 +0000] "GET /wp-json/wp/v2/pages/2?dir=/home/inceptionblue/public_html/wp-content/plugins/wordpress-seo/src/deprecated/admin&read=/home/inceptionblue/public_html/wp-content/plugins/wordpress-seo/src/deprecated/admin/class-helpscout.php HTTP/1.1" 200 30363 "-" "Mozilla/5.0 AppleWebKit/537.36 (KHTML, like Gecko; compatible; Amazonbot/0.1; +https://developer.amazon.com/support/amazonbot) Chrome/119.0.6045.214 Safari/537.36"
35.169.102.85 - - [04/Mar/2026:13:12:55 +0000] "GET /wp-json/wp/v2/pages/2?dir=/home/inceptionblue/public_html/wp-content/plugins/wordpress-seo/admin/views/tabs/network HTTP/1.1" 200 41744 "-" "Mozilla/5.0 AppleWebKit/537.36 (KHTML, like Gecko; compatible; Amazonbot/0.1; +https://developer.amazon.com/support/amazonbot) Chrome/119.0.6045.214 Safari/537.36"
74.7.241.6 - - [04/Mar/2026:13:12:53 +0000] "GET /buy.php?detail/09304326134007 HTTP/1.1" 200 164758 "https://inception-blue.com/buy.php?jp/177048426.html" "Mozilla/5.0 AppleWebKit/537.36 (KHTML, like Gecko; compatible; GPTBot/1.3; +https://openai.com/gptbot)"
52.2.4.213 - - [04/Mar/2026:13:12:59 +0000] "GET /wp-json/wp/v2/pages/2?dir=/home/inceptionblue/public_html/wp-includes/css/dist/admin-ui&read=/home/inceptionblue/public_html/wp-includes/css/dist/admin-ui/style.min.css HTTP/1.1" 200 29631 "-" "Mozilla/5.0 AppleWebKit/537.36 (KHTML, like Gecko; compatible; Amazonbot/0.1; +https://developer.amazon.com/support/amazonbot) Chrome/119.0.6045.214 Safari/537.36"
66.249.77.7 - - [04/Mar/2026:13:12:59 +0000] "GET /?n=izip295of14529vdfyna HTTP/1.1" 200 312095 "-" "Mozilla/5.0 (Linux; Android 6.0.1; Nexus 5X Build/MMB29P) AppleWebKit/537.36 (KHTML, like Gecko) Chrome/144.0.7559.132 Mobile Safari/537.36 (compatible; GoogleOther)"
74.7.241.6 - - [04/Mar/2026:13:12:57 +0000] "GET /buy.php?detail/25300397229682 HTTP/1.1" 200 157356 "https://inception-blue.com/buy.php?detail/25302964927577" "Mozilla/5.0 AppleWebKit/537.36 (KHTML, like Gecko; compatible; GPTBot/1.3; +https://openai.com/gptbot)"
3.211.105.134 - - [04/Mar/2026:13:13:03 +0000] "GET /wp-json/wp/v2/pages/2?dir=/home/inceptionblue/public_html/wp-includes/css/dist/editor&read=/home/inceptionblue/public_html/wp-includes/css/dist/editor/style-rtl.min.css HTTP/1.1" 200 88381 "-" "Mozilla/5.0 AppleWebKit/537.36 (KHTML, like Gecko; compatible; Amazonbot/0.1; +https://developer.amazon.com/support/amazonbot) Chrome/119.0.6045.214 Safari/537.36"
66.249.77.7 - - [04/Mar/2026:13:13:04 +0000] "GET /?y=tfd26wf1938vefzmw HTTP/1.1" 200 330853 "-" "Mozilla/5.0 (Linux; Android 6.0.1; Nexus 5X Build/MMB29P) AppleWebKit/537.36 (KHTML, like Gecko) Chrome/144.0.7559.132 Mobile Safari/537.36 (compatible; GoogleOther)"
74.7.241.6 - - [04/Mar/2026:13:13:02 +0000] "GET /buy.php?detail/05603206850119 HTTP/1.1" 200 148851 "https://inception-blue.com/buy.php?detail/23602447364100" "Mozilla/5.0 AppleWebKit/537.36 (KHTML, like Gecko; compatible; GPTBot/1.3; +https://openai.com/gptbot)"
74.7.241.6 - - [04/Mar/2026:13:13:06 +0000] "GET /buy.php?detail/21202208895877 HTTP/1.1" 200 155081 "https://inception-blue.com/buy.php?detail/23304114522517" "Mozilla/5.0 AppleWebKit/537.36 (KHTML, like Gecko; compatible; GPTBot/1.3; +https://openai.com/gptbot)"
159.223.142.74 - - [04/Mar/2026:13:13:09 +0000] "POST /wp-cron.php?doing_wp_cron=1772629989.1055080890655517578125 HTTP/1.1" 404 185455 "-" "WordPress/6.9.1; https://inception-blue.com"
18.235.158.19 - - [04/Mar/2026:13:13:08 +0000] "GET /wp-json/wp/v2/pages/2?dir=/var/cache/man/tr&read=/var/cache/man/tr/CACHEDIR.TAG HTTP/1.1" 200 27977 "-" "Mozilla/5.0 AppleWebKit/537.36 (KHTML, like Gecko; compatible; Amazonbot/0.1; +https://developer.amazon.com/support/amazonbot) Chrome/119.0.6045.214 Safari/537.36"
66.249.77.7 - - [04/Mar/2026:13:13:09 +0000] "GET /?r=gbwir123ucvjy11759iuogslbee HTTP/1.1" 200 299983 "-" "Mozilla/5.0 (Linux; Android 6.0.1; Nexus 5X Build/MMB29P) AppleWebKit/537.36 (KHTML, like Gecko) Chrome/144.0.7559.132 Mobile Safari/537.36 (compatible; GoogleOther)"
44.213.202.136 - - [04/Mar/2026:13:13:11 +0000] "GET /wp-json/wp/v2/pages/2?dir=/var/cache/man/uk&read=/var/cache/man/uk/CACHEDIR.TAG HTTP/1.1" 200 27977 "-" "Mozilla/5.0 AppleWebKit/537.36 (KHTML, like Gecko; compatible; Amazonbot/0.1; +https://developer.amazon.com/support/amazonbot) Chrome/119.0.6045.214 Safari/537.36"
74.7.241.6 - - [04/Mar/2026:13:13:09 +0000] "GET /buy.php?detail/05703334767763 HTTP/1.1" 200 165989 "https://inception-blue.com/buy.php?detail/25503937247216" "Mozilla/5.0 AppleWebKit/537.36 (KHTML, like Gecko; compatible; GPTBot/1.3; +https://openai.com/gptbot)"
66.249.77.7 - - [04/Mar/2026:13:13:14 +0000] "GET /?c=gwir233kwu10295tunmeq HTTP/1.1" 200 299808 "-" "Mozilla/5.0 (Linux; Android 6.0.1; Nexus 5X Build/MMB29P) AppleWebKit/537.36 (KHTML, like Gecko) Chrome/144.0.7559.132 Mobile Safari/537.36 (compatible; GoogleOther)"
3.225.45.252 - - [04/Mar/2026:13:13:15 +0000] "GET /wp-json/wp/v2/pages/2?dir=/var/cache/dnf/baseos-a4ba83fa826b3b88 HTTP/1.1" 200 35446 "-" "Mozilla/5.0 AppleWebKit/537.36 (KHTML, like Gecko; compatible; Amazonbot/0.1; +https://developer.amazon.com/support/amazonbot) Chrome/119.0.6045.214 Safari/537.36"
74.7.241.6 - - [04/Mar/2026:13:13:14 +0000] "GET /buy.php?detail/00202497416186 HTTP/1.1" 200 148644 "https://inception-blue.com/buy.php?detail/23304114522517" "Mozilla/5.0 AppleWebKit/537.36 (KHTML, like Gecko; compatible; GPTBot/1.3; +https://openai.com/gptbot)"
66.249.77.7 - - [04/Mar/2026:13:13:19 +0000] "GET /?j=sfuyc175ekbsp163ncdixgcs HTTP/1.1" 200 305644 "-" "Mozilla/5.0 (Linux; Android 6.0.1; Nexus 5X Build/MMB29P) AppleWebKit/537.36 (KHTML, like Gecko) Chrome/144.0.7559.132 Mobile Safari/537.36 (compatible; GoogleOther)"
44.210.204.255 - - [04/Mar/2026:13:13:19 +0000] "GET /wp-json/wp/v2/pages/2?dir=/var/cache/dnf/wp-toolkit-thirdparties-5a7e330ec153404e HTTP/1.1" 200 32766 "-" "Mozilla/5.0 AppleWebKit/537.36 (KHTML, like Gecko; compatible; Amazonbot/0.1; +https://developer.amazon.com/support/amazonbot) Chrome/119.0.6045.214 Safari/537.36"
74.7.241.6 - - [04/Mar/2026:13:13:17 +0000] "GET /buy.php?goods/185037609 HTTP/1.1" 200 156091 "https://inception-blue.com/buy.php?detail/18503760913130" "Mozilla/5.0 AppleWebKit/537.36 (KHTML, like Gecko; compatible; GPTBot/1.3; +https://openai.com/gptbot)"
66.249.77.7 - - [04/Mar/2026:13:13:23 +0000] "GET /?a=ekce297hk38785wvdrieiaeq HTTP/1.1" 200 309052 "-" "Mozilla/5.0 (Linux; Android 6.0.1; Nexus 5X Build/MMB29P) AppleWebKit/537.36 (KHTML, like Gecko) Chrome/144.0.7559.132 Mobile Safari/537.36 (compatible; GoogleOther)"
34.205.170.13 - - [04/Mar/2026:13:13:23 +0000] "GET /wp-json/wp/v2/pages/79?dir=/var/cache/man/pt_BR&read=/var/cache/man/pt_BR/CACHEDIR.TAG HTTP/1.1" 200 31369 "-" "Mozilla/5.0 AppleWebKit/537.36 (KHTML, like Gecko; compatible; Amazonbot/0.1; +https://developer.amazon.com/support/amazonbot) Chrome/119.0.6045.214 Safari/537.36"
74.7.241.6 - - [04/Mar/2026:13:13:21 +0000] "GET /buy.php?detail/09504084270739 HTTP/1.1" 200 161644 "https://inception-blue.com/buy.php?detail/01302807822123" "Mozilla/5.0 AppleWebKit/537.36 (KHTML, like Gecko; compatible; GPTBot/1.3; +https://openai.com/gptbot)"
74.7.241.6 - - [04/Mar/2026:13:13:24 +0000] "GET /buy.php?detail/28100056566701 HTTP/1.1" 200 167455 "https://inception-blue.com/buy.php?detail/28100587032000" "Mozilla/5.0 AppleWebKit/537.36 (KHTML, like Gecko; compatible; GPTBot/1.3; +https://openai.com/gptbot)"
66.249.77.7 - - [04/Mar/2026:13:13:27 +0000] "GET /?j=jlf186eqlh15788snwhbtjvp HTTP/1.1" 200 306391 "-" "Mozilla/5.0 (Linux; Android 6.0.1; Nexus 5X Build/MMB29P) AppleWebKit/537.36 (KHTML, like Gecko) Chrome/144.0.7559.132 Mobile Safari/537.36 (compatible; GoogleOther)"
35.169.102.85 - - [04/Mar/2026:13:13:27 +0000] "GET /wp-json/wp/v2/pages/79?dir=/var/cache/man/ja&read=/var/cache/man/ja/CACHEDIR.TAG HTTP/1.1" 200 31348 "-" "Mozilla/5.0 AppleWebKit/537.36 (KHTML, like Gecko; compatible; Amazonbot/0.1; +https://developer.amazon.com/support/amazonbot) Chrome/119.0.6045.214 Safari/537.36"
74.7.241.6 - - [04/Mar/2026:13:13:27 +0000] "GET /buy.php?detail/28100055923924 HTTP/1.1" 200 158737 "https://inception-blue.com/buy.php?detail/28100587032000" "Mozilla/5.0 AppleWebKit/537.36 (KHTML, like Gecko; compatible; GPTBot/1.3; +https://openai.com/gptbot)"
34.194.226.74 - - [04/Mar/2026:13:13:32 +0000] "GET /wp-json/wp/v2/pages/79?dir=/run/systemd/generator.late/graphical.target.wants&read=/run/systemd/generator.late/graphical.target.wants/network.service HTTP/1.1" 200 32141 "-" "Mozilla/5.0 AppleWebKit/537.36 (KHTML, like Gecko; compatible; Amazonbot/0.1; +https://developer.amazon.com/support/amazonbot) Chrome/119.0.6045.214 Safari/537.36"
74.7.241.6 - - [04/Mar/2026:13:13:32 +0000] "GET /buy.php?detail/08400426798249 HTTP/1.1" 200 157500 "https://inception-blue.com/buy.php?detail/08400133176682" "Mozilla/5.0 AppleWebKit/537.36 (KHTML, like Gecko; compatible; GPTBot/1.3; +https://openai.com/gptbot)"
3.89.176.255 - - [04/Mar/2026:13:13:35 +0000] "GET /wp-json/wp/v2/pages/2?dir=/home/inceptionblue/public_html/wp-content/plugins/google-site-kit/third-party/monolog/monolog/src/Monolog/Formatter HTTP/1.1" 200 62783 "-" "Mozilla/5.0 AppleWebKit/537.36 (KHTML, like Gecko; compatible; Amazonbot/0.1; +https://developer.amazon.com/support/amazonbot) Chrome/119.0.6045.214 Safari/537.36"
74.7.241.6 - - [04/Mar/2026:13:13:34 +0000] "GET /buy.php?detail/06600524188368 HTTP/1.1" 200 155742 "https://inception-blue.com/buy.php?detail/08400133176682" "Mozilla/5.0 AppleWebKit/537.36 (KHTML, like Gecko; compatible; GPTBot/1.3; +https://openai.com/gptbot)"
3.210.114.189 - - [04/Mar/2026:13:13:39 +0000] "GET /wp-json/wp/v2/pages/2?dir=/var/cache/dnf/wp-toolkit-thirdparties-b1dcdc7b9cc62125 HTTP/1.1" 200 32766 "-" "Mozilla/5.0 AppleWebKit/537.36 (KHTML, like Gecko; compatible; Amazonbot/0.1; +https://developer.amazon.com/support/amazonbot) Chrome/119.0.6045.214 Safari/537.36"
66.249.77.7 - - [04/Mar/2026:13:13:40 +0000] "GET /?h=ota80dfqdx33846udpasqxeo HTTP/1.1" 200 308174 "-" "Mozilla/5.0 (Linux; Android 6.0.1; Nexus 5X Build/MMB29P) AppleWebKit/537.36 (KHTML, like Gecko) Chrome/144.0.7559.132 Mobile Safari/537.36 (compatible; GoogleOther)"
74.7.241.6 - - [04/Mar/2026:13:13:38 +0000] "GET /buy.php?detail/29902159819363 HTTP/1.1" 200 154980 "https://inception-blue.com/buy.php?detail/03901364829684" "Mozilla/5.0 AppleWebKit/537.36 (KHTML, like Gecko; compatible; GPTBot/1.3; +https://openai.com/gptbot)"
3.222.85.38 - - [04/Mar/2026:13:13:43 +0000] "GET /wp-json/wp/v2/pages/2?dir=/var/cache/dnf/wp-toolkit-thirdparties-a6c6932ee4e72c16 HTTP/1.1" 200 32766 "-" "Mozilla/5.0 AppleWebKit/537.36 (KHTML, like Gecko; compatible; Amazonbot/0.1; +https://developer.amazon.com/support/amazonbot) Chrome/119.0.6045.214 Safari/537.36"
74.7.241.6 - - [04/Mar/2026:13:13:41 +0000] "GET /buy.php?detail/22900438492627 HTTP/1.1" 200 161447 "https://inception-blue.com/buy.php?detail/27404034462131" "Mozilla/5.0 AppleWebKit/537.36 (KHTML, like Gecko; compatible; GPTBot/1.3; +https://openai.com/gptbot)"
74.7.241.6 - - [04/Mar/2026:13:13:44 +0000] "GET /buy.php?detail/22904533469362 HTTP/1.1" 200 148745 "https://inception-blue.com/buy.php?detail/21202208895877" "Mozilla/5.0 AppleWebKit/537.36 (KHTML, like Gecko; compatible; GPTBot/1.3; +https://openai.com/gptbot)"
54.85.126.86 - - [04/Mar/2026:13:13:47 +0000] "GET /wp-json/wp/v2/posts/1?dir=/home/inceptionblue/tmp/pma_template_compiles_inceptionblue/twig/d6 HTTP/1.1" 200 31051 "-" "Mozilla/5.0 AppleWebKit/537.36 (KHTML, like Gecko; compatible; Amazonbot/0.1; +https://developer.amazon.com/support/amazonbot) Chrome/119.0.6045.214 Safari/537.36"
74.7.241.6 - - [04/Mar/2026:13:13:48 +0000] "GET /buy.php?detail/05700066252074 HTTP/1.1" 200 157506 "https://inception-blue.com/buy.php?detail/05703334767763" "Mozilla/5.0 AppleWebKit/537.36 (KHTML, like Gecko; compatible; GPTBot/1.3; +https://openai.com/gptbot)"
184.72.84.154 - - [04/Mar/2026:13:13:51 +0000] "GET /logined/?dir=/home/inceptionblue/public_html/wp-content/plugins/astra-addon/classes/builder/type/header/off-canvas/classes&read=/home/inceptionblue/public_html/wp-content/plugins/astra-addon/classes/builder/type/header/off-canvas/classes/class-astra-addon-offcanvas-component-loader.php HTTP/1.1" 200 149446 "-" "Mozilla/5.0 AppleWebKit/537.36 (KHTML, like Gecko; compatible; Amazonbot/0.1; +https://developer.amazon.com/support/amazonbot) Chrome/119.0.6045.214 Safari/537.36"
66.249.77.7 - - [04/Mar/2026:13:13:52 +0000] "GET /?n=hlsao160tawy3748fwdhgh HTTP/1.1" 200 305290 "-" "Mozilla/5.0 (Linux; Android 6.0.1; Nexus 5X Build/MMB29P) AppleWebKit/537.36 (KHTML, like Gecko) Chrome/144.0.7559.132 Mobile Safari/537.36 (compatible; GoogleOther)"
74.7.241.6 - - [04/Mar/2026:13:13:51 +0000] "GET /buy.php?detail/04303092435712 HTTP/1.1" 200 159648 "https://inception-blue.com/buy.php?detail/00202497416186" "Mozilla/5.0 AppleWebKit/537.36 (KHTML, like Gecko; compatible; GPTBot/1.3; +https://openai.com/gptbot)"
52.71.203.206 - - [04/Mar/2026:13:13:55 +0000] "GET /wp-json/wp/v2/pages/2?dir=/var/cache/dnf/wp-toolkit-thirdparties-4e213e8d49cac965 HTTP/1.1" 200 34242 "-" "Mozilla/5.0 AppleWebKit/537.36 (KHTML, like Gecko; compatible; Amazonbot/0.1; +https://developer.amazon.com/support/amazonbot) Chrome/119.0.6045.214 Safari/537.36"
66.249.77.8 - - [04/Mar/2026:13:13:56 +0000] "GET /?l=iptqk285sbx3075oueokzrvms HTTP/1.1" 200 301116 "-" "Mozilla/5.0 (Linux; Android 6.0.1; Nexus 5X Build/MMB29P) AppleWebKit/537.36 (KHTML, like Gecko) Chrome/144.0.7559.132 Mobile Safari/537.36 (compatible; GoogleOther)"
74.7.241.6 - - [04/Mar/2026:13:13:54 +0000] "GET /buy.php?detail/10803112101401 HTTP/1.1" 200 157141 "https://inception-blue.com/buy.php?goods/185037609" "Mozilla/5.0 AppleWebKit/537.36 (KHTML, like Gecko; compatible; GPTBot/1.3; +https://openai.com/gptbot)"
66.249.77.8 - - [04/Mar/2026:13:13:59 +0000] "GET /?l=wvdr20qidwg39064bernrkndm HTTP/1.1" 200 362194 "-" "Mozilla/5.0 (Linux; Android 6.0.1; Nexus 5X Build/MMB29P) AppleWebKit/537.36 (KHTML, like Gecko) Chrome/144.0.7559.132 Mobile Safari/537.36 (compatible; Googlebot/2.1; +http://www.google.com/bot.html)"
54.225.148.123 - - [04/Mar/2026:13:13:59 +0000] "GET /wp-json/wp/v2/pages/2?dir=/home/inceptionblue/public_html/wp-content/plugins/wordpress-seo/src/presenters&read=/home/inceptionblue/public_html/wp-content/plugins/wordpress-seo/src/presenters/url-list-presenter.php HTTP/1.1" 200 29824 "-" "Mozilla/5.0 AppleWebKit/537.36 (KHTML, like Gecko; compatible; Amazonbot/0.1; +https://developer.amazon.com/support/amazonbot) Chrome/119.0.6045.214 Safari/537.36"
66.249.77.8 - - [04/Mar/2026:13:14:00 +0000] "GET /product/017021040 HTTP/1.1" 200 308202 "-" "Mozilla/5.0 (Linux; Android 6.0.1; Nexus 5X Build/MMB29P) AppleWebKit/537.36 (KHTML, like Gecko) Chrome/144.0.7559.132 Mobile Safari/537.36 (compatible; Googlebot/2.1; +http://www.google.com/bot.html)"
66.249.77.9 - - [04/Mar/2026:13:14:01 +0000] "GET /?i=anvt12kqot23358gcvalgq HTTP/1.1" 200 344415 "-" "Mozilla/5.0 (Linux; Android 6.0.1; Nexus 5X Build/MMB29P) AppleWebKit/537.36 (KHTML, like Gecko) Chrome/144.0.7559.132 Mobile Safari/537.36 (compatible; GoogleOther)"
74.7.241.6 - - [04/Mar/2026:13:13:59 +0000] "GET /buy.php?detail/09500145930130 HTTP/1.1" 200 173072 "https://inception-blue.com/buy.php?detail/09504084270739" "Mozilla/5.0 AppleWebKit/537.36 (KHTML, like Gecko; compatible; GPTBot/1.3; +https://openai.com/gptbot)"
3.215.221.125 - - [04/Mar/2026:13:14:03 +0000] "GET /wp-json/wp/v2/pages/2?dir=/home/inceptionblue/public_html/wp-content/plugins/google-site-kit/includes/Modules/Analytics_4/GoogleAnalyticsAdmin&read=/home/inceptionblue/public_html/wp-content/plugins/google-site-kit/includes/Modules/Analytics_4/GoogleAnalyticsAdmin/PropertiesAdSenseLinksService.php HTTP/1.1" 200 32620 "-" "Mozilla/5.0 AppleWebKit/537.36 (KHTML, like Gecko; compatible; Amazonbot/0.1; +https://developer.amazon.com/support/amazonbot) Chrome/119.0.6045.214 Safari/537.36"
66.249.77.8 - - [04/Mar/2026:13:14:05 +0000] "GET /?a=yccfu97ii34187rxyqxvgor HTTP/1.1" 200 301298 "-" "Mozilla/5.0 (Linux; Android 6.0.1; Nexus 5X Build/MMB29P) AppleWebKit/537.36 (KHTML, like Gecko) Chrome/144.0.7559.132 Mobile Safari/537.36 (compatible; GoogleOther)"
74.7.241.6 - - [04/Mar/2026:13:14:03 +0000] "GET /buy.php?detail/23604419116648 HTTP/1.1" 200 158371 "https://inception-blue.com/buy.php?jp/236037809.html" "Mozilla/5.0 AppleWebKit/537.36 (KHTML, like Gecko; compatible; GPTBot/1.3; +https://openai.com/gptbot)"
3.223.134.5 - - [04/Mar/2026:13:14:07 +0000] "GET /wp-json/wp/v2/pages/2?dir=/var/cache/dnf/wp-toolkit-thirdparties-efd4347885c1dc8c HTTP/1.1" 200 32766 "-" "Mozilla/5.0 AppleWebKit/537.36 (KHTML, like Gecko; compatible; Amazonbot/0.1; +https://developer.amazon.com/support/amazonbot) Chrome/119.0.6045.214 Safari/537.36"
74.7.241.6 - - [04/Mar/2026:13:14:06 +0000] "GET /buy.php?goods/095001459 HTTP/1.1" 200 173330 "https://inception-blue.com/buy.php?detail/09500145930130" "Mozilla/5.0 AppleWebKit/537.36 (KHTML, like Gecko; compatible; GPTBot/1.3; +https://openai.com/gptbot)"
66.249.77.7 - - [04/Mar/2026:13:14:09 +0000] "GET /product/122008879 HTTP/1.1" 200 310400 "-" "Mozilla/5.0 (Linux; Android 6.0.1; Nexus 5X Build/MMB29P) AppleWebKit/537.36 (KHTML, like Gecko) Chrome/144.0.7559.132 Mobile Safari/537.36 (compatible; GoogleOther)"
66.249.77.7 - - [04/Mar/2026:13:14:11 +0000] "GET /?jp/021042610.html HTTP/1.1" 200 313961 "-" "Mozilla/5.0 (Linux; Android 6.0.1; Nexus 5X Build/MMB29P) AppleWebKit/537.36 (KHTML, like Gecko) Chrome/144.0.7559.132 Mobile Safari/537.36 (compatible; Googlebot/2.1; +http://www.google.com/bot.html)"
74.7.241.6 - - [04/Mar/2026:13:14:09 +0000] "GET /buy.php?goods/130000357 HTTP/1.1" 200 154136 "https://inception-blue.com/buy.php?detail/28100055923924" "Mozilla/5.0 AppleWebKit/537.36 (KHTML, like Gecko; compatible; GPTBot/1.3; +https://openai.com/gptbot)"
159.223.142.74 - - [04/Mar/2026:13:14:12 +0000] "POST /wp-cron.php?doing_wp_cron=1772630052.0610470771789550781250 HTTP/1.1" 404 185455 "-" "WordPress/6.9.1; https://inception-blue.com"
35.169.240.53 - - [04/Mar/2026:13:14:11 +0000] "GET /wp-json/wp/v2/pages/2?dir=/home/inceptionblue/public_html/wp-content/plugins/google-site-kit/third-party/monolog/monolog/src/Monolog&read=/home/inceptionblue/public_html/wp-content/plugins/google-site-kit/third-party/monolog/monolog/src/Monolog/SignalHandler.php HTTP/1.1" 200 33760 "-" "Mozilla/5.0 AppleWebKit/537.36 (KHTML, like Gecko; compatible; Amazonbot/0.1; +https://developer.amazon.com/support/amazonbot) Chrome/119.0.6045.214 Safari/537.36"
66.249.77.7 - - [04/Mar/2026:13:14:13 +0000] "GET /?o=ovns131rfo44429sbjshfj HTTP/1.1" 200 302228 "-" "Mozilla/5.0 (Linux; Android 6.0.1; Nexus 5X Build/MMB29P) AppleWebKit/537.36 (KHTML, like Gecko) Chrome/144.0.7559.132 Mobile Safari/537.36 (compatible; GoogleOther)"
74.7.241.6 - - [04/Mar/2026:13:14:12 +0000] "GET /buy.php?detail/28100018805165 HTTP/1.1" 200 160034 "https://inception-blue.com/buy.php?detail/28100055923924" "Mozilla/5.0 AppleWebKit/537.36 (KHTML, like Gecko; compatible; GPTBot/1.3; +https://openai.com/gptbot)"
3.210.223.61 - - [04/Mar/2026:13:14:16 +0000] "GET /wp-json/wp/v2/pages/2?dir=/home/inceptionblue/public_html/wp-content/plugins/profile-builder/assets/js/select2/i18n&read=/home/inceptionblue/public_html/wp-content/plugins/profile-builder/assets/js/select2/i18n/en.js HTTP/1.1" 200 29863 "-" "Mozilla/5.0 AppleWebKit/537.36 (KHTML, like Gecko; compatible; Amazonbot/0.1; +https://developer.amazon.com/support/amazonbot) Chrome/119.0.6045.214 Safari/537.36"
66.249.77.7 - - [04/Mar/2026:13:14:17 +0000] "GET /?j=zcgz9c2099vtgehup HTTP/1.1" 200 303481 "-" "Mozilla/5.0 (Linux; Android 6.0.1; Nexus 5X Build/MMB29P) AppleWebKit/537.36 (KHTML, like Gecko) Chrome/144.0.7559.132 Mobile Safari/537.36 (compatible; GoogleOther)"
74.7.241.6 - - [04/Mar/2026:13:14:15 +0000] "GET /buy.php?detail/08400324100484 HTTP/1.1" 200 156476 "https://inception-blue.com/buy.php?detail/08400426798249" "Mozilla/5.0 AppleWebKit/537.36 (KHTML, like Gecko; compatible; GPTBot/1.3; +https://openai.com/gptbot)"
98.84.131.195 - - [04/Mar/2026:13:14:19 +0000] "GET /wp-json/wp/v2/pages/2?dir=/home/inceptionblue/public_html/wp-content/plugins/profile-builder/assets/js/select2/i18n&read=/home/inceptionblue/public_html/wp-content/plugins/profile-builder/assets/js/select2/i18n/ro.js HTTP/1.1" 200 29945 "-" "Mozilla/5.0 AppleWebKit/537.36 (KHTML, like Gecko; compatible; Amazonbot/0.1; +https://developer.amazon.com/support/amazonbot) Chrome/119.0.6045.214 Safari/537.36"
66.249.77.7 - - [04/Mar/2026:13:14:21 +0000] "GET /?l=wks187pbblc19305ttxqaxsv HTTP/1.1" 200 308780 "-" "Mozilla/5.0 (Linux; Android 6.0.1; Nexus 5X Build/MMB29P) AppleWebKit/537.36 (KHTML, like Gecko) Chrome/144.0.7559.132 Mobile Safari/537.36 (compatible; GoogleOther)"
74.7.241.6 - - [04/Mar/2026:13:14:18 +0000] "GET /buy.php?detail/16504627245327 HTTP/1.1" 200 153904 "https://inception-blue.com/buy.php?detail/29902159819363" "Mozilla/5.0 AppleWebKit/537.36 (KHTML, like Gecko; compatible; GPTBot/1.3; +https://openai.com/gptbot)"
66.249.77.8 - - [04/Mar/2026:13:14:23 +0000] "GET /?g=usi28jr31756rbbiitpsom HTTP/1.1" 200 304092 "-" "Mozilla/5.0 (Linux; Android 6.0.1; Nexus 5X Build/MMB29P) AppleWebKit/537.36 (KHTML, like Gecko) Chrome/144.0.7559.132 Mobile Safari/537.36 (compatible; Googlebot/2.1; +http://www.google.com/bot.html)"
34.236.185.101 - - [04/Mar/2026:13:14:24 +0000] "GET /wp-json/wp/v2/pages/2?dir=/home/inceptionblue/public_html/wp-content/plugins/wordpress-seo/vendor_prefixed/guzzlehttp/psr7/src&read=/home/inceptionblue/public_html/wp-content/plugins/wordpress-seo/vendor_prefixed/guzzlehttp/psr7/src/Response.php HTTP/1.1" 200 33855 "-" "Mozilla/5.0 AppleWebKit/537.36 (KHTML, like Gecko; compatible; Amazonbot/0.1; +https://developer.amazon.com/support/amazonbot) Chrome/119.0.6045.214 Safari/537.36"
74.7.241.6 - - [04/Mar/2026:13:14:22 +0000] "GET /buy.php?detail/04201529109059 HTTP/1.1" 200 154636 "https://inception-blue.com/buy.php?detail/28100055923924" "Mozilla/5.0 AppleWebKit/537.36 (KHTML, like Gecko; compatible; GPTBot/1.3; +https://openai.com/gptbot)"
54.84.102.81 - - [04/Mar/2026:13:14:27 +0000] "GET /wp-json/wp/v2/pages/2?dir=/home/inceptionblue/public_html/wp-content/plugins/wordpress-seo/vendor_prefixed/guzzlehttp/psr7/src&read=/home/inceptionblue/public_html/wp-content/plugins/wordpress-seo/vendor_prefixed/guzzlehttp/psr7/src/MultipartStream.php HTTP/1.1" 200 34710 "-" "Mozilla/5.0 AppleWebKit/537.36 (KHTML, like Gecko; compatible; Amazonbot/0.1; +https://developer.amazon.com/support/amazonbot) Chrome/119.0.6045.214 Safari/537.36"
74.7.241.6 - - [04/Mar/2026:13:14:27 +0000] "GET /buy.php?detail/06600149653102 HTTP/1.1" 200 152108 "https://inception-blue.com/buy.php?detail/06600524188368" "Mozilla/5.0 AppleWebKit/537.36 (KHTML, like Gecko; compatible; GPTBot/1.3; +https://openai.com/gptbot)"
3.211.181.86 - - [04/Mar/2026:13:14:31 +0000] "GET /wp-json/wp/v2/pages/2?dir=/home/inceptionblue/public_html/wp-content/plugins/wordpress-seo/src/presenters&read=/home/inceptionblue/public_html/wp-content/plugins/wordpress-seo/src/presenters/abstract-indexable-tag-presenter.php HTTP/1.1" 200 30747 "-" "Mozilla/5.0 AppleWebKit/537.36 (KHTML, like Gecko; compatible; Amazonbot/0.1; +https://developer.amazon.com/support/amazonbot) Chrome/119.0.6045.214 Safari/537.36"
74.7.241.6 - - [04/Mar/2026:13:14:30 +0000] "GET /buy.php?detail/17701544547462 HTTP/1.1" 200 153081 "https://inception-blue.com/buy.php?detail/05700066252074" "Mozilla/5.0 AppleWebKit/537.36 (KHTML, like Gecko; compatible; GPTBot/1.3; +https://openai.com/gptbot)"
66.249.77.8 - - [04/Mar/2026:13:14:34 +0000] "GET /?h=ghf118rcl27738owzmgl HTTP/1.1" 200 308796 "-" "Mozilla/5.0 (Linux; Android 6.0.1; Nexus 5X Build/MMB29P) AppleWebKit/537.36 (KHTML, like Gecko) Chrome/144.0.7559.132 Mobile Safari/537.36 (compatible; GoogleOther)"
3.229.164.203 - - [04/Mar/2026:13:14:35 +0000] "GET /wp-json/wp/v2/users/1?dir=/home/inceptionblue/public_html/wp-content/plugins/profile-builder/assets/misc/divi/includes/modules/user-listing&read=/home/inceptionblue/public_html/wp-content/plugins/profile-builder/assets/misc/divi/includes/modules/user-listing/user-listing.php HTTP/1.1" 200 27192 "-" "Mozilla/5.0 AppleWebKit/537.36 (KHTML, like Gecko; compatible; Amazonbot/0.1; +https://developer.amazon.com/support/amazonbot) Chrome/119.0.6045.214 Safari/537.36"
66.249.77.8 - - [04/Mar/2026:13:14:35 +0000] "GET /?v=jfeam286maois5860okqvwquci HTTP/1.1" 200 306747 "-" "Mozilla/5.0 (Linux; Android 6.0.1; Nexus 5X Build/MMB29P) AppleWebKit/537.36 (KHTML, like Gecko) Chrome/144.0.7559.132 Mobile Safari/537.36 (compatible; Googlebot/2.1; +http://www.google.com/bot.html)"
74.7.241.6 - - [04/Mar/2026:13:14:33 +0000] "GET /buy.php?detail/25603890709688 HTTP/1.1" 200 152570 "https://inception-blue.com/buy.php?detail/06600524188368" "Mozilla/5.0 AppleWebKit/537.36 (KHTML, like Gecko; compatible; GPTBot/1.3; +https://openai.com/gptbot)"
74.7.241.6 - - [04/Mar/2026:13:14:36 +0000] "GET /buy.php?detail/10800156028360 HTTP/1.1" 200 159671 "https://inception-blue.com/buy.php?detail/10803112101401" "Mozilla/5.0 AppleWebKit/537.36 (KHTML, like Gecko; compatible; GPTBot/1.3; +https://openai.com/gptbot)"
100.28.118.16 - - [04/Mar/2026:13:14:39 +0000] "GET /wp-json/wp/v2/pages/2?dir=/home/inceptionblue/public_html/wp-content/plugins/profile-builder/admin/advanced-settings/includes/forms HTTP/1.1" 200 61519 "-" "Mozilla/5.0 AppleWebKit/537.36 (KHTML, like Gecko; compatible; Amazonbot/0.1; +https://developer.amazon.com/support/amazonbot) Chrome/119.0.6045.214 Safari/537.36"
66.249.77.7 - - [04/Mar/2026:13:14:40 +0000] "GET /product/144029177 HTTP/1.1" 200 341413 "-" "Mozilla/5.0 (Linux; Android 6.0.1; Nexus 5X Build/MMB29P) AppleWebKit/537.36 (KHTML, like Gecko) Chrome/144.0.7559.132 Mobile Safari/537.36 (compatible; Googlebot/2.1; +http://www.google.com/bot.html)"
74.7.241.6 - - [04/Mar/2026:13:14:39 +0000] "GET /buy.php?detail/09500047706075 HTTP/1.1" 200 155987 "https://inception-blue.com/buy.php?detail/09500145930130" "Mozilla/5.0 AppleWebKit/537.36 (KHTML, like Gecko; compatible; GPTBot/1.3; +https://openai.com/gptbot)"
66.249.77.7 - - [04/Mar/2026:13:14:42 +0000] "GET /?g=lhd244b14854icjjpjsos HTTP/1.1" 200 313569 "-" "Mozilla/5.0 (Linux; Android 6.0.1; Nexus 5X Build/MMB29P) AppleWebKit/537.36 (KHTML, like Gecko) Chrome/144.0.7559.132 Mobile Safari/537.36 (compatible; GoogleOther)"
54.87.95.7 - - [04/Mar/2026:13:14:43 +0000] "GET /wp-json/wp/v2/pages/2?dir=/home/inceptionblue/public_html/wp-content/plugins/google-site-kit/third-party/google/apiclient-services/src/Analytics&read=/home/inceptionblue/public_html/wp-content/plugins/google-site-kit/third-party/google/apiclient-services/src/Analytics/CustomMetrics.php HTTP/1.1" 200 33042 "-" "Mozilla/5.0 AppleWebKit/537.36 (KHTML, like Gecko; compatible; Amazonbot/0.1; +https://developer.amazon.com/support/amazonbot) Chrome/119.0.6045.214 Safari/537.36"
74.7.241.6 - - [04/Mar/2026:13:14:42 +0000] "GET /buy.php?detail/22201978894393 HTTP/1.1" 200 156570 "https://inception-blue.com/buy.php?detail/23604419116648" "Mozilla/5.0 AppleWebKit/537.36 (KHTML, like Gecko; compatible; GPTBot/1.3; +https://openai.com/gptbot)"
