66.249.77.6 - - [04/Mar/2026:12:11:03 +0000] "GET /?jp/208033322.html HTTP/1.1" 200 318759 "-" "Mozilla/5.0 (Linux; Android 6.0.1; Nexus 5X Build/MMB29P) AppleWebKit/537.36 (KHTML, like Gecko) Chrome/144.0.7559.132 Mobile Safari/537.36 (compatible; Googlebot/2.1; +http://www.google.com/bot.html)"
74.7.241.6 - - [04/Mar/2026:12:11:00 +0000] "GET /buy.php?detail/25203447660371 HTTP/1.1" 200 156342 "https://inception-blue.com/buy.php?jp/070024203.html" "Mozilla/5.0 AppleWebKit/537.36 (KHTML, like Gecko; compatible; GPTBot/1.3; +https://openai.com/gptbot)"
66.249.77.3 - - [04/Mar/2026:12:11:04 +0000] "GET /?y=fysrd49gu45213atzsjpq HTTP/1.1" 200 312989 "-" "Mozilla/5.0 (Linux; Android 6.0.1; Nexus 5X Build/MMB29P) AppleWebKit/537.36 (KHTML, like Gecko) Chrome/144.0.7559.132 Mobile Safari/537.36 (compatible; Googlebot/2.1; +http://www.google.com/bot.html)"
66.249.77.4 - - [04/Mar/2026:12:11:05 +0000] "GET /?w=zvy163vob17197zwqqbhnicr HTTP/1.1" 200 325257 "-" "Mozilla/5.0 (Linux; Android 6.0.1; Nexus 5X Build/MMB29P) AppleWebKit/537.36 (KHTML, like Gecko) Chrome/144.0.7559.132 Mobile Safari/537.36 (compatible; Googlebot/2.1; +http://www.google.com/bot.html)"
74.7.241.6 - - [04/Mar/2026:12:11:03 +0000] "GET /buy.php?detail/19203267527142 HTTP/1.1" 200 167129 "https://inception-blue.com/buy.php?detail/19200961333057" "Mozilla/5.0 AppleWebKit/537.36 (KHTML, like Gecko; compatible; GPTBot/1.3; +https://openai.com/gptbot)"
66.249.77.6 - - [04/Mar/2026:12:11:06 +0000] "GET /?g=ausy127o35061klhudpu HTTP/1.1" 200 311975 "-" "Mozilla/5.0 (Linux; Android 6.0.1; Nexus 5X Build/MMB29P) AppleWebKit/537.36 (KHTML, like Gecko) Chrome/144.0.7559.132 Mobile Safari/537.36 (compatible; Googlebot/2.1; +http://www.google.com/bot.html)"
66.249.77.6 - - [04/Mar/2026:12:11:07 +0000] "GET /?r=qux109h7931exmbdf HTTP/1.1" 200 309290 "-" "Mozilla/5.0 (Linux; Android 6.0.1; Nexus 5X Build/MMB29P) AppleWebKit/537.36 (KHTML, like Gecko) Chrome/144.0.7559.132 Mobile Safari/537.36 (compatible; Googlebot/2.1; +http://www.google.com/bot.html)"
66.249.77.7 - - [04/Mar/2026:12:11:08 +0000] "GET /?c=wnvjd219efwl37759pyjcppn HTTP/1.1" 200 316320 "-" "Mozilla/5.0 (Linux; Android 6.0.1; Nexus 5X Build/MMB29P) AppleWebKit/537.36 (KHTML, like Gecko) Chrome/144.0.7559.132 Mobile Safari/537.36 (compatible; Googlebot/2.1; +http://www.google.com/bot.html)"
66.249.77.4 - - [04/Mar/2026:12:11:09 +0000] "GET /?l=vqh181nuslh35565rhvafrh HTTP/1.1" 200 333150 "-" "Mozilla/5.0 (Linux; Android 6.0.1; Nexus 5X Build/MMB29P) AppleWebKit/537.36 (KHTML, like Gecko) Chrome/144.0.7559.132 Mobile Safari/537.36 (compatible; Googlebot/2.1; +http://www.google.com/bot.html)"
74.7.241.6 - - [04/Mar/2026:12:11:06 +0000] "GET /buy.php?detail/18902160234981 HTTP/1.1" 200 154363 "https://inception-blue.com/buy.php?detail/19200821088066" "Mozilla/5.0 AppleWebKit/537.36 (KHTML, like Gecko; compatible; GPTBot/1.3; +https://openai.com/gptbot)"
66.249.77.3 - - [04/Mar/2026:12:11:09 +0000] "GET /?c=hcfv270uk3802dhcfcm HTTP/1.1" 200 309714 "-" "Mozilla/5.0 (Linux; Android 6.0.1; Nexus 5X Build/MMB29P) AppleWebKit/537.36 (KHTML, like Gecko) Chrome/144.0.7559.132 Mobile Safari/537.36 (compatible; Googlebot/2.1; +http://www.google.com/bot.html)"
66.249.77.8 - - [04/Mar/2026:12:11:10 +0000] "GET /?z=navpd290heqs32290tncwhyj HTTP/1.1" 200 305051 "-" "Mozilla/5.0 (Linux; Android 6.0.1; Nexus 5X Build/MMB29P) AppleWebKit/537.36 (KHTML, like Gecko) Chrome/144.0.7559.132 Mobile Safari/537.36 (compatible; Googlebot/2.1; +http://www.google.com/bot.html)"
66.249.77.8 - - [04/Mar/2026:12:11:11 +0000] "GET /?h=gvw155p49403cxzgub HTTP/1.1" 200 311468 "-" "Mozilla/5.0 (Linux; Android 6.0.1; Nexus 5X Build/MMB29P) AppleWebKit/537.36 (KHTML, like Gecko) Chrome/144.0.7559.132 Mobile Safari/537.36 (compatible; Googlebot/2.1; +http://www.google.com/bot.html)"
66.249.77.8 - - [04/Mar/2026:12:11:12 +0000] "GET /?y=bhzwf83hlx30747dfcfbeow HTTP/1.1" 200 310518 "-" "Mozilla/5.0 (Linux; Android 6.0.1; Nexus 5X Build/MMB29P) AppleWebKit/537.36 (KHTML, like Gecko) Chrome/144.0.7559.132 Mobile Safari/537.36 (compatible; Googlebot/2.1; +http://www.google.com/bot.html)"
66.249.77.8 - - [04/Mar/2026:12:11:13 +0000] "GET /?i=kuvmg77cz47905toisrg HTTP/1.1" 200 305958 "-" "Mozilla/5.0 (Linux; Android 6.0.1; Nexus 5X Build/MMB29P) AppleWebKit/537.36 (KHTML, like Gecko) Chrome/144.0.7559.132 Mobile Safari/537.36 (compatible; Googlebot/2.1; +http://www.google.com/bot.html)"
74.7.241.6 - - [04/Mar/2026:12:11:09 +0000] "GET /buy.php?detail/12300334070533 HTTP/1.1" 200 155995 "https://inception-blue.com/buy.php?detail/12301531729911" "Mozilla/5.0 AppleWebKit/537.36 (KHTML, like Gecko; compatible; GPTBot/1.3; +https://openai.com/gptbot)"
66.249.77.3 - - [04/Mar/2026:12:11:14 +0000] "GET /?jp/123049253.html HTTP/1.1" 200 305345 "-" "Mozilla/5.0 (Linux; Android 6.0.1; Nexus 5X Build/MMB29P) AppleWebKit/537.36 (KHTML, like Gecko) Chrome/144.0.7559.132 Mobile Safari/537.36 (compatible; Googlebot/2.1; +http://www.google.com/bot.html)"
66.249.77.3 - - [04/Mar/2026:12:11:14 +0000] "GET /?v=chan295a23683ronpsid HTTP/1.1" 200 301495 "-" "Mozilla/5.0 (Linux; Android 6.0.1; Nexus 5X Build/MMB29P) AppleWebKit/537.36 (KHTML, like Gecko) Chrome/144.0.7559.132 Mobile Safari/537.36 (compatible; Googlebot/2.1; +http://www.google.com/bot.html)"
66.249.77.6 - - [04/Mar/2026:12:11:15 +0000] "GET /?h=agb233uig33567ygkvxubfeg HTTP/1.1" 200 306889 "-" "Mozilla/5.0 (Linux; Android 6.0.1; Nexus 5X Build/MMB29P) AppleWebKit/537.36 (KHTML, like Gecko) Chrome/144.0.7559.132 Mobile Safari/537.36 (compatible; Googlebot/2.1; +http://www.google.com/bot.html)"
66.249.77.5 - - [04/Mar/2026:12:11:16 +0000] "GET /?c=nvseo87hyln24965gwplmaq HTTP/1.1" 200 299715 "-" "Mozilla/5.0 (Linux; Android 6.0.1; Nexus 5X Build/MMB29P) AppleWebKit/537.36 (KHTML, like Gecko) Chrome/144.0.7559.132 Mobile Safari/537.36 (compatible; Googlebot/2.1; +http://www.google.com/bot.html)"
66.249.77.3 - - [04/Mar/2026:12:11:17 +0000] "GET /?m=fzeng77puohb43955pecovjdnua HTTP/1.1" 200 299921 "-" "Mozilla/5.0 (Linux; Android 6.0.1; Nexus 5X Build/MMB29P) AppleWebKit/537.36 (KHTML, like Gecko) Chrome/144.0.7559.132 Mobile Safari/537.36 (compatible; Googlebot/2.1; +http://www.google.com/bot.html)"
74.7.241.6 - - [04/Mar/2026:12:11:14 +0000] "GET /buy.php?detail/19204260603691 HTTP/1.1" 200 155342 "https://inception-blue.com/buy.php?detail/19200828127113" "Mozilla/5.0 AppleWebKit/537.36 (KHTML, like Gecko; compatible; GPTBot/1.3; +https://openai.com/gptbot)"
66.249.77.3 - - [04/Mar/2026:12:11:17 +0000] "GET /?i=wunka133tcbw31709ibluryhmk HTTP/1.1" 200 316180 "-" "Mozilla/5.0 (Linux; Android 6.0.1; Nexus 5X Build/MMB29P) AppleWebKit/537.36 (KHTML, like Gecko) Chrome/144.0.7559.132 Mobile Safari/537.36 (compatible; Googlebot/2.1; +http://www.google.com/bot.html)"
66.249.77.3 - - [04/Mar/2026:12:11:19 +0000] "GET /?z=lgz259lgnlw3493arszrts HTTP/1.1" 200 300549 "-" "Mozilla/5.0 (Linux; Android 6.0.1; Nexus 5X Build/MMB29P) AppleWebKit/537.36 (KHTML, like Gecko) Chrome/144.0.7559.132 Mobile Safari/537.36 (compatible; GoogleOther)"
66.249.77.4 - - [04/Mar/2026:12:11:20 +0000] "GET /?goods/026020709 HTTP/1.1" 200 303806 "-" "Mozilla/5.0 (Linux; Android 6.0.1; Nexus 5X Build/MMB29P) AppleWebKit/537.36 (KHTML, like Gecko) Chrome/144.0.7559.132 Mobile Safari/537.36 (compatible; Googlebot/2.1; +http://www.google.com/bot.html)"
74.7.241.6 - - [04/Mar/2026:12:11:18 +0000] "GET /buy.php?detail/12300406512775 HTTP/1.1" 200 155660 "https://inception-blue.com/buy.php?detail/12301531729911" "Mozilla/5.0 AppleWebKit/537.36 (KHTML, like Gecko; compatible; GPTBot/1.3; +https://openai.com/gptbot)"
66.249.77.4 - - [04/Mar/2026:12:11:20 +0000] "GET /?b=oterp158wfja24446lzpqibms HTTP/1.1" 200 348901 "-" "Mozilla/5.0 (Linux; Android 6.0.1; Nexus 5X Build/MMB29P) AppleWebKit/537.36 (KHTML, like Gecko) Chrome/144.0.7559.132 Mobile Safari/537.36 (compatible; Googlebot/2.1; +http://www.google.com/bot.html)"
66.249.77.3 - - [04/Mar/2026:12:11:21 +0000] "GET /?g=ztb69fh15433eqkcok HTTP/1.1" 200 314020 "-" "Mozilla/5.0 (Linux; Android 6.0.1; Nexus 5X Build/MMB29P) AppleWebKit/537.36 (KHTML, like Gecko) Chrome/144.0.7559.132 Mobile Safari/537.36 (compatible; Googlebot/2.1; +http://www.google.com/bot.html)"
66.249.77.3 - - [04/Mar/2026:12:11:22 +0000] "GET /?r=zyiz113fg41721wpbkkax HTTP/1.1" 200 304136 "-" "Mozilla/5.0 (Linux; Android 6.0.1; Nexus 5X Build/MMB29P) AppleWebKit/537.36 (KHTML, like Gecko) Chrome/144.0.7559.132 Mobile Safari/537.36 (compatible; Googlebot/2.1; +http://www.google.com/bot.html)"
66.249.77.3 - - [04/Mar/2026:12:11:23 +0000] "GET /?a=qcf151kz2169tuebtrw HTTP/1.1" 200 305574 "-" "Mozilla/5.0 (Linux; Android 6.0.1; Nexus 5X Build/MMB29P) AppleWebKit/537.36 (KHTML, like Gecko) Chrome/144.0.7559.132 Mobile Safari/537.36 (compatible; Googlebot/2.1; +http://www.google.com/bot.html)"
66.249.77.3 - - [04/Mar/2026:12:11:24 +0000] "GET /?g=fwe225grbz27551unzaexf HTTP/1.1" 200 308719 "-" "Mozilla/5.0 (Linux; Android 6.0.1; Nexus 5X Build/MMB29P) AppleWebKit/537.36 (KHTML, like Gecko) Chrome/144.0.7559.132 Mobile Safari/537.36 (compatible; Googlebot/2.1; +http://www.google.com/bot.html)"
74.7.241.6 - - [04/Mar/2026:12:11:20 +0000] "GET /buy.php?detail/19204101280673 HTTP/1.1" 200 165436 "https://inception-blue.com/buy.php?detail/19200821088066" "Mozilla/5.0 AppleWebKit/537.36 (KHTML, like Gecko; compatible; GPTBot/1.3; +https://openai.com/gptbot)"
66.249.77.4 - - [04/Mar/2026:12:11:24 +0000] "GET /?j=ggisu275acox16711noqbto HTTP/1.1" 200 311897 "-" "Mozilla/5.0 (Linux; Android 6.0.1; Nexus 5X Build/MMB29P) AppleWebKit/537.36 (KHTML, like Gecko) Chrome/144.0.7559.132 Mobile Safari/537.36 (compatible; Googlebot/2.1; +http://www.google.com/bot.html)"
66.249.77.5 - - [04/Mar/2026:12:11:25 +0000] "GET /?a=rec53xmfe5139zjdqnm HTTP/1.1" 200 309520 "-" "Mozilla/5.0 (Linux; Android 6.0.1; Nexus 5X Build/MMB29P) AppleWebKit/537.36 (KHTML, like Gecko) Chrome/144.0.7559.132 Mobile Safari/537.36 (compatible; Googlebot/2.1; +http://www.google.com/bot.html)"
66.249.77.6 - - [04/Mar/2026:12:11:26 +0000] "GET /?o=eyhr84jx13522ykdbjftzl HTTP/1.1" 200 311482 "-" "Mozilla/5.0 (Linux; Android 6.0.1; Nexus 5X Build/MMB29P) AppleWebKit/537.36 (KHTML, like Gecko) Chrome/144.0.7559.132 Mobile Safari/537.36 (compatible; Googlebot/2.1; +http://www.google.com/bot.html)"
66.249.77.4 - - [04/Mar/2026:12:11:27 +0000] "GET /?g=eti68riw608ilnngijksg HTTP/1.1" 200 307303 "-" "Mozilla/5.0 (Linux; Android 6.0.1; Nexus 5X Build/MMB29P) AppleWebKit/537.36 (KHTML, like Gecko) Chrome/144.0.7559.132 Mobile Safari/537.36 (compatible; Googlebot/2.1; +http://www.google.com/bot.html)"
66.249.77.4 - - [04/Mar/2026:12:11:28 +0000] "GET /?goods/272041313 HTTP/1.1" 200 304595 "-" "Mozilla/5.0 (Linux; Android 6.0.1; Nexus 5X Build/MMB29P) AppleWebKit/537.36 (KHTML, like Gecko) Chrome/144.0.7559.132 Mobile Safari/537.36 (compatible; Googlebot/2.1; +http://www.google.com/bot.html)"
74.7.241.6 - - [04/Mar/2026:12:11:25 +0000] "GET /buy.php?detail/11000549502109 HTTP/1.1" 200 158470 "https://inception-blue.com/buy.php?detail/17304795437693" "Mozilla/5.0 AppleWebKit/537.36 (KHTML, like Gecko; compatible; GPTBot/1.3; +https://openai.com/gptbot)"
66.249.77.4 - - [04/Mar/2026:12:11:28 +0000] "GET /?g=blyu251gvrxe9545ladikhb HTTP/1.1" 200 313671 "-" "Mozilla/5.0 (Linux; Android 6.0.1; Nexus 5X Build/MMB29P) AppleWebKit/537.36 (KHTML, like Gecko) Chrome/144.0.7559.132 Mobile Safari/537.36 (compatible; Googlebot/2.1; +http://www.google.com/bot.html)"
66.249.77.5 - - [04/Mar/2026:12:11:29 +0000] "GET /?j=zrjq271nwjc8413astvmzvdzp HTTP/1.1" 200 299210 "-" "Mozilla/5.0 (Linux; Android 6.0.1; Nexus 5X Build/MMB29P) AppleWebKit/537.36 (KHTML, like Gecko) Chrome/144.0.7559.132 Mobile Safari/537.36 (compatible; Googlebot/2.1; +http://www.google.com/bot.html)"
66.249.77.8 - - [04/Mar/2026:12:11:30 +0000] "GET /?t=zqhez126vozt44478eyddub HTTP/1.1" 200 314161 "-" "Mozilla/5.0 (Linux; Android 6.0.1; Nexus 5X Build/MMB29P) AppleWebKit/537.36 (KHTML, like Gecko) Chrome/144.0.7559.132 Mobile Safari/537.36 (compatible; Googlebot/2.1; +http://www.google.com/bot.html)"
66.249.77.6 - - [04/Mar/2026:12:11:30 +0000] "GET /182812062 HTTP/1.1" 200 300524 "-" "Mozilla/5.0 (Linux; Android 6.0.1; Nexus 5X Build/MMB29P) AppleWebKit/537.36 (KHTML, like Gecko) Chrome/145.0.7632.116 Mobile Safari/537.36 (compatible; Googlebot/2.1; +http://www.google.com/bot.html)"
74.7.241.6 - - [04/Mar/2026:12:11:28 +0000] "GET /buy.php?detail/17300194581573 HTTP/1.1" 200 167310 "https://inception-blue.com/buy.php?detail/17304795437693" "Mozilla/5.0 AppleWebKit/537.36 (KHTML, like Gecko; compatible; GPTBot/1.3; +https://openai.com/gptbot)"
66.249.77.6 - - [04/Mar/2026:12:11:31 +0000] "GET /?t=qnk110ofs39894gseowlpqc HTTP/1.1" 200 338263 "-" "Mozilla/5.0 (Linux; Android 6.0.1; Nexus 5X Build/MMB29P) AppleWebKit/537.36 (KHTML, like Gecko) Chrome/144.0.7559.132 Mobile Safari/537.36 (compatible; Googlebot/2.1; +http://www.google.com/bot.html)"
66.249.77.6 - - [04/Mar/2026:12:11:32 +0000] "GET /?j=moonk193zzcq9881nqyxmu HTTP/1.1" 200 306867 "-" "Mozilla/5.0 (Linux; Android 6.0.1; Nexus 5X Build/MMB29P) AppleWebKit/537.36 (KHTML, like Gecko) Chrome/144.0.7559.132 Mobile Safari/537.36 (compatible; Googlebot/2.1; +http://www.google.com/bot.html)"
66.249.77.9 - - [04/Mar/2026:12:11:33 +0000] "GET /?z=kfitm202vrdh41680wlquhf HTTP/1.1" 200 316688 "-" "Mozilla/5.0 (Linux; Android 6.0.1; Nexus 5X Build/MMB29P) AppleWebKit/537.36 (KHTML, like Gecko) Chrome/144.0.7559.132 Mobile Safari/537.36 (compatible; Googlebot/2.1; +http://www.google.com/bot.html)"
66.249.77.6 - - [04/Mar/2026:12:11:34 +0000] "GET /?z=tjp118ar5266rrjvruqa HTTP/1.1" 200 326021 "-" "Mozilla/5.0 (Linux; Android 6.0.1; Nexus 5X Build/MMB29P) AppleWebKit/537.36 (KHTML, like Gecko) Chrome/144.0.7559.132 Mobile Safari/537.36 (compatible; Googlebot/2.1; +http://www.google.com/bot.html)"
66.249.77.6 - - [04/Mar/2026:12:11:34 +0000] "GET /?z=oene275pkpz3333syzaersfxc HTTP/1.1" 200 304494 "-" "Mozilla/5.0 (Linux; Android 6.0.1; Nexus 5X Build/MMB29P) AppleWebKit/537.36 (KHTML, like Gecko) Chrome/144.0.7559.132 Mobile Safari/537.36 (compatible; Googlebot/2.1; +http://www.google.com/bot.html)"
74.7.241.6 - - [04/Mar/2026:12:11:31 +0000] "GET /buy.php?detail/11204247784004 HTTP/1.1" 200 167194 "https://inception-blue.com/buy.php?detail/07000154677087" "Mozilla/5.0 AppleWebKit/537.36 (KHTML, like Gecko; compatible; GPTBot/1.3; +https://openai.com/gptbot)"
66.249.77.5 - - [04/Mar/2026:12:11:35 +0000] "GET /?v=hsne54a17466kfwyymmh HTTP/1.1" 200 305366 "-" "Mozilla/5.0 (Linux; Android 6.0.1; Nexus 5X Build/MMB29P) AppleWebKit/537.36 (KHTML, like Gecko) Chrome/144.0.7559.132 Mobile Safari/537.36 (compatible; Googlebot/2.1; +http://www.google.com/bot.html)"
66.249.77.10 - - [04/Mar/2026:12:11:36 +0000] "GET /?jp/291012196.html HTTP/1.1" 200 305778 "-" "Mozilla/5.0 (Linux; Android 6.0.1; Nexus 5X Build/MMB29P) AppleWebKit/537.36 (KHTML, like Gecko) Chrome/144.0.7559.132 Mobile Safari/537.36 (compatible; Googlebot/2.1; +http://www.google.com/bot.html)"
159.223.142.74 - - [04/Mar/2026:12:11:36 +0000] "POST /wp-cron.php?doing_wp_cron=1772626296.2126119136810302734375 HTTP/1.1" 404 185455 "-" "WordPress/6.9.1; https://inception-blue.com"
43.166.226.186 - - [04/Mar/2026:12:11:35 +0000] "GET / HTTP/1.1" 200 222961 "http://inception-blue.com" "Mozilla/5.0 (iPhone; CPU iPhone OS 13_2_3 like Mac OS X) AppleWebKit/605.1.15 (KHTML, like Gecko) Version/13.0.3 Mobile/15E148 Safari/604.1"
66.249.77.7 - - [04/Mar/2026:12:11:37 +0000] "GET /?z=uyo44eogh37348beuuqymis HTTP/1.1" 200 327136 "-" "Mozilla/5.0 (Linux; Android 6.0.1; Nexus 5X Build/MMB29P) AppleWebKit/537.36 (KHTML, like Gecko) Chrome/144.0.7559.132 Mobile Safari/537.36 (compatible; Googlebot/2.1; +http://www.google.com/bot.html)"
66.249.77.9 - - [04/Mar/2026:12:11:38 +0000] "GET /?i=ilnd154lman38050pgwpkgkuv HTTP/1.1" 200 330375 "-" "Mozilla/5.0 (Linux; Android 6.0.1; Nexus 5X Build/MMB29P) AppleWebKit/537.36 (KHTML, like Gecko) Chrome/144.0.7559.132 Mobile Safari/537.36 (compatible; Googlebot/2.1; +http://www.google.com/bot.html)"
66.249.77.3 - - [04/Mar/2026:12:11:39 +0000] "GET /?e=wxihh227reqqz1001auuynrvjf HTTP/1.1" 200 298588 "-" "Mozilla/5.0 (Linux; Android 6.0.1; Nexus 5X Build/MMB29P) AppleWebKit/537.36 (KHTML, like Gecko) Chrome/144.0.7559.132 Mobile Safari/537.36 (compatible; Googlebot/2.1; +http://www.google.com/bot.html)"
74.7.241.6 - - [04/Mar/2026:12:11:36 +0000] "GET /buy.php?detail/19204102487118 HTTP/1.1" 200 166621 "https://inception-blue.com/buy.php?detail/19200821088066" "Mozilla/5.0 AppleWebKit/537.36 (KHTML, like Gecko; compatible; GPTBot/1.3; +https://openai.com/gptbot)"
66.249.77.4 - - [04/Mar/2026:12:11:39 +0000] "GET /?t=phil186mt1156trwjmepjb HTTP/1.1" 200 301692 "-" "Mozilla/5.0 (Linux; Android 6.0.1; Nexus 5X Build/MMB29P) AppleWebKit/537.36 (KHTML, like Gecko) Chrome/144.0.7559.132 Mobile Safari/537.36 (compatible; Googlebot/2.1; +http://www.google.com/bot.html)"
66.249.77.3 - - [04/Mar/2026:12:11:40 +0000] "GET /?jp/024004814.html HTTP/1.1" 200 318060 "-" "Mozilla/5.0 (Linux; Android 6.0.1; Nexus 5X Build/MMB29P) AppleWebKit/537.36 (KHTML, like Gecko) Chrome/144.0.7559.132 Mobile Safari/537.36 (compatible; Googlebot/2.1; +http://www.google.com/bot.html)"
66.249.77.3 - - [04/Mar/2026:12:11:41 +0000] "GET /?a=yie62wmfju44606ovmeskfp HTTP/1.1" 200 303999 "-" "Mozilla/5.0 (Linux; Android 6.0.1; Nexus 5X Build/MMB29P) AppleWebKit/537.36 (KHTML, like Gecko) Chrome/144.0.7559.132 Mobile Safari/537.36 (compatible; Googlebot/2.1; +http://www.google.com/bot.html)"
74.7.241.6 - - [04/Mar/2026:12:11:39 +0000] "GET /buy.php?detail/01500984244815 HTTP/1.1" 200 157311 "https://inception-blue.com/buy.php?detail/25203447660371" "Mozilla/5.0 AppleWebKit/537.36 (KHTML, like Gecko; compatible; GPTBot/1.3; +https://openai.com/gptbot)"
66.249.77.8 - - [04/Mar/2026:12:11:42 +0000] "GET /?i=egnv122r36996vbcnuc HTTP/1.1" 200 297121 "-" "Mozilla/5.0 (Linux; Android 6.0.1; Nexus 5X Build/MMB29P) AppleWebKit/537.36 (KHTML, like Gecko) Chrome/144.0.7559.132 Mobile Safari/537.36 (compatible; Googlebot/2.1; +http://www.google.com/bot.html)"
66.249.77.10 - - [04/Mar/2026:12:11:43 +0000] "GET /1124505002 HTTP/1.1" 200 300563 "-" "Mozilla/5.0 (Linux; Android 6.0.1; Nexus 5X Build/MMB29P) AppleWebKit/537.36 (KHTML, like Gecko) Chrome/144.0.7559.132 Mobile Safari/537.36 (compatible; Googlebot/2.1; +http://www.google.com/bot.html)"
66.249.77.10 - - [04/Mar/2026:12:11:43 +0000] "GET /?g=fnvi275w24235kjwfrhhyal HTTP/1.1" 200 316572 "-" "Mozilla/5.0 (Linux; Android 6.0.1; Nexus 5X Build/MMB29P) AppleWebKit/537.36 (KHTML, like Gecko) Chrome/144.0.7559.132 Mobile Safari/537.36 (compatible; Googlebot/2.1; +http://www.google.com/bot.html)"
66.249.77.5 - - [04/Mar/2026:12:11:44 +0000] "GET /?c=tpk159kmpng16287nvulvmh HTTP/1.1" 200 303422 "-" "Mozilla/5.0 (Linux; Android 6.0.1; Nexus 5X Build/MMB29P) AppleWebKit/537.36 (KHTML, like Gecko) Chrome/144.0.7559.132 Mobile Safari/537.36 (compatible; Googlebot/2.1; +http://www.google.com/bot.html)"
66.249.77.11 - - [04/Mar/2026:12:11:45 +0000] "GET /?k=ryigr46d49246txwrmidy HTTP/1.1" 200 309386 "-" "Mozilla/5.0 (Linux; Android 6.0.1; Nexus 5X Build/MMB29P) AppleWebKit/537.36 (KHTML, like Gecko) Chrome/144.0.7559.132 Mobile Safari/537.36 (compatible; Googlebot/2.1; +http://www.google.com/bot.html)"
66.249.77.3 - - [04/Mar/2026:12:11:46 +0000] "GET /?z=qcicz1kp141vsutau HTTP/1.1" 200 312408 "-" "Mozilla/5.0 (Linux; Android 6.0.1; Nexus 5X Build/MMB29P) AppleWebKit/537.36 (KHTML, like Gecko) Chrome/144.0.7559.132 Mobile Safari/537.36 (compatible; Googlebot/2.1; +http://www.google.com/bot.html)"
74.7.241.6 - - [04/Mar/2026:12:11:42 +0000] "GET /buy.php?detail/19203886378466 HTTP/1.1" 200 153857 "https://inception-blue.com/buy.php?detail/19203267527142" "Mozilla/5.0 AppleWebKit/537.36 (KHTML, like Gecko; compatible; GPTBot/1.3; +https://openai.com/gptbot)"
66.249.77.9 - - [04/Mar/2026:12:11:47 +0000] "GET /?g=mzrz267gf20411ofzxrhhl HTTP/1.1" 200 299991 "-" "Mozilla/5.0 (Linux; Android 6.0.1; Nexus 5X Build/MMB29P) AppleWebKit/537.36 (KHTML, like Gecko) Chrome/144.0.7559.132 Mobile Safari/537.36 (compatible; Googlebot/2.1; +http://www.google.com/bot.html)"
66.249.77.11 - - [04/Mar/2026:12:11:48 +0000] "GET /?h=bbuh171ylkl47165qoqknarwx HTTP/1.1" 200 304419 "-" "Mozilla/5.0 (Linux; Android 6.0.1; Nexus 5X Build/MMB29P) AppleWebKit/537.36 (KHTML, like Gecko) Chrome/144.0.7559.132 Mobile Safari/537.36 (compatible; Googlebot/2.1; +http://www.google.com/bot.html)"
66.249.77.8 - - [04/Mar/2026:12:11:49 +0000] "GET /?k=nqvf133yc35905eodnwczvf HTTP/1.1" 200 306165 "-" "Mozilla/5.0 (Linux; Android 6.0.1; Nexus 5X Build/MMB29P) AppleWebKit/537.36 (KHTML, like Gecko) Chrome/144.0.7559.132 Mobile Safari/537.36 (compatible; Googlebot/2.1; +http://www.google.com/bot.html)"
74.7.241.6 - - [04/Mar/2026:12:11:47 +0000] "GET /buy.php?jp/063023257.html HTTP/1.1" 200 160379 "https://inception-blue.com/buy.php?detail/18902160234981" "Mozilla/5.0 AppleWebKit/537.36 (KHTML, like Gecko; compatible; GPTBot/1.3; +https://openai.com/gptbot)"
66.249.77.8 - - [04/Mar/2026:12:11:50 +0000] "GET /?t=tami16v46512nzqtqpij HTTP/1.1" 200 301264 "-" "Mozilla/5.0 (Linux; Android 6.0.1; Nexus 5X Build/MMB29P) AppleWebKit/537.36 (KHTML, like Gecko) Chrome/144.0.7559.132 Mobile Safari/537.36 (compatible; Googlebot/2.1; +http://www.google.com/bot.html)"
66.249.77.4 - - [04/Mar/2026:12:11:51 +0000] "GET /?g=ausy125o35063klhudpu HTTP/1.1" 200 367094 "-" "Mozilla/5.0 (Linux; Android 6.0.1; Nexus 5X Build/MMB29P) AppleWebKit/537.36 (KHTML, like Gecko) Chrome/144.0.7559.132 Mobile Safari/537.36 (compatible; Googlebot/2.1; +http://www.google.com/bot.html)"
66.249.77.10 - - [04/Mar/2026:12:11:51 +0000] "GET /?z=kfpi188p42294jcvdprlgvs HTTP/1.1" 200 301397 "-" "Mozilla/5.0 (Linux; Android 6.0.1; Nexus 5X Build/MMB29P) AppleWebKit/537.36 (KHTML, like Gecko) Chrome/144.0.7559.132 Mobile Safari/537.36 (compatible; Googlebot/2.1; +http://www.google.com/bot.html)"
66.249.77.10 - - [04/Mar/2026:12:11:52 +0000] "GET /?a=yeit219ige9045ibuzjkvpb HTTP/1.1" 200 309974 "-" "Mozilla/5.0 (Linux; Android 6.0.1; Nexus 5X Build/MMB29P) AppleWebKit/537.36 (KHTML, like Gecko) Chrome/144.0.7559.132 Mobile Safari/537.36 (compatible; Googlebot/2.1; +http://www.google.com/bot.html)"
74.7.241.6 - - [04/Mar/2026:12:11:50 +0000] "GET /buy.php?detail/21201388849158 HTTP/1.1" 200 155359 "https://inception-blue.com/buy.php?detail/18902160234981" "Mozilla/5.0 AppleWebKit/537.36 (KHTML, like Gecko; compatible; GPTBot/1.3; +https://openai.com/gptbot)"
66.249.77.7 - - [04/Mar/2026:12:11:53 +0000] "GET /?v=wve233tj31593xmbvwmpmhd HTTP/1.1" 200 305052 "-" "Mozilla/5.0 (Linux; Android 6.0.1; Nexus 5X Build/MMB29P) AppleWebKit/537.36 (KHTML, like Gecko) Chrome/144.0.7559.132 Mobile Safari/537.36 (compatible; Googlebot/2.1; +http://www.google.com/bot.html)"
66.249.77.7 - - [04/Mar/2026:12:11:54 +0000] "GET /?v=epkfx282dxenb39806xnjhnvz HTTP/1.1" 200 322732 "-" "Mozilla/5.0 (Linux; Android 6.0.1; Nexus 5X Build/MMB29P) AppleWebKit/537.36 (KHTML, like Gecko) Chrome/144.0.7559.132 Mobile Safari/537.36 (compatible; Googlebot/2.1; +http://www.google.com/bot.html)"
66.249.77.4 - - [04/Mar/2026:12:11:55 +0000] "GET /?v=hgm277pygxx26219ehvvalc HTTP/1.1" 200 326396 "-" "Mozilla/5.0 (Linux; Android 6.0.1; Nexus 5X Build/MMB29P) AppleWebKit/537.36 (KHTML, like Gecko) Chrome/144.0.7559.132 Mobile Safari/537.36 (compatible; Googlebot/2.1; +http://www.google.com/bot.html)"
66.249.77.7 - - [04/Mar/2026:12:11:56 +0000] "GET /?y=cirjo260bloxt23890pflsfzlww HTTP/1.1" 200 300762 "-" "Mozilla/5.0 (Linux; Android 6.0.1; Nexus 5X Build/MMB29P) AppleWebKit/537.36 (KHTML, like Gecko) Chrome/144.0.7559.132 Mobile Safari/537.36 (compatible; Googlebot/2.1; +http://www.google.com/bot.html)"
66.249.77.8 - - [04/Mar/2026:12:11:57 +0000] "GET /?j=cyiyf65m48889oifobsckv HTTP/1.1" 200 316087 "-" "Mozilla/5.0 (Linux; Android 6.0.1; Nexus 5X Build/MMB29P) AppleWebKit/537.36 (KHTML, like Gecko) Chrome/144.0.7559.132 Mobile Safari/537.36 (compatible; Googlebot/2.1; +http://www.google.com/bot.html)"
66.249.77.4 - - [04/Mar/2026:12:11:57 +0000] "GET /?y=qfak128p6650gqrnixcrrw HTTP/1.1" 200 300248 "-" "Mozilla/5.0 (Linux; Android 6.0.1; Nexus 5X Build/MMB29P) AppleWebKit/537.36 (KHTML, like Gecko) Chrome/144.0.7559.132 Mobile Safari/537.36 (compatible; Googlebot/2.1; +http://www.google.com/bot.html)"
74.7.241.6 - - [04/Mar/2026:12:11:53 +0000] "GET /buy.php?detail/18900164069044 HTTP/1.1" 200 154319 "https://inception-blue.com/buy.php?detail/18902160234981" "Mozilla/5.0 AppleWebKit/537.36 (KHTML, like Gecko; compatible; GPTBot/1.3; +https://openai.com/gptbot)"
66.249.77.9 - - [04/Mar/2026:12:11:58 +0000] "GET /?z=mbil193zqk821qpfqklu HTTP/1.1" 200 316651 "-" "Mozilla/5.0 (Linux; Android 6.0.1; Nexus 5X Build/MMB29P) AppleWebKit/537.36 (KHTML, like Gecko) Chrome/144.0.7559.132 Mobile Safari/537.36 (compatible; Googlebot/2.1; +http://www.google.com/bot.html)"
66.249.77.8 - - [04/Mar/2026:12:11:59 +0000] "GET /?i=kary69gv17339ubznkxgq HTTP/1.1" 200 362815 "-" "Mozilla/5.0 (Linux; Android 6.0.1; Nexus 5X Build/MMB29P) AppleWebKit/537.36 (KHTML, like Gecko) Chrome/144.0.7559.132 Mobile Safari/537.36 (compatible; Googlebot/2.1; +http://www.google.com/bot.html)"
66.249.77.3 - - [04/Mar/2026:12:12:00 +0000] "GET /?e=tqkx225helo19849qcerwwaqw HTTP/1.1" 200 306124 "-" "Mozilla/5.0 (Linux; Android 6.0.1; Nexus 5X Build/MMB29P) AppleWebKit/537.36 (KHTML, like Gecko) Chrome/144.0.7559.132 Mobile Safari/537.36 (compatible; Googlebot/2.1; +http://www.google.com/bot.html)"
74.7.241.6 - - [04/Mar/2026:12:11:58 +0000] "GET /buy.php?detail/02200851050604 HTTP/1.1" 200 154829 "https://inception-blue.com/buy.php?detail/12300406512775" "Mozilla/5.0 AppleWebKit/537.36 (KHTML, like Gecko; compatible; GPTBot/1.3; +https://openai.com/gptbot)"
66.249.77.4 - - [04/Mar/2026:12:12:01 +0000] "GET /?h=czngk61sfn42909fdhoazv HTTP/1.1" 200 301786 "-" "Mozilla/5.0 (Linux; Android 6.0.1; Nexus 5X Build/MMB29P) AppleWebKit/537.36 (KHTML, like Gecko) Chrome/144.0.7559.132 Mobile Safari/537.36 (compatible; Googlebot/2.1; +http://www.google.com/bot.html)"
66.249.77.3 - - [04/Mar/2026:12:12:02 +0000] "GET /?detail/090020185744 HTTP/1.1" 200 302647 "-" "Mozilla/5.0 (Linux; Android 6.0.1; Nexus 5X Build/MMB29P) AppleWebKit/537.36 (KHTML, like Gecko) Chrome/144.0.7559.132 Mobile Safari/537.36 (compatible; Googlebot/2.1; +http://www.google.com/bot.html)"
66.249.77.5 - - [04/Mar/2026:12:12:03 +0000] "GET /?y=dzpmu225pztkp16189pqdhlgscb HTTP/1.1" 200 310046 "-" "Mozilla/5.0 (Linux; Android 6.0.1; Nexus 5X Build/MMB29P) AppleWebKit/537.36 (KHTML, like Gecko) Chrome/144.0.7559.132 Mobile Safari/537.36 (compatible; Googlebot/2.1; +http://www.google.com/bot.html)"
74.7.241.6 - - [04/Mar/2026:12:12:01 +0000] "GET /buy.php?detail/19204744025197 HTTP/1.1" 200 159336 "https://inception-blue.com/buy.php?detail/19204101280673" "Mozilla/5.0 AppleWebKit/537.36 (KHTML, like Gecko; compatible; GPTBot/1.3; +https://openai.com/gptbot)"
66.249.77.6 - - [04/Mar/2026:12:12:04 +0000] "GET /?e=yof48nv37188ydufvj HTTP/1.1" 200 300976 "-" "Mozilla/5.0 (Linux; Android 6.0.1; Nexus 5X Build/MMB29P) AppleWebKit/537.36 (KHTML, like Gecko) Chrome/144.0.7559.132 Mobile Safari/537.36 (compatible; Googlebot/2.1; +http://www.google.com/bot.html)"
66.249.77.5 - - [04/Mar/2026:12:12:04 +0000] "GET /?h=uku216g44486nfmibkpu HTTP/1.1" 200 302644 "-" "Mozilla/5.0 (Linux; Android 6.0.1; Nexus 5X Build/MMB29P) AppleWebKit/537.36 (KHTML, like Gecko) Chrome/144.0.7559.132 Mobile Safari/537.36 (compatible; Googlebot/2.1; +http://www.google.com/bot.html)"
66.249.77.3 - - [04/Mar/2026:12:12:05 +0000] "GET /?t=jnry68ahlw48610lmxxblinw HTTP/1.1" 200 309121 "-" "Mozilla/5.0 (Linux; Android 6.0.1; Nexus 5X Build/MMB29P) AppleWebKit/537.36 (KHTML, like Gecko) Chrome/144.0.7559.132 Mobile Safari/537.36 (compatible; Googlebot/2.1; +http://www.google.com/bot.html)"
74.7.241.6 - - [04/Mar/2026:12:12:04 +0000] "GET /buy.php?detail/03200523942140 HTTP/1.1" 200 156148 "https://inception-blue.com/buy.php?detail/25203447660371" "Mozilla/5.0 AppleWebKit/537.36 (KHTML, like Gecko; compatible; GPTBot/1.3; +https://openai.com/gptbot)"
66.249.77.4 - - [04/Mar/2026:12:12:06 +0000] "GET /?m=pxjug218rtdw36576iydtreztv HTTP/1.1" 200 309647 "-" "Mozilla/5.0 (Linux; Android 6.0.1; Nexus 5X Build/MMB29P) AppleWebKit/537.36 (KHTML, like Gecko) Chrome/144.0.7559.132 Mobile Safari/537.36 (compatible; Googlebot/2.1; +http://www.google.com/bot.html)"
66.249.77.5 - - [04/Mar/2026:12:12:07 +0000] "GET /?b=wqe61kf8467bgwoqktc HTTP/1.1" 200 305081 "-" "Mozilla/5.0 (Linux; Android 6.0.1; Nexus 5X Build/MMB29P) AppleWebKit/537.36 (KHTML, like Gecko) Chrome/144.0.7559.132 Mobile Safari/537.36 (compatible; Googlebot/2.1; +http://www.google.com/bot.html)"
66.249.77.4 - - [04/Mar/2026:12:12:08 +0000] "GET /?m=usin137upbk24731vaicder HTTP/1.1" 200 323769 "-" "Mozilla/5.0 (Linux; Android 6.0.1; Nexus 5X Build/MMB29P) AppleWebKit/537.36 (KHTML, like Gecko) Chrome/144.0.7559.132 Mobile Safari/537.36 (compatible; Googlebot/2.1; +http://www.google.com/bot.html)"
74.7.241.6 - - [04/Mar/2026:12:12:07 +0000] "GET /buy.php?detail/14504437180317 HTTP/1.1" 200 147408 "https://inception-blue.com/buy.php?detail/11000549502109" "Mozilla/5.0 AppleWebKit/537.36 (KHTML, like Gecko; compatible; GPTBot/1.3; +https://openai.com/gptbot)"
66.249.77.4 - - [04/Mar/2026:12:12:08 +0000] "GET /?g=hjwq50kd27266zkzsatix HTTP/1.1" 200 316308 "-" "Mozilla/5.0 (Linux; Android 6.0.1; Nexus 5X Build/MMB29P) AppleWebKit/537.36 (KHTML, like Gecko) Chrome/144.0.7559.132 Mobile Safari/537.36 (compatible; Googlebot/2.1; +http://www.google.com/bot.html)"
66.249.77.4 - - [04/Mar/2026:12:12:09 +0000] "GET /?v=uqp257sz13643cnvpryuep HTTP/1.1" 200 335237 "-" "Mozilla/5.0 (Linux; Android 6.0.1; Nexus 5X Build/MMB29P) AppleWebKit/537.36 (KHTML, like Gecko) Chrome/144.0.7559.132 Mobile Safari/537.36 (compatible; Googlebot/2.1; +http://www.google.com/bot.html)"
66.249.77.4 - - [04/Mar/2026:12:12:10 +0000] "GET /?j=rabx239enjjl19927lbbwxedsli HTTP/1.1" 200 301298 "-" "Mozilla/5.0 (Linux; Android 6.0.1; Nexus 5X Build/MMB29P) AppleWebKit/537.36 (KHTML, like Gecko) Chrome/144.0.7559.132 Mobile Safari/537.36 (compatible; Googlebot/2.1; +http://www.google.com/bot.html)"
74.7.241.6 - - [04/Mar/2026:12:12:09 +0000] "GET /buy.php?detail/18900139667810 HTTP/1.1" 200 153022 "https://inception-blue.com/buy.php?detail/18902160234981" "Mozilla/5.0 AppleWebKit/537.36 (KHTML, like Gecko; compatible; GPTBot/1.3; +https://openai.com/gptbot)"
66.249.77.5 - - [04/Mar/2026:12:12:11 +0000] "GET /?z=rmj16z23156qxbszhhhx HTTP/1.1" 200 302947 "-" "Mozilla/5.0 (Linux; Android 6.0.1; Nexus 5X Build/MMB29P) AppleWebKit/537.36 (KHTML, like Gecko) Chrome/144.0.7559.132 Mobile Safari/537.36 (compatible; Googlebot/2.1; +http://www.google.com/bot.html)"
66.249.77.5 - - [04/Mar/2026:12:12:13 +0000] "GET /?z=esfnf53oxs391kjkdihsicc HTTP/1.1" 200 313011 "-" "Mozilla/5.0 (Linux; Android 6.0.1; Nexus 5X Build/MMB29P) AppleWebKit/537.36 (KHTML, like Gecko) Chrome/144.0.7559.132 Mobile Safari/537.36 (compatible; GoogleOther)"
66.249.77.3 - - [04/Mar/2026:12:12:14 +0000] "GET /?z=pjh73n41465rlnyweuzw HTTP/1.1" 200 359738 "-" "Mozilla/5.0 (Linux; Android 6.0.1; Nexus 5X Build/MMB29P) AppleWebKit/537.36 (KHTML, like Gecko) Chrome/144.0.7559.132 Mobile Safari/537.36 (compatible; Googlebot/2.1; +http://www.google.com/bot.html)"
74.7.241.6 - - [04/Mar/2026:12:12:12 +0000] "GET /buy.php?goods/145044371 HTTP/1.1" 200 147549 "https://inception-blue.com/buy.php?detail/14504437180317" "Mozilla/5.0 AppleWebKit/537.36 (KHTML, like Gecko; compatible; GPTBot/1.3; +https://openai.com/gptbot)"
66.249.77.5 - - [04/Mar/2026:12:12:14 +0000] "GET /?m=vgv179gjh46013yoyqwepgb HTTP/1.1" 200 304597 "-" "Mozilla/5.0 (Linux; Android 6.0.1; Nexus 5X Build/MMB29P) AppleWebKit/537.36 (KHTML, like Gecko) Chrome/144.0.7559.132 Mobile Safari/537.36 (compatible; Googlebot/2.1; +http://www.google.com/bot.html)"
66.249.77.3 - - [04/Mar/2026:12:12:15 +0000] "GET /?v=iso53lhyvg36329iwayhbfdk HTTP/1.1" 200 305394 "-" "Mozilla/5.0 (Linux; Android 6.0.1; Nexus 5X Build/MMB29P) AppleWebKit/537.36 (KHTML, like Gecko) Chrome/144.0.7559.132 Mobile Safari/537.36 (compatible; Googlebot/2.1; +http://www.google.com/bot.html)"
74.7.241.6 - - [04/Mar/2026:12:12:14 +0000] "GET /buy.php?detail/19200027705165 HTTP/1.1" 200 168248 "https://inception-blue.com/buy.php?detail/19204102487118" "Mozilla/5.0 AppleWebKit/537.36 (KHTML, like Gecko; compatible; GPTBot/1.3; +https://openai.com/gptbot)"
66.249.77.5 - - [04/Mar/2026:12:12:16 +0000] "GET /?v=tbr236nv36316absjez HTTP/1.1" 200 308194 "-" "Mozilla/5.0 (Linux; Android 6.0.1; Nexus 5X Build/MMB29P) AppleWebKit/537.36 (KHTML, like Gecko) Chrome/144.0.7559.132 Mobile Safari/537.36 (compatible; Googlebot/2.1; +http://www.google.com/bot.html)"
66.249.77.4 - - [04/Mar/2026:12:12:17 +0000] "GET /?b=zekz140ivfg28896tjhzxxyuk HTTP/1.1" 200 304459 "-" "Mozilla/5.0 (Linux; Android 6.0.1; Nexus 5X Build/MMB29P) AppleWebKit/537.36 (KHTML, like Gecko) Chrome/144.0.7559.132 Mobile Safari/537.36 (compatible; Googlebot/2.1; +http://www.google.com/bot.html)"
66.249.77.4 - - [04/Mar/2026:12:12:18 +0000] "GET /1161128056 HTTP/1.1" 200 331904 "-" "Mozilla/5.0 (Linux; Android 6.0.1; Nexus 5X Build/MMB29P) AppleWebKit/537.36 (KHTML, like Gecko) Chrome/144.0.7559.132 Mobile Safari/537.36 (compatible; Googlebot/2.1; +http://www.google.com/bot.html)"
74.7.241.6 - - [04/Mar/2026:12:12:17 +0000] "GET /buy.php?detail/06600831099281 HTTP/1.1" 200 147160 "https://inception-blue.com/buy.php?detail/01500984244815" "Mozilla/5.0 AppleWebKit/537.36 (KHTML, like Gecko; compatible; GPTBot/1.3; +https://openai.com/gptbot)"
66.249.77.3 - - [04/Mar/2026:12:12:19 +0000] "GET /?jp/203034275.html HTTP/1.1" 200 325120 "-" "Mozilla/5.0 (Linux; Android 6.0.1; Nexus 5X Build/MMB29P) AppleWebKit/537.36 (KHTML, like Gecko) Chrome/144.0.7559.132 Mobile Safari/537.36 (compatible; Googlebot/2.1; +http://www.google.com/bot.html)"
66.249.77.4 - - [04/Mar/2026:12:12:20 +0000] "GET /?i=idmo7dnz27067vgvhcqg HTTP/1.1" 200 301868 "-" "Mozilla/5.0 (Linux; Android 6.0.1; Nexus 5X Build/MMB29P) AppleWebKit/537.36 (KHTML, like Gecko) Chrome/144.0.7559.132 Mobile Safari/537.36 (compatible; Googlebot/2.1; +http://www.google.com/bot.html)"
66.249.77.4 - - [04/Mar/2026:12:12:21 +0000] "GET /1136104413 HTTP/1.1" 200 311333 "-" "Mozilla/5.0 (Linux; Android 6.0.1; Nexus 5X Build/MMB29P) AppleWebKit/537.36 (KHTML, like Gecko) Chrome/144.0.7559.132 Mobile Safari/537.36 (compatible; Googlebot/2.1; +http://www.google.com/bot.html)"
66.249.77.4 - - [04/Mar/2026:12:12:22 +0000] "GET /?a=ulwlh140svsit24260wtmgfsbgb HTTP/1.1" 200 299783 "-" "Mozilla/5.0 (Linux; Android 6.0.1; Nexus 5X Build/MMB29P) AppleWebKit/537.36 (KHTML, like Gecko) Chrome/144.0.7559.132 Mobile Safari/537.36 (compatible; Googlebot/2.1; +http://www.google.com/bot.html)"
66.249.77.3 - - [04/Mar/2026:12:12:23 +0000] "GET /?t=etiu129uhk20867ynpjph HTTP/1.1" 200 302869 "-" "Mozilla/5.0 (Linux; Android 6.0.1; Nexus 5X Build/MMB29P) AppleWebKit/537.36 (KHTML, like Gecko) Chrome/144.0.7559.132 Mobile Safari/537.36 (compatible; Googlebot/2.1; +http://www.google.com/bot.html)"
74.7.241.6 - - [04/Mar/2026:12:12:19 +0000] "GET /buy.php?goods/284003358 HTTP/1.1" 200 156820 "https://inception-blue.com/buy.php?detail/19203886378466" "Mozilla/5.0 AppleWebKit/537.36 (KHTML, like Gecko; compatible; GPTBot/1.3; +https://openai.com/gptbot)"
66.249.77.4 - - [04/Mar/2026:12:12:24 +0000] "GET /?h=qwewm127d39169obtbmfjujr HTTP/1.1" 200 310561 "-" "Mozilla/5.0 (Linux; Android 6.0.1; Nexus 5X Build/MMB29P) AppleWebKit/537.36 (KHTML, like Gecko) Chrome/144.0.7559.132 Mobile Safari/537.36 (compatible; Googlebot/2.1; +http://www.google.com/bot.html)"
66.249.77.3 - - [04/Mar/2026:12:12:25 +0000] "GET /?o=oayi283aqipv2685wuazcdf HTTP/1.1" 200 308208 "-" "Mozilla/5.0 (Linux; Android 6.0.1; Nexus 5X Build/MMB29P) AppleWebKit/537.36 (KHTML, like Gecko) Chrome/144.0.7559.132 Mobile Safari/537.36 (compatible; Googlebot/2.1; +http://www.google.com/bot.html)"
66.249.77.3 - - [04/Mar/2026:12:12:26 +0000] "GET /?h=pxlml32a11352qeqfozw HTTP/1.1" 200 313113 "-" "Mozilla/5.0 (Linux; Android 6.0.1; Nexus 5X Build/MMB29P) AppleWebKit/537.36 (KHTML, like Gecko) Chrome/144.0.7559.132 Mobile Safari/537.36 (compatible; Googlebot/2.1; +http://www.google.com/bot.html)"
66.249.77.4 - - [04/Mar/2026:12:12:27 +0000] "GET /?z=kfh185ove18539dfucmt HTTP/1.1" 200 327555 "-" "Mozilla/5.0 (Linux; Android 6.0.1; Nexus 5X Build/MMB29P) AppleWebKit/537.36 (KHTML, like Gecko) Chrome/144.0.7559.132 Mobile Safari/537.36 (compatible; Googlebot/2.1; +http://www.google.com/bot.html)"
66.249.77.4 - - [04/Mar/2026:12:12:27 +0000] "GET /?f=blyma192hbtv2172qzleaixvn HTTP/1.1" 200 300432 "-" "Mozilla/5.0 (Linux; Android 6.0.1; Nexus 5X Build/MMB29P) AppleWebKit/537.36 (KHTML, like Gecko) Chrome/144.0.7559.132 Mobile Safari/537.36 (compatible; Googlebot/2.1; +http://www.google.com/bot.html)"
74.7.241.6 - - [04/Mar/2026:12:12:24 +0000] "GET /buy.php?detail/19204099101104 HTTP/1.1" 200 158625 "https://inception-blue.com/buy.php?detail/19200821088066" "Mozilla/5.0 AppleWebKit/537.36 (KHTML, like Gecko; compatible; GPTBot/1.3; +https://openai.com/gptbot)"
66.249.77.4 - - [04/Mar/2026:12:12:28 +0000] "GET /?n=aoka179d13185glhrrwavk HTTP/1.1" 200 319077 "-" "Mozilla/5.0 (Linux; Android 6.0.1; Nexus 5X Build/MMB29P) AppleWebKit/537.36 (KHTML, like Gecko) Chrome/144.0.7559.132 Mobile Safari/537.36 (compatible; Googlebot/2.1; +http://www.google.com/bot.html)"
66.249.77.5 - - [04/Mar/2026:12:12:29 +0000] "GET /?jp/195031315.html HTTP/1.1" 200 340118 "-" "Mozilla/5.0 (Linux; Android 6.0.1; Nexus 5X Build/MMB29P) AppleWebKit/537.36 (KHTML, like Gecko) Chrome/144.0.7559.132 Mobile Safari/537.36 (compatible; Googlebot/2.1; +http://www.google.com/bot.html)"
66.249.77.5 - - [04/Mar/2026:12:12:30 +0000] "GET /?z=qjh145los40801ixuiivne HTTP/1.1" 200 301300 "-" "Mozilla/5.0 (Linux; Android 6.0.1; Nexus 5X Build/MMB29P) AppleWebKit/537.36 (KHTML, like Gecko) Chrome/144.0.7559.132 Mobile Safari/537.36 (compatible; Googlebot/2.1; +http://www.google.com/bot.html)"
66.249.77.3 - - [04/Mar/2026:12:12:30 +0000] "GET /?b=aajap157zmz21937estpewiiau HTTP/1.1" 200 327595 "-" "Mozilla/5.0 (Linux; Android 6.0.1; Nexus 5X Build/MMB29P) AppleWebKit/537.36 (KHTML, like Gecko) Chrome/144.0.7559.132 Mobile Safari/537.36 (compatible; Googlebot/2.1; +http://www.google.com/bot.html)"
66.249.77.6 - - [04/Mar/2026:12:12:31 +0000] "GET /?b=wmq209snolh33813ejzixdyed HTTP/1.1" 200 308227 "-" "Mozilla/5.0 (Linux; Android 6.0.1; Nexus 5X Build/MMB29P) AppleWebKit/537.36 (KHTML, like Gecko) Chrome/144.0.7559.132 Mobile Safari/537.36 (compatible; Googlebot/2.1; +http://www.google.com/bot.html)"
66.249.77.4 - - [04/Mar/2026:12:12:32 +0000] "GET /?detail/28502958565068 HTTP/1.1" 200 303723 "-" "Mozilla/5.0 (Linux; Android 6.0.1; Nexus 5X Build/MMB29P) AppleWebKit/537.36 (KHTML, like Gecko) Chrome/144.0.7559.132 Mobile Safari/537.36 (compatible; Googlebot/2.1; +http://www.google.com/bot.html)"
74.7.241.6 - - [04/Mar/2026:12:12:28 +0000] "GET /buy.php?detail/28101761909655 HTTP/1.1" 200 147756 "https://inception-blue.com/buy.php?detail/25203447660371" "Mozilla/5.0 AppleWebKit/537.36 (KHTML, like Gecko; compatible; GPTBot/1.3; +https://openai.com/gptbot)"
66.249.77.4 - - [04/Mar/2026:12:12:33 +0000] "GET /?f=lixm28hv12976zhztql HTTP/1.1" 200 334391 "-" "Mozilla/5.0 (Linux; Android 6.0.1; Nexus 5X Build/MMB29P) AppleWebKit/537.36 (KHTML, like Gecko) Chrome/144.0.7559.132 Mobile Safari/537.36 (compatible; Googlebot/2.1; +http://www.google.com/bot.html)"
66.249.77.5 - - [04/Mar/2026:12:12:34 +0000] "GET /?goods/096044377 HTTP/1.1" 200 312597 "-" "Mozilla/5.0 (Linux; Android 6.0.1; Nexus 5X Build/MMB29P) AppleWebKit/537.36 (KHTML, like Gecko) Chrome/144.0.7559.132 Mobile Safari/537.36 (compatible; Googlebot/2.1; +http://www.google.com/bot.html)"
66.249.77.3 - - [04/Mar/2026:12:12:35 +0000] "GET /?t=coahw223fkcq49409pwladyzhz HTTP/1.1" 200 309120 "-" "Mozilla/5.0 (Linux; Android 6.0.1; Nexus 5X Build/MMB29P) AppleWebKit/537.36 (KHTML, like Gecko) Chrome/144.0.7559.132 Mobile Safari/537.36 (compatible; Googlebot/2.1; +http://www.google.com/bot.html)"
74.7.241.6 - - [04/Mar/2026:12:12:33 +0000] "GET /buy.php?detail/21102833455257 HTTP/1.1" 200 160743 "https://inception-blue.com/buy.php?detail/12300334070533" "Mozilla/5.0 AppleWebKit/537.36 (KHTML, like Gecko; compatible; GPTBot/1.3; +https://openai.com/gptbot)"
66.249.77.7 - - [04/Mar/2026:12:12:36 +0000] "GET /?i=efm285bx2789katsuzcdxq HTTP/1.1" 200 301960 "-" "Mozilla/5.0 (Linux; Android 6.0.1; Nexus 5X Build/MMB29P) AppleWebKit/537.36 (KHTML, like Gecko) Chrome/144.0.7559.132 Mobile Safari/537.36 (compatible; Googlebot/2.1; +http://www.google.com/bot.html)"
66.249.77.6 - - [04/Mar/2026:12:12:36 +0000] "GET /?i=mnx220n28502ojpelupkrh HTTP/1.1" 200 310112 "-" "Mozilla/5.0 (Linux; Android 6.0.1; Nexus 5X Build/MMB29P) AppleWebKit/537.36 (KHTML, like Gecko) Chrome/144.0.7559.132 Mobile Safari/537.36 (compatible; Googlebot/2.1; +http://www.google.com/bot.html)"
66.249.77.5 - - [04/Mar/2026:12:12:37 +0000] "GET /?t=kmndx278bsln34048zudglqdezs HTTP/1.1" 200 323646 "-" "Mozilla/5.0 (Linux; Android 6.0.1; Nexus 5X Build/MMB29P) AppleWebKit/537.36 (KHTML, like Gecko) Chrome/144.0.7559.132 Mobile Safari/537.36 (compatible; Googlebot/2.1; +http://www.google.com/bot.html)"
66.249.77.7 - - [04/Mar/2026:12:12:38 +0000] "GET /?z=qlhys195vxw40627wvhemj HTTP/1.1" 200 309851 "-" "Mozilla/5.0 (Linux; Android 6.0.1; Nexus 5X Build/MMB29P) AppleWebKit/537.36 (KHTML, like Gecko) Chrome/144.0.7559.132 Mobile Safari/537.36 (compatible; Googlebot/2.1; +http://www.google.com/bot.html)"
74.7.241.6 - - [04/Mar/2026:12:12:36 +0000] "GET /buy.php?detail/07900535720657 HTTP/1.1" 200 154199 "https://inception-blue.com/buy.php?detail/02200851050604" "Mozilla/5.0 AppleWebKit/537.36 (KHTML, like Gecko; compatible; GPTBot/1.3; +https://openai.com/gptbot)"
66.249.77.3 - - [04/Mar/2026:12:12:39 +0000] "GET /?t=ukid12nq27786qzbepzt HTTP/1.1" 200 302766 "-" "Mozilla/5.0 (Linux; Android 6.0.1; Nexus 5X Build/MMB29P) AppleWebKit/537.36 (KHTML, like Gecko) Chrome/144.0.7559.132 Mobile Safari/537.36 (compatible; Googlebot/2.1; +http://www.google.com/bot.html)"
66.249.77.7 - - [04/Mar/2026:12:12:41 +0000] "GET /1085418269 HTTP/1.1" 200 334496 "-" "Mozilla/5.0 (Linux; Android 6.0.1; Nexus 5X Build/MMB29P) AppleWebKit/537.36 (KHTML, like Gecko) Chrome/144.0.7559.132 Mobile Safari/537.36 (compatible; Googlebot/2.1; +http://www.google.com/bot.html)"
66.249.77.6 - - [04/Mar/2026:12:12:42 +0000] "GET /?b=qkkf105cctz13895leajbchind HTTP/1.1" 200 333135 "-" "Mozilla/5.0 (Linux; Android 6.0.1; Nexus 5X Build/MMB29P) AppleWebKit/537.36 (KHTML, like Gecko) Chrome/144.0.7559.132 Mobile Safari/537.36 (compatible; Googlebot/2.1; +http://www.google.com/bot.html)"
66.249.77.5 - - [04/Mar/2026:12:12:43 +0000] "GET /colorfulbox-438191-1 HTTP/1.1" 200 327365 "-" "Mozilla/5.0 (Linux; Android 6.0.1; Nexus 5X Build/MMB29P) AppleWebKit/537.36 (KHTML, like Gecko) Chrome/144.0.7559.132 Mobile Safari/537.36 (compatible; Googlebot/2.1; +http://www.google.com/bot.html)"
74.7.241.6 - - [04/Mar/2026:12:12:40 +0000] "GET /buy.php?detail/02200933721688 HTTP/1.1" 200 152670 "https://inception-blue.com/buy.php?detail/02200333341289" "Mozilla/5.0 AppleWebKit/537.36 (KHTML, like Gecko; compatible; GPTBot/1.3; +https://openai.com/gptbot)"
66.249.77.6 - - [04/Mar/2026:12:12:44 +0000] "GET /kougland2-ts_3604634 HTTP/1.1" 200 304908 "-" "Mozilla/5.0 (Linux; Android 6.0.1; Nexus 5X Build/MMB29P) AppleWebKit/537.36 (KHTML, like Gecko) Chrome/144.0.7559.132 Mobile Safari/537.36 (compatible; Googlebot/2.1; +http://www.google.com/bot.html)"
66.249.77.4 - - [04/Mar/2026:12:12:44 +0000] "GET /?l=rmh63c44107etfuicgdd HTTP/1.1" 200 301509 "-" "Mozilla/5.0 (Linux; Android 6.0.1; Nexus 5X Build/MMB29P) AppleWebKit/537.36 (KHTML, like Gecko) Chrome/144.0.7559.132 Mobile Safari/537.36 (compatible; Googlebot/2.1; +http://www.google.com/bot.html)"
74.7.241.6 - - [04/Mar/2026:12:12:43 +0000] "GET /buy.php?detail/24603320860007 HTTP/1.1" 200 158109 "https://inception-blue.com/buy.php?detail/03200523942140" "Mozilla/5.0 AppleWebKit/537.36 (KHTML, like Gecko; compatible; GPTBot/1.3; +https://openai.com/gptbot)"
66.249.77.6 - - [04/Mar/2026:12:12:46 +0000] "GET /?goods/271042606 HTTP/1.1" 200 298791 "-" "Mozilla/5.0 (Linux; Android 6.0.1; Nexus 5X Build/MMB29P) AppleWebKit/537.36 (KHTML, like Gecko) Chrome/144.0.7559.132 Mobile Safari/537.36 (compatible; Googlebot/2.1; +http://www.google.com/bot.html)"
66.249.77.8 - - [04/Mar/2026:12:12:47 +0000] "GET /product/005009618 HTTP/1.1" 200 307819 "-" "Mozilla/5.0 (Linux; Android 6.0.1; Nexus 5X Build/MMB29P) AppleWebKit/537.36 (KHTML, like Gecko) Chrome/144.0.7559.132 Mobile Safari/537.36 (compatible; Googlebot/2.1; +http://www.google.com/bot.html)"
66.249.77.6 - - [04/Mar/2026:12:12:48 +0000] "GET /?c=xqak203eqdq29323mumimum HTTP/1.1" 200 339235 "-" "Mozilla/5.0 (Linux; Android 6.0.1; Nexus 5X Build/MMB29P) AppleWebKit/537.36 (KHTML, like Gecko) Chrome/144.0.7559.132 Mobile Safari/537.36 (compatible; Googlebot/2.1; +http://www.google.com/bot.html)"
74.7.241.6 - - [04/Mar/2026:12:12:46 +0000] "GET /buy.php?detail/03201093844206 HTTP/1.1" 200 153719 "https://inception-blue.com/buy.php?detail/03200523942140" "Mozilla/5.0 AppleWebKit/537.36 (KHTML, like Gecko; compatible; GPTBot/1.3; +https://openai.com/gptbot)"
66.249.77.3 - - [04/Mar/2026:12:12:49 +0000] "GET /1043568645 HTTP/1.1" 200 350543 "-" "Mozilla/5.0 (Linux; Android 6.0.1; Nexus 5X Build/MMB29P) AppleWebKit/537.36 (KHTML, like Gecko) Chrome/144.0.7559.132 Mobile Safari/537.36 (compatible; Googlebot/2.1; +http://www.google.com/bot.html)"
66.249.77.9 - - [04/Mar/2026:12:12:50 +0000] "GET /1167121915 HTTP/1.1" 200 304679 "-" "Mozilla/5.0 (Linux; Android 6.0.1; Nexus 5X Build/MMB29P) AppleWebKit/537.36 (KHTML, like Gecko) Chrome/144.0.7559.132 Mobile Safari/537.36 (compatible; Googlebot/2.1; +http://www.google.com/bot.html)"
66.249.77.5 - - [04/Mar/2026:12:12:51 +0000] "GET /?z=petje258bq16684rcxzuyrcaa HTTP/1.1" 200 362566 "-" "Mozilla/5.0 (Linux; Android 6.0.1; Nexus 5X Build/MMB29P) AppleWebKit/537.36 (KHTML, like Gecko) Chrome/144.0.7559.132 Mobile Safari/537.36 (compatible; Googlebot/2.1; +http://www.google.com/bot.html)"
66.249.77.6 - - [04/Mar/2026:12:12:52 +0000] "GET /?y=nqd194mvinz18142umakwfsh HTTP/1.1" 200 305526 "-" "Mozilla/5.0 (Linux; Android 6.0.1; Nexus 5X Build/MMB29P) AppleWebKit/537.36 (KHTML, like Gecko) Chrome/144.0.7559.132 Mobile Safari/537.36 (compatible; Googlebot/2.1; +http://www.google.com/bot.html)"
74.7.241.6 - - [04/Mar/2026:12:12:49 +0000] "GET /buy.php?detail/03201057364193 HTTP/1.1" 200 156912 "https://inception-blue.com/buy.php?detail/03200523942140" "Mozilla/5.0 AppleWebKit/537.36 (KHTML, like Gecko; compatible; GPTBot/1.3; +https://openai.com/gptbot)"
66.249.77.8 - - [04/Mar/2026:12:12:53 +0000] "GET /?o=sngj149snodt20073jzifhnoxnv HTTP/1.1" 200 311803 "-" "Mozilla/5.0 (Linux; Android 6.0.1; Nexus 5X Build/MMB29P) AppleWebKit/537.36 (KHTML, like Gecko) Chrome/144.0.7559.132 Mobile Safari/537.36 (compatible; Googlebot/2.1; +http://www.google.com/bot.html)"
66.249.77.6 - - [04/Mar/2026:12:12:54 +0000] "GET /?z=uad64do41434bcbdomy HTTP/1.1" 200 328948 "-" "Mozilla/5.0 (Linux; Android 6.0.1; Nexus 5X Build/MMB29P) AppleWebKit/537.36 (KHTML, like Gecko) Chrome/144.0.7559.132 Mobile Safari/537.36 (compatible; Googlebot/2.1; +http://www.google.com/bot.html)"
74.7.241.6 - - [04/Mar/2026:12:12:52 +0000] "GET /buy.php?detail/15901914620551 HTTP/1.1" 200 156080 "https://inception-blue.com/buy.php?detail/14504437180317" "Mozilla/5.0 AppleWebKit/537.36 (KHTML, like Gecko; compatible; GPTBot/1.3; +https://openai.com/gptbot)"
66.249.77.6 - - [04/Mar/2026:12:12:55 +0000] "GET /1120165734 HTTP/1.1" 200 303866 "-" "Mozilla/5.0 (Linux; Android 6.0.1; Nexus 5X Build/MMB29P) AppleWebKit/537.36 (KHTML, like Gecko) Chrome/144.0.7559.132 Mobile Safari/537.36 (compatible; Googlebot/2.1; +http://www.google.com/bot.html)"
66.249.77.10 - - [04/Mar/2026:12:12:56 +0000] "GET /?jp/270047258.html HTTP/1.1" 200 331123 "-" "Mozilla/5.0 (Linux; Android 6.0.1; Nexus 5X Build/MMB29P) AppleWebKit/537.36 (KHTML, like Gecko) Chrome/144.0.7559.132 Mobile Safari/537.36 (compatible; Googlebot/2.1; +http://www.google.com/bot.html)"
66.249.77.4 - - [04/Mar/2026:12:12:57 +0000] "GET /1136746909 HTTP/1.1" 200 304625 "-" "Mozilla/5.0 (Linux; Android 6.0.1; Nexus 5X Build/MMB29P) AppleWebKit/537.36 (KHTML, like Gecko) Chrome/144.0.7559.132 Mobile Safari/537.36 (compatible; Googlebot/2.1; +http://www.google.com/bot.html)"
66.249.77.8 - - [04/Mar/2026:12:12:58 +0000] "GET /?x=ayal25tukg41863aefkoux HTTP/1.1" 200 312289 "-" "Mozilla/5.0 (Linux; Android 6.0.1; Nexus 5X Build/MMB29P) AppleWebKit/537.36 (KHTML, like Gecko) Chrome/144.0.7559.132 Mobile Safari/537.36 (compatible; Googlebot/2.1; +http://www.google.com/bot.html)"
66.249.77.7 - - [04/Mar/2026:12:12:59 +0000] "GET /?g=vfvxh127rvkq45627yutimtdfp HTTP/1.1" 200 322187 "-" "Mozilla/5.0 (Linux; Android 6.0.1; Nexus 5X Build/MMB29P) AppleWebKit/537.36 (KHTML, like Gecko) Chrome/144.0.7559.132 Mobile Safari/537.36 (compatible; GoogleOther)"
74.7.241.6 - - [04/Mar/2026:12:12:55 +0000] "GET /buy.php?detail/23600453612334 HTTP/1.1" 200 156689 "https://inception-blue.com/buy.php?detail/06600831099281" "Mozilla/5.0 AppleWebKit/537.36 (KHTML, like Gecko; compatible; GPTBot/1.3; +https://openai.com/gptbot)"
66.249.77.7 - - [04/Mar/2026:12:13:00 +0000] "GET /eye-support-crescendo-c45-1 HTTP/1.1" 200 324932 "-" "Mozilla/5.0 (Linux; Android 6.0.1; Nexus 5X Build/MMB29P) AppleWebKit/537.36 (KHTML, like Gecko) Chrome/144.0.7559.132 Mobile Safari/537.36 (compatible; Googlebot/2.1; +http://www.google.com/bot.html)"
