66.249.77.6 - - [04/Mar/2026:12:39:05 +0000] "GET /1132395236 HTTP/1.1" 200 313857 "-" "Mozilla/5.0 (Linux; Android 6.0.1; Nexus 5X Build/MMB29P) AppleWebKit/537.36 (KHTML, like Gecko) Chrome/144.0.7559.132 Mobile Safari/537.36 (compatible; Googlebot/2.1; +http://www.google.com/bot.html)"
66.249.77.3 - - [04/Mar/2026:12:39:06 +0000] "GET /?jp/192019555.html HTTP/1.1" 200 329209 "-" "Mozilla/5.0 (Linux; Android 6.0.1; Nexus 5X Build/MMB29P) AppleWebKit/537.36 (KHTML, like Gecko) Chrome/144.0.7559.132 Mobile Safari/537.36 (compatible; Googlebot/2.1; +http://www.google.com/bot.html)"
66.249.77.3 - - [04/Mar/2026:12:39:07 +0000] "GET /231886827 HTTP/1.1" 200 304848 "-" "Mozilla/5.0 (Linux; Android 6.0.1; Nexus 5X Build/MMB29P) AppleWebKit/537.36 (KHTML, like Gecko) Chrome/145.0.7632.116 Mobile Safari/537.36 (compatible; Googlebot/2.1; +http://www.google.com/bot.html)"
74.7.241.6 - - [04/Mar/2026:12:39:03 +0000] "GET /buy.php?detail/20904343951879 HTTP/1.1" 200 146706 "https://inception-blue.com/buy.php?detail/26702139906758" "Mozilla/5.0 AppleWebKit/537.36 (KHTML, like Gecko; compatible; GPTBot/1.3; +https://openai.com/gptbot)"
66.249.77.10 - - [04/Mar/2026:12:39:07 +0000] "GET /1138073729 HTTP/1.1" 200 300109 "-" "Mozilla/5.0 (Linux; Android 6.0.1; Nexus 5X Build/MMB29P) AppleWebKit/537.36 (KHTML, like Gecko) Chrome/144.0.7559.132 Mobile Safari/537.36 (compatible; Googlebot/2.1; +http://www.google.com/bot.html)"
66.249.77.6 - - [04/Mar/2026:12:39:08 +0000] "GET /1166873935 HTTP/1.1" 200 303383 "-" "Mozilla/5.0 (Linux; Android 6.0.1; Nexus 5X Build/MMB29P) AppleWebKit/537.36 (KHTML, like Gecko) Chrome/144.0.7559.132 Mobile Safari/537.36 (compatible; Googlebot/2.1; +http://www.google.com/bot.html)"
66.249.77.6 - - [04/Mar/2026:12:39:09 +0000] "GET /1166597247 HTTP/1.1" 200 338526 "-" "Mozilla/5.0 (Linux; Android 6.0.1; Nexus 5X Build/MMB29P) AppleWebKit/537.36 (KHTML, like Gecko) Chrome/144.0.7559.132 Mobile Safari/537.36 (compatible; Googlebot/2.1; +http://www.google.com/bot.html)"
66.249.77.7 - - [04/Mar/2026:12:39:10 +0000] "GET /?z=pzyf41jhwgm49821fcbxrwv HTTP/1.1" 200 300326 "-" "Mozilla/5.0 (Linux; Android 6.0.1; Nexus 5X Build/MMB29P) AppleWebKit/537.36 (KHTML, like Gecko) Chrome/144.0.7559.132 Mobile Safari/537.36 (compatible; Googlebot/2.1; +http://www.google.com/bot.html)"
74.7.241.6 - - [04/Mar/2026:12:39:08 +0000] "GET /buy.php?m82372228391 HTTP/1.1" 200 158591 "https://inception-blue.com/buy.php?detail/29104561050157" "Mozilla/5.0 AppleWebKit/537.36 (KHTML, like Gecko; compatible; GPTBot/1.3; +https://openai.com/gptbot)"
66.249.77.4 - - [04/Mar/2026:12:39:10 +0000] "GET /1160563770 HTTP/1.1" 200 345673 "-" "Mozilla/5.0 (Linux; Android 6.0.1; Nexus 5X Build/MMB29P) AppleWebKit/537.36 (KHTML, like Gecko) Chrome/144.0.7559.132 Mobile Safari/537.36 (compatible; Googlebot/2.1; +http://www.google.com/bot.html)"
74.7.241.6 - - [04/Mar/2026:12:39:10 +0000] "GET /buy.php?detail/05400863953962 HTTP/1.1" 200 162883 "https://inception-blue.com/buy.php?detail/22201529485446" "Mozilla/5.0 AppleWebKit/537.36 (KHTML, like Gecko; compatible; GPTBot/1.3; +https://openai.com/gptbot)"
66.249.77.5 - - [04/Mar/2026:12:39:14 +0000] "GET /1138674244 HTTP/1.1" 200 326831 "-" "Mozilla/5.0 (Linux; Android 6.0.1; Nexus 5X Build/MMB29P) AppleWebKit/537.36 (KHTML, like Gecko) Chrome/144.0.7559.132 Mobile Safari/537.36 (compatible; Googlebot/2.1; +http://www.google.com/bot.html)"
74.7.241.6 - - [04/Mar/2026:12:39:14 +0000] "GET /buy.php?m33394404012 HTTP/1.1" 200 159514 "https://inception-blue.com/buy.php?detail/01400104711293" "Mozilla/5.0 AppleWebKit/537.36 (KHTML, like Gecko; compatible; GPTBot/1.3; +https://openai.com/gptbot)"
66.249.77.6 - - [04/Mar/2026:12:39:16 +0000] "GET /?detail/1080425551857 HTTP/1.1" 200 300524 "-" "Mozilla/5.0 (Linux; Android 6.0.1; Nexus 5X Build/MMB29P) AppleWebKit/537.36 (KHTML, like Gecko) Chrome/144.0.7559.132 Mobile Safari/537.36 (compatible; GoogleOther)"
66.249.77.5 - - [04/Mar/2026:12:39:18 +0000] "GET /?a=trzzx42vtt42734ssaczq HTTP/1.1" 200 303126 "-" "Mozilla/5.0 (Linux; Android 6.0.1; Nexus 5X Build/MMB29P) AppleWebKit/537.36 (KHTML, like Gecko) Chrome/144.0.7559.132 Mobile Safari/537.36 (compatible; Googlebot/2.1; +http://www.google.com/bot.html)"
74.7.241.6 - - [04/Mar/2026:12:39:17 +0000] "GET /buy.php?m24766642539 HTTP/1.1" 200 147776 "https://inception-blue.com/buy.php?detail/07700893174638" "Mozilla/5.0 AppleWebKit/537.36 (KHTML, like Gecko; compatible; GPTBot/1.3; +https://openai.com/gptbot)"
66.249.77.4 - - [04/Mar/2026:12:39:19 +0000] "GET /product/114036815 HTTP/1.1" 200 300067 "-" "Mozilla/5.0 (Linux; Android 6.0.1; Nexus 5X Build/MMB29P) AppleWebKit/537.36 (KHTML, like Gecko) Chrome/144.0.7559.132 Mobile Safari/537.36 (compatible; Googlebot/2.1; +http://www.google.com/bot.html)"
66.249.77.5 - - [04/Mar/2026:12:39:21 +0000] "GET /?g=vlqzq247z38919qbqsey HTTP/1.1" 200 298576 "-" "Mozilla/5.0 (Linux; Android 6.0.1; Nexus 5X Build/MMB29P) AppleWebKit/537.36 (KHTML, like Gecko) Chrome/144.0.7559.132 Mobile Safari/537.36 (compatible; Googlebot/2.1; +http://www.google.com/bot.html)"
66.249.77.3 - - [04/Mar/2026:12:39:22 +0000] "GET /549774735 HTTP/1.1" 200 303089 "-" "Mozilla/5.0 (Linux; Android 6.0.1; Nexus 5X Build/MMB29P) AppleWebKit/537.36 (KHTML, like Gecko) Chrome/144.0.7559.132 Mobile Safari/537.36 (compatible; Googlebot/2.1; +http://www.google.com/bot.html)"
74.7.241.6 - - [04/Mar/2026:12:39:20 +0000] "GET /buy.php?m48711173136 HTTP/1.1" 200 145660 "https://inception-blue.com/buy.php?detail/18500173560978" "Mozilla/5.0 AppleWebKit/537.36 (KHTML, like Gecko; compatible; GPTBot/1.3; +https://openai.com/gptbot)"
66.249.77.6 - - [04/Mar/2026:12:39:23 +0000] "GET /1050517961 HTTP/1.1" 200 311480 "-" "Mozilla/5.0 (Linux; Android 6.0.1; Nexus 5X Build/MMB29P) AppleWebKit/537.36 (KHTML, like Gecko) Chrome/144.0.7559.132 Mobile Safari/537.36 (compatible; Googlebot/2.1; +http://www.google.com/bot.html)"
66.249.77.6 - - [04/Mar/2026:12:39:24 +0000] "GET /1171421022 HTTP/1.1" 200 305870 "-" "Mozilla/5.0 (Linux; Android 6.0.1; Nexus 5X Build/MMB29P) AppleWebKit/537.36 (KHTML, like Gecko) Chrome/144.0.7559.132 Mobile Safari/537.36 (compatible; Googlebot/2.1; +http://www.google.com/bot.html)"
66.249.77.4 - - [04/Mar/2026:12:39:26 +0000] "GET /1169355903 HTTP/1.1" 200 302591 "-" "Mozilla/5.0 (Linux; Android 6.0.1; Nexus 5X Build/MMB29P) AppleWebKit/537.36 (KHTML, like Gecko) Chrome/144.0.7559.132 Mobile Safari/537.36 (compatible; Googlebot/2.1; +http://www.google.com/bot.html)"
74.7.241.6 - - [04/Mar/2026:12:39:24 +0000] "GET /buy.php?detail/06900194890340 HTTP/1.1" 200 160156 "https://inception-blue.com/buy.php?069000790.htm" "Mozilla/5.0 AppleWebKit/537.36 (KHTML, like Gecko; compatible; GPTBot/1.3; +https://openai.com/gptbot)"
66.249.77.6 - - [04/Mar/2026:12:39:27 +0000] "GET /1166630516 HTTP/1.1" 200 308871 "-" "Mozilla/5.0 (Linux; Android 6.0.1; Nexus 5X Build/MMB29P) AppleWebKit/537.36 (KHTML, like Gecko) Chrome/144.0.7559.132 Mobile Safari/537.36 (compatible; Googlebot/2.1; +http://www.google.com/bot.html)"
66.249.77.6 - - [04/Mar/2026:12:39:28 +0000] "GET /?t=qni264txtly30236tucleea HTTP/1.1" 200 304791 "-" "Mozilla/5.0 (Linux; Android 6.0.1; Nexus 5X Build/MMB29P) AppleWebKit/537.36 (KHTML, like Gecko) Chrome/144.0.7559.132 Mobile Safari/537.36 (compatible; Googlebot/2.1; +http://www.google.com/bot.html)"
74.7.241.6 - - [04/Mar/2026:12:39:27 +0000] "GET /buy.php?detail/03403094507632 HTTP/1.1" 200 144110 "https://inception-blue.com/buy.php?069000790.htm" "Mozilla/5.0 AppleWebKit/537.36 (KHTML, like Gecko; compatible; GPTBot/1.3; +https://openai.com/gptbot)"
66.249.77.7 - - [04/Mar/2026:12:39:29 +0000] "GET /?jp/198004600.html HTTP/1.1" 200 301042 "-" "Mozilla/5.0 (Linux; Android 6.0.1; Nexus 5X Build/MMB29P) AppleWebKit/537.36 (KHTML, like Gecko) Chrome/144.0.7559.132 Mobile Safari/537.36 (compatible; Googlebot/2.1; +http://www.google.com/bot.html)"
66.249.77.4 - - [04/Mar/2026:12:39:30 +0000] "GET /1015139288 HTTP/1.1" 200 303590 "-" "Mozilla/5.0 (Linux; Android 6.0.1; Nexus 5X Build/MMB29P) AppleWebKit/537.36 (KHTML, like Gecko) Chrome/144.0.7559.132 Mobile Safari/537.36 (compatible; Googlebot/2.1; +http://www.google.com/bot.html)"
66.249.77.5 - - [04/Mar/2026:12:39:31 +0000] "GET /1168751995 HTTP/1.1" 200 323064 "-" "Mozilla/5.0 (Linux; Android 6.0.1; Nexus 5X Build/MMB29P) AppleWebKit/537.36 (KHTML, like Gecko) Chrome/144.0.7559.132 Mobile Safari/537.36 (compatible; Googlebot/2.1; +http://www.google.com/bot.html)"
66.249.77.3 - - [04/Mar/2026:12:39:32 +0000] "GET /1141133398 HTTP/1.1" 200 306758 "-" "Mozilla/5.0 (Linux; Android 6.0.1; Nexus 5X Build/MMB29P) AppleWebKit/537.36 (KHTML, like Gecko) Chrome/144.0.7559.132 Mobile Safari/537.36 (compatible; Googlebot/2.1; +http://www.google.com/bot.html)"
66.249.77.3 - - [04/Mar/2026:12:39:33 +0000] "GET /?v=txj292yje6162zsrdizr HTTP/1.1" 200 283017 "-" "Mozilla/5.0 (Linux; Android 6.0.1; Nexus 5X Build/MMB29P) AppleWebKit/537.36 (KHTML, like Gecko) Chrome/144.0.7559.132 Mobile Safari/537.36 (compatible; Googlebot/2.1; +http://www.google.com/bot.html)"
66.249.77.3 - - [04/Mar/2026:12:39:34 +0000] "GET /1166627565 HTTP/1.1" 200 305943 "-" "Mozilla/5.0 (Linux; Android 6.0.1; Nexus 5X Build/MMB29P) AppleWebKit/537.36 (KHTML, like Gecko) Chrome/144.0.7559.132 Mobile Safari/537.36 (compatible; Googlebot/2.1; +http://www.google.com/bot.html)"
74.7.241.6 - - [04/Mar/2026:12:39:30 +0000] "GET /buy.php?detail/01200079639268 HTTP/1.1" 200 156479 "https://inception-blue.com/buy.php?detail/01200205825111" "Mozilla/5.0 AppleWebKit/537.36 (KHTML, like Gecko; compatible; GPTBot/1.3; +https://openai.com/gptbot)"
66.249.77.6 - - [04/Mar/2026:12:39:35 +0000] "GET /?goods/124023453 HTTP/1.1" 200 300848 "-" "Mozilla/5.0 (Linux; Android 6.0.1; Nexus 5X Build/MMB29P) AppleWebKit/537.36 (KHTML, like Gecko) Chrome/144.0.7559.132 Mobile Safari/537.36 (compatible; Googlebot/2.1; +http://www.google.com/bot.html)"
66.249.77.7 - - [04/Mar/2026:12:39:35 +0000] "GET /?o=jrgq236jxyen13310nextjetrwm HTTP/1.1" 200 303234 "-" "Mozilla/5.0 (Linux; Android 6.0.1; Nexus 5X Build/MMB29P) AppleWebKit/537.36 (KHTML, like Gecko) Chrome/144.0.7559.132 Mobile Safari/537.36 (compatible; Googlebot/2.1; +http://www.google.com/bot.html)"
66.249.77.6 - - [04/Mar/2026:12:39:36 +0000] "GET /?jp/206040998.html HTTP/1.1" 200 304366 "-" "Mozilla/5.0 (Linux; Android 6.0.1; Nexus 5X Build/MMB29P) AppleWebKit/537.36 (KHTML, like Gecko) Chrome/144.0.7559.132 Mobile Safari/537.36 (compatible; Googlebot/2.1; +http://www.google.com/bot.html)"
66.249.77.7 - - [04/Mar/2026:12:39:37 +0000] "GET /?j=cxm134obtu43674kpvwlvpcct HTTP/1.1" 200 315971 "-" "Mozilla/5.0 (Linux; Android 6.0.1; Nexus 5X Build/MMB29P) AppleWebKit/537.36 (KHTML, like Gecko) Chrome/144.0.7559.132 Mobile Safari/537.36 (compatible; Googlebot/2.1; +http://www.google.com/bot.html)"
66.249.77.7 - - [04/Mar/2026:12:39:38 +0000] "GET /?d=dkjsg198ohf26012nltnxp HTTP/1.1" 200 305509 "-" "Mozilla/5.0 (Linux; Android 6.0.1; Nexus 5X Build/MMB29P) AppleWebKit/537.36 (KHTML, like Gecko) Chrome/144.0.7559.132 Mobile Safari/537.36 (compatible; Googlebot/2.1; +http://www.google.com/bot.html)"
74.7.241.6 - - [04/Mar/2026:12:39:35 +0000] "GET /buy.php?detail/01200174564501 HTTP/1.1" 200 158347 "https://inception-blue.com/buy.php?detail/01200205825111" "Mozilla/5.0 AppleWebKit/537.36 (KHTML, like Gecko; compatible; GPTBot/1.3; +https://openai.com/gptbot)"
66.249.77.5 - - [04/Mar/2026:12:39:39 +0000] "GET /?y=uul152fudb22498qgigryh HTTP/1.1" 200 303468 "-" "Mozilla/5.0 (Linux; Android 6.0.1; Nexus 5X Build/MMB29P) AppleWebKit/537.36 (KHTML, like Gecko) Chrome/144.0.7559.132 Mobile Safari/537.36 (compatible; Googlebot/2.1; +http://www.google.com/bot.html)"
66.249.77.8 - - [04/Mar/2026:12:39:40 +0000] "GET /?jp/136019457.html HTTP/1.1" 200 312249 "-" "Mozilla/5.0 (Linux; Android 6.0.1; Nexus 5X Build/MMB29P) AppleWebKit/537.36 (KHTML, like Gecko) Chrome/144.0.7559.132 Mobile Safari/537.36 (compatible; Googlebot/2.1; +http://www.google.com/bot.html)"
66.249.77.7 - - [04/Mar/2026:12:39:41 +0000] "GET /1168701687 HTTP/1.1" 200 302281 "-" "Mozilla/5.0 (Linux; Android 6.0.1; Nexus 5X Build/MMB29P) AppleWebKit/537.36 (KHTML, like Gecko) Chrome/144.0.7559.132 Mobile Safari/537.36 (compatible; Googlebot/2.1; +http://www.google.com/bot.html)"
66.249.77.6 - - [04/Mar/2026:12:39:42 +0000] "GET /?g=wpinw186k33638izozgrsej HTTP/1.1" 200 304304 "-" "Mozilla/5.0 (Linux; Android 6.0.1; Nexus 5X Build/MMB29P) AppleWebKit/537.36 (KHTML, like Gecko) Chrome/144.0.7559.132 Mobile Safari/537.36 (compatible; GoogleOther)"
66.249.77.7 - - [04/Mar/2026:12:39:43 +0000] "GET /?e=xkgd225s1355uykperuti HTTP/1.1" 200 305148 "-" "Mozilla/5.0 (Linux; Android 6.0.1; Nexus 5X Build/MMB29P) AppleWebKit/537.36 (KHTML, like Gecko) Chrome/144.0.7559.132 Mobile Safari/537.36 (compatible; Googlebot/2.1; +http://www.google.com/bot.html)"
66.249.77.7 - - [04/Mar/2026:12:39:44 +0000] "GET /?g=luev113muc27719rmumwvynd HTTP/1.1" 200 310448 "-" "Mozilla/5.0 (Linux; Android 6.0.1; Nexus 5X Build/MMB29P) AppleWebKit/537.36 (KHTML, like Gecko) Chrome/144.0.7559.132 Mobile Safari/537.36 (compatible; Googlebot/2.1; +http://www.google.com/bot.html)"
74.7.241.6 - - [04/Mar/2026:12:39:39 +0000] "GET /buy.php?m24630126555 HTTP/1.1" 200 153668 "https://inception-blue.com/buy.php?detail/19500200207070" "Mozilla/5.0 AppleWebKit/537.36 (KHTML, like Gecko; compatible; GPTBot/1.3; +https://openai.com/gptbot)"
66.249.77.5 - - [04/Mar/2026:12:39:45 +0000] "GET /?r=mck139rkpfg42027aukcudqy HTTP/1.1" 200 335410 "-" "Mozilla/5.0 (Linux; Android 6.0.1; Nexus 5X Build/MMB29P) AppleWebKit/537.36 (KHTML, like Gecko) Chrome/144.0.7559.132 Mobile Safari/537.36 (compatible; Googlebot/2.1; +http://www.google.com/bot.html)"
66.249.77.4 - - [04/Mar/2026:12:39:45 +0000] "GET /?v=wcfk17f24109vispadjx HTTP/1.1" 200 307453 "-" "Mozilla/5.0 (Linux; Android 6.0.1; Nexus 5X Build/MMB29P) AppleWebKit/537.36 (KHTML, like Gecko) Chrome/144.0.7559.132 Mobile Safari/537.36 (compatible; Googlebot/2.1; +http://www.google.com/bot.html)"
66.249.77.6 - - [04/Mar/2026:12:39:46 +0000] "GET /?y=mdmzs199cmzru48689blhuoaozc HTTP/1.1" 200 311741 "-" "Mozilla/5.0 (Linux; Android 6.0.1; Nexus 5X Build/MMB29P) AppleWebKit/537.36 (KHTML, like Gecko) Chrome/144.0.7559.132 Mobile Safari/537.36 (compatible; Googlebot/2.1; +http://www.google.com/bot.html)"
66.249.77.4 - - [04/Mar/2026:12:39:47 +0000] "GET /1114478462 HTTP/1.1" 200 303367 "-" "Mozilla/5.0 (Linux; Android 6.0.1; Nexus 5X Build/MMB29P) AppleWebKit/537.36 (KHTML, like Gecko) Chrome/144.0.7559.132 Mobile Safari/537.36 (compatible; Googlebot/2.1; +http://www.google.com/bot.html)"
66.249.77.8 - - [04/Mar/2026:12:39:48 +0000] "GET /?h=bgmk3ph297ixypkqi HTTP/1.1" 200 325407 "-" "Mozilla/5.0 (Linux; Android 6.0.1; Nexus 5X Build/MMB29P) AppleWebKit/537.36 (KHTML, like Gecko) Chrome/144.0.7559.132 Mobile Safari/537.36 (compatible; Googlebot/2.1; +http://www.google.com/bot.html)"
74.7.241.6 - - [04/Mar/2026:12:39:44 +0000] "GET /buy.php?detail/28504735493700 HTTP/1.1" 200 159870 "https://inception-blue.com/buy.php?detail/20904343951879" "Mozilla/5.0 AppleWebKit/537.36 (KHTML, like Gecko; compatible; GPTBot/1.3; +https://openai.com/gptbot)"
66.249.77.10 - - [04/Mar/2026:12:39:49 +0000] "GET /?m=tvehl79tzjgc14617agsyjnn HTTP/1.1" 200 304572 "-" "Mozilla/5.0 (Linux; Android 6.0.1; Nexus 5X Build/MMB29P) AppleWebKit/537.36 (KHTML, like Gecko) Chrome/144.0.7559.132 Mobile Safari/537.36 (compatible; Googlebot/2.1; +http://www.google.com/bot.html)"
66.249.77.7 - - [04/Mar/2026:12:39:49 +0000] "GET /?k=bapv243uztm15585damlkfjn HTTP/1.1" 200 310126 "-" "Mozilla/5.0 (Linux; Android 6.0.1; Nexus 5X Build/MMB29P) AppleWebKit/537.36 (KHTML, like Gecko) Chrome/144.0.7559.132 Mobile Safari/537.36 (compatible; Googlebot/2.1; +http://www.google.com/bot.html)"
66.249.77.3 - - [04/Mar/2026:12:39:50 +0000] "GET /?i=jpi93vovep49515hpweuviw HTTP/1.1" 200 314142 "-" "Mozilla/5.0 (Linux; Android 6.0.1; Nexus 5X Build/MMB29P) AppleWebKit/537.36 (KHTML, like Gecko) Chrome/144.0.7559.132 Mobile Safari/537.36 (compatible; Googlebot/2.1; +http://www.google.com/bot.html)"
74.7.241.6 - - [04/Mar/2026:12:39:49 +0000] "GET /buy.php?detail/01600041051820 HTTP/1.1" 200 155495 "https://inception-blue.com/buy.php?m82372228391" "Mozilla/5.0 AppleWebKit/537.36 (KHTML, like Gecko; compatible; GPTBot/1.3; +https://openai.com/gptbot)"
66.249.77.9 - - [04/Mar/2026:12:39:51 +0000] "GET /?detail/26100970064911 HTTP/1.1" 200 320043 "-" "Mozilla/5.0 (Linux; Android 6.0.1; Nexus 5X Build/MMB29P) AppleWebKit/537.36 (KHTML, like Gecko) Chrome/144.0.7559.132 Mobile Safari/537.36 (compatible; Googlebot/2.1; +http://www.google.com/bot.html)"
66.249.77.3 - - [04/Mar/2026:12:39:52 +0000] "GET /?e=bxtg107njpxd41163msaxbyow HTTP/1.1" 200 354206 "-" "Mozilla/5.0 (Linux; Android 6.0.1; Nexus 5X Build/MMB29P) AppleWebKit/537.36 (KHTML, like Gecko) Chrome/144.0.7559.132 Mobile Safari/537.36 (compatible; GoogleOther)"
66.249.77.11 - - [04/Mar/2026:12:39:53 +0000] "GET /301a//gd.image-qoo10.jp/li/733/049/6346049733.jpg HTTP/1.1" 200 306732 "-" "Googlebot-Image/1.0"
66.249.77.11 - - [04/Mar/2026:12:39:54 +0000] "GET /972371652 HTTP/1.1" 200 318090 "-" "Mozilla/5.0 (Linux; Android 6.0.1; Nexus 5X Build/MMB29P) AppleWebKit/537.36 (KHTML, like Gecko) Chrome/144.0.7559.132 Mobile Safari/537.36 (compatible; Googlebot/2.1; +http://www.google.com/bot.html)"
74.7.241.6 - - [04/Mar/2026:12:39:52 +0000] "GET /buy.php?m23921808883 HTTP/1.1" 200 155550 "https://inception-blue.com/buy.php?detail/05401400312857" "Mozilla/5.0 AppleWebKit/537.36 (KHTML, like Gecko; compatible; GPTBot/1.3; +https://openai.com/gptbot)"
66.249.77.4 - - [04/Mar/2026:12:39:55 +0000] "GET /?g=dfib127yq41107fugylewxa HTTP/1.1" 200 313645 "-" "Mozilla/5.0 (Linux; Android 6.0.1; Nexus 5X Build/MMB29P) AppleWebKit/537.36 (KHTML, like Gecko) Chrome/144.0.7559.132 Mobile Safari/537.36 (compatible; Googlebot/2.1; +http://www.google.com/bot.html)"
66.249.77.3 - - [04/Mar/2026:12:39:56 +0000] "GET /988756916 HTTP/1.1" 200 304212 "-" "Mozilla/5.0 (Linux; Android 6.0.1; Nexus 5X Build/MMB29P) AppleWebKit/537.36 (KHTML, like Gecko) Chrome/144.0.7559.132 Mobile Safari/537.36 (compatible; Googlebot/2.1; +http://www.google.com/bot.html)"
66.249.77.8 - - [04/Mar/2026:12:39:57 +0000] "GET /1135819695 HTTP/1.1" 200 318685 "-" "Mozilla/5.0 (Linux; Android 6.0.1; Nexus 5X Build/MMB29P) AppleWebKit/537.36 (KHTML, like Gecko) Chrome/144.0.7559.132 Mobile Safari/537.36 (compatible; Googlebot/2.1; +http://www.google.com/bot.html)"
66.249.77.7 - - [04/Mar/2026:12:39:58 +0000] "GET /?z=stj254ibyph1324xkgdwvp HTTP/1.1" 200 306682 "-" "Mozilla/5.0 (Linux; Android 6.0.1; Nexus 5X Build/MMB29P) AppleWebKit/537.36 (KHTML, like Gecko) Chrome/144.0.7559.132 Mobile Safari/537.36 (compatible; Googlebot/2.1; +http://www.google.com/bot.html)"
66.249.77.4 - - [04/Mar/2026:12:39:59 +0000] "GET /1133639452 HTTP/1.1" 200 325435 "-" "Mozilla/5.0 (Linux; Android 6.0.1; Nexus 5X Build/MMB29P) AppleWebKit/537.36 (KHTML, like Gecko) Chrome/144.0.7559.132 Mobile Safari/537.36 (compatible; Googlebot/2.1; +http://www.google.com/bot.html)"
74.7.241.6 - - [04/Mar/2026:12:39:55 +0000] "GET /buy.php?m29606767444 HTTP/1.1" 200 163183 "https://inception-blue.com/buy.php?detail/27003587068956" "Mozilla/5.0 AppleWebKit/537.36 (KHTML, like Gecko; compatible; GPTBot/1.3; +https://openai.com/gptbot)"
66.249.77.3 - - [04/Mar/2026:12:40:00 +0000] "GET /?z=hot191iu1479qjihftnt HTTP/1.1" 200 335903 "-" "Mozilla/5.0 (Linux; Android 6.0.1; Nexus 5X Build/MMB29P) AppleWebKit/537.36 (KHTML, like Gecko) Chrome/144.0.7559.132 Mobile Safari/537.36 (compatible; Googlebot/2.1; +http://www.google.com/bot.html)"
66.249.77.4 - - [04/Mar/2026:12:40:01 +0000] "GET /?t=fwoqd46rtxk10538hasrczj HTTP/1.1" 200 303739 "-" "Mozilla/5.0 (Linux; Android 6.0.1; Nexus 5X Build/MMB29P) AppleWebKit/537.36 (KHTML, like Gecko) Chrome/144.0.7559.132 Mobile Safari/537.36 (compatible; Googlebot/2.1; +http://www.google.com/bot.html)"
74.7.241.6 - - [04/Mar/2026:12:40:00 +0000] "GET /buy.php?207019344.htm HTTP/1.1" 200 154397 "https://inception-blue.com/buy.php?m24766642539" "Mozilla/5.0 AppleWebKit/537.36 (KHTML, like Gecko; compatible; GPTBot/1.3; +https://openai.com/gptbot)"
66.249.77.5 - - [04/Mar/2026:12:40:02 +0000] "GET /?k=kreu54rx15500okjmnuxx HTTP/1.1" 200 303964 "-" "Mozilla/5.0 (Linux; Android 6.0.1; Nexus 5X Build/MMB29P) AppleWebKit/537.36 (KHTML, like Gecko) Chrome/144.0.7559.132 Mobile Safari/537.36 (compatible; Googlebot/2.1; +http://www.google.com/bot.html)"
66.249.77.7 - - [04/Mar/2026:12:40:03 +0000] "GET /587190036 HTTP/1.1" 200 302200 "-" "Mozilla/5.0 (Linux; Android 6.0.1; Nexus 5X Build/MMB29P) AppleWebKit/537.36 (KHTML, like Gecko) Chrome/144.0.7559.132 Mobile Safari/537.36 (compatible; Googlebot/2.1; +http://www.google.com/bot.html)"
66.249.77.3 - - [04/Mar/2026:12:40:04 +0000] "GET /1159927142 HTTP/1.1" 200 356991 "-" "Mozilla/5.0 (Linux; Android 6.0.1; Nexus 5X Build/MMB29P) AppleWebKit/537.36 (KHTML, like Gecko) Chrome/144.0.7559.132 Mobile Safari/537.36 (compatible; Googlebot/2.1; +http://www.google.com/bot.html)"
74.7.241.6 - - [04/Mar/2026:12:40:03 +0000] "GET /buy.php?m14449309638 HTTP/1.1" 200 154335 "https://inception-blue.com/buy.php?detail/20300575035443" "Mozilla/5.0 AppleWebKit/537.36 (KHTML, like Gecko; compatible; GPTBot/1.3; +https://openai.com/gptbot)"
66.249.77.5 - - [04/Mar/2026:12:40:05 +0000] "GET /1069372789 HTTP/1.1" 200 300974 "-" "Mozilla/5.0 (Linux; Android 6.0.1; Nexus 5X Build/MMB29P) AppleWebKit/537.36 (KHTML, like Gecko) Chrome/144.0.7559.132 Mobile Safari/537.36 (compatible; Googlebot/2.1; +http://www.google.com/bot.html)"
66.249.77.4 - - [04/Mar/2026:12:40:07 +0000] "GET /comparte-269466 HTTP/1.1" 200 303903 "-" "Mozilla/5.0 (Linux; Android 6.0.1; Nexus 5X Build/MMB29P) AppleWebKit/537.36 (KHTML, like Gecko) Chrome/144.0.7559.132 Mobile Safari/537.36 (compatible; GoogleOther)"
66.249.77.7 - - [04/Mar/2026:12:40:07 +0000] "GET /1142424494 HTTP/1.1" 200 300757 "-" "Mozilla/5.0 (Linux; Android 6.0.1; Nexus 5X Build/MMB29P) AppleWebKit/537.36 (KHTML, like Gecko) Chrome/144.0.7559.132 Mobile Safari/537.36 (compatible; Googlebot/2.1; +http://www.google.com/bot.html)"
74.7.241.6 - - [04/Mar/2026:12:40:06 +0000] "GET /buy.php?detail/13804334721037 HTTP/1.1" 200 155006 "https://inception-blue.com/buy.php?detail/06900194890340" "Mozilla/5.0 AppleWebKit/537.36 (KHTML, like Gecko; compatible; GPTBot/1.3; +https://openai.com/gptbot)"
66.249.77.5 - - [04/Mar/2026:12:40:08 +0000] "GET /1135471419 HTTP/1.1" 200 301139 "-" "Mozilla/5.0 (Linux; Android 6.0.1; Nexus 5X Build/MMB29P) AppleWebKit/537.36 (KHTML, like Gecko) Chrome/144.0.7559.132 Mobile Safari/537.36 (compatible; Googlebot/2.1; +http://www.google.com/bot.html)"
66.249.77.5 - - [04/Mar/2026:12:40:09 +0000] "GET /1102361983 HTTP/1.1" 200 306651 "-" "Mozilla/5.0 (Linux; Android 6.0.1; Nexus 5X Build/MMB29P) AppleWebKit/537.36 (KHTML, like Gecko) Chrome/144.0.7559.132 Mobile Safari/537.36 (compatible; Googlebot/2.1; +http://www.google.com/bot.html)"
66.249.77.5 - - [04/Mar/2026:12:40:10 +0000] "GET /575417162 HTTP/1.1" 200 349295 "-" "Mozilla/5.0 (Linux; Android 6.0.1; Nexus 5X Build/MMB29P) AppleWebKit/537.36 (KHTML, like Gecko) Chrome/144.0.7559.132 Mobile Safari/537.36 (compatible; Googlebot/2.1; +http://www.google.com/bot.html)"
74.7.241.6 - - [04/Mar/2026:12:40:08 +0000] "GET /buy.php?detail/15700400673379 HTTP/1.1" 200 157454 "https://inception-blue.com/buy.php?detail/03403094507632" "Mozilla/5.0 AppleWebKit/537.36 (KHTML, like Gecko; compatible; GPTBot/1.3; +https://openai.com/gptbot)"
66.249.77.6 - - [04/Mar/2026:12:40:11 +0000] "GET /?v=dmih44rm18758oleqbzg HTTP/1.1" 200 310300 "-" "Mozilla/5.0 (Linux; Android 6.0.1; Nexus 5X Build/MMB29P) AppleWebKit/537.36 (KHTML, like Gecko) Chrome/144.0.7559.132 Mobile Safari/537.36 (compatible; Googlebot/2.1; +http://www.google.com/bot.html)"
66.249.77.6 - - [04/Mar/2026:12:40:12 +0000] "GET /1090370355 HTTP/1.1" 200 308584 "-" "Mozilla/5.0 (Linux; Android 6.0.1; Nexus 5X Build/MMB29P) AppleWebKit/537.36 (KHTML, like Gecko) Chrome/144.0.7559.132 Mobile Safari/537.36 (compatible; Googlebot/2.1; +http://www.google.com/bot.html)"
66.249.77.4 - - [04/Mar/2026:12:40:13 +0000] "GET /?j=njevk74qzga13606twvrazal HTTP/1.1" 200 299216 "-" "Mozilla/5.0 (Linux; Android 6.0.1; Nexus 5X Build/MMB29P) AppleWebKit/537.36 (KHTML, like Gecko) Chrome/144.0.7559.132 Mobile Safari/537.36 (compatible; Googlebot/2.1; +http://www.google.com/bot.html)"
74.7.241.6 - - [04/Mar/2026:12:40:11 +0000] "GET /buy.php?detail/26203190521680 HTTP/1.1" 200 163587 "https://inception-blue.com/buy.php?detail/06900194890340" "Mozilla/5.0 AppleWebKit/537.36 (KHTML, like Gecko; compatible; GPTBot/1.3; +https://openai.com/gptbot)"
66.249.77.4 - - [04/Mar/2026:12:40:14 +0000] "GET /?z=koqo183mdm14577ioedlqyfh HTTP/1.1" 200 308148 "-" "Mozilla/5.0 (Linux; Android 6.0.1; Nexus 5X Build/MMB29P) AppleWebKit/537.36 (KHTML, like Gecko) Chrome/144.0.7559.132 Mobile Safari/537.36 (compatible; Googlebot/2.1; +http://www.google.com/bot.html)"
66.249.77.3 - - [04/Mar/2026:12:40:15 +0000] "GET /1109848079 HTTP/1.1" 200 303213 "-" "Mozilla/5.0 (Linux; Android 6.0.1; Nexus 5X Build/MMB29P) AppleWebKit/537.36 (KHTML, like Gecko) Chrome/144.0.7559.132 Mobile Safari/537.36 (compatible; Googlebot/2.1; +http://www.google.com/bot.html)"
74.7.241.6 - - [04/Mar/2026:12:40:14 +0000] "GET /buy.php?m14222331726 HTTP/1.1" 200 151763 "https://inception-blue.com/buy.php?detail/06100969282275" "Mozilla/5.0 AppleWebKit/537.36 (KHTML, like Gecko; compatible; GPTBot/1.3; +https://openai.com/gptbot)"
66.249.77.3 - - [04/Mar/2026:12:40:16 +0000] "GET /?v=jquhe80giafk3228dzksedml HTTP/1.1" 200 331223 "-" "Mozilla/5.0 (Linux; Android 6.0.1; Nexus 5X Build/MMB29P) AppleWebKit/537.36 (KHTML, like Gecko) Chrome/144.0.7559.132 Mobile Safari/537.36 (compatible; GoogleOther)"
66.249.77.5 - - [04/Mar/2026:12:40:18 +0000] "GET /?g=hmgn48cnkqr34784uhxpwfx HTTP/1.1" 200 300414 "-" "Mozilla/5.0 (Linux; Android 6.0.1; Nexus 5X Build/MMB29P) AppleWebKit/537.36 (KHTML, like Gecko) Chrome/144.0.7559.132 Mobile Safari/537.36 (compatible; Googlebot/2.1; +http://www.google.com/bot.html)"
66.249.77.3 - - [04/Mar/2026:12:40:19 +0000] "GET /?goods/294016954 HTTP/1.1" 200 318052 "-" "Mozilla/5.0 (Linux; Android 6.0.1; Nexus 5X Build/MMB29P) AppleWebKit/537.36 (KHTML, like Gecko) Chrome/144.0.7559.132 Mobile Safari/537.36 (compatible; Googlebot/2.1; +http://www.google.com/bot.html)"
74.7.241.6 - - [04/Mar/2026:12:40:17 +0000] "GET /buy.php?m91440794888 HTTP/1.1" 200 160882 "https://inception-blue.com/buy.php?detail/10603627571361" "Mozilla/5.0 AppleWebKit/537.36 (KHTML, like Gecko; compatible; GPTBot/1.3; +https://openai.com/gptbot)"
66.249.77.4 - - [04/Mar/2026:12:40:20 +0000] "GET /?z=tfo151mx4625tarzqr HTTP/1.1" 200 308589 "-" "Mozilla/5.0 (Linux; Android 6.0.1; Nexus 5X Build/MMB29P) AppleWebKit/537.36 (KHTML, like Gecko) Chrome/144.0.7559.132 Mobile Safari/537.36 (compatible; Googlebot/2.1; +http://www.google.com/bot.html)"
66.249.77.4 - - [04/Mar/2026:12:40:21 +0000] "GET /?v=mtwpl293eahob47591plvnnwheu HTTP/1.1" 200 305583 "-" "Mozilla/5.0 (Linux; Android 6.0.1; Nexus 5X Build/MMB29P) AppleWebKit/537.36 (KHTML, like Gecko) Chrome/144.0.7559.132 Mobile Safari/537.36 (compatible; Googlebot/2.1; +http://www.google.com/bot.html)"
66.249.77.5 - - [04/Mar/2026:12:40:22 +0000] "GET /?v=hxvv112lggqw27876rrsxpo HTTP/1.1" 200 321279 "-" "Mozilla/5.0 (Linux; Android 6.0.1; Nexus 5X Build/MMB29P) AppleWebKit/537.36 (KHTML, like Gecko) Chrome/144.0.7559.132 Mobile Safari/537.36 (compatible; Googlebot/2.1; +http://www.google.com/bot.html)"
74.7.241.6 - - [04/Mar/2026:12:40:20 +0000] "GET /buy.php?detail/27701452722339 HTTP/1.1" 200 161698 "https://inception-blue.com/buy.php?detail/28504735493700" "Mozilla/5.0 AppleWebKit/537.36 (KHTML, like Gecko; compatible; GPTBot/1.3; +https://openai.com/gptbot)"
66.249.77.3 - - [04/Mar/2026:12:40:23 +0000] "GET /?v=kwsdy288gyxjs37458ftakkn HTTP/1.1" 200 307297 "-" "Mozilla/5.0 (Linux; Android 6.0.1; Nexus 5X Build/MMB29P) AppleWebKit/537.36 (KHTML, like Gecko) Chrome/144.0.7559.132 Mobile Safari/537.36 (compatible; Googlebot/2.1; +http://www.google.com/bot.html)"
66.249.77.6 - - [04/Mar/2026:12:40:24 +0000] "GET /?g=mtu28q20126jgbzbv HTTP/1.1" 200 304638 "-" "Mozilla/5.0 (Linux; Android 6.0.1; Nexus 5X Build/MMB29P) AppleWebKit/537.36 (KHTML, like Gecko) Chrome/144.0.7559.132 Mobile Safari/537.36 (compatible; Googlebot/2.1; +http://www.google.com/bot.html)"
66.249.77.6 - - [04/Mar/2026:12:40:25 +0000] "GET /?e=zamj15anvlz34923ijwrdk HTTP/1.1" 200 304385 "-" "Mozilla/5.0 (Linux; Android 6.0.1; Nexus 5X Build/MMB29P) AppleWebKit/537.36 (KHTML, like Gecko) Chrome/144.0.7559.132 Mobile Safari/537.36 (compatible; Googlebot/2.1; +http://www.google.com/bot.html)"
74.7.241.6 - - [04/Mar/2026:12:40:23 +0000] "GET /buy.php?detail/07002806935522 HTTP/1.1" 200 157922 "https://inception-blue.com/buy.php?detail/28504735493700" "Mozilla/5.0 AppleWebKit/537.36 (KHTML, like Gecko; compatible; GPTBot/1.3; +https://openai.com/gptbot)"
66.249.77.6 - - [04/Mar/2026:12:40:26 +0000] "GET /?u=uszo28v30442reoaszrhs HTTP/1.1" 200 306724 "-" "Mozilla/5.0 (Linux; Android 6.0.1; Nexus 5X Build/MMB29P) AppleWebKit/537.36 (KHTML, like Gecko) Chrome/144.0.7559.132 Mobile Safari/537.36 (compatible; Googlebot/2.1; +http://www.google.com/bot.html)"
66.249.77.3 - - [04/Mar/2026:12:40:27 +0000] "GET /?z=wpi244a13980xzasmdtuos HTTP/1.1" 200 322605 "-" "Mozilla/5.0 (Linux; Android 6.0.1; Nexus 5X Build/MMB29P) AppleWebKit/537.36 (KHTML, like Gecko) Chrome/144.0.7559.132 Mobile Safari/537.36 (compatible; Googlebot/2.1; +http://www.google.com/bot.html)"
66.249.77.5 - - [04/Mar/2026:12:40:27 +0000] "GET /1168830572 HTTP/1.1" 200 309371 "-" "Mozilla/5.0 (Linux; Android 6.0.1; Nexus 5X Build/MMB29P) AppleWebKit/537.36 (KHTML, like Gecko) Chrome/144.0.7559.132 Mobile Safari/537.36 (compatible; Googlebot/2.1; +http://www.google.com/bot.html)"
66.249.77.5 - - [04/Mar/2026:12:40:28 +0000] "GET /kinetics-tokyo-8914224-1 HTTP/1.1" 200 303235 "-" "Mozilla/5.0 (Linux; Android 6.0.1; Nexus 5X Build/MMB29P) AppleWebKit/537.36 (KHTML, like Gecko) Chrome/144.0.7559.132 Mobile Safari/537.36 (compatible; Googlebot/2.1; +http://www.google.com/bot.html)"
74.7.241.6 - - [04/Mar/2026:12:40:26 +0000] "GET /buy.php?m92230346000 HTTP/1.1" 200 146740 "https://inception-blue.com/buy.php?m60003253116" "Mozilla/5.0 AppleWebKit/537.36 (KHTML, like Gecko; compatible; GPTBot/1.3; +https://openai.com/gptbot)"
66.249.77.3 - - [04/Mar/2026:12:40:29 +0000] "GET /1064252232 HTTP/1.1" 200 302620 "-" "Mozilla/5.0 (Linux; Android 6.0.1; Nexus 5X Build/MMB29P) AppleWebKit/537.36 (KHTML, like Gecko) Chrome/144.0.7559.132 Mobile Safari/537.36 (compatible; Googlebot/2.1; +http://www.google.com/bot.html)"
66.249.77.3 - - [04/Mar/2026:12:40:30 +0000] "GET /1068545308 HTTP/1.1" 200 318612 "-" "Mozilla/5.0 (Linux; Android 6.0.1; Nexus 5X Build/MMB29P) AppleWebKit/537.36 (KHTML, like Gecko) Chrome/144.0.7559.132 Mobile Safari/537.36 (compatible; Googlebot/2.1; +http://www.google.com/bot.html)"
66.249.77.3 - - [04/Mar/2026:12:40:31 +0000] "GET /?g=ogogy280vu47640dwkcsvup HTTP/1.1" 200 312300 "-" "Mozilla/5.0 (Linux; Android 6.0.1; Nexus 5X Build/MMB29P) AppleWebKit/537.36 (KHTML, like Gecko) Chrome/144.0.7559.132 Mobile Safari/537.36 (compatible; GoogleOther)"
74.7.241.6 - - [04/Mar/2026:12:40:29 +0000] "GET /buy.php?m16794915559 HTTP/1.1" 200 160220 "https://inception-blue.com/buy.php?detail/12700029470543" "Mozilla/5.0 AppleWebKit/537.36 (KHTML, like Gecko; compatible; GPTBot/1.3; +https://openai.com/gptbot)"
66.249.77.5 - - [04/Mar/2026:12:40:32 +0000] "GET /l-and-b-1404455 HTTP/1.1" 200 308223 "-" "Mozilla/5.0 (Linux; Android 6.0.1; Nexus 5X Build/MMB29P) AppleWebKit/537.36 (KHTML, like Gecko) Chrome/144.0.7559.132 Mobile Safari/537.36 (compatible; Googlebot/2.1; +http://www.google.com/bot.html)"
66.249.77.8 - - [04/Mar/2026:12:40:33 +0000] "GET /product/262006275 HTTP/1.1" 200 286206 "-" "Mozilla/5.0 (Linux; Android 6.0.1; Nexus 5X Build/MMB29P) AppleWebKit/537.36 (KHTML, like Gecko) Chrome/144.0.7559.132 Mobile Safari/537.36 (compatible; Googlebot/2.1; +http://www.google.com/bot.html)"
74.7.241.6 - - [04/Mar/2026:12:40:32 +0000] "GET /buy.php?m42281504447 HTTP/1.1" 200 147370 "https://inception-blue.com/buy.php?detail/13904315983331" "Mozilla/5.0 AppleWebKit/537.36 (KHTML, like Gecko; compatible; GPTBot/1.3; +https://openai.com/gptbot)"
66.249.77.3 - - [04/Mar/2026:12:40:34 +0000] "GET /?v=kein82eaxd32060cksxaqhuvq HTTP/1.1" 200 298967 "-" "Mozilla/5.0 (Linux; Android 6.0.1; Nexus 5X Build/MMB29P) AppleWebKit/537.36 (KHTML, like Gecko) Chrome/144.0.7559.132 Mobile Safari/537.36 (compatible; Googlebot/2.1; +http://www.google.com/bot.html)"
66.249.77.7 - - [04/Mar/2026:12:40:35 +0000] "GET /?v=cwhf69rg12751ptqzjhg HTTP/1.1" 200 312461 "-" "Mozilla/5.0 (Linux; Android 6.0.1; Nexus 5X Build/MMB29P) AppleWebKit/537.36 (KHTML, like Gecko) Chrome/144.0.7559.132 Mobile Safari/537.36 (compatible; Googlebot/2.1; +http://www.google.com/bot.html)"
66.249.77.6 - - [04/Mar/2026:12:40:36 +0000] "GET /675613549 HTTP/1.1" 200 306126 "-" "Mozilla/5.0 (Linux; Android 6.0.1; Nexus 5X Build/MMB29P) AppleWebKit/537.36 (KHTML, like Gecko) Chrome/145.0.7632.116 Mobile Safari/537.36 (compatible; Googlebot/2.1; +http://www.google.com/bot.html)"
66.249.77.5 - - [04/Mar/2026:12:40:37 +0000] "GET /?v=wef218xetj32386mehnjbhdy HTTP/1.1" 200 299266 "-" "Mozilla/5.0 (Linux; Android 6.0.1; Nexus 5X Build/MMB29P) AppleWebKit/537.36 (KHTML, like Gecko) Chrome/144.0.7559.132 Mobile Safari/537.36 (compatible; Googlebot/2.1; +http://www.google.com/bot.html)"
66.249.77.6 - - [04/Mar/2026:12:40:38 +0000] "GET /?v=aiwvg167jyblc44957rnvtnb HTTP/1.1" 200 307203 "-" "Mozilla/5.0 (Linux; Android 6.0.1; Nexus 5X Build/MMB29P) AppleWebKit/537.36 (KHTML, like Gecko) Chrome/144.0.7559.132 Mobile Safari/537.36 (compatible; Googlebot/2.1; +http://www.google.com/bot.html)"
74.7.241.6 - - [04/Mar/2026:12:40:35 +0000] "GET /buy.php?m57384817555 HTTP/1.1" 200 150787 "https://inception-blue.com/buy.php?detail/25900329021918" "Mozilla/5.0 AppleWebKit/537.36 (KHTML, like Gecko; compatible; GPTBot/1.3; +https://openai.com/gptbot)"
66.249.77.8 - - [04/Mar/2026:12:40:39 +0000] "GET /?v=fdq52lm39290fxekyy HTTP/1.1" 200 313270 "-" "Mozilla/5.0 (Linux; Android 6.0.1; Nexus 5X Build/MMB29P) AppleWebKit/537.36 (KHTML, like Gecko) Chrome/144.0.7559.132 Mobile Safari/537.36 (compatible; Googlebot/2.1; +http://www.google.com/bot.html)"
66.249.77.6 - - [04/Mar/2026:12:40:40 +0000] "GET /?i=bol254x4156ofkrxrvr HTTP/1.1" 200 329258 "-" "Mozilla/5.0 (Linux; Android 6.0.1; Nexus 5X Build/MMB29P) AppleWebKit/537.36 (KHTML, like Gecko) Chrome/144.0.7559.132 Mobile Safari/537.36 (compatible; Googlebot/2.1; +http://www.google.com/bot.html)"
66.249.77.9 - - [04/Mar/2026:12:40:41 +0000] "GET /?k=syx283s16179tidgtjjpps HTTP/1.1" 200 328428 "-" "Mozilla/5.0 (Linux; Android 6.0.1; Nexus 5X Build/MMB29P) AppleWebKit/537.36 (KHTML, like Gecko) Chrome/144.0.7559.132 Mobile Safari/537.36 (compatible; Googlebot/2.1; +http://www.google.com/bot.html)"
66.249.77.3 - - [04/Mar/2026:12:40:42 +0000] "GET /?z=gzfaf288dvo22816noncnc HTTP/1.1" 200 301693 "-" "Mozilla/5.0 (Linux; Android 6.0.1; Nexus 5X Build/MMB29P) AppleWebKit/537.36 (KHTML, like Gecko) Chrome/144.0.7559.132 Mobile Safari/537.36 (compatible; GoogleOther)"
74.7.241.6 - - [04/Mar/2026:12:40:39 +0000] "GET /buy.php?detail/13801213519201 HTTP/1.1" 200 165448 "https://inception-blue.com/buy.php?detail/13804334721037" "Mozilla/5.0 AppleWebKit/537.36 (KHTML, like Gecko; compatible; GPTBot/1.3; +https://openai.com/gptbot)"
66.249.77.4 - - [04/Mar/2026:12:40:43 +0000] "GET /?jp/067017616.html HTTP/1.1" 200 300574 "-" "Mozilla/5.0 (Linux; Android 6.0.1; Nexus 5X Build/MMB29P) AppleWebKit/537.36 (KHTML, like Gecko) Chrome/144.0.7559.132 Mobile Safari/537.36 (compatible; Googlebot/2.1; +http://www.google.com/bot.html)"
66.249.77.6 - - [04/Mar/2026:12:40:44 +0000] "GET /?v=sjhnm163nwud8151nvzrcyo HTTP/1.1" 200 309721 "-" "Mozilla/5.0 (Linux; Android 6.0.1; Nexus 5X Build/MMB29P) AppleWebKit/537.36 (KHTML, like Gecko) Chrome/144.0.7559.132 Mobile Safari/537.36 (compatible; Googlebot/2.1; +http://www.google.com/bot.html)"
66.249.77.10 - - [04/Mar/2026:12:40:45 +0000] "GET /?v=ougz184ob2946xgnnzcesqr HTTP/1.1" 200 301835 "-" "Mozilla/5.0 (Linux; Android 6.0.1; Nexus 5X Build/MMB29P) AppleWebKit/537.36 (KHTML, like Gecko) Chrome/144.0.7559.132 Mobile Safari/537.36 (compatible; Googlebot/2.1; +http://www.google.com/bot.html)"
74.7.241.6 - - [04/Mar/2026:12:40:42 +0000] "GET /buy.php?m53965551743 HTTP/1.1" 200 153173 "https://inception-blue.com/buy.php?detail/14800436485510" "Mozilla/5.0 AppleWebKit/537.36 (KHTML, like Gecko; compatible; GPTBot/1.3; +https://openai.com/gptbot)"
66.249.77.8 - - [04/Mar/2026:12:40:46 +0000] "GET /?h=yge68yin17500gdngopt HTTP/1.1" 200 300691 "-" "Mozilla/5.0 (Linux; Android 6.0.1; Nexus 5X Build/MMB29P) AppleWebKit/537.36 (KHTML, like Gecko) Chrome/144.0.7559.132 Mobile Safari/537.36 (compatible; Googlebot/2.1; +http://www.google.com/bot.html)"
66.249.77.9 - - [04/Mar/2026:12:40:46 +0000] "GET /?i=kpiks119res46607cvwkpaabj HTTP/1.1" 200 300474 "-" "Mozilla/5.0 (Linux; Android 6.0.1; Nexus 5X Build/MMB29P) AppleWebKit/537.36 (KHTML, like Gecko) Chrome/144.0.7559.132 Mobile Safari/537.36 (compatible; Googlebot/2.1; +http://www.google.com/bot.html)"
66.249.77.6 - - [04/Mar/2026:12:40:47 +0000] "GET /?d=xse101qnpb33853guhvsqrds HTTP/1.1" 200 304933 "-" "Mozilla/5.0 (Linux; Android 6.0.1; Nexus 5X Build/MMB29P) AppleWebKit/537.36 (KHTML, like Gecko) Chrome/144.0.7559.132 Mobile Safari/537.36 (compatible; Googlebot/2.1; +http://www.google.com/bot.html)"
66.249.77.9 - - [04/Mar/2026:12:40:48 +0000] "GET /?r=kpi136myek44216qrmbdtjlb HTTP/1.1" 200 312027 "-" "Mozilla/5.0 (Linux; Android 6.0.1; Nexus 5X Build/MMB29P) AppleWebKit/537.36 (KHTML, like Gecko) Chrome/144.0.7559.132 Mobile Safari/537.36 (compatible; Googlebot/2.1; +http://www.google.com/bot.html)"
74.7.241.6 - - [04/Mar/2026:12:40:45 +0000] "GET /buy.php?detail/04701874257895 HTTP/1.1" 200 148499 "https://inception-blue.com/buy.php?detail/26203190521680" "Mozilla/5.0 AppleWebKit/537.36 (KHTML, like Gecko; compatible; GPTBot/1.3; +https://openai.com/gptbot)"
66.249.77.5 - - [04/Mar/2026:12:40:49 +0000] "GET /?g=qyhvq281cjgw16095atslztomf HTTP/1.1" 200 310662 "-" "Mozilla/5.0 (Linux; Android 6.0.1; Nexus 5X Build/MMB29P) AppleWebKit/537.36 (KHTML, like Gecko) Chrome/144.0.7559.132 Mobile Safari/537.36 (compatible; Googlebot/2.1; +http://www.google.com/bot.html)"
66.249.77.9 - - [04/Mar/2026:12:40:50 +0000] "GET /?g=demxf199jsi39773mpqjbbu HTTP/1.1" 200 308334 "-" "Mozilla/5.0 (Linux; Android 6.0.1; Nexus 5X Build/MMB29P) AppleWebKit/537.36 (KHTML, like Gecko) Chrome/144.0.7559.132 Mobile Safari/537.36 (compatible; GoogleOther)"
66.249.77.11 - - [04/Mar/2026:12:40:51 +0000] "GET /?z=sid246uypkp25294ywcwjgyxiq HTTP/1.1" 200 314051 "-" "Mozilla/5.0 (Linux; Android 6.0.1; Nexus 5X Build/MMB29P) AppleWebKit/537.36 (KHTML, like Gecko) Chrome/144.0.7559.132 Mobile Safari/537.36 (compatible; Googlebot/2.1; +http://www.google.com/bot.html)"
66.249.77.8 - - [04/Mar/2026:12:40:52 +0000] "GET /1160700928 HTTP/1.1" 200 304894 "-" "Mozilla/5.0 (Linux; Android 6.0.1; Nexus 5X Build/MMB29P) AppleWebKit/537.36 (KHTML, like Gecko) Chrome/144.0.7559.132 Mobile Safari/537.36 (compatible; Googlebot/2.1; +http://www.google.com/bot.html)"
74.7.241.6 - - [04/Mar/2026:12:40:50 +0000] "GET /buy.php?083000238.htm HTTP/1.1" 200 151687 "https://inception-blue.com/buy.php?m14222331726" "Mozilla/5.0 AppleWebKit/537.36 (KHTML, like Gecko; compatible; GPTBot/1.3; +https://openai.com/gptbot)"
66.249.77.9 - - [04/Mar/2026:12:40:53 +0000] "GET /?t=miok69rivga13857ciwqrvgild HTTP/1.1" 200 343170 "-" "Mozilla/5.0 (Linux; Android 6.0.1; Nexus 5X Build/MMB29P) AppleWebKit/537.36 (KHTML, like Gecko) Chrome/144.0.7559.132 Mobile Safari/537.36 (compatible; Googlebot/2.1; +http://www.google.com/bot.html)"
66.249.77.7 - - [04/Mar/2026:12:40:54 +0000] "GET /comparte-284925 HTTP/1.1" 200 308400 "-" "Mozilla/5.0 (Linux; Android 6.0.1; Nexus 5X Build/MMB29P) AppleWebKit/537.36 (KHTML, like Gecko) Chrome/144.0.7559.132 Mobile Safari/537.36 (compatible; Googlebot/2.1; +http://www.google.com/bot.html)"
66.249.77.7 - - [04/Mar/2026:12:40:54 +0000] "GET /?i=pxd21lk33097pvecgqvfbw HTTP/1.1" 200 304440 "-" "Mozilla/5.0 (Linux; Android 6.0.1; Nexus 5X Build/MMB29P) AppleWebKit/537.36 (KHTML, like Gecko) Chrome/144.0.7559.132 Mobile Safari/537.36 (compatible; Googlebot/2.1; +http://www.google.com/bot.html)"
66.249.77.11 - - [04/Mar/2026:12:40:55 +0000] "GET /?z=qgie95nqmes29031suxcfik HTTP/1.1" 200 333350 "-" "Mozilla/5.0 (Linux; Android 6.0.1; Nexus 5X Build/MMB29P) AppleWebKit/537.36 (KHTML, like Gecko) Chrome/144.0.7559.132 Mobile Safari/537.36 (compatible; Googlebot/2.1; +http://www.google.com/bot.html)"
74.7.241.6 - - [04/Mar/2026:12:40:53 +0000] "GET /buy.php?m18312227342 HTTP/1.1" 200 155764 "https://inception-blue.com/buy.php?detail/20700022395628" "Mozilla/5.0 AppleWebKit/537.36 (KHTML, like Gecko; compatible; GPTBot/1.3; +https://openai.com/gptbot)"
66.249.77.11 - - [04/Mar/2026:12:40:56 +0000] "GET /?c=tnsw145ekgx23133yruyvqk HTTP/1.1" 200 297601 "-" "Mozilla/5.0 (Linux; Android 6.0.1; Nexus 5X Build/MMB29P) AppleWebKit/537.36 (KHTML, like Gecko) Chrome/144.0.7559.132 Mobile Safari/537.36 (compatible; Googlebot/2.1; +http://www.google.com/bot.html)"
66.249.77.11 - - [04/Mar/2026:12:40:57 +0000] "GET /?a=lrmer225sjas32589lcfkggkyeu HTTP/1.1" 200 302918 "-" "Mozilla/5.0 (Linux; Android 6.0.1; Nexus 5X Build/MMB29P) AppleWebKit/537.36 (KHTML, like Gecko) Chrome/144.0.7559.132 Mobile Safari/537.36 (compatible; Googlebot/2.1; +http://www.google.com/bot.html)"
66.249.77.10 - - [04/Mar/2026:12:40:58 +0000] "GET /?t=kjz214bpa31272vuwbzkp HTTP/1.1" 200 306748 "-" "Mozilla/5.0 (Linux; Android 6.0.1; Nexus 5X Build/MMB29P) AppleWebKit/537.36 (KHTML, like Gecko) Chrome/144.0.7559.132 Mobile Safari/537.36 (compatible; Googlebot/2.1; +http://www.google.com/bot.html)"
74.7.241.6 - - [04/Mar/2026:12:40:56 +0000] "GET /buy.php?detail/29901954976980 HTTP/1.1" 200 154241 "https://inception-blue.com/buy.php?detail/27701452722339" "Mozilla/5.0 AppleWebKit/537.36 (KHTML, like Gecko; compatible; GPTBot/1.3; +https://openai.com/gptbot)"
66.249.77.8 - - [04/Mar/2026:12:40:59 +0000] "GET /product/225007534 HTTP/1.1" 200 324862 "-" "Mozilla/5.0 (Linux; Android 6.0.1; Nexus 5X Build/MMB29P) AppleWebKit/537.36 (KHTML, like Gecko) Chrome/144.0.7559.132 Mobile Safari/537.36 (compatible; Googlebot/2.1; +http://www.google.com/bot.html)"
66.249.77.7 - - [04/Mar/2026:12:41:00 +0000] "GET /?p=jkvh24yudr15212qlnqxnws HTTP/1.1" 200 308308 "-" "Mozilla/5.0 (Linux; Android 6.0.1; Nexus 5X Build/MMB29P) AppleWebKit/537.36 (KHTML, like Gecko) Chrome/144.0.7559.132 Mobile Safari/537.36 (compatible; GoogleOther)"
66.249.77.12 - - [04/Mar/2026:12:41:01 +0000] "GET /?goods/224004196 HTTP/1.1" 200 315874 "-" "Mozilla/5.0 (Linux; Android 6.0.1; Nexus 5X Build/MMB29P) AppleWebKit/537.36 (KHTML, like Gecko) Chrome/144.0.7559.132 Mobile Safari/537.36 (compatible; Googlebot/2.1; +http://www.google.com/bot.html)"
66.249.77.12 - - [04/Mar/2026:12:41:02 +0000] "GET /?n=mwcp145o27605yjzyzzmzz HTTP/1.1" 200 313979 "-" "Mozilla/5.0 (Linux; Android 6.0.1; Nexus 5X Build/MMB29P) AppleWebKit/537.36 (KHTML, like Gecko) Chrome/144.0.7559.132 Mobile Safari/537.36 (compatible; Googlebot/2.1; +http://www.google.com/bot.html)"
66.249.77.4 - - [04/Mar/2026:12:41:02 +0000] "GET /?u=rzdsr43zdcx33621fibjlyhh HTTP/1.1" 200 302124 "-" "Mozilla/5.0 (Linux; Android 6.0.1; Nexus 5X Build/MMB29P) AppleWebKit/537.36 (KHTML, like Gecko) Chrome/144.0.7559.132 Mobile Safari/537.36 (compatible; Googlebot/2.1; +http://www.google.com/bot.html)"
66.249.77.5 - - [04/Mar/2026:12:41:03 +0000] "GET /?i=rsg202v6550idydiygu HTTP/1.1" 200 302699 "-" "Mozilla/5.0 (Linux; Android 6.0.1; Nexus 5X Build/MMB29P) AppleWebKit/537.36 (KHTML, like Gecko) Chrome/144.0.7559.132 Mobile Safari/537.36 (compatible; Googlebot/2.1; +http://www.google.com/bot.html)"
74.7.241.6 - - [04/Mar/2026:12:40:59 +0000] "GET /buy.php?m86098222468 HTTP/1.1" 200 162982 "https://inception-blue.com/buy.php?detail/01200072579165" "Mozilla/5.0 AppleWebKit/537.36 (KHTML, like Gecko; compatible; GPTBot/1.3; +https://openai.com/gptbot)"
66.249.77.6 - - [04/Mar/2026:12:41:04 +0000] "GET /?c=fomd287j5447cjqcpazkfn HTTP/1.1" 200 315097 "-" "Mozilla/5.0 (Linux; Android 6.0.1; Nexus 5X Build/MMB29P) AppleWebKit/537.36 (KHTML, like Gecko) Chrome/144.0.7559.132 Mobile Safari/537.36 (compatible; Googlebot/2.1; +http://www.google.com/bot.html)"
66.249.77.10 - - [04/Mar/2026:12:41:05 +0000] "GET /?goods/138026045 HTTP/1.1" 200 305695 "-" "Mozilla/5.0 (Linux; Android 6.0.1; Nexus 5X Build/MMB29P) AppleWebKit/537.36 (KHTML, like Gecko) Chrome/144.0.7559.132 Mobile Safari/537.36 (compatible; Googlebot/2.1; +http://www.google.com/bot.html)"
66.249.77.9 - - [04/Mar/2026:12:41:06 +0000] "GET /?a=dfnsh287fecu46775dotojx HTTP/1.1" 200 327349 "-" "Mozilla/5.0 (Linux; Android 6.0.1; Nexus 5X Build/MMB29P) AppleWebKit/537.36 (KHTML, like Gecko) Chrome/144.0.7559.132 Mobile Safari/537.36 (compatible; Googlebot/2.1; +http://www.google.com/bot.html)"
74.7.241.6 - - [04/Mar/2026:12:41:04 +0000] "GET /buy.php?m27024870555 HTTP/1.1" 200 158293 "https://inception-blue.com/buy.php?jp/225033707.html" "Mozilla/5.0 AppleWebKit/537.36 (KHTML, like Gecko; compatible; GPTBot/1.3; +https://openai.com/gptbot)"
66.249.77.8 - - [04/Mar/2026:12:41:07 +0000] "GET /?v=xvttx282gcc46870ttcpxpgt HTTP/1.1" 200 321755 "-" "Mozilla/5.0 (Linux; Android 6.0.1; Nexus 5X Build/MMB29P) AppleWebKit/537.36 (KHTML, like Gecko) Chrome/144.0.7559.132 Mobile Safari/537.36 (compatible; Googlebot/2.1; +http://www.google.com/bot.html)"
66.249.77.3 - - [04/Mar/2026:12:41:07 +0000] "GET /product/009049534 HTTP/1.1" 200 314018 "-" "Mozilla/5.0 (Linux; Android 6.0.1; Nexus 5X Build/MMB29P) AppleWebKit/537.36 (KHTML, like Gecko) Chrome/144.0.7559.132 Mobile Safari/537.36 (compatible; Googlebot/2.1; +http://www.google.com/bot.html)"
66.249.77.3 - - [04/Mar/2026:12:41:08 +0000] "GET /?b=nwzi56yazi43388wrtoeq HTTP/1.1" 200 300905 "-" "Mozilla/5.0 (Linux; Android 6.0.1; Nexus 5X Build/MMB29P) AppleWebKit/537.36 (KHTML, like Gecko) Chrome/144.0.7559.132 Mobile Safari/537.36 (compatible; Googlebot/2.1; +http://www.google.com/bot.html)"
74.7.241.6 - - [04/Mar/2026:12:41:07 +0000] "GET /buy.php?040008849.htm HTTP/1.1" 200 168121 "https://inception-blue.com/buy.php?m16794915559" "Mozilla/5.0 AppleWebKit/537.36 (KHTML, like Gecko; compatible; GPTBot/1.3; +https://openai.com/gptbot)"
66.249.77.6 - - [04/Mar/2026:12:41:09 +0000] "GET /?f=ack72dafia27362aexabp HTTP/1.1" 200 312969 "-" "Mozilla/5.0 (Linux; Android 6.0.1; Nexus 5X Build/MMB29P) AppleWebKit/537.36 (KHTML, like Gecko) Chrome/144.0.7559.132 Mobile Safari/537.36 (compatible; GoogleOther)"
66.249.77.6 - - [04/Mar/2026:12:41:10 +0000] "GET /?jp/144025966.html HTTP/1.1" 200 300750 "-" "Mozilla/5.0 (Linux; Android 6.0.1; Nexus 5X Build/MMB29P) AppleWebKit/537.36 (KHTML, like Gecko) Chrome/144.0.7559.132 Mobile Safari/537.36 (compatible; Googlebot/2.1; +http://www.google.com/bot.html)"
66.249.77.3 - - [04/Mar/2026:12:41:11 +0000] "GET /?detail/11500775679897 HTTP/1.1" 200 330453 "-" "Mozilla/5.0 (Linux; Android 6.0.1; Nexus 5X Build/MMB29P) AppleWebKit/537.36 (KHTML, like Gecko) Chrome/144.0.7559.132 Mobile Safari/537.36 (compatible; Googlebot/2.1; +http://www.google.com/bot.html)"
74.7.241.6 - - [04/Mar/2026:12:41:09 +0000] "GET /buy.php?m43331076386 HTTP/1.1" 200 166967 "https://inception-blue.com/buy.php?detail/13401958453797" "Mozilla/5.0 AppleWebKit/537.36 (KHTML, like Gecko; compatible; GPTBot/1.3; +https://openai.com/gptbot)"
66.249.77.7 - - [04/Mar/2026:12:41:12 +0000] "GET /?x=qlar268rsa30256tbcrlgn HTTP/1.1" 200 315779 "-" "Mozilla/5.0 (Linux; Android 6.0.1; Nexus 5X Build/MMB29P) AppleWebKit/537.36 (KHTML, like Gecko) Chrome/144.0.7559.132 Mobile Safari/537.36 (compatible; Googlebot/2.1; +http://www.google.com/bot.html)"
66.249.77.3 - - [04/Mar/2026:12:41:12 +0000] "GET /?b=brem40ev23012rudtuxmap HTTP/1.1" 200 299147 "-" "Mozilla/5.0 (Linux; Android 6.0.1; Nexus 5X Build/MMB29P) AppleWebKit/537.36 (KHTML, like Gecko) Chrome/144.0.7559.132 Mobile Safari/537.36 (compatible; Googlebot/2.1; +http://www.google.com/bot.html)"
66.249.77.6 - - [04/Mar/2026:12:41:13 +0000] "GET /?e=ijw217uvrzw34723mznwifuw HTTP/1.1" 200 300444 "-" "Mozilla/5.0 (Linux; Android 6.0.1; Nexus 5X Build/MMB29P) AppleWebKit/537.36 (KHTML, like Gecko) Chrome/144.0.7559.132 Mobile Safari/537.36 (compatible; Googlebot/2.1; +http://www.google.com/bot.html)"
74.7.241.6 - - [04/Mar/2026:12:41:12 +0000] "GET /buy.php?m95552534606 HTTP/1.1" 200 142894 "https://inception-blue.com/buy.php?detail/15500833803817" "Mozilla/5.0 AppleWebKit/537.36 (KHTML, like Gecko; compatible; GPTBot/1.3; +https://openai.com/gptbot)"
66.249.77.5 - - [04/Mar/2026:12:41:14 +0000] "GET /?jp/098031586.html HTTP/1.1" 200 302388 "-" "Mozilla/5.0 (Linux; Android 6.0.1; Nexus 5X Build/MMB29P) AppleWebKit/537.36 (KHTML, like Gecko) Chrome/144.0.7559.132 Mobile Safari/537.36 (compatible; Googlebot/2.1; +http://www.google.com/bot.html)"
66.249.77.5 - - [04/Mar/2026:12:41:15 +0000] "GET /?v=rmdz118kdzjq180bgmkptq HTTP/1.1" 200 304206 "-" "Mozilla/5.0 (Linux; Android 6.0.1; Nexus 5X Build/MMB29P) AppleWebKit/537.36 (KHTML, like Gecko) Chrome/144.0.7559.132 Mobile Safari/537.36 (compatible; Googlebot/2.1; +http://www.google.com/bot.html)"
