74.7.241.6 - - [04/Mar/2026:13:36:24 +0000] "GET /buy.php?detail/11801586971011 HTTP/1.1" 200 151319 "https://inception-blue.com/buy.php?detail/08200558345527" "Mozilla/5.0 AppleWebKit/537.36 (KHTML, like Gecko; compatible; GPTBot/1.3; +https://openai.com/gptbot)"
66.249.77.7 - - [04/Mar/2026:13:36:28 +0000] "GET /?l=cwym187gwafn26385avjogprvhg HTTP/1.1" 200 328923 "-" "Mozilla/5.0 (Linux; Android 6.0.1; Nexus 5X Build/MMB29P) AppleWebKit/537.36 (KHTML, like Gecko) Chrome/144.0.7559.132 Mobile Safari/537.36 (compatible; GoogleOther)"
74.7.241.6 - - [04/Mar/2026:13:36:27 +0000] "GET /buy.php?detail/04001016879327 HTTP/1.1" 200 155674 "https://inception-blue.com/buy.php?detail/04001483749629" "Mozilla/5.0 AppleWebKit/537.36 (KHTML, like Gecko; compatible; GPTBot/1.3; +https://openai.com/gptbot)"
66.249.77.7 - - [04/Mar/2026:13:36:34 +0000] "GET /?m=zou3uzaym24009lvydwgsii HTTP/1.1" 200 310441 "-" "Mozilla/5.0 (Linux; Android 6.0.1; Nexus 5X Build/MMB29P) AppleWebKit/537.36 (KHTML, like Gecko) Chrome/144.0.7559.132 Mobile Safari/537.36 (compatible; GoogleOther)"
74.7.241.6 - - [04/Mar/2026:13:36:30 +0000] "GET /buy.php?detail/29804155896255 HTTP/1.1" 200 153907 "https://inception-blue.com/buy.php?detail/00101171942396" "Mozilla/5.0 AppleWebKit/537.36 (KHTML, like Gecko; compatible; GPTBot/1.3; +https://openai.com/gptbot)"
74.7.241.6 - - [04/Mar/2026:13:36:35 +0000] "GET /buy.php?jp/027007783.html HTTP/1.1" 200 162886 "https://inception-blue.com/buy.php?jp/027049166.html" "Mozilla/5.0 AppleWebKit/537.36 (KHTML, like Gecko; compatible; GPTBot/1.3; +https://openai.com/gptbot)"
74.7.241.6 - - [04/Mar/2026:13:36:38 +0000] "GET /buy.php?detail/23804190869246 HTTP/1.1" 200 153267 "https://inception-blue.com/buy.php?jp/027049166.html" "Mozilla/5.0 AppleWebKit/537.36 (KHTML, like Gecko; compatible; GPTBot/1.3; +https://openai.com/gptbot)"
66.249.77.7 - - [04/Mar/2026:13:36:42 +0000] "GET /?y=mlq121w13121ewmbec HTTP/1.1" 200 336000 "-" "Mozilla/5.0 (Linux; Android 6.0.1; Nexus 5X Build/MMB29P) AppleWebKit/537.36 (KHTML, like Gecko) Chrome/144.0.7559.132 Mobile Safari/537.36 (compatible; GoogleOther)"
74.7.241.6 - - [04/Mar/2026:13:36:42 +0000] "GET /buy.php?detail/16504071590385 HTTP/1.1" 200 156449 "https://inception-blue.com/buy.php?jp/027049166.html" "Mozilla/5.0 AppleWebKit/537.36 (KHTML, like Gecko; compatible; GPTBot/1.3; +https://openai.com/gptbot)"
66.249.77.8 - - [04/Mar/2026:13:36:47 +0000] "GET /?g=lgrb40sodk25802ukmgkuwap HTTP/1.1" 200 298918 "-" "Mozilla/5.0 (Linux; Android 6.0.1; Nexus 5X Build/MMB29P) AppleWebKit/537.36 (KHTML, like Gecko) Chrome/144.0.7559.132 Mobile Safari/537.36 (compatible; GoogleOther)"
74.7.241.6 - - [04/Mar/2026:13:36:46 +0000] "GET /buy.php?detail/04100481425272 HTTP/1.1" 200 154003 "https://inception-blue.com/buy.php?detail/04104015549359" "Mozilla/5.0 AppleWebKit/537.36 (KHTML, like Gecko; compatible; GPTBot/1.3; +https://openai.com/gptbot)"
66.249.77.7 - - [04/Mar/2026:13:36:52 +0000] "GET /?e=xtdw226ju13170zvzxfqh HTTP/1.1" 200 308578 "-" "Mozilla/5.0 (Linux; Android 6.0.1; Nexus 5X Build/MMB29P) AppleWebKit/537.36 (KHTML, like Gecko) Chrome/144.0.7559.132 Mobile Safari/537.36 (compatible; Googlebot/2.1; +http://www.google.com/bot.html)"
74.7.241.6 - - [04/Mar/2026:13:36:51 +0000] "GET /buy.php?detail/17100007996645 HTTP/1.1" 200 152647 "https://inception-blue.com/buy.php?detail/14600636899005" "Mozilla/5.0 AppleWebKit/537.36 (KHTML, like Gecko; compatible; GPTBot/1.3; +https://openai.com/gptbot)"
66.249.77.7 - - [04/Mar/2026:13:36:54 +0000] "GET /?g=eyf5m34293mnmnquoaa HTTP/1.1" 200 303287 "-" "Mozilla/5.0 (Linux; Android 6.0.1; Nexus 5X Build/MMB29P) AppleWebKit/537.36 (KHTML, like Gecko) Chrome/144.0.7559.132 Mobile Safari/537.36 (compatible; GoogleOther)"
74.7.241.6 - - [04/Mar/2026:13:36:54 +0000] "GET /buy.php?detail/03402039675924 HTTP/1.1" 200 155893 "https://inception-blue.com/buy.php?detail/03100073265941" "Mozilla/5.0 AppleWebKit/537.36 (KHTML, like Gecko; compatible; GPTBot/1.3; +https://openai.com/gptbot)"
66.249.77.8 - - [04/Mar/2026:13:36:59 +0000] "GET /?f=ypo126giica17076ddbmynzol HTTP/1.1" 200 316261 "-" "Mozilla/5.0 (Linux; Android 6.0.1; Nexus 5X Build/MMB29P) AppleWebKit/537.36 (KHTML, like Gecko) Chrome/144.0.7559.132 Mobile Safari/537.36 (compatible; GoogleOther)"
74.7.241.6 - - [04/Mar/2026:13:36:57 +0000] "GET /buy.php?detail/28202950825996 HTTP/1.1" 200 153992 "https://inception-blue.com/buy.php?detail/04104015549359" "Mozilla/5.0 AppleWebKit/537.36 (KHTML, like Gecko; compatible; GPTBot/1.3; +https://openai.com/gptbot)"
74.7.241.6 - - [04/Mar/2026:13:37:00 +0000] "GET /buy.php?detail/13001154060406 HTTP/1.1" 200 152987 "https://inception-blue.com/buy.php?detail/13003091723585" "Mozilla/5.0 AppleWebKit/537.36 (KHTML, like Gecko; compatible; GPTBot/1.3; +https://openai.com/gptbot)"
74.7.241.6 - - [04/Mar/2026:13:37:05 +0000] "GET /buy.php?detail/1050171280154 HTTP/1.1" 200 156829 "https://inception-blue.com/buy.php?detail/11801586971011" "Mozilla/5.0 AppleWebKit/537.36 (KHTML, like Gecko; compatible; GPTBot/1.3; +https://openai.com/gptbot)"
66.249.77.7 - - [04/Mar/2026:13:37:09 +0000] "GET /?n=isg112mv37414ghywlnewhu HTTP/1.1" 200 304071 "-" "Mozilla/5.0 (Linux; Android 6.0.1; Nexus 5X Build/MMB29P) AppleWebKit/537.36 (KHTML, like Gecko) Chrome/144.0.7559.132 Mobile Safari/537.36 (compatible; GoogleOther)"
74.7.241.6 - - [04/Mar/2026:13:37:08 +0000] "GET /buy.php?detail/09901803833589 HTTP/1.1" 200 160060 "https://inception-blue.com/buy.php?goods/146046225" "Mozilla/5.0 AppleWebKit/537.36 (KHTML, like Gecko; compatible; GPTBot/1.3; +https://openai.com/gptbot)"
74.7.241.6 - - [04/Mar/2026:13:37:11 +0000] "GET /buy.php?detail/08200130732628 HTTP/1.1" 200 144306 "https://inception-blue.com/buy.php?detail/08200558345527" "Mozilla/5.0 AppleWebKit/537.36 (KHTML, like Gecko; compatible; GPTBot/1.3; +https://openai.com/gptbot)"
74.7.241.6 - - [04/Mar/2026:13:37:13 +0000] "GET /buy.php?detail/29804300363496 HTTP/1.1" 200 146595 "https://inception-blue.com/buy.php?detail/11000704511503" "Mozilla/5.0 AppleWebKit/537.36 (KHTML, like Gecko; compatible; GPTBot/1.3; +https://openai.com/gptbot)"
74.7.241.6 - - [04/Mar/2026:13:37:16 +0000] "GET /buy.php?detail/21704792748200 HTTP/1.1" 200 151280 "https://inception-blue.com/buy.php?jp/158013090.html" "Mozilla/5.0 AppleWebKit/537.36 (KHTML, like Gecko; compatible; GPTBot/1.3; +https://openai.com/gptbot)"
66.249.77.7 - - [04/Mar/2026:13:37:22 +0000] "GET /?goods/130031056 HTTP/1.1" 200 310022 "-" "Mozilla/5.0 (Linux; Android 6.0.1; Nexus 5X Build/MMB29P) AppleWebKit/537.36 (KHTML, like Gecko) Chrome/144.0.7559.132 Mobile Safari/537.36 (compatible; GoogleOther)"
74.7.241.6 - - [04/Mar/2026:13:37:20 +0000] "GET /buy.php?detail/11002052151815 HTTP/1.1" 200 158559 "https://inception-blue.com/buy.php?detail/14000048457851" "Mozilla/5.0 AppleWebKit/537.36 (KHTML, like Gecko; compatible; GPTBot/1.3; +https://openai.com/gptbot)"
66.249.77.7 - - [04/Mar/2026:13:37:27 +0000] "GET /?b=hinj137n26695loulgmin HTTP/1.1" 200 303724 "-" "Mozilla/5.0 (Linux; Android 6.0.1; Nexus 5X Build/MMB29P) AppleWebKit/537.36 (KHTML, like Gecko) Chrome/144.0.7559.132 Mobile Safari/537.36 (compatible; GoogleOther)"
74.7.241.6 - - [04/Mar/2026:13:37:24 +0000] "GET /buy.php?detail/15801793297289 HTTP/1.1" 200 160147 "https://inception-blue.com/buy.php?jp/158013090.html" "Mozilla/5.0 AppleWebKit/537.36 (KHTML, like Gecko; compatible; GPTBot/1.3; +https://openai.com/gptbot)"
66.249.77.7 - - [04/Mar/2026:13:37:31 +0000] "GET /?detail/25103814934376 HTTP/1.1" 200 300057 "-" "Mozilla/5.0 (Linux; Android 6.0.1; Nexus 5X Build/MMB29P) AppleWebKit/537.36 (KHTML, like Gecko) Chrome/144.0.7559.132 Mobile Safari/537.36 (compatible; GoogleOther)"
74.7.241.6 - - [04/Mar/2026:13:37:29 +0000] "GET /buy.php?detail/22701609629455 HTTP/1.1" 200 155271 "https://inception-blue.com/buy.php?detail/14600636899005" "Mozilla/5.0 AppleWebKit/537.36 (KHTML, like Gecko; compatible; GPTBot/1.3; +https://openai.com/gptbot)"
66.249.77.7 - - [04/Mar/2026:13:37:35 +0000] "GET /?r=nbeho119sqb30053awmukkpiyw HTTP/1.1" 200 305295 "-" "Mozilla/5.0 (Linux; Android 6.0.1; Nexus 5X Build/MMB29P) AppleWebKit/537.36 (KHTML, like Gecko) Chrome/144.0.7559.132 Mobile Safari/537.36 (compatible; GoogleOther)"
74.7.241.6 - - [04/Mar/2026:13:37:33 +0000] "GET /buy.php?detail/03400864580095 HTTP/1.1" 200 161422 "https://inception-blue.com/buy.php?detail/03402039675924" "Mozilla/5.0 AppleWebKit/537.36 (KHTML, like Gecko; compatible; GPTBot/1.3; +https://openai.com/gptbot)"
66.249.77.7 - - [04/Mar/2026:13:37:39 +0000] "GET /?y=skyga77hqgo13763suksjkqlxk HTTP/1.1" 200 304559 "-" "Mozilla/5.0 (Linux; Android 6.0.1; Nexus 5X Build/MMB29P) AppleWebKit/537.36 (KHTML, like Gecko) Chrome/144.0.7559.132 Mobile Safari/537.36 (compatible; GoogleOther)"
74.7.241.6 - - [04/Mar/2026:13:37:38 +0000] "GET /buy.php?detail/14600164783963 HTTP/1.1" 200 154398 "https://inception-blue.com/buy.php?detail/14604622565437" "Mozilla/5.0 AppleWebKit/537.36 (KHTML, like Gecko; compatible; GPTBot/1.3; +https://openai.com/gptbot)"
66.249.77.8 - - [04/Mar/2026:13:37:42 +0000] "GET /?i=qwt124dr15558hpoovvq HTTP/1.1" 200 304125 "-" "Mozilla/5.0 (Linux; Android 6.0.1; Nexus 5X Build/MMB29P) AppleWebKit/537.36 (KHTML, like Gecko) Chrome/144.0.7559.132 Mobile Safari/537.36 (compatible; Googlebot/2.1; +http://www.google.com/bot.html)"
66.249.77.8 - - [04/Mar/2026:13:37:43 +0000] "GET /?a=knza176wrc17962mpkxafkyv HTTP/1.1" 200 303609 "-" "Mozilla/5.0 (Linux; Android 6.0.1; Nexus 5X Build/MMB29P) AppleWebKit/537.36 (KHTML, like Gecko) Chrome/144.0.7559.132 Mobile Safari/537.36 (compatible; GoogleOther)"
74.7.241.6 - - [04/Mar/2026:13:37:41 +0000] "GET /buy.php?detail/13003165406061 HTTP/1.1" 200 152532 "https://inception-blue.com/buy.php?detail/13001154060406" "Mozilla/5.0 AppleWebKit/537.36 (KHTML, like Gecko; compatible; GPTBot/1.3; +https://openai.com/gptbot)"
74.7.241.6 - - [04/Mar/2026:13:37:44 +0000] "GET /buy.php?detail/10501360039190 HTTP/1.1" 200 155397 "https://inception-blue.com/buy.php?detail/1050171280154" "Mozilla/5.0 AppleWebKit/537.36 (KHTML, like Gecko; compatible; GPTBot/1.3; +https://openai.com/gptbot)"
74.7.241.6 - - [04/Mar/2026:13:37:47 +0000] "GET /buy.php?jp/004040814.html HTTP/1.1" 200 143247 "https://inception-blue.com/buy.php?detail/09901803833589" "Mozilla/5.0 AppleWebKit/537.36 (KHTML, like Gecko; compatible; GPTBot/1.3; +https://openai.com/gptbot)"
66.249.77.7 - - [04/Mar/2026:13:37:50 +0000] "GET /?x=jmq127w1271ladywova HTTP/1.1" 200 302279 "-" "Mozilla/5.0 (Linux; Android 6.0.1; Nexus 5X Build/MMB29P) AppleWebKit/537.36 (KHTML, like Gecko) Chrome/144.0.7559.132 Mobile Safari/537.36 (compatible; GoogleOther)"
74.7.241.6 - - [04/Mar/2026:13:37:49 +0000] "GET /buy.php?detail/11800124908944 HTTP/1.1" 200 150223 "https://inception-blue.com/buy.php?detail/11801586971011" "Mozilla/5.0 AppleWebKit/537.36 (KHTML, like Gecko; compatible; GPTBot/1.3; +https://openai.com/gptbot)"
74.7.241.6 - - [04/Mar/2026:13:37:54 +0000] "GET /buy.php?detail/24503588465336 HTTP/1.1" 200 154786 "https://inception-blue.com/buy.php?detail/29804300363496" "Mozilla/5.0 AppleWebKit/537.36 (KHTML, like Gecko; compatible; GPTBot/1.3; +https://openai.com/gptbot)"
74.7.241.6 - - [04/Mar/2026:13:37:59 +0000] "GET /buy.php?detail/21700833706637 HTTP/1.1" 200 156297 "https://inception-blue.com/buy.php?detail/21704792748200" "Mozilla/5.0 AppleWebKit/537.36 (KHTML, like Gecko; compatible; GPTBot/1.3; +https://openai.com/gptbot)"
66.249.77.8 - - [04/Mar/2026:13:38:03 +0000] "GET /?e=qmx148lsq20056rmhxyvaukt HTTP/1.1" 200 319656 "-" "Mozilla/5.0 (Linux; Android 6.0.1; Nexus 5X Build/MMB29P) AppleWebKit/537.36 (KHTML, like Gecko) Chrome/144.0.7559.132 Mobile Safari/537.36 (compatible; GoogleOther)"
74.7.241.6 - - [04/Mar/2026:13:38:01 +0000] "GET /buy.php?detail/22502498462665 HTTP/1.1" 200 159379 "https://inception-blue.com/buy.php?detail/11002052151815" "Mozilla/5.0 AppleWebKit/537.36 (KHTML, like Gecko; compatible; GPTBot/1.3; +https://openai.com/gptbot)"
74.7.241.6 - - [04/Mar/2026:13:38:06 +0000] "GET /buy.php?detail/05600228082576 HTTP/1.1" 200 155490 "https://inception-blue.com/buy.php?detail/05600107848795" "Mozilla/5.0 AppleWebKit/537.36 (KHTML, like Gecko; compatible; GPTBot/1.3; +https://openai.com/gptbot)"
74.7.241.6 - - [04/Mar/2026:13:38:09 +0000] "GET /buy.php?detail/22700002950132 HTTP/1.1" 200 159847 "https://inception-blue.com/buy.php?detail/22701609629455" "Mozilla/5.0 AppleWebKit/537.36 (KHTML, like Gecko; compatible; GPTBot/1.3; +https://openai.com/gptbot)"
66.249.77.4 - - [04/Mar/2026:13:38:13 +0000] "GET /?goods/133040632 HTTP/1.1" 200 301631 "-" "Mozilla/5.0 (Linux; Android 6.0.1; Nexus 5X Build/MMB29P) AppleWebKit/537.36 (KHTML, like Gecko) Chrome/144.0.7559.132 Mobile Safari/537.36 (compatible; GoogleOther)"
66.249.77.4 - - [04/Mar/2026:13:38:13 +0000] "GET /?m=mfw261t9851hvlgjhcgp HTTP/1.1" 200 308209 "-" "Mozilla/5.0 (Linux; Android 6.0.1; Nexus 5X Build/MMB29P) AppleWebKit/537.36 (KHTML, like Gecko) Chrome/144.0.7559.132 Mobile Safari/537.36 (compatible; Googlebot/2.1; +http://www.google.com/bot.html)"
74.7.241.6 - - [04/Mar/2026:13:38:12 +0000] "GET /buy.php?detail/08102741937827 HTTP/1.1" 200 150554 "https://inception-blue.com/buy.php?detail/22701609629455" "Mozilla/5.0 AppleWebKit/537.36 (KHTML, like Gecko; compatible; GPTBot/1.3; +https://openai.com/gptbot)"
66.249.77.3 - - [04/Mar/2026:13:38:17 +0000] "GET /?o=tdv125resk45909gndcofqfch HTTP/1.1" 200 329637 "-" "Mozilla/5.0 (Linux; Android 6.0.1; Nexus 5X Build/MMB29P) AppleWebKit/537.36 (KHTML, like Gecko) Chrome/144.0.7559.132 Mobile Safari/537.36 (compatible; GoogleOther)"
74.7.241.6 - - [04/Mar/2026:13:38:16 +0000] "GET /buy.php?detail/09300382990778 HTTP/1.1" 200 156052 "https://inception-blue.com/buy.php?detail/19804165328588" "Mozilla/5.0 AppleWebKit/537.36 (KHTML, like Gecko; compatible; GPTBot/1.3; +https://openai.com/gptbot)"
74.7.241.6 - - [04/Mar/2026:13:38:19 +0000] "GET /buy.php?detail/14004505967046 HTTP/1.1" 200 163675 "https://inception-blue.com/buy.php?detail/13003165406061" "Mozilla/5.0 AppleWebKit/537.36 (KHTML, like Gecko; compatible; GPTBot/1.3; +https://openai.com/gptbot)"
74.7.241.6 - - [04/Mar/2026:13:38:21 +0000] "GET /buy.php?detail/10501815781356 HTTP/1.1" 200 158174 "https://inception-blue.com/buy.php?detail/10501360039190" "Mozilla/5.0 AppleWebKit/537.36 (KHTML, like Gecko; compatible; GPTBot/1.3; +https://openai.com/gptbot)"
66.249.77.3 - - [04/Mar/2026:13:38:26 +0000] "GET /?z=pov272mq32094voekmjjqv HTTP/1.1" 200 314601 "-" "Mozilla/5.0 (Linux; Android 6.0.1; Nexus 5X Build/MMB29P) AppleWebKit/537.36 (KHTML, like Gecko) Chrome/144.0.7559.132 Mobile Safari/537.36 (compatible; GoogleOther)"
74.7.241.6 - - [04/Mar/2026:13:38:26 +0000] "GET /buy.php?detail/00404081407058 HTTP/1.1" 200 143234 "https://inception-blue.com/buy.php?jp/004040814.html" "Mozilla/5.0 AppleWebKit/537.36 (KHTML, like Gecko; compatible; GPTBot/1.3; +https://openai.com/gptbot)"
66.249.77.3 - - [04/Mar/2026:13:38:30 +0000] "GET /?v=hxuj172tpn41032svfzod HTTP/1.1" 200 298890 "-" "Mozilla/5.0 (Linux; Android 6.0.1; Nexus 5X Build/MMB29P) AppleWebKit/537.36 (KHTML, like Gecko) Chrome/144.0.7559.132 Mobile Safari/537.36 (compatible; GoogleOther)"
74.7.241.6 - - [04/Mar/2026:13:38:29 +0000] "GET /buy.php?detail/20002208561770 HTTP/1.1" 200 145007 "https://inception-blue.com/buy.php?detail/11800124908944" "Mozilla/5.0 AppleWebKit/537.36 (KHTML, like Gecko; compatible; GPTBot/1.3; +https://openai.com/gptbot)"
66.249.77.3 - - [04/Mar/2026:13:38:35 +0000] "GET /?o=hnz177rvv4923llmkpzi HTTP/1.1" 200 300698 "-" "Mozilla/5.0 (Linux; Android 6.0.1; Nexus 5X Build/MMB29P) AppleWebKit/537.36 (KHTML, like Gecko) Chrome/144.0.7559.132 Mobile Safari/537.36 (compatible; GoogleOther)"
74.7.241.6 - - [04/Mar/2026:13:38:32 +0000] "GET /buy.php?detail/15501775853104 HTTP/1.1" 200 160584 "https://inception-blue.com/buy.php?detail/11800124908944" "Mozilla/5.0 AppleWebKit/537.36 (KHTML, like Gecko; compatible; GPTBot/1.3; +https://openai.com/gptbot)"
74.7.241.6 - - [04/Mar/2026:13:38:35 +0000] "GET /buy.php?detail/10501808437131 HTTP/1.1" 200 158722 "https://inception-blue.com/buy.php?detail/10501360039190" "Mozilla/5.0 AppleWebKit/537.36 (KHTML, like Gecko; compatible; GPTBot/1.3; +https://openai.com/gptbot)"
66.249.77.3 - - [04/Mar/2026:13:38:39 +0000] "GET /?v=sac95w24495etgpzln HTTP/1.1" 200 302783 "-" "Mozilla/5.0 (Linux; Android 6.0.1; Nexus 5X Build/MMB29P) AppleWebKit/537.36 (KHTML, like Gecko) Chrome/144.0.7559.132 Mobile Safari/537.36 (compatible; GoogleOther)"
74.7.241.6 - - [04/Mar/2026:13:38:39 +0000] "GET /buy.php?detail/22502096492650 HTTP/1.1" 200 170884 "https://inception-blue.com/buy.php?detail/22502498462665" "Mozilla/5.0 AppleWebKit/537.36 (KHTML, like Gecko; compatible; GPTBot/1.3; +https://openai.com/gptbot)"
66.249.77.4 - - [04/Mar/2026:13:38:44 +0000] "GET /?jp/151048148.html HTTP/1.1" 200 304807 "-" "Mozilla/5.0 (Linux; Android 6.0.1; Nexus 5X Build/MMB29P) AppleWebKit/537.36 (KHTML, like Gecko) Chrome/144.0.7559.132 Mobile Safari/537.36 (compatible; GoogleOther)"
74.7.241.6 - - [04/Mar/2026:13:38:43 +0000] "GET /buy.php?detail/22501279775775 HTTP/1.1" 200 168352 "https://inception-blue.com/buy.php?detail/22502498462665" "Mozilla/5.0 AppleWebKit/537.36 (KHTML, like Gecko; compatible; GPTBot/1.3; +https://openai.com/gptbot)"
66.249.77.3 - - [04/Mar/2026:13:38:49 +0000] "GET /?detail/15901477856491 HTTP/1.1" 200 304437 "-" "Mozilla/5.0 (Linux; Android 6.0.1; Nexus 5X Build/MMB29P) AppleWebKit/537.36 (KHTML, like Gecko) Chrome/144.0.7559.132 Mobile Safari/537.36 (compatible; GoogleOther)"
74.7.241.6 - - [04/Mar/2026:13:38:46 +0000] "GET /buy.php?detail/15901293792899 HTTP/1.1" 200 157254 "https://inception-blue.com/buy.php?detail/22502498462665" "Mozilla/5.0 AppleWebKit/537.36 (KHTML, like Gecko; compatible; GPTBot/1.3; +https://openai.com/gptbot)"
66.249.77.3 - - [04/Mar/2026:13:38:53 +0000] "GET /?i=ekk42vvs22414ablmafgi HTTP/1.1" 200 302311 "-" "Mozilla/5.0 (Linux; Android 6.0.1; Nexus 5X Build/MMB29P) AppleWebKit/537.36 (KHTML, like Gecko) Chrome/144.0.7559.132 Mobile Safari/537.36 (compatible; GoogleOther)"
74.7.241.6 - - [04/Mar/2026:13:38:51 +0000] "GET /buy.php?detail/28702131418071 HTTP/1.1" 200 157215 "https://inception-blue.com/buy.php?detail/24503588465336" "Mozilla/5.0 AppleWebKit/537.36 (KHTML, like Gecko; compatible; GPTBot/1.3; +https://openai.com/gptbot)"
66.249.77.3 - - [04/Mar/2026:13:38:57 +0000] "GET /?detail/15901477856491 HTTP/1.1" 200 303348 "-" "Mozilla/5.0 (Linux; Android 6.0.1; Nexus 5X Build/MMB29P) AppleWebKit/537.36 (KHTML, like Gecko) Chrome/144.0.7559.132 Mobile Safari/537.36 (compatible; Googlebot/2.1; +http://www.google.com/bot.html)"
66.249.77.3 - - [04/Mar/2026:13:38:57 +0000] "GET /?v=rhrxe48v45116ofehpwxr HTTP/1.1" 200 308097 "-" "Mozilla/5.0 (Linux; Android 6.0.1; Nexus 5X Build/MMB29P) AppleWebKit/537.36 (KHTML, like Gecko) Chrome/144.0.7559.132 Mobile Safari/537.36 (compatible; GoogleOther)"
74.7.241.6 - - [04/Mar/2026:13:38:56 +0000] "GET /buy.php?m65751817849 HTTP/1.1" 200 158863 "https://inception-blue.com/buy.php?detail/09300382990778" "Mozilla/5.0 AppleWebKit/537.36 (KHTML, like Gecko; compatible; GPTBot/1.3; +https://openai.com/gptbot)"
66.249.77.4 - - [04/Mar/2026:13:39:01 +0000] "GET /?l=nyf125afbly32699gkcnabxxbk HTTP/1.1" 200 300183 "-" "Mozilla/5.0 (Linux; Android 6.0.1; Nexus 5X Build/MMB29P) AppleWebKit/537.36 (KHTML, like Gecko) Chrome/144.0.7559.132 Mobile Safari/537.36 (compatible; GoogleOther)"
74.7.241.6 - - [04/Mar/2026:13:39:00 +0000] "GET /buy.php?detail/14000246777118 HTTP/1.1" 200 157768 "https://inception-blue.com/buy.php?detail/14004505967046" "Mozilla/5.0 AppleWebKit/537.36 (KHTML, like Gecko; compatible; GPTBot/1.3; +https://openai.com/gptbot)"
66.249.77.3 - - [04/Mar/2026:13:39:05 +0000] "GET /?v=tinh189pt45379ytmjbkfw HTTP/1.1" 200 311190 "-" "Mozilla/5.0 (Linux; Android 6.0.1; Nexus 5X Build/MMB29P) AppleWebKit/537.36 (KHTML, like Gecko) Chrome/144.0.7559.132 Mobile Safari/537.36 (compatible; GoogleOther)"
74.7.241.6 - - [04/Mar/2026:13:39:05 +0000] "GET /buy.php?detail/14000242023817 HTTP/1.1" 200 152651 "https://inception-blue.com/buy.php?detail/14004505967046" "Mozilla/5.0 AppleWebKit/537.36 (KHTML, like Gecko; compatible; GPTBot/1.3; +https://openai.com/gptbot)"
66.249.77.3 - - [04/Mar/2026:13:39:09 +0000] "GET /?jp/011043686.html HTTP/1.1" 200 304151 "-" "Mozilla/5.0 (Linux; Android 6.0.1; Nexus 5X Build/MMB29P) AppleWebKit/537.36 (KHTML, like Gecko) Chrome/144.0.7559.132 Mobile Safari/537.36 (compatible; GoogleOther)"
74.7.241.6 - - [04/Mar/2026:13:39:08 +0000] "GET /buy.php?detail/17703269103123 HTTP/1.1" 200 151590 "https://inception-blue.com/buy.php?detail/10501815781356" "Mozilla/5.0 AppleWebKit/537.36 (KHTML, like Gecko; compatible; GPTBot/1.3; +https://openai.com/gptbot)"
66.249.77.3 - - [04/Mar/2026:13:39:14 +0000] "GET /?y=vnz38fnxi412paddwm HTTP/1.1" 200 308976 "-" "Mozilla/5.0 (Linux; Android 6.0.1; Nexus 5X Build/MMB29P) AppleWebKit/537.36 (KHTML, like Gecko) Chrome/144.0.7559.132 Mobile Safari/537.36 (compatible; GoogleOther)"
74.7.241.6 - - [04/Mar/2026:13:39:12 +0000] "GET /buy.php?detail/02402765717256 HTTP/1.1" 200 142599 "https://inception-blue.com/buy.php?detail/20002208561770" "Mozilla/5.0 AppleWebKit/537.36 (KHTML, like Gecko; compatible; GPTBot/1.3; +https://openai.com/gptbot)"
66.249.77.3 - - [04/Mar/2026:13:39:19 +0000] "GET /?m=gxppg44g18148bbjkxlfonr HTTP/1.1" 200 310607 "-" "Mozilla/5.0 (Linux; Android 6.0.1; Nexus 5X Build/MMB29P) AppleWebKit/537.36 (KHTML, like Gecko) Chrome/144.0.7559.132 Mobile Safari/537.36 (compatible; GoogleOther)"
74.7.241.6 - - [04/Mar/2026:13:39:16 +0000] "GET /buy.php?detail/17803459714745 HTTP/1.1" 200 153380 "https://inception-blue.com/buy.php?detail/20002208561770" "Mozilla/5.0 AppleWebKit/537.36 (KHTML, like Gecko; compatible; GPTBot/1.3; +https://openai.com/gptbot)"
74.7.241.6 - - [04/Mar/2026:13:39:19 +0000] "GET /buy.php?detail/15500999732642 HTTP/1.1" 200 158297 "https://inception-blue.com/buy.php?detail/15501775853104" "Mozilla/5.0 AppleWebKit/537.36 (KHTML, like Gecko; compatible; GPTBot/1.3; +https://openai.com/gptbot)"
66.249.77.3 - - [04/Mar/2026:13:39:22 +0000] "GET /?a=ktgi278y23980iqpehbvje HTTP/1.1" 200 341894 "-" "Mozilla/5.0 (Linux; Android 6.0.1; Nexus 5X Build/MMB29P) AppleWebKit/537.36 (KHTML, like Gecko) Chrome/144.0.7559.132 Mobile Safari/537.36 (compatible; Googlebot/2.1; +http://www.google.com/bot.html)"
66.249.77.3 - - [04/Mar/2026:13:39:23 +0000] "GET /product/202007239 HTTP/1.1" 200 301051 "-" "Mozilla/5.0 (Linux; Android 6.0.1; Nexus 5X Build/MMB29P) AppleWebKit/537.36 (KHTML, like Gecko) Chrome/144.0.7559.132 Mobile Safari/537.36 (compatible; GoogleOther)"
74.7.241.6 - - [04/Mar/2026:13:39:22 +0000] "GET /buy.php?detail/15500998031332 HTTP/1.1" 200 158608 "https://inception-blue.com/buy.php?detail/15501775853104" "Mozilla/5.0 AppleWebKit/537.36 (KHTML, like Gecko; compatible; GPTBot/1.3; +https://openai.com/gptbot)"
66.249.77.3 - - [04/Mar/2026:13:39:27 +0000] "GET /?r=eoj3zee13611ddndpay HTTP/1.1" 200 313032 "-" "Mozilla/5.0 (Linux; Android 6.0.1; Nexus 5X Build/MMB29P) AppleWebKit/537.36 (KHTML, like Gecko) Chrome/144.0.7559.132 Mobile Safari/537.36 (compatible; GoogleOther)"
74.7.241.6 - - [04/Mar/2026:13:39:26 +0000] "GET /buy.php?detail/18104627834312 HTTP/1.1" 200 156411 "https://inception-blue.com/buy.php?detail/09300382990778" "Mozilla/5.0 AppleWebKit/537.36 (KHTML, like Gecko; compatible; GPTBot/1.3; +https://openai.com/gptbot)"
66.249.77.4 - - [04/Mar/2026:13:39:31 +0000] "GET /?m=gmoxp35m9111wlmfei HTTP/1.1" 200 321842 "-" "Mozilla/5.0 (Linux; Android 6.0.1; Nexus 5X Build/MMB29P) AppleWebKit/537.36 (KHTML, like Gecko) Chrome/144.0.7559.132 Mobile Safari/537.36 (compatible; GoogleOther)"
74.7.241.6 - - [04/Mar/2026:13:39:29 +0000] "GET /buy.php?detail/15900475965113 HTTP/1.1" 200 157175 "https://inception-blue.com/buy.php?detail/15901293792899" "Mozilla/5.0 AppleWebKit/537.36 (KHTML, like Gecko; compatible; GPTBot/1.3; +https://openai.com/gptbot)"
66.249.77.3 - - [04/Mar/2026:13:39:34 +0000] "GET /?v=jgpnd197rgk7757sfmvunzchp HTTP/1.1" 200 313085 "-" "Mozilla/5.0 (Linux; Android 6.0.1; Nexus 5X Build/MMB29P) AppleWebKit/537.36 (KHTML, like Gecko) Chrome/144.0.7559.132 Mobile Safari/537.36 (compatible; Googlebot/2.1; +http://www.google.com/bot.html)"
66.249.77.4 - - [04/Mar/2026:13:39:34 +0000] "GET /?c=bvm70xpe6732fmdlaoktl HTTP/1.1" 200 319514 "-" "Mozilla/5.0 (Linux; Android 6.0.1; Nexus 5X Build/MMB29P) AppleWebKit/537.36 (KHTML, like Gecko) Chrome/144.0.7559.132 Mobile Safari/537.36 (compatible; Googlebot/2.1; +http://www.google.com/bot.html)"
66.249.77.3 - - [04/Mar/2026:13:39:35 +0000] "GET /product/067031696 HTTP/1.1" 200 335561 "-" "Mozilla/5.0 (Linux; Android 6.0.1; Nexus 5X Build/MMB29P) AppleWebKit/537.36 (KHTML, like Gecko) Chrome/144.0.7559.132 Mobile Safari/537.36 (compatible; GoogleOther)"
74.7.241.6 - - [04/Mar/2026:13:39:32 +0000] "GET /buy.php?detail/10503302881597 HTTP/1.1" 200 155854 "https://inception-blue.com/buy.php?detail/10501808437131" "Mozilla/5.0 AppleWebKit/537.36 (KHTML, like Gecko; compatible; GPTBot/1.3; +https://openai.com/gptbot)"
66.249.77.3 - - [04/Mar/2026:13:39:39 +0000] "GET /?f=cnd273zhxx10887ueeqryi HTTP/1.1" 200 319320 "-" "Mozilla/5.0 (Linux; Android 6.0.1; Nexus 5X Build/MMB29P) AppleWebKit/537.36 (KHTML, like Gecko) Chrome/144.0.7559.132 Mobile Safari/537.36 (compatible; GoogleOther)"
74.7.241.6 - - [04/Mar/2026:13:39:37 +0000] "GET /buy.php?detail/07000073307636 HTTP/1.1" 200 148480 "https://inception-blue.com/buy.php?m65751817849" "Mozilla/5.0 AppleWebKit/537.36 (KHTML, like Gecko; compatible; GPTBot/1.3; +https://openai.com/gptbot)"
66.249.77.4 - - [04/Mar/2026:13:39:40 +0000] "GET /product/209033310 HTTP/1.1" 200 302122 "-" "Mozilla/5.0 (Linux; Android 6.0.1; Nexus 5X Build/MMB29P) AppleWebKit/537.36 (KHTML, like Gecko) Chrome/144.0.7559.132 Mobile Safari/537.36 (compatible; Googlebot/2.1; +http://www.google.com/bot.html)"
66.249.77.3 - - [04/Mar/2026:13:39:44 +0000] "GET /?r=wzzs21ooc28993vmopteqf HTTP/1.1" 200 304917 "-" "Mozilla/5.0 (Linux; Android 6.0.1; Nexus 5X Build/MMB29P) AppleWebKit/537.36 (KHTML, like Gecko) Chrome/144.0.7559.132 Mobile Safari/537.36 (compatible; GoogleOther)"
74.7.241.6 - - [04/Mar/2026:13:39:41 +0000] "GET /buy.php?detail/23403454748282 HTTP/1.1" 200 155636 "https://inception-blue.com/buy.php?detail/14000246777118" "Mozilla/5.0 AppleWebKit/537.36 (KHTML, like Gecko; compatible; GPTBot/1.3; +https://openai.com/gptbot)"
74.7.241.6 - - [04/Mar/2026:13:39:46 +0000] "GET /buy.php?detail/14000144749365 HTTP/1.1" 200 158819 "https://inception-blue.com/buy.php?detail/14000242023817" "Mozilla/5.0 AppleWebKit/537.36 (KHTML, like Gecko; compatible; GPTBot/1.3; +https://openai.com/gptbot)"
66.249.77.5 - - [04/Mar/2026:13:39:52 +0000] "GET /?n=rrb256owu21222fbknzsn HTTP/1.1" 200 312525 "-" "Mozilla/5.0 (Linux; Android 6.0.1; Nexus 5X Build/MMB29P) AppleWebKit/537.36 (KHTML, like Gecko) Chrome/144.0.7559.132 Mobile Safari/537.36 (compatible; GoogleOther)"
74.7.241.6 - - [04/Mar/2026:13:39:49 +0000] "GET /buy.php?detail/17700312200587 HTTP/1.1" 200 153134 "https://inception-blue.com/buy.php?detail/17703269103123" "Mozilla/5.0 AppleWebKit/537.36 (KHTML, like Gecko; compatible; GPTBot/1.3; +https://openai.com/gptbot)"
74.7.241.6 - - [04/Mar/2026:13:39:54 +0000] "GET /buy.php?detail/10600065287997 HTTP/1.1" 200 157231 "https://inception-blue.com/buy.php?detail/02402765717256" "Mozilla/5.0 AppleWebKit/537.36 (KHTML, like Gecko; compatible; GPTBot/1.3; +https://openai.com/gptbot)"
66.249.77.4 - - [04/Mar/2026:13:39:56 +0000] "GET /?r=bhe59iduvu1381cevecqdj HTTP/1.1" 200 323005 "-" "Mozilla/5.0 (Linux; Android 6.0.1; Nexus 5X Build/MMB29P) AppleWebKit/537.36 (KHTML, like Gecko) Chrome/144.0.7559.132 Mobile Safari/537.36 (compatible; GoogleOther)"
74.7.241.6 - - [04/Mar/2026:13:39:57 +0000] "GET /buy.php?detail/17800023795827 HTTP/1.1" 200 153329 "https://inception-blue.com/buy.php?detail/17803459714745" "Mozilla/5.0 AppleWebKit/537.36 (KHTML, like Gecko; compatible; GPTBot/1.3; +https://openai.com/gptbot)"
74.7.241.6 - - [04/Mar/2026:13:40:00 +0000] "GET /buy.php?detail/29201429352321 HTTP/1.1" 200 154584 "https://inception-blue.com/buy.php?detail/17803459714745" "Mozilla/5.0 AppleWebKit/537.36 (KHTML, like Gecko; compatible; GPTBot/1.3; +https://openai.com/gptbot)"
66.249.77.4 - - [04/Mar/2026:13:40:05 +0000] "GET /?r=hufna277vocyc15579bzqzeyf HTTP/1.1" 200 326214 "-" "Mozilla/5.0 (Linux; Android 6.0.1; Nexus 5X Build/MMB29P) AppleWebKit/537.36 (KHTML, like Gecko) Chrome/144.0.7559.132 Mobile Safari/537.36 (compatible; GoogleOther)"
74.7.241.6 - - [04/Mar/2026:13:40:03 +0000] "GET /buy.php?detail/15500075448397 HTTP/1.1" 200 165396 "https://inception-blue.com/buy.php?detail/15500998031332" "Mozilla/5.0 AppleWebKit/537.36 (KHTML, like Gecko; compatible; GPTBot/1.3; +https://openai.com/gptbot)"
74.7.241.6 - - [04/Mar/2026:13:40:06 +0000] "GET /buy.php?detail/15500079063235 HTTP/1.1" 200 158481 "https://inception-blue.com/buy.php?detail/15500998031332" "Mozilla/5.0 AppleWebKit/537.36 (KHTML, like Gecko; compatible; GPTBot/1.3; +https://openai.com/gptbot)"
66.249.77.3 - - [04/Mar/2026:13:40:10 +0000] "GET /?b=dtkn8zf13760quydqlqnqm HTTP/1.1" 200 384960 "-" "Mozilla/5.0 (Linux; Android 6.0.1; Nexus 5X Build/MMB29P) AppleWebKit/537.36 (KHTML, like Gecko) Chrome/144.0.7559.132 Mobile Safari/537.36 (compatible; GoogleOther)"
74.7.241.6 - - [04/Mar/2026:13:40:09 +0000] "GET /buy.php?detail/04803806430401 HTTP/1.1" 200 159575 "https://inception-blue.com/buy.php?detail/15900475965113" "Mozilla/5.0 AppleWebKit/537.36 (KHTML, like Gecko; compatible; GPTBot/1.3; +https://openai.com/gptbot)"
66.249.77.3 - - [04/Mar/2026:13:40:14 +0000] "GET /1171539938 HTTP/1.1" 200 308570 "-" "Mozilla/5.0 (Linux; Android 6.0.1; Nexus 5X Build/MMB29P) AppleWebKit/537.36 (KHTML, like Gecko) Chrome/144.0.7559.132 Mobile Safari/537.36 (compatible; GoogleOther)"
74.7.241.6 - - [04/Mar/2026:13:40:14 +0000] "GET /buy.php?detail/10503287381005 HTTP/1.1" 200 159986 "https://inception-blue.com/buy.php?detail/10503302881597" "Mozilla/5.0 AppleWebKit/537.36 (KHTML, like Gecko; compatible; GPTBot/1.3; +https://openai.com/gptbot)"
74.7.241.6 - - [04/Mar/2026:13:40:16 +0000] "GET /buy.php?detail/17800001723610 HTTP/1.1" 200 153438 "https://inception-blue.com/buy.php?detail/17803459714745" "Mozilla/5.0 AppleWebKit/537.36 (KHTML, like Gecko; compatible; GPTBot/1.3; +https://openai.com/gptbot)"
66.249.77.3 - - [04/Mar/2026:13:40:19 +0000] "GET /?o=owgrw235bsrb8073qlkvczx HTTP/1.1" 200 310498 "-" "Mozilla/5.0 (Linux; Android 6.0.1; Nexus 5X Build/MMB29P) AppleWebKit/537.36 (KHTML, like Gecko) Chrome/144.0.7559.132 Mobile Safari/537.36 (compatible; GoogleOther)"
74.7.241.6 - - [04/Mar/2026:13:40:19 +0000] "GET /buy.php?detail/15501971165507 HTTP/1.1" 200 163276 "https://inception-blue.com/buy.php?detail/15500999732642" "Mozilla/5.0 AppleWebKit/537.36 (KHTML, like Gecko; compatible; GPTBot/1.3; +https://openai.com/gptbot)"
74.7.241.6 - - [04/Mar/2026:13:40:22 +0000] "GET /buy.php?detail/10503300836812 HTTP/1.1" 200 155588 "https://inception-blue.com/buy.php?detail/10503302881597" "Mozilla/5.0 AppleWebKit/537.36 (KHTML, like Gecko; compatible; GPTBot/1.3; +https://openai.com/gptbot)"
66.249.77.3 - - [04/Mar/2026:13:40:29 +0000] "GET /?z=fibj89qb33577gqfpeev HTTP/1.1" 200 307019 "-" "Mozilla/5.0 (Linux; Android 6.0.1; Nexus 5X Build/MMB29P) AppleWebKit/537.36 (KHTML, like Gecko) Chrome/144.0.7559.132 Mobile Safari/537.36 (compatible; GoogleOther)"
74.7.241.6 - - [04/Mar/2026:13:40:27 +0000] "GET /buy.php?detail/13003818224686 HTTP/1.1" 200 158679 "https://inception-blue.com/buy.php?detail/04001016879327" "Mozilla/5.0 AppleWebKit/537.36 (KHTML, like Gecko; compatible; GPTBot/1.3; +https://openai.com/gptbot)"
66.249.77.3 - - [04/Mar/2026:13:40:32 +0000] "GET /?r=qvwdm161bpfz32193ihfeuw HTTP/1.1" 200 308544 "-" "Mozilla/5.0 (Linux; Android 6.0.1; Nexus 5X Build/MMB29P) AppleWebKit/537.36 (KHTML, like Gecko) Chrome/144.0.7559.132 Mobile Safari/537.36 (compatible; GoogleOther)"
74.7.241.6 - - [04/Mar/2026:13:40:30 +0000] "GET /buy.php?detail/14500590472458 HTTP/1.1" 200 143050 "https://inception-blue.com/buy.php?detail/10600065287997" "Mozilla/5.0 AppleWebKit/537.36 (KHTML, like Gecko; compatible; GPTBot/1.3; +https://openai.com/gptbot)"
74.7.241.6 - - [04/Mar/2026:13:40:33 +0000] "GET /buy.php?m84294885024 HTTP/1.1" 200 155076 "https://inception-blue.com/buy.php?detail/17800023795827" "Mozilla/5.0 AppleWebKit/537.36 (KHTML, like Gecko; compatible; GPTBot/1.3; +https://openai.com/gptbot)"
74.7.241.6 - - [04/Mar/2026:13:40:37 +0000] "GET /buy.php?detail/13001433985584 HTTP/1.1" 200 153268 "https://inception-blue.com/buy.php?detail/13003165406061" "Mozilla/5.0 AppleWebKit/537.36 (KHTML, like Gecko; compatible; GPTBot/1.3; +https://openai.com/gptbot)"
66.249.77.4 - - [04/Mar/2026:13:40:42 +0000] "GET /?j=itc160lo14344iploql HTTP/1.1" 200 298930 "-" "Mozilla/5.0 (Linux; Android 6.0.1; Nexus 5X Build/MMB29P) AppleWebKit/537.36 (KHTML, like Gecko) Chrome/144.0.7559.132 Mobile Safari/537.36 (compatible; Googlebot/2.1; +http://www.google.com/bot.html)"
74.7.241.6 - - [04/Mar/2026:13:40:40 +0000] "GET /buy.php?detail/16201802863732 HTTP/1.1" 200 161946 "https://inception-blue.com/buy.php?detail/1050171280154" "Mozilla/5.0 AppleWebKit/537.36 (KHTML, like Gecko; compatible; GPTBot/1.3; +https://openai.com/gptbot)"
66.249.77.4 - - [04/Mar/2026:13:40:43 +0000] "GET /?detail/295009073510 HTTP/1.1" 200 304651 "-" "Mozilla/5.0 (Linux; Android 6.0.1; Nexus 5X Build/MMB29P) AppleWebKit/537.36 (KHTML, like Gecko) Chrome/144.0.7559.132 Mobile Safari/537.36 (compatible; GoogleOther)"
74.7.241.6 - - [04/Mar/2026:13:40:43 +0000] "GET /buy.php?detail/22502780613230 HTTP/1.1" 200 156056 "https://inception-blue.com/buy.php?detail/25700069607799" "Mozilla/5.0 AppleWebKit/537.36 (KHTML, like Gecko; compatible; GPTBot/1.3; +https://openai.com/gptbot)"
66.249.77.4 - - [04/Mar/2026:13:40:47 +0000] "GET /?y=sakp254g26814wleopfzrzx HTTP/1.1" 200 330102 "-" "Mozilla/5.0 (Linux; Android 6.0.1; Nexus 5X Build/MMB29P) AppleWebKit/537.36 (KHTML, like Gecko) Chrome/144.0.7559.132 Mobile Safari/537.36 (compatible; GoogleOther)"
74.7.241.6 - - [04/Mar/2026:13:40:46 +0000] "GET /buy.php?detail/11204561966394 HTTP/1.1" 200 162250 "https://inception-blue.com/buy.php?detail/03803875179768" "Mozilla/5.0 AppleWebKit/537.36 (KHTML, like Gecko; compatible; GPTBot/1.3; +https://openai.com/gptbot)"
66.249.77.3 - - [04/Mar/2026:13:40:52 +0000] "GET /auc-michio-305fcp212ac HTTP/1.1" 200 326864 "-" "Mozilla/5.0 (Linux; Android 6.0.1; Nexus 5X Build/MMB29P) AppleWebKit/537.36 (KHTML, like Gecko) Chrome/144.0.7559.132 Mobile Safari/537.36 (compatible; GoogleOther)"
74.7.241.6 - - [04/Mar/2026:13:40:51 +0000] "GET /buy.php?detail/00604333883234 HTTP/1.1" 200 144695 "https://inception-blue.com/buy.php?detail/10503287381005" "Mozilla/5.0 AppleWebKit/537.36 (KHTML, like Gecko; compatible; GPTBot/1.3; +https://openai.com/gptbot)"
66.249.77.3 - - [04/Mar/2026:13:40:55 +0000] "GET /?goods/286024670 HTTP/1.1" 200 311504 "-" "Mozilla/5.0 (Linux; Android 6.0.1; Nexus 5X Build/MMB29P) AppleWebKit/537.36 (KHTML, like Gecko) Chrome/144.0.7559.132 Mobile Safari/537.36 (compatible; GoogleOther)"
74.7.241.6 - - [04/Mar/2026:13:40:54 +0000] "GET /buy.php?detail/03402282142631 HTTP/1.1" 200 155787 "https://inception-blue.com/buy.php?detail/17800001723610" "Mozilla/5.0 AppleWebKit/537.36 (KHTML, like Gecko; compatible; GPTBot/1.3; +https://openai.com/gptbot)"
74.7.241.6 - - [04/Mar/2026:13:40:57 +0000] "GET /buy.php?detail/15504541284956 HTTP/1.1" 200 161763 "https://inception-blue.com/buy.php?detail/15501971165507" "Mozilla/5.0 AppleWebKit/537.36 (KHTML, like Gecko; compatible; GPTBot/1.3; +https://openai.com/gptbot)"
66.249.77.3 - - [04/Mar/2026:13:40:59 +0000] "GET /?g=nckzl194a44150shoegk HTTP/1.1" 200 304842 "-" "Mozilla/5.0 (Linux; Android 6.0.1; Nexus 5X Build/MMB29P) AppleWebKit/537.36 (KHTML, like Gecko) Chrome/144.0.7559.132 Mobile Safari/537.36 (compatible; GoogleOther)"
74.7.241.6 - - [04/Mar/2026:13:40:59 +0000] "GET /buy.php?detail/10504222798161 HTTP/1.1" 200 169629 "https://inception-blue.com/buy.php?detail/10503300836812" "Mozilla/5.0 AppleWebKit/537.36 (KHTML, like Gecko; compatible; GPTBot/1.3; +https://openai.com/gptbot)"
66.249.77.3 - - [04/Mar/2026:13:41:03 +0000] "GET /1169949710 HTTP/1.1" 200 304993 "-" "Mozilla/5.0 (Linux; Android 6.0.1; Nexus 5X Build/MMB29P) AppleWebKit/537.36 (KHTML, like Gecko) Chrome/144.0.7559.132 Mobile Safari/537.36 (compatible; GoogleOther)"
66.249.77.3 - - [04/Mar/2026:13:41:06 +0000] "GET /?r=hilh78q32030uzvcda HTTP/1.1" 200 311650 "-" "Mozilla/5.0 (Linux; Android 6.0.1; Nexus 5X Build/MMB29P) AppleWebKit/537.36 (KHTML, like Gecko) Chrome/144.0.7559.132 Mobile Safari/537.36 (compatible; GoogleOther)"
74.7.241.6 - - [04/Mar/2026:13:41:03 +0000] "GET /buy.php?detail/01100113925307 HTTP/1.1" 200 159949 "https://inception-blue.com/buy.php?detail/10503300836812" "Mozilla/5.0 AppleWebKit/537.36 (KHTML, like Gecko; compatible; GPTBot/1.3; +https://openai.com/gptbot)"
74.7.241.6 - - [04/Mar/2026:13:41:07 +0000] "GET /buy.php?detail/13201166752542 HTTP/1.1" 200 141923 "https://inception-blue.com/buy.php?detail/22701609629455" "Mozilla/5.0 AppleWebKit/537.36 (KHTML, like Gecko; compatible; GPTBot/1.3; +https://openai.com/gptbot)"
74.7.241.6 - - [04/Mar/2026:13:41:11 +0000] "GET /buy.php?108014199.htm HTTP/1.1" 200 146791 "https://inception-blue.com/buy.php?m84294885024" "Mozilla/5.0 AppleWebKit/537.36 (KHTML, like Gecko; compatible; GPTBot/1.3; +https://openai.com/gptbot)"
66.249.77.3 - - [04/Mar/2026:13:41:13 +0000] "GET /?x=yinl220wmgk47448gravlw HTTP/1.1" 200 298546 "-" "Mozilla/5.0 (Linux; Android 6.0.1; Nexus 5X Build/MMB29P) AppleWebKit/537.36 (KHTML, like Gecko) Chrome/144.0.7559.132 Mobile Safari/537.36 (compatible; GoogleOther)"
66.249.77.3 - - [04/Mar/2026:13:41:14 +0000] "GET /?g=qdr55uvc1893nvmwsyz HTTP/1.1" 200 341976 "-" "Mozilla/5.0 (Linux; Android 6.0.1; Nexus 5X Build/MMB29P) AppleWebKit/537.36 (KHTML, like Gecko) Chrome/144.0.7559.132 Mobile Safari/537.36 (compatible; Googlebot/2.1; +http://www.google.com/bot.html)"
74.7.241.6 - - [04/Mar/2026:13:41:13 +0000] "GET /buy.php?detail/04600621288372 HTTP/1.1" 200 149181 "https://inception-blue.com/buy.php?detail/15500075448397" "Mozilla/5.0 AppleWebKit/537.36 (KHTML, like Gecko; compatible; GPTBot/1.3; +https://openai.com/gptbot)"
74.7.241.6 - - [04/Mar/2026:13:41:16 +0000] "GET /buy.php?detail/16202095873012 HTTP/1.1" 200 156773 "https://inception-blue.com/buy.php?detail/16201802863732" "Mozilla/5.0 AppleWebKit/537.36 (KHTML, like Gecko; compatible; GPTBot/1.3; +https://openai.com/gptbot)"
74.7.241.6 - - [04/Mar/2026:13:41:19 +0000] "GET /buy.php?detail/14600166979928 HTTP/1.1" 200 158029 "https://inception-blue.com/buy.php?detail/14604622565437" "Mozilla/5.0 AppleWebKit/537.36 (KHTML, like Gecko; compatible; GPTBot/1.3; +https://openai.com/gptbot)"
74.7.241.6 - - [04/Mar/2026:13:41:22 +0000] "GET /buy.php?detail/13002952897820 HTTP/1.1" 200 159267 "https://inception-blue.com/buy.php?detail/13003165406061" "Mozilla/5.0 AppleWebKit/537.36 (KHTML, like Gecko; compatible; GPTBot/1.3; +https://openai.com/gptbot)"
66.249.77.3 - - [04/Mar/2026:13:41:27 +0000] "GET /?o=sdndj14gs5888skwabp HTTP/1.1" 200 308752 "-" "Mozilla/5.0 (Linux; Android 6.0.1; Nexus 5X Build/MMB29P) AppleWebKit/537.36 (KHTML, like Gecko) Chrome/144.0.7559.132 Mobile Safari/537.36 (compatible; GoogleOther)"
74.7.241.6 - - [04/Mar/2026:13:41:25 +0000] "GET /buy.php?detail/22501239636431 HTTP/1.1" 200 164754 "https://inception-blue.com/buy.php?detail/22502096492650" "Mozilla/5.0 AppleWebKit/537.36 (KHTML, like Gecko; compatible; GPTBot/1.3; +https://openai.com/gptbot)"
74.7.241.6 - - [04/Mar/2026:13:41:28 +0000] "GET /buy.php?detail/07204000047684 HTTP/1.1" 200 160897 "https://inception-blue.com/buy.php?detail/03402282142631" "Mozilla/5.0 AppleWebKit/537.36 (KHTML, like Gecko; compatible; GPTBot/1.3; +https://openai.com/gptbot)"
66.249.77.3 - - [04/Mar/2026:13:41:34 +0000] "GET /asahipenstore-azm-4985155207244 HTTP/1.1" 200 319643 "-" "Mozilla/5.0 (Linux; Android 6.0.1; Nexus 5X Build/MMB29P) AppleWebKit/537.36 (KHTML, like Gecko) Chrome/144.0.7559.132 Mobile Safari/537.36 (compatible; GoogleOther)"
74.7.241.6 - - [04/Mar/2026:13:41:33 +0000] "GET /buy.php?detail/15504539143551 HTTP/1.1" 200 166292 "https://inception-blue.com/buy.php?detail/15504541284956" "Mozilla/5.0 AppleWebKit/537.36 (KHTML, like Gecko; compatible; GPTBot/1.3; +https://openai.com/gptbot)"
74.7.241.6 - - [04/Mar/2026:13:41:36 +0000] "GET /buy.php?detail/03400227217439 HTTP/1.1" 200 154329 "https://inception-blue.com/buy.php?detail/03402282142631" "Mozilla/5.0 AppleWebKit/537.36 (KHTML, like Gecko; compatible; GPTBot/1.3; +https://openai.com/gptbot)"
66.249.77.3 - - [04/Mar/2026:13:41:40 +0000] "GET /?k=mqyvb235fdq24261scdwlu HTTP/1.1" 200 300569 "-" "Mozilla/5.0 (Linux; Android 6.0.1; Nexus 5X Build/MMB29P) AppleWebKit/537.36 (KHTML, like Gecko) Chrome/144.0.7559.132 Mobile Safari/537.36 (compatible; GoogleOther)"
66.249.77.3 - - [04/Mar/2026:13:41:44 +0000] "GET /?z=qdepj144vl43570nwpdvfawva HTTP/1.1" 200 307998 "-" "Mozilla/5.0 (Linux; Android 6.0.1; Nexus 5X Build/MMB29P) AppleWebKit/537.36 (KHTML, like Gecko) Chrome/144.0.7559.132 Mobile Safari/537.36 (compatible; Googlebot/2.1; +http://www.google.com/bot.html)"
74.7.241.6 - - [04/Mar/2026:13:41:41 +0000] "GET /buy.php?detail/01101153615912 HTTP/1.1" 200 155223 "https://inception-blue.com/buy.php?detail/01100113925307" "Mozilla/5.0 AppleWebKit/537.36 (KHTML, like Gecko; compatible; GPTBot/1.3; +https://openai.com/gptbot)"
74.7.241.6 - - [04/Mar/2026:13:41:45 +0000] "GET /buy.php?detail/21101436571022 HTTP/1.1" 200 159301 "https://inception-blue.com/buy.php?detail/13201166752542" "Mozilla/5.0 AppleWebKit/537.36 (KHTML, like Gecko; compatible; GPTBot/1.3; +https://openai.com/gptbot)"
66.249.77.3 - - [04/Mar/2026:13:41:48 +0000] "GET /?x=cdu49td46415vnibtbwiz HTTP/1.1" 200 305364 "-" "Mozilla/5.0 (Linux; Android 6.0.1; Nexus 5X Build/MMB29P) AppleWebKit/537.36 (KHTML, like Gecko) Chrome/144.0.7559.132 Mobile Safari/537.36 (compatible; GoogleOther)"
74.7.241.6 - - [04/Mar/2026:13:41:48 +0000] "GET /buy.php?detail/20103476831617 HTTP/1.1" 200 145264 "https://inception-blue.com/buy.php?detail/13201166752542" "Mozilla/5.0 AppleWebKit/537.36 (KHTML, like Gecko; compatible; GPTBot/1.3; +https://openai.com/gptbot)"
66.249.77.4 - - [04/Mar/2026:13:41:52 +0000] "GET /?i=nujci162ecj9168tavrmwqhfw HTTP/1.1" 200 303530 "-" "Mozilla/5.0 (Linux; Android 6.0.1; Nexus 5X Build/MMB29P) AppleWebKit/537.36 (KHTML, like Gecko) Chrome/144.0.7559.132 Mobile Safari/537.36 (compatible; GoogleOther)"
74.7.241.6 - - [04/Mar/2026:13:41:51 +0000] "GET /buy.php?detail/16202095873012 HTTP/1.1" 200 156970 "https://inception-blue.com/buy.php?detail/16201802863732" "Mozilla/5.0 AppleWebKit/537.36 (KHTML, like Gecko; compatible; GPTBot/1.3; +https://openai.com/gptbot)"
66.249.77.4 - - [04/Mar/2026:13:41:56 +0000] "GET /?b=wvitr219qzlej45075duhlxnfo HTTP/1.1" 200 299908 "-" "Mozilla/5.0 (Linux; Android 6.0.1; Nexus 5X Build/MMB29P) AppleWebKit/537.36 (KHTML, like Gecko) Chrome/144.0.7559.132 Mobile Safari/537.36 (compatible; Googlebot/2.1; +http://www.google.com/bot.html)"
74.7.241.6 - - [04/Mar/2026:13:41:54 +0000] "GET /buy.php?detail/24104076146123 HTTP/1.1" 200 155613 "https://inception-blue.com/buy.php?detail/04600621288372" "Mozilla/5.0 AppleWebKit/537.36 (KHTML, like Gecko; compatible; GPTBot/1.3; +https://openai.com/gptbot)"
66.249.77.4 - - [04/Mar/2026:13:41:57 +0000] "GET /?e=bemqa182hqb31298noacbvcuq HTTP/1.1" 200 303572 "-" "Mozilla/5.0 (Linux; Android 6.0.1; Nexus 5X Build/MMB29P) AppleWebKit/537.36 (KHTML, like Gecko) Chrome/144.0.7559.132 Mobile Safari/537.36 (compatible; GoogleOther)"
74.7.241.6 - - [04/Mar/2026:13:41:57 +0000] "GET /buy.php?detail/06003642798863 HTTP/1.1" 200 158084 "https://inception-blue.com/buy.php?detail/10504222798161" "Mozilla/5.0 AppleWebKit/537.36 (KHTML, like Gecko; compatible; GPTBot/1.3; +https://openai.com/gptbot)"
74.7.241.6 - - [04/Mar/2026:13:42:00 +0000] "GET /buy.php?detail/20702657042960 HTTP/1.1" 200 146290 "https://inception-blue.com/buy.php?detail/14600166979928" "Mozilla/5.0 AppleWebKit/537.36 (KHTML, like Gecko; compatible; GPTBot/1.3; +https://openai.com/gptbot)"
66.249.77.5 - - [04/Mar/2026:13:42:05 +0000] "GET /?jp/234026891.html HTTP/1.1" 200 331188 "-" "Mozilla/5.0 (Linux; Android 6.0.1; Nexus 5X Build/MMB29P) AppleWebKit/537.36 (KHTML, like Gecko) Chrome/144.0.7559.132 Mobile Safari/537.36 (compatible; GoogleOther)"
74.7.241.6 - - [04/Mar/2026:13:42:03 +0000] "GET /buy.php?detail/07501940889917 HTTP/1.1" 200 153747 "https://inception-blue.com/buy.php?detail/13002952897820" "Mozilla/5.0 AppleWebKit/537.36 (KHTML, like Gecko; compatible; GPTBot/1.3; +https://openai.com/gptbot)"
66.249.77.5 - - [04/Mar/2026:13:42:08 +0000] "GET /?d=xucui141d25387zeupzdd HTTP/1.1" 200 306323 "-" "Mozilla/5.0 (Linux; Android 6.0.1; Nexus 5X Build/MMB29P) AppleWebKit/537.36 (KHTML, like Gecko) Chrome/144.0.7559.132 Mobile Safari/537.36 (compatible; Googlebot/2.1; +http://www.google.com/bot.html)"
66.249.77.3 - - [04/Mar/2026:13:42:09 +0000] "GET /?b=ype135gbusi9009gmoxpu HTTP/1.1" 200 303089 "-" "Mozilla/5.0 (Linux; Android 6.0.1; Nexus 5X Build/MMB29P) AppleWebKit/537.36 (KHTML, like Gecko) Chrome/144.0.7559.132 Mobile Safari/537.36 (compatible; GoogleOther)"
74.7.241.6 - - [04/Mar/2026:13:42:06 +0000] "GET /buy.php?detail/23300191321030 HTTP/1.1" 200 153650 "https://inception-blue.com/buy.php?detail/22501239636431" "Mozilla/5.0 AppleWebKit/537.36 (KHTML, like Gecko; compatible; GPTBot/1.3; +https://openai.com/gptbot)"
74.7.241.6 - - [04/Mar/2026:13:42:13 +0000] "GET /buy.php?detail/07200030658824 HTTP/1.1" 200 156870 "https://inception-blue.com/buy.php?detail/07204000047684" "Mozilla/5.0 AppleWebKit/537.36 (KHTML, like Gecko; compatible; GPTBot/1.3; +https://openai.com/gptbot)"
74.7.241.6 - - [04/Mar/2026:13:42:16 +0000] "GET /buy.php?detail/09403516410404 HTTP/1.1" 200 145946 "https://inception-blue.com/buy.php?detail/07204000047684" "Mozilla/5.0 AppleWebKit/537.36 (KHTML, like Gecko; compatible; GPTBot/1.3; +https://openai.com/gptbot)"
66.249.77.3 - - [04/Mar/2026:13:42:21 +0000] "GET /?x=iocr15p44099jcgvgpw HTTP/1.1" 200 315065 "-" "Mozilla/5.0 (Linux; Android 6.0.1; Nexus 5X Build/MMB29P) AppleWebKit/537.36 (KHTML, like Gecko) Chrome/144.0.7559.132 Mobile Safari/537.36 (compatible; GoogleOther)"
74.7.241.6 - - [04/Mar/2026:13:42:19 +0000] "GET /buy.php?detail/03400319321903 HTTP/1.1" 200 155301 "https://inception-blue.com/buy.php?detail/03400227217439" "Mozilla/5.0 AppleWebKit/537.36 (KHTML, like Gecko; compatible; GPTBot/1.3; +https://openai.com/gptbot)"
66.249.77.3 - - [04/Mar/2026:13:42:25 +0000] "GET /?goods/072034876 HTTP/1.1" 200 308821 "-" "Mozilla/5.0 (Linux; Android 6.0.1; Nexus 5X Build/MMB29P) AppleWebKit/537.36 (KHTML, like Gecko) Chrome/144.0.7559.132 Mobile Safari/537.36 (compatible; GoogleOther)"
74.7.241.6 - - [04/Mar/2026:13:42:23 +0000] "GET /buy.php?detail/02300487472337 HTTP/1.1" 200 157022 "https://inception-blue.com/buy.php?detail/03400227217439" "Mozilla/5.0 AppleWebKit/537.36 (KHTML, like Gecko; compatible; GPTBot/1.3; +https://openai.com/gptbot)"
74.7.241.6 - - [04/Mar/2026:13:42:26 +0000] "GET /buy.php?jp/110018260.html HTTP/1.1" 200 154870 "https://inception-blue.com/buy.php?detail/21101436571022" "Mozilla/5.0 AppleWebKit/537.36 (KHTML, like Gecko; compatible; GPTBot/1.3; +https://openai.com/gptbot)"
74.7.241.6 - - [04/Mar/2026:13:42:29 +0000] "GET /buy.php?detail/16204210042450 HTTP/1.1" 200 155082 "https://inception-blue.com/buy.php?detail/16202095873012" "Mozilla/5.0 AppleWebKit/537.36 (KHTML, like Gecko; compatible; GPTBot/1.3; +https://openai.com/gptbot)"
66.249.77.3 - - [04/Mar/2026:13:42:34 +0000] "GET /?b=kjb77rtem35109ausyvmb HTTP/1.1" 200 306782 "-" "Mozilla/5.0 (Linux; Android 6.0.1; Nexus 5X Build/MMB29P) AppleWebKit/537.36 (KHTML, like Gecko) Chrome/144.0.7559.132 Mobile Safari/537.36 (compatible; GoogleOther)"
74.7.241.6 - - [04/Mar/2026:13:42:33 +0000] "GET /buy.php?detail/09502974340522 HTTP/1.1" 200 167827 "https://inception-blue.com/buy.php?detail/01101153615912" "Mozilla/5.0 AppleWebKit/537.36 (KHTML, like Gecko; compatible; GPTBot/1.3; +https://openai.com/gptbot)"
66.249.77.3 - - [04/Mar/2026:13:42:38 +0000] "GET /1131695169 HTTP/1.1" 200 305086 "-" "Mozilla/5.0 (Linux; Android 6.0.1; Nexus 5X Build/MMB29P) AppleWebKit/537.36 (KHTML, like Gecko) Chrome/144.0.7559.132 Mobile Safari/537.36 (compatible; GoogleOther)"
74.7.241.6 - - [04/Mar/2026:13:42:36 +0000] "GET /buy.php?detail/03400751399679 HTTP/1.1" 200 162402 "https://inception-blue.com/buy.php?detail/03400864580095" "Mozilla/5.0 AppleWebKit/537.36 (KHTML, like Gecko; compatible; GPTBot/1.3; +https://openai.com/gptbot)"
74.7.241.6 - - [04/Mar/2026:13:42:39 +0000] "GET /buy.php?detail/09104557300050 HTTP/1.1" 200 160224 "https://inception-blue.com/buy.php?detail/20702657042960" "Mozilla/5.0 AppleWebKit/537.36 (KHTML, like Gecko; compatible; GPTBot/1.3; +https://openai.com/gptbot)"
66.249.77.3 - - [04/Mar/2026:13:42:42 +0000] "GET /?y=uxio233zb10589seonnkgs HTTP/1.1" 200 307546 "-" "Mozilla/5.0 (Linux; Android 6.0.1; Nexus 5X Build/MMB29P) AppleWebKit/537.36 (KHTML, like Gecko) Chrome/144.0.7559.132 Mobile Safari/537.36 (compatible; GoogleOther)"
74.7.241.6 - - [04/Mar/2026:13:42:42 +0000] "GET /buy.php?jp/246024157.html HTTP/1.1" 200 142210 "https://inception-blue.com/buy.php?detail/22501239636431" "Mozilla/5.0 AppleWebKit/537.36 (KHTML, like Gecko; compatible; GPTBot/1.3; +https://openai.com/gptbot)"
