66.249.77.10 - - [04/Mar/2026:13:57:37 +0000] "GET /?v=nkkde252yyfky24914wzvwco HTTP/1.1" 200 303142 "-" "Mozilla/5.0 (Linux; Android 6.0.1; Nexus 5X Build/MMB29P) AppleWebKit/537.36 (KHTML, like Gecko) Chrome/144.0.7559.132 Mobile Safari/537.36 (compatible; Googlebot/2.1; +http://www.google.com/bot.html)"
74.7.241.6 - - [04/Mar/2026:13:57:34 +0000] "GET /buy.php?jp/230004172.html HTTP/1.1" 200 148829 "https://inception-blue.com/buy.php?detail/18000166468325" "Mozilla/5.0 AppleWebKit/537.36 (KHTML, like Gecko; compatible; GPTBot/1.3; +https://openai.com/gptbot)"
66.249.77.13 - - [04/Mar/2026:13:57:38 +0000] "GET /?d=pok167qh18771rwdseayias HTTP/1.1" 200 307954 "-" "Mozilla/5.0 (Linux; Android 6.0.1; Nexus 5X Build/MMB29P) AppleWebKit/537.36 (KHTML, like Gecko) Chrome/144.0.7559.132 Mobile Safari/537.36 (compatible; Googlebot/2.1; +http://www.google.com/bot.html)"
52.21.62.139 - - [04/Mar/2026:13:57:39 +0000] "GET /wp-json/wp/v2/pages/79?dir=/home/inceptionblue/public_html/wp-content/plugins/astra-addon/addons/advanced-footer/assets/css/minified&read=/home/inceptionblue/public_html/wp-content/plugins/astra-addon/addons/advanced-footer/assets/css/minified/layout-5.min.css HTTP/1.1" 200 32117 "-" "Mozilla/5.0 AppleWebKit/537.36 (KHTML, like Gecko; compatible; Amazonbot/0.1; +https://developer.amazon.com/support/amazonbot) Chrome/119.0.6045.214 Safari/537.36"
66.249.77.10 - - [04/Mar/2026:13:57:39 +0000] "GET /?y=bdmi60wme3838rtlbyat HTTP/1.1" 200 315522 "-" "Mozilla/5.0 (Linux; Android 6.0.1; Nexus 5X Build/MMB29P) AppleWebKit/537.36 (KHTML, like Gecko) Chrome/144.0.7559.132 Mobile Safari/537.36 (compatible; Googlebot/2.1; +http://www.google.com/bot.html)"
66.249.77.10 - - [04/Mar/2026:13:57:40 +0000] "GET /?d=cdni255vgokp6415ctvouy HTTP/1.1" 200 338356 "-" "Mozilla/5.0 (Linux; Android 6.0.1; Nexus 5X Build/MMB29P) AppleWebKit/537.36 (KHTML, like Gecko) Chrome/144.0.7559.132 Mobile Safari/537.36 (compatible; Googlebot/2.1; +http://www.google.com/bot.html)"
66.249.77.7 - - [04/Mar/2026:13:57:41 +0000] "GET /?t=man259fo10455mtmbimkrp HTTP/1.1" 200 301711 "-" "Mozilla/5.0 (Linux; Android 6.0.1; Nexus 5X Build/MMB29P) AppleWebKit/537.36 (KHTML, like Gecko) Chrome/144.0.7559.132 Mobile Safari/537.36 (compatible; Googlebot/2.1; +http://www.google.com/bot.html)"
74.7.241.6 - - [04/Mar/2026:13:57:39 +0000] "GET /buy.php?detail/09403907365565 HTTP/1.1" 200 149857 "https://inception-blue.com/buy.php?detail/28003832629702" "Mozilla/5.0 AppleWebKit/537.36 (KHTML, like Gecko; compatible; GPTBot/1.3; +https://openai.com/gptbot)"
66.249.77.9 - - [04/Mar/2026:13:57:42 +0000] "GET /?jp/071020287.html HTTP/1.1" 200 359687 "-" "Mozilla/5.0 (Linux; Android 6.0.1; Nexus 5X Build/MMB29P) AppleWebKit/537.36 (KHTML, like Gecko) Chrome/144.0.7559.132 Mobile Safari/537.36 (compatible; Googlebot/2.1; +http://www.google.com/bot.html)"
66.249.77.8 - - [04/Mar/2026:13:57:42 +0000] "GET /?t=yvl99otm29595bqxinmk HTTP/1.1" 200 352453 "-" "Mozilla/5.0 (Linux; Android 6.0.1; Nexus 5X Build/MMB29P) AppleWebKit/537.36 (KHTML, like Gecko) Chrome/144.0.7559.132 Mobile Safari/537.36 (compatible; Googlebot/2.1; +http://www.google.com/bot.html)"
66.249.77.8 - - [04/Mar/2026:13:57:43 +0000] "GET /?t=ocsvk149cwrn25035spyioepdvz HTTP/1.1" 200 303894 "-" "Mozilla/5.0 (Linux; Android 6.0.1; Nexus 5X Build/MMB29P) AppleWebKit/537.36 (KHTML, like Gecko) Chrome/144.0.7559.132 Mobile Safari/537.36 (compatible; Googlebot/2.1; +http://www.google.com/bot.html)"
159.223.142.74 - - [04/Mar/2026:13:57:43 +0000] "POST /wp-cron.php?doing_wp_cron=1772632663.7493569850921630859375 HTTP/1.1" 404 185454 "-" "WordPress/6.9.1; https://inception-blue.com"
44.218.170.184 - - [04/Mar/2026:13:57:43 +0000] "GET /wp-json/wp/v2/pages/2?dir=/home/inceptionblue/public_html/wp-content/plugins/astra-addon/classes/modules/target-rule/i18n&read=/home/inceptionblue/public_html/wp-content/plugins/astra-addon/classes/modules/target-rule/i18n/de.js HTTP/1.1" 200 29974 "-" "Mozilla/5.0 AppleWebKit/537.36 (KHTML, like Gecko; compatible; Amazonbot/0.1; +https://developer.amazon.com/support/amazonbot) Chrome/119.0.6045.214 Safari/537.36"
74.7.241.6 - - [04/Mar/2026:13:57:41 +0000] "GET /buy.php?m25708313335 HTTP/1.1" 200 156589 "https://inception-blue.com/buy.php?detail/11804297145811" "Mozilla/5.0 AppleWebKit/537.36 (KHTML, like Gecko; compatible; GPTBot/1.3; +https://openai.com/gptbot)"
66.249.77.10 - - [04/Mar/2026:13:57:44 +0000] "GET /?i=bmky292ipg32662skofyucem HTTP/1.1" 200 313223 "-" "Mozilla/5.0 (Linux; Android 6.0.1; Nexus 5X Build/MMB29P) AppleWebKit/537.36 (KHTML, like Gecko) Chrome/144.0.7559.132 Mobile Safari/537.36 (compatible; Googlebot/2.1; +http://www.google.com/bot.html)"
66.249.77.12 - - [04/Mar/2026:13:57:45 +0000] "GET /?jp/228039790.html HTTP/1.1" 200 303310 "-" "Mozilla/5.0 (Linux; Android 6.0.1; Nexus 5X Build/MMB29P) AppleWebKit/537.36 (KHTML, like Gecko) Chrome/144.0.7559.132 Mobile Safari/537.36 (compatible; GoogleOther)"
66.249.77.8 - - [04/Mar/2026:13:57:46 +0000] "GET /?c=gig17yolu43575tahytcvvxr HTTP/1.1" 200 307469 "-" "Mozilla/5.0 (Linux; Android 6.0.1; Nexus 5X Build/MMB29P) AppleWebKit/537.36 (KHTML, like Gecko) Chrome/144.0.7559.132 Mobile Safari/537.36 (compatible; Googlebot/2.1; +http://www.google.com/bot.html)"
66.249.77.10 - - [04/Mar/2026:13:57:47 +0000] "GET /?c=jjzxr184pkvlx27366xpolwilhzi HTTP/1.1" 200 306719 "-" "Mozilla/5.0 (Linux; Android 6.0.1; Nexus 5X Build/MMB29P) AppleWebKit/537.36 (KHTML, like Gecko) Chrome/144.0.7559.132 Mobile Safari/537.36 (compatible; Googlebot/2.1; +http://www.google.com/bot.html)"
74.7.241.6 - - [04/Mar/2026:13:57:44 +0000] "GET /buy.php?m44486407981 HTTP/1.1" 200 163105 "https://inception-blue.com/buy.php?detail/18503760913130" "Mozilla/5.0 AppleWebKit/537.36 (KHTML, like Gecko; compatible; GPTBot/1.3; +https://openai.com/gptbot)"
100.28.44.58 - - [04/Mar/2026:13:57:47 +0000] "GET /wp-json/wp/v2/pages/79?dir=/home/inceptionblue/public_html/wp-content/plugins/astra-sites/inc/lib/gutenberg-templates/inc/content&read=/home/inceptionblue/public_html/wp-content/plugins/astra-sites/inc/lib/gutenberg-templates/inc/content/ai-content.php HTTP/1.1" 200 47708 "-" "Mozilla/5.0 AppleWebKit/537.36 (KHTML, like Gecko; compatible; Amazonbot/0.1; +https://developer.amazon.com/support/amazonbot) Chrome/119.0.6045.214 Safari/537.36"
66.249.77.1 - - [04/Mar/2026:13:57:47 +0000] "GET /?c=ver170hrou45892bitfqg HTTP/1.1" 200 309351 "-" "Mozilla/5.0 (Linux; Android 6.0.1; Nexus 5X Build/MMB29P) AppleWebKit/537.36 (KHTML, like Gecko) Chrome/144.0.7559.132 Mobile Safari/537.36 (compatible; Googlebot/2.1; +http://www.google.com/bot.html)"
66.249.77.13 - - [04/Mar/2026:13:57:48 +0000] "GET /?b=wknqe275h46173lnwdwxeep HTTP/1.1" 200 316068 "-" "Mozilla/5.0 (Linux; Android 6.0.1; Nexus 5X Build/MMB29P) AppleWebKit/537.36 (KHTML, like Gecko) Chrome/144.0.7559.132 Mobile Safari/537.36 (compatible; Googlebot/2.1; +http://www.google.com/bot.html)"
74.7.241.6 - - [04/Mar/2026:13:57:47 +0000] "GET /buy.php?detail/16100116634286 HTTP/1.1" 200 160580 "https://inception-blue.com/buy.php?detail/07102929542125" "Mozilla/5.0 AppleWebKit/537.36 (KHTML, like Gecko; compatible; GPTBot/1.3; +https://openai.com/gptbot)"
66.249.77.12 - - [04/Mar/2026:13:57:50 +0000] "GET /?o=eedax86lepnl29326mjgdqopb HTTP/1.1" 200 316423 "-" "Mozilla/5.0 (Linux; Android 6.0.1; Nexus 5X Build/MMB29P) AppleWebKit/537.36 (KHTML, like Gecko) Chrome/144.0.7559.132 Mobile Safari/537.36 (compatible; Googlebot/2.1; +http://www.google.com/bot.html)"
18.206.47.187 - - [04/Mar/2026:13:57:51 +0000] "GET /wp-json/wp/v2/pages/2?dir=/home/inceptionblue/public_html/wp-content/plugins/wordpress-seo/src/actions&read=/home/inceptionblue/public_html/wp-content/plugins/wordpress-seo/src/actions/alert-dismissal-action.php HTTP/1.1" 200 34329 "-" "Mozilla/5.0 AppleWebKit/537.36 (KHTML, like Gecko; compatible; Amazonbot/0.1; +https://developer.amazon.com/support/amazonbot) Chrome/119.0.6045.214 Safari/537.36"
66.249.77.12 - - [04/Mar/2026:13:57:51 +0000] "GET /?l=kdb193kqjfd49117sxkpizbg HTTP/1.1" 200 303533 "-" "Mozilla/5.0 (Linux; Android 6.0.1; Nexus 5X Build/MMB29P) AppleWebKit/537.36 (KHTML, like Gecko) Chrome/144.0.7559.132 Mobile Safari/537.36 (compatible; GoogleOther)"
74.7.241.6 - - [04/Mar/2026:13:57:50 +0000] "GET /buy.php?detail/01900149182166 HTTP/1.1" 200 154658 "https://inception-blue.com/buy.php?detail/01903050071774" "Mozilla/5.0 AppleWebKit/537.36 (KHTML, like Gecko; compatible; GPTBot/1.3; +https://openai.com/gptbot)"
66.249.77.9 - - [04/Mar/2026:13:57:52 +0000] "GET /?f=olb117rs31967norubj HTTP/1.1" 200 304493 "-" "Mozilla/5.0 (Linux; Android 6.0.1; Nexus 5X Build/MMB29P) AppleWebKit/537.36 (KHTML, like Gecko) Chrome/144.0.7559.132 Mobile Safari/537.36 (compatible; Googlebot/2.1; +http://www.google.com/bot.html)"
66.249.77.13 - - [04/Mar/2026:13:57:53 +0000] "GET /?l=ohtd237z24519knayjyhq HTTP/1.1" 200 351551 "-" "Mozilla/5.0 (Linux; Android 6.0.1; Nexus 5X Build/MMB29P) AppleWebKit/537.36 (KHTML, like Gecko) Chrome/144.0.7559.132 Mobile Safari/537.36 (compatible; Googlebot/2.1; +http://www.google.com/bot.html)"
66.249.77.7 - - [04/Mar/2026:13:57:54 +0000] "GET /colorsstorenigoten-65074828560 HTTP/1.1" 200 300186 "-" "Mozilla/5.0 (Linux; Android 6.0.1; Nexus 5X Build/MMB29P) AppleWebKit/537.36 (KHTML, like Gecko) Chrome/144.0.7559.132 Mobile Safari/537.36 (compatible; Googlebot/2.1; +http://www.google.com/bot.html)"
54.225.181.161 - - [04/Mar/2026:13:57:55 +0000] "GET /wp-json/wp/v2/pages/2?dir=/home/inceptionblue/public_html/wp-content/plugins/wordpress-seo/src/integrations/admin&read=/home/inceptionblue/public_html/wp-content/plugins/wordpress-seo/src/integrations/admin/admin-columns-cache-integration.php HTTP/1.1" 200 36952 "-" "Mozilla/5.0 AppleWebKit/537.36 (KHTML, like Gecko; compatible; Amazonbot/0.1; +https://developer.amazon.com/support/amazonbot) Chrome/119.0.6045.214 Safari/537.36"
66.249.77.3 - - [04/Mar/2026:13:57:55 +0000] "GET /?r=qbk152liws16560edlviu HTTP/1.1" 200 304132 "-" "Mozilla/5.0 (Linux; Android 6.0.1; Nexus 5X Build/MMB29P) AppleWebKit/537.36 (KHTML, like Gecko) Chrome/144.0.7559.132 Mobile Safari/537.36 (compatible; Googlebot/2.1; +http://www.google.com/bot.html)"
74.7.241.6 - - [04/Mar/2026:13:57:53 +0000] "GET /buy.php?detail/01900164072736 HTTP/1.1" 200 157033 "https://inception-blue.com/buy.php?detail/01903050071774" "Mozilla/5.0 AppleWebKit/537.36 (KHTML, like Gecko; compatible; GPTBot/1.3; +https://openai.com/gptbot)"
66.249.77.12 - - [04/Mar/2026:13:57:56 +0000] "GET /?z=xxx110nnyn44406tftelcahpy HTTP/1.1" 200 303381 "-" "Mozilla/5.0 (Linux; Android 6.0.1; Nexus 5X Build/MMB29P) AppleWebKit/537.36 (KHTML, like Gecko) Chrome/144.0.7559.132 Mobile Safari/537.36 (compatible; Googlebot/2.1; +http://www.google.com/bot.html)"
66.249.77.9 - - [04/Mar/2026:13:57:57 +0000] "GET /?y=szmy263cxwf21361xzutfh HTTP/1.1" 200 309636 "-" "Mozilla/5.0 (Linux; Android 6.0.1; Nexus 5X Build/MMB29P) AppleWebKit/537.36 (KHTML, like Gecko) Chrome/144.0.7559.132 Mobile Safari/537.36 (compatible; Googlebot/2.1; +http://www.google.com/bot.html)"
66.249.77.8 - - [04/Mar/2026:13:57:58 +0000] "GET /?g=pmvwo41p10421wzrkiow HTTP/1.1" 200 307400 "-" "Mozilla/5.0 (Linux; Android 6.0.1; Nexus 5X Build/MMB29P) AppleWebKit/537.36 (KHTML, like Gecko) Chrome/144.0.7559.132 Mobile Safari/537.36 (compatible; Googlebot/2.1; +http://www.google.com/bot.html)"
66.249.77.4 - - [04/Mar/2026:13:57:59 +0000] "GET /?goods/224009796 HTTP/1.1" 200 305826 "-" "Mozilla/5.0 (Linux; Android 6.0.1; Nexus 5X Build/MMB29P) AppleWebKit/537.36 (KHTML, like Gecko) Chrome/144.0.7559.132 Mobile Safari/537.36 (compatible; GoogleOther)"
74.7.241.6 - - [04/Mar/2026:13:57:56 +0000] "GET /buy.php?detail/13100428800801 HTTP/1.1" 200 154301 "https://inception-blue.com/buy.php?detail/08901432545020" "Mozilla/5.0 AppleWebKit/537.36 (KHTML, like Gecko; compatible; GPTBot/1.3; +https://openai.com/gptbot)"
3.225.45.252 - - [04/Mar/2026:13:57:59 +0000] "GET /wp-json/wp/v2/pages/79?dir=/home/inceptionblue/public_html/wp-content/plugins/astra-addon/addons/blog-pro/assets/css/unminified&read=/home/inceptionblue/public_html/wp-content/plugins/astra-addon/addons/blog-pro/assets/css/unminified/post-author-rtl.css HTTP/1.1" 200 33546 "-" "Mozilla/5.0 AppleWebKit/537.36 (KHTML, like Gecko; compatible; Amazonbot/0.1; +https://developer.amazon.com/support/amazonbot) Chrome/119.0.6045.214 Safari/537.36"
66.249.77.5 - - [04/Mar/2026:13:57:59 +0000] "GET /?c=tik274zav8376xtnvpjjsh HTTP/1.1" 200 313131 "-" "Mozilla/5.0 (Linux; Android 6.0.1; Nexus 5X Build/MMB29P) AppleWebKit/537.36 (KHTML, like Gecko) Chrome/144.0.7559.132 Mobile Safari/537.36 (compatible; Googlebot/2.1; +http://www.google.com/bot.html)"
66.249.77.9 - - [04/Mar/2026:13:58:00 +0000] "GET /?n=ejfd290eo11292pyznnlvsp HTTP/1.1" 200 330867 "-" "Mozilla/5.0 (Linux; Android 6.0.1; Nexus 5X Build/MMB29P) AppleWebKit/537.36 (KHTML, like Gecko) Chrome/144.0.7559.132 Mobile Safari/537.36 (compatible; Googlebot/2.1; +http://www.google.com/bot.html)"
66.249.77.13 - - [04/Mar/2026:13:58:01 +0000] "GET /?z=rjtyb233d14887fdhnaaxcl HTTP/1.1" 200 305336 "-" "Mozilla/5.0 (Linux; Android 6.0.1; Nexus 5X Build/MMB29P) AppleWebKit/537.36 (KHTML, like Gecko) Chrome/144.0.7559.132 Mobile Safari/537.36 (compatible; Googlebot/2.1; +http://www.google.com/bot.html)"
66.249.77.10 - - [04/Mar/2026:13:58:02 +0000] "GET /?i=ica239b24671ndgfpfauq HTTP/1.1" 200 306437 "-" "Mozilla/5.0 (Linux; Android 6.0.1; Nexus 5X Build/MMB29P) AppleWebKit/537.36 (KHTML, like Gecko) Chrome/144.0.7559.132 Mobile Safari/537.36 (compatible; Googlebot/2.1; +http://www.google.com/bot.html)"
74.7.241.6 - - [04/Mar/2026:13:58:00 +0000] "GET /buy.php?detail/29002345834882 HTTP/1.1" 200 160363 "https://inception-blue.com/buy.php?detail/08901432545020" "Mozilla/5.0 AppleWebKit/537.36 (KHTML, like Gecko; compatible; GPTBot/1.3; +https://openai.com/gptbot)"
66.249.77.7 - - [04/Mar/2026:13:58:03 +0000] "GET /?t=grxfi94ru32054keivxro HTTP/1.1" 200 300581 "-" "Mozilla/5.0 (Linux; Android 6.0.1; Nexus 5X Build/MMB29P) AppleWebKit/537.36 (KHTML, like Gecko) Chrome/144.0.7559.132 Mobile Safari/537.36 (compatible; Googlebot/2.1; +http://www.google.com/bot.html)"
66.249.77.9 - - [04/Mar/2026:13:58:03 +0000] "GET /?g=jkhi189p7265zrlhbsebvu HTTP/1.1" 200 309479 "-" "Mozilla/5.0 (Linux; Android 6.0.1; Nexus 5X Build/MMB29P) AppleWebKit/537.36 (KHTML, like Gecko) Chrome/144.0.7559.132 Mobile Safari/537.36 (compatible; Googlebot/2.1; +http://www.google.com/bot.html)"
66.249.77.8 - - [04/Mar/2026:13:58:04 +0000] "GET /?v=hbwkk71sv42195fhhgedeet HTTP/1.1" 200 301646 "-" "Mozilla/5.0 (Linux; Android 6.0.1; Nexus 5X Build/MMB29P) AppleWebKit/537.36 (KHTML, like Gecko) Chrome/144.0.7559.132 Mobile Safari/537.36 (compatible; Googlebot/2.1; +http://www.google.com/bot.html)"
3.224.104.67 - - [04/Mar/2026:13:58:04 +0000] "GET /wp-json/wp/v2/pages/79?dir=/home/inceptionblue/public_html/wp-content/plugins/astra-sites/inc/lib/gutenberg-templates/dist/json&read=/home/inceptionblue/public_html/wp-content/plugins/astra-sites/inc/lib/gutenberg-templates/dist/json/ast-block-templates-blocks-2.json HTTP/1.1" 200 4357388 "-" "Mozilla/5.0 AppleWebKit/537.36 (KHTML, like Gecko; compatible; Amazonbot/0.1; +https://developer.amazon.com/support/amazonbot) Chrome/119.0.6045.214 Safari/537.36"
66.249.77.13 - - [04/Mar/2026:13:58:05 +0000] "GET /product/075026690 HTTP/1.1" 200 300714 "-" "Mozilla/5.0 (Linux; Android 6.0.1; Nexus 5X Build/MMB29P) AppleWebKit/537.36 (KHTML, like Gecko) Chrome/144.0.7559.132 Mobile Safari/537.36 (compatible; GoogleOther)"
74.7.241.6 - - [04/Mar/2026:13:58:03 +0000] "GET /buy.php?detail/07100199059522 HTTP/1.1" 200 160301 "https://inception-blue.com/buy.php?detail/07102929542125" "Mozilla/5.0 AppleWebKit/537.36 (KHTML, like Gecko; compatible; GPTBot/1.3; +https://openai.com/gptbot)"
66.249.77.1 - - [04/Mar/2026:13:58:06 +0000] "GET /?c=nocbk17lz913niuptr HTTP/1.1" 200 312666 "-" "Mozilla/5.0 (Linux; Android 6.0.1; Nexus 5X Build/MMB29P) AppleWebKit/537.36 (KHTML, like Gecko) Chrome/144.0.7559.132 Mobile Safari/537.36 (compatible; Googlebot/2.1; +http://www.google.com/bot.html)"
66.249.77.10 - - [04/Mar/2026:13:58:07 +0000] "GET /?m=lwis275nvt10613djakkicv HTTP/1.1" 200 311758 "-" "Mozilla/5.0 (Linux; Android 6.0.1; Nexus 5X Build/MMB29P) AppleWebKit/537.36 (KHTML, like Gecko) Chrome/144.0.7559.132 Mobile Safari/537.36 (compatible; Googlebot/2.1; +http://www.google.com/bot.html)"
3.232.102.111 - - [04/Mar/2026:13:58:07 +0000] "GET /wp-json/wp/v2/pages/79?dir=/home/inceptionblue/public_html/wp-content/plugins/astra-addon/addons/header-sections/assets/css/minified&read=/home/inceptionblue/public_html/wp-content/plugins/astra-addon/addons/header-sections/assets/css/minified/below-header-nav.min.css HTTP/1.1" 200 35625 "-" "Mozilla/5.0 AppleWebKit/537.36 (KHTML, like Gecko; compatible; Amazonbot/0.1; +https://developer.amazon.com/support/amazonbot) Chrome/119.0.6045.214 Safari/537.36"
66.249.77.11 - - [04/Mar/2026:13:58:07 +0000] "GET /?c=ygzcg257ls3445lgkkjbcg HTTP/1.1" 200 305133 "-" "Mozilla/5.0 (Linux; Android 6.0.1; Nexus 5X Build/MMB29P) AppleWebKit/537.36 (KHTML, like Gecko) Chrome/144.0.7559.132 Mobile Safari/537.36 (compatible; Googlebot/2.1; +http://www.google.com/bot.html)"
66.249.77.10 - - [04/Mar/2026:13:58:08 +0000] "GET /?y=elo202q33210fneqqgq HTTP/1.1" 200 327990 "-" "Mozilla/5.0 (Linux; Android 6.0.1; Nexus 5X Build/MMB29P) AppleWebKit/537.36 (KHTML, like Gecko) Chrome/144.0.7559.132 Mobile Safari/537.36 (compatible; Googlebot/2.1; +http://www.google.com/bot.html)"
66.249.77.12 - - [04/Mar/2026:13:58:09 +0000] "GET /?detail/0400257374254 HTTP/1.1" 200 307930 "-" "Mozilla/5.0 (Linux; Android 6.0.1; Nexus 5X Build/MMB29P) AppleWebKit/537.36 (KHTML, like Gecko) Chrome/144.0.7559.132 Mobile Safari/537.36 (compatible; Googlebot/2.1; +http://www.google.com/bot.html)"
66.249.77.7 - - [04/Mar/2026:13:58:10 +0000] "GET /?g=tuhf35kg31707wumfabvuhb HTTP/1.1" 200 314309 "-" "Mozilla/5.0 (Linux; Android 6.0.1; Nexus 5X Build/MMB29P) AppleWebKit/537.36 (KHTML, like Gecko) Chrome/144.0.7559.132 Mobile Safari/537.36 (compatible; Googlebot/2.1; +http://www.google.com/bot.html)"
74.7.241.6 - - [04/Mar/2026:13:58:06 +0000] "GET /buy.php?m22657776830 HTTP/1.1" 200 158612 "https://inception-blue.com/buy.php?detail/08703675385145" "Mozilla/5.0 AppleWebKit/537.36 (KHTML, like Gecko; compatible; GPTBot/1.3; +https://openai.com/gptbot)"
66.249.77.11 - - [04/Mar/2026:13:58:11 +0000] "GET /?b=fqmxy100o46046tepkpodbp HTTP/1.1" 200 318184 "-" "Mozilla/5.0 (Linux; Android 6.0.1; Nexus 5X Build/MMB29P) AppleWebKit/537.36 (KHTML, like Gecko) Chrome/144.0.7559.132 Mobile Safari/537.36 (compatible; GoogleOther)"
100.28.204.82 - - [04/Mar/2026:13:58:11 +0000] "GET /wp-json/wp/v2/pages/2?dir=/home/inceptionblue/public_html/wp-content/plugins/astra-sites/inc/json&read=/home/inceptionblue/public_html/wp-content/plugins/astra-sites/inc/json/astra-sites-and-pages-page-6.json HTTP/1.1" 200 141565 "-" "Mozilla/5.0 AppleWebKit/537.36 (KHTML, like Gecko; compatible; Amazonbot/0.1; +https://developer.amazon.com/support/amazonbot) Chrome/119.0.6045.214 Safari/537.36"
66.249.77.12 - - [04/Mar/2026:13:58:12 +0000] "GET /?o=lnsp104fzwg28152ctrgzo HTTP/1.1" 200 313452 "-" "Mozilla/5.0 (Linux; Android 6.0.1; Nexus 5X Build/MMB29P) AppleWebKit/537.36 (KHTML, like Gecko) Chrome/144.0.7559.132 Mobile Safari/537.36 (compatible; Googlebot/2.1; +http://www.google.com/bot.html)"
66.249.77.8 - - [04/Mar/2026:13:58:13 +0000] "GET /?g=zqltl72wlhl38616enebsag HTTP/1.1" 200 312952 "-" "Mozilla/5.0 (Linux; Android 6.0.1; Nexus 5X Build/MMB29P) AppleWebKit/537.36 (KHTML, like Gecko) Chrome/144.0.7559.132 Mobile Safari/537.36 (compatible; Googlebot/2.1; +http://www.google.com/bot.html)"
74.7.241.6 - - [04/Mar/2026:13:58:11 +0000] "GET /buy.php?goods/031018095 HTTP/1.1" 200 172788 "https://inception-blue.com/buy.php?jp/230004172.html" "Mozilla/5.0 AppleWebKit/537.36 (KHTML, like Gecko; compatible; GPTBot/1.3; +https://openai.com/gptbot)"
66.249.77.9 - - [04/Mar/2026:13:58:14 +0000] "GET /?v=sohm52kmo1926iyykfuvlx HTTP/1.1" 200 303922 "-" "Mozilla/5.0 (Linux; Android 6.0.1; Nexus 5X Build/MMB29P) AppleWebKit/537.36 (KHTML, like Gecko) Chrome/144.0.7559.132 Mobile Safari/537.36 (compatible; Googlebot/2.1; +http://www.google.com/bot.html)"
66.249.77.8 - - [04/Mar/2026:13:58:14 +0000] "GET /?o=ovns228rfo44332sbjshfj HTTP/1.1" 200 361663 "-" "Mozilla/5.0 (Linux; Android 6.0.1; Nexus 5X Build/MMB29P) AppleWebKit/537.36 (KHTML, like Gecko) Chrome/144.0.7559.132 Mobile Safari/537.36 (compatible; Googlebot/2.1; +http://www.google.com/bot.html)"
66.249.77.8 - - [04/Mar/2026:13:58:15 +0000] "GET /?c=rarah132l29918qghloaab HTTP/1.1" 200 306475 "-" "Mozilla/5.0 (Linux; Android 6.0.1; Nexus 5X Build/MMB29P) AppleWebKit/537.36 (KHTML, like Gecko) Chrome/144.0.7559.132 Mobile Safari/537.36 (compatible; Googlebot/2.1; +http://www.google.com/bot.html)"
18.213.102.186 - - [04/Mar/2026:13:58:15 +0000] "GET /wp-json/wp/v2/pages/2?dir=/home/inceptionblue/public_html/wp-content/plugins/wordpress-seo/src/integrations/third-party&read=/home/inceptionblue/public_html/wp-content/plugins/wordpress-seo/src/integrations/third-party/elementor.php HTTP/1.1" 200 57365 "-" "Mozilla/5.0 AppleWebKit/537.36 (KHTML, like Gecko; compatible; Amazonbot/0.1; +https://developer.amazon.com/support/amazonbot) Chrome/119.0.6045.214 Safari/537.36"
74.7.241.6 - - [04/Mar/2026:13:58:14 +0000] "GET /buy.php?detail/09400073701521 HTTP/1.1" 200 152906 "https://inception-blue.com/buy.php?detail/09403907365565" "Mozilla/5.0 AppleWebKit/537.36 (KHTML, like Gecko; compatible; GPTBot/1.3; +https://openai.com/gptbot)"
66.249.77.9 - - [04/Mar/2026:13:58:16 +0000] "GET /?t=esk42nlhaa21088pyooppkzq HTTP/1.1" 200 323238 "-" "Mozilla/5.0 (Linux; Android 6.0.1; Nexus 5X Build/MMB29P) AppleWebKit/537.36 (KHTML, like Gecko) Chrome/144.0.7559.132 Mobile Safari/537.36 (compatible; Googlebot/2.1; +http://www.google.com/bot.html)"
66.249.77.11 - - [04/Mar/2026:13:58:17 +0000] "GET /?j=pil145vt7315fbkxxrrcki HTTP/1.1" 200 298528 "-" "Mozilla/5.0 (Linux; Android 6.0.1; Nexus 5X Build/MMB29P) AppleWebKit/537.36 (KHTML, like Gecko) Chrome/144.0.7559.132 Mobile Safari/537.36 (compatible; Googlebot/2.1; +http://www.google.com/bot.html)"
66.249.77.8 - - [04/Mar/2026:13:58:17 +0000] "GET /?detail/274025353726 HTTP/1.1" 200 314952 "-" "Mozilla/5.0 (Linux; Android 6.0.1; Nexus 5X Build/MMB29P) AppleWebKit/537.36 (KHTML, like Gecko) Chrome/144.0.7559.132 Mobile Safari/537.36 (compatible; Googlebot/2.1; +http://www.google.com/bot.html)"
66.249.77.10 - - [04/Mar/2026:13:58:18 +0000] "GET /1150563143 HTTP/1.1" 200 312657 "-" "Mozilla/5.0 (Linux; Android 6.0.1; Nexus 5X Build/MMB29P) AppleWebKit/537.36 (KHTML, like Gecko) Chrome/144.0.7559.132 Mobile Safari/537.36 (compatible; GoogleOther)"
66.249.77.8 - - [04/Mar/2026:13:58:19 +0000] "GET /?b=pgo120seal2638ibpjxdwxws HTTP/1.1" 200 363370 "-" "Mozilla/5.0 (Linux; Android 6.0.1; Nexus 5X Build/MMB29P) AppleWebKit/537.36 (KHTML, like Gecko) Chrome/144.0.7559.132 Mobile Safari/537.36 (compatible; Googlebot/2.1; +http://www.google.com/bot.html)"
52.4.238.8 - - [04/Mar/2026:13:58:19 +0000] "GET /wp-json/wp/v2/posts/1?dir=/home/inceptionblue/public_html/wp-content/themes/astra/assets/css/minified/compatibility/woocommerce&read=/home/inceptionblue/public_html/wp-content/themes/astra/assets/css/minified/compatibility/woocommerce/woocommerce-grid.min-rtl.css HTTP/1.1" 200 144090 "-" "Mozilla/5.0 AppleWebKit/537.36 (KHTML, like Gecko; compatible; Amazonbot/0.1; +https://developer.amazon.com/support/amazonbot) Chrome/119.0.6045.214 Safari/537.36"
66.249.77.11 - - [04/Mar/2026:13:58:20 +0000] "GET /?g=zsms225qsqjs16295abkaumaxs HTTP/1.1" 200 305637 "-" "Mozilla/5.0 (Linux; Android 6.0.1; Nexus 5X Build/MMB29P) AppleWebKit/537.36 (KHTML, like Gecko) Chrome/144.0.7559.132 Mobile Safari/537.36 (compatible; Googlebot/2.1; +http://www.google.com/bot.html)"
66.249.77.11 - - [04/Mar/2026:13:58:20 +0000] "GET /?t=lrfax39hmjzu28069kbgfkzuhn HTTP/1.1" 200 318133 "-" "Mozilla/5.0 (Linux; Android 6.0.1; Nexus 5X Build/MMB29P) AppleWebKit/537.36 (KHTML, like Gecko) Chrome/144.0.7559.132 Mobile Safari/537.36 (compatible; Googlebot/2.1; +http://www.google.com/bot.html)"
74.7.241.6 - - [04/Mar/2026:13:58:16 +0000] "GET /buy.php?detail/10601527759890 HTTP/1.1" 200 158822 "https://inception-blue.com/buy.php?detail/09403907365565" "Mozilla/5.0 AppleWebKit/537.36 (KHTML, like Gecko; compatible; GPTBot/1.3; +https://openai.com/gptbot)"
66.249.77.8 - - [04/Mar/2026:13:58:21 +0000] "GET /?w=xcbuj97pq31095gfvglpfbmg HTTP/1.1" 200 302334 "-" "Mozilla/5.0 (Linux; Android 6.0.1; Nexus 5X Build/MMB29P) AppleWebKit/537.36 (KHTML, like Gecko) Chrome/144.0.7559.132 Mobile Safari/537.36 (compatible; Googlebot/2.1; +http://www.google.com/bot.html)"
66.249.77.11 - - [04/Mar/2026:13:58:22 +0000] "GET /?n=lzegr10vbkcv7728rpiftv HTTP/1.1" 200 315521 "-" "Mozilla/5.0 (Linux; Android 6.0.1; Nexus 5X Build/MMB29P) AppleWebKit/537.36 (KHTML, like Gecko) Chrome/144.0.7559.132 Mobile Safari/537.36 (compatible; Googlebot/2.1; +http://www.google.com/bot.html)"
66.249.77.11 - - [04/Mar/2026:13:58:22 +0000] "GET /?e=affty194aap24578xbhqxfvqi HTTP/1.1" 200 308688 "-" "Mozilla/5.0 (Linux; Android 6.0.1; Nexus 5X Build/MMB29P) AppleWebKit/537.36 (KHTML, like Gecko) Chrome/144.0.7559.132 Mobile Safari/537.36 (compatible; Googlebot/2.1; +http://www.google.com/bot.html)"
66.249.77.10 - - [04/Mar/2026:13:58:23 +0000] "GET /?z=vztja70fixzm35026urqecmcf HTTP/1.1" 200 299237 "-" "Mozilla/5.0 (Linux; Android 6.0.1; Nexus 5X Build/MMB29P) AppleWebKit/537.36 (KHTML, like Gecko) Chrome/144.0.7559.132 Mobile Safari/537.36 (compatible; Googlebot/2.1; +http://www.google.com/bot.html)"
98.83.177.42 - - [04/Mar/2026:13:58:23 +0000] "GET /wp-json/wp/v2/pages/79?dir=/home/inceptionblue/public_html/wp-content/plugins/astra-sites/inc/lib/gutenberg-templates/dist/json&read=/home/inceptionblue/public_html/wp-content/plugins/astra-sites/inc/lib/gutenberg-templates/dist/json/ast-block-templates-block-requests.json HTTP/1.1" 200 31789 "-" "Mozilla/5.0 AppleWebKit/537.36 (KHTML, like Gecko; compatible; Amazonbot/0.1; +https://developer.amazon.com/support/amazonbot) Chrome/119.0.6045.214 Safari/537.36"
66.249.77.10 - - [04/Mar/2026:13:58:24 +0000] "GET /?c=uol13awe12603whjwijzb HTTP/1.1" 200 336874 "-" "Mozilla/5.0 (Linux; Android 6.0.1; Nexus 5X Build/MMB29P) AppleWebKit/537.36 (KHTML, like Gecko) Chrome/144.0.7559.132 Mobile Safari/537.36 (compatible; Googlebot/2.1; +http://www.google.com/bot.html)"
66.249.77.8 - - [04/Mar/2026:13:58:25 +0000] "GET /?z=uvhua230jr16734udnjjpyjn HTTP/1.1" 200 306627 "-" "Mozilla/5.0 (Linux; Android 6.0.1; Nexus 5X Build/MMB29P) AppleWebKit/537.36 (KHTML, like Gecko) Chrome/144.0.7559.132 Mobile Safari/537.36 (compatible; GoogleOther)"
74.7.241.6 - - [04/Mar/2026:13:58:21 +0000] "GET /buy.php?shopbrand/farm/251028859.htm HTTP/1.1" 200 158625 "https://inception-blue.com/buy.php?m44486407981" "Mozilla/5.0 AppleWebKit/537.36 (KHTML, like Gecko; compatible; GPTBot/1.3; +https://openai.com/gptbot)"
66.249.77.8 - - [04/Mar/2026:13:58:25 +0000] "GET /?m=omusn252angj3592deuehcw HTTP/1.1" 200 299665 "-" "Mozilla/5.0 (Linux; Android 6.0.1; Nexus 5X Build/MMB29P) AppleWebKit/537.36 (KHTML, like Gecko) Chrome/144.0.7559.132 Mobile Safari/537.36 (compatible; Googlebot/2.1; +http://www.google.com/bot.html)"
66.249.77.7 - - [04/Mar/2026:13:58:26 +0000] "GET /?goods/098013217 HTTP/1.1" 200 340290 "-" "Mozilla/5.0 (Linux; Android 6.0.1; Nexus 5X Build/MMB29P) AppleWebKit/537.36 (KHTML, like Gecko) Chrome/144.0.7559.132 Mobile Safari/537.36 (compatible; Googlebot/2.1; +http://www.google.com/bot.html)"
66.249.77.10 - - [04/Mar/2026:13:58:27 +0000] "GET /?t=ibbmt195bbu13087fadklt HTTP/1.1" 200 330017 "-" "Mozilla/5.0 (Linux; Android 6.0.1; Nexus 5X Build/MMB29P) AppleWebKit/537.36 (KHTML, like Gecko) Chrome/144.0.7559.132 Mobile Safari/537.36 (compatible; Googlebot/2.1; +http://www.google.com/bot.html)"
66.249.77.8 - - [04/Mar/2026:13:58:27 +0000] "GET /?t=umf125mzk42097sodjphge HTTP/1.1" 200 306788 "-" "Mozilla/5.0 (Linux; Android 6.0.1; Nexus 5X Build/MMB29P) AppleWebKit/537.36 (KHTML, like Gecko) Chrome/144.0.7559.132 Mobile Safari/537.36 (compatible; Googlebot/2.1; +http://www.google.com/bot.html)"
98.82.38.120 - - [04/Mar/2026:13:58:27 +0000] "GET /wp-json/wp/v2/pages/79?dir=/home/inceptionblue/public_html/wp-content/plugins/astra-sites/inc/lib/gutenberg-templates/dist/json&read=/home/inceptionblue/public_html/wp-content/plugins/astra-sites/inc/lib/gutenberg-templates/dist/json/ast-block-templates-blocks-6.json HTTP/1.1" 200 1114343 "-" "Mozilla/5.0 AppleWebKit/537.36 (KHTML, like Gecko; compatible; Amazonbot/0.1; +https://developer.amazon.com/support/amazonbot) Chrome/119.0.6045.214 Safari/537.36"
66.249.77.11 - - [04/Mar/2026:13:58:28 +0000] "GET /?a=zpstc142uwnso25786rhmpfpnrmr HTTP/1.1" 200 303247 "-" "Mozilla/5.0 (Linux; Android 6.0.1; Nexus 5X Build/MMB29P) AppleWebKit/537.36 (KHTML, like Gecko) Chrome/144.0.7559.132 Mobile Safari/537.36 (compatible; Googlebot/2.1; +http://www.google.com/bot.html)"
66.249.77.11 - - [04/Mar/2026:13:58:29 +0000] "GET /?g=ehb203jobsw47561mqdxsfzku HTTP/1.1" 200 302719 "-" "Mozilla/5.0 (Linux; Android 6.0.1; Nexus 5X Build/MMB29P) AppleWebKit/537.36 (KHTML, like Gecko) Chrome/144.0.7559.132 Mobile Safari/537.36 (compatible; Googlebot/2.1; +http://www.google.com/bot.html)"
66.249.77.8 - - [04/Mar/2026:13:58:30 +0000] "GET /?y=bhzwf51hlx30779dfcfbeow HTTP/1.1" 200 300831 "-" "Mozilla/5.0 (Linux; Android 6.0.1; Nexus 5X Build/MMB29P) AppleWebKit/537.36 (KHTML, like Gecko) Chrome/144.0.7559.132 Mobile Safari/537.36 (compatible; Googlebot/2.1; +http://www.google.com/bot.html)"
74.7.241.6 - - [04/Mar/2026:13:58:26 +0000] "GET /buy.php?m65666842708 HTTP/1.1" 200 157931 "https://inception-blue.com/buy.php?detail/13400424112655" "Mozilla/5.0 AppleWebKit/537.36 (KHTML, like Gecko; compatible; GPTBot/1.3; +https://openai.com/gptbot)"
74.7.241.6 - - [04/Mar/2026:13:58:30 +0000] "GET /buy.php?m77728791084 HTTP/1.1" 200 156625 "https://inception-blue.com/buy.php?detail/03703387693006" "Mozilla/5.0 AppleWebKit/537.36 (KHTML, like Gecko; compatible; GPTBot/1.3; +https://openai.com/gptbot)"
34.206.212.24 - - [04/Mar/2026:13:58:32 +0000] "GET /wp-json/wp/v2/posts/1?dir=/home/inceptionblue/public_html/wp-content/themes/astra/assets/css/minified/compatibility/woocommerce&read=/home/inceptionblue/public_html/wp-content/themes/astra/assets/css/minified/compatibility/woocommerce/woocommerce.min-rtl.css HTTP/1.1" 200 144829 "-" "Mozilla/5.0 AppleWebKit/537.36 (KHTML, like Gecko; compatible; Amazonbot/0.1; +https://developer.amazon.com/support/amazonbot) Chrome/119.0.6045.214 Safari/537.36"
66.249.77.11 - - [04/Mar/2026:13:58:32 +0000] "GET /?b=wqvk227jf49005bmbcxrijyi HTTP/1.1" 200 303049 "-" "Mozilla/5.0 (Linux; Android 6.0.1; Nexus 5X Build/MMB29P) AppleWebKit/537.36 (KHTML, like Gecko) Chrome/144.0.7559.132 Mobile Safari/537.36 (compatible; GoogleOther)"
66.249.77.10 - - [04/Mar/2026:13:58:34 +0000] "GET /?c=nfh141ar5693neebpjpt HTTP/1.1" 200 308757 "-" "Mozilla/5.0 (Linux; Android 6.0.1; Nexus 5X Build/MMB29P) AppleWebKit/537.36 (KHTML, like Gecko) Chrome/144.0.7559.132 Mobile Safari/537.36 (compatible; Googlebot/2.1; +http://www.google.com/bot.html)"
66.249.77.13 - - [04/Mar/2026:13:58:35 +0000] "GET /?g=lvkjk195fcv25041ogolbkeic HTTP/1.1" 200 323672 "-" "Mozilla/5.0 (Linux; Android 6.0.1; Nexus 5X Build/MMB29P) AppleWebKit/537.36 (KHTML, like Gecko) Chrome/144.0.7559.132 Mobile Safari/537.36 (compatible; Googlebot/2.1; +http://www.google.com/bot.html)"
34.192.125.239 - - [04/Mar/2026:13:58:35 +0000] "GET /wp-json/wp/v2/pages/79?dir=/home/inceptionblue/public_html/wp-content/plugins/google-site-kit/third-party/google/apiclient-services/src/TagManager&read=/home/inceptionblue/public_html/wp-content/plugins/google-site-kit/third-party/google/apiclient-services/src/TagManager/ListClientsResponse.php HTTP/1.1" 200 33691 "-" "Mozilla/5.0 AppleWebKit/537.36 (KHTML, like Gecko; compatible; Amazonbot/0.1; +https://developer.amazon.com/support/amazonbot) Chrome/119.0.6045.214 Safari/537.36"
74.7.241.6 - - [04/Mar/2026:13:58:33 +0000] "GET /buy.php?detail/07204990352501 HTTP/1.1" 200 160850 "https://inception-blue.com/buy.php?detail/01900164072736" "Mozilla/5.0 AppleWebKit/537.36 (KHTML, like Gecko; compatible; GPTBot/1.3; +https://openai.com/gptbot)"
66.249.77.10 - - [04/Mar/2026:13:58:36 +0000] "GET /?i=zrrk187jj7433luumfjw HTTP/1.1" 200 302276 "-" "Mozilla/5.0 (Linux; Android 6.0.1; Nexus 5X Build/MMB29P) AppleWebKit/537.36 (KHTML, like Gecko) Chrome/144.0.7559.132 Mobile Safari/537.36 (compatible; Googlebot/2.1; +http://www.google.com/bot.html)"
66.249.77.8 - - [04/Mar/2026:13:58:37 +0000] "GET /?g=byr138qzg24578enfxgv HTTP/1.1" 200 302811 "-" "Mozilla/5.0 (Linux; Android 6.0.1; Nexus 5X Build/MMB29P) AppleWebKit/537.36 (KHTML, like Gecko) Chrome/144.0.7559.132 Mobile Safari/537.36 (compatible; Googlebot/2.1; +http://www.google.com/bot.html)"
66.249.77.1 - - [04/Mar/2026:13:58:38 +0000] "GET /?t=kdfjx131b23121ujftgs HTTP/1.1" 200 304109 "-" "Mozilla/5.0 (Linux; Android 6.0.1; Nexus 5X Build/MMB29P) AppleWebKit/537.36 (KHTML, like Gecko) Chrome/144.0.7559.132 Mobile Safari/537.36 (compatible; Googlebot/2.1; +http://www.google.com/bot.html)"
34.202.88.37 - - [04/Mar/2026:13:58:39 +0000] "GET /wp-json/wp/v2/pages/79?dir=/home/inceptionblue/public_html/wp-content/plugins/astra-addon/addons/woocommerce/assets/js/unminified&read=/home/inceptionblue/public_html/wp-content/plugins/astra-addon/addons/woocommerce/assets/js/unminified/modern-checkout.js HTTP/1.1" 200 43770 "-" "Mozilla/5.0 AppleWebKit/537.36 (KHTML, like Gecko; compatible; Amazonbot/0.1; +https://developer.amazon.com/support/amazonbot) Chrome/119.0.6045.214 Safari/537.36"
66.249.77.7 - - [04/Mar/2026:13:58:39 +0000] "GET /?k=syefr186rdh23072toehrfb HTTP/1.1" 200 324490 "-" "Mozilla/5.0 (Linux; Android 6.0.1; Nexus 5X Build/MMB29P) AppleWebKit/537.36 (KHTML, like Gecko) Chrome/144.0.7559.132 Mobile Safari/537.36 (compatible; Googlebot/2.1; +http://www.google.com/bot.html)"
66.249.77.13 - - [04/Mar/2026:13:58:40 +0000] "GET /?g=mysa49qanec27523rcafamp HTTP/1.1" 200 305112 "-" "Mozilla/5.0 (Linux; Android 6.0.1; Nexus 5X Build/MMB29P) AppleWebKit/537.36 (KHTML, like Gecko) Chrome/144.0.7559.132 Mobile Safari/537.36 (compatible; Googlebot/2.1; +http://www.google.com/bot.html)"
74.7.241.6 - - [04/Mar/2026:13:58:36 +0000] "GET /buy.php?goods/131038680 HTTP/1.1" 200 156138 "https://inception-blue.com/buy.php?detail/13100428800801" "Mozilla/5.0 AppleWebKit/537.36 (KHTML, like Gecko; compatible; GPTBot/1.3; +https://openai.com/gptbot)"
66.249.77.11 - - [04/Mar/2026:13:58:41 +0000] "GET /?y=awwb124wwhh13552cggzqv HTTP/1.1" 200 301821 "-" "Mozilla/5.0 (Linux; Android 6.0.1; Nexus 5X Build/MMB29P) AppleWebKit/537.36 (KHTML, like Gecko) Chrome/144.0.7559.132 Mobile Safari/537.36 (compatible; Googlebot/2.1; +http://www.google.com/bot.html)"
66.249.77.12 - - [04/Mar/2026:13:58:42 +0000] "GET /?c=kzlsj56i42268qptnmrrkto HTTP/1.1" 200 300020 "-" "Mozilla/5.0 (Linux; Android 6.0.1; Nexus 5X Build/MMB29P) AppleWebKit/537.36 (KHTML, like Gecko) Chrome/144.0.7559.132 Mobile Safari/537.36 (compatible; Googlebot/2.1; +http://www.google.com/bot.html)"
66.249.77.12 - - [04/Mar/2026:13:58:43 +0000] "GET /?detail/20100335527876 HTTP/1.1" 200 299340 "-" "Mozilla/5.0 (Linux; Android 6.0.1; Nexus 5X Build/MMB29P) AppleWebKit/537.36 (KHTML, like Gecko) Chrome/144.0.7559.132 Mobile Safari/537.36 (compatible; Googlebot/2.1; +http://www.google.com/bot.html)"
74.7.241.6 - - [04/Mar/2026:13:58:41 +0000] "GET /buy.php?detail/29000070122235 HTTP/1.1" 200 153513 "https://inception-blue.com/buy.php?detail/29002345834882" "Mozilla/5.0 AppleWebKit/537.36 (KHTML, like Gecko; compatible; GPTBot/1.3; +https://openai.com/gptbot)"
66.249.77.2 - - [04/Mar/2026:13:58:44 +0000] "GET /?j=zrjq242nwjc8442astvmzvdzp HTTP/1.1" 200 328066 "-" "Mozilla/5.0 (Linux; Android 6.0.1; Nexus 5X Build/MMB29P) AppleWebKit/537.36 (KHTML, like Gecko) Chrome/144.0.7559.132 Mobile Safari/537.36 (compatible; Googlebot/2.1; +http://www.google.com/bot.html)"
159.223.142.74 - - [04/Mar/2026:13:58:44 +0000] "POST /wp-cron.php?doing_wp_cron=1772632724.0916140079498291015625 HTTP/1.1" 404 185455 "-" "WordPress/6.9.1; https://inception-blue.com"
98.82.40.168 - - [04/Mar/2026:13:58:43 +0000] "GET /wp-json/wp/v2/pages/2?dir=/home/inceptionblue/public_html/wp-content/plugins/astra-sites/inc/assets/js&read=/home/inceptionblue/public_html/wp-content/plugins/astra-sites/inc/assets/js/elementor-admin-page.js HTTP/1.1" 200 93491 "-" "Mozilla/5.0 AppleWebKit/537.36 (KHTML, like Gecko; compatible; Amazonbot/0.1; +https://developer.amazon.com/support/amazonbot) Chrome/119.0.6045.214 Safari/537.36"
66.249.77.2 - - [04/Mar/2026:13:58:44 +0000] "GET /?n=hbcpk62bzjt17100owtsrlmodq HTTP/1.1" 200 301312 "-" "Mozilla/5.0 (Linux; Android 6.0.1; Nexus 5X Build/MMB29P) AppleWebKit/537.36 (KHTML, like Gecko) Chrome/144.0.7559.132 Mobile Safari/537.36 (compatible; Googlebot/2.1; +http://www.google.com/bot.html)"
66.249.77.13 - - [04/Mar/2026:13:58:45 +0000] "GET /?g=auoh286raxb13144irgczmhvlf HTTP/1.1" 200 307323 "-" "Mozilla/5.0 (Linux; Android 6.0.1; Nexus 5X Build/MMB29P) AppleWebKit/537.36 (KHTML, like Gecko) Chrome/144.0.7559.132 Mobile Safari/537.36 (compatible; Googlebot/2.1; +http://www.google.com/bot.html)"
66.249.77.13 - - [04/Mar/2026:13:58:46 +0000] "GET /?m=wnx172occtb42352nnblditv HTTP/1.1" 200 336457 "-" "Mozilla/5.0 (Linux; Android 6.0.1; Nexus 5X Build/MMB29P) AppleWebKit/537.36 (KHTML, like Gecko) Chrome/144.0.7559.132 Mobile Safari/537.36 (compatible; Googlebot/2.1; +http://www.google.com/bot.html)"
23.23.137.202 - - [04/Mar/2026:13:58:47 +0000] "GET /wp-json/wp/v2/pages/79?dir=/home/inceptionblue/public_html/wp-content/plugins/astra-addon/addons/woocommerce/assets/js/unminified&read=/home/inceptionblue/public_html/wp-content/plugins/astra-addon/addons/woocommerce/assets/js/unminified/single-product-gallery.js HTTP/1.1" 200 32281 "-" "Mozilla/5.0 AppleWebKit/537.36 (KHTML, like Gecko; compatible; Amazonbot/0.1; +https://developer.amazon.com/support/amazonbot) Chrome/119.0.6045.214 Safari/537.36"
74.7.241.6 - - [04/Mar/2026:13:58:44 +0000] "GET /buy.php?m56796999524 HTTP/1.1" 200 154832 "https://inception-blue.com/buy.php?detail/15801793297289" "Mozilla/5.0 AppleWebKit/537.36 (KHTML, like Gecko; compatible; GPTBot/1.3; +https://openai.com/gptbot)"
66.249.77.2 - - [04/Mar/2026:13:58:47 +0000] "GET /product/142042283 HTTP/1.1" 200 303996 "-" "Mozilla/5.0 (Linux; Android 6.0.1; Nexus 5X Build/MMB29P) AppleWebKit/537.36 (KHTML, like Gecko) Chrome/144.0.7559.132 Mobile Safari/537.36 (compatible; Googlebot/2.1; +http://www.google.com/bot.html)"
66.249.77.1 - - [04/Mar/2026:13:58:49 +0000] "GET /?t=kmld220fmrp7900tlwlvxjkrc HTTP/1.1" 200 324131 "-" "Mozilla/5.0 (Linux; Android 6.0.1; Nexus 5X Build/MMB29P) AppleWebKit/537.36 (KHTML, like Gecko) Chrome/144.0.7559.132 Mobile Safari/537.36 (compatible; Googlebot/2.1; +http://www.google.com/bot.html)"
66.249.77.2 - - [04/Mar/2026:13:58:49 +0000] "GET /?z=pjl179x9931mfwrse HTTP/1.1" 200 306403 "-" "Mozilla/5.0 (Linux; Android 6.0.1; Nexus 5X Build/MMB29P) AppleWebKit/537.36 (KHTML, like Gecko) Chrome/144.0.7559.132 Mobile Safari/537.36 (compatible; Googlebot/2.1; +http://www.google.com/bot.html)"
74.7.241.6 - - [04/Mar/2026:13:58:48 +0000] "GET /buy.php?detail/00300030316034 HTTP/1.1" 200 160664 "https://inception-blue.com/buy.php?m22657776830" "Mozilla/5.0 AppleWebKit/537.36 (KHTML, like Gecko; compatible; GPTBot/1.3; +https://openai.com/gptbot)"
66.249.77.12 - - [04/Mar/2026:13:58:50 +0000] "GET /?k=vorkr229mbibh15677zyzcdeod HTTP/1.1" 200 359991 "-" "Mozilla/5.0 (Linux; Android 6.0.1; Nexus 5X Build/MMB29P) AppleWebKit/537.36 (KHTML, like Gecko) Chrome/144.0.7559.132 Mobile Safari/537.36 (compatible; Googlebot/2.1; +http://www.google.com/bot.html)"
66.249.77.2 - - [04/Mar/2026:13:58:52 +0000] "GET /?z=mgqnh152ndo49296jkydys HTTP/1.1" 200 313929 "-" "Mozilla/5.0 (Linux; Android 6.0.1; Nexus 5X Build/MMB29P) AppleWebKit/537.36 (KHTML, like Gecko) Chrome/144.0.7559.132 Mobile Safari/537.36 (compatible; Googlebot/2.1; +http://www.google.com/bot.html)"
44.212.232.231 - - [04/Mar/2026:13:58:52 +0000] "GET /wp-json/wp/v2/pages/79?dir=/home/inceptionblue/public_html/wp-content/plugins/astra-addon/addons/woocommerce/assets/css/unminified&read=/home/inceptionblue/public_html/wp-content/plugins/astra-addon/addons/woocommerce/assets/css/unminified/style-rtl.css HTTP/1.1" 200 59603 "-" "Mozilla/5.0 AppleWebKit/537.36 (KHTML, like Gecko; compatible; Amazonbot/0.1; +https://developer.amazon.com/support/amazonbot) Chrome/119.0.6045.214 Safari/537.36"
66.249.77.13 - - [04/Mar/2026:13:58:53 +0000] "GET /?y=bxitr156dxyom45620gyplfzxa HTTP/1.1" 200 307310 "-" "Mozilla/5.0 (Linux; Android 6.0.1; Nexus 5X Build/MMB29P) AppleWebKit/537.36 (KHTML, like Gecko) Chrome/144.0.7559.132 Mobile Safari/537.36 (compatible; Googlebot/2.1; +http://www.google.com/bot.html)"
66.249.77.13 - - [04/Mar/2026:13:58:54 +0000] "GET /?l=zipx229nmsaj41751enlbzwii HTTP/1.1" 200 309056 "-" "Mozilla/5.0 (Linux; Android 6.0.1; Nexus 5X Build/MMB29P) AppleWebKit/537.36 (KHTML, like Gecko) Chrome/144.0.7559.132 Mobile Safari/537.36 (compatible; GoogleOther)"
66.249.77.7 - - [04/Mar/2026:13:58:55 +0000] "GET /?jp/231004174.html HTTP/1.1" 200 332525 "-" "Mozilla/5.0 (Linux; Android 6.0.1; Nexus 5X Build/MMB29P) AppleWebKit/537.36 (KHTML, like Gecko) Chrome/144.0.7559.132 Mobile Safari/537.36 (compatible; Googlebot/2.1; +http://www.google.com/bot.html)"
74.7.241.6 - - [04/Mar/2026:13:58:51 +0000] "GET /buy.php?m28278444907 HTTP/1.1" 200 156174 "https://inception-blue.com/buy.php?m11107820269" "Mozilla/5.0 AppleWebKit/537.36 (KHTML, like Gecko; compatible; GPTBot/1.3; +https://openai.com/gptbot)"
66.249.77.3 - - [04/Mar/2026:13:58:55 +0000] "GET /?m=cpb209uht7391jclqpte HTTP/1.1" 200 299594 "-" "Mozilla/5.0 (Linux; Android 6.0.1; Nexus 5X Build/MMB29P) AppleWebKit/537.36 (KHTML, like Gecko) Chrome/144.0.7559.132 Mobile Safari/537.36 (compatible; Googlebot/2.1; +http://www.google.com/bot.html)"
3.221.222.168 - - [04/Mar/2026:13:58:55 +0000] "GET /wp-json/wp/v2/pages/79?dir=/home/inceptionblue/public_html/wp-content/plugins/astra-addon/addons/blog-pro/assets/css/unminified&read=/home/inceptionblue/public_html/wp-content/plugins/astra-addon/addons/blog-pro/assets/css/unminified/related-posts.css HTTP/1.1" 200 32577 "-" "Mozilla/5.0 AppleWebKit/537.36 (KHTML, like Gecko; compatible; Amazonbot/0.1; +https://developer.amazon.com/support/amazonbot) Chrome/119.0.6045.214 Safari/537.36"
66.249.77.1 - - [04/Mar/2026:13:58:56 +0000] "GET /?i=yilq5wu43809bnnpissyrl HTTP/1.1" 200 301093 "-" "Mozilla/5.0 (Linux; Android 6.0.1; Nexus 5X Build/MMB29P) AppleWebKit/537.36 (KHTML, like Gecko) Chrome/144.0.7559.132 Mobile Safari/537.36 (compatible; Googlebot/2.1; +http://www.google.com/bot.html)"
66.249.77.12 - - [04/Mar/2026:13:58:57 +0000] "GET /?y=pkhmm248l30140uvvkju HTTP/1.1" 200 302677 "-" "Mozilla/5.0 (Linux; Android 6.0.1; Nexus 5X Build/MMB29P) AppleWebKit/537.36 (KHTML, like Gecko) Chrome/144.0.7559.132 Mobile Safari/537.36 (compatible; Googlebot/2.1; +http://www.google.com/bot.html)"
66.249.77.12 - - [04/Mar/2026:13:58:58 +0000] "GET /?r=zbu28z12610phofrfvvf HTTP/1.1" 200 316241 "-" "Mozilla/5.0 (Linux; Android 6.0.1; Nexus 5X Build/MMB29P) AppleWebKit/537.36 (KHTML, like Gecko) Chrome/144.0.7559.132 Mobile Safari/537.36 (compatible; Googlebot/2.1; +http://www.google.com/bot.html)"
74.7.241.6 - - [04/Mar/2026:13:58:56 +0000] "GET /buy.php?detail/10903706769552 HTTP/1.1" 200 154822 "https://inception-blue.com/buy.php?detail/09400073701521" "Mozilla/5.0 AppleWebKit/537.36 (KHTML, like Gecko; compatible; GPTBot/1.3; +https://openai.com/gptbot)"
66.249.77.8 - - [04/Mar/2026:13:58:58 +0000] "GET /?i=mcdmi274ghfqk11326izotimvvas HTTP/1.1" 200 313211 "-" "Mozilla/5.0 (Linux; Android 6.0.1; Nexus 5X Build/MMB29P) AppleWebKit/537.36 (KHTML, like Gecko) Chrome/144.0.7559.132 Mobile Safari/537.36 (compatible; Googlebot/2.1; +http://www.google.com/bot.html)"
66.249.77.1 - - [04/Mar/2026:13:58:59 +0000] "GET /?g=cmb236tsmr47542mkskcjmrw HTTP/1.1" 200 304742 "-" "Mozilla/5.0 (Linux; Android 6.0.1; Nexus 5X Build/MMB29P) AppleWebKit/537.36 (KHTML, like Gecko) Chrome/144.0.7559.132 Mobile Safari/537.36 (compatible; Googlebot/2.1; +http://www.google.com/bot.html)"
3.81.253.213 - - [04/Mar/2026:13:58:59 +0000] "GET /wp-json/wp/v2/users/1?dir=/home/inceptionblue/public_html/wp-content/plugins/google-site-kit/third-party/google/apiclient-services/src/TagManager/Resource&read=/home/inceptionblue/public_html/wp-content/plugins/google-site-kit/third-party/google/apiclient-services/src/TagManager/Resource/AccountsContainersWorkspaces.php HTTP/1.1" 200 29798 "-" "Mozilla/5.0 AppleWebKit/537.36 (KHTML, like Gecko; compatible; Amazonbot/0.1; +https://developer.amazon.com/support/amazonbot) Chrome/119.0.6045.214 Safari/537.36"
66.249.77.12 - - [04/Mar/2026:13:59:00 +0000] "GET /?f=ndaav27ok5333iieknvth HTTP/1.1" 200 312703 "-" "Mozilla/5.0 (Linux; Android 6.0.1; Nexus 5X Build/MMB29P) AppleWebKit/537.36 (KHTML, like Gecko) Chrome/144.0.7559.132 Mobile Safari/537.36 (compatible; Googlebot/2.1; +http://www.google.com/bot.html)"
74.7.241.6 - - [04/Mar/2026:13:58:59 +0000] "GET /buy.php?goods/106015277 HTTP/1.1" 200 160893 "https://inception-blue.com/buy.php?detail/10601527759890" "Mozilla/5.0 AppleWebKit/537.36 (KHTML, like Gecko; compatible; GPTBot/1.3; +https://openai.com/gptbot)"
66.249.77.13 - - [04/Mar/2026:13:59:02 +0000] "GET /?g=ebtuk135nvfg42185xiqbvaf HTTP/1.1" 200 327682 "-" "Mozilla/5.0 (Linux; Android 6.0.1; Nexus 5X Build/MMB29P) AppleWebKit/537.36 (KHTML, like Gecko) Chrome/144.0.7559.132 Mobile Safari/537.36 (compatible; Googlebot/2.1; +http://www.google.com/bot.html)"
66.249.77.1 - - [04/Mar/2026:13:59:02 +0000] "GET /?l=bnc91gqrog7141rwhihw HTTP/1.1" 200 301317 "-" "Mozilla/5.0 (Linux; Android 6.0.1; Nexus 5X Build/MMB29P) AppleWebKit/537.36 (KHTML, like Gecko) Chrome/144.0.7559.132 Mobile Safari/537.36 (compatible; GoogleOther)"
66.249.77.13 - - [04/Mar/2026:13:59:03 +0000] "GET /?m=qma28t23258kllxfssdda HTTP/1.1" 200 304970 "-" "Mozilla/5.0 (Linux; Android 6.0.1; Nexus 5X Build/MMB29P) AppleWebKit/537.36 (KHTML, like Gecko) Chrome/144.0.7559.132 Mobile Safari/537.36 (compatible; Googlebot/2.1; +http://www.google.com/bot.html)"
98.82.59.253 - - [04/Mar/2026:13:59:03 +0000] "GET /wp-json/wp/v2/pages/2?dir=/home/inceptionblue/public_html/wp-content/plugins/google-site-kit/third-party/google/apiclient-services/src/PagespeedInsights&read=/home/inceptionblue/public_html/wp-content/plugins/google-site-kit/third-party/google/apiclient-services/src/PagespeedInsights/Environment.php HTTP/1.1" 200 31478 "-" "Mozilla/5.0 AppleWebKit/537.36 (KHTML, like Gecko; compatible; Amazonbot/0.1; +https://developer.amazon.com/support/amazonbot) Chrome/119.0.6045.214 Safari/537.36"
66.249.77.8 - - [04/Mar/2026:13:59:04 +0000] "GET /?detail/24002455359412 HTTP/1.1" 200 304805 "-" "Mozilla/5.0 (Linux; Android 6.0.1; Nexus 5X Build/MMB29P) AppleWebKit/537.36 (KHTML, like Gecko) Chrome/144.0.7559.132 Mobile Safari/537.36 (compatible; Googlebot/2.1; +http://www.google.com/bot.html)"
74.7.241.6 - - [04/Mar/2026:13:59:02 +0000] "GET /buy.php?detail/10602305921313 HTTP/1.1" 200 145877 "https://inception-blue.com/buy.php?detail/10601527759890" "Mozilla/5.0 AppleWebKit/537.36 (KHTML, like Gecko; compatible; GPTBot/1.3; +https://openai.com/gptbot)"
66.249.77.10 - - [04/Mar/2026:13:59:05 +0000] "GET /1098406449 HTTP/1.1" 200 309376 "-" "Mozilla/5.0 (Linux; Android 6.0.1; Nexus 5X Build/MMB29P) AppleWebKit/537.36 (KHTML, like Gecko) Chrome/144.0.7559.132 Mobile Safari/537.36 (compatible; Googlebot/2.1; +http://www.google.com/bot.html)"
66.249.77.10 - - [04/Mar/2026:13:59:06 +0000] "GET /?k=txsgs109ujcj24595mwmefqqox HTTP/1.1" 200 300878 "-" "Mozilla/5.0 (Linux; Android 6.0.1; Nexus 5X Build/MMB29P) AppleWebKit/537.36 (KHTML, like Gecko) Chrome/144.0.7559.132 Mobile Safari/537.36 (compatible; Googlebot/2.1; +http://www.google.com/bot.html)"
66.249.77.8 - - [04/Mar/2026:13:59:06 +0000] "GET /?i=gob249t13987aspaymbei HTTP/1.1" 200 334823 "-" "Mozilla/5.0 (Linux; Android 6.0.1; Nexus 5X Build/MMB29P) AppleWebKit/537.36 (KHTML, like Gecko) Chrome/144.0.7559.132 Mobile Safari/537.36 (compatible; Googlebot/2.1; +http://www.google.com/bot.html)"
66.249.77.13 - - [04/Mar/2026:13:59:07 +0000] "GET /?c=lkotf251jt34753pnqsyz HTTP/1.1" 200 311877 "-" "Mozilla/5.0 (Linux; Android 6.0.1; Nexus 5X Build/MMB29P) AppleWebKit/537.36 (KHTML, like Gecko) Chrome/144.0.7559.132 Mobile Safari/537.36 (compatible; Googlebot/2.1; +http://www.google.com/bot.html)"
52.44.174.136 - - [04/Mar/2026:13:59:07 +0000] "GET /wp-json/wp/v2/posts/1?dir=/home/inceptionblue/tmp/webalizer/ssl/inception-blue.com&read=/home/inceptionblue/tmp/webalizer/ssl/inception-blue.com/hourly_usage_202410.png HTTP/1.1" 200 25562 "-" "Mozilla/5.0 AppleWebKit/537.36 (KHTML, like Gecko; compatible; Amazonbot/0.1; +https://developer.amazon.com/support/amazonbot) Chrome/119.0.6045.214 Safari/537.36"
66.249.77.9 - - [04/Mar/2026:13:59:08 +0000] "GET /?t=mau136bvuf1876ocmbgxpt HTTP/1.1" 200 316933 "-" "Mozilla/5.0 (Linux; Android 6.0.1; Nexus 5X Build/MMB29P) AppleWebKit/537.36 (KHTML, like Gecko) Chrome/144.0.7559.132 Mobile Safari/537.36 (compatible; Googlebot/2.1; +http://www.google.com/bot.html)"
74.7.241.6 - - [04/Mar/2026:13:59:05 +0000] "GET /buy.php?detail/08102199169569 HTTP/1.1" 200 148126 "https://inception-blue.com/buy.php?detail/10601527759890" "Mozilla/5.0 AppleWebKit/537.36 (KHTML, like Gecko; compatible; GPTBot/1.3; +https://openai.com/gptbot)"
