[
MAINHACK SHELL
]
Mail Test
BC
Config Scan
HOME
Create...
New File
New Folder
Viewing / Editing File: inception-blue.com-ssl_log
File is not writable. Editing disabled.
159.223.142.74 - - [13/Feb/2026:12:08:32 +0000] "POST /wp-cron.php?doing_wp_cron=1770984512.4248890876770019531250 HTTP/1.1" 404 185455 "-" "WordPress/6.9.1; https://inception-blue.com"
46.151.182.53 - - [13/Feb/2026:12:08:31 +0000] "GET / HTTP/1.1" 200 222925 "-" "-"
46.151.182.53 - - [13/Feb/2026:12:08:33 +0000] "GET /wordpress HTTP/1.1" 404 185455 "-" "-"
46.151.182.53 - - [13/Feb/2026:12:08:34 +0000] "GET /wp-admin/setup-config.php HTTP/1.1" 404 185455 "-" "-"
159.223.142.74 - - [13/Feb/2026:12:08:35 +0000] "POST /wp-cron.php?doing_wp_cron=1770984515.7236928939819335937500 HTTP/1.1" 404 185455 "-" "WordPress/6.9.1; https://inception-blue.com"
46.151.182.53 - - [13/Feb/2026:12:08:35 +0000] "GET /wp-admin/install.php HTTP/1.1" 200 1303 "-" "-"
46.151.182.53 - - [13/Feb/2026:12:08:36 +0000] "GET /wp HTTP/1.1" 404 185455 "-" "-"
46.151.182.53 - - [13/Feb/2026:12:08:37 +0000] "GET /blog HTTP/1.1" 404 185455 "-" "-"
46.151.182.53 - - [13/Feb/2026:12:08:38 +0000] "GET /new HTTP/1.1" 404 185455 "-" "-"
46.151.182.53 - - [13/Feb/2026:12:08:39 +0000] "GET /old HTTP/1.1" 404 185455 "-" "-"
46.151.182.53 - - [13/Feb/2026:12:08:40 +0000] "GET /newsite HTTP/1.1" 404 185455 "-" "-"
46.151.182.53 - - [13/Feb/2026:12:08:41 +0000] "GET /test HTTP/1.1" 404 185455 "-" "-"
46.151.182.53 - - [13/Feb/2026:12:08:42 +0000] "GET /main HTTP/1.1" 404 185455 "-" "-"
46.151.182.53 - - [13/Feb/2026:12:08:43 +0000] "GET /testing HTTP/1.1" 404 185455 "-" "-"
46.151.182.53 - - [13/Feb/2026:12:08:44 +0000] "GET /site HTTP/1.1" 404 185455 "-" "-"
46.151.182.53 - - [13/Feb/2026:12:08:45 +0000] "GET /backup HTTP/1.1" 404 185455 "-" "-"
46.151.182.53 - - [13/Feb/2026:12:08:46 +0000] "GET /demo HTTP/1.1" 404 185455 "-" "-"
46.151.182.53 - - [13/Feb/2026:12:08:46 +0000] "GET /home HTTP/1.1" 404 185455 "-" "-"
46.151.182.53 - - [13/Feb/2026:12:08:47 +0000] "GET /tmp HTTP/1.1" 404 185455 "-" "-"
46.151.182.53 - - [13/Feb/2026:12:08:48 +0000] "GET /dev HTTP/1.1" 404 185455 "-" "-"
46.151.182.53 - - [13/Feb/2026:12:08:49 +0000] "GET /cms HTTP/1.1" 404 185455 "-" "-"
46.151.182.53 - - [13/Feb/2026:12:08:51 +0000] "GET /portal HTTP/1.1" 404 185455 "-" "-"
46.151.182.53 - - [13/Feb/2026:12:08:52 +0000] "GET /web HTTP/1.1" 404 185455 "-" "-"
198.244.183.193 - - [13/Feb/2026:12:13:56 +0000] "GET /robots.txt HTTP/1.1" 304 - "-" "Mozilla/5.0 (compatible; AhrefsBot/7.0; +http://ahrefs.com/robot/)"
54.39.0.167 - - [13/Feb/2026:12:13:59 +0000] "GET /?sitemap790.xml HTTP/1.1" 200 13 "-" "Mozilla/5.0 (compatible; AhrefsBot/7.0; +http://ahrefs.com/robot/)"
207.46.13.51 - - [13/Feb/2026:12:36:32 +0000] "GET /?sitemap804.xml HTTP/1.1" 200 13 "-" "Mozilla/5.0 AppleWebKit/537.36 (KHTML, like Gecko; compatible; bingbot/2.0; +http://www.bing.com/bingbot.htm) Chrome/116.0.1938.76 Safari/537.36"
52.167.144.150 - - [13/Feb/2026:12:46:51 +0000] "GET /?sitemap707.xml HTTP/1.1" 200 13 "-" "Mozilla/5.0 AppleWebKit/537.36 (KHTML, like Gecko; compatible; bingbot/2.0; +http://www.bing.com/bingbot.htm) Chrome/116.0.1938.76 Safari/537.36"
107.189.5.145 - - [13/Feb/2026:12:50:12 +0000] "GET /wp-login.php HTTP/1.1" 200 84560 "http://www.google.com.hk" "Mozilla/5.0 (Windows NT 6.1; WOW64) AppleWebKit/537.36 (KHTML, like Gecko) Chrome/42.0.2311.90 Safari/537.36"
159.223.142.74 - - [13/Feb/2026:12:50:13 +0000] "POST /wp-cron.php?doing_wp_cron=1770987013.8951539993286132812500 HTTP/1.1" 404 185455 "-" "WordPress/6.9.1; https://inception-blue.com"
159.223.142.74 - - [13/Feb/2026:12:50:19 +0000] "POST /wp-cron.php?doing_wp_cron=1770987019.9340579509735107421875 HTTP/1.1" 404 185455 "-" "WordPress/6.9.1; https://inception-blue.com"
159.223.142.74 - - [13/Feb/2026:12:50:19 +0000] "POST /wp-cron.php?doing_wp_cron=1770987019.0125060081481933593750 HTTP/1.1" 404 185455 "-" "WordPress/6.9.1; https://inception-blue.com"
159.223.142.74 - - [13/Feb/2026:12:50:17 +0000] "POST /wp-cron.php?doing_wp_cron=1770987017.2734870910644531250000 HTTP/1.1" 404 185455 "-" "WordPress/6.9.1; https://inception-blue.com"
159.223.142.74 - - [13/Feb/2026:12:50:20 +0000] "POST /wp-cron.php?doing_wp_cron=1770987020.2890069484710693359375 HTTP/1.1" 404 185455 "-" "WordPress/6.9.1; https://inception-blue.com"
159.223.142.74 - - [13/Feb/2026:12:50:18 +0000] "POST /wp-cron.php?doing_wp_cron=1770987018.1245648860931396484375 HTTP/1.1" 404 185455 "-" "WordPress/6.9.1; https://inception-blue.com"
159.223.142.74 - - [13/Feb/2026:12:50:16 +0000] "POST /wp-cron.php?doing_wp_cron=1770987016.4311399459838867187500 HTTP/1.1" 404 185455 "-" "WordPress/6.9.1; https://inception-blue.com"
159.223.142.74 - - [13/Feb/2026:12:50:20 +0000] "POST /wp-cron.php?doing_wp_cron=1770987020.4541850090026855468750 HTTP/1.1" 404 185455 "-" "WordPress/6.9.1; https://inception-blue.com"
159.223.142.74 - - [13/Feb/2026:12:50:19 +0000] "POST /wp-cron.php?doing_wp_cron=1770987019.4412910938262939453125 HTTP/1.1" 404 185455 "-" "WordPress/6.9.1; https://inception-blue.com"
159.223.142.74 - - [13/Feb/2026:12:50:14 +0000] "POST /wp-cron.php?doing_wp_cron=1770987014.7934670448303222656250 HTTP/1.1" 404 185455 "-" "WordPress/6.9.1; https://inception-blue.com"
159.223.142.74 - - [13/Feb/2026:12:50:17 +0000] "POST /wp-cron.php?doing_wp_cron=1770987017.8061709403991699218750 HTTP/1.1" 404 185455 "-" "WordPress/6.9.1; https://inception-blue.com"
159.223.142.74 - - [13/Feb/2026:12:50:15 +0000] "POST /wp-cron.php?doing_wp_cron=1770987015.6807229518890380859375 HTTP/1.1" 404 185455 "-" "WordPress/6.9.1; https://inception-blue.com"
159.223.142.74 - - [13/Feb/2026:12:50:20 +0000] "POST /wp-cron.php?doing_wp_cron=1770987020.5350399017333984375000 HTTP/1.1" 404 185455 "-" "WordPress/6.9.1; https://inception-blue.com"
159.223.142.74 - - [13/Feb/2026:12:50:19 +0000] "POST /wp-cron.php?doing_wp_cron=1770987019.6255500316619873046875 HTTP/1.1" 404 185455 "-" "WordPress/6.9.1; https://inception-blue.com"
159.223.142.74 - - [13/Feb/2026:12:50:21 +0000] "POST /wp-cron.php?doing_wp_cron=1770987020.5725660324096679687500 HTTP/1.1" 404 185455 "-" "WordPress/6.9.1; https://inception-blue.com"
159.223.142.74 - - [13/Feb/2026:12:50:19 +0000] "POST /wp-cron.php?doing_wp_cron=1770987019.6197628974914550781250 HTTP/1.1" 404 185455 "-" "WordPress/6.9.1; https://inception-blue.com"
159.223.142.74 - - [13/Feb/2026:12:50:18 +0000] "POST /wp-cron.php?doing_wp_cron=1770987018.6911408901214599609375 HTTP/1.1" 404 185455 "-" "WordPress/6.9.1; https://inception-blue.com"
159.223.142.74 - - [13/Feb/2026:12:50:18 +0000] "POST /wp-cron.php?doing_wp_cron=1770987018.7180020809173583984375 HTTP/1.1" 404 185455 "-" "WordPress/6.9.1; https://inception-blue.com"
107.189.5.145 - - [13/Feb/2026:12:50:24 +0000] "GET /wp-json/sure-triggers/v1/automation/action HTTP/1.1" 404 77833 "-" "Mozilla/5.0 (Macintosh; Intel Mac OS X 10_15_7) AppleWebKit/537.36 (KHTML, like Gecko) Chrome/113.0.0.0 Safari/537.36"
107.189.5.145 - - [13/Feb/2026:12:50:35 +0000] "GET /wp-json/wp/v2/users HTTP/1.1" 200 85066 "-" "Mozilla/5.0 (Windows NT 10.0; Win64; x64) AppleWebKit/537.36 (KHTML, like Gecko) Chrome/92.0.4515.159 Safari/537.36"
159.223.142.74 - - [13/Feb/2026:12:51:59 +0000] "POST /wp-cron.php?doing_wp_cron=1770987119.0137701034545898437500 HTTP/1.1" 404 185455 "-" "WordPress/6.9.1; https://inception-blue.com"
34.225.24.180 - - [13/Feb/2026:12:51:57 +0000] "GET /logined/?dir=/home/inceptionblue/public_html&read=/home/inceptionblue/public_html/wp-signup.php HTTP/1.1" 200 166824 "-" "Mozilla/5.0 AppleWebKit/537.36 (KHTML, like Gecko; compatible; Amazonbot/0.1; +https://developer.amazon.com/support/amazonbot) Chrome/119.0.6045.214 Safari/537.36"
159.223.142.74 - - [13/Feb/2026:12:57:01 +0000] "POST /wp-cron.php?doing_wp_cron=1770987421.8647139072418212890625 HTTP/1.1" 404 185455 "-" "WordPress/6.9.1; https://inception-blue.com"
107.189.5.145 - - [13/Feb/2026:12:57:00 +0000] "GET /wp-json/wp/v2/users/1 HTTP/1.1" 200 85064 "-" "Mozilla/5.0 (Windows NT 10.0; Win64; x64) AppleWebKit/537.36 (KHTML, like Gecko) Chrome/92.0.4515.159 Safari/537.36"
107.189.5.145 - - [13/Feb/2026:12:57:13 +0000] "GET /wp-json/wp/v2/users/2 HTTP/1.1" 401 77827 "-" "Mozilla/5.0 (Windows NT 10.0; Win64; x64) AppleWebKit/537.36 (KHTML, like Gecko) Chrome/92.0.4515.159 Safari/537.36"
107.189.5.145 - - [13/Feb/2026:12:57:25 +0000] "GET /wp-json/wp/v2/users/3 HTTP/1.1" 404 77801 "-" "Mozilla/5.0 (Windows NT 10.0; Win64; x64) AppleWebKit/537.36 (KHTML, like Gecko) Chrome/92.0.4515.159 Safari/537.36"
107.189.5.145 - - [13/Feb/2026:12:57:39 +0000] "GET /wp-json/wp/v2/users/4 HTTP/1.1" 404 77801 "-" "Mozilla/5.0 (Windows NT 10.0; Win64; x64) AppleWebKit/537.36 (KHTML, like Gecko) Chrome/92.0.4515.159 Safari/537.36"
159.223.142.74 - - [13/Feb/2026:12:58:08 +0000] "POST /wp-cron.php?doing_wp_cron=1770987488.5701169967651367187500 HTTP/1.1" 404 185455 "-" "WordPress/6.9.1; https://inception-blue.com"
107.189.5.145 - - [13/Feb/2026:12:58:07 +0000] "GET /wp-json/wp/v2/users/5 HTTP/1.1" 404 77801 "-" "Mozilla/5.0 (Windows NT 10.0; Win64; x64) AppleWebKit/537.36 (KHTML, like Gecko) Chrome/92.0.4515.159 Safari/537.36"
107.189.5.145 - - [13/Feb/2026:12:58:20 +0000] "GET /wp-json/wp/v2/users/6 HTTP/1.1" 404 77801 "-" "Mozilla/5.0 (Windows NT 10.0; Win64; x64) AppleWebKit/537.36 (KHTML, like Gecko) Chrome/92.0.4515.159 Safari/537.36"
107.189.5.145 - - [13/Feb/2026:12:58:57 +0000] "GET /wp-json/wp/v2/users/7 HTTP/1.1" 404 77801 "-" "Mozilla/5.0 (Windows NT 10.0; Win64; x64) AppleWebKit/537.36 (KHTML, like Gecko) Chrome/92.0.4515.159 Safari/537.36"
159.223.142.74 - - [13/Feb/2026:12:59:14 +0000] "POST /wp-cron.php?doing_wp_cron=1770987554.6456630229949951171875 HTTP/1.1" 404 185455 "-" "WordPress/6.9.1; https://inception-blue.com"
107.189.5.145 - - [13/Feb/2026:12:59:13 +0000] "GET /wp-json/wp/v2/users/8 HTTP/1.1" 404 77801 "-" "Mozilla/5.0 (Windows NT 10.0; Win64; x64) AppleWebKit/537.36 (KHTML, like Gecko) Chrome/92.0.4515.159 Safari/537.36"
107.189.5.145 - - [13/Feb/2026:12:59:26 +0000] "GET /wp-json/wp/v2/users/9 HTTP/1.1" 404 77801 "-" "Mozilla/5.0 (Windows NT 10.0; Win64; x64) AppleWebKit/537.36 (KHTML, like Gecko) Chrome/92.0.4515.159 Safari/537.36"
107.189.5.145 - - [13/Feb/2026:12:59:49 +0000] "GET /wp-json/wp/v2/users/10 HTTP/1.1" 404 77801 "-" "Mozilla/5.0 (Windows NT 10.0; Win64; x64) AppleWebKit/537.36 (KHTML, like Gecko) Chrome/92.0.4515.159 Safari/537.36"
107.189.5.145 - - [13/Feb/2026:13:00:07 +0000] "GET /wp-json/wp/v2/users/11 HTTP/1.1" 404 77801 "-" "Mozilla/5.0 (Windows NT 10.0; Win64; x64) AppleWebKit/537.36 (KHTML, like Gecko) Chrome/92.0.4515.159 Safari/537.36"
159.223.142.74 - - [13/Feb/2026:13:00:31 +0000] "POST /wp-cron.php?doing_wp_cron=1770987631.4252669811248779296875 HTTP/1.1" 404 185455 "-" "WordPress/6.9.1; https://inception-blue.com"
107.189.5.145 - - [13/Feb/2026:13:00:30 +0000] "GET /wp-json/wp/v2/users/12 HTTP/1.1" 404 77801 "-" "Mozilla/5.0 (Windows NT 10.0; Win64; x64) AppleWebKit/537.36 (KHTML, like Gecko) Chrome/92.0.4515.159 Safari/537.36"
107.189.5.145 - - [13/Feb/2026:13:00:46 +0000] "GET /wp-json/wp/v2/users/13 HTTP/1.1" 404 77801 "-" "Mozilla/5.0 (Windows NT 10.0; Win64; x64) AppleWebKit/537.36 (KHTML, like Gecko) Chrome/92.0.4515.159 Safari/537.36"
107.189.5.145 - - [13/Feb/2026:13:00:58 +0000] "GET /wp-json/wp/v2/users/14 HTTP/1.1" 404 77801 "-" "Mozilla/5.0 (Windows NT 10.0; Win64; x64) AppleWebKit/537.36 (KHTML, like Gecko) Chrome/92.0.4515.159 Safari/537.36"
159.223.142.74 - - [13/Feb/2026:13:01:35 +0000] "POST /wp-cron.php?doing_wp_cron=1770987695.6883909702301025390625 HTTP/1.1" 404 185455 "-" "WordPress/6.9.1; https://inception-blue.com"
107.189.5.145 - - [13/Feb/2026:13:01:34 +0000] "GET /wp-json/wp/v2/users/15 HTTP/1.1" 404 77801 "-" "Mozilla/5.0 (Windows NT 10.0; Win64; x64) AppleWebKit/537.36 (KHTML, like Gecko) Chrome/92.0.4515.159 Safari/537.36"
107.189.5.145 - - [13/Feb/2026:13:01:52 +0000] "GET /wp-json/wp/v2/users/16 HTTP/1.1" 404 77801 "-" "Mozilla/5.0 (Windows NT 10.0; Win64; x64) AppleWebKit/537.36 (KHTML, like Gecko) Chrome/92.0.4515.159 Safari/537.36"
107.189.5.145 - - [13/Feb/2026:13:02:06 +0000] "GET /wp-json/wp/v2/users/17 HTTP/1.1" 404 77801 "-" "Mozilla/5.0 (Windows NT 10.0; Win64; x64) AppleWebKit/537.36 (KHTML, like Gecko) Chrome/92.0.4515.159 Safari/537.36"
107.189.5.145 - - [13/Feb/2026:13:02:18 +0000] "GET /wp-json/wp/v2/users/18 HTTP/1.1" 404 77801 "-" "Mozilla/5.0 (Windows NT 10.0; Win64; x64) AppleWebKit/537.36 (KHTML, like Gecko) Chrome/92.0.4515.159 Safari/537.36"
107.189.5.145 - - [13/Feb/2026:13:02:33 +0000] "GET /wp-json/wp/v2/users/19 HTTP/1.1" 404 77801 "-" "Mozilla/5.0 (Windows NT 10.0; Win64; x64) AppleWebKit/537.36 (KHTML, like Gecko) Chrome/92.0.4515.159 Safari/537.36"
159.223.142.74 - - [13/Feb/2026:13:02:46 +0000] "POST /wp-cron.php?doing_wp_cron=1770987766.3569629192352294921875 HTTP/1.1" 404 185455 "-" "WordPress/6.9.1; https://inception-blue.com"
107.189.5.145 - - [13/Feb/2026:13:02:45 +0000] "GET /wp-json/wp/v2/users/20 HTTP/1.1" 404 77801 "-" "Mozilla/5.0 (Windows NT 10.0; Win64; x64) AppleWebKit/537.36 (KHTML, like Gecko) Chrome/92.0.4515.159 Safari/537.36"
107.189.5.145 - - [13/Feb/2026:13:02:59 +0000] "GET /wp-json/wp/v2/users/21 HTTP/1.1" 404 77801 "-" "Mozilla/5.0 (Windows NT 10.0; Win64; x64) AppleWebKit/537.36 (KHTML, like Gecko) Chrome/92.0.4515.159 Safari/537.36"
107.189.5.145 - - [13/Feb/2026:13:03:12 +0000] "GET /wp-json/wp/v2/users/22 HTTP/1.1" 404 77801 "-" "Mozilla/5.0 (Windows NT 10.0; Win64; x64) AppleWebKit/537.36 (KHTML, like Gecko) Chrome/92.0.4515.159 Safari/537.36"
107.189.5.145 - - [13/Feb/2026:13:03:23 +0000] "GET /wp-json/wp/v2/users/23 HTTP/1.1" 404 77801 "-" "Mozilla/5.0 (Windows NT 10.0; Win64; x64) AppleWebKit/537.36 (KHTML, like Gecko) Chrome/92.0.4515.159 Safari/537.36"
107.189.5.145 - - [13/Feb/2026:13:03:35 +0000] "GET /wp-json/wp/v2/users/24 HTTP/1.1" 404 77801 "-" "Mozilla/5.0 (Windows NT 10.0; Win64; x64) AppleWebKit/537.36 (KHTML, like Gecko) Chrome/92.0.4515.159 Safari/537.36"
159.223.142.74 - - [13/Feb/2026:13:03:54 +0000] "POST /wp-cron.php?doing_wp_cron=1770987834.4056980609893798828125 HTTP/1.1" 404 185455 "-" "WordPress/6.9.1; https://inception-blue.com"
107.189.5.145 - - [13/Feb/2026:13:03:53 +0000] "GET /wp-json/wp/v2/users/25 HTTP/1.1" 404 77801 "-" "Mozilla/5.0 (Windows NT 10.0; Win64; x64) AppleWebKit/537.36 (KHTML, like Gecko) Chrome/92.0.4515.159 Safari/537.36"
107.189.5.145 - - [13/Feb/2026:13:04:09 +0000] "GET /wp-json/wp/v2/users/26 HTTP/1.1" 404 77801 "-" "Mozilla/5.0 (Windows NT 10.0; Win64; x64) AppleWebKit/537.36 (KHTML, like Gecko) Chrome/92.0.4515.159 Safari/537.36"
107.189.5.145 - - [13/Feb/2026:13:04:19 +0000] "GET /wp-json/wp/v2/users/27 HTTP/1.1" 404 77801 "-" "Mozilla/5.0 (Windows NT 10.0; Win64; x64) AppleWebKit/537.36 (KHTML, like Gecko) Chrome/92.0.4515.159 Safari/537.36"
107.189.5.145 - - [13/Feb/2026:13:04:29 +0000] "GET /wp-json/wp/v2/users/28 HTTP/1.1" 404 77801 "-" "Mozilla/5.0 (Windows NT 10.0; Win64; x64) AppleWebKit/537.36 (KHTML, like Gecko) Chrome/92.0.4515.159 Safari/537.36"
107.189.5.145 - - [13/Feb/2026:13:04:40 +0000] "GET /wp-json/wp/v2/users/29 HTTP/1.1" 404 77801 "-" "Mozilla/5.0 (Windows NT 10.0; Win64; x64) AppleWebKit/537.36 (KHTML, like Gecko) Chrome/92.0.4515.159 Safari/537.36"
107.189.5.145 - - [13/Feb/2026:13:04:52 +0000] "GET /wp-json/wp/v2/users/30 HTTP/1.1" 404 77801 "-" "Mozilla/5.0 (Windows NT 10.0; Win64; x64) AppleWebKit/537.36 (KHTML, like Gecko) Chrome/92.0.4515.159 Safari/537.36"
159.223.142.74 - - [13/Feb/2026:13:05:12 +0000] "POST /wp-cron.php?doing_wp_cron=1770987912.3160910606384277343750 HTTP/1.1" 404 185455 "-" "WordPress/6.9.1; https://inception-blue.com"
107.189.5.145 - - [13/Feb/2026:13:05:11 +0000] "GET /wp-json/wp/v2/users/31 HTTP/1.1" 404 77801 "-" "Mozilla/5.0 (Windows NT 10.0; Win64; x64) AppleWebKit/537.36 (KHTML, like Gecko) Chrome/92.0.4515.159 Safari/537.36"
107.189.5.145 - - [13/Feb/2026:13:05:26 +0000] "GET /wp-json/wp/v2/users/32 HTTP/1.1" 404 77801 "-" "Mozilla/5.0 (Windows NT 10.0; Win64; x64) AppleWebKit/537.36 (KHTML, like Gecko) Chrome/92.0.4515.159 Safari/537.36"
209.141.52.212 - - [13/Feb/2026:13:05:33 +0000] "GET /wp-login.php HTTP/1.1" 200 84560 "-" "Mozilla/5.0 (Windows NT 6.1; WOW64; rv:29.0) Gecko/20100101 Firefox/29.0"
107.189.5.145 - - [13/Feb/2026:13:05:36 +0000] "GET /wp-json/wp/v2/users/33 HTTP/1.1" 404 77801 "-" "Mozilla/5.0 (Windows NT 10.0; Win64; x64) AppleWebKit/537.36 (KHTML, like Gecko) Chrome/92.0.4515.159 Safari/537.36"
107.189.5.145 - - [13/Feb/2026:13:05:49 +0000] "GET /wp-json/wp/v2/users/34 HTTP/1.1" 404 77801 "-" "Mozilla/5.0 (Windows NT 10.0; Win64; x64) AppleWebKit/537.36 (KHTML, like Gecko) Chrome/92.0.4515.159 Safari/537.36"
107.189.5.145 - - [13/Feb/2026:13:05:59 +0000] "GET /wp-json/wp/v2/users/35 HTTP/1.1" 404 77801 "-" "Mozilla/5.0 (Windows NT 10.0; Win64; x64) AppleWebKit/537.36 (KHTML, like Gecko) Chrome/92.0.4515.159 Safari/537.36"
107.189.5.145 - - [13/Feb/2026:13:06:10 +0000] "GET /wp-json/wp/v2/users/36 HTTP/1.1" 404 77801 "-" "Mozilla/5.0 (Windows NT 10.0; Win64; x64) AppleWebKit/537.36 (KHTML, like Gecko) Chrome/92.0.4515.159 Safari/537.36"
159.223.142.74 - - [13/Feb/2026:13:06:16 +0000] "POST /wp-cron.php?doing_wp_cron=1770987976.4347319602966308593750 HTTP/1.1" 404 185455 "-" "WordPress/6.9.1; https://inception-blue.com"
209.141.52.212 - - [13/Feb/2026:13:06:15 +0000] "POST /wp-login.php HTTP/1.1" 200 84578 "-" "Mozilla/5.0 (Windows NT 6.1; WOW64; rv:29.0) Gecko/20100101 Firefox/29.0"
107.189.5.145 - - [13/Feb/2026:13:06:24 +0000] "GET /wp-json/wp/v2/users/37 HTTP/1.1" 404 77801 "-" "Mozilla/5.0 (Windows NT 10.0; Win64; x64) AppleWebKit/537.36 (KHTML, like Gecko) Chrome/92.0.4515.159 Safari/537.36"
107.189.5.145 - - [13/Feb/2026:13:06:39 +0000] "GET /wp-json/wp/v2/users/38 HTTP/1.1" 404 77801 "-" "Mozilla/5.0 (Windows NT 10.0; Win64; x64) AppleWebKit/537.36 (KHTML, like Gecko) Chrome/92.0.4515.159 Safari/537.36"
107.189.5.145 - - [13/Feb/2026:13:06:51 +0000] "GET /wp-json/wp/v2/users/39 HTTP/1.1" 404 77801 "-" "Mozilla/5.0 (Windows NT 10.0; Win64; x64) AppleWebKit/537.36 (KHTML, like Gecko) Chrome/92.0.4515.159 Safari/537.36"
107.189.5.145 - - [13/Feb/2026:13:07:01 +0000] "GET /wp-json/wp/v2/users/40 HTTP/1.1" 404 77800 "-" "Mozilla/5.0 (Windows NT 10.0; Win64; x64) AppleWebKit/537.36 (KHTML, like Gecko) Chrome/92.0.4515.159 Safari/537.36"
107.189.5.145 - - [13/Feb/2026:13:07:12 +0000] "GET /wp-json/wp/v2/users/41 HTTP/1.1" 404 77800 "-" "Mozilla/5.0 (Windows NT 10.0; Win64; x64) AppleWebKit/537.36 (KHTML, like Gecko) Chrome/92.0.4515.159 Safari/537.36"
40.77.167.136 - - [13/Feb/2026:13:07:23 +0000] "GET /?sitemap.xml HTTP/1.1" 200 13 "-" "Mozilla/5.0 AppleWebKit/537.36 (KHTML, like Gecko; compatible; bingbot/2.0; +http://www.bing.com/bingbot.htm) Chrome/116.0.1938.76 Safari/537.36"
159.223.142.74 - - [13/Feb/2026:13:07:26 +0000] "POST /wp-cron.php?doing_wp_cron=1770988046.3573100566864013671875 HTTP/1.1" 404 185454 "-" "WordPress/6.9.1; https://inception-blue.com"
107.189.5.145 - - [13/Feb/2026:13:07:25 +0000] "GET /wp-json/wp/v2/users/42 HTTP/1.1" 404 77800 "-" "Mozilla/5.0 (Windows NT 10.0; Win64; x64) AppleWebKit/537.36 (KHTML, like Gecko) Chrome/92.0.4515.159 Safari/537.36"
107.189.5.145 - - [13/Feb/2026:13:07:39 +0000] "GET /wp-json/wp/v2/users/43 HTTP/1.1" 404 77800 "-" "Mozilla/5.0 (Windows NT 10.0; Win64; x64) AppleWebKit/537.36 (KHTML, like Gecko) Chrome/92.0.4515.159 Safari/537.36"
107.189.5.145 - - [13/Feb/2026:13:07:53 +0000] "GET /wp-json/wp/v2/users/44 HTTP/1.1" 404 77801 "-" "Mozilla/5.0 (Windows NT 10.0; Win64; x64) AppleWebKit/537.36 (KHTML, like Gecko) Chrome/92.0.4515.159 Safari/537.36"
107.189.5.145 - - [13/Feb/2026:13:08:05 +0000] "GET /wp-json/wp/v2/users/45 HTTP/1.1" 404 77801 "-" "Mozilla/5.0 (Windows NT 10.0; Win64; x64) AppleWebKit/537.36 (KHTML, like Gecko) Chrome/92.0.4515.159 Safari/537.36"
107.189.5.145 - - [13/Feb/2026:13:08:17 +0000] "GET /wp-json/wp/v2/users/46 HTTP/1.1" 404 77801 "-" "Mozilla/5.0 (Windows NT 10.0; Win64; x64) AppleWebKit/537.36 (KHTML, like Gecko) Chrome/92.0.4515.159 Safari/537.36"
107.189.5.145 - - [13/Feb/2026:13:08:28 +0000] "GET /wp-json/wp/v2/users/47 HTTP/1.1" 404 77801 "-" "Mozilla/5.0 (Windows NT 10.0; Win64; x64) AppleWebKit/537.36 (KHTML, like Gecko) Chrome/92.0.4515.159 Safari/537.36"
159.223.142.74 - - [13/Feb/2026:13:08:29 +0000] "POST /wp-cron.php?doing_wp_cron=1770988108.9963490962982177734375 HTTP/1.1" 404 185455 "-" "WordPress/6.9.1; https://inception-blue.com"
107.189.5.145 - - [13/Feb/2026:13:08:47 +0000] "GET /wp-json/wp/v2/users/48 HTTP/1.1" 404 77801 "-" "Mozilla/5.0 (Windows NT 10.0; Win64; x64) AppleWebKit/537.36 (KHTML, like Gecko) Chrome/92.0.4515.159 Safari/537.36"
107.189.5.145 - - [13/Feb/2026:13:09:19 +0000] "GET /wp-json/wp/v2/users/49 HTTP/1.1" 404 77801 "-" "Mozilla/5.0 (Windows NT 10.0; Win64; x64) AppleWebKit/537.36 (KHTML, like Gecko) Chrome/92.0.4515.159 Safari/537.36"
159.223.142.74 - - [13/Feb/2026:13:09:41 +0000] "POST /wp-cron.php?doing_wp_cron=1770988181.1526451110839843750000 HTTP/1.1" 404 185455 "-" "WordPress/6.9.1; https://inception-blue.com"
107.189.5.145 - - [13/Feb/2026:13:09:40 +0000] "GET /wp-json/wp/v2/users/50 HTTP/1.1" 404 77801 "-" "Mozilla/5.0 (Windows NT 10.0; Win64; x64) AppleWebKit/537.36 (KHTML, like Gecko) Chrome/92.0.4515.159 Safari/537.36"
107.189.5.145 - - [13/Feb/2026:13:09:54 +0000] "GET /wp-json/wp/v2/users/51 HTTP/1.1" 404 77801 "-" "Mozilla/5.0 (Windows NT 10.0; Win64; x64) AppleWebKit/537.36 (KHTML, like Gecko) Chrome/92.0.4515.159 Safari/537.36"
216.73.216.181 - - [13/Feb/2026:13:09:55 +0000] "GET /robots.txt HTTP/1.1" 304 - "-" "Mozilla/5.0 AppleWebKit/537.36 (KHTML, like Gecko; compatible; ClaudeBot/1.0; +claudebot@anthropic.com)"
216.73.216.181 - - [13/Feb/2026:13:09:55 +0000] "GET /?dir=%2Fhome%2Fvpinfotech HTTP/1.1" 200 160579 "-" "Mozilla/5.0 AppleWebKit/537.36 (KHTML, like Gecko; compatible; ClaudeBot/1.0; +claudebot@anthropic.com)"
216.73.216.181 - - [13/Feb/2026:13:09:56 +0000] "GET /?dir=%2Fhome%2Fhtrt HTTP/1.1" 200 160501 "-" "Mozilla/5.0 AppleWebKit/537.36 (KHTML, like Gecko; compatible; ClaudeBot/1.0; +claudebot@anthropic.com)"
216.73.216.181 - - [13/Feb/2026:13:09:56 +0000] "GET /?dir=%2Fhome%2F.cpcpan HTTP/1.1" 200 223013 "-" "Mozilla/5.0 AppleWebKit/537.36 (KHTML, like Gecko; compatible; ClaudeBot/1.0; +claudebot@anthropic.com)"
216.73.216.181 - - [13/Feb/2026:13:09:57 +0000] "GET /?dir=%2Fhome%2Finceptionblue%2Fpublic_html%2Fwp-admin%2Fcss HTTP/1.1" 200 322207 "-" "Mozilla/5.0 AppleWebKit/537.36 (KHTML, like Gecko; compatible; ClaudeBot/1.0; +claudebot@anthropic.com)"
216.73.216.181 - - [13/Feb/2026:13:09:58 +0000] "GET /?dir=%2Fhome%2Fdreamvanco HTTP/1.1" 200 160579 "-" "Mozilla/5.0 AppleWebKit/537.36 (KHTML, like Gecko; compatible; ClaudeBot/1.0; +claudebot@anthropic.com)"
216.73.216.181 - - [13/Feb/2026:13:09:58 +0000] "GET /?dir=%2Fhome%2Fdownloadgmail HTTP/1.1" 200 160618 "-" "Mozilla/5.0 AppleWebKit/537.36 (KHTML, like Gecko; compatible; ClaudeBot/1.0; +claudebot@anthropic.com)"
216.73.216.181 - - [13/Feb/2026:13:09:59 +0000] "GET /?dir=%2Fhome%2Finceptionblue%2Fpublic_html%2Fwp-includes&read=%2Fhome%2Finceptionblue%2Fpublic_html%2Fwp-includes%2Fhttps-detection.php HTTP/1.1" 200 163937 "-" "Mozilla/5.0 AppleWebKit/537.36 (KHTML, like Gecko; compatible; ClaudeBot/1.0; +claudebot@anthropic.com)"
216.73.216.181 - - [13/Feb/2026:13:10:00 +0000] "GET /?dir=%2Fhome%2Finceptionblue%2Fssl HTTP/1.1" 200 167691 "-" "Mozilla/5.0 AppleWebKit/537.36 (KHTML, like Gecko; compatible; ClaudeBot/1.0; +claudebot@anthropic.com)"
216.73.216.181 - - [13/Feb/2026:13:10:00 +0000] "GET /?dir=%2Fhome%2Finceptionblue%2Fpublic_html%2Fwp-includes%2Finteractivity-api HTTP/1.1" 200 168247 "-" "Mozilla/5.0 AppleWebKit/537.36 (KHTML, like Gecko; compatible; ClaudeBot/1.0; +claudebot@anthropic.com)"
216.73.216.181 - - [13/Feb/2026:13:10:01 +0000] "GET /?dir=%2Fhome%2Fbudgetingtools HTTP/1.1" 200 160631 "-" "Mozilla/5.0 AppleWebKit/537.36 (KHTML, like Gecko; compatible; ClaudeBot/1.0; +claudebot@anthropic.com)"
216.73.216.181 - - [13/Feb/2026:13:10:02 +0000] "GET /?dir=%2Fhome%2Finceptionblue%2Fpublic_html%2Fwp-includes%2Fhtml-api HTTP/1.1" 200 186471 "-" "Mozilla/5.0 AppleWebKit/537.36 (KHTML, like Gecko; compatible; ClaudeBot/1.0; +claudebot@anthropic.com)"
216.73.216.181 - - [13/Feb/2026:13:10:03 +0000] "GET /?dir=%2Fhome%2Finceptionblue%2Fpublic_html%2Fwp-includes&read=%2Fhome%2Finceptionblue%2Fpublic_html%2Fwp-includes%2Fhttps-migration.php HTTP/1.1" 200 162801 "-" "Mozilla/5.0 AppleWebKit/537.36 (KHTML, like Gecko; compatible; ClaudeBot/1.0; +claudebot@anthropic.com)"
216.73.216.181 - - [13/Feb/2026:13:10:03 +0000] "GET /?dir=%2Fhome%2Finbravery HTTP/1.1" 200 160566 "-" "Mozilla/5.0 AppleWebKit/537.36 (KHTML, like Gecko; compatible; ClaudeBot/1.0; +claudebot@anthropic.com)"
216.73.216.181 - - [13/Feb/2026:13:10:04 +0000] "GET /?dir=%2Fhome%2Flampur HTTP/1.1" 200 160527 "-" "Mozilla/5.0 AppleWebKit/537.36 (KHTML, like Gecko; compatible; ClaudeBot/1.0; +claudebot@anthropic.com)"
216.73.216.181 - - [13/Feb/2026:13:10:04 +0000] "GET /?dir=%2Fhome%2Fdenver HTTP/1.1" 200 160527 "-" "Mozilla/5.0 AppleWebKit/537.36 (KHTML, like Gecko; compatible; ClaudeBot/1.0; +claudebot@anthropic.com)"
216.73.216.181 - - [13/Feb/2026:13:10:04 +0000] "GET /?dir=%2Fhome%2Fisorus HTTP/1.1" 200 160527 "-" "Mozilla/5.0 AppleWebKit/537.36 (KHTML, like Gecko; compatible; ClaudeBot/1.0; +claudebot@anthropic.com)"
216.73.216.181 - - [13/Feb/2026:13:10:05 +0000] "GET /?dir=%2Fhome%2Fzipzap HTTP/1.1" 200 160527 "-" "Mozilla/5.0 AppleWebKit/537.36 (KHTML, like Gecko; compatible; ClaudeBot/1.0; +claudebot@anthropic.com)"
216.73.216.181 - - [13/Feb/2026:13:10:05 +0000] "GET /?dir=%2Fhome%2Fvpcomm HTTP/1.1" 200 160527 "-" "Mozilla/5.0 AppleWebKit/537.36 (KHTML, like Gecko; compatible; ClaudeBot/1.0; +claudebot@anthropic.com)"
216.73.216.181 - - [13/Feb/2026:13:10:05 +0000] "GET /?dir=%2Fhome%2Fkodi HTTP/1.1" 200 160501 "-" "Mozilla/5.0 AppleWebKit/537.36 (KHTML, like Gecko; compatible; ClaudeBot/1.0; +claudebot@anthropic.com)"
216.73.216.181 - - [13/Feb/2026:13:10:06 +0000] "GET /?dir=%2Fhome%2Fexecutive HTTP/1.1" 200 160566 "-" "Mozilla/5.0 AppleWebKit/537.36 (KHTML, like Gecko; compatible; ClaudeBot/1.0; +claudebot@anthropic.com)"
216.73.216.181 - - [13/Feb/2026:13:10:06 +0000] "GET /?dir=%2Fhome%2Fvpprod HTTP/1.1" 200 160527 "-" "Mozilla/5.0 AppleWebKit/537.36 (KHTML, like Gecko; compatible; ClaudeBot/1.0; +claudebot@anthropic.com)"
216.73.216.181 - - [13/Feb/2026:13:10:07 +0000] "GET /?dir=%2Fhome%2Fdatabreachsta HTTP/1.1" 200 160618 "-" "Mozilla/5.0 AppleWebKit/537.36 (KHTML, like Gecko; compatible; ClaudeBot/1.0; +claudebot@anthropic.com)"
216.73.216.181 - - [13/Feb/2026:13:10:07 +0000] "GET /?dir=%2Fhome%2Fvprnd HTTP/1.1" 200 160514 "-" "Mozilla/5.0 AppleWebKit/537.36 (KHTML, like Gecko; compatible; ClaudeBot/1.0; +claudebot@anthropic.com)"
216.73.216.181 - - [13/Feb/2026:13:10:08 +0000] "GET /?dir=%2Fhome%2Finceptionblue%2Fwordpress-backups HTTP/1.1" 200 160907 "-" "Mozilla/5.0 AppleWebKit/537.36 (KHTML, like Gecko; compatible; ClaudeBot/1.0; +claudebot@anthropic.com)"
216.73.216.181 - - [13/Feb/2026:13:10:08 +0000] "GET /?dir=%2Fhome%2Fbeck HTTP/1.1" 200 160501 "-" "Mozilla/5.0 AppleWebKit/537.36 (KHTML, like Gecko; compatible; ClaudeBot/1.0; +claudebot@anthropic.com)"
216.73.216.181 - - [13/Feb/2026:13:10:08 +0000] "GET /?dir=%2Fhome%2Fstopcaffeine HTTP/1.1" 200 160605 "-" "Mozilla/5.0 AppleWebKit/537.36 (KHTML, like Gecko; compatible; ClaudeBot/1.0; +claudebot@anthropic.com)"
216.73.216.181 - - [13/Feb/2026:13:10:09 +0000] "GET /?dir=%2Fhome%2Fmaindr HTTP/1.1" 200 160527 "-" "Mozilla/5.0 AppleWebKit/537.36 (KHTML, like Gecko; compatible; ClaudeBot/1.0; +claudebot@anthropic.com)"
216.73.216.181 - - [13/Feb/2026:13:10:09 +0000] "GET /?dir=%2Fhome%2Fchief HTTP/1.1" 200 160514 "-" "Mozilla/5.0 AppleWebKit/537.36 (KHTML, like Gecko; compatible; ClaudeBot/1.0; +claudebot@anthropic.com)"
216.73.216.181 - - [13/Feb/2026:13:10:09 +0000] "GET /?dir=%2Fhome%2Finceptionblue%2Ftmp HTTP/1.1" 200 170829 "-" "Mozilla/5.0 AppleWebKit/537.36 (KHTML, like Gecko; compatible; ClaudeBot/1.0; +claudebot@anthropic.com)"
216.73.216.181 - - [13/Feb/2026:13:10:09 +0000] "GET /?dir=%2Fhome%2Fteva HTTP/1.1" 200 160501 "-" "Mozilla/5.0 AppleWebKit/537.36 (KHTML, like Gecko; compatible; ClaudeBot/1.0; +claudebot@anthropic.com)"
216.73.216.181 - - [13/Feb/2026:13:10:10 +0000] "GET /?dir=%2Fhome%2Favi HTTP/1.1" 200 160488 "-" "Mozilla/5.0 AppleWebKit/537.36 (KHTML, like Gecko; compatible; ClaudeBot/1.0; +claudebot@anthropic.com)"
216.73.216.181 - - [13/Feb/2026:13:10:10 +0000] "GET /?dir=%2Fhome%2Fcybersecurity HTTP/1.1" 200 160618 "-" "Mozilla/5.0 AppleWebKit/537.36 (KHTML, like Gecko; compatible; ClaudeBot/1.0; +claudebot@anthropic.com)"
216.73.216.181 - - [13/Feb/2026:13:10:10 +0000] "GET /?dir=%2Fhome%2Fvirtfs HTTP/1.1" 200 160526 "-" "Mozilla/5.0 AppleWebKit/537.36 (KHTML, like Gecko; compatible; ClaudeBot/1.0; +claudebot@anthropic.com)"
216.73.216.181 - - [13/Feb/2026:13:10:11 +0000] "GET /?dir=%2Fhome%2Fvpinocom HTTP/1.1" 200 160553 "-" "Mozilla/5.0 AppleWebKit/537.36 (KHTML, like Gecko; compatible; ClaudeBot/1.0; +claudebot@anthropic.com)"
216.73.216.181 - - [13/Feb/2026:13:10:11 +0000] "GET /?dir=%2Fhome%2Fleon HTTP/1.1" 200 160501 "-" "Mozilla/5.0 AppleWebKit/537.36 (KHTML, like Gecko; compatible; ClaudeBot/1.0; +claudebot@anthropic.com)"
216.73.216.181 - - [13/Feb/2026:13:10:11 +0000] "GET /?dir=%2Fhome%2Finner HTTP/1.1" 200 160514 "-" "Mozilla/5.0 AppleWebKit/537.36 (KHTML, like Gecko; compatible; ClaudeBot/1.0; +claudebot@anthropic.com)"
216.73.216.181 - - [13/Feb/2026:13:10:11 +0000] "GET /?dir=%2Fhome%2Finceptionblue%2F.wp-cli HTTP/1.1" 200 162103 "-" "Mozilla/5.0 AppleWebKit/537.36 (KHTML, like Gecko; compatible; ClaudeBot/1.0; +claudebot@anthropic.com)"
216.73.216.181 - - [13/Feb/2026:13:10:12 +0000] "GET /?dir=%2Fhome%2Fcc HTTP/1.1" 200 160475 "-" "Mozilla/5.0 AppleWebKit/537.36 (KHTML, like Gecko; compatible; ClaudeBot/1.0; +claudebot@anthropic.com)"
216.73.216.181 - - [13/Feb/2026:13:10:12 +0000] "GET /lets-dive/?dir=%2Fhome HTTP/1.1" 200 231666 "-" "Mozilla/5.0 AppleWebKit/537.36 (KHTML, like Gecko; compatible; ClaudeBot/1.0; +claudebot@anthropic.com)"
216.73.216.181 - - [13/Feb/2026:13:10:12 +0000] "GET /?dir=%2Fhome%2Fgoogleback HTTP/1.1" 200 160579 "-" "Mozilla/5.0 AppleWebKit/537.36 (KHTML, like Gecko; compatible; ClaudeBot/1.0; +claudebot@anthropic.com)"
107.189.5.145 - - [13/Feb/2026:13:10:12 +0000] "GET /wp-json/wp/v2/users/52 HTTP/1.1" 404 77801 "-" "Mozilla/5.0 (Windows NT 10.0; Win64; x64) AppleWebKit/537.36 (KHTML, like Gecko) Chrome/92.0.4515.159 Safari/537.36"
216.73.216.181 - - [13/Feb/2026:13:10:12 +0000] "GET /?dir=%2Fhome%2Findforce HTTP/1.1" 200 160553 "-" "Mozilla/5.0 AppleWebKit/537.36 (KHTML, like Gecko; compatible; ClaudeBot/1.0; +claudebot@anthropic.com)"
216.73.216.181 - - [13/Feb/2026:13:10:12 +0000] "GET /?dir=%2Fhome%2FcPanelInstall HTTP/1.1" 200 160565 "-" "Mozilla/5.0 AppleWebKit/537.36 (KHTML, like Gecko; compatible; ClaudeBot/1.0; +claudebot@anthropic.com)"
216.73.216.181 - - [13/Feb/2026:13:10:13 +0000] "GET /lets-dive/?dir=%2F HTTP/1.1" 200 224813 "-" "Mozilla/5.0 AppleWebKit/537.36 (KHTML, like Gecko; compatible; ClaudeBot/1.0; +claudebot@anthropic.com)"
216.73.216.181 - - [13/Feb/2026:13:10:13 +0000] "GET /?dir=%2Fhome%2Finceptionblue%2Fpublic_html%2Fwp-includes%2FPHPMailer HTTP/1.1" 200 174225 "-" "Mozilla/5.0 AppleWebKit/537.36 (KHTML, like Gecko; compatible; ClaudeBot/1.0; +claudebot@anthropic.com)"
216.73.216.181 - - [13/Feb/2026:13:10:13 +0000] "GET /?dir=%2Fhome%2Finceptionblue%2Fpublic_html%2Fwp-includes%2Fl10n HTTP/1.1" 200 171162 "-" "Mozilla/5.0 AppleWebKit/537.36 (KHTML, like Gecko; compatible; ClaudeBot/1.0; +claudebot@anthropic.com)"
216.73.216.181 - - [13/Feb/2026:13:10:13 +0000] "GET /?dir=%2Fhome%2Finceptionblue%2Fpublic_html%2Fwp-admin&read=%2Fhome%2Finceptionblue%2Fpublic_html%2Fwp-admin%2Fadmin-header.php HTTP/1.1" 200 167726 "-" "Mozilla/5.0 AppleWebKit/537.36 (KHTML, like Gecko; compatible; ClaudeBot/1.0; +claudebot@anthropic.com)"
216.73.216.181 - - [13/Feb/2026:13:10:14 +0000] "GET /?dir=%2Fhome%2Finceptionblue%2Fpublic_html%2Fwp-admin&read=%2Fhome%2Finceptionblue%2Fpublic_html%2Fwp-admin%2Fedit-comments.php HTTP/1.1" 200 174040 "-" "Mozilla/5.0 AppleWebKit/537.36 (KHTML, like Gecko; compatible; ClaudeBot/1.0; +claudebot@anthropic.com)"
216.73.216.181 - - [13/Feb/2026:13:10:14 +0000] "GET /?dir=%2Fhome%2Finceptionblue%2Fpublic_html%2Fwp-admin&read=%2Fhome%2Finceptionblue%2Fpublic_html%2Fwp-admin%2Fadmin-post.php HTTP/1.1" 200 160030 "-" "Mozilla/5.0 AppleWebKit/537.36 (KHTML, like Gecko; compatible; ClaudeBot/1.0; +claudebot@anthropic.com)"
216.73.216.181 - - [13/Feb/2026:13:10:14 +0000] "GET /?dir=%2Fhome%2Finceptionblue%2Fpublic_html%2Fwp-content%2Fmaintenance HTTP/1.1" 200 164433 "-" "Mozilla/5.0 AppleWebKit/537.36 (KHTML, like Gecko; compatible; ClaudeBot/1.0; +claudebot@anthropic.com)"
216.73.216.181 - - [13/Feb/2026:13:10:14 +0000] "GET /?dir=%2Fhome%2Finceptionblue%2Fpublic_html%2Fwp-includes&read=%2Fhome%2Finceptionblue%2Fpublic_html%2Fwp-includes%2Fclass-wp-text-diff-renderer-table.php HTTP/1.1" 200 177773 "-" "Mozilla/5.0 AppleWebKit/537.36 (KHTML, like Gecko; compatible; ClaudeBot/1.0; +claudebot@anthropic.com)"
216.73.216.181 - - [13/Feb/2026:13:10:14 +0000] "GET /?dir=%2Fhome%2Finceptionblue%2Fpublic_html%2Fwp-includes&read=%2Fhome%2Finceptionblue%2Fpublic_html%2Fwp-includes%2Fclass-wp-block-processor.php HTTP/1.1" 200 229964 "-" "Mozilla/5.0 AppleWebKit/537.36 (KHTML, like Gecko; compatible; ClaudeBot/1.0; +claudebot@anthropic.com)"
216.73.216.181 - - [13/Feb/2026:13:10:15 +0000] "GET /?dir=%2Fhome%2Finceptionblue%2Fpublic_html%2Fwp-admin&read=%2Fhome%2Finceptionblue%2Fpublic_html%2Fwp-admin%2Fplugins.php HTTP/1.1" 200 190794 "-" "Mozilla/5.0 AppleWebKit/537.36 (KHTML, like Gecko; compatible; ClaudeBot/1.0; +claudebot@anthropic.com)"
216.73.216.181 - - [13/Feb/2026:13:10:15 +0000] "GET /?dir=%2Fhome%2Finceptionblue%2Fpublic_html%2Fwp-includes%2Fpomo HTTP/1.1" 200 170764 "-" "Mozilla/5.0 AppleWebKit/537.36 (KHTML, like Gecko; compatible; ClaudeBot/1.0; +claudebot@anthropic.com)"
216.73.216.181 - - [13/Feb/2026:13:10:15 +0000] "GET /?dir=%2Fhome%2Finceptionblue%2Fpublic_html%2Fwp-admin&read=%2Fhome%2Finceptionblue%2Fpublic_html%2Fwp-admin%2Ftheme-editor.php HTTP/1.1" 200 177836 "-" "Mozilla/5.0 AppleWebKit/537.36 (KHTML, like Gecko; compatible; ClaudeBot/1.0; +claudebot@anthropic.com)"
216.73.216.181 - - [13/Feb/2026:13:10:15 +0000] "GET /?dir=%2Fhome%2Finceptionblue%2Fpublic_html%2Fwp-admin%2Fimages HTTP/1.1" 200 287400 "-" "Mozilla/5.0 AppleWebKit/537.36 (KHTML, like Gecko; compatible; ClaudeBot/1.0; +claudebot@anthropic.com)"
216.73.216.181 - - [13/Feb/2026:13:10:15 +0000] "GET /?dir=%2Fhome%2Fezegil HTTP/1.1" 200 160527 "-" "Mozilla/5.0 AppleWebKit/537.36 (KHTML, like Gecko; compatible; ClaudeBot/1.0; +claudebot@anthropic.com)"
216.73.216.181 - - [13/Feb/2026:13:10:16 +0000] "GET /?dir=%2Fhome%2Finceptionblue%2Fpublic_html%2Fwp-includes&read=%2Fhome%2Finceptionblue%2Fpublic_html%2Fwp-includes%2Fclass-wp-http-proxy.php HTTP/1.1" 200 164153 "-" "Mozilla/5.0 AppleWebKit/537.36 (KHTML, like Gecko; compatible; ClaudeBot/1.0; +claudebot@anthropic.com)"
216.73.216.181 - - [13/Feb/2026:13:10:16 +0000] "GET /?dir=%2Fhome%2Finceptionblue%2Fpublic_html%2Fwp-includes%2Fsodium_compat HTTP/1.1" 200 172325 "-" "Mozilla/5.0 AppleWebKit/537.36 (KHTML, like Gecko; compatible; ClaudeBot/1.0; +claudebot@anthropic.com)"
216.73.216.181 - - [13/Feb/2026:13:10:16 +0000] "GET /?dir=%2Fhome%2Finceptionblue%2Fpublic_html%2Fwp-includes&read=%2Fhome%2Finceptionblue%2Fpublic_html%2Fwp-includes%2Fwp-diff.php HTTP/1.1" 200 158795 "-" "Mozilla/5.0 AppleWebKit/537.36 (KHTML, like Gecko; compatible; ClaudeBot/1.0; +claudebot@anthropic.com)"
216.73.216.181 - - [13/Feb/2026:13:10:16 +0000] "GET /?dir=%2Fhome%2Finceptionblue%2Fpublic_html%2Fwp-includes&read=%2Fhome%2Finceptionblue%2Fpublic_html%2Fwp-includes%2Fclass-wp-script-modules.php HTTP/1.1" 200 191790 "-" "Mozilla/5.0 AppleWebKit/537.36 (KHTML, like Gecko; compatible; ClaudeBot/1.0; +claudebot@anthropic.com)"
216.73.216.181 - - [13/Feb/2026:13:10:16 +0000] "GET /?dir=%2Fhome%2Finceptionblue%2Fpublic_html%2Fwp-includes&read=%2Fhome%2Finceptionblue%2Fpublic_html%2Fwp-includes%2Fclass-wp-scripts.php HTTP/1.1" 200 193815 "-" "Mozilla/5.0 AppleWebKit/537.36 (KHTML, like Gecko; compatible; ClaudeBot/1.0; +claudebot@anthropic.com)"
216.73.216.181 - - [13/Feb/2026:13:10:16 +0000] "GET /?dir=%2Fhome%2Finceptionblue%2Fpublic_html%2Fwp-includes&read=%2Fhome%2Finceptionblue%2Fpublic_html%2Fwp-includes%2Ffunctions.wp-scripts.php HTTP/1.1" 200 173609 "-" "Mozilla/5.0 AppleWebKit/537.36 (KHTML, like Gecko; compatible; ClaudeBot/1.0; +claudebot@anthropic.com)"
216.73.216.181 - - [13/Feb/2026:13:10:17 +0000] "GET /?dir=%2Fhome%2Finceptionblue%2Fpublic_html%2Fwp-includes&read=%2Fhome%2Finceptionblue%2Fpublic_html%2Fwp-includes%2Fscript-modules.php HTTP/1.1" 200 168063 "-" "Mozilla/5.0 AppleWebKit/537.36 (KHTML, like Gecko; compatible; ClaudeBot/1.0; +claudebot@anthropic.com)"
216.73.216.181 - - [13/Feb/2026:13:10:16 +0000] "GET /?dir=%2Fhome%2Finceptionblue%2Fpublic_html%2Fwp-includes%2Ffonts HTTP/1.1" 200 177525 "-" "Mozilla/5.0 AppleWebKit/537.36 (KHTML, like Gecko; compatible; ClaudeBot/1.0; +claudebot@anthropic.com)"
216.73.216.181 - - [13/Feb/2026:13:10:17 +0000] "GET /lets-dive/?dir=%2Fhome%2Finceptionblue%2Fpublic_html%2Fa7b14 HTTP/1.1" 200 164186 "-" "Mozilla/5.0 AppleWebKit/537.36 (KHTML, like Gecko; compatible; ClaudeBot/1.0; +claudebot@anthropic.com)"
216.73.216.181 - - [13/Feb/2026:13:10:17 +0000] "GET /?dir=%2Fhome%2Finceptionblue%2Fpublic_html%2Fwp-includes&read=%2Fhome%2Finceptionblue%2Fpublic_html%2Fwp-includes%2Fclass.wp-scripts.php HTTP/1.1" 200 158393 "-" "Mozilla/5.0 AppleWebKit/537.36 (KHTML, like Gecko; compatible; ClaudeBot/1.0; +claudebot@anthropic.com)"
216.73.216.181 - - [13/Feb/2026:13:10:17 +0000] "GET /?dir=%2Fhome%2Finceptionblue%2Fpublic_html%2Fwp-includes&read=%2Fhome%2Finceptionblue%2Fpublic_html%2Fwp-includes%2Fscript-loader.php HTTP/1.1" 200 323207 "-" "Mozilla/5.0 AppleWebKit/537.36 (KHTML, like Gecko; compatible; ClaudeBot/1.0; +claudebot@anthropic.com)"
216.73.216.181 - - [13/Feb/2026:13:10:17 +0000] "GET /?dir=%2Fhome%2Ftahinisau HTTP/1.1" 200 160566 "-" "Mozilla/5.0 AppleWebKit/537.36 (KHTML, like Gecko; compatible; ClaudeBot/1.0; +claudebot@anthropic.com)"
216.73.216.181 - - [13/Feb/2026:13:10:17 +0000] "GET /?dir=%2Fhome%2Finceptionblue%2Fpublic_ftp HTTP/1.1" 200 162163 "-" "Mozilla/5.0 AppleWebKit/537.36 (KHTML, like Gecko; compatible; ClaudeBot/1.0; +claudebot@anthropic.com)"
216.73.216.181 - - [13/Feb/2026:13:10:18 +0000] "GET /?dir=%2Fhome%2Finceptionblue%2Fpublic_html%2Fwp-admin&read=%2Fhome%2Finceptionblue%2Fpublic_html%2Fwp-admin%2Fplugin-editor.php HTTP/1.1" 200 174156 "-" "Mozilla/5.0 AppleWebKit/537.36 (KHTML, like Gecko; compatible; ClaudeBot/1.0; +claudebot@anthropic.com)"
216.73.216.181 - - [13/Feb/2026:13:10:18 +0000] "GET /?dir=%2Fhome%2Finceptionblue%2Fpublic_html%2Fwp-admin&read=%2Fhome%2Finceptionblue%2Fpublic_html%2Fwp-admin%2Fload-scripts.php HTTP/1.1" 200 160121 "-" "Mozilla/5.0 AppleWebKit/537.36 (KHTML, like Gecko; compatible; ClaudeBot/1.0; +claudebot@anthropic.com)"
216.73.216.181 - - [13/Feb/2026:13:10:18 +0000] "GET /?dir=%2Fhome%2Ftahinimark HTTP/1.1" 200 160579 "-" "Mozilla/5.0 AppleWebKit/537.36 (KHTML, like Gecko; compatible; ClaudeBot/1.0; +claudebot@anthropic.com)"
216.73.216.181 - - [13/Feb/2026:13:10:18 +0000] "GET /?dir=%2Fhome%2Finceptionblue%2Fpublic_html%2Fwp-includes%2Fcertificates HTTP/1.1" 200 162989 "-" "Mozilla/5.0 AppleWebKit/537.36 (KHTML, like Gecko; compatible; ClaudeBot/1.0; +claudebot@anthropic.com)"
216.73.216.181 - - [13/Feb/2026:13:10:18 +0000] "GET /?dir=%2Fhome%2Finceptionblue%2Fpublic_html%2Fwp-includes%2Fassets HTTP/1.1" 200 174769 "-" "Mozilla/5.0 AppleWebKit/537.36 (KHTML, like Gecko; compatible; ClaudeBot/1.0; +claudebot@anthropic.com)"
216.73.216.181 - - [13/Feb/2026:13:10:18 +0000] "GET /?dir=%2Fhome%2Finceptionblue%2Fpublic_html%2Fwp-includes&read=%2Fhome%2Finceptionblue%2Fpublic_html%2Fwp-includes%2Fclass-wp-text-diff-renderer-inline.php HTTP/1.1" 200 159167 "-" "Mozilla/5.0 AppleWebKit/537.36 (KHTML, like Gecko; compatible; ClaudeBot/1.0; +claudebot@anthropic.com)"
216.73.216.181 - - [13/Feb/2026:13:10:18 +0000] "GET /?dir=%2Fhome%2Finceptionblue%2Fpublic_html%2Fwp-includes&read=%2Fhome%2Finceptionblue%2Fpublic_html%2Fwp-includes%2Fclass-wp-http-encoding.php HTTP/1.1" 200 164842 "-" "Mozilla/5.0 AppleWebKit/537.36 (KHTML, like Gecko; compatible; ClaudeBot/1.0; +claudebot@anthropic.com)"
216.73.216.181 - - [13/Feb/2026:13:10:19 +0000] "GET /?dir=%2Fhome%2Ftahina HTTP/1.1" 200 160527 "-" "Mozilla/5.0 AppleWebKit/537.36 (KHTML, like Gecko; compatible; ClaudeBot/1.0; +claudebot@anthropic.com)"
216.73.216.181 - - [13/Feb/2026:13:10:18 +0000] "GET /?dir=%2Fhome%2Finceptionblue%2Fwww HTTP/1.1" 200 223061 "-" "Mozilla/5.0 AppleWebKit/537.36 (KHTML, like Gecko; compatible; ClaudeBot/1.0; +claudebot@anthropic.com)"
216.73.216.181 - - [13/Feb/2026:13:10:19 +0000] "GET /lets-dive/?dir=%2Fhome%2Finceptionblue%2Fpublic_html%2Fwp-content HTTP/1.1" 200 173025 "-" "Mozilla/5.0 AppleWebKit/537.36 (KHTML, like Gecko; compatible; ClaudeBot/1.0; +claudebot@anthropic.com)"
216.73.216.181 - - [13/Feb/2026:13:10:19 +0000] "GET /?dir=%2Fhome%2Finceptionblue%2F.spamassassin HTTP/1.1" 200 162308 "-" "Mozilla/5.0 AppleWebKit/537.36 (KHTML, like Gecko; compatible; ClaudeBot/1.0; +claudebot@anthropic.com)"
216.73.216.181 - - [13/Feb/2026:13:10:19 +0000] "GET /?dir=%2Fhome%2Fhoveh HTTP/1.1" 200 160514 "-" "Mozilla/5.0 AppleWebKit/537.36 (KHTML, like Gecko; compatible; ClaudeBot/1.0; +claudebot@anthropic.com)"
216.73.216.181 - - [13/Feb/2026:13:10:19 +0000] "GET /?dir=%2Fhome%2Finceptionblue%2Fpublic_html%2Fwp-includes%2Fsitemaps HTTP/1.1" 200 172818 "-" "Mozilla/5.0 AppleWebKit/537.36 (KHTML, like Gecko; compatible; ClaudeBot/1.0; +claudebot@anthropic.com)"
216.73.216.181 - - [13/Feb/2026:13:10:20 +0000] "GET /?dir=%2Fhome%2Finceptionblue%2Fpublic_html%2Fwp-includes%2Fbrcbef50 HTTP/1.1" 200 169210 "-" "Mozilla/5.0 AppleWebKit/537.36 (KHTML, like Gecko; compatible; ClaudeBot/1.0; +claudebot@anthropic.com)"
216.73.216.181 - - [13/Feb/2026:13:10:20 +0000] "GET /?dir=%2Fhome%2Finfosectoday HTTP/1.1" 200 160605 "-" "Mozilla/5.0 AppleWebKit/537.36 (KHTML, like Gecko; compatible; ClaudeBot/1.0; +claudebot@anthropic.com)"
216.73.216.181 - - [13/Feb/2026:13:10:20 +0000] "GET /?dir=%2Fhome%2Finceptionblue%2Fpublic_html%2Fwp-includes%2FID3 HTTP/1.1" 200 190431 "-" "Mozilla/5.0 AppleWebKit/537.36 (KHTML, like Gecko; compatible; ClaudeBot/1.0; +claudebot@anthropic.com)"
216.73.216.181 - - [13/Feb/2026:13:10:20 +0000] "GET /?dir=%2Fhome%2Finceptionblue%2F.htpasswds HTTP/1.1" 200 162175 "-" "Mozilla/5.0 AppleWebKit/537.36 (KHTML, like Gecko; compatible; ClaudeBot/1.0; +claudebot@anthropic.com)"
107.189.5.145 - - [13/Feb/2026:13:10:29 +0000] "GET /wp-json/wp/v2/users/53 HTTP/1.1" 404 77801 "-" "Mozilla/5.0 (Windows NT 10.0; Win64; x64) AppleWebKit/537.36 (KHTML, like Gecko) Chrome/92.0.4515.159 Safari/537.36"
159.223.142.74 - - [13/Feb/2026:13:10:44 +0000] "POST /wp-cron.php?doing_wp_cron=1770988244.0181961059570312500000 HTTP/1.1" 404 185455 "-" "WordPress/6.9.1; https://inception-blue.com"
107.189.5.145 - - [13/Feb/2026:13:10:43 +0000] "GET /wp-json/wp/v2/users/54 HTTP/1.1" 404 77801 "-" "Mozilla/5.0 (Windows NT 10.0; Win64; x64) AppleWebKit/537.36 (KHTML, like Gecko) Chrome/92.0.4515.159 Safari/537.36"
216.73.216.181 - - [13/Feb/2026:13:10:47 +0000] "GET /?dir=%2Fhome%2Finceptionblue%2Fpublic_html%2Fwp-includes&read=%2Fhome%2Finceptionblue%2Fpublic_html%2Fwp-includes%2Fdefault-widgets.php HTTP/1.1" 200 160339 "-" "Mozilla/5.0 AppleWebKit/537.36 (KHTML, like Gecko; compatible; ClaudeBot/1.0; +claudebot@anthropic.com)"
216.73.216.181 - - [13/Feb/2026:13:10:47 +0000] "GET /?dir=%2Fhome%2Finceptionblue%2Fpublic_html%2Fwp-content%2Fupgrade HTTP/1.1" 200 161336 "-" "Mozilla/5.0 AppleWebKit/537.36 (KHTML, like Gecko; compatible; ClaudeBot/1.0; +claudebot@anthropic.com)"
216.73.216.181 - - [13/Feb/2026:13:10:47 +0000] "GET /?dir=%2Fhome%2Finceptionblue%2Fpublic_html%2Fwp-admin&read=%2Fhome%2Finceptionblue%2Fpublic_html%2Fwp-admin%2Fauthorize-application.php HTTP/1.1" 200 169353 "-" "Mozilla/5.0 AppleWebKit/537.36 (KHTML, like Gecko; compatible; ClaudeBot/1.0; +claudebot@anthropic.com)"
216.73.216.181 - - [13/Feb/2026:13:10:47 +0000] "GET /?dir=%2Fhome%2Finceptionblue%2Fpublic_html%2Fwp-admin&read=%2Fhome%2Finceptionblue%2Fpublic_html%2Fwp-admin%2Fcustomize.php HTTP/1.1" 200 170985 "-" "Mozilla/5.0 AppleWebKit/537.36 (KHTML, like Gecko; compatible; ClaudeBot/1.0; +claudebot@anthropic.com)"
216.73.216.181 - - [13/Feb/2026:13:10:47 +0000] "GET /?dir=%2Fhome%2Finceptionblue%2Fpublic_html%2Fwp-admin&read=%2Fhome%2Finceptionblue%2Fpublic_html%2Fwp-admin%2Fwidgets.php HTTP/1.1" 200 159109 "-" "Mozilla/5.0 AppleWebKit/537.36 (KHTML, like Gecko; compatible; ClaudeBot/1.0; +claudebot@anthropic.com)"
216.73.216.181 - - [13/Feb/2026:13:10:48 +0000] "GET /?dir=%2Fhome%2Finceptionblue%2Fpublic_html%2Fwp-includes&read=%2Fhome%2Finceptionblue%2Fpublic_html%2Fwp-includes%2Fclass-wp-block-parser-block.php HTTP/1.1" 200 160737 "-" "Mozilla/5.0 AppleWebKit/537.36 (KHTML, like Gecko; compatible; ClaudeBot/1.0; +claudebot@anthropic.com)"
216.73.216.181 - - [13/Feb/2026:13:10:48 +0000] "GET /?dir=%2Fhome%2Finceptionblue%2Fpublic_html%2Fwp-includes&read=%2Fhome%2Finceptionblue%2Fpublic_html%2Fwp-includes%2Fclass-wp-customize-section.php HTTP/1.1" 200 169967 "-" "Mozilla/5.0 AppleWebKit/537.36 (KHTML, like Gecko; compatible; ClaudeBot/1.0; +claudebot@anthropic.com)"
216.73.216.181 - - [13/Feb/2026:13:10:48 +0000] "GET /?dir=%2Fhome%2Finceptionblue%2Fpublic_html%2Fwp-admin&read=%2Fhome%2Finceptionblue%2Fpublic_html%2Fwp-admin%2Fnetwork.php HTTP/1.1" 200 163944 "-" "Mozilla/5.0 AppleWebKit/537.36 (KHTML, like Gecko; compatible; ClaudeBot/1.0; +claudebot@anthropic.com)"
216.73.216.181 - - [13/Feb/2026:13:10:48 +0000] "GET /?dir=%2Fhome%2Finceptionblue%2Fpublic_html%2Fwp-includes&read=%2Fhome%2Finceptionblue%2Fpublic_html%2Fwp-includes%2Fclass-wp-block-parser-frame.php HTTP/1.1" 200 160148 "-" "Mozilla/5.0 AppleWebKit/537.36 (KHTML, like Gecko; compatible; ClaudeBot/1.0; +claudebot@anthropic.com)"
216.73.216.181 - - [13/Feb/2026:13:10:48 +0000] "GET /?dir=%2Fhome%2Finceptionblue%2Fpublic_html%2Fwp-admin&read=%2Fhome%2Finceptionblue%2Fpublic_html%2Fwp-admin%2Ftheme-install.php HTTP/1.1" 200 186466 "-" "Mozilla/5.0 AppleWebKit/537.36 (KHTML, like Gecko; compatible; ClaudeBot/1.0; +claudebot@anthropic.com)"
216.73.216.181 - - [13/Feb/2026:13:10:48 +0000] "GET /?dir=%2Fhome%2Finceptionblue%2Fpublic_html%2Fwp-includes&read=%2Fhome%2Finceptionblue%2Fpublic_html%2Fwp-includes%2Fclass-wp-navigation-fallback.php HTTP/1.1" 200 167418 "-" "Mozilla/5.0 AppleWebKit/537.36 (KHTML, like Gecko; compatible; ClaudeBot/1.0; +claudebot@anthropic.com)"
216.73.216.181 - - [13/Feb/2026:13:10:49 +0000] "GET /?dir=%2Fhome%2Finceptionblue%2Fpublic_html%2Fwp-includes&read=%2Fhome%2Finceptionblue%2Fpublic_html%2Fwp-includes%2Fclass-wp-http-streams.php HTTP/1.1" 200 175357 "-" "Mozilla/5.0 AppleWebKit/537.36 (KHTML, like Gecko; compatible; ClaudeBot/1.0; +claudebot@anthropic.com)"
216.73.216.181 - - [13/Feb/2026:13:10:48 +0000] "GET /?dir=%2Fhome%2Finceptionblue%2Fpublic_html%2Fwp-admin&read=%2Fhome%2Finceptionblue%2Fpublic_html%2Fwp-admin%2Fcomment.php HTTP/1.1" 200 170754 "-" "Mozilla/5.0 AppleWebKit/537.36 (KHTML, like Gecko; compatible; ClaudeBot/1.0; +claudebot@anthropic.com)"
216.73.216.181 - - [13/Feb/2026:13:10:49 +0000] "GET /?dir=%2Fhome%2Finceptionblue%2Fpublic_html%2Fwp-includes&read=%2Fhome%2Finceptionblue%2Fpublic_html%2Fwp-includes%2Fclass-wp-http-response.php HTTP/1.1" 200 161102 "-" "Mozilla/5.0 AppleWebKit/537.36 (KHTML, like Gecko; compatible; ClaudeBot/1.0; +claudebot@anthropic.com)"
216.73.216.181 - - [13/Feb/2026:13:10:49 +0000] "GET /?dir=%2Fhome%2Finceptionblue%2Fpublic_html%2Fwp-admin&read=%2Fhome%2Finceptionblue%2Fpublic_html%2Fwp-admin%2Fusers.php HTTP/1.1" 200 184117 "-" "Mozilla/5.0 AppleWebKit/537.36 (KHTML, like Gecko; compatible; ClaudeBot/1.0; +claudebot@anthropic.com)"
216.73.216.181 - - [13/Feb/2026:13:10:49 +0000] "GET /?dir=%2Fhome%2Finceptionblue%2Fpublic_html%2Fwp-content%2Fthemes HTTP/1.1" 200 170310 "-" "Mozilla/5.0 AppleWebKit/537.36 (KHTML, like Gecko; compatible; ClaudeBot/1.0; +claudebot@anthropic.com)"
216.73.216.181 - - [13/Feb/2026:13:10:49 +0000] "GET /?dir=%2Fhome%2Finceptionblue%2Fpublic_html%2Fwp-admin&read=%2Fhome%2Finceptionblue%2Fpublic_html%2Fwp-admin%2Fms-admin.php HTTP/1.1" 200 158153 "-" "Mozilla/5.0 AppleWebKit/537.36 (KHTML, like Gecko; compatible; ClaudeBot/1.0; +claudebot@anthropic.com)"
216.73.216.181 - - [13/Feb/2026:13:10:50 +0000] "GET /?dir=%2Fhome%2Finceptionblue%2Fpublic_html%2Fwp-admin&read=%2Fhome%2Finceptionblue%2Fpublic_html%2Fwp-admin%2Fedit-form-comment.php HTTP/1.1" 200 169044 "-" "Mozilla/5.0 AppleWebKit/537.36 (KHTML, like Gecko; compatible; ClaudeBot/1.0; +claudebot@anthropic.com)"
216.73.216.181 - - [13/Feb/2026:13:10:50 +0000] "GET /?dir=%2Fhome%2Finceptionblue%2Fpublic_html%2Fwp-includes&read=%2Fhome%2Finceptionblue%2Fpublic_html%2Fwp-includes%2Fblock-editor.php HTTP/1.1" 200 187724 "-" "Mozilla/5.0 AppleWebKit/537.36 (KHTML, like Gecko; compatible; ClaudeBot/1.0; +claudebot@anthropic.com)"
