159.223.142.74 - - [13/Feb/2026:13:13:50 +0000] "POST /wp-cron.php?doing_wp_cron=1770988429.5276439189910888671875 HTTP/1.1" 404 185455 "-" "WordPress/6.9.1; https://inception-blue.com"
216.73.216.181 - - [13/Feb/2026:13:13:48 +0000] "GET /lets-dive/?dir=%2Fhome%2Finceptionblue%2Fpublic_html&read=%2Fhome%2Finceptionblue%2Fpublic_html%2Findex.php HTTP/1.1" 200 173399 "-" "Mozilla/5.0 AppleWebKit/537.36 (KHTML, like Gecko; compatible; ClaudeBot/1.0; +claudebot@anthropic.com)"
159.223.142.74 - - [13/Feb/2026:13:13:50 +0000] "POST /wp-cron.php?doing_wp_cron=1770988429.4394330978393554687500 HTTP/1.1" 404 185455 "-" "WordPress/6.9.1; https://inception-blue.com"
216.73.216.181 - - [13/Feb/2026:13:13:48 +0000] "GET /?dir=%2Fhome%2Finceptionblue%2Fpublic_html%2Fwp-admin&read=%2Fhome%2Finceptionblue%2Fpublic_html%2Fwp-admin%2Fmedia-new.php HTTP/1.1" 200 161706 "-" "Mozilla/5.0 AppleWebKit/537.36 (KHTML, like Gecko; compatible; ClaudeBot/1.0; +claudebot@anthropic.com)"
159.223.142.74 - - [13/Feb/2026:13:13:50 +0000] "POST /wp-cron.php?doing_wp_cron=1770988429.6156070232391357421875 HTTP/1.1" 404 185455 "-" "WordPress/6.9.1; https://inception-blue.com"
216.73.216.181 - - [13/Feb/2026:13:13:48 +0000] "GET /lets-dive/?dir=%2Fhome%2Finceptionblue%2Fpublic_html&read=%2Fhome%2Finceptionblue%2Fpublic_html%2F123.php HTTP/1.1" 200 159315 "-" "Mozilla/5.0 AppleWebKit/537.36 (KHTML, like Gecko; compatible; ClaudeBot/1.0; +claudebot@anthropic.com)"
216.73.216.181 - - [13/Feb/2026:13:13:50 +0000] "GET /lets-dive/?dir=%2Fhome%2Finceptionblue%2Fpublic_html&read=%2Fhome%2Finceptionblue%2Fpublic_html%2Ferror_log HTTP/1.1" 200 690535 "-" "Mozilla/5.0 AppleWebKit/537.36 (KHTML, like Gecko; compatible; ClaudeBot/1.0; +claudebot@anthropic.com)"
216.73.216.181 - - [13/Feb/2026:13:13:50 +0000] "GET /?dir=%2Fhome%2Finceptionblue%2Fpublic_html%2Fwp-includes&read=%2Fhome%2Finceptionblue%2Fpublic_html%2Fwp-includes%2Fcanonical.php HTTP/1.1" 200 193815 "-" "Mozilla/5.0 AppleWebKit/537.36 (KHTML, like Gecko; compatible; ClaudeBot/1.0; +claudebot@anthropic.com)"
216.73.216.181 - - [13/Feb/2026:13:13:50 +0000] "GET /?dir=%2Fhome%2Fjewishmotivation HTTP/1.1" 200 160657 "-" "Mozilla/5.0 AppleWebKit/537.36 (KHTML, like Gecko; compatible; ClaudeBot/1.0; +claudebot@anthropic.com)"
216.73.216.181 - - [13/Feb/2026:13:13:50 +0000] "GET /lets-dive/?dir=%2Fhome%2Finceptionblue%2Fpublic_html&read=%2Fhome%2Finceptionblue%2Fpublic_html%2Fnetworks.php HTTP/1.1" 200 161853 "-" "Mozilla/5.0 AppleWebKit/537.36 (KHTML, like Gecko; compatible; ClaudeBot/1.0; +claudebot@anthropic.com)"
216.73.216.181 - - [13/Feb/2026:13:13:50 +0000] "GET /?dir=%2Fhome%2Finceptionblue%2Fpublic_html%2Fwp-includes&read=%2Fhome%2Finceptionblue%2Fpublic_html%2Fwp-includes%2Fclass-wp-duotone.php HTTP/1.1" 200 199682 "-" "Mozilla/5.0 AppleWebKit/537.36 (KHTML, like Gecko; compatible; ClaudeBot/1.0; +claudebot@anthropic.com)"
216.73.216.181 - - [13/Feb/2026:13:13:50 +0000] "GET /?dir=%2Fhome%2Finceptionblue&read=%2Fhome%2Finceptionblue%2F.bash_profile HTTP/1.1" 200 157726 "-" "Mozilla/5.0 AppleWebKit/537.36 (KHTML, like Gecko; compatible; ClaudeBot/1.0; +claudebot@anthropic.com)"
216.73.216.181 - - [13/Feb/2026:13:13:50 +0000] "GET /?dir=%2Fhome%2Finceptionblue&read=%2Fhome%2Finceptionblue%2F.bash_logout HTTP/1.1" 200 157597 "-" "Mozilla/5.0 AppleWebKit/537.36 (KHTML, like Gecko; compatible; ClaudeBot/1.0; +claudebot@anthropic.com)"
159.223.142.74 - - [13/Feb/2026:13:13:51 +0000] "POST /wp-cron.php?doing_wp_cron=1770988429.8024969100952148437500 HTTP/1.1" 404 185455 "-" "WordPress/6.9.1; https://inception-blue.com"
216.73.216.181 - - [13/Feb/2026:13:13:51 +0000] "GET /?dir=%2Fhome%2Finceptionblue%2Fpublic_html%2Fwp-includes&read=%2Fhome%2Finceptionblue%2Fpublic_html%2Fwp-includes%2Fclass-wp-tax-query.php HTTP/1.1" 200 178065 "-" "Mozilla/5.0 AppleWebKit/537.36 (KHTML, like Gecko; compatible; ClaudeBot/1.0; +claudebot@anthropic.com)"
216.73.216.181 - - [13/Feb/2026:13:13:51 +0000] "GET /lets-dive/?dir=%2Fhome%2Finceptionblue%2Fpublic_html&read=%2Fhome%2Finceptionblue%2Fpublic_html%2Fwp-mail.php HTTP/1.1" 200 168267 "-" "Mozilla/5.0 AppleWebKit/537.36 (KHTML, like Gecko; compatible; ClaudeBot/1.0; +claudebot@anthropic.com)"
216.73.216.181 - - [13/Feb/2026:13:13:50 +0000] "GET /?dir=%2Fhome%2Finceptionblue%2Fpublic_html%2Fwp-includes&read=%2Fhome%2Finceptionblue%2Fpublic_html%2Fwp-includes%2Fclass-wp-block-styles-registry.php HTTP/1.1" 200 164698 "-" "Mozilla/5.0 AppleWebKit/537.36 (KHTML, like Gecko; compatible; ClaudeBot/1.0; +claudebot@anthropic.com)"
216.73.216.181 - - [13/Feb/2026:13:13:51 +0000] "GET /?dir=%2Fhome%2Finceptionblue%2Fpublic_html%2Fwp-includes&read=%2Fhome%2Finceptionblue%2Fpublic_html%2Fwp-includes%2Fclass-wp-block-metadata-registry.php HTTP/1.1" 200 170109 "-" "Mozilla/5.0 AppleWebKit/537.36 (KHTML, like Gecko; compatible; ClaudeBot/1.0; +claudebot@anthropic.com)"
159.223.142.74 - - [13/Feb/2026:13:13:50 +0000] "POST /wp-cron.php?doing_wp_cron=1770988429.7328128814697265625000 HTTP/1.1" 404 185455 "-" "WordPress/6.9.1; https://inception-blue.com"
216.73.216.181 - - [13/Feb/2026:13:13:51 +0000] "GET /?dir=%2Fhome%2Finceptionblue%2Fpublic_html%2Fwp-admin&read=%2Fhome%2Finceptionblue%2Fpublic_html%2Fwp-admin%2Fprivacy-policy-guide.php HTTP/1.1" 200 162427 "-" "Mozilla/5.0 AppleWebKit/537.36 (KHTML, like Gecko; compatible; ClaudeBot/1.0; +claudebot@anthropic.com)"
159.223.142.74 - - [13/Feb/2026:13:13:51 +0000] "POST /wp-cron.php?doing_wp_cron=1770988429.9623439311981201171875 HTTP/1.1" 404 185455 "-" "WordPress/6.9.1; https://inception-blue.com"
216.73.216.181 - - [13/Feb/2026:13:13:51 +0000] "GET /?dir=%2Fhome%2Finceptionblue%2Fpublic_html%2Fwp-includes&read=%2Fhome%2Finceptionblue%2Fpublic_html%2Fwp-includes%2Fclass-wp-ajax-response.php HTTP/1.1" 200 163757 "-" "Mozilla/5.0 AppleWebKit/537.36 (KHTML, like Gecko; compatible; ClaudeBot/1.0; +claudebot@anthropic.com)"
216.73.216.181 - - [13/Feb/2026:13:13:52 +0000] "GET /?dir=%2Fhome%2Finceptionblue%2Fpublic_html%2Fwp-includes&read=%2Fhome%2Finceptionblue%2Fpublic_html%2Fwp-includes%2Fclass-wp-locale-switcher.php HTTP/1.1" 200 164937 "-" "Mozilla/5.0 AppleWebKit/537.36 (KHTML, like Gecko; compatible; ClaudeBot/1.0; +claudebot@anthropic.com)"
216.73.216.181 - - [13/Feb/2026:13:13:51 +0000] "GET /?dir=%2Fhome%2Finceptionblue%2Fpublic_html%2Fwp-includes&read=%2Fhome%2Finceptionblue%2Fpublic_html%2Fwp-includes%2Fmedia-template.php HTTP/1.1" 200 240246 "-" "Mozilla/5.0 AppleWebKit/537.36 (KHTML, like Gecko; compatible; ClaudeBot/1.0; +claudebot@anthropic.com)"
216.73.216.181 - - [13/Feb/2026:13:13:52 +0000] "GET /?dir=%2Fhome%2Finceptionblue%2Fpublic_html%2Fwp-includes&read=%2Fhome%2Finceptionblue%2Fpublic_html%2Fwp-includes%2Fms-site.php HTTP/1.1" 200 200242 "-" "Mozilla/5.0 AppleWebKit/537.36 (KHTML, like Gecko; compatible; ClaudeBot/1.0; +claudebot@anthropic.com)"
216.73.216.181 - - [13/Feb/2026:13:13:52 +0000] "GET /?dir=%2Fhome%2Finceptionblue%2Fpublic_html%2Fwp-admin&read=%2Fhome%2Finceptionblue%2Fpublic_html%2Fwp-admin%2Foptions-media.php HTTP/1.1" 200 166615 "-" "Mozilla/5.0 AppleWebKit/537.36 (KHTML, like Gecko; compatible; ClaudeBot/1.0; +claudebot@anthropic.com)"
216.73.216.181 - - [13/Feb/2026:13:13:52 +0000] "GET /lets-dive/?dir=%2Fhome%2Finceptionblue%2Fpublic_html&read=%2Fhome%2Finceptionblue%2Fpublic_html%2Fadminer_4.8.1.php HTTP/1.1" 200 159267 "-" "Mozilla/5.0 AppleWebKit/537.36 (KHTML, like Gecko; compatible; ClaudeBot/1.0; +claudebot@anthropic.com)"
216.73.216.181 - - [13/Feb/2026:13:13:52 +0000] "GET /lets-dive/?dir=%2Fhome%2Finceptionblue%2Fpublic_html&read=%2Fhome%2Finceptionblue%2Fpublic_html%2Fwp-cron.php HTTP/1.1" 200 164942 "-" "Mozilla/5.0 AppleWebKit/537.36 (KHTML, like Gecko; compatible; ClaudeBot/1.0; +claudebot@anthropic.com)"
216.73.216.181 - - [13/Feb/2026:13:13:52 +0000] "GET /?dir=%2Fhome%2Finceptionblue%2Fpublic_html%2Fwp-includes&read=%2Fhome%2Finceptionblue%2Fpublic_html%2Fwp-includes%2Fclass-wp-block-bindings-registry.php HTTP/1.1" 200 166755 "-" "Mozilla/5.0 AppleWebKit/537.36 (KHTML, like Gecko; compatible; ClaudeBot/1.0; +claudebot@anthropic.com)"
216.73.216.181 - - [13/Feb/2026:13:13:52 +0000] "GET /?dir=%2Fhome%2Finceptionblue%2Fpublic_html%2Fwp-includes&read=%2Fhome%2Finceptionblue%2Fpublic_html%2Fwp-includes%2Fclass-wp-block-supports.php HTTP/1.1" 200 163804 "-" "Mozilla/5.0 AppleWebKit/537.36 (KHTML, like Gecko; compatible; ClaudeBot/1.0; +claudebot@anthropic.com)"
216.73.216.181 - - [13/Feb/2026:13:13:53 +0000] "GET /?dir=%2Fhome%2Finceptionblue%2Fpublic_html%2Fwp-includes&read=%2Fhome%2Finceptionblue%2Fpublic_html%2Fwp-includes%2Fclass-wp-locale.php HTTP/1.1" 200 175278 "-" "Mozilla/5.0 AppleWebKit/537.36 (KHTML, like Gecko; compatible; ClaudeBot/1.0; +claudebot@anthropic.com)"
216.73.216.181 - - [13/Feb/2026:13:13:53 +0000] "GET /?dir=%2Fhome%2Finceptionblue%2Fpublic_html%2Fwp-includes&read=%2Fhome%2Finceptionblue%2Fpublic_html%2Fwp-includes%2Fl10n.php HTTP/1.1" 200 227769 "-" "Mozilla/5.0 AppleWebKit/537.36 (KHTML, like Gecko; compatible; ClaudeBot/1.0; +claudebot@anthropic.com)"
216.73.216.181 - - [13/Feb/2026:13:13:53 +0000] "GET /?dir=%2Fhome%2Finceptionblue%2Fpublic_html%2Fwp-includes&read=%2Fhome%2Finceptionblue%2Fpublic_html%2Fwp-includes%2Fclass-wp-session-tokens.php HTTP/1.1" 200 165465 "-" "Mozilla/5.0 AppleWebKit/537.36 (KHTML, like Gecko; compatible; ClaudeBot/1.0; +claudebot@anthropic.com)"
216.73.216.181 - - [13/Feb/2026:13:13:53 +0000] "GET /?dir=%2Fhome%2Finceptionblue%2Fpublic_html%2Fwp-includes&read=%2Fhome%2Finceptionblue%2Fpublic_html%2Fwp-includes%2Fms-files.php HTTP/1.1" 200 160930 "-" "Mozilla/5.0 AppleWebKit/537.36 (KHTML, like Gecko; compatible; ClaudeBot/1.0; +claudebot@anthropic.com)"
216.73.216.181 - - [13/Feb/2026:13:14:33 +0000] "GET /lets-dive/?dir=%2Fhome%2Finceptionblue%2Fpublic_html&read=%2Fhome%2Finceptionblue%2Fpublic_html%2Fhwy.txt HTTP/1.1" 200 159248 "-" "Mozilla/5.0 AppleWebKit/537.36 (KHTML, like Gecko; compatible; ClaudeBot/1.0; +claudebot@anthropic.com)"
216.73.216.181 - - [13/Feb/2026:13:14:33 +0000] "GET /lets-dive/?dir=%2Fhome%2Finceptionblue%2Fpublic_html&read=%2Fhome%2Finceptionblue%2Fpublic_html%2Flicense.txt HTTP/1.1" 200 179262 "-" "Mozilla/5.0 AppleWebKit/537.36 (KHTML, like Gecko; compatible; ClaudeBot/1.0; +claudebot@anthropic.com)"
216.73.216.181 - - [13/Feb/2026:13:14:34 +0000] "GET /?dir=%2Fhome%2Finceptionblue&read=%2Fhome%2Finceptionblue%2F.myimunify_id HTTP/1.1" 200 157687 "-" "Mozilla/5.0 AppleWebKit/537.36 (KHTML, like Gecko; compatible; ClaudeBot/1.0; +claudebot@anthropic.com)"
216.73.216.181 - - [13/Feb/2026:13:14:34 +0000] "GET /?dir=%2Fhome%2F1429350211ccopya20231103081900IVV5xJ HTTP/1.1" 200 223129 "-" "Mozilla/5.0 AppleWebKit/537.36 (KHTML, like Gecko; compatible; ClaudeBot/1.0; +claudebot@anthropic.com)"
216.73.216.181 - - [13/Feb/2026:13:14:34 +0000] "GET /?dir=%2Fhome%2Finceptionblue%2Fpublic_html%2F.well-known%2Facme-challenge HTTP/1.1" 200 161440 "-" "Mozilla/5.0 AppleWebKit/537.36 (KHTML, like Gecko; compatible; ClaudeBot/1.0; +claudebot@anthropic.com)"
216.73.216.181 - - [13/Feb/2026:13:14:34 +0000] "GET /?dir=%2Fhome%2Finceptionblue&read=%2Fhome%2Finceptionblue%2F.lastlogin HTTP/1.1" 200 157567 "-" "Mozilla/5.0 AppleWebKit/537.36 (KHTML, like Gecko; compatible; ClaudeBot/1.0; +claudebot@anthropic.com)"
216.73.216.181 - - [13/Feb/2026:13:14:34 +0000] "GET /?dir=%2Fhome&read=%2Fhome%2F0_README_BEFORE_DELETING_VIRTFS HTTP/1.1" 200 158086 "-" "Mozilla/5.0 AppleWebKit/537.36 (KHTML, like Gecko; compatible; ClaudeBot/1.0; +claudebot@anthropic.com)"
216.73.216.181 - - [13/Feb/2026:13:14:34 +0000] "GET /lets-dive/?dir=%2Fhome%2Finceptionblue%2Fpublic_html&read=%2Fhome%2Finceptionblue%2Fpublic_html%2Frobots.txt HTTP/1.1" 200 159753 "-" "Mozilla/5.0 AppleWebKit/537.36 (KHTML, like Gecko; compatible; ClaudeBot/1.0; +claudebot@anthropic.com)"
216.73.216.181 - - [13/Feb/2026:13:14:35 +0000] "GET /?dir=%2Fhome%2Finceptionblue&read=%2Fhome%2Finceptionblue%2F.spamassassinenable HTTP/1.1" 200 157621 "-" "Mozilla/5.0 AppleWebKit/537.36 (KHTML, like Gecko; compatible; ClaudeBot/1.0; +claudebot@anthropic.com)"
216.73.216.181 - - [13/Feb/2026:13:14:34 +0000] "GET /?dir=%2Fhome%2Finceptionblue&read=%2Fhome%2Finceptionblue%2F.spamassassinboxenable HTTP/1.1" 200 157639 "-" "Mozilla/5.0 AppleWebKit/537.36 (KHTML, like Gecko; compatible; ClaudeBot/1.0; +claudebot@anthropic.com)"
216.73.216.181 - - [13/Feb/2026:13:14:35 +0000] "GET /?dir=%2Fhome%2Finceptionblue&read=%2Fhome%2Finceptionblue%2F.wp-toolkit-identifier HTTP/1.1" 200 158323 "-" "Mozilla/5.0 AppleWebKit/537.36 (KHTML, like Gecko; compatible; ClaudeBot/1.0; +claudebot@anthropic.com)"
216.73.216.181 - - [13/Feb/2026:13:14:35 +0000] "GET /?dir=%2Fhome%2Finceptionblue&read=%2Fhome%2Finceptionblue%2F.cloud-locale-test.skip HTTP/1.1" 200 157645 "-" "Mozilla/5.0 AppleWebKit/537.36 (KHTML, like Gecko; compatible; ClaudeBot/1.0; +claudebot@anthropic.com)"
216.73.216.181 - - [13/Feb/2026:13:14:35 +0000] "GET /lets-dive/?dir=%2Fhome%2Finceptionblue%2Fpublic_html%2FMH_configs_20260202195317 HTTP/1.1" 200 164579 "-" "Mozilla/5.0 AppleWebKit/537.36 (KHTML, like Gecko; compatible; ClaudeBot/1.0; +claudebot@anthropic.com)"
216.73.216.181 - - [13/Feb/2026:13:14:35 +0000] "GET /?dir=%2Fhome%2Finceptionblue%2Fpublic_html%2Fwp-admin&read=%2Fhome%2Finceptionblue%2Fpublic_html%2Fwp-admin%2Fsite-health-info.php HTTP/1.1" 200 162813 "-" "Mozilla/5.0 AppleWebKit/537.36 (KHTML, like Gecko; compatible; ClaudeBot/1.0; +claudebot@anthropic.com)"
216.73.216.181 - - [13/Feb/2026:13:14:35 +0000] "GET /lets-dive/?dir=%2Fhome%2Finceptionblue%2Fpublic_html%2FMH_configs_20260202195324 HTTP/1.1" 200 164579 "-" "Mozilla/5.0 AppleWebKit/537.36 (KHTML, like Gecko; compatible; ClaudeBot/1.0; +claudebot@anthropic.com)"
216.73.216.181 - - [13/Feb/2026:13:14:35 +0000] "GET /?dir=%2Fhome%2Finceptionblue%2Fpublic_html%2Fwp-includes&read=%2Fhome%2Finceptionblue%2Fpublic_html%2Fwp-includes%2Fclass-wp-recovery-mode-email-service.php HTTP/1.1" 200 169527 "-" "Mozilla/5.0 AppleWebKit/537.36 (KHTML, like Gecko; compatible; ClaudeBot/1.0; +claudebot@anthropic.com)"
216.73.216.181 - - [13/Feb/2026:13:14:35 +0000] "GET /lets-dive/?dir=%2Fhome%2Finceptionblue%2Fpublic_html%2FMH_configs_20260128024630 HTTP/1.1" 200 164579 "-" "Mozilla/5.0 AppleWebKit/537.36 (KHTML, like Gecko; compatible; ClaudeBot/1.0; +claudebot@anthropic.com)"
216.73.216.181 - - [13/Feb/2026:13:14:35 +0000] "GET /?dir=%2Fhome%2Finceptionblue%2Fpublic_html%2Fwp-admin&read=%2Fhome%2Finceptionblue%2Fpublic_html%2Fwp-admin%2Fsite-health.php HTTP/1.1" 200 170199 "-" "Mozilla/5.0 AppleWebKit/537.36 (KHTML, like Gecko; compatible; ClaudeBot/1.0; +claudebot@anthropic.com)"
216.73.216.181 - - [13/Feb/2026:13:14:35 +0000] "GET /?dir=%2Fhome%2Finceptionblue%2Fpublic_html%2Fwp-includes&read=%2Fhome%2Finceptionblue%2Fpublic_html%2Fwp-includes%2Fclass-wp-recovery-mode-key-service.php HTTP/1.1" 200 163093 "-" "Mozilla/5.0 AppleWebKit/537.36 (KHTML, like Gecko; compatible; ClaudeBot/1.0; +claudebot@anthropic.com)"
216.73.216.181 - - [13/Feb/2026:13:14:36 +0000] "GET /?dir=%2Fhome%2Finceptionblue%2Fpublic_html%2Fa7b14&read=%2Fhome%2Finceptionblue%2Fpublic_html%2Fa7b14%2Findex.php HTTP/1.1" 200 159104 "-" "Mozilla/5.0 AppleWebKit/537.36 (KHTML, like Gecko; compatible; ClaudeBot/1.0; +claudebot@anthropic.com)"
216.73.216.181 - - [13/Feb/2026:13:14:36 +0000] "GET /?dir=%2Fhome%2Finceptionblue%2Fpublic_html%2Fwp-includes&read=%2Fhome%2Finceptionblue%2Fpublic_html%2Fwp-includes%2Ffeed-rdf.php HTTP/1.1" 200 161212 "-" "Mozilla/5.0 AppleWebKit/537.36 (KHTML, like Gecko; compatible; ClaudeBot/1.0; +claudebot@anthropic.com)"
216.73.216.181 - - [13/Feb/2026:13:14:36 +0000] "GET /?dir=%2Fhome%2Finceptionblue%2Fpublic_html%2Fwp-includes&read=%2Fhome%2Finceptionblue%2Fpublic_html%2Fwp-includes%2Fclass-wp-recovery-mode-link-service.php HTTP/1.1" 200 161669 "-" "Mozilla/5.0 AppleWebKit/537.36 (KHTML, like Gecko; compatible; ClaudeBot/1.0; +claudebot@anthropic.com)"
216.73.216.181 - - [13/Feb/2026:13:14:36 +0000] "GET /?dir=%2Fhome%2Finceptionblue%2Fpublic_html%2Fwp-includes&read=%2Fhome%2Finceptionblue%2Fpublic_html%2Fwp-includes%2Fclass-wp-recovery-mode-cookie-service.php HTTP/1.1" 200 165093 "-" "Mozilla/5.0 AppleWebKit/537.36 (KHTML, like Gecko; compatible; ClaudeBot/1.0; +claudebot@anthropic.com)"
216.73.216.181 - - [13/Feb/2026:13:14:36 +0000] "GET /?dir=%2Fhome%2Finceptionblue%2Fpublic_html%2Fwp-includes&read=%2Fhome%2Finceptionblue%2Fpublic_html%2Fwp-includes%2Fblock-i18n.json HTTP/1.1" 200 158493 "-" "Mozilla/5.0 AppleWebKit/537.36 (KHTML, like Gecko; compatible; ClaudeBot/1.0; +claudebot@anthropic.com)"
216.73.216.181 - - [13/Feb/2026:13:14:36 +0000] "GET /lets-dive/?dir=%2Fhome%2Finceptionblue%2Fpublic_html&read=%2Fhome%2Finceptionblue%2Fpublic_html%2F.htaccess HTTP/1.1" 200 160547 "-" "Mozilla/5.0 AppleWebKit/537.36 (KHTML, like Gecko; compatible; ClaudeBot/1.0; +claudebot@anthropic.com)"
216.73.216.181 - - [13/Feb/2026:13:14:36 +0000] "GET /lets-dive/?dir=%2Fhome%2Finceptionblue%2Fpublic_html&read=%2Fhome%2Finceptionblue%2Fpublic_html%2Fwp-signup.php HTTP/1.1" 200 197277 "-" "Mozilla/5.0 AppleWebKit/537.36 (KHTML, like Gecko; compatible; ClaudeBot/1.0; +claudebot@anthropic.com)"
216.73.216.181 - - [13/Feb/2026:13:14:36 +0000] "GET /lets-dive/?dir=%2Fhome%2Finceptionblue%2Fpublic_html&read=%2Fhome%2Finceptionblue%2Fpublic_html%2Freadme.html HTTP/1.1" 200 168590 "-" "Mozilla/5.0 AppleWebKit/537.36 (KHTML, like Gecko; compatible; ClaudeBot/1.0; +claudebot@anthropic.com)"
216.73.216.181 - - [13/Feb/2026:13:14:36 +0000] "GET /lets-dive/?dir=%2Fhome%2Finceptionblue%2Fpublic_html&read=%2Fhome%2Finceptionblue%2Fpublic_html%2Fbuy.php HTTP/1.1" 200 160986 "-" "Mozilla/5.0 AppleWebKit/537.36 (KHTML, like Gecko; compatible; ClaudeBot/1.0; +claudebot@anthropic.com)"
216.73.216.181 - - [13/Feb/2026:13:14:37 +0000] "GET /?dir=%2Fhome%2Finceptionblue%2Fpublic_html%2Fwp-content&read=%2Fhome%2Finceptionblue%2Fpublic_html%2Fwp-content%2Findex.php HTTP/1.1" 200 157997 "-" "Mozilla/5.0 AppleWebKit/537.36 (KHTML, like Gecko; compatible; ClaudeBot/1.0; +claudebot@anthropic.com)"
216.73.216.181 - - [13/Feb/2026:13:14:37 +0000] "GET /?dir=%2Fhome%2Finceptionblue%2Fpublic_html%2Fwp-includes&read=%2Fhome%2Finceptionblue%2Fpublic_html%2Fwp-includes%2Ftheme-i18n.json HTTP/1.1" 200 160497 "-" "Mozilla/5.0 AppleWebKit/537.36 (KHTML, like Gecko; compatible; ClaudeBot/1.0; +claudebot@anthropic.com)"
216.73.216.181 - - [13/Feb/2026:13:14:36 +0000] "GET /lets-dive/?dir=%2Fhome%2Finceptionblue%2Fpublic_html&read=%2Fhome%2Finceptionblue%2Fpublic_html%2Fwp-links-opml.php HTTP/1.1" 200 162061 "-" "Mozilla/5.0 AppleWebKit/537.36 (KHTML, like Gecko; compatible; ClaudeBot/1.0; +claudebot@anthropic.com)"
216.73.216.181 - - [13/Feb/2026:13:14:36 +0000] "GET /?dir=%2Fhome%2Finceptionblue%2Fpublic_html%2Fwp-includes&read=%2Fhome%2Finceptionblue%2Fpublic_html%2Fwp-includes%2Fglobal-styles-and-settings.php HTTP/1.1" 200 179612 "-" "Mozilla/5.0 AppleWebKit/537.36 (KHTML, like Gecko; compatible; ClaudeBot/1.0; +claudebot@anthropic.com)"
216.73.216.181 - - [13/Feb/2026:13:14:37 +0000] "GET /lets-dive/?dir=%2Fhome%2Finceptionblue%2Fpublic_html&read=%2Fhome%2Finceptionblue%2Fpublic_html%2Fwp-blog-header.php HTTP/1.1" 200 159623 "-" "Mozilla/5.0 AppleWebKit/537.36 (KHTML, like Gecko; compatible; ClaudeBot/1.0; +claudebot@anthropic.com)"
216.73.216.181 - - [13/Feb/2026:13:14:37 +0000] "GET /?p=79 HTTP/1.1" 301 77719 "-" "Mozilla/5.0 AppleWebKit/537.36 (KHTML, like Gecko; compatible; ClaudeBot/1.0; +claudebot@anthropic.com)"
216.73.216.181 - - [13/Feb/2026:13:14:37 +0000] "GET /comments/feed HTTP/1.1" 301 77719 "-" "Mozilla/5.0 AppleWebKit/537.36 (KHTML, like Gecko; compatible; ClaudeBot/1.0; +claudebot@anthropic.com)"
216.73.216.181 - - [13/Feb/2026:13:14:37 +0000] "GET /lets-dive/?dir=%2Fhome%2Finceptionblue%2Fpublic_html&read=%2Fhome%2Finceptionblue%2Fpublic_html%2Fclasa99.php HTTP/1.1" 200 3359618 "-" "Mozilla/5.0 AppleWebKit/537.36 (KHTML, like Gecko; compatible; ClaudeBot/1.0; +claudebot@anthropic.com)"
216.73.216.181 - - [13/Feb/2026:13:14:37 +0000] "GET /wp-json HTTP/1.1" 200 402691 "-" "Mozilla/5.0 AppleWebKit/537.36 (KHTML, like Gecko; compatible; ClaudeBot/1.0; +claudebot@anthropic.com)"
216.73.216.181 - - [13/Feb/2026:13:14:37 +0000] "GET /sample-page HTTP/1.1" 404 185455 "-" "Mozilla/5.0 AppleWebKit/537.36 (KHTML, like Gecko; compatible; ClaudeBot/1.0; +claudebot@anthropic.com)"
216.73.216.181 - - [13/Feb/2026:13:14:38 +0000] "GET /lets-dive/ HTTP/1.1" 200 224813 "https://inception-blue.com/?p=79" "Mozilla/5.0 AppleWebKit/537.36 (KHTML, like Gecko; compatible; ClaudeBot/1.0; +claudebot@anthropic.com)"
216.73.216.181 - - [13/Feb/2026:13:14:38 +0000] "GET /comments/feed/ HTTP/1.1" 200 79366 "https://inception-blue.com/comments/feed" "Mozilla/5.0 AppleWebKit/537.36 (KHTML, like Gecko; compatible; ClaudeBot/1.0; +claudebot@anthropic.com)"
207.46.13.18 - - [13/Feb/2026:13:17:46 +0000] "GET /?sitemap656.xml HTTP/1.1" 200 13 "-" "Mozilla/5.0 AppleWebKit/537.36 (KHTML, like Gecko; compatible; bingbot/2.0; +http://www.bing.com/bingbot.htm) Chrome/116.0.1938.76 Safari/537.36"
217.113.194.131 - - [13/Feb/2026:13:27:53 +0000] "GET /robots.txt HTTP/1.1" 304 - "-" "Mozilla/5.0 (compatible; Barkrowler/0.9; +https://babbar.tech/crawler)"
159.223.142.74 - - [13/Feb/2026:13:31:16 +0000] "POST /wp-cron.php?doing_wp_cron=1770989476.8667159080505371093750 HTTP/1.1" 404 185455 "-" "WordPress/6.9.1; https://inception-blue.com"
217.113.194.128 - - [13/Feb/2026:13:31:15 +0000] "GET /logined/ HTTP/1.1" 200 193978 "-" "Mozilla/5.0 (compatible; Barkrowler/0.9; +https://babbar.tech/crawler)"
159.223.142.74 - - [13/Feb/2026:13:35:28 +0000] "POST /wp-cron.php?doing_wp_cron=1770989728.9555399417877197265625 HTTP/1.1" 404 185454 "-" "WordPress/6.9.1; https://inception-blue.com"
154.54.249.205 - - [13/Feb/2026:13:35:27 +0000] "GET /lets-dive/ HTTP/1.1" 200 224812 "-" "Mozilla/5.0 (compatible; Barkrowler/0.9; +https://babbar.tech/crawler)"
159.223.142.74 - - [13/Feb/2026:13:39:07 +0000] "POST /wp-cron.php?doing_wp_cron=1770989947.9427568912506103515625 HTTP/1.1" 404 185455 "-" "WordPress/6.9.1; https://inception-blue.com"
217.113.194.122 - - [13/Feb/2026:13:39:06 +0000] "GET /?dir=%2F HTTP/1.1" 200 222957 "-" "Mozilla/5.0 (compatible; Barkrowler/0.9; +https://babbar.tech/crawler)"
156.146.60.159 - - [13/Feb/2026:13:39:56 +0000] "GET / HTTP/1.1" 200 222950 "http://inception-blue.com" "Mozilla/5.0 (Windows NT 10.0) AppleWebKit/537.36 (KHTML, like Gecko) Chrome/114.0.0.0 Safari/537.36"
156.146.60.159 - - [13/Feb/2026:13:39:58 +0000] "GET /?dir=%2Fhome%2Finceptionblue%2Fpublic_html%2Fwp-content%2Fthemes%2Fastra%2Finc%2Fcustomizer%2Fconfigurations%2Fbuilder%2Ffooter%2Fconfigs HTTP/1.1" 200 184211 "https://inception-blue.com/" "Mozilla/5.0 (Windows NT 10.0) AppleWebKit/537.36 (KHTML, like Gecko) Chrome/114.0.0.0 Safari/537.36"
156.146.60.159 - - [13/Feb/2026:13:39:59 +0000] "GET / HTTP/1.1" 200 222950 "http://inception-blue.com" "Mozilla/5.0 (Windows NT 10.0) AppleWebKit/537.36 (KHTML, like Gecko) Chrome/114.0.0.0 Safari/537.36"
156.146.60.159 - - [13/Feb/2026:13:40:01 +0000] "GET /?dir=%2F HTTP/1.1" 200 222984 "https://inception-blue.com/" "Mozilla/5.0 (Windows NT 10.0) AppleWebKit/537.36 (KHTML, like Gecko) Chrome/114.0.0.0 Safari/537.36"
156.146.60.159 - - [13/Feb/2026:13:40:02 +0000] "GET /?s= HTTP/1.1" 200 196745 "https://inception-blue.com/" "Mozilla/5.0 (Windows NT 10.0) AppleWebKit/537.36 (KHTML, like Gecko) Chrome/114.0.0.0 Safari/537.36"
156.146.60.159 - - [13/Feb/2026:13:40:04 +0000] "GET /?dir=%2Fhome HTTP/1.1" 200 229853 "https://inception-blue.com/" "Mozilla/5.0 (Windows NT 10.0) AppleWebKit/537.36 (KHTML, like Gecko) Chrome/114.0.0.0 Safari/537.36"
156.146.60.159 - - [13/Feb/2026:13:40:05 +0000] "GET /comments/feed/ HTTP/1.1" 200 79366 "https://inception-blue.com/" "Mozilla/5.0 (Windows NT 10.0) AppleWebKit/537.36 (KHTML, like Gecko) Chrome/114.0.0.0 Safari/537.36"
159.223.142.74 - - [13/Feb/2026:13:40:22 +0000] "POST /wp-cron.php?doing_wp_cron=1770990022.8042619228363037109375 HTTP/1.1" 404 185455 "-" "WordPress/6.9.1; https://inception-blue.com"
156.146.60.159 - - [13/Feb/2026:13:40:22 +0000] "GET /feed/ HTTP/1.1" 200 79936 "https://inception-blue.com/" "Mozilla/5.0 (Windows NT 10.0) AppleWebKit/537.36 (KHTML, like Gecko) Chrome/114.0.0.0 Safari/537.36"
156.146.60.159 - - [13/Feb/2026:13:40:24 +0000] "GET /?dir=%2Fhome%2Finceptionblue%2Fpublic_html HTTP/1.1" 200 223120 "https://inception-blue.com/" "Mozilla/5.0 (Windows NT 10.0) AppleWebKit/537.36 (KHTML, like Gecko) Chrome/114.0.0.0 Safari/537.36"
156.146.60.159 - - [13/Feb/2026:13:40:25 +0000] "GET /wp-json/ HTTP/1.1" 200 402691 "https://inception-blue.com/" "Mozilla/5.0 (Windows NT 10.0) AppleWebKit/537.36 (KHTML, like Gecko) Chrome/114.0.0.0 Safari/537.36"
156.146.60.159 - - [13/Feb/2026:13:40:26 +0000] "GET /?dir=%2Fhome%2Finceptionblue%2Fpublic_html%2F.tmb HTTP/1.1" 200 161044 "https://inception-blue.com/" "Mozilla/5.0 (Windows NT 10.0) AppleWebKit/537.36 (KHTML, like Gecko) Chrome/114.0.0.0 Safari/537.36"
156.146.60.159 - - [13/Feb/2026:13:40:28 +0000] "GET /wp-json/wp/v2/pages/2 HTTP/1.1" 200 93057 "https://inception-blue.com/" "Mozilla/5.0 (Windows NT 10.0) AppleWebKit/537.36 (KHTML, like Gecko) Chrome/114.0.0.0 Safari/537.36"
156.146.60.159 - - [13/Feb/2026:13:40:29 +0000] "GET /?dir=%2Fhome%2Finceptionblue%2Fpublic_html%2F.well-known HTTP/1.1" 200 162551 "https://inception-blue.com/" "Mozilla/5.0 (Windows NT 10.0) AppleWebKit/537.36 (KHTML, like Gecko) Chrome/114.0.0.0 Safari/537.36"
156.146.60.159 - - [13/Feb/2026:13:40:31 +0000] "GET /xmlrpc.php?rsd HTTP/1.1" 404 185455 "https://inception-blue.com/" "Mozilla/5.0 (Windows NT 10.0) AppleWebKit/537.36 (KHTML, like Gecko) Chrome/114.0.0.0 Safari/537.36"
156.146.60.159 - - [13/Feb/2026:13:40:32 +0000] "GET /?dir=%2Fhome%2Finceptionblue%2Fpublic_html%2FMH_configs_20260128024630 HTTP/1.1" 200 162998 "https://inception-blue.com/" "Mozilla/5.0 (Windows NT 10.0) AppleWebKit/537.36 (KHTML, like Gecko) Chrome/114.0.0.0 Safari/537.36"
156.146.60.159 - - [13/Feb/2026:13:40:33 +0000] "GET /?dir=%2Fhome%2Finceptionblue%2Fpublic_html%2FMH_configs_20260202195317 HTTP/1.1" 200 162998 "https://inception-blue.com/" "Mozilla/5.0 (Windows NT 10.0) AppleWebKit/537.36 (KHTML, like Gecko) Chrome/114.0.0.0 Safari/537.36"
156.146.60.159 - - [13/Feb/2026:13:40:35 +0000] "GET /logined/ HTTP/1.1" 200 194005 "https://inception-blue.com/" "Mozilla/5.0 (Windows NT 10.0) AppleWebKit/537.36 (KHTML, like Gecko) Chrome/114.0.0.0 Safari/537.36"
156.146.60.159 - - [13/Feb/2026:13:40:36 +0000] "GET /?dir=%2Fhome%2Finceptionblue%2Fpublic_html%2FMH_configs_20260202195324 HTTP/1.1" 200 162998 "https://inception-blue.com/" "Mozilla/5.0 (Windows NT 10.0) AppleWebKit/537.36 (KHTML, like Gecko) Chrome/114.0.0.0 Safari/537.36"
156.146.60.159 - - [13/Feb/2026:13:40:37 +0000] "GET / HTTP/1.1" 200 222952 "https://inception-blue.com/" "Mozilla/5.0 (Windows NT 10.0) AppleWebKit/537.36 (KHTML, like Gecko) Chrome/114.0.0.0 Safari/537.36"
156.146.60.159 - - [13/Feb/2026:13:40:38 +0000] "GET /?dir=%2Fhome%2Finceptionblue%2Fpublic_html%2Fa7b14 HTTP/1.1" 200 162525 "https://inception-blue.com/" "Mozilla/5.0 (Windows NT 10.0) AppleWebKit/537.36 (KHTML, like Gecko) Chrome/114.0.0.0 Safari/537.36"
156.146.60.159 - - [13/Feb/2026:13:40:39 +0000] "GET /lets-dive/ HTTP/1.1" 200 224813 "https://inception-blue.com/" "Mozilla/5.0 (Windows NT 10.0) AppleWebKit/537.36 (KHTML, like Gecko) Chrome/114.0.0.0 Safari/537.36"
156.146.60.159 - - [13/Feb/2026:13:40:41 +0000] "GET /?dir=%2Fhome%2Finceptionblue%2Fpublic_html%2Fcgi-bin HTTP/1.1" 200 161083 "https://inception-blue.com/" "Mozilla/5.0 (Windows NT 10.0) AppleWebKit/537.36 (KHTML, like Gecko) Chrome/114.0.0.0 Safari/537.36"
156.146.60.159 - - [13/Feb/2026:13:40:42 +0000] "GET /?dir=%2Fhome%2Finceptionblue%2Fpublic_html&read=%2Fhome%2Finceptionblue%2Fpublic_html%2Fxmlrpc.php HTTP/1.1" 200 161362 "https://inception-blue.com/" "Mozilla/5.0 (Windows NT 10.0) AppleWebKit/537.36 (KHTML, like Gecko) Chrome/114.0.0.0 Safari/537.36"
156.146.60.159 - - [13/Feb/2026:13:40:43 +0000] "GET /?dir=%2Fhome%2Finceptionblue%2Fpublic_html%2Fwp-admin HTTP/1.1" 200 317688 "https://inception-blue.com/" "Mozilla/5.0 (Windows NT 10.0) AppleWebKit/537.36 (KHTML, like Gecko) Chrome/114.0.0.0 Safari/537.36"
156.146.60.159 - - [13/Feb/2026:13:40:45 +0000] "GET /?dir=%2Fhome%2Finceptionblue%2Fpublic_html&read=%2Fhome%2Finceptionblue%2Fpublic_html%2Fwp-trackback.php HTTP/1.1" 200 163345 "https://inception-blue.com/" "Mozilla/5.0 (Windows NT 10.0) AppleWebKit/537.36 (KHTML, like Gecko) Chrome/114.0.0.0 Safari/537.36"
156.146.60.159 - - [13/Feb/2026:13:40:46 +0000] "GET /?dir=%2Fhome%2Finceptionblue%2Fpublic_html%2Fwp-content HTTP/1.1" 200 171384 "https://inception-blue.com/" "Mozilla/5.0 (Windows NT 10.0) AppleWebKit/537.36 (KHTML, like Gecko) Chrome/114.0.0.0 Safari/537.36"
156.146.60.159 - - [13/Feb/2026:13:40:47 +0000] "GET /?dir=%2Fhome%2Finceptionblue%2Fpublic_html&read=%2Fhome%2Finceptionblue%2Fpublic_html%2Fwp-signup.php HTTP/1.1" 200 195840 "https://inception-blue.com/" "Mozilla/5.0 (Windows NT 10.0) AppleWebKit/537.36 (KHTML, like Gecko) Chrome/114.0.0.0 Safari/537.36"
156.146.60.159 - - [13/Feb/2026:13:40:49 +0000] "GET /?dir=%2Fhome%2Finceptionblue%2Fpublic_html%2Fwp-includes HTTP/1.1" 200 603694 "https://inception-blue.com/" "Mozilla/5.0 (Windows NT 10.0) AppleWebKit/537.36 (KHTML, like Gecko) Chrome/114.0.0.0 Safari/537.36"
156.146.60.159 - - [13/Feb/2026:13:40:50 +0000] "GET /?dir=%2Fhome%2Finceptionblue%2Fpublic_html&read=%2Fhome%2Finceptionblue%2Fpublic_html%2Fwp-settings.php HTTP/1.1" 200 188963 "https://inception-blue.com/" "Mozilla/5.0 (Windows NT 10.0) AppleWebKit/537.36 (KHTML, like Gecko) Chrome/114.0.0.0 Safari/537.36"
156.146.60.159 - - [13/Feb/2026:13:40:52 +0000] "GET /?dir=%2Fhome%2Finceptionblue%2Fpublic_html&read=%2Fhome%2Finceptionblue%2Fpublic_html%2F.htaccess HTTP/1.1" 200 159094 "https://inception-blue.com/" "Mozilla/5.0 (Windows NT 10.0) AppleWebKit/537.36 (KHTML, like Gecko) Chrome/114.0.0.0 Safari/537.36"
156.146.60.159 - - [13/Feb/2026:13:40:53 +0000] "GET /?dir=%2Fhome%2Finceptionblue%2Fpublic_html&read=%2Fhome%2Finceptionblue%2Fpublic_html%2Fwp-mail.php HTTP/1.1" 200 166822 "https://inception-blue.com/" "Mozilla/5.0 (Windows NT 10.0) AppleWebKit/537.36 (KHTML, like Gecko) Chrome/114.0.0.0 Safari/537.36"
156.146.60.159 - - [13/Feb/2026:13:40:55 +0000] "GET /?dir=%2Fhome%2Finceptionblue%2Fpublic_html&read=%2Fhome%2Finceptionblue%2Fpublic_html%2F123.php HTTP/1.1" 200 157854 "https://inception-blue.com/" "Mozilla/5.0 (Windows NT 10.0) AppleWebKit/537.36 (KHTML, like Gecko) Chrome/114.0.0.0 Safari/537.36"
156.146.60.159 - - [13/Feb/2026:13:40:56 +0000] "GET /?dir=%2Fhome%2Finceptionblue%2Fpublic_html&read=%2Fhome%2Finceptionblue%2Fpublic_html%2Fwp-login.php HTTP/1.1" 200 214785 "https://inception-blue.com/" "Mozilla/5.0 (Windows NT 10.0) AppleWebKit/537.36 (KHTML, like Gecko) Chrome/114.0.0.0 Safari/537.36"
156.146.60.159 - - [13/Feb/2026:13:40:57 +0000] "GET /?dir=%2Fhome%2Finceptionblue%2Fpublic_html&read=%2Fhome%2Finceptionblue%2Fpublic_html%2Fadminer_4.8.1.php HTTP/1.1" 200 157846 "https://inception-blue.com/" "Mozilla/5.0 (Windows NT 10.0) AppleWebKit/537.36 (KHTML, like Gecko) Chrome/114.0.0.0 Safari/537.36"
156.146.60.159 - - [13/Feb/2026:13:40:58 +0000] "GET /?dir=%2Fhome%2Finceptionblue%2Fpublic_html&read=%2Fhome%2Finceptionblue%2Fpublic_html%2Fwp-load.php HTTP/1.1" 200 161920 "https://inception-blue.com/" "Mozilla/5.0 (Windows NT 10.0) AppleWebKit/537.36 (KHTML, like Gecko) Chrome/114.0.0.0 Safari/537.36"
156.146.60.159 - - [13/Feb/2026:13:41:00 +0000] "GET /?dir=%2Fhome%2Finceptionblue%2Fpublic_html&read=%2Fhome%2Finceptionblue%2Fpublic_html%2Fbuy.php HTTP/1.1" 200 159525 "https://inception-blue.com/" "Mozilla/5.0 (Windows NT 10.0) AppleWebKit/537.36 (KHTML, like Gecko) Chrome/114.0.0.0 Safari/537.36"
156.146.60.159 - - [13/Feb/2026:13:41:01 +0000] "GET /?dir=%2Fhome%2Finceptionblue%2Fpublic_html&read=%2Fhome%2Finceptionblue%2Fpublic_html%2Fwp-links-opml.php HTTP/1.1" 200 160640 "https://inception-blue.com/" "Mozilla/5.0 (Windows NT 10.0) AppleWebKit/537.36 (KHTML, like Gecko) Chrome/114.0.0.0 Safari/537.36"
156.146.60.159 - - [13/Feb/2026:13:41:02 +0000] "GET /?dir=%2Fhome%2Finceptionblue%2Fpublic_html&read=%2Fhome%2Finceptionblue%2Fpublic_html%2Fclasa99.php HTTP/1.1" 200 3358173 "https://inception-blue.com/" "Mozilla/5.0 (Windows NT 10.0) AppleWebKit/537.36 (KHTML, like Gecko) Chrome/114.0.0.0 Safari/537.36"
156.146.60.159 - - [13/Feb/2026:13:41:05 +0000] "GET /?dir=%2Fhome%2Finceptionblue%2Fpublic_html&read=%2Fhome%2Finceptionblue%2Fpublic_html%2Fwp-cron.php HTTP/1.1" 200 163497 "https://inception-blue.com/" "Mozilla/5.0 (Windows NT 10.0) AppleWebKit/537.36 (KHTML, like Gecko) Chrome/114.0.0.0 Safari/537.36"
156.146.60.159 - - [13/Feb/2026:13:41:21 +0000] "GET /?dir=%2Fhome%2Finceptionblue%2Fpublic_html&read=%2Fhome%2Finceptionblue%2Fpublic_html%2Fd9.php HTTP/1.1" 200 157780 "https://inception-blue.com/" "Mozilla/5.0 (Windows NT 10.0) AppleWebKit/537.36 (KHTML, like Gecko) Chrome/114.0.0.0 Safari/537.36"
159.223.142.74 - - [13/Feb/2026:13:41:24 +0000] "POST /wp-cron.php?doing_wp_cron=1770990084.0116651058197021484375 HTTP/1.1" 404 185455 "-" "WordPress/6.9.1; https://inception-blue.com"
156.146.60.159 - - [13/Feb/2026:13:41:23 +0000] "GET /?dir=%2Fhome%2Finceptionblue%2Fpublic_html&read=%2Fhome%2Finceptionblue%2Fpublic_html%2Fwp-config-sample.php HTTP/1.1" 200 161226 "https://inception-blue.com/" "Mozilla/5.0 (Windows NT 10.0) AppleWebKit/537.36 (KHTML, like Gecko) Chrome/114.0.0.0 Safari/537.36"
156.146.60.159 - - [13/Feb/2026:13:41:24 +0000] "GET /?dir=%2Fhome%2Finceptionblue%2Fpublic_html&read=%2Fhome%2Finceptionblue%2Fpublic_html%2Ferror_log HTTP/1.1" 200 689082 "https://inception-blue.com/" "Mozilla/5.0 (Windows NT 10.0) AppleWebKit/537.36 (KHTML, like Gecko) Chrome/114.0.0.0 Safari/537.36"
156.146.60.159 - - [13/Feb/2026:13:41:26 +0000] "GET /?dir=%2Fhome%2Finceptionblue%2Fpublic_html&read=%2Fhome%2Finceptionblue%2Fpublic_html%2Fwp-comments-post.php HTTP/1.1" 200 160258 "https://inception-blue.com/" "Mozilla/5.0 (Windows NT 10.0) AppleWebKit/537.36 (KHTML, like Gecko) Chrome/114.0.0.0 Safari/537.36"
156.146.60.159 - - [13/Feb/2026:13:41:27 +0000] "GET /?dir=%2Fhome%2Finceptionblue%2Fpublic_html&read=%2Fhome%2Finceptionblue%2Fpublic_html%2Fhwy.txt HTTP/1.1" 200 157787 "https://inception-blue.com/" "Mozilla/5.0 (Windows NT 10.0) AppleWebKit/537.36 (KHTML, like Gecko) Chrome/114.0.0.0 Safari/537.36"
156.146.60.159 - - [13/Feb/2026:13:41:29 +0000] "GET /?dir=%2Fhome%2Finceptionblue%2Fpublic_html&read=%2Fhome%2Finceptionblue%2Fpublic_html%2Fwp-blog-header.php HTTP/1.1" 200 158206 "https://inception-blue.com/" "Mozilla/5.0 (Windows NT 10.0) AppleWebKit/537.36 (KHTML, like Gecko) Chrome/114.0.0.0 Safari/537.36"
156.146.60.159 - - [13/Feb/2026:13:41:30 +0000] "GET /?dir=%2Fhome%2Finceptionblue%2Fpublic_html&read=%2Fhome%2Finceptionblue%2Fpublic_html%2Findex.php HTTP/1.1" 200 171946 "https://inception-blue.com/" "Mozilla/5.0 (Windows NT 10.0) AppleWebKit/537.36 (KHTML, like Gecko) Chrome/114.0.0.0 Safari/537.36"
156.146.60.159 - - [13/Feb/2026:13:41:31 +0000] "GET /?dir=%2Fhome%2Finceptionblue%2Fpublic_html&read=%2Fhome%2Finceptionblue%2Fpublic_html%2Fwp-activate.php HTTP/1.1" 200 166167 "https://inception-blue.com/" "Mozilla/5.0 (Windows NT 10.0) AppleWebKit/537.36 (KHTML, like Gecko) Chrome/114.0.0.0 Safari/537.36"
156.146.60.159 - - [13/Feb/2026:13:41:33 +0000] "GET /?dir=%2Fhome%2Finceptionblue%2Fpublic_html&read=%2Fhome%2Finceptionblue%2Fpublic_html%2Findex.php0 HTTP/1.1" 200 158211 "https://inception-blue.com/" "Mozilla/5.0 (Windows NT 10.0) AppleWebKit/537.36 (KHTML, like Gecko) Chrome/114.0.0.0 Safari/537.36"
156.146.60.159 - - [13/Feb/2026:13:41:34 +0000] "GET /?dir=%2Fhome%2Finceptionblue%2Fpublic_html&read=%2Fhome%2Finceptionblue%2Fpublic_html%2Fsff.php HTTP/1.1" 200 157786 "https://inception-blue.com/" "Mozilla/5.0 (Windows NT 10.0) AppleWebKit/537.36 (KHTML, like Gecko) Chrome/114.0.0.0 Safari/537.36"
156.146.60.159 - - [13/Feb/2026:13:41:35 +0000] "GET /?dir=%2Fhome%2Finceptionblue%2Fpublic_html&read=%2Fhome%2Finceptionblue%2Fpublic_html%2Flicense.txt HTTP/1.1" 200 177817 "https://inception-blue.com/" "Mozilla/5.0 (Windows NT 10.0) AppleWebKit/537.36 (KHTML, like Gecko) Chrome/114.0.0.0 Safari/537.36"
156.146.60.159 - - [13/Feb/2026:13:41:36 +0000] "GET /?dir=%2Fhome%2Finceptionblue%2Fpublic_html&read=%2Fhome%2Finceptionblue%2Fpublic_html%2Frum.php HTTP/1.1" 200 162160 "https://inception-blue.com/" "Mozilla/5.0 (Windows NT 10.0) AppleWebKit/537.36 (KHTML, like Gecko) Chrome/114.0.0.0 Safari/537.36"
156.146.60.159 - - [13/Feb/2026:13:41:38 +0000] "GET /?dir=%2Fhome%2Finceptionblue%2Fpublic_html&read=%2Fhome%2Finceptionblue%2Fpublic_html%2Fmah.php HTTP/1.1" 200 159946 "https://inception-blue.com/" "Mozilla/5.0 (Windows NT 10.0) AppleWebKit/537.36 (KHTML, like Gecko) Chrome/114.0.0.0 Safari/537.36"
156.146.60.159 - - [13/Feb/2026:13:41:39 +0000] "GET /?dir=%2Fhome%2Finceptionblue%2Fpublic_html&read=%2Fhome%2Finceptionblue%2Fpublic_html%2Frobots.txt HTTP/1.1" 200 158304 "https://inception-blue.com/" "Mozilla/5.0 (Windows NT 10.0) AppleWebKit/537.36 (KHTML, like Gecko) Chrome/114.0.0.0 Safari/537.36"
156.146.60.159 - - [13/Feb/2026:13:41:40 +0000] "GET /?dir=%2Fhome%2Finceptionblue%2Fpublic_html&read=%2Fhome%2Finceptionblue%2Fpublic_html%2Fnetworks.php HTTP/1.1" 200 160412 "https://inception-blue.com/" "Mozilla/5.0 (Windows NT 10.0) AppleWebKit/537.36 (KHTML, like Gecko) Chrome/114.0.0.0 Safari/537.36"
156.146.60.159 - - [13/Feb/2026:13:41:41 +0000] "GET /?dir=%2Fhome%2Finceptionblue%2Fpublic_html&read=%2Fhome%2Finceptionblue%2Fpublic_html%2Freadme.html HTTP/1.1" 200 167145 "https://inception-blue.com/" "Mozilla/5.0 (Windows NT 10.0) AppleWebKit/537.36 (KHTML, like Gecko) Chrome/114.0.0.0 Safari/537.36"
157.55.39.6 - - [13/Feb/2026:13:44:30 +0000] "GET /?sitemap801.xml HTTP/1.1" 200 13 "-" "Mozilla/5.0 AppleWebKit/537.36 (KHTML, like Gecko; compatible; bingbot/2.0; +http://www.bing.com/bingbot.htm) Chrome/116.0.1938.76 Safari/537.36"
159.223.142.74 - - [13/Feb/2026:13:45:13 +0000] "POST /wp-cron.php?doing_wp_cron=1770990313.9349749088287353515625 HTTP/1.1" 404 185455 "-" "WordPress/6.9.1; https://inception-blue.com"
217.113.194.227 - - [13/Feb/2026:13:45:12 +0000] "GET /?dir=%2Fhome HTTP/1.1" 200 229826 "-" "Mozilla/5.0 (compatible; Barkrowler/0.9; +https://babbar.tech/crawler)"
159.223.142.74 - - [13/Feb/2026:13:48:09 +0000] "POST /wp-cron.php?doing_wp_cron=1770990489.4982619285583496093750 HTTP/1.1" 404 185455 "-" "WordPress/6.9.1; https://inception-blue.com"
217.113.194.130 - - [13/Feb/2026:13:48:08 +0000] "GET /?dir=%2Fhome%2Finceptionblue HTTP/1.1" 200 195504 "-" "Mozilla/5.0 (compatible; Barkrowler/0.9; +https://babbar.tech/crawler)"
159.223.142.74 - - [13/Feb/2026:13:50:59 +0000] "POST /wp-cron.php?doing_wp_cron=1770990659.2947499752044677734375 HTTP/1.1" 404 185455 "-" "WordPress/6.9.1; https://inception-blue.com"
159.223.142.74 - - [13/Feb/2026:13:50:59 +0000] "POST /wp-cron.php?doing_wp_cron=1770990659.3566360473632812500000 HTTP/1.1" 404 185455 "-" "WordPress/6.9.1; https://inception-blue.com"
159.223.142.74 - - [13/Feb/2026:13:50:55 +0000] "POST /wp-cron.php?doing_wp_cron=1770990655.5803821086883544921875 HTTP/1.1" 404 185455 "-" "WordPress/6.9.1; https://inception-blue.com"
159.223.142.74 - - [13/Feb/2026:13:50:58 +0000] "POST /wp-cron.php?doing_wp_cron=1770990658.5903720855712890625000 HTTP/1.1" 404 185455 "-" "WordPress/6.9.1; https://inception-blue.com"
159.223.142.74 - - [13/Feb/2026:13:50:54 +0000] "POST /wp-cron.php?doing_wp_cron=1770990654.8043169975280761718750 HTTP/1.1" 404 185455 "-" "WordPress/6.9.1; https://inception-blue.com"
159.223.142.74 - - [13/Feb/2026:13:50:57 +0000] "POST /wp-cron.php?doing_wp_cron=1770990657.1143479347229003906250 HTTP/1.1" 404 185455 "-" "WordPress/6.9.1; https://inception-blue.com"
159.223.142.74 - - [13/Feb/2026:13:50:54 +0000] "POST /wp-cron.php?doing_wp_cron=1770990654.1039769649505615234375 HTTP/1.1" 404 185455 "-" "WordPress/6.9.1; https://inception-blue.com"
159.223.142.74 - - [13/Feb/2026:13:50:57 +0000] "POST /wp-cron.php?doing_wp_cron=1770990657.1060080528259277343750 HTTP/1.1" 404 185455 "-" "WordPress/6.9.1; https://inception-blue.com"
159.223.142.74 - - [13/Feb/2026:13:51:00 +0000] "POST /wp-cron.php?doing_wp_cron=1770990659.9835441112518310546875 HTTP/1.1" 404 185455 "-" "WordPress/6.9.1; https://inception-blue.com"
159.223.142.74 - - [13/Feb/2026:13:51:00 +0000] "POST /wp-cron.php?doing_wp_cron=1770990660.0910739898681640625000 HTTP/1.1" 404 185455 "-" "WordPress/6.9.1; https://inception-blue.com"
217.113.194.124 - - [13/Feb/2026:13:50:52 +0000] "GET /?dir=%2Fhome%2Finceptionblue%2Fpublic_html HTTP/1.1" 200 223093 "-" "Mozilla/5.0 (compatible; Barkrowler/0.9; +https://babbar.tech/crawler)"
159.223.142.74 - - [13/Feb/2026:13:50:59 +0000] "POST /wp-cron.php?doing_wp_cron=1770990659.1427209377288818359375 HTTP/1.1" 404 185455 "-" "WordPress/6.9.1; https://inception-blue.com"
159.223.142.74 - - [13/Feb/2026:13:50:59 +0000] "POST /wp-cron.php?doing_wp_cron=1770990659.1880450248718261718750 HTTP/1.1" 404 185455 "-" "WordPress/6.9.1; https://inception-blue.com"
159.223.142.74 - - [13/Feb/2026:13:51:00 +0000] "POST /wp-cron.php?doing_wp_cron=1770990660.1363809108734130859375 HTTP/1.1" 404 185455 "-" "WordPress/6.9.1; https://inception-blue.com"
159.223.142.74 - - [13/Feb/2026:13:51:00 +0000] "POST /wp-cron.php?doing_wp_cron=1770990660.2831649780273437500000 HTTP/1.1" 404 185455 "-" "WordPress/6.9.1; https://inception-blue.com"
159.223.142.74 - - [13/Feb/2026:13:51:00 +0000] "POST /wp-cron.php?doing_wp_cron=1770990660.1118249893188476562500 HTTP/1.1" 404 185455 "-" "WordPress/6.9.1; https://inception-blue.com"
159.223.142.74 - - [13/Feb/2026:13:50:58 +0000] "POST /wp-cron.php?doing_wp_cron=1770990658.4809830188751220703125 HTTP/1.1" 404 185455 "-" "WordPress/6.9.1; https://inception-blue.com"
159.223.142.74 - - [13/Feb/2026:13:50:58 +0000] "POST /wp-cron.php?doing_wp_cron=1770990658.4735810756683349609375 HTTP/1.1" 404 185455 "-" "WordPress/6.9.1; https://inception-blue.com"
159.223.142.74 - - [13/Feb/2026:13:50:57 +0000] "POST /wp-cron.php?doing_wp_cron=1770990657.7998769283294677734375 HTTP/1.1" 404 185455 "-" "WordPress/6.9.1; https://inception-blue.com"
159.223.142.74 - - [13/Feb/2026:13:50:57 +0000] "POST /wp-cron.php?doing_wp_cron=1770990657.7815649509429931640625 HTTP/1.1" 404 185455 "-" "WordPress/6.9.1; https://inception-blue.com"
159.223.142.74 - - [13/Feb/2026:13:50:57 +0000] "POST /wp-cron.php?doing_wp_cron=1770990657.8176550865173339843750 HTTP/1.1" 404 185455 "-" "WordPress/6.9.1; https://inception-blue.com"
159.223.142.74 - - [13/Feb/2026:13:50:59 +0000] "POST /wp-cron.php?doing_wp_cron=1770990659.2877850532531738281250 HTTP/1.1" 404 185455 "-" "WordPress/6.9.1; https://inception-blue.com"
159.223.142.74 - - [13/Feb/2026:13:50:56 +0000] "POST /wp-cron.php?doing_wp_cron=1770990656.3451409339904785156250 HTTP/1.1" 404 185455 "-" "WordPress/6.9.1; https://inception-blue.com"
159.223.142.74 - - [13/Feb/2026:13:50:58 +0000] "POST /wp-cron.php?doing_wp_cron=1770990658.5916590690612792968750 HTTP/1.1" 404 185455 "-" "WordPress/6.9.1; https://inception-blue.com"
159.223.142.74 - - [13/Feb/2026:13:56:04 +0000] "POST /wp-cron.php?doing_wp_cron=1770990964.6632730960845947265625 HTTP/1.1" 404 185455 "-" "WordPress/6.9.1; https://inception-blue.com"
217.113.194.129 - - [13/Feb/2026:13:56:03 +0000] "GET /?dir=%2Fhome%2Finceptionblue%2Fpublic_html%2Fcgi-bin HTTP/1.1" 200 161056 "-" "Mozilla/5.0 (compatible; Barkrowler/0.9; +https://babbar.tech/crawler)"
159.223.142.74 - - [13/Feb/2026:13:59:20 +0000] "POST /wp-cron.php?doing_wp_cron=1770991160.8486449718475341796875 HTTP/1.1" 404 185455 "-" "WordPress/6.9.1; https://inception-blue.com"
217.113.194.126 - - [13/Feb/2026:13:59:19 +0000] "GET /?dir=%2Fhome%2Finceptionblue%2Fpublic_html%2Fwp-content HTTP/1.1" 200 171357 "-" "Mozilla/5.0 (compatible; Barkrowler/0.9; +https://babbar.tech/crawler)"
159.223.142.74 - - [13/Feb/2026:14:02:33 +0000] "POST /wp-cron.php?doing_wp_cron=1770991353.6764800548553466796875 HTTP/1.1" 404 185455 "-" "WordPress/6.9.1; https://inception-blue.com"
217.113.194.124 - - [13/Feb/2026:14:02:32 +0000] "GET /?dir=%2Fhome%2Finceptionblue%2Fpublic_html%2Fwp-admin HTTP/1.1" 200 317661 "-" "Mozilla/5.0 (compatible; Barkrowler/0.9; +https://babbar.tech/crawler)"
45.92.1.147 - - [13/Feb/2026:14:03:11 +0000] "GET / HTTP/1.1" 200 222925 "-" "-"
159.223.142.74 - - [13/Feb/2026:14:03:13 +0000] "POST /wp-cron.php?doing_wp_cron=1770991393.7094449996948242187500 HTTP/1.1" 404 185455 "-" "WordPress/6.9.1; https://inception-blue.com"
45.92.1.147 - - [13/Feb/2026:14:03:13 +0000] "GET /wp-admin/install.php HTTP/1.1" 200 1303 "-" "-"
45.92.1.147 - - [13/Feb/2026:14:03:14 +0000] "GET /wp-admin/setup-config.php HTTP/1.1" 404 185455 "-" "-"
217.113.194.228 - - [13/Feb/2026:14:05:46 +0000] "GET /?dir=%2Fhome%2Finceptionblue%2Fpublic_html%2F.tmb HTTP/1.1" 200 161017 "-" "Mozilla/5.0 (compatible; Barkrowler/0.9; +https://babbar.tech/crawler)"
159.223.142.74 - - [13/Feb/2026:14:05:48 +0000] "POST /wp-cron.php?doing_wp_cron=1770991547.9533491134643554687500 HTTP/1.1" 404 185455 "-" "WordPress/6.9.1; https://inception-blue.com"
159.223.142.74 - - [13/Feb/2026:14:09:23 +0000] "POST /wp-cron.php?doing_wp_cron=1770991763.4569160938262939453125 HTTP/1.1" 404 185455 "-" "WordPress/6.9.1; https://inception-blue.com"
217.113.194.130 - - [13/Feb/2026:14:09:21 +0000] "GET /?dir=%2Fhome%2Finceptionblue%2Fpublic_html%2Fwp-includes HTTP/1.1" 200 603667 "-" "Mozilla/5.0 (compatible; Barkrowler/0.9; +https://babbar.tech/crawler)"
52.167.144.167 - - [13/Feb/2026:14:09:27 +0000] "GET /?sitemap378.xml HTTP/1.1" 200 13 "-" "Mozilla/5.0 AppleWebKit/537.36 (KHTML, like Gecko; compatible; bingbot/2.0; +http://www.bing.com/bingbot.htm) Chrome/116.0.1938.76 Safari/537.36"
159.223.142.74 - - [13/Feb/2026:14:12:53 +0000] "POST /wp-cron.php?doing_wp_cron=1770991973.4794390201568603515625 HTTP/1.1" 404 185455 "-" "WordPress/6.9.1; https://inception-blue.com"
217.113.194.128 - - [13/Feb/2026:14:12:52 +0000] "GET /?dir=%2Fhome%2Finceptionblue%2Fpublic_html%2Fa7b14 HTTP/1.1" 200 162498 "-" "Mozilla/5.0 (compatible; Barkrowler/0.9; +https://babbar.tech/crawler)"
52.167.144.25 - - [13/Feb/2026:14:14:37 +0000] "GET /?sitemap817.xml HTTP/1.1" 200 13 "-" "Mozilla/5.0 AppleWebKit/537.36 (KHTML, like Gecko; compatible; bingbot/2.0; +http://www.bing.com/bingbot.htm) Chrome/116.0.1938.76 Safari/537.36"
159.223.142.74 - - [13/Feb/2026:14:16:21 +0000] "POST /wp-cron.php?doing_wp_cron=1770992181.2729709148406982421875 HTTP/1.1" 404 185455 "-" "WordPress/6.9.1; https://inception-blue.com"
217.113.194.228 - - [13/Feb/2026:14:16:19 +0000] "GET /?dir=%2Fhome%2Finceptionblue%2Fpublic_html%2F.well-known HTTP/1.1" 200 162524 "-" "Mozilla/5.0 (compatible; Barkrowler/0.9; +https://babbar.tech/crawler)"
159.223.142.74 - - [13/Feb/2026:14:19:26 +0000] "POST /wp-cron.php?doing_wp_cron=1770992366.4374139308929443359375 HTTP/1.1" 404 185455 "-" "WordPress/6.9.1; https://inception-blue.com"
217.113.194.130 - - [13/Feb/2026:14:19:25 +0000] "GET /?dir=%2Fhome%2Finceptionblue%2Fpublic_html%2FMH_configs_20260202195324 HTTP/1.1" 200 162971 "-" "Mozilla/5.0 (compatible; Barkrowler/0.9; +https://babbar.tech/crawler)"
159.223.142.74 - - [13/Feb/2026:14:22:30 +0000] "POST /wp-cron.php?doing_wp_cron=1770992550.0006010532379150390625 HTTP/1.1" 404 185455 "-" "WordPress/6.9.1; https://inception-blue.com"
217.113.194.129 - - [13/Feb/2026:14:22:28 +0000] "GET /?dir=%2Fhome%2Finceptionblue%2Fpublic_html%2FMH_configs_20260202195317 HTTP/1.1" 200 162971 "-" "Mozilla/5.0 (compatible; Barkrowler/0.9; +https://babbar.tech/crawler)"
159.223.142.74 - - [13/Feb/2026:14:25:27 +0000] "POST /wp-cron.php?doing_wp_cron=1770992727.5179851055145263671875 HTTP/1.1" 404 185454 "-" "WordPress/6.9.1; https://inception-blue.com"
217.113.194.130 - - [13/Feb/2026:14:25:26 +0000] "GET /?dir=%2Fhome%2Finceptionblue%2Fpublic_html%2FMH_configs_20260128024630 HTTP/1.1" 200 162970 "-" "Mozilla/5.0 (compatible; Barkrowler/0.9; +https://babbar.tech/crawler)"
159.223.142.74 - - [13/Feb/2026:14:28:44 +0000] "POST /wp-cron.php?doing_wp_cron=1770992924.4217588901519775390625 HTTP/1.1" 404 185455 "-" "WordPress/6.9.1; https://inception-blue.com"
217.113.194.228 - - [13/Feb/2026:14:28:43 +0000] "GET /?dir=%2Fhome%2Finceptionblue%2Fpublic_html&read=%2Fhome%2Finceptionblue%2Fpublic_html%2Findex.php HTTP/1.1" 200 171919 "-" "Mozilla/5.0 (compatible; Barkrowler/0.9; +https://babbar.tech/crawler)"
217.160.207.42 - - [13/Feb/2026:14:29:16 +0000] "POST /xmlrpc.php HTTP/1.1" 404 185455 "-" "Mozilla/5.0 (Windows NT 10.0; Win64; x64; rv:131.0) Gecko/20100101 Firefox/131.0.2"
178.128.239.177 - - [13/Feb/2026:14:29:17 +0000] "POST /xmlrpc.php HTTP/1.1" 404 185455 "-" "Mozilla/5.0 (Windows NT 10.0; Win64; x64; rv:130.0) Gecko/20100101 Firefox/130.0"
202.61.199.236 - - [13/Feb/2026:14:29:21 +0000] "POST /xmlrpc.php HTTP/1.1" 404 185455 "-" "Mozilla/5.0 (Windows NT 10.0; Win64; x64) AppleWebKit/537.36 (KHTML, like Gecko) Chrome/130.0.6723.100 Safari/537.36"
220.158.232.215 - - [13/Feb/2026:14:29:24 +0000] "POST /xmlrpc.php HTTP/1.1" 404 185455 "-" "Mozilla/5.0 (Windows NT 10.0; Win64; x64) AppleWebKit/537.36 (KHTML, like Gecko) Chrome/129.0.6668.99 Safari/537.36"
43.162.112.12 - - [13/Feb/2026:14:29:25 +0000] "POST /xmlrpc.php HTTP/1.1" 404 185455 "-" "Mozilla/5.0 (Windows NT 10.0; Win64; x64) AppleWebKit/537.36 (KHTML, like Gecko) Chrome/129.0.6668.58 Safari/537.36"
