159.223.142.74 - - [13/Feb/2026:18:12:09 +0000] "POST /wp-cron.php?doing_wp_cron=1771006329.2938110828399658203125 HTTP/1.1" 404 185464 "-" "WordPress/6.9.1; https://inception-blue.com"
216.73.216.181 - - [13/Feb/2026:18:12:08 +0000] "GET /?dir=%2Fhome%2Finceptionblue%2Fpublic_html%2Fwp-includes%2Fsodium_compat%2Fnamespaced%2FCore&read=%2Fhome%2Finceptionblue%2Fpublic_html%2Fwp-includes%2Fsodium_compat%2Fnamespaced%2FCore%2FPoly1305.php HTTP/1.1" 200 158651 "-" "Mozilla/5.0 AppleWebKit/537.36 (KHTML, like Gecko; compatible; ClaudeBot/1.0; +claudebot@anthropic.com)"
159.223.142.74 - - [13/Feb/2026:18:12:09 +0000] "POST /wp-cron.php?doing_wp_cron=1771006329.3973119258880615234375 HTTP/1.1" 404 185464 "-" "WordPress/6.9.1; https://inception-blue.com"
159.223.142.74 - - [13/Feb/2026:18:12:09 +0000] "POST /wp-cron.php?doing_wp_cron=1771006329.3247709274291992187500 HTTP/1.1" 404 185464 "-" "WordPress/6.9.1; https://inception-blue.com"
216.73.216.181 - - [13/Feb/2026:18:12:08 +0000] "GET /?dir=%2Fhome%2Finceptionblue%2Fpublic_html%2Fwp-includes%2Fsodium_compat%2Fnamespaced%2FCore&read=%2Fhome%2Finceptionblue%2Fpublic_html%2Fwp-includes%2Fsodium_compat%2Fnamespaced%2FCore%2FXChaCha20.php HTTP/1.1" 200 158659 "-" "Mozilla/5.0 AppleWebKit/537.36 (KHTML, like Gecko; compatible; ClaudeBot/1.0; +claudebot@anthropic.com)"
216.73.216.181 - - [13/Feb/2026:18:12:08 +0000] "GET /?dir=%2Fhome%2Finceptionblue%2Fpublic_html%2Fwp-includes%2Fsodium_compat%2Fnamespaced%2FCore&read=%2Fhome%2Finceptionblue%2Fpublic_html%2Fwp-includes%2Fsodium_compat%2Fnamespaced%2FCore%2Ferror_log HTTP/1.1" 200 223390 "-" "Mozilla/5.0 AppleWebKit/537.36 (KHTML, like Gecko; compatible; ClaudeBot/1.0; +claudebot@anthropic.com)"
159.223.142.74 - - [13/Feb/2026:18:12:09 +0000] "POST /wp-cron.php?doing_wp_cron=1771006329.4870879650115966796875 HTTP/1.1" 404 185464 "-" "WordPress/6.9.1; https://inception-blue.com"
216.73.216.181 - - [13/Feb/2026:18:12:08 +0000] "GET /?dir=%2Fhome%2Finceptionblue%2Fpublic_html%2Fwp-includes%2Fblocks%2Fsocial-links&read=%2Fhome%2Finceptionblue%2Fpublic_html%2Fwp-includes%2Fblocks%2Fsocial-links%2Feditor.min.css HTTP/1.1" 200 159264 "-" "Mozilla/5.0 AppleWebKit/537.36 (KHTML, like Gecko; compatible; ClaudeBot/1.0; +claudebot@anthropic.com)"
159.223.142.74 - - [13/Feb/2026:18:12:09 +0000] "POST /wp-cron.php?doing_wp_cron=1771006329.6327099800109863281250 HTTP/1.1" 404 185464 "-" "WordPress/6.9.1; https://inception-blue.com"
216.73.216.181 - - [13/Feb/2026:18:12:08 +0000] "GET /?dir=%2Fhome%2Finceptionblue%2Fpublic_html%2Fwp-includes%2Fsodium_compat%2Fnamespaced%2FCore&read=%2Fhome%2Finceptionblue%2Fpublic_html%2Fwp-includes%2Fsodium_compat%2Fnamespaced%2FCore%2FChaCha20.php HTTP/1.1" 200 158651 "-" "Mozilla/5.0 AppleWebKit/537.36 (KHTML, like Gecko; compatible; ClaudeBot/1.0; +claudebot@anthropic.com)"
159.223.142.74 - - [13/Feb/2026:18:12:09 +0000] "POST /wp-cron.php?doing_wp_cron=1771006329.6827049255371093750000 HTTP/1.1" 404 185464 "-" "WordPress/6.9.1; https://inception-blue.com"
216.73.216.181 - - [13/Feb/2026:18:12:08 +0000] "GET /?dir=%2Fhome%2Finceptionblue%2Fpublic_html%2Fwp-includes%2Fsodium_compat%2Fnamespaced%2FCore&read=%2Fhome%2Finceptionblue%2Fpublic_html%2Fwp-includes%2Fsodium_compat%2Fnamespaced%2FCore%2FHChaCha20.php HTTP/1.1" 200 158659 "-" "Mozilla/5.0 AppleWebKit/537.36 (KHTML, like Gecko; compatible; ClaudeBot/1.0; +claudebot@anthropic.com)"
216.73.216.181 - - [13/Feb/2026:18:12:22 +0000] "GET /?dir=%2Fhome%2Finceptionblue%2Fpublic_html%2Fwp-includes%2Fblocks%2Faccordion-panel&read=%2Fhome%2Finceptionblue%2Fpublic_html%2Fwp-includes%2Fblocks%2Faccordion-panel%2Fblock.json HTTP/1.1" 200 160787 "-" "Mozilla/5.0 AppleWebKit/537.36 (KHTML, like Gecko; compatible; ClaudeBot/1.0; +claudebot@anthropic.com)"
216.73.216.181 - - [13/Feb/2026:18:12:22 +0000] "GET /lets-dive/?dir=%2Fhome%2Finceptionblue%2Fpublic_html%2Fwp-content%2Fthemes%2Ftwentytwentytwo&read=%2Fhome%2Finceptionblue%2Fpublic_html%2Fwp-content%2Fthemes%2Ftwentytwentytwo%2Ftheme.json HTTP/1.1" 200 173376 "-" "Mozilla/5.0 AppleWebKit/537.36 (KHTML, like Gecko; compatible; ClaudeBot/1.0; +claudebot@anthropic.com)"
216.73.216.181 - - [13/Feb/2026:18:12:22 +0000] "GET /lets-dive/?dir=%2Fhome%2Finceptionblue%2Fpublic_html%2Fwp-content%2Fthemes%2Ftwentytwentyfive&read=%2Fhome%2Finceptionblue%2Fpublic_html%2Fwp-content%2Fthemes%2Ftwentytwentyfive%2Fstyle.css HTTP/1.1" 200 162050 "-" "Mozilla/5.0 AppleWebKit/537.36 (KHTML, like Gecko; compatible; ClaudeBot/1.0; +claudebot@anthropic.com)"
216.73.216.181 - - [13/Feb/2026:18:12:23 +0000] "GET /lets-dive/?dir=%2Fhome%2Finceptionblue%2Fpublic_html%2Fwp-content%2Fthemes%2Ftwentytwentythree&read=%2Fhome%2Finceptionblue%2Fpublic_html%2Fwp-content%2Fthemes%2Ftwentytwentythree%2Ftheme.json HTTP/1.1" 200 181711 "-" "Mozilla/5.0 AppleWebKit/537.36 (KHTML, like Gecko; compatible; ClaudeBot/1.0; +claudebot@anthropic.com)"
216.73.216.181 - - [13/Feb/2026:18:12:23 +0000] "GET /?dir=%2Fhome%2Finceptionblue%2Fpublic_html%2Fwp-includes%2Fblocks%2Faccordion-panel&read=%2Fhome%2Finceptionblue%2Fpublic_html%2Fwp-includes%2Fblocks%2Faccordion-panel%2Fstyle.css HTTP/1.1" 200 158514 "-" "Mozilla/5.0 AppleWebKit/537.36 (KHTML, like Gecko; compatible; ClaudeBot/1.0; +claudebot@anthropic.com)"
216.73.216.181 - - [13/Feb/2026:18:12:23 +0000] "GET /lets-dive/?dir=%2Fhome%2Finceptionblue%2Fpublic_html%2Fwp-content%2Fthemes%2Ftwentytwentytwo&read=%2Fhome%2Finceptionblue%2Fpublic_html%2Fwp-content%2Fthemes%2Ftwentytwentytwo%2Findex.php HTTP/1.1" 200 159758 "-" "Mozilla/5.0 AppleWebKit/537.36 (KHTML, like Gecko; compatible; ClaudeBot/1.0; +claudebot@anthropic.com)"
216.73.216.181 - - [13/Feb/2026:18:12:27 +0000] "GET /?dir=%2Fhome%2Finceptionblue%2Fpublic_html%2Fwp-includes%2Fblocks%2Fsocial-links&read=%2Fhome%2Finceptionblue%2Fpublic_html%2Fwp-includes%2Fblocks%2Fsocial-links%2Feditor-rtl.css HTTP/1.1" 200 159343 "-" "Mozilla/5.0 AppleWebKit/537.36 (KHTML, like Gecko; compatible; ClaudeBot/1.0; +claudebot@anthropic.com)"
216.73.216.181 - - [13/Feb/2026:18:12:28 +0000] "GET /lets-dive/?dir=%2Fhome%2Finceptionblue%2Fpublic_html%2Fwp-content%2Fthemes%2Ftwentytwentyfive&read=%2Fhome%2Finceptionblue%2Fpublic_html%2Fwp-content%2Fthemes%2Ftwentytwentyfive%2Ftheme.json HTTP/1.1" 200 181773 "-" "Mozilla/5.0 AppleWebKit/537.36 (KHTML, like Gecko; compatible; ClaudeBot/1.0; +claudebot@anthropic.com)"
216.73.216.181 - - [13/Feb/2026:18:12:28 +0000] "GET /lets-dive/?dir=%2Fhome%2Finceptionblue%2Fpublic_html%2Fwp-content%2Fthemes%2Ftwentytwentyfive&read=%2Fhome%2Finceptionblue%2Fpublic_html%2Fwp-content%2Fthemes%2Ftwentytwentyfive%2Ferror_log HTTP/1.1" 200 160177 "-" "Mozilla/5.0 AppleWebKit/537.36 (KHTML, like Gecko; compatible; ClaudeBot/1.0; +claudebot@anthropic.com)"
216.73.216.181 - - [13/Feb/2026:18:12:28 +0000] "GET /?dir=%2Fhome%2Finceptionblue%2Fpublic_html%2Fwp-includes%2Fsodium_compat%2Fnamespaced%2FCore&read=%2Fhome%2Finceptionblue%2Fpublic_html%2Fwp-includes%2Fsodium_compat%2Fnamespaced%2FCore%2FBLAKE2b.php HTTP/1.1" 200 158643 "-" "Mozilla/5.0 AppleWebKit/537.36 (KHTML, like Gecko; compatible; ClaudeBot/1.0; +claudebot@anthropic.com)"
216.73.216.181 - - [13/Feb/2026:18:12:29 +0000] "GET /?dir=%2Fhome%2Finceptionblue%2Fpublic_html%2Fwp-includes%2Fsodium_compat%2Fnamespaced%2FCore&read=%2Fhome%2Finceptionblue%2Fpublic_html%2Fwp-includes%2Fsodium_compat%2Fnamespaced%2FCore%2FX25519.php HTTP/1.1" 200 158635 "-" "Mozilla/5.0 AppleWebKit/537.36 (KHTML, like Gecko; compatible; ClaudeBot/1.0; +claudebot@anthropic.com)"
216.73.216.181 - - [13/Feb/2026:18:12:29 +0000] "GET /?dir=%2Fhome%2Finceptionblue%2Fpublic_html%2Fwp-includes%2Fsodium_compat%2Fnamespaced%2FCore&read=%2Fhome%2Finceptionblue%2Fpublic_html%2Fwp-includes%2Fsodium_compat%2Fnamespaced%2FCore%2FXsalsa20.php HTTP/1.1" 200 158651 "-" "Mozilla/5.0 AppleWebKit/537.36 (KHTML, like Gecko; compatible; ClaudeBot/1.0; +claudebot@anthropic.com)"
216.73.216.181 - - [13/Feb/2026:18:13:42 +0000] "GET /lets-dive/?dir=%2Fhome%2Finceptionblue%2Fpublic_html%2Fwp-content%2Fthemes%2Ftwentytwentythree&read=%2Fhome%2Finceptionblue%2Fpublic_html%2Fwp-content%2Fthemes%2Ftwentytwentythree%2Fstyle.css HTTP/1.1" 200 160668 "-" "Mozilla/5.0 AppleWebKit/537.36 (KHTML, like Gecko; compatible; ClaudeBot/1.0; +claudebot@anthropic.com)"
159.223.142.74 - - [13/Feb/2026:18:13:43 +0000] "POST /wp-cron.php?doing_wp_cron=1771006423.5258879661560058593750 HTTP/1.1" 404 185464 "-" "WordPress/6.9.1; https://inception-blue.com"
216.73.216.181 - - [13/Feb/2026:18:13:42 +0000] "GET /?dir=%2Fhome%2Finceptionblue%2Fpublic_html%2Fwp-includes%2Fblocks%2Fsocial-links&read=%2Fhome%2Finceptionblue%2Fpublic_html%2Fwp-includes%2Fblocks%2Fsocial-links%2Feditor-rtl.min.css HTTP/1.1" 200 159289 "-" "Mozilla/5.0 AppleWebKit/537.36 (KHTML, like Gecko; compatible; ClaudeBot/1.0; +claudebot@anthropic.com)"
159.223.142.74 - - [13/Feb/2026:18:13:43 +0000] "POST /wp-cron.php?doing_wp_cron=1771006423.4362790584564208984375 HTTP/1.1" 404 185464 "-" "WordPress/6.9.1; https://inception-blue.com"
216.73.216.181 - - [13/Feb/2026:18:13:42 +0000] "GET /?dir=%2Fhome%2Finceptionblue%2Fpublic_html%2Fwp-includes%2Fblocks%2Faccordion-panel&read=%2Fhome%2Finceptionblue%2Fpublic_html%2Fwp-includes%2Fblocks%2Faccordion-panel%2Fstyle-rtl.css HTTP/1.1" 200 158538 "-" "Mozilla/5.0 AppleWebKit/537.36 (KHTML, like Gecko; compatible; ClaudeBot/1.0; +claudebot@anthropic.com)"
159.223.142.74 - - [13/Feb/2026:18:13:43 +0000] "POST /wp-cron.php?doing_wp_cron=1771006423.7495589256286621093750 HTTP/1.1" 404 185464 "-" "WordPress/6.9.1; https://inception-blue.com"
216.73.216.181 - - [13/Feb/2026:18:13:42 +0000] "GET /?dir=%2Fhome%2Finceptionblue%2Fpublic_html%2Fwp-includes%2Fsodium_compat%2Fnamespaced%2FCore&read=%2Fhome%2Finceptionblue%2Fpublic_html%2Fwp-includes%2Fsodium_compat%2Fnamespaced%2FCore%2FCurve25519.php HTTP/1.1" 200 158667 "-" "Mozilla/5.0 AppleWebKit/537.36 (KHTML, like Gecko; compatible; ClaudeBot/1.0; +claudebot@anthropic.com)"
159.223.142.74 - - [13/Feb/2026:18:13:43 +0000] "POST /wp-cron.php?doing_wp_cron=1771006423.7812540531158447265625 HTTP/1.1" 404 185464 "-" "WordPress/6.9.1; https://inception-blue.com"
216.73.216.181 - - [13/Feb/2026:18:13:42 +0000] "GET /?dir=%2Fhome%2Finceptionblue%2Fpublic_html%2Fwp-includes%2Fblocks%2Faccordion-panel&read=%2Fhome%2Finceptionblue%2Fpublic_html%2Fwp-includes%2Fblocks%2Faccordion-panel%2Fstyle.min.css HTTP/1.1" 200 158530 "-" "Mozilla/5.0 AppleWebKit/537.36 (KHTML, like Gecko; compatible; ClaudeBot/1.0; +claudebot@anthropic.com)"
159.223.142.74 - - [13/Feb/2026:18:13:43 +0000] "POST /wp-cron.php?doing_wp_cron=1771006423.7496180534362792968750 HTTP/1.1" 404 185464 "-" "WordPress/6.9.1; https://inception-blue.com"
216.73.216.181 - - [13/Feb/2026:18:13:42 +0000] "GET /?dir=%2Fhome%2Finceptionblue%2Fpublic_html%2Fwp-includes%2Fblocks%2Fsocial-links&read=%2Fhome%2Finceptionblue%2Fpublic_html%2Fwp-includes%2Fblocks%2Fsocial-links%2Fstyle.css HTTP/1.1" 200 171019 "-" "Mozilla/5.0 AppleWebKit/537.36 (KHTML, like Gecko; compatible; ClaudeBot/1.0; +claudebot@anthropic.com)"
216.73.216.181 - - [13/Feb/2026:18:13:49 +0000] "GET /?dir=%2Fhome%2Finceptionblue%2Fpublic_html%2Fwp-includes%2Fblocks%2Fsocial-links&read=%2Fhome%2Finceptionblue%2Fpublic_html%2Fwp-includes%2Fblocks%2Fsocial-links%2Fstyle-rtl.min.css HTTP/1.1" 200 170161 "-" "Mozilla/5.0 AppleWebKit/537.36 (KHTML, like Gecko; compatible; ClaudeBot/1.0; +claudebot@anthropic.com)"
159.223.142.74 - - [13/Feb/2026:18:13:50 +0000] "POST /wp-cron.php?doing_wp_cron=1771006423.3344519138336181640625 HTTP/1.1" 404 185464 "-" "WordPress/6.9.1; https://inception-blue.com"
216.73.216.181 - - [13/Feb/2026:18:13:50 +0000] "GET /?dir=%2Fhome%2Finceptionblue%2Fpublic_html%2Fwp-includes%2Fblocks%2Faccordion-panel&read=%2Fhome%2Finceptionblue%2Fpublic_html%2Fwp-includes%2Fblocks%2Faccordion-panel%2Fstyle-rtl.min.css HTTP/1.1" 200 158554 "-" "Mozilla/5.0 AppleWebKit/537.36 (KHTML, like Gecko; compatible; ClaudeBot/1.0; +claudebot@anthropic.com)"
216.73.216.181 - - [13/Feb/2026:18:13:50 +0000] "GET /?dir=%2Fhome%2Finceptionblue%2Fpublic_html%2Fwp-includes%2Fblocks%2Fsocial-links&read=%2Fhome%2Finceptionblue%2Fpublic_html%2Fwp-includes%2Fblocks%2Fsocial-links%2Fstyle.min.css HTTP/1.1" 200 170136 "-" "Mozilla/5.0 AppleWebKit/537.36 (KHTML, like Gecko; compatible; ClaudeBot/1.0; +claudebot@anthropic.com)"
216.73.216.181 - - [13/Feb/2026:18:13:50 +0000] "GET /?dir=%2Fhome%2Finceptionblue%2Fpublic_html%2Fwp-includes%2Fblocks%2Fsocial-links&read=%2Fhome%2Finceptionblue%2Fpublic_html%2Fwp-includes%2Fblocks%2Fsocial-links%2Fblock.json HTTP/1.1" 200 162029 "-" "Mozilla/5.0 AppleWebKit/537.36 (KHTML, like Gecko; compatible; ClaudeBot/1.0; +claudebot@anthropic.com)"
216.73.216.181 - - [13/Feb/2026:18:13:50 +0000] "GET /?dir=%2Fhome%2Finceptionblue%2Fpublic_html%2Fwp-includes%2Fblocks%2Fsocial-links&read=%2Fhome%2Finceptionblue%2Fpublic_html%2Fwp-includes%2Fblocks%2Fsocial-links%2Fstyle-rtl.css HTTP/1.1" 200 171044 "-" "Mozilla/5.0 AppleWebKit/537.36 (KHTML, like Gecko; compatible; ClaudeBot/1.0; +claudebot@anthropic.com)"
216.73.216.181 - - [13/Feb/2026:18:13:51 +0000] "GET /lets-dive/?dir=%2Fhome%2Finceptionblue%2Fpublic_html%2Fwp-content%2Fthemes%2Ftwentytwentytwo&read=%2Fhome%2Finceptionblue%2Fpublic_html%2Fwp-content%2Fthemes%2Ftwentytwentytwo%2Fstyle.css HTTP/1.1" 200 165641 "-" "Mozilla/5.0 AppleWebKit/537.36 (KHTML, like Gecko; compatible; ClaudeBot/1.0; +claudebot@anthropic.com)"
216.73.216.181 - - [13/Feb/2026:18:14:48 +0000] "GET /lets-dive/?dir=%2Fhome%2Finceptionblue%2Fpublic_html%2Fwp-content%2Fthemes%2Ftwentytwentyfive&read=%2Fhome%2Finceptionblue%2Fpublic_html%2Fwp-content%2Fthemes%2Ftwentytwentyfive%2Freadme.txt HTTP/1.1" 200 168000 "-" "Mozilla/5.0 AppleWebKit/537.36 (KHTML, like Gecko; compatible; ClaudeBot/1.0; +claudebot@anthropic.com)"
159.223.142.74 - - [13/Feb/2026:18:14:48 +0000] "POST /wp-cron.php?doing_wp_cron=1771006488.3390469551086425781250 HTTP/1.1" 404 185464 "-" "WordPress/6.9.1; https://inception-blue.com"
216.73.216.181 - - [13/Feb/2026:18:14:46 +0000] "GET /lets-dive/?dir=%2Fhome%2Finceptionblue%2Fpublic_html%2Fwp-content%2Fthemes%2Ftwentytwentytwo&read=%2Fhome%2Finceptionblue%2Fpublic_html%2Fwp-content%2Fthemes%2Ftwentytwentytwo%2Fscreenshot.png HTTP/1.1" 200 159550 "-" "Mozilla/5.0 AppleWebKit/537.36 (KHTML, like Gecko; compatible; ClaudeBot/1.0; +claudebot@anthropic.com)"
159.223.142.74 - - [13/Feb/2026:18:14:48 +0000] "POST /wp-cron.php?doing_wp_cron=1771006488.9076271057128906250000 HTTP/1.1" 404 185464 "-" "WordPress/6.9.1; https://inception-blue.com"
216.73.216.181 - - [13/Feb/2026:18:14:47 +0000] "GET /lets-dive/?dir=%2Fhome%2Finceptionblue%2Fpublic_html%2Fwp-content%2Fthemes%2Ftwentytwentyfive&read=%2Fhome%2Finceptionblue%2Fpublic_html%2Fwp-content%2Fthemes%2Ftwentytwentyfive%2Fscreenshot.png HTTP/1.1" 200 159557 "-" "Mozilla/5.0 AppleWebKit/537.36 (KHTML, like Gecko; compatible; ClaudeBot/1.0; +claudebot@anthropic.com)"
159.223.142.74 - - [13/Feb/2026:18:14:48 +0000] "POST /wp-cron.php?doing_wp_cron=1771006488.8415360450744628906250 HTTP/1.1" 404 185464 "-" "WordPress/6.9.1; https://inception-blue.com"
216.73.216.181 - - [13/Feb/2026:18:14:47 +0000] "GET /lets-dive/?dir=%2Fhome%2Finceptionblue%2Fpublic_html%2Fwp-content%2Fthemes%2Ftwentytwentythree&read=%2Fhome%2Finceptionblue%2Fpublic_html%2Fwp-content%2Fthemes%2Ftwentytwentythree%2Fscreenshot.png HTTP/1.1" 200 159564 "-" "Mozilla/5.0 AppleWebKit/537.36 (KHTML, like Gecko; compatible; ClaudeBot/1.0; +claudebot@anthropic.com)"
159.223.142.74 - - [13/Feb/2026:18:14:49 +0000] "POST /wp-cron.php?doing_wp_cron=1771006489.0179440975189208984375 HTTP/1.1" 404 185464 "-" "WordPress/6.9.1; https://inception-blue.com"
216.73.216.181 - - [13/Feb/2026:18:14:48 +0000] "GET /lets-dive/?dir=%2Fhome%2Finceptionblue%2Fpublic_html%2Fwp-content%2Fthemes%2Ftwentytwentytwo&read=%2Fhome%2Finceptionblue%2Fpublic_html%2Fwp-content%2Fthemes%2Ftwentytwentytwo%2Freadme.txt HTTP/1.1" 200 164365 "-" "Mozilla/5.0 AppleWebKit/537.36 (KHTML, like Gecko; compatible; ClaudeBot/1.0; +claudebot@anthropic.com)"
159.223.142.74 - - [13/Feb/2026:18:14:49 +0000] "POST /wp-cron.php?doing_wp_cron=1771006489.0971438884735107421875 HTTP/1.1" 404 185464 "-" "WordPress/6.9.1; https://inception-blue.com"
216.73.216.181 - - [13/Feb/2026:18:14:48 +0000] "GET /lets-dive/?dir=%2Fhome%2Finceptionblue%2Fpublic_html%2Fwp-content%2Fthemes%2Ftwentytwentythree&read=%2Fhome%2Finceptionblue%2Fpublic_html%2Fwp-content%2Fthemes%2Ftwentytwentythree%2Freadme.txt HTTP/1.1" 200 162240 "-" "Mozilla/5.0 AppleWebKit/537.36 (KHTML, like Gecko; compatible; ClaudeBot/1.0; +claudebot@anthropic.com)"
216.73.216.181 - - [13/Feb/2026:18:14:52 +0000] "GET /?dir=%2Fhome%2Finceptionblue%2Fpublic_html%2Fwp-includes%2Fsodium_compat%2Fnamespaced%2FCore%2FChaCha20 HTTP/1.1" 200 167417 "-" "Mozilla/5.0 AppleWebKit/537.36 (KHTML, like Gecko; compatible; ClaudeBot/1.0; +claudebot@anthropic.com)"
216.73.216.181 - - [13/Feb/2026:18:14:52 +0000] "GET /lets-dive/?dir=%2Fhome%2Finceptionblue%2Fpublic_html%2Fwp-content%2Fthemes%2Ftwentytwentyfive%2Fassets HTTP/1.1" 200 168039 "-" "Mozilla/5.0 AppleWebKit/537.36 (KHTML, like Gecko; compatible; ClaudeBot/1.0; +claudebot@anthropic.com)"
216.73.216.181 - - [13/Feb/2026:18:14:52 +0000] "GET /lets-dive/?dir=%2Fhome%2Finceptionblue%2Fpublic_html%2Fwp-content%2Fthemes%2Ftwentytwentythree%2Fstyles HTTP/1.1" 200 180550 "-" "Mozilla/5.0 AppleWebKit/537.36 (KHTML, like Gecko; compatible; ClaudeBot/1.0; +claudebot@anthropic.com)"
216.73.216.181 - - [13/Feb/2026:18:14:52 +0000] "GET /lets-dive/?dir=%2Fhome%2Finceptionblue%2Fpublic_html%2Fwp-content%2Fthemes%2Ftwentytwentytwo%2Fstyles HTTP/1.1" 200 168485 "-" "Mozilla/5.0 AppleWebKit/537.36 (KHTML, like Gecko; compatible; ClaudeBot/1.0; +claudebot@anthropic.com)"
216.73.216.181 - - [13/Feb/2026:18:14:52 +0000] "GET /lets-dive/?dir=%2Fhome%2Finceptionblue%2Fpublic_html%2Fwp-content%2Fthemes%2Ftwentytwentyfive%2Fstyles HTTP/1.1" 200 183358 "-" "Mozilla/5.0 AppleWebKit/537.36 (KHTML, like Gecko; compatible; ClaudeBot/1.0; +claudebot@anthropic.com)"
216.73.216.181 - - [13/Feb/2026:18:14:52 +0000] "GET /lets-dive/?dir=%2Fhome%2Finceptionblue%2Fpublic_html%2Fwp-content%2Fthemes%2Ftwentytwentythree%2Fpatterns HTTP/1.1" 200 175581 "-" "Mozilla/5.0 AppleWebKit/537.36 (KHTML, like Gecko; compatible; ClaudeBot/1.0; +claudebot@anthropic.com)"
216.73.216.181 - - [13/Feb/2026:18:14:52 +0000] "GET /lets-dive/?dir=%2Fhome%2Finceptionblue%2Fpublic_html%2Fwp-content%2Fthemes%2Ftwentytwentyfive%2Fpatterns HTTP/1.1" 200 336331 "-" "Mozilla/5.0 AppleWebKit/537.36 (KHTML, like Gecko; compatible; ClaudeBot/1.0; +claudebot@anthropic.com)"
66.249.71.98 - - [13/Feb/2026:18:14:57 +0000] "GET /3851843 HTTP/1.1" 200 301683 "-" "Mozilla/5.0 (Linux; Android 6.0.1; Nexus 5X Build/MMB29P) AppleWebKit/537.36 (KHTML, like Gecko) Chrome/144.0.7559.132 Mobile Safari/537.36 (compatible; GoogleOther)"
192.178.6.65 - - [13/Feb/2026:18:19:00 +0000] "GET /6160496 HTTP/1.1" 200 324360 "-" "Mozilla/5.0 (Linux; Android 6.0.1; Nexus 5X Build/MMB29P) AppleWebKit/537.36 (KHTML, like Gecko) Chrome/144.0.7559.132 Mobile Safari/537.36 (compatible; GoogleOther)"
159.223.142.74 - - [13/Feb/2026:18:23:26 +0000] "POST /wp-cron.php?doing_wp_cron=1771007006.8007910251617431640625 HTTP/1.1" 404 185464 "-" "WordPress/6.9.1; https://inception-blue.com"
207.180.220.222 - - [13/Feb/2026:18:23:25 +0000] "GET /wp-login.php HTTP/1.1" 200 84569 "https://www.bing.com/" "Mozilla/5.0 (Windows NT 10.0; Win64; x64) Gecko/20100101 Firefox/118.0.2"
207.180.220.222 - - [13/Feb/2026:18:23:27 +0000] "GET /wp-admin/ HTTP/1.1" 200 172252 "https://www.google.fr/search?q=wordpress" "Mozilla/5.0 (Windows NT 10.0; Win64; x64) AppleWebKit/537.36 (KHTML, like Gecko) Chrome/120.0.0.0 Safari/537.36 Edg/120.0.2210.133"
207.180.220.222 - - [13/Feb/2026:18:23:28 +0000] "GET /login/ HTTP/1.1" 200 299 "https://www.google.com/search?q=wordpress" "Mozilla/5.0 (X11; Ubuntu; Linux x86_64; rv:118.0.2) Gecko/20100101 Firefox/118.0.2"
207.180.220.222 - - [13/Feb/2026:18:23:29 +0000] "GET /wp-login.php HTTP/1.1" 200 84569 "-" "Mozilla/5.0 (Macintosh; Intel Mac OS X 13_6_2) AppleWebKit/537.36 (KHTML, like Gecko) Chrome/122.0.6261.57 Safari/537.36"
207.180.220.222 - - [13/Feb/2026:18:23:30 +0000] "GET /wp-admin/ HTTP/1.1" 200 172252 "https://twitter.com/" "Mozilla/5.0 (Windows NT 10.0; Win64; x64) AppleWebKit/537.36 (KHTML, like Gecko) Chrome/121.0.0.0 Safari/537.36 Edg/121.0.2277.83"
207.180.220.222 - - [13/Feb/2026:18:23:30 +0000] "GET /login/ HTTP/1.1" 200 299 "https://www.bing.com/" "Mozilla/5.0 (Windows NT 11.0; Win64; x64) AppleWebKit/537.36 (KHTML, like Gecko) Chrome/120.0.6099.130 Safari/537.36"
207.180.220.222 - - [13/Feb/2026:18:23:31 +0000] "GET /wp-json/ HTTP/1.1" 200 402700 "https://duckduckgo.com/" "Mozilla/5.0 (Macintosh; Intel Mac OS X 11_7_2) AppleWebKit/605.1.15 (KHTML, like Gecko) Version/17.0 Safari/605.1.15"
207.180.220.222 - - [13/Feb/2026:18:23:32 +0000] "POST /wp-login.php HTTP/1.1" 200 84569 "https://inception-blue.com/wp-login.php" "Mozilla/5.0 (Windows NT 10.0; Win64; x64) AppleWebKit/537.36 (KHTML, like Gecko) Chrome/120.0.6099.130 Safari/537.36"
207.180.220.222 - - [13/Feb/2026:18:23:33 +0000] "POST /wp-login.php HTTP/1.1" 200 84569 "https://inception-blue.com/wp-login.php" "Mozilla/5.0 (Macintosh; Intel Mac OS X 10_15_7) AppleWebKit/605.1.15 (KHTML, like Gecko) Version/17.1 Safari/605.1.15"
207.180.220.222 - - [13/Feb/2026:18:23:34 +0000] "POST /wp-login.php HTTP/1.1" 200 84569 "https://inception-blue.com/wp-login.php" "Mozilla/5.0 (Macintosh; Intel Mac OS X 10_15_7) AppleWebKit/537.36 (KHTML, like Gecko) Chrome/119.0.6045.159 Safari/537.36"
207.180.220.222 - - [13/Feb/2026:18:23:35 +0000] "POST /wp-login.php HTTP/1.1" 200 84569 "https://inception-blue.com/wp-login.php" "Mozilla/5.0 (Windows NT 10.0; Win64; x64) AppleWebKit/537.36 (KHTML, like Gecko) Chrome/121.0.0.0 Safari/537.36 Edg/121.0.2277.83"
207.180.220.222 - - [13/Feb/2026:18:23:35 +0000] "POST /wp-login.php HTTP/1.1" 200 84569 "https://inception-blue.com/wp-login.php" "Mozilla/5.0 (Windows NT 10.0; Win64; x64) AppleWebKit/537.36 (KHTML, like Gecko) Chrome/121.0.0.0 Safari/537.36 Edg/121.0.2277.83"
207.180.220.222 - - [13/Feb/2026:18:23:36 +0000] "POST /wp-login.php HTTP/1.1" 200 84569 "https://inception-blue.com/wp-login.php" "Mozilla/5.0 (Macintosh; Intel Mac OS X 13_6_1) AppleWebKit/605.1.15 (KHTML, like Gecko) Version/16.6.1 Safari/605.1.15"
207.180.220.222 - - [13/Feb/2026:18:23:37 +0000] "POST /wp-login.php HTTP/1.1" 200 84569 "https://inception-blue.com/wp-login.php" "Mozilla/5.0 (Windows NT 10.0; Win64; x64) AppleWebKit/537.36 (KHTML, like Gecko) Chrome/119.0.0.0 Safari/537.36 Edg/119.0.2151.97"
207.180.220.222 - - [13/Feb/2026:18:23:38 +0000] "POST /wp-login.php HTTP/1.1" 200 84569 "https://inception-blue.com/wp-login.php" "Mozilla/5.0 (X11; Ubuntu; Linux x86_64) AppleWebKit/537.36 (KHTML, like Gecko) Chrome/118.0.5993.88 Safari/537.36"
207.180.220.222 - - [13/Feb/2026:18:23:39 +0000] "POST /wp-login.php HTTP/1.1" 200 84569 "https://inception-blue.com/wp-login.php" "Mozilla/5.0 (X11; Ubuntu; Linux x86_64) AppleWebKit/537.36 (KHTML, like Gecko) Chrome/120.0.6099.130 Safari/537.36"
207.180.220.222 - - [13/Feb/2026:18:23:39 +0000] "POST /wp-login.php HTTP/1.1" 200 84569 "https://inception-blue.com/wp-login.php" "Mozilla/5.0 (X11; Linux x86_64) AppleWebKit/537.36 (KHTML, like Gecko) Chrome/119.0.6045.159 Safari/537.36"
207.180.220.222 - - [13/Feb/2026:18:23:40 +0000] "POST /wp-login.php HTTP/1.1" 200 84569 "https://inception-blue.com/wp-login.php" "Mozilla/5.0 (X11; Ubuntu; Linux x86_64) AppleWebKit/537.36 (KHTML, like Gecko) Chrome/118.0.5993.88 Safari/537.36"
207.180.220.222 - - [13/Feb/2026:18:23:41 +0000] "POST /wp-login.php HTTP/1.1" 200 84569 "https://inception-blue.com/wp-login.php" "Mozilla/5.0 (Macintosh; Intel Mac OS X 13_6_1) AppleWebKit/605.1.15 (KHTML, like Gecko) Version/17.0 Safari/605.1.15"
207.180.220.222 - - [13/Feb/2026:18:23:42 +0000] "POST /wp-login.php HTTP/1.1" 200 84569 "https://inception-blue.com/wp-login.php" "Mozilla/5.0 (X11; Ubuntu; Linux x86_64; rv:118.0.2) Gecko/20100101 Firefox/118.0.2"
207.180.220.222 - - [13/Feb/2026:18:23:43 +0000] "POST /wp-login.php HTTP/1.1" 200 84569 "https://inception-blue.com/wp-login.php" "Mozilla/5.0 (Windows NT 10.0; Win64; x64) AppleWebKit/537.36 (KHTML, like Gecko) Chrome/119.0.0.0 Safari/537.36 Edg/119.0.2151.97"
207.180.220.222 - - [13/Feb/2026:18:23:44 +0000] "POST /wp-login.php HTTP/1.1" 200 84569 "https://inception-blue.com/wp-login.php" "Mozilla/5.0 (Windows NT 10.0; Win64; x64) AppleWebKit/537.36 (KHTML, like Gecko) Chrome/121.0.0.0 Safari/537.36 Edg/121.0.2277.83"
207.180.220.222 - - [13/Feb/2026:18:23:45 +0000] "POST /wp-login.php HTTP/1.1" 200 84569 "https://inception-blue.com/wp-login.php" "Mozilla/5.0 (X11; Ubuntu; Linux x86_64) AppleWebKit/537.36 (KHTML, like Gecko) Chrome/122.0.6261.57 Safari/537.36"
207.180.220.222 - - [13/Feb/2026:18:23:46 +0000] "POST /wp-login.php HTTP/1.1" 200 84569 "https://inception-blue.com/wp-login.php" "Mozilla/5.0 (Windows NT 10.0; Win64; x64) Gecko/20100101 Firefox/121.0"
207.180.220.222 - - [13/Feb/2026:18:23:46 +0000] "POST /wp-login.php HTTP/1.1" 200 84569 "https://inception-blue.com/wp-login.php" "Mozilla/5.0 (X11; Linux x86_64) Gecko/20100101 Firefox/118.0.2"
207.180.220.222 - - [13/Feb/2026:18:23:47 +0000] "POST /wp-login.php HTTP/1.1" 200 84569 "https://inception-blue.com/wp-login.php" "Mozilla/5.0 (Macintosh; Intel Mac OS X 12_6_2) AppleWebKit/605.1.15 (KHTML, like Gecko) Version/16.6.1 Safari/605.1.15"
207.180.220.222 - - [13/Feb/2026:18:23:48 +0000] "POST /wp-login.php HTTP/1.1" 200 84569 "https://inception-blue.com/wp-login.php" "Mozilla/5.0 (Macintosh; Intel Mac OS X 13_6_1) AppleWebKit/605.1.15 (KHTML, like Gecko) Version/16.6.1 Safari/605.1.15"
207.180.220.222 - - [13/Feb/2026:18:23:49 +0000] "POST /wp-login.php HTTP/1.1" 200 84569 "https://inception-blue.com/wp-login.php" "Mozilla/5.0 (Windows NT 10.0; Win64; x64) AppleWebKit/537.36 (KHTML, like Gecko) Chrome/119.0.6045.159 Safari/537.36"
207.180.220.222 - - [13/Feb/2026:18:23:50 +0000] "POST /wp-login.php HTTP/1.1" 200 84569 "https://inception-blue.com/wp-login.php" "Mozilla/5.0 (Windows NT 10.0; Win64; x64) AppleWebKit/537.36 (KHTML, like Gecko) Chrome/121.0.0.0 Safari/537.36 Edg/121.0.2277.83"
207.180.220.222 - - [13/Feb/2026:18:23:50 +0000] "POST /wp-login.php HTTP/1.1" 200 84569 "https://inception-blue.com/wp-login.php" "Mozilla/5.0 (X11; Linux x86_64) AppleWebKit/537.36 (KHTML, like Gecko) Chrome/122.0.6261.57 Safari/537.36"
207.180.220.222 - - [13/Feb/2026:18:23:51 +0000] "POST /wp-login.php HTTP/1.1" 200 84569 "https://inception-blue.com/wp-login.php" "Mozilla/5.0 (X11; Ubuntu; Linux x86_64) AppleWebKit/537.36 (KHTML, like Gecko) Chrome/121.0.6167.85 Safari/537.36"
207.180.220.222 - - [13/Feb/2026:18:23:52 +0000] "POST /wp-login.php HTTP/1.1" 200 84569 "https://inception-blue.com/wp-login.php" "Mozilla/5.0 (Macintosh; Intel Mac OS X 10.15) Gecko/20100101 Firefox/122.0"
207.180.220.222 - - [13/Feb/2026:18:23:53 +0000] "POST /wp-login.php HTTP/1.1" 200 84569 "https://inception-blue.com/wp-login.php" "Mozilla/5.0 (Windows NT 10.0; Win64; x64) AppleWebKit/537.36 (KHTML, like Gecko) Chrome/119.0.0.0 Safari/537.36 Edg/119.0.2151.97"
207.180.220.222 - - [13/Feb/2026:18:23:54 +0000] "POST /wp-login.php HTTP/1.1" 200 84569 "https://inception-blue.com/wp-login.php" "Mozilla/5.0 (Windows NT 10.0; Win64; x64) AppleWebKit/537.36 (KHTML, like Gecko) Chrome/122.0.6261.57 Safari/537.36"
207.180.220.222 - - [13/Feb/2026:18:23:55 +0000] "POST /wp-login.php HTTP/1.1" 200 84569 "https://inception-blue.com/wp-login.php" "Mozilla/5.0 (Macintosh; Intel Mac OS X 11_7_2) AppleWebKit/605.1.15 (KHTML, like Gecko) Version/17.0 Safari/605.1.15"
207.180.220.222 - - [13/Feb/2026:18:23:55 +0000] "POST /wp-login.php HTTP/1.1" 200 84569 "https://inception-blue.com/wp-login.php" "Mozilla/5.0 (Macintosh; Intel Mac OS X 13_6_1) AppleWebKit/605.1.15 (KHTML, like Gecko) Version/16.6.1 Safari/605.1.15"
207.180.220.222 - - [13/Feb/2026:18:23:56 +0000] "POST /wp-login.php HTTP/1.1" 200 84569 "https://inception-blue.com/wp-login.php" "Mozilla/5.0 (Windows NT 11.0; Win64; x64) AppleWebKit/537.36 (KHTML, like Gecko) Chrome/120.0.6099.130 Safari/537.36"
207.180.220.222 - - [13/Feb/2026:18:23:57 +0000] "POST /wp-login.php HTTP/1.1" 200 84569 "https://inception-blue.com/wp-login.php" "Mozilla/5.0 (Macintosh; Intel Mac OS X 13_6_1) AppleWebKit/605.1.15 (KHTML, like Gecko) Version/17.1 Safari/605.1.15"
207.180.220.222 - - [13/Feb/2026:18:23:58 +0000] "POST /wp-login.php HTTP/1.1" 200 84569 "https://inception-blue.com/wp-login.php" "Mozilla/5.0 (Macintosh; Intel Mac OS X 10.15) Gecko/20100101 Firefox/121.0"
207.180.220.222 - - [13/Feb/2026:18:23:59 +0000] "POST /wp-login.php HTTP/1.1" 200 84569 "https://inception-blue.com/wp-login.php" "Mozilla/5.0 (X11; Linux x86_64) AppleWebKit/537.36 (KHTML, like Gecko) Chrome/120.0.6099.130 Safari/537.36"
207.180.220.222 - - [13/Feb/2026:18:24:00 +0000] "POST /wp-login.php HTTP/1.1" 200 84569 "https://inception-blue.com/wp-login.php" "Mozilla/5.0 (Windows NT 10.0; Win64; x64) AppleWebKit/537.36 (KHTML, like Gecko) Chrome/118.0.5993.88 Safari/537.36"
207.180.220.222 - - [13/Feb/2026:18:24:01 +0000] "POST /wp-login.php HTTP/1.1" 200 84569 "https://inception-blue.com/wp-login.php" "Mozilla/5.0 (Macintosh; Intel Mac OS X 10.15) Gecko/20100101 Firefox/122.0"
207.180.220.222 - - [13/Feb/2026:18:24:02 +0000] "POST /wp-login.php HTTP/1.1" 200 84569 "https://inception-blue.com/wp-login.php" "Mozilla/5.0 (Macintosh; Intel Mac OS X 13_6_2) AppleWebKit/537.36 (KHTML, like Gecko) Chrome/120.0.6099.130 Safari/537.36"
207.180.220.222 - - [13/Feb/2026:18:24:03 +0000] "POST /wp-login.php HTTP/1.1" 200 84569 "https://inception-blue.com/wp-login.php" "Mozilla/5.0 (Windows NT 10.0; Win64; x64) Gecko/20100101 Firefox/121.0"
207.180.220.222 - - [13/Feb/2026:18:24:04 +0000] "POST /wp-login.php HTTP/1.1" 200 84569 "https://inception-blue.com/wp-login.php" "Mozilla/5.0 (X11; Ubuntu; Linux x86_64) AppleWebKit/537.36 (KHTML, like Gecko) Chrome/118.0.5993.88 Safari/537.36"
207.180.220.222 - - [13/Feb/2026:18:24:05 +0000] "POST /wp-login.php HTTP/1.1" 200 84569 "https://inception-blue.com/wp-login.php" "Mozilla/5.0 (X11; Ubuntu; Linux x86_64) AppleWebKit/537.36 (KHTML, like Gecko) Chrome/122.0.6261.57 Safari/537.36"
207.180.220.222 - - [13/Feb/2026:18:24:06 +0000] "POST /wp-login.php HTTP/1.1" 200 84569 "https://inception-blue.com/wp-login.php" "Mozilla/5.0 (X11; Ubuntu; Linux x86_64) AppleWebKit/537.36 (KHTML, like Gecko) Chrome/118.0.5993.88 Safari/537.36"
207.180.220.222 - - [13/Feb/2026:18:24:07 +0000] "POST /wp-login.php HTTP/1.1" 200 84569 "https://inception-blue.com/wp-login.php" "Mozilla/5.0 (Macintosh; Intel Mac OS X 10_15_7) AppleWebKit/537.36 (KHTML, like Gecko) Chrome/118.0.5993.88 Safari/537.36"
207.180.220.222 - - [13/Feb/2026:18:24:08 +0000] "POST /wp-login.php HTTP/1.1" 200 84569 "https://inception-blue.com/wp-login.php" "Mozilla/5.0 (X11; Ubuntu; Linux x86_64) AppleWebKit/537.36 (KHTML, like Gecko) Chrome/118.0.5993.88 Safari/537.36"
207.180.220.222 - - [13/Feb/2026:18:24:08 +0000] "POST /wp-login.php HTTP/1.1" 200 84569 "https://inception-blue.com/wp-login.php" "Mozilla/5.0 (Windows NT 10.0; Win64; x64) AppleWebKit/537.36 (KHTML, like Gecko) Chrome/122.0.6261.57 Safari/537.36"
207.180.220.222 - - [13/Feb/2026:18:24:09 +0000] "POST /wp-login.php HTTP/1.1" 200 84569 "https://inception-blue.com/wp-login.php" "Mozilla/5.0 (Windows NT 11.0; Win64; x64) AppleWebKit/537.36 (KHTML, like Gecko) Chrome/118.0.5993.88 Safari/537.36"
207.180.220.222 - - [13/Feb/2026:18:24:10 +0000] "POST /wp-login.php HTTP/1.1" 200 84569 "https://inception-blue.com/wp-login.php" "Mozilla/5.0 (Windows NT 10.0; Win64; x64) Gecko/20100101 Firefox/120.0.1"
207.180.220.222 - - [13/Feb/2026:18:24:11 +0000] "POST /wp-login.php HTTP/1.1" 200 84569 "https://inception-blue.com/wp-login.php" "Mozilla/5.0 (Windows NT 11.0; Win64; x64) AppleWebKit/537.36 (KHTML, like Gecko) Chrome/121.0.6167.85 Safari/537.36"
207.180.220.222 - - [13/Feb/2026:18:24:12 +0000] "POST /wp-login.php HTTP/1.1" 200 84569 "https://inception-blue.com/wp-login.php" "Mozilla/5.0 (Windows NT 10.0; Win64; x64) Gecko/20100101 Firefox/122.0"
207.180.220.222 - - [13/Feb/2026:18:24:12 +0000] "POST /wp-login.php HTTP/1.1" 200 84569 "https://inception-blue.com/wp-login.php" "Mozilla/5.0 (Macintosh; Intel Mac OS X 12_6_2) AppleWebKit/605.1.15 (KHTML, like Gecko) Version/16.6.1 Safari/605.1.15"
207.180.220.222 - - [13/Feb/2026:18:24:13 +0000] "POST /wp-login.php HTTP/1.1" 200 84569 "https://inception-blue.com/wp-login.php" "Mozilla/5.0 (Macintosh; Intel Mac OS X 11_7_2) AppleWebKit/605.1.15 (KHTML, like Gecko) Version/17.1 Safari/605.1.15"
207.180.220.222 - - [13/Feb/2026:18:24:14 +0000] "POST /wp-login.php HTTP/1.1" 200 84569 "https://inception-blue.com/wp-login.php" "Mozilla/5.0 (Windows NT 10.0; Win64; x64) Gecko/20100101 Firefox/120.0.1"
207.180.220.222 - - [13/Feb/2026:18:24:15 +0000] "POST /wp-login.php HTTP/1.1" 200 84569 "https://inception-blue.com/wp-login.php" "Mozilla/5.0 (Windows NT 10.0; Win64; x64) Gecko/20100101 Firefox/119.0.1"
207.180.220.222 - - [13/Feb/2026:18:24:16 +0000] "POST /wp-login.php HTTP/1.1" 200 84569 "https://inception-blue.com/wp-login.php" "Mozilla/5.0 (Windows NT 11.0; Win64; x64) AppleWebKit/537.36 (KHTML, like Gecko) Chrome/119.0.6045.159 Safari/537.36"
207.180.220.222 - - [13/Feb/2026:18:24:17 +0000] "POST /wp-login.php HTTP/1.1" 200 84569 "https://inception-blue.com/wp-login.php" "Mozilla/5.0 (X11; Ubuntu; Linux x86_64; rv:121.0) Gecko/20100101 Firefox/121.0"
207.180.220.222 - - [13/Feb/2026:18:24:18 +0000] "POST /wp-login.php HTTP/1.1" 200 84569 "https://inception-blue.com/wp-login.php" "Mozilla/5.0 (Macintosh; Intel Mac OS X 10_15_7) AppleWebKit/537.36 (KHTML, like Gecko) Chrome/118.0.5993.88 Safari/537.36"
207.180.220.222 - - [13/Feb/2026:18:24:19 +0000] "POST /wp-login.php HTTP/1.1" 200 84569 "https://inception-blue.com/wp-login.php" "Mozilla/5.0 (Macintosh; Intel Mac OS X 13_6_2) AppleWebKit/537.36 (KHTML, like Gecko) Chrome/121.0.6167.85 Safari/537.36"
159.223.142.74 - - [13/Feb/2026:18:25:11 +0000] "POST /wp-cron.php?doing_wp_cron=1771007111.0765459537506103515625 HTTP/1.1" 404 185464 "-" "WordPress/6.9.1; https://inception-blue.com"
98.84.131.195 - - [13/Feb/2026:18:25:09 +0000] "GET /logined/?dir=/home/inceptionblue/public_html/a7b14&read=/home/inceptionblue/public_html/a7b14/index.php HTTP/1.1" 200 130112 "-" "Mozilla/5.0 AppleWebKit/537.36 (KHTML, like Gecko; compatible; Amazonbot/0.1; +https://developer.amazon.com/support/amazonbot) Chrome/119.0.6045.214 Safari/537.36"
159.223.142.74 - - [13/Feb/2026:18:28:14 +0000] "POST /wp-cron.php?doing_wp_cron=1771007294.5469689369201660156250 HTTP/1.1" 404 185464 "-" "WordPress/6.9.1; https://inception-blue.com"
2402:4e00:c011:1a00:344a:f190:1034:0 - - [13/Feb/2026:18:28:13 +0000] "POST /xmlrpc.php HTTP/1.1" 404 185464 "-" "Mozilla/5.0 (Windows NT 11.0; Win64; x64) AppleWebKit/537.36 (KHTML, like Gecko) Chrome/129.0.0.0 Safari/537.36"
84.34.147.39 - - [13/Feb/2026:18:28:19 +0000] "POST /xmlrpc.php HTTP/1.1" 404 185464 "-" "Mozilla/5.0 (Macintosh; Intel Mac OS X 14_7) AppleWebKit/605.1.15 (KHTML, like Gecko) Version/17.6 Safari/605.1.15"
193.202.110.17 - - [13/Feb/2026:18:28:20 +0000] "POST /xmlrpc.php HTTP/1.1" 404 185464 "-" "Mozilla/5.0 (Windows NT 10.0; Win64; x64; rv:131.0) Gecko/20100101 Firefox/131.0"
81.0.107.76 - - [13/Feb/2026:18:28:21 +0000] "POST /xmlrpc.php HTTP/1.1" 404 185464 "-" "Mozilla/5.0 (Windows NT 10.0; Win64; x64) AppleWebKit/537.36 (KHTML, like Gecko) Chrome/130.0.6723.33 Safari/537.36"
81.0.107.76 - - [13/Feb/2026:18:28:26 +0000] "POST /xmlrpc.php HTTP/1.1" 404 185464 "-" "Mozilla/5.0 (Macintosh; Intel Mac OS X 10_15_7) AppleWebKit/537.36 (KHTML, like Gecko) Chrome/130.0.0.0 Safari/537.36"
102.212.247.186 - - [13/Feb/2026:18:28:27 +0000] "POST /xmlrpc.php HTTP/1.1" 404 185464 "-" "Mozilla/5.0 (X11; Linux x86_64; rv:131.0) Gecko/20100101 Firefox/131.0"
43.162.112.12 - - [13/Feb/2026:18:28:32 +0000] "POST /xmlrpc.php HTTP/1.1" 404 185464 "-" "Mozilla/5.0 (Macintosh; Intel Mac OS X 10_15_7) AppleWebKit/537.36 (KHTML, like Gecko) Chrome/130.0.6723.59 Safari/537.36"
103.218.123.187 - - [13/Feb/2026:18:28:33 +0000] "POST /xmlrpc.php HTTP/1.1" 404 185464 "-" "Mozilla/5.0 (Macintosh; Intel Mac OS X 10.15; rv:131.0) Gecko/20100101 Firefox/131.0"
220.158.233.216 - - [13/Feb/2026:18:28:39 +0000] "POST /xmlrpc.php HTTP/1.1" 404 185464 "-" "Mozilla/5.0 (Windows NT 10.0; Win64; x64; rv:131.0) Gecko/20100101 Firefox/131.0"
115.29.141.132 - - [13/Feb/2026:18:28:39 +0000] "POST /xmlrpc.php HTTP/1.1" 404 185464 "-" "Mozilla/5.0 (Windows NT 11.0; Win64; x64) AppleWebKit/537.36 (KHTML, like Gecko) Chrome/129.0.6668.71 Safari/537.36"
217.160.207.42 - - [13/Feb/2026:18:28:42 +0000] "POST /xmlrpc.php HTTP/1.1" 404 185464 "-" "Mozilla/5.0 (Windows NT 10.0; Win64; x64) AppleWebKit/537.36 (KHTML, like Gecko) Chrome/129.0.6668.100 Safari/537.36"
165.154.24.24 - - [13/Feb/2026:18:28:49 +0000] "POST /xmlrpc.php HTTP/1.1" 404 185464 "-" "Mozilla/5.0 (X11; Linux x86_64; rv:131.0) Gecko/20100101 Firefox/131.0"
2001:df7:7400:1031:5d21:6250:fb9a:4e05 - - [13/Feb/2026:18:28:51 +0000] "POST /xmlrpc.php HTTP/1.1" 404 185464 "-" "Mozilla/5.0 (Windows NT 10.0; Win64; x64) AppleWebKit/537.36 (KHTML, like Gecko) Chrome/129.0.2792.79 Safari/537.36 Edg/129.0.2792.79"
103.228.36.130 - - [13/Feb/2026:18:28:56 +0000] "POST /xmlrpc.php HTTP/1.1" 404 185464 "-" "Mozilla/5.0 (Windows NT 10.0; Win64; x64; rv:131.0) Gecko/20100101 Firefox/131.0.2"
192.178.6.65 - - [13/Feb/2026:18:30:55 +0000] "GET /82400636 HTTP/1.1" 200 302634 "-" "Mozilla/5.0 (Linux; Android 6.0.1; Nexus 5X Build/MMB29P) AppleWebKit/537.36 (KHTML, like Gecko) Chrome/144.0.7559.132 Mobile Safari/537.36 (compatible; GoogleOther)"
66.249.71.99 - - [13/Feb/2026:18:39:07 +0000] "GET /hg/ HTTP/1.1" 200 320815 "-" "Mozilla/5.0 (Linux; Android 6.0.1; Nexus 5X Build/MMB29P) AppleWebKit/537.36 (KHTML, like Gecko) Chrome/144.0.7559.132 Mobile Safari/537.36 (compatible; GoogleOther)"
192.178.6.64 - - [13/Feb/2026:18:39:18 +0000] "GET /96530579 HTTP/1.1" 200 307542 "-" "Mozilla/5.0 (Linux; Android 6.0.1; Nexus 5X Build/MMB29P) AppleWebKit/537.36 (KHTML, like Gecko) Chrome/144.0.7559.132 Mobile Safari/537.36 (compatible; GoogleOther)"
159.223.142.74 - - [13/Feb/2026:18:44:06 +0000] "POST /wp-cron.php?doing_wp_cron=1771008246.5640020370483398437500 HTTP/1.1" 404 185464 "-" "WordPress/6.9.1; https://inception-blue.com"
209.141.47.166 - - [13/Feb/2026:18:44:05 +0000] "GET /wp-login.php HTTP/1.1" 200 84569 "-" "Mozilla/5.0 (Macintosh; Intel Mac OS X 10_10) AppleWebKit/600.1.3 (KHTML, like Gecko) Version/8.0 Safari/600.1.3"
209.141.47.166 - - [13/Feb/2026:18:44:08 +0000] "POST /wp-login.php HTTP/1.1" 200 84569 "-" "Mozilla/5.0 (Macintosh; Intel Mac OS X 10_10) AppleWebKit/600.1.3 (KHTML, like Gecko) Version/8.0 Safari/600.1.3"
192.178.6.73 - - [13/Feb/2026:18:49:00 +0000] "GET /375974116 HTTP/1.1" 200 309650 "-" "Mozilla/5.0 (Linux; Android 6.0.1; Nexus 5X Build/MMB29P) AppleWebKit/537.36 (KHTML, like Gecko) Chrome/144.0.7559.132 Mobile Safari/537.36 (compatible; GoogleOther)"
66.249.71.99 - - [13/Feb/2026:19:07:04 +0000] "GET /39141330 HTTP/1.1" 200 307893 "-" "Mozilla/5.0 (Linux; Android 6.0.1; Nexus 5X Build/MMB29P) AppleWebKit/537.36 (KHTML, like Gecko) Chrome/144.0.7559.132 Mobile Safari/537.36 (compatible; GoogleOther)"
204.12.208.18 - - [13/Feb/2026:19:10:05 +0000] "GET /wp-includes/brcbef50/edit.php HTTP/1.1" 200 6 "https://inception-blue.com/wp-includes/brcbef50/edit.php" "Mozilla/5.0 (Macintosh; U; PPC Mac OS X 10_4_11; ja-jp) AppleWebKit/525.18 (KHTML, like Gecko) Version/3.1.2 Safari/525.22"
204.12.208.18 - - [13/Feb/2026:19:09:45 +0000] "GET /wp-includes/brcbef50/edit.php HTTP/1.1" 200 - "https://inception-blue.com/wp-includes/brcbef50/edit.php" "Mozilla/5.0 (Macintosh; U; PPC Mac OS X; ja-jp) AppleWebKit/523.10.6 (KHTML, like Gecko) Version/3.0.4 Safari/523.10.6"
66.249.71.98 - - [13/Feb/2026:19:12:00 +0000] "GET /contents/reform/ HTTP/1.1" 200 301388 "-" "Mozilla/5.0 (Linux; Android 6.0.1; Nexus 5X Build/MMB29P) AppleWebKit/537.36 (KHTML, like Gecko) Chrome/144.0.7559.132 Mobile Safari/537.36 (compatible; GoogleOther)"
173.208.176.202 - - [13/Feb/2026:19:11:17 +0000] "GET /wp-includes/brcbef50/edit.php?id=721872 HTTP/1.1" 200 - "https://inception-blue.com/wp-includes/brcbef50/edit.php?id=721872" "Mozilla/5.0 (Windows NT 10.0; Win64; x64) AppleWebKit/537.36 (KHTML, like Gecko) Chrome/58.0.3029.110 Safari/537.3"
159.223.142.74 - - [13/Feb/2026:19:12:43 +0000] "POST /wp-cron.php?doing_wp_cron=1771009963.6762769222259521484375 HTTP/1.1" 404 185464 "-" "WordPress/6.9.1; https://inception-blue.com"
159.223.142.74 - - [13/Feb/2026:19:12:47 +0000] "POST /wp-cron.php?doing_wp_cron=1771009966.6853449344635009765625 HTTP/1.1" 404 185464 "-" "WordPress/6.9.1; https://inception-blue.com"
159.223.142.74 - - [13/Feb/2026:19:12:47 +0000] "POST /wp-cron.php?doing_wp_cron=1771009966.6345679759979248046875 HTTP/1.1" 404 185464 "-" "WordPress/6.9.1; https://inception-blue.com"
159.223.142.74 - - [13/Feb/2026:19:12:47 +0000] "POST /wp-cron.php?doing_wp_cron=1771009966.5038080215454101562500 HTTP/1.1" 404 185464 "-" "WordPress/6.9.1; https://inception-blue.com"
159.223.142.74 - - [13/Feb/2026:19:12:47 +0000] "POST /wp-cron.php?doing_wp_cron=1771009966.7857611179351806640625 HTTP/1.1" 404 185464 "-" "WordPress/6.9.1; https://inception-blue.com"
159.223.142.74 - - [13/Feb/2026:19:12:47 +0000] "POST /wp-cron.php?doing_wp_cron=1771009966.6014900207519531250000 HTTP/1.1" 404 185464 "-" "WordPress/6.9.1; https://inception-blue.com"
159.223.142.74 - - [13/Feb/2026:19:12:45 +0000] "POST /wp-cron.php?doing_wp_cron=1771009965.8331840038299560546875 HTTP/1.1" 404 185464 "-" "WordPress/6.9.1; https://inception-blue.com"
159.223.142.74 - - [13/Feb/2026:19:12:45 +0000] "POST /wp-cron.php?doing_wp_cron=1771009965.8917770385742187500000 HTTP/1.1" 404 185464 "-" "WordPress/6.9.1; https://inception-blue.com"
159.223.142.74 - - [13/Feb/2026:19:12:45 +0000] "POST /wp-cron.php?doing_wp_cron=1771009965.1302139759063720703125 HTTP/1.1" 404 185464 "-" "WordPress/6.9.1; https://inception-blue.com"
159.223.142.74 - - [13/Feb/2026:19:12:45 +0000] "POST /wp-cron.php?doing_wp_cron=1771009965.9428250789642333984375 HTTP/1.1" 404 185464 "-" "WordPress/6.9.1; https://inception-blue.com"
159.223.142.74 - - [13/Feb/2026:19:12:44 +0000] "POST /wp-cron.php?doing_wp_cron=1771009964.4180688858032226562500 HTTP/1.1" 404 185464 "-" "WordPress/6.9.1; https://inception-blue.com"
159.223.142.74 - - [13/Feb/2026:19:12:42 +0000] "POST /wp-cron.php?doing_wp_cron=1771009962.9325840473175048828125 HTTP/1.1" 404 185464 "-" "WordPress/6.9.1; https://inception-blue.com"
159.223.142.74 - - [13/Feb/2026:19:12:41 +0000] "POST /wp-cron.php?doing_wp_cron=1771009961.4043049812316894531250 HTTP/1.1" 404 185464 "-" "WordPress/6.9.1; https://inception-blue.com"
159.223.142.74 - - [13/Feb/2026:19:12:44 +0000] "POST /wp-cron.php?doing_wp_cron=1771009964.4918649196624755859375 HTTP/1.1" 404 185464 "-" "WordPress/6.9.1; https://inception-blue.com"
159.223.142.74 - - [13/Feb/2026:19:12:45 +0000] "POST /wp-cron.php?doing_wp_cron=1771009965.1725320816040039062500 HTTP/1.1" 404 185464 "-" "WordPress/6.9.1; https://inception-blue.com"
159.223.142.74 - - [13/Feb/2026:19:12:42 +0000] "POST /wp-cron.php?doing_wp_cron=1771009962.1619699001312255859375 HTTP/1.1" 404 185464 "-" "WordPress/6.9.1; https://inception-blue.com"
159.223.142.74 - - [13/Feb/2026:19:12:46 +0000] "POST /wp-cron.php?doing_wp_cron=1771009966.0269360542297363281250 HTTP/1.1" 404 185464 "-" "WordPress/6.9.1; https://inception-blue.com"
159.223.142.74 - - [13/Feb/2026:19:12:45 +0000] "POST /wp-cron.php?doing_wp_cron=1771009965.2008569240570068359375 HTTP/1.1" 404 185464 "-" "WordPress/6.9.1; https://inception-blue.com"
159.223.142.74 - - [13/Feb/2026:19:12:47 +0000] "POST /wp-cron.php?doing_wp_cron=1771009967.6513009071350097656250 HTTP/1.1" 404 185464 "-" "WordPress/6.9.1; https://inception-blue.com"
18.207.89.138 - - [13/Feb/2026:19:12:40 +0000] "GET /logined/?dir=/home/inceptionblue/public_html&read=/home/inceptionblue/public_html/d9.php HTTP/1.1" 200 128773 "-" "Mozilla/5.0 AppleWebKit/537.36 (KHTML, like Gecko; compatible; Amazonbot/0.1; +https://developer.amazon.com/support/amazonbot) Chrome/119.0.6045.214 Safari/537.36"
192.178.6.68 - - [13/Feb/2026:19:12:58 +0000] "GET /?y=olpqo68kx2602wyuqijhuf HTTP/1.1" 200 309118 "-" "Mozilla/5.0 (Linux; Android 6.0.1; Nexus 5X Build/MMB29P) AppleWebKit/537.36 (KHTML, like Gecko) Chrome/144.0.7559.132 Mobile Safari/537.36 (compatible; GoogleOther)"
192.178.6.69 - - [13/Feb/2026:19:13:06 +0000] "GET /39653375 HTTP/1.1" 200 300714 "-" "Mozilla/5.0 (Linux; Android 6.0.1; Nexus 5X Build/MMB29P) AppleWebKit/537.36 (KHTML, like Gecko) Chrome/144.0.7559.132 Mobile Safari/537.36 (compatible; GoogleOther)"
192.178.6.67 - - [13/Feb/2026:19:13:13 +0000] "GET /38155979 HTTP/1.1" 200 328415 "-" "Mozilla/5.0 (Linux; Android 6.0.1; Nexus 5X Build/MMB29P) AppleWebKit/537.36 (KHTML, like Gecko) Chrome/144.0.7559.132 Mobile Safari/537.36 (compatible; GoogleOther)"
192.178.6.67 - - [13/Feb/2026:19:13:20 +0000] "GET /?l=btzl291ez23421wnqwzxzn HTTP/1.1" 200 299181 "-" "Mozilla/5.0 (Linux; Android 6.0.1; Nexus 5X Build/MMB29P) AppleWebKit/537.36 (KHTML, like Gecko) Chrome/144.0.7559.132 Mobile Safari/537.36 (compatible; GoogleOther)"
173.208.176.202 - - [13/Feb/2026:19:12:47 +0000] "GET /wp-includes/brcbef50/edit.php?id=721872 HTTP/1.1" 200 - "https://inception-blue.com/wp-includes/brcbef50/edit.php?id=721872" "Mozilla/5.0 (Windows NT 10.0; Win64; x64) AppleWebKit/537.36 (KHTML, like Gecko) Chrome/58.0.3029.110 Safari/537.3"
173.208.176.202 - - [13/Feb/2026:19:14:26 +0000] "GET /wp-includes/brcbef50/edit.php?id=721872 HTTP/1.1" 200 - "https://inception-blue.com/wp-includes/brcbef50/edit.php?id=721872" "Mozilla/5.0 (Windows NT 10.0; Win64; x64) AppleWebKit/537.36 (KHTML, like Gecko) Chrome/58.0.3029.110 Safari/537.3"
192.178.6.68 - - [13/Feb/2026:19:16:37 +0000] "GET /contents/reform/ HTTP/1.1" 200 301798 "-" "Mozilla/5.0 (Linux; Android 6.0.1; Nexus 5X Build/MMB29P) AppleWebKit/537.36 (KHTML, like Gecko) Chrome/144.0.7559.132 Mobile Safari/537.36 (compatible; GoogleOther)"
66.249.71.97 - - [13/Feb/2026:19:16:42 +0000] "GET /82400636 HTTP/1.1" 200 302139 "-" "Mozilla/5.0 (Linux; Android 6.0.1; Nexus 5X Build/MMB29P) AppleWebKit/537.36 (KHTML, like Gecko) Chrome/144.0.7559.132 Mobile Safari/537.36 (compatible; GoogleOther)"
173.208.176.202 - - [13/Feb/2026:19:15:56 +0000] "GET /wp-includes/brcbef50/edit.php?id=721872 HTTP/1.1" 200 - "https://inception-blue.com/wp-includes/brcbef50/edit.php?id=721872" "Mozilla/5.0 (Windows NT 10.0; Win64; x64) AppleWebKit/537.36 (KHTML, like Gecko) Chrome/58.0.3029.110 Safari/537.3"
192.178.6.65 - - [13/Feb/2026:19:19:00 +0000] "GET /963158653 HTTP/1.1" 200 303062 "-" "Mozilla/5.0 (Linux; Android 6.0.1; Nexus 5X Build/MMB29P) AppleWebKit/537.36 (KHTML, like Gecko) Chrome/144.0.7559.132 Mobile Safari/537.36 (compatible; GoogleOther)"
173.208.176.202 - - [13/Feb/2026:19:17:31 +0000] "GET /wp-includes/brcbef50/edit.php?id=721872 HTTP/1.1" 200 - "https://inception-blue.com/wp-includes/brcbef50/edit.php?id=721872" "Mozilla/5.0 (Windows NT 10.0; Win64; x64) AppleWebKit/537.36 (KHTML, like Gecko) Chrome/58.0.3029.110 Safari/537.3"
51.161.65.94 - - [13/Feb/2026:19:20:00 +0000] "GET /?sitemapindex.xml HTTP/1.1" 200 13 "-" "Mozilla/5.0 (compatible; AhrefsBot/7.0; +http://ahrefs.com/robot/)"
173.208.176.202 - - [13/Feb/2026:19:19:04 +0000] "GET /wp-includes/brcbef50/edit.php?id=721872 HTTP/1.1" 200 - "https://inception-blue.com/wp-includes/brcbef50/edit.php?id=721872" "Mozilla/5.0 (Windows NT 10.0; Win64; x64) AppleWebKit/537.36 (KHTML, like Gecko) Chrome/58.0.3029.110 Safari/537.3"
173.208.176.202 - - [13/Feb/2026:19:20:37 +0000] "GET /wp-includes/brcbef50/edit.php?id=721872 HTTP/1.1" 200 - "https://inception-blue.com/wp-includes/brcbef50/edit.php?id=721872" "Mozilla/5.0 (Windows NT 10.0; Win64; x64) AppleWebKit/537.36 (KHTML, like Gecko) Chrome/58.0.3029.110 Safari/537.3"
173.208.176.202 - - [13/Feb/2026:19:22:07 +0000] "GET /wp-includes/brcbef50/edit.php?id=721872 HTTP/1.1" 200 - "https://inception-blue.com/wp-includes/brcbef50/edit.php?id=721872" "Mozilla/5.0 (Windows NT 10.0; Win64; x64) AppleWebKit/537.36 (KHTML, like Gecko) Chrome/58.0.3029.110 Safari/537.3"
173.208.176.202 - - [13/Feb/2026:19:23:42 +0000] "GET /wp-includes/brcbef50/edit.php?id=721872 HTTP/1.1" 200 - "https://inception-blue.com/wp-includes/brcbef50/edit.php?id=721872" "Mozilla/5.0 (Windows NT 10.0; Win64; x64) AppleWebKit/537.36 (KHTML, like Gecko) Chrome/58.0.3029.110 Safari/537.3"
173.208.176.202 - - [13/Feb/2026:19:25:12 +0000] "GET /wp-includes/brcbef50/edit.php?id=721872 HTTP/1.1" 200 - "https://inception-blue.com/wp-includes/brcbef50/edit.php?id=721872" "Mozilla/5.0 (Windows NT 10.0; Win64; x64) AppleWebKit/537.36 (KHTML, like Gecko) Chrome/58.0.3029.110 Safari/537.3"
66.249.71.97 - - [13/Feb/2026:19:27:58 +0000] "GET /8836855 HTTP/1.1" 200 348024 "-" "Mozilla/5.0 (Linux; Android 6.0.1; Nexus 5X Build/MMB29P) AppleWebKit/537.36 (KHTML, like Gecko) Chrome/144.0.7559.132 Mobile Safari/537.36 (compatible; GoogleOther)"
173.208.176.202 - - [13/Feb/2026:19:26:48 +0000] "GET /wp-includes/brcbef50/edit.php?id=721872 HTTP/1.1" 200 - "https://inception-blue.com/wp-includes/brcbef50/edit.php?id=721872" "Mozilla/5.0 (Windows NT 10.0; Win64; x64) AppleWebKit/537.36 (KHTML, like Gecko) Chrome/58.0.3029.110 Safari/537.3"
216.73.216.181 - - [13/Feb/2026:19:29:25 +0000] "GET /robots.txt HTTP/1.1" 304 - "-" "Mozilla/5.0 AppleWebKit/537.36 (KHTML, like Gecko; compatible; ClaudeBot/1.0; +claudebot@anthropic.com)"
