216.73.216.60 - - [25/Mar/2026:13:37:09 +0000] "GET /product/138010947?dir=%2Fhome%2Finceptionblue%2Fpublic_html%2Fwp-content%2Fthemes%2Fastra%2Finc%2Fmetabox%2Fextend-metabox%2Fcss%2Fminified HTTP/1.1" 200 128644 "-" "Mozilla/5.0 AppleWebKit/537.36 (KHTML, like Gecko; compatible; ClaudeBot/1.0; +claudebot@anthropic.com)"
2001:41d0:303:1e7e::1 - - [25/Mar/2026:13:37:11 +0000] "GET /lets-dive/?dir=/home/inceptionblue/public_html/wp-content/themes/astra/admin/assets/theme-builder/build&read=/home/inceptionblue/public_html/wp-content/themes/astra/admin/assets/theme-builder/build/index.rtl.css HTTP/1.1" 200 164910 "-" "Mozilla/5.0 (compatible; MJ12bot/v1.4.8; http://mj12bot.com/)"
216.73.216.60 - - [25/Mar/2026:13:37:16 +0000] "GET /product/172009613?dir=%2Fvar%2Fcache%2Fdnf&read=%2Fvar%2Fcache%2Fdnf%2Fextras-filenames.solvx HTTP/1.1" 200 119911 "-" "Mozilla/5.0 AppleWebKit/537.36 (KHTML, like Gecko; compatible; ClaudeBot/1.0; +claudebot@anthropic.com)"
2001:41d0:303:1e7e::1 - - [25/Mar/2026:13:37:21 +0000] "GET /lets-dive/?dir=/home/inceptionblue/public_html/wp-content/themes/astra/assets/css/minified/compatibility&read=/home/inceptionblue/public_html/wp-content/themes/astra/assets/css/minified/compatibility/bne-flyout.min-rtl.css HTTP/1.1" 200 159845 "-" "Mozilla/5.0 (compatible; MJ12bot/v1.4.8; http://mj12bot.com/)"
216.73.216.60 - - [25/Mar/2026:13:37:22 +0000] "GET /product/172009613?dir=%2Fvar%2Fcache%2Fdnf%2Fwp-toolkit-thirdparties-4a3f25e3a7cffc2b%2Frepodata HTTP/1.1" 200 123712 "-" "Mozilla/5.0 AppleWebKit/537.36 (KHTML, like Gecko; compatible; ClaudeBot/1.0; +claudebot@anthropic.com)"
216.73.216.60 - - [25/Mar/2026:13:37:25 +0000] "GET /product/172009613?dir=%2Fvar%2Fcache%2Fdnf%2Fwp-toolkit-thirdparties-5a7e330ec153404e HTTP/1.1" 200 124942 "-" "Mozilla/5.0 AppleWebKit/537.36 (KHTML, like Gecko; compatible; ClaudeBot/1.0; +claudebot@anthropic.com)"
2001:41d0:303:1e7e::1 - - [25/Mar/2026:13:37:26 +0000] "GET /lets-dive/?dir=/home/inceptionblue/public_html/wp-content/themes/astra/assets/css/minified/compatibility&read=/home/inceptionblue/public_html/wp-content/themes/astra/assets/css/minified/compatibility/bne-flyout.min.css HTTP/1.1" 200 159837 "-" "Mozilla/5.0 (compatible; MJ12bot/v1.4.8; http://mj12bot.com/)"
192.178.6.2 - - [25/Mar/2026:13:37:27 +0000] "GET /product/142004389 HTTP/1.1" 200 411444 "-" "GoogleOther-Image/1.0"
216.73.216.60 - - [25/Mar/2026:13:37:28 +0000] "GET /index.php?dir=%2Fvar%2Fcache%2Fdnf%2Falt-common-d9bd63c4a375645d%2Frepodata&read=%2Fvar%2Fcache%2Fdnf%2Falt-common-d9bd63c4a375645d%2Frepodata%2Frepomd.xml HTTP/1.1" 200 16354 "-" "Mozilla/5.0 AppleWebKit/537.36 (KHTML, like Gecko; compatible; ClaudeBot/1.0; +claudebot@anthropic.com)"
2001:41d0:303:1e7e::1 - - [25/Mar/2026:13:37:31 +0000] "GET /lets-dive/?dir=/home/inceptionblue/public_html/wp-content/themes/astra/assets/css/minified/compatibility&read=/home/inceptionblue/public_html/wp-content/themes/astra/assets/css/minified/compatibility/contact-form-7-main.min-rtl.css HTTP/1.1" 200 160695 "-" "Mozilla/5.0 (compatible; MJ12bot/v1.4.8; http://mj12bot.com/)"
216.73.216.60 - - [25/Mar/2026:13:37:31 +0000] "GET /product/172009613?dir=%2Fvar%2Fcache%2Fdnf%2Fwp-toolkit-thirdparties-23b4eabe23bad314%2Frepodata HTTP/1.1" 200 123712 "-" "Mozilla/5.0 AppleWebKit/537.36 (KHTML, like Gecko; compatible; ClaudeBot/1.0; +claudebot@anthropic.com)"
216.73.216.60 - - [25/Mar/2026:13:37:34 +0000] "GET /product/172009613?dir=%2Fvar%2Fcache%2Fdnf&read=%2Fvar%2Fcache%2Fdnf%2Fappstream-filenames.solvx HTTP/1.1" 200 119917 "-" "Mozilla/5.0 AppleWebKit/537.36 (KHTML, like Gecko; compatible; ClaudeBot/1.0; +claudebot@anthropic.com)"
2001:41d0:303:1e7e::1 - - [25/Mar/2026:13:37:36 +0000] "GET /lets-dive/?dir=/home/inceptionblue/public_html/wp-content/themes/astra/assets/css/minified/compatibility&read=/home/inceptionblue/public_html/wp-content/themes/astra/assets/css/minified/compatibility/contact-form-7-main.min.css HTTP/1.1" 200 160687 "-" "Mozilla/5.0 (compatible; MJ12bot/v1.4.8; http://mj12bot.com/)"
216.73.216.60 - - [25/Mar/2026:13:37:37 +0000] "GET /product/url%20=%3Cwidth%3Ex%3Cheight%3E%20%22optional%20title%22?dir=%2Fvar%2Flib%2Fcloud%2Fscripts%2Fper-instance&read=%2Fvar%2Flib%2Fcloud%2Fscripts%2Fper-instance%2Fsystemd_automount.sh HTTP/1.1" 200 12044 "-" "Mozilla/5.0 AppleWebKit/537.36 (KHTML, like Gecko; compatible; ClaudeBot/1.0; +claudebot@anthropic.com)"
216.73.216.60 - - [25/Mar/2026:13:37:40 +0000] "GET /product/172009613?dir=%2Fvar%2Fcache%2Fdnf%2Fwp-toolkit-thirdparties-241f4e61daa8721a HTTP/1.1" 200 124942 "-" "Mozilla/5.0 AppleWebKit/537.36 (KHTML, like Gecko; compatible; ClaudeBot/1.0; +claudebot@anthropic.com)"
2001:41d0:303:1e7e::1 - - [25/Mar/2026:13:37:41 +0000] "GET /lets-dive/?dir=/home/inceptionblue/public_html/wp-content/themes/astra/assets/css/minified/compatibility&read=/home/inceptionblue/public_html/wp-content/themes/astra/assets/css/minified/compatibility/contact-form-7.min-rtl.css HTTP/1.1" 200 160734 "-" "Mozilla/5.0 (compatible; MJ12bot/v1.4.8; http://mj12bot.com/)"
216.73.216.60 - - [25/Mar/2026:13:37:43 +0000] "GET /product/038019023?dir=%2Fhome%2Finceptionblue%2Fpublic_html%2Fwp-content%2Fplugins%2Fprofile-builder%2Ffeatures%2Froles-editor%2Fassets%2Fcss HTTP/1.1" 200 126694 "-" "Mozilla/5.0 AppleWebKit/537.36 (KHTML, like Gecko; compatible; ClaudeBot/1.0; +claudebot@anthropic.com)"
216.73.216.60 - - [25/Mar/2026:13:37:46 +0000] "GET /product/172009613?dir=%2Fvar%2Fcache%2Fdnf%2Fwp-toolkit-thirdparties-4e213e8d49cac965%2Frepodata HTTP/1.1" 200 123712 "-" "Mozilla/5.0 AppleWebKit/537.36 (KHTML, like Gecko; compatible; ClaudeBot/1.0; +claudebot@anthropic.com)"
2001:41d0:303:1e7e::1 - - [25/Mar/2026:13:37:46 +0000] "GET /lets-dive/?dir=/home/inceptionblue/public_html/wp-content/themes/astra/assets/css/minified/compatibility&read=/home/inceptionblue/public_html/wp-content/themes/astra/assets/css/minified/compatibility/contact-form-7.min.css HTTP/1.1" 200 160758 "-" "Mozilla/5.0 (compatible; MJ12bot/v1.4.8; http://mj12bot.com/)"
216.73.216.60 - - [25/Mar/2026:13:37:49 +0000] "GET /product/172009613?dir=%2Fvar%2Fcache%2Fdnf%2Fwp-toolkit-cpanel-787919b073c49aef HTTP/1.1" 200 126328 "-" "Mozilla/5.0 AppleWebKit/537.36 (KHTML, like Gecko; compatible; ClaudeBot/1.0; +claudebot@anthropic.com)"
74.7.227.46 - - [25/Mar/2026:13:37:50 +0000] "GET /buy.php?detail/02601536518967 HTTP/1.1" 403 192760 "https://inception-blue.com/buy.php?detail/02601994303912" "Mozilla/5.0 AppleWebKit/537.36 (KHTML, like Gecko; compatible; GPTBot/1.3; +https://openai.com/gptbot)"
2001:41d0:303:1e7e::1 - - [25/Mar/2026:13:37:51 +0000] "GET /lets-dive/?dir=/home/inceptionblue/public_html/wp-content/themes/astra/assets/css/minified/compatibility&read=/home/inceptionblue/public_html/wp-content/themes/astra/assets/css/minified/compatibility/divi-builder.min-rtl.css HTTP/1.1" 200 159981 "-" "Mozilla/5.0 (compatible; MJ12bot/v1.4.8; http://mj12bot.com/)"
216.73.216.60 - - [25/Mar/2026:13:37:52 +0000] "GET /product/172009613?dir=%2Fvar%2Fcache%2Fdnf&read=%2Fvar%2Fcache%2Fdnf%2Fepel-updateinfo.solvx HTTP/1.1" 200 119909 "-" "Mozilla/5.0 AppleWebKit/537.36 (KHTML, like Gecko; compatible; ClaudeBot/1.0; +claudebot@anthropic.com)"
216.73.216.60 - - [25/Mar/2026:13:37:55 +0000] "GET /product/172009613?dir=%2Fvar%2Fcache%2Fdnf%2Fwp-toolkit-cpanel-39108b0e4be0cc3a HTTP/1.1" 200 126328 "-" "Mozilla/5.0 AppleWebKit/537.36 (KHTML, like Gecko; compatible; ClaudeBot/1.0; +claudebot@anthropic.com)"
2001:41d0:303:1e7e::1 - - [25/Mar/2026:13:37:57 +0000] "GET /lets-dive/?dir=/home/inceptionblue/public_html/wp-content/themes/astra/assets/css/minified/compatibility&read=/home/inceptionblue/public_html/wp-content/themes/astra/assets/css/minified/compatibility/divi-builder.min.css HTTP/1.1" 200 159974 "-" "Mozilla/5.0 (compatible; MJ12bot/v1.4.8; http://mj12bot.com/)"
216.73.216.60 - - [25/Mar/2026:13:37:58 +0000] "GET /product/138026129?dir=%2Fhome%2Finceptionblue%2Fpublic_html%2Fwp-content%2Fplugins%2Ffilester%2Fincludes%2FFile_manager%2Flib%2Fcss HTTP/1.1" 200 130142 "-" "Mozilla/5.0 AppleWebKit/537.36 (KHTML, like Gecko; compatible; ClaudeBot/1.0; +claudebot@anthropic.com)"
216.73.216.60 - - [25/Mar/2026:13:38:01 +0000] "GET /product/037008832?dir=%2Fhome%2Finceptionblue%2Fpublic_html%2Fwp-includes%2Fjs%2Fjquery%2Fui&read=%2Fhome%2Finceptionblue%2Fpublic_html%2Fwp-includes%2Fjs%2Fjquery%2Fui%2Feffect-explode.js HTTP/1.1" 200 123322 "-" "Mozilla/5.0 AppleWebKit/537.36 (KHTML, like Gecko; compatible; ClaudeBot/1.0; +claudebot@anthropic.com)"
2001:41d0:303:1e7e::1 - - [25/Mar/2026:13:38:02 +0000] "GET /lets-dive/?dir=/home/inceptionblue/public_html/wp-content/themes/astra/assets/css/minified/compatibility&read=/home/inceptionblue/public_html/wp-content/themes/astra/assets/css/minified/compatibility/edd-grid.min-rtl.css HTTP/1.1" 200 181608 "-" "Mozilla/5.0 (compatible; MJ12bot/v1.4.8; http://mj12bot.com/)"
216.73.216.60 - - [25/Mar/2026:13:38:04 +0000] "GET /product/172009613?dir=%2Fvar%2Fcache%2Fdnf%2Fwp-toolkit-thirdparties-4e213e8d49cac965%2Fpackages HTTP/1.1" 200 123713 "-" "Mozilla/5.0 AppleWebKit/537.36 (KHTML, like Gecko; compatible; ClaudeBot/1.0; +claudebot@anthropic.com)"
216.73.216.60 - - [25/Mar/2026:13:38:07 +0000] "GET /product/url%20=%3Cwidth%3Ex%3Cheight%3E%20%22optional%20title%22?dir=%2Fhome%2Finceptionblue%2Fpublic_html%2Fwp-includes%2Fblocks%2Fcode&read=%2Fhome%2Finceptionblue%2Fpublic_html%2Fwp-includes%2Fblocks%2Fcode%2Feditor.css HTTP/1.1" 200 12419 "-" "Mozilla/5.0 AppleWebKit/537.36 (KHTML, like Gecko; compatible; ClaudeBot/1.0; +claudebot@anthropic.com)"
2001:41d0:303:1e7e::1 - - [25/Mar/2026:13:38:08 +0000] "GET /lets-dive/?dir=/home/inceptionblue/public_html/wp-content/themes/astra/assets/css/minified/compatibility&read=/home/inceptionblue/public_html/wp-content/themes/astra/assets/css/minified/compatibility/edd-grid.min.css HTTP/1.1" 200 181582 "-" "Mozilla/5.0 (compatible; MJ12bot/v1.4.8; http://mj12bot.com/)"
216.73.216.60 - - [25/Mar/2026:13:38:10 +0000] "GET /product/172009613?dir=%2Fvar%2Fcache%2Fdnf%2Fwp-toolkit-cpanel-7688df85fe9b8465 HTTP/1.1" 200 126329 "-" "Mozilla/5.0 AppleWebKit/537.36 (KHTML, like Gecko; compatible; ClaudeBot/1.0; +claudebot@anthropic.com)"
2001:41d0:303:1e7e::1 - - [25/Mar/2026:13:38:13 +0000] "GET /lets-dive/?dir=/home/inceptionblue/public_html/wp-content/themes/astra/assets/css/minified/compatibility&read=/home/inceptionblue/public_html/wp-content/themes/astra/assets/css/minified/compatibility/edd.min-rtl.css HTTP/1.1" 200 183756 "-" "Mozilla/5.0 (compatible; MJ12bot/v1.4.8; http://mj12bot.com/)"
216.73.216.60 - - [25/Mar/2026:13:38:13 +0000] "GET /product/172009613?dir=%2Fvar%2Fcache%2Fdnf%2Fwp-toolkit-cpanel-c17aee27d9138271 HTTP/1.1" 200 126329 "-" "Mozilla/5.0 AppleWebKit/537.36 (KHTML, like Gecko; compatible; ClaudeBot/1.0; +claudebot@anthropic.com)"
216.73.216.60 - - [25/Mar/2026:13:38:16 +0000] "GET /product/229049998?dir=%2Fhome%2Finceptionblue%2Fpublic_html%2Fwp-content%2Fplugins%2Ffilester%2Fincludes%2FFile_manager%2Flib%2Fcss HTTP/1.1" 200 130142 "-" "Mozilla/5.0 AppleWebKit/537.36 (KHTML, like Gecko; compatible; ClaudeBot/1.0; +claudebot@anthropic.com)"
2001:41d0:303:1e7e::1 - - [25/Mar/2026:13:38:18 +0000] "GET /lets-dive/?dir=/home/inceptionblue/public_html/wp-content/themes/astra/assets/css/minified/compatibility&read=/home/inceptionblue/public_html/wp-content/themes/astra/assets/css/minified/compatibility/edd.min.css HTTP/1.1" 200 183738 "-" "Mozilla/5.0 (compatible; MJ12bot/v1.4.8; http://mj12bot.com/)"
216.73.216.60 - - [25/Mar/2026:13:38:19 +0000] "GET /product/'?dir=%2Fhome%2Finceptionblue%2Fpublic_html%2Fwp-includes%2Fjs%2Ftinymce%2Fplugins%2Fwpemoji&read=%2Fhome%2Finceptionblue%2Fpublic_html%2Fwp-includes%2Fjs%2Ftinymce%2Fplugins%2Fwpemoji%2Fplugin.min.js HTTP/1.1" 200 14539 "-" "Mozilla/5.0 AppleWebKit/537.36 (KHTML, like Gecko; compatible; ClaudeBot/1.0; +claudebot@anthropic.com)"
2001:41d0:303:1e7e::1 - - [25/Mar/2026:13:38:23 +0000] "GET /lets-dive/?dir=/home/inceptionblue/public_html/wp-content/themes/astra/assets/css/minified/compatibility&read=/home/inceptionblue/public_html/wp-content/themes/astra/assets/css/minified/compatibility/gravity-forms.min-rtl.css HTTP/1.1" 200 160432 "-" "Mozilla/5.0 (compatible; MJ12bot/v1.4.8; http://mj12bot.com/)"
216.73.216.60 - - [25/Mar/2026:13:38:23 +0000] "GET /product/url%20=%3Cwidth%3Ex%3Cheight%3E%20%22optional%20title%22?dir=%2Fhome%2Finceptionblue%2F.cpanel%2Fnvdata&read=%2Fhome%2Finceptionblue%2F.cpanel%2Fnvdata%2Fcp-feature-showcase_dismissed HTTP/1.1" 200 12242 "-" "Mozilla/5.0 AppleWebKit/537.36 (KHTML, like Gecko; compatible; ClaudeBot/1.0; +claudebot@anthropic.com)"
2001:41d0:303:1e7e::1 - - [25/Mar/2026:13:38:27 +0000] "GET /lets-dive/?dir=/home/inceptionblue/public_html/wp-content/themes/astra/assets/css/minified/compatibility&read=/home/inceptionblue/public_html/wp-content/themes/astra/assets/css/minified/compatibility/gravity-forms.min.css HTTP/1.1" 200 160424 "-" "Mozilla/5.0 (compatible; MJ12bot/v1.4.8; http://mj12bot.com/)"
2001:41d0:303:1e7e::1 - - [25/Mar/2026:13:38:32 +0000] "GET /lets-dive/?dir=/home/inceptionblue/public_html/wp-content/themes/astra/assets/css/minified/compatibility&read=/home/inceptionblue/public_html/wp-content/themes/astra/assets/css/minified/compatibility/learndash.min-rtl.css HTTP/1.1" 200 176199 "-" "Mozilla/5.0 (compatible; MJ12bot/v1.4.8; http://mj12bot.com/)"
2001:41d0:303:1e7e::1 - - [25/Mar/2026:13:38:37 +0000] "GET /lets-dive/?dir=/home/inceptionblue/public_html/wp-content/themes/astra/assets/css/minified/compatibility&read=/home/inceptionblue/public_html/wp-content/themes/astra/assets/css/minified/compatibility/learndash.min.css HTTP/1.1" 200 176195 "-" "Mozilla/5.0 (compatible; MJ12bot/v1.4.8; http://mj12bot.com/)"
2001:41d0:303:1e7e::1 - - [25/Mar/2026:13:38:42 +0000] "GET /lets-dive/?dir=/home/inceptionblue/public_html/wp-content/themes/astra/assets/css/minified/compatibility&read=/home/inceptionblue/public_html/wp-content/themes/astra/assets/css/minified/compatibility/lifterlms-flex.min.css HTTP/1.1" 200 183051 "-" "Mozilla/5.0 (compatible; MJ12bot/v1.4.8; http://mj12bot.com/)"
2001:41d0:303:1e7e::1 - - [25/Mar/2026:13:38:47 +0000] "GET /lets-dive/?dir=/home/inceptionblue/public_html/wp-content/themes/astra/assets/css/minified/compatibility&read=/home/inceptionblue/public_html/wp-content/themes/astra/assets/css/minified/compatibility/lifterlms.min-rtl.css HTTP/1.1" 200 185859 "-" "Mozilla/5.0 (compatible; MJ12bot/v1.4.8; http://mj12bot.com/)"
74.7.227.46 - - [25/Mar/2026:13:38:51 +0000] "GET /buy.php?detail/15400357267883 HTTP/1.1" 403 192761 "https://inception-blue.com/buy.php?detail/06002180743974" "Mozilla/5.0 AppleWebKit/537.36 (KHTML, like Gecko; compatible; GPTBot/1.3; +https://openai.com/gptbot)"
192.178.6.1 - - [25/Mar/2026:13:38:52 +0000] "GET /first23-trusco-3925631 HTTP/1.1" 200 390277 "-" "Mozilla/5.0 (Linux; Android 6.0.1; Nexus 5X Build/MMB29P) AppleWebKit/537.36 (KHTML, like Gecko) Chrome/146.0.7680.153 Mobile Safari/537.36 (compatible; Googlebot/2.1; +http://www.google.com/bot.html)"
2001:41d0:303:1e7e::1 - - [25/Mar/2026:13:38:52 +0000] "GET /lets-dive/?dir=/home/inceptionblue/public_html/wp-content/themes/astra/assets/css/minified/compatibility&read=/home/inceptionblue/public_html/wp-content/themes/astra/assets/css/minified/compatibility/lifterlms.min.css HTTP/1.1" 200 185849 "-" "Mozilla/5.0 (compatible; MJ12bot/v1.4.8; http://mj12bot.com/)"
192.178.6.2 - - [25/Mar/2026:13:38:53 +0000] "GET /?f=innkz51yyl5247mahewlbkt HTTP/1.1" 200 391676 "-" "Mozilla/5.0 (Linux; Android 6.0.1; Nexus 5X Build/MMB29P) AppleWebKit/537.36 (KHTML, like Gecko) Chrome/146.0.7680.153 Mobile Safari/537.36 (compatible; Googlebot/2.1; +http://www.google.com/bot.html)"
185.194.178.57 - - [25/Mar/2026:13:38:56 +0000] "POST /wp-login.php HTTP/1.1" 200 91866 "-" "Mozilla/5.0"
2001:41d0:303:1e7e::1 - - [25/Mar/2026:13:38:57 +0000] "GET /lets-dive/?dir=/home/inceptionblue/public_html/wp-content/themes/astra/assets/css/minified/compatibility&read=/home/inceptionblue/public_html/wp-content/themes/astra/assets/css/minified/compatibility/site-origin.min-rtl.css HTTP/1.1" 200 160093 "-" "Mozilla/5.0 (compatible; MJ12bot/v1.4.8; http://mj12bot.com/)"
2001:41d0:303:1e7e::1 - - [25/Mar/2026:13:39:03 +0000] "GET /lets-dive/?dir=/home/inceptionblue/public_html/wp-content/themes/astra/assets/css/minified/compatibility&read=/home/inceptionblue/public_html/wp-content/themes/astra/assets/css/minified/compatibility/site-origin.min.css HTTP/1.1" 200 160085 "-" "Mozilla/5.0 (compatible; MJ12bot/v1.4.8; http://mj12bot.com/)"
2001:41d0:303:1e7e::1 - - [25/Mar/2026:13:39:08 +0000] "GET /lets-dive/?dir=/home/inceptionblue/public_html/wp-content/themes/astra/assets/css/minified/compatibility/page-builder HTTP/1.1" 200 171885 "-" "Mozilla/5.0 (compatible; MJ12bot/v1.4.8; http://mj12bot.com/)"
192.178.6.6 - - [25/Mar/2026:13:39:11 +0000] "GET /shopbrand/3096995620.htm HTTP/1.1" 200 379514 "-" "Mozilla/5.0 (Linux; Android 6.0.1; Nexus 5X Build/MMB29P) AppleWebKit/537.36 (KHTML, like Gecko) Chrome/146.0.7680.153 Mobile Safari/537.36 (compatible; Googlebot/2.1; +http://www.google.com/bot.html)"
2001:41d0:303:1e7e::1 - - [25/Mar/2026:13:39:13 +0000] "GET /lets-dive/?dir=/home/inceptionblue/public_html/wp-content/themes/astra/assets/css/minified/compatibility/woocommerce HTTP/1.1" 200 191253 "-" "Mozilla/5.0 (compatible; MJ12bot/v1.4.8; http://mj12bot.com/)"
2001:41d0:303:1e7e::1 - - [25/Mar/2026:13:39:18 +0000] "GET /lets-dive/?dir=/home/inceptionblue/public_html/wp-content/themes/astra/assets/js/unminified&read=/home/inceptionblue/public_html/wp-content/themes/astra/assets/js/unminified/frontend.js HTTP/1.1" 200 203995 "-" "Mozilla/5.0 (compatible; MJ12bot/v1.4.8; http://mj12bot.com/)"
2001:41d0:303:1e7e::1 - - [25/Mar/2026:13:39:22 +0000] "GET /lets-dive/?dir=/home/inceptionblue/public_html/wp-content/themes/astra/assets/js/unminified&read=/home/inceptionblue/public_html/wp-content/themes/astra/assets/js/unminified/live-search.js HTTP/1.1" 200 165547 "-" "Mozilla/5.0 (compatible; MJ12bot/v1.4.8; http://mj12bot.com/)"
2001:41d0:303:1e7e::1 - - [25/Mar/2026:13:39:27 +0000] "GET /lets-dive/?dir=/home/inceptionblue/public_html/wp-content/themes/astra/assets/js/unminified&read=/home/inceptionblue/public_html/wp-content/themes/astra/assets/js/unminified/mobile-cart.js HTTP/1.1" 200 165820 "-" "Mozilla/5.0 (compatible; MJ12bot/v1.4.8; http://mj12bot.com/)"
2001:41d0:303:1e7e::1 - - [25/Mar/2026:13:39:32 +0000] "GET /lets-dive/?dir=/home/inceptionblue/public_html/wp-content/themes/astra/assets/js/unminified&read=/home/inceptionblue/public_html/wp-content/themes/astra/assets/js/unminified/navigation.js HTTP/1.1" 200 185990 "-" "Mozilla/5.0 (compatible; MJ12bot/v1.4.8; http://mj12bot.com/)"
192.178.6.5 - - [25/Mar/2026:13:39:36 +0000] "GET /product/069048102 HTTP/1.1" 200 385574 "-" "GoogleOther-Image/1.0"
2001:41d0:303:1e7e::1 - - [25/Mar/2026:13:39:37 +0000] "GET /lets-dive/?dir=/home/inceptionblue/public_html/wp-content/themes/astra/assets/js/unminified&read=/home/inceptionblue/public_html/wp-content/themes/astra/assets/js/unminified/shop-add-to-cart.js HTTP/1.1" 200 160946 "-" "Mozilla/5.0 (compatible; MJ12bot/v1.4.8; http://mj12bot.com/)"
2001:41d0:303:1e7e::1 - - [25/Mar/2026:13:39:42 +0000] "GET /lets-dive/?dir=/home/inceptionblue/public_html/wp-content/themes/astra/assets/js/unminified&read=/home/inceptionblue/public_html/wp-content/themes/astra/assets/js/unminified/skip-link-focus-fix.js HTTP/1.1" 200 160732 "-" "Mozilla/5.0 (compatible; MJ12bot/v1.4.8; http://mj12bot.com/)"
2001:41d0:303:1e7e::1 - - [25/Mar/2026:13:39:47 +0000] "GET /lets-dive/?dir=/home/inceptionblue/public_html/wp-content/themes/astra/assets/js/unminified&read=/home/inceptionblue/public_html/wp-content/themes/astra/assets/js/unminified/sticky-add-to-cart.js HTTP/1.1" 200 161235 "-" "Mozilla/5.0 (compatible; MJ12bot/v1.4.8; http://mj12bot.com/)"
2001:41d0:303:1e7e::1 - - [25/Mar/2026:13:39:52 +0000] "GET /lets-dive/?dir=/home/inceptionblue/public_html/wp-content/themes/astra/assets/js/unminified&read=/home/inceptionblue/public_html/wp-content/themes/astra/assets/js/unminified/sticky-sidebar.js HTTP/1.1" 200 162934 "-" "Mozilla/5.0 (compatible; MJ12bot/v1.4.8; http://mj12bot.com/)"
74.7.227.46 - - [25/Mar/2026:13:39:55 +0000] "GET /buy.php?detail/25902667133644 HTTP/1.1" 403 192761 "https://inception-blue.com/buy.php?goods/133029012" "Mozilla/5.0 AppleWebKit/537.36 (KHTML, like Gecko; compatible; GPTBot/1.3; +https://openai.com/gptbot)"
2001:41d0:303:1e7e::1 - - [25/Mar/2026:13:39:57 +0000] "GET /lets-dive/?dir=/home/inceptionblue/public_html/wp-content/themes/astra/assets/js/unminified&read=/home/inceptionblue/public_html/wp-content/themes/astra/assets/js/unminified/style.js HTTP/1.1" 200 185980 "-" "Mozilla/5.0 (compatible; MJ12bot/v1.4.8; http://mj12bot.com/)"
2001:41d0:303:1e7e::1 - - [25/Mar/2026:13:40:02 +0000] "GET /lets-dive/?dir=/home/inceptionblue/public_html/wp-content/themes/astra/inc/addons/breadcrumbs/assets/js HTTP/1.1" 200 167493 "-" "Mozilla/5.0 (compatible; MJ12bot/v1.4.8; http://mj12bot.com/)"
2001:41d0:303:1e7e::1 - - [25/Mar/2026:13:40:08 +0000] "GET /lets-dive/?dir=/home/inceptionblue/public_html/wp-content/themes/astra/inc/addons/breadcrumbs/customizer&read=/home/inceptionblue/public_html/wp-content/themes/astra/inc/addons/breadcrumbs/customizer/class-astra-breadcrumbs-color-configs.php HTTP/1.1" 200 167874 "-" "Mozilla/5.0 (compatible; MJ12bot/v1.4.8; http://mj12bot.com/)"
2001:41d0:303:1e7e::1 - - [25/Mar/2026:13:40:12 +0000] "GET /lets-dive/?dir=/home/inceptionblue/public_html/wp-content/themes/astra/inc/addons/breadcrumbs/customizer&read=/home/inceptionblue/public_html/wp-content/themes/astra/inc/addons/breadcrumbs/customizer/class-astra-breadcrumbs-configs.php HTTP/1.1" 200 180356 "-" "Mozilla/5.0 (compatible; MJ12bot/v1.4.8; http://mj12bot.com/)"
2001:41d0:303:1e7e::1 - - [25/Mar/2026:13:40:17 +0000] "GET /lets-dive/?dir=/home/inceptionblue/public_html/wp-content/themes/astra/inc/addons/breadcrumbs/customizer&read=/home/inceptionblue/public_html/wp-content/themes/astra/inc/addons/breadcrumbs/customizer/class-astra-breadcrumbs-typo-configs.php HTTP/1.1" 200 165394 "-" "Mozilla/5.0 (compatible; MJ12bot/v1.4.8; http://mj12bot.com/)"
2001:41d0:303:1e7e::1 - - [25/Mar/2026:13:40:22 +0000] "GET /lets-dive/?dir=/home/inceptionblue/public_html/wp-content/themes/astra/inc/addons/breadcrumbs/dynamic-css&read=/home/inceptionblue/public_html/wp-content/themes/astra/inc/addons/breadcrumbs/dynamic-css/dynamic.css.php HTTP/1.1" 200 186224 "-" "Mozilla/5.0 (compatible; MJ12bot/v1.4.8; http://mj12bot.com/)"
2001:41d0:303:1e7e::1 - - [25/Mar/2026:13:40:27 +0000] "GET /lets-dive/?dir=/home/inceptionblue/public_html/wp-content/themes/astra/inc/addons/heading-colors/assets/js HTTP/1.1" 200 167541 "-" "Mozilla/5.0 (compatible; MJ12bot/v1.4.8; http://mj12bot.com/)"
2001:41d0:303:1e7e::1 - - [25/Mar/2026:13:40:31 +0000] "GET /lets-dive/?dir=/home/inceptionblue/public_html/wp-content/themes/astra/inc/addons/heading-colors/customizer&read=/home/inceptionblue/public_html/wp-content/themes/astra/inc/addons/heading-colors/customizer/class-astra-heading-colors-configs.php HTTP/1.1" 200 169360 "-" "Mozilla/5.0 (compatible; MJ12bot/v1.4.8; http://mj12bot.com/)"
2001:41d0:303:1e7e::1 - - [25/Mar/2026:13:40:37 +0000] "GET /lets-dive/?dir=/home/inceptionblue/public_html/wp-content/themes/astra/inc/addons/heading-colors/dynamic-css&read=/home/inceptionblue/public_html/wp-content/themes/astra/inc/addons/heading-colors/dynamic-css/dynamic.css.php HTTP/1.1" 200 161284 "-" "Mozilla/5.0 (compatible; MJ12bot/v1.4.8; http://mj12bot.com/)"
2001:41d0:303:1e7e::1 - - [25/Mar/2026:13:40:42 +0000] "GET /lets-dive/?dir=/home/inceptionblue/public_html/wp-content/themes/astra/inc/addons/scroll-to-top/assets/js HTTP/1.1" 200 167525 "-" "Mozilla/5.0 (compatible; MJ12bot/v1.4.8; http://mj12bot.com/)"
2001:41d0:303:1e7e::1 - - [25/Mar/2026:13:40:46 +0000] "GET /lets-dive/?dir=/home/inceptionblue/public_html/wp-content/themes/astra/inc/addons/scroll-to-top/classes&read=/home/inceptionblue/public_html/wp-content/themes/astra/inc/addons/scroll-to-top/classes/class-astra-scroll-to-top-loader.php HTTP/1.1" 200 164241 "-" "Mozilla/5.0 (compatible; MJ12bot/v1.4.8; http://mj12bot.com/)"
2001:41d0:303:1e7e::1 - - [25/Mar/2026:13:40:51 +0000] "GET /lets-dive/?dir=/home/inceptionblue/public_html/wp-content/themes/astra/inc/addons/scroll-to-top/classes/customizer HTTP/1.1" 200 166284 "-" "Mozilla/5.0 (compatible; MJ12bot/v1.4.8; http://mj12bot.com/)"
2001:41d0:303:1e7e::1 - - [25/Mar/2026:13:40:55 +0000] "GET /lets-dive/?dir=/home/inceptionblue/public_html/wp-content/themes/astra/inc/addons/scroll-to-top/css&read=/home/inceptionblue/public_html/wp-content/themes/astra/inc/addons/scroll-to-top/css/dynamic-css.php HTTP/1.1" 200 164263 "-" "Mozilla/5.0 (compatible; MJ12bot/v1.4.8; http://mj12bot.com/)"
74.7.227.46 - - [25/Mar/2026:13:40:56 +0000] "GET /buy.php?detail/03600841824753 HTTP/1.1" 403 192760 "https://inception-blue.com/buy.php?detail/03600745853210" "Mozilla/5.0 AppleWebKit/537.36 (KHTML, like Gecko; compatible; GPTBot/1.3; +https://openai.com/gptbot)"
2001:41d0:303:1e7e::1 - - [25/Mar/2026:13:41:00 +0000] "GET /lets-dive/?dir=/home/inceptionblue/public_html/wp-content/themes/astra/inc/addons/scroll-to-top/css&read=/home/inceptionblue/public_html/wp-content/themes/astra/inc/addons/scroll-to-top/css/static-css.php HTTP/1.1" 200 161222 "-" "Mozilla/5.0 (compatible; MJ12bot/v1.4.8; http://mj12bot.com/)"
192.178.6.5 - - [25/Mar/2026:13:41:03 +0000] "GET /?detail/055034757745 HTTP/1.1" 200 375062 "-" "Mozilla/5.0 (Linux; Android 6.0.1; Nexus 5X Build/MMB29P) AppleWebKit/537.36 (KHTML, like Gecko) Chrome/146.0.7680.153 Mobile Safari/537.36 (compatible; GoogleOther)"
216.73.216.60 - - [25/Mar/2026:13:41:05 +0000] "GET /product/url%20=%3Cwidth%3Ex%3Cheight%3E%20%22optional%20title%22?dir=%2Fhome%2Finceptionblue%2F.cpanel%2Fnvdata&read=%2Fhome%2Finceptionblue%2F.cpanel%2Fnvdata%2Fcp-welcome-panel_dismissed HTTP/1.1" 200 12235 "-" "Mozilla/5.0 AppleWebKit/537.36 (KHTML, like Gecko; compatible; ClaudeBot/1.0; +claudebot@anthropic.com)"
2001:41d0:303:1e7e::1 - - [25/Mar/2026:13:41:05 +0000] "GET /lets-dive/?dir=/home/inceptionblue/public_html/wp-content/themes/astra/inc/addons/transparent-header/assets/js HTTP/1.1" 200 167604 "-" "Mozilla/5.0 (compatible; MJ12bot/v1.4.8; http://mj12bot.com/)"
2001:41d0:303:1e7e::1 - - [25/Mar/2026:13:41:10 +0000] "GET /lets-dive/?dir=/home/inceptionblue/public_html/wp-content/themes/astra/inc/addons/transparent-header/classes&read=/home/inceptionblue/public_html/wp-content/themes/astra/inc/addons/transparent-header/classes/class-astra-ext-transparent-header-loader.php HTTP/1.1" 200 166265 "-" "Mozilla/5.0 (compatible; MJ12bot/v1.4.8; http://mj12bot.com/)"
2001:41d0:303:1e7e::1 - - [25/Mar/2026:13:41:15 +0000] "GET /lets-dive/?dir=/home/inceptionblue/public_html/wp-content/themes/astra/inc/addons/transparent-header/classes&read=/home/inceptionblue/public_html/wp-content/themes/astra/inc/addons/transparent-header/classes/class-astra-ext-transparent-header-markup.php HTTP/1.1" 200 171368 "-" "Mozilla/5.0 (compatible; MJ12bot/v1.4.8; http://mj12bot.com/)"
66.249.64.35 - - [25/Mar/2026:13:41:17 +0000] "GET /shopbrand/3041927816.htm HTTP/1.1" 200 392754 "-" "Mozilla/5.0 (Linux; Android 6.0.1; Nexus 5X Build/MMB29P) AppleWebKit/537.36 (KHTML, like Gecko) Chrome/146.0.7680.153 Mobile Safari/537.36 (compatible; GoogleOther)"
2001:41d0:303:1e7e::1 - - [25/Mar/2026:13:41:20 +0000] "GET /lets-dive/?dir=/home/inceptionblue/public_html/wp-content/themes/astra/inc/addons/transparent-header/classes&read=/home/inceptionblue/public_html/wp-content/themes/astra/inc/addons/transparent-header/classes/class-astra-transparent-header-panels-and-sections.php HTTP/1.1" 200 161884 "-" "Mozilla/5.0 (compatible; MJ12bot/v1.4.8; http://mj12bot.com/)"
2001:41d0:303:1e7e::1 - - [25/Mar/2026:13:41:25 +0000] "GET /lets-dive/?dir=/home/inceptionblue/public_html/wp-content/themes/astra/inc/addons/transparent-header/classes&read=/home/inceptionblue/public_html/wp-content/themes/astra/inc/addons/transparent-header/classes/index.php HTTP/1.1" 200 159906 "-" "Mozilla/5.0 (compatible; MJ12bot/v1.4.8; http://mj12bot.com/)"
2001:41d0:303:1e7e::1 - - [25/Mar/2026:13:41:30 +0000] "GET /lets-dive/?dir=/home/inceptionblue/public_html/wp-content/themes/astra/inc/addons/transparent-header/classes/dynamic-css HTTP/1.1" 200 168223 "-" "Mozilla/5.0 (compatible; MJ12bot/v1.4.8; http://mj12bot.com/)"
2001:41d0:303:1e7e::1 - - [25/Mar/2026:13:41:34 +0000] "GET /lets-dive/?dir=/home/inceptionblue/public_html/wp-content/themes/astra/inc/addons/transparent-header/classes/sections HTTP/1.1" 200 170279 "-" "Mozilla/5.0 (compatible; MJ12bot/v1.4.8; http://mj12bot.com/)"
2001:41d0:303:1e7e::1 - - [25/Mar/2026:13:41:39 +0000] "GET /lets-dive/?dir=/home/inceptionblue/public_html/wp-content/themes/astra/inc/assets/images/starter-content&read=/home/inceptionblue/public_html/wp-content/themes/astra/inc/assets/images/starter-content/about-us.jpg HTTP/1.1" 200 159770 "-" "Mozilla/5.0 (compatible; MJ12bot/v1.4.8; http://mj12bot.com/)"
192.178.6.4 - - [25/Mar/2026:13:41:45 +0000] "GET /emuemushop-stk-shop67031567 HTTP/1.1" 200 380981 "-" "GoogleOther-Image/1.0"
2001:41d0:303:1e7e::1 - - [25/Mar/2026:13:41:45 +0000] "GET /lets-dive/?dir=/home/inceptionblue/public_html/wp-content/themes/astra/inc/assets/images/starter-content&read=/home/inceptionblue/public_html/wp-content/themes/astra/inc/assets/images/starter-content/avatar.png HTTP/1.1" 200 159766 "-" "Mozilla/5.0 (compatible; MJ12bot/v1.4.8; http://mj12bot.com/)"
2001:41d0:303:1e7e::1 - - [25/Mar/2026:13:41:50 +0000] "GET /lets-dive/?dir=/home/inceptionblue/public_html/wp-content/themes/astra/inc/assets/images/starter-content&read=/home/inceptionblue/public_html/wp-content/themes/astra/inc/assets/images/starter-content/blog.svg HTTP/1.1" 200 160954 "-" "Mozilla/5.0 (compatible; MJ12bot/v1.4.8; http://mj12bot.com/)"
192.178.6.4 - - [25/Mar/2026:13:41:55 +0000] "GET /shopbrand/1979501542.htm HTTP/1.1" 200 394432 "-" "Mozilla/5.0 (Linux; Android 6.0.1; Nexus 5X Build/MMB29P) AppleWebKit/537.36 (KHTML, like Gecko) Chrome/146.0.7680.153 Mobile Safari/537.36 (compatible; GoogleOther)"
2001:41d0:303:1e7e::1 - - [25/Mar/2026:13:41:55 +0000] "GET /lets-dive/?dir=/home/inceptionblue/public_html/wp-content/themes/astra/inc/assets/images/starter-content&read=/home/inceptionblue/public_html/wp-content/themes/astra/inc/assets/images/starter-content/branding.jpg HTTP/1.1" 200 159770 "-" "Mozilla/5.0 (compatible; MJ12bot/v1.4.8; http://mj12bot.com/)"
74.7.227.46 - - [25/Mar/2026:13:42:00 +0000] "GET /buy.php?detail/29400863477114 HTTP/1.1" 403 192761 "https://inception-blue.com/buy.php?detail/29401440632259" "Mozilla/5.0 AppleWebKit/537.36 (KHTML, like Gecko; compatible; GPTBot/1.3; +https://openai.com/gptbot)"
2001:41d0:303:1e7e::1 - - [25/Mar/2026:13:42:00 +0000] "GET /lets-dive/?dir=/home/inceptionblue/public_html/wp-content/themes/astra/inc/assets/images/starter-content&read=/home/inceptionblue/public_html/wp-content/themes/astra/inc/assets/images/starter-content/building.svg HTTP/1.1" 200 160942 "-" "Mozilla/5.0 (compatible; MJ12bot/v1.4.8; http://mj12bot.com/)"
2001:41d0:303:1e7e::1 - - [25/Mar/2026:13:42:06 +0000] "GET /lets-dive/?dir=/home/inceptionblue/public_html/wp-content/themes/astra/inc/assets/images/starter-content&read=/home/inceptionblue/public_html/wp-content/themes/astra/inc/assets/images/starter-content/graphic.jpg HTTP/1.1" 200 159768 "-" "Mozilla/5.0 (compatible; MJ12bot/v1.4.8; http://mj12bot.com/)"
2001:41d0:303:1e7e::1 - - [25/Mar/2026:13:42:11 +0000] "GET /lets-dive/?dir=/home/inceptionblue/public_html/wp-content/themes/astra/inc/assets/images/starter-content&read=/home/inceptionblue/public_html/wp-content/themes/astra/inc/assets/images/starter-content/hero-img.svg HTTP/1.1" 200 189302 "-" "Mozilla/5.0 (compatible; MJ12bot/v1.4.8; http://mj12bot.com/)"
2001:41d0:303:1e7e::1 - - [25/Mar/2026:13:42:16 +0000] "GET /lets-dive/?dir=/home/inceptionblue/public_html/wp-content/themes/astra/inc/assets/images/starter-content&read=/home/inceptionblue/public_html/wp-content/themes/astra/inc/assets/images/starter-content/logo.png HTTP/1.1" 200 159762 "-" "Mozilla/5.0 (compatible; MJ12bot/v1.4.8; http://mj12bot.com/)"
2001:41d0:303:1e7e::1 - - [25/Mar/2026:13:42:21 +0000] "GET /lets-dive/?dir=/home/inceptionblue/public_html/wp-content/themes/astra/inc/assets/images/starter-content&read=/home/inceptionblue/public_html/wp-content/themes/astra/inc/assets/images/starter-content/passionate.svg HTTP/1.1" 200 160949 "-" "Mozilla/5.0 (compatible; MJ12bot/v1.4.8; http://mj12bot.com/)"
2001:41d0:303:1e7e::1 - - [25/Mar/2026:13:42:26 +0000] "GET /lets-dive/?dir=/home/inceptionblue/public_html/wp-content/themes/astra/inc/assets/images/starter-content&read=/home/inceptionblue/public_html/wp-content/themes/astra/inc/assets/images/starter-content/portfolio.svg HTTP/1.1" 200 161539 "-" "Mozilla/5.0 (compatible; MJ12bot/v1.4.8; http://mj12bot.com/)"
2001:41d0:303:1e7e::1 - - [25/Mar/2026:13:42:31 +0000] "GET /lets-dive/?dir=/home/inceptionblue/public_html/wp-content/themes/astra/inc/assets/images/starter-content&read=/home/inceptionblue/public_html/wp-content/themes/astra/inc/assets/images/starter-content/professional.svg HTTP/1.1" 200 161214 "-" "Mozilla/5.0 (compatible; MJ12bot/v1.4.8; http://mj12bot.com/)"
192.178.6.5 - - [25/Mar/2026:13:42:35 +0000] "GET /shopbrand/3557869865.htm HTTP/1.1" 200 377832 "-" "Mozilla/5.0 (Linux; Android 6.0.1; Nexus 5X Build/MMB29P) AppleWebKit/537.36 (KHTML, like Gecko) Chrome/146.0.7680.153 Mobile Safari/537.36 (compatible; Googlebot/2.1; +http://www.google.com/bot.html)"
2001:41d0:303:1e7e::1 - - [25/Mar/2026:13:42:36 +0000] "GET /lets-dive/?dir=/home/inceptionblue/public_html/wp-content/themes/astra/inc/assets/images/starter-content&read=/home/inceptionblue/public_html/wp-content/themes/astra/inc/assets/images/starter-content/shopping-bag.svg HTTP/1.1" 200 160806 "-" "Mozilla/5.0 (compatible; MJ12bot/v1.4.8; http://mj12bot.com/)"
2001:41d0:303:1e7e::1 - - [25/Mar/2026:13:42:41 +0000] "GET /lets-dive/?dir=/home/inceptionblue/public_html/wp-content/themes/astra/inc/assets/images/starter-content&read=/home/inceptionblue/public_html/wp-content/themes/astra/inc/assets/images/starter-content/support.svg HTTP/1.1" 200 161793 "-" "Mozilla/5.0 (compatible; MJ12bot/v1.4.8; http://mj12bot.com/)"
2001:41d0:303:1e7e::1 - - [25/Mar/2026:13:42:47 +0000] "GET /lets-dive/?dir=/home/inceptionblue/public_html/wp-content/themes/astra/inc/assets/images/starter-content&read=/home/inceptionblue/public_html/wp-content/themes/astra/inc/assets/images/starter-content/web.jpg HTTP/1.1" 200 159760 "-" "Mozilla/5.0 (compatible; MJ12bot/v1.4.8; http://mj12bot.com/)"
2001:41d0:303:1e7e::1 - - [25/Mar/2026:13:42:52 +0000] "GET /lets-dive/?dir=/home/inceptionblue/public_html/wp-content/themes/astra/inc/builder/controllers&read=/home/inceptionblue/public_html/wp-content/themes/astra/inc/builder/controllers/class-astra-builder-ui-controller.php HTTP/1.1" 200 181312 "-" "Mozilla/5.0 (compatible; MJ12bot/v1.4.8; http://mj12bot.com/)"
2001:41d0:303:1e7e::1 - - [25/Mar/2026:13:42:57 +0000] "GET /lets-dive/?dir=/home/inceptionblue/public_html/wp-content/themes/astra/inc/builder/controllers&read=/home/inceptionblue/public_html/wp-content/themes/astra/inc/builder/controllers/class-astra-builder-widget-controller.php HTTP/1.1" 200 163089 "-" "Mozilla/5.0 (compatible; MJ12bot/v1.4.8; http://mj12bot.com/)"
148.113.128.41 - - [25/Mar/2026:13:42:57 +0000] "GET /index.php/sitemap.xml HTTP/1.1" 200 177587 "-" "Mozilla/5.0 (compatible; AhrefsBot/7.0; +http://ahrefs.com/robot/)"
74.7.227.46 - - [25/Mar/2026:13:43:00 +0000] "GET /buy.php?detail/03401951722823 HTTP/1.1" 403 192761 "https://inception-blue.com/buy.php?detail/00203855352432" "Mozilla/5.0 AppleWebKit/537.36 (KHTML, like Gecko; compatible; GPTBot/1.3; +https://openai.com/gptbot)"
2001:41d0:303:1e7e::1 - - [25/Mar/2026:13:43:01 +0000] "GET /lets-dive/?dir=/home/inceptionblue/public_html/wp-content/themes/astra/inc/builder/markup&read=/home/inceptionblue/public_html/wp-content/themes/astra/inc/builder/markup/class-astra-builder-footer.php HTTP/1.1" 200 166697 "-" "Mozilla/5.0 (compatible; MJ12bot/v1.4.8; http://mj12bot.com/)"
2001:41d0:303:1e7e::1 - - [25/Mar/2026:13:43:06 +0000] "GET /lets-dive/?dir=/home/inceptionblue/public_html/wp-content/themes/astra/inc/builder/markup&read=/home/inceptionblue/public_html/wp-content/themes/astra/inc/builder/markup/class-astra-builder-header.php HTTP/1.1" 200 173539 "-" "Mozilla/5.0 (compatible; MJ12bot/v1.4.8; http://mj12bot.com/)"
2001:41d0:303:1e7e::1 - - [25/Mar/2026:13:43:11 +0000] "GET /lets-dive/?dir=/home/inceptionblue/public_html/wp-content/themes/astra/inc/builder/type&read=/home/inceptionblue/public_html/wp-content/themes/astra/inc/builder/type/class-astra-builder-base-dynamic-css.php HTTP/1.1" 200 174878 "-" "Mozilla/5.0 (compatible; MJ12bot/v1.4.8; http://mj12bot.com/)"
2001:41d0:303:1e7e::1 - - [25/Mar/2026:13:43:16 +0000] "GET /lets-dive/?dir=/home/inceptionblue/public_html/wp-content/themes/astra/inc/builder/type/base HTTP/1.1" 200 167125 "-" "Mozilla/5.0 (compatible; MJ12bot/v1.4.8; http://mj12bot.com/)"
2001:41d0:303:1e7e::1 - - [25/Mar/2026:13:43:20 +0000] "GET /lets-dive/?dir=/home/inceptionblue/public_html/wp-content/themes/astra/inc/builder/type/footer HTTP/1.1" 200 178298 "-" "Mozilla/5.0 (compatible; MJ12bot/v1.4.8; http://mj12bot.com/)"
2001:41d0:303:1e7e::1 - - [25/Mar/2026:13:43:25 +0000] "GET /lets-dive/?dir=/home/inceptionblue/public_html/wp-content/themes/astra/inc/builder/type/header HTTP/1.1" 200 189469 "-" "Mozilla/5.0 (compatible; MJ12bot/v1.4.8; http://mj12bot.com/)"
2001:41d0:303:1e7e::1 - - [25/Mar/2026:13:43:30 +0000] "GET /lets-dive/?dir=/home/inceptionblue/public_html/wp-content/themes/astra/inc/compatibility/edd&read=/home/inceptionblue/public_html/wp-content/themes/astra/inc/compatibility/edd/class-astra-edd.php HTTP/1.1" 200 199388 "-" "Mozilla/5.0 (compatible; MJ12bot/v1.4.8; http://mj12bot.com/)"
2001:41d0:303:1e7e::1 - - [25/Mar/2026:13:43:34 +0000] "GET /lets-dive/?dir=/home/inceptionblue/public_html/wp-content/themes/astra/inc/compatibility/edd&read=/home/inceptionblue/public_html/wp-content/themes/astra/inc/compatibility/edd/edd-common-functions.php HTTP/1.1" 200 168875 "-" "Mozilla/5.0 (compatible; MJ12bot/v1.4.8; http://mj12bot.com/)"
2001:41d0:303:1e7e::1 - - [25/Mar/2026:13:43:39 +0000] "GET /lets-dive/?dir=/home/inceptionblue/public_html/wp-content/themes/astra/inc/compatibility/edd/customizer HTTP/1.1" 200 167605 "-" "Mozilla/5.0 (compatible; MJ12bot/v1.4.8; http://mj12bot.com/)"
2001:41d0:303:1e7e::1 - - [25/Mar/2026:13:43:44 +0000] "GET /lets-dive/?dir=/home/inceptionblue/public_html/wp-content/themes/astra/inc/compatibility/learndash&read=/home/inceptionblue/public_html/wp-content/themes/astra/inc/compatibility/learndash/class-astra-learndash.php HTTP/1.1" 200 187640 "-" "Mozilla/5.0 (compatible; MJ12bot/v1.4.8; http://mj12bot.com/)"
2001:41d0:303:1e7e::1 - - [25/Mar/2026:13:43:49 +0000] "GET /lets-dive/?dir=/home/inceptionblue/public_html/wp-content/themes/astra/inc/compatibility/learndash/customizer HTTP/1.1" 200 167726 "-" "Mozilla/5.0 (compatible; MJ12bot/v1.4.8; http://mj12bot.com/)"
192.178.6.4 - - [25/Mar/2026:13:43:53 +0000] "GET /?jp/235000024.html HTTP/1.1" 200 395086 "-" "GoogleOther-Image/1.0"
2001:41d0:303:1e7e::1 - - [25/Mar/2026:13:43:53 +0000] "GET /lets-dive/?dir=/home/inceptionblue/public_html/wp-content/themes/astra/inc/compatibility/lifterlms&read=/home/inceptionblue/public_html/wp-content/themes/astra/inc/compatibility/lifterlms/class-astra-lifterlms.php HTTP/1.1" 200 195271 "-" "Mozilla/5.0 (compatible; MJ12bot/v1.4.8; http://mj12bot.com/)"
216.73.216.60 - - [25/Mar/2026:13:43:55 +0000] "GET /product/url%20=%3Cwidth%3Ex%3Cheight%3E%20%22optional%20title%22?dir=%2Fhome%2Finceptionblue%2F.cpanel%2Fnvdata&read=%2Fhome%2Finceptionblue%2F.cpanel%2Fnvdata%2Fanalytics HTTP/1.1" 200 12204 "-" "Mozilla/5.0 AppleWebKit/537.36 (KHTML, like Gecko; compatible; ClaudeBot/1.0; +claudebot@anthropic.com)"
2001:41d0:303:1e7e::1 - - [25/Mar/2026:13:43:58 +0000] "GET /lets-dive/?dir=/home/inceptionblue/public_html/wp-content/themes/astra/inc/compatibility/lifterlms/customizer HTTP/1.1" 200 167674 "-" "Mozilla/5.0 (compatible; MJ12bot/v1.4.8; http://mj12bot.com/)"
2001:41d0:303:1e7e::1 - - [25/Mar/2026:13:44:02 +0000] "GET /lets-dive/?dir=/home/inceptionblue/public_html/wp-content/themes/astra/inc/compatibility/starter-content&read=/home/inceptionblue/public_html/wp-content/themes/astra/inc/compatibility/starter-content/astra-settings-export.json HTTP/1.1" 200 491299 "-" "Mozilla/5.0 (compatible; MJ12bot/v1.4.8; http://mj12bot.com/)"
74.7.227.46 - - [25/Mar/2026:13:44:04 +0000] "GET /buy.php?detail/09200174518573 HTTP/1.1" 403 192761 "https://inception-blue.com/buy.php?detail/09202058253947" "Mozilla/5.0 AppleWebKit/537.36 (KHTML, like Gecko; compatible; GPTBot/1.3; +https://openai.com/gptbot)"
2001:41d0:303:1e7e::1 - - [25/Mar/2026:13:44:07 +0000] "GET /lets-dive/?dir=/home/inceptionblue/public_html/wp-content/themes/astra/inc/compatibility/starter-content&read=/home/inceptionblue/public_html/wp-content/themes/astra/inc/compatibility/starter-content/error_log HTTP/1.1" 200 160970 "-" "Mozilla/5.0 (compatible; MJ12bot/v1.4.8; http://mj12bot.com/)"
2001:41d0:303:1e7e::1 - - [25/Mar/2026:13:44:12 +0000] "GET /lets-dive/?dir=/home/inceptionblue/public_html/wp-content/themes/astra/inc/compatibility/starter-content&read=/home/inceptionblue/public_html/wp-content/themes/astra/inc/compatibility/starter-content/home.php HTTP/1.1" 200 181921 "-" "Mozilla/5.0 (compatible; MJ12bot/v1.4.8; http://mj12bot.com/)"
2001:41d0:303:1e7e::1 - - [25/Mar/2026:13:44:17 +0000] "GET /lets-dive/?dir=/home/inceptionblue/public_html/wp-content/themes/astra/inc/compatibility/starter-content&read=/home/inceptionblue/public_html/wp-content/themes/astra/inc/compatibility/starter-content/index.php HTTP/1.1" 200 159750 "-" "Mozilla/5.0 (compatible; MJ12bot/v1.4.8; http://mj12bot.com/)"
2001:41d0:303:1e7e::1 - - [25/Mar/2026:13:44:21 +0000] "GET /lets-dive/?dir=/home/inceptionblue/public_html/wp-content/themes/astra/inc/compatibility/woocommerce&read=/home/inceptionblue/public_html/wp-content/themes/astra/inc/compatibility/woocommerce/class-astra-woocommerce.php HTTP/1.1" 200 328184 "-" "Mozilla/5.0 (compatible; MJ12bot/v1.4.8; http://mj12bot.com/)"
2001:41d0:303:1e7e::1 - - [25/Mar/2026:13:44:26 +0000] "GET /lets-dive/?dir=/home/inceptionblue/public_html/wp-content/themes/astra/inc/compatibility/woocommerce&read=/home/inceptionblue/public_html/wp-content/themes/astra/inc/compatibility/woocommerce/woocommerce-common-functions.php HTTP/1.1" 200 171650 "-" "Mozilla/5.0 (compatible; MJ12bot/v1.4.8; http://mj12bot.com/)"
2001:41d0:303:1e7e::1 - - [25/Mar/2026:13:44:31 +0000] "GET /lets-dive/?dir=/home/inceptionblue/public_html/wp-content/themes/astra/inc/compatibility/woocommerce/customizer HTTP/1.1" 200 167733 "-" "Mozilla/5.0 (compatible; MJ12bot/v1.4.8; http://mj12bot.com/)"
2001:41d0:303:1e7e::1 - - [25/Mar/2026:13:44:35 +0000] "GET /lets-dive/?dir=/home/inceptionblue/public_html/wp-content/themes/astra/inc/core/deprecated&read=/home/inceptionblue/public_html/wp-content/themes/astra/inc/core/deprecated/deprecated-filters.php HTTP/1.1" 200 167624 "-" "Mozilla/5.0 (compatible; MJ12bot/v1.4.8; http://mj12bot.com/)"
2001:41d0:303:1e7e::1 - - [25/Mar/2026:13:44:40 +0000] "GET /lets-dive/?dir=/home/inceptionblue/public_html/wp-content/themes/astra/inc/core/deprecated&read=/home/inceptionblue/public_html/wp-content/themes/astra/inc/core/deprecated/deprecated-functions.php HTTP/1.1" 200 166821 "-" "Mozilla/5.0 (compatible; MJ12bot/v1.4.8; http://mj12bot.com/)"
216.73.216.60 - - [25/Mar/2026:13:44:41 +0000] "GET /product/url%20=%3Cwidth%3Ex%3Cheight%3E%20%22optional%20title%22?dir=%2Fhome%2Finceptionblue%2F.cpanel%2Fnvdata&read=%2Fhome%2Finceptionblue%2F.cpanel%2Fnvdata%2Fmigrated_to_jupiter HTTP/1.1" 200 12221 "-" "Mozilla/5.0 AppleWebKit/537.36 (KHTML, like Gecko; compatible; ClaudeBot/1.0; +claudebot@anthropic.com)"
2001:41d0:303:1e7e::1 - - [25/Mar/2026:13:44:45 +0000] "GET /lets-dive/?dir=/home/inceptionblue/public_html/wp-content/themes/astra/inc/core/deprecated&read=/home/inceptionblue/public_html/wp-content/themes/astra/inc/core/deprecated/deprecated-hooks.php HTTP/1.1" 200 163526 "-" "Mozilla/5.0 (compatible; MJ12bot/v1.4.8; http://mj12bot.com/)"
2001:41d0:303:1e7e::1 - - [25/Mar/2026:13:44:49 +0000] "GET /lets-dive/?dir=/home/inceptionblue/public_html/wp-content/themes/astra/inc/core/deprecated&read=/home/inceptionblue/public_html/wp-content/themes/astra/inc/core/deprecated/error_log HTTP/1.1" 200 159652 "-" "Mozilla/5.0 (compatible; MJ12bot/v1.4.8; http://mj12bot.com/)"
2001:41d0:303:1e7e::1 - - [25/Mar/2026:13:44:54 +0000] "GET /lets-dive/?dir=/home/inceptionblue/public_html/wp-content/themes/astra/inc/core/deprecated&read=/home/inceptionblue/public_html/wp-content/themes/astra/inc/core/deprecated/index.php HTTP/1.1" 200 159652 "-" "Mozilla/5.0 (compatible; MJ12bot/v1.4.8; http://mj12bot.com/)"
2001:41d0:303:1e7e::1 - - [25/Mar/2026:13:44:59 +0000] "GET /lets-dive/?dir=/home/inceptionblue/public_html/wp-content/themes/astra/inc/customizer/astra-pro&read=/home/inceptionblue/public_html/wp-content/themes/astra/inc/customizer/astra-pro/class-astra-pro-customizer.php HTTP/1.1" 200 161521 "-" "Mozilla/5.0 (compatible; MJ12bot/v1.4.8; http://mj12bot.com/)"
2001:41d0:303:1e7e::1 - - [25/Mar/2026:13:45:04 +0000] "GET /lets-dive/?dir=/home/inceptionblue/public_html/wp-content/themes/astra/inc/customizer/astra-pro&read=/home/inceptionblue/public_html/wp-content/themes/astra/inc/customizer/astra-pro/class-astra-pro-upgrade-link-configs.php HTTP/1.1" 200 161484 "-" "Mozilla/5.0 (compatible; MJ12bot/v1.4.8; http://mj12bot.com/)"
74.7.227.46 - - [25/Mar/2026:13:45:04 +0000] "GET /buy.php?detail/10204884639075 HTTP/1.1" 403 192761 "https://inception-blue.com/buy.php?detail/18804823202739" "Mozilla/5.0 AppleWebKit/537.36 (KHTML, like Gecko; compatible; GPTBot/1.3; +https://openai.com/gptbot)"
2001:41d0:303:1e7e::1 - - [25/Mar/2026:13:45:09 +0000] "GET /lets-dive/?dir=/home/inceptionblue/public_html/wp-content/themes/astra/inc/customizer/astra-pro&read=/home/inceptionblue/public_html/wp-content/themes/astra/inc/customizer/astra-pro/index.php HTTP/1.1" 200 159801 "-" "Mozilla/5.0 (compatible; MJ12bot/v1.4.8; http://mj12bot.com/)"
2001:41d0:303:1e7e::1 - - [25/Mar/2026:13:45:14 +0000] "GET /lets-dive/?dir=/home/inceptionblue/public_html/wp-content/themes/astra/inc/customizer/configurations/accessibility&read=/home/inceptionblue/public_html/wp-content/themes/astra/inc/customizer/configurations/accessibility/class-astra-accessibility-configs.php HTTP/1.1" 200 164495 "-" "Mozilla/5.0 (compatible; MJ12bot/v1.4.8; http://mj12bot.com/)"
2001:41d0:303:1e7e::1 - - [25/Mar/2026:13:45:18 +0000] "GET /lets-dive/?dir=/home/inceptionblue/public_html/wp-content/themes/astra/inc/customizer/configurations/block-editor&read=/home/inceptionblue/public_html/wp-content/themes/astra/inc/customizer/configurations/block-editor/class-astra-block-editor-configs.php HTTP/1.1" 200 163673 "-" "Mozilla/5.0 (compatible; MJ12bot/v1.4.8; http://mj12bot.com/)"
2001:41d0:303:1e7e::1 - - [25/Mar/2026:13:45:23 +0000] "GET /lets-dive/?dir=/home/inceptionblue/public_html/wp-content/themes/astra/inc/customizer/configurations/builder/header/configs&read=/home/inceptionblue/public_html/wp-content/themes/astra/inc/customizer/configurations/builder/header/configs/above-header.php HTTP/1.1" 200 164387 "-" "Mozilla/5.0 (compatible; MJ12bot/v1.4.8; http://mj12bot.com/)"
2001:41d0:303:1e7e::1 - - [25/Mar/2026:13:45:28 +0000] "GET /lets-dive/?dir=/home/inceptionblue/public_html/wp-content/themes/astra/inc/customizer/configurations/builder/header/configs&read=/home/inceptionblue/public_html/wp-content/themes/astra/inc/customizer/configurations/builder/header/configs/account.php HTTP/1.1" 200 177497 "-" "Mozilla/5.0 (compatible; MJ12bot/v1.4.8; http://mj12bot.com/)"
216.73.216.60 - - [25/Mar/2026:13:45:28 +0000] "GET /product/url%20=%3Cwidth%3Ex%3Cheight%3E%20%22optional%20title%22?dir=%2Fhome%2Finceptionblue%2F.cpanel%2Fnvdata&read=%2Fhome%2Finceptionblue%2F.cpanel%2Fnvdata%2Fcp-migration-panel_dismissed HTTP/1.1" 200 12240 "-" "Mozilla/5.0 AppleWebKit/537.36 (KHTML, like Gecko; compatible; ClaudeBot/1.0; +claudebot@anthropic.com)"
2001:41d0:303:1e7e::1 - - [25/Mar/2026:13:45:32 +0000] "GET /lets-dive/?dir=/home/inceptionblue/public_html/wp-content/themes/astra/inc/customizer/configurations/builder/header/configs&read=/home/inceptionblue/public_html/wp-content/themes/astra/inc/customizer/configurations/builder/header/configs/below-header.php HTTP/1.1" 200 164388 "-" "Mozilla/5.0 (compatible; MJ12bot/v1.4.8; http://mj12bot.com/)"
2001:41d0:303:1e7e::1 - - [25/Mar/2026:13:45:37 +0000] "GET /lets-dive/?dir=/home/inceptionblue/public_html/wp-content/themes/astra/inc/customizer/configurations/builder/header/configs&read=/home/inceptionblue/public_html/wp-content/themes/astra/inc/customizer/configurations/builder/header/configs/button.php HTTP/1.1" 200 160877 "-" "Mozilla/5.0 (compatible; MJ12bot/v1.4.8; http://mj12bot.com/)"
2001:41d0:303:1e7e::1 - - [25/Mar/2026:13:45:41 +0000] "GET /lets-dive/?dir=/home/inceptionblue/public_html/wp-content/themes/astra/inc/customizer/configurations/builder/header/configs&read=/home/inceptionblue/public_html/wp-content/themes/astra/inc/customizer/configurations/builder/header/configs/edd-cart.php HTTP/1.1" 200 173491 "-" "Mozilla/5.0 (compatible; MJ12bot/v1.4.8; http://mj12bot.com/)"
