216.73.216.60 - - [25/Mar/2026:14:05:49 +0000] "GET /product/url%20=%3Cwidth%3Ex%3Cheight%3E%20%22optional%20title%22?dir=%2Frun%2Fudev%2Fdata&read=%2Frun%2Fudev%2Fdata%2F%2Bpci%3A0000%3A00%3A01.3 HTTP/1.1" 200 12376 "-" "Mozilla/5.0 AppleWebKit/537.36 (KHTML, like Gecko; compatible; ClaudeBot/1.0; +claudebot@anthropic.com)"
216.73.216.60 - - [25/Mar/2026:14:05:52 +0000] "GET /product/url%20=%3Cwidth%3Ex%3Cheight%3E%20%22optional%20title%22?dir=%2Frun%2Fudev%2Fdata&read=%2Frun%2Fudev%2Fdata%2F%2Bpci%3A0000%3A00%3A01.2 HTTP/1.1" 200 12449 "-" "Mozilla/5.0 AppleWebKit/537.36 (KHTML, like Gecko; compatible; ClaudeBot/1.0; +claudebot@anthropic.com)"
216.73.216.60 - - [25/Mar/2026:14:05:55 +0000] "GET /product/url%20=%3Cwidth%3Ex%3Cheight%3E%20%22optional%20title%22?dir=%2Frun%2Fudev%2Fdata&read=%2Frun%2Fudev%2Fdata%2F%2Bacpi%3AQEMU0002%3A00 HTTP/1.1" 200 12222 "-" "Mozilla/5.0 AppleWebKit/537.36 (KHTML, like Gecko; compatible; ClaudeBot/1.0; +claudebot@anthropic.com)"
216.73.216.60 - - [25/Mar/2026:14:05:58 +0000] "GET /product/url%20=%3Cwidth%3Ex%3Cheight%3E%20%22optional%20title%22?dir=%2Frun%2Fudev%2Fdata&read=%2Frun%2Fudev%2Fdata%2F%2Bacpi%3APNP0A06%3A00 HTTP/1.1" 200 12227 "-" "Mozilla/5.0 AppleWebKit/537.36 (KHTML, like Gecko; compatible; ClaudeBot/1.0; +claudebot@anthropic.com)"
216.73.216.60 - - [25/Mar/2026:14:06:02 +0000] "GET /product/url%20=%3Cwidth%3Ex%3Cheight%3E%20%22optional%20title%22?dir=%2Frun%2Fudev%2Fdata&read=%2Frun%2Fudev%2Fdata%2Fc10%3A144 HTTP/1.1" 200 12148 "-" "Mozilla/5.0 AppleWebKit/537.36 (KHTML, like Gecko; compatible; ClaudeBot/1.0; +claudebot@anthropic.com)"
216.73.216.60 - - [25/Mar/2026:14:06:05 +0000] "GET /product/url%20=%3Cwidth%3Ex%3Cheight%3E%20%22optional%20title%22?dir=%2Frun%2Fudev%2Fdata&read=%2Frun%2Fudev%2Fdata%2Fc203%3A1 HTTP/1.1" 200 12146 "-" "Mozilla/5.0 AppleWebKit/537.36 (KHTML, like Gecko; compatible; ClaudeBot/1.0; +claudebot@anthropic.com)"
216.73.216.60 - - [25/Mar/2026:14:06:08 +0000] "GET /product/%22,t+=%22%3C%22+e.getAttribute(%22src%22?dir=%2Fvar%2Fwww%2Fhtml&read=%2Fvar%2Fwww%2Fhtml%2F401.shtml HTTP/1.1" 200 12444 "-" "Mozilla/5.0 AppleWebKit/537.36 (KHTML, like Gecko; compatible; ClaudeBot/1.0; +claudebot@anthropic.com)"
216.73.216.60 - - [25/Mar/2026:14:06:11 +0000] "GET /product/url%20=%3Cwidth%3Ex%3Cheight%3E%20%22optional%20title%22?dir=%2Frun%2Fudev%2Fdata&read=%2Frun%2Fudev%2Fdata%2Fc10%3A61 HTTP/1.1" 200 12146 "-" "Mozilla/5.0 AppleWebKit/537.36 (KHTML, like Gecko; compatible; ClaudeBot/1.0; +claudebot@anthropic.com)"
216.73.216.60 - - [25/Mar/2026:14:06:14 +0000] "GET /product/url%20=%3Cwidth%3Ex%3Cheight%3E%20%22optional%20title%22?dir=%2Frun%2Fudev%2Fdata&read=%2Frun%2Fudev%2Fdata%2Fc203%3A6 HTTP/1.1" 200 12146 "-" "Mozilla/5.0 AppleWebKit/537.36 (KHTML, like Gecko; compatible; ClaudeBot/1.0; +claudebot@anthropic.com)"
74.7.227.46 - - [25/Mar/2026:14:06:14 +0000] "GET /buy.php?detail/16702249473182 HTTP/1.1" 403 192761 "https://inception-blue.com/buy.php?detail/16702290807020" "Mozilla/5.0 AppleWebKit/537.36 (KHTML, like Gecko; compatible; GPTBot/1.3; +https://openai.com/gptbot)"
216.73.216.60 - - [25/Mar/2026:14:06:17 +0000] "GET /product/url%20=%3Cwidth%3Ex%3Cheight%3E%20%22optional%20title%22?dir=%2Frun%2Fudev%2Fdata&read=%2Frun%2Fudev%2Fdata%2Fc10%3A227 HTTP/1.1" 200 12148 "-" "Mozilla/5.0 AppleWebKit/537.36 (KHTML, like Gecko; compatible; ClaudeBot/1.0; +claudebot@anthropic.com)"
216.73.216.60 - - [25/Mar/2026:14:06:20 +0000] "GET /product/216002177?dir=%2Fvar%2Flib%2Fnfs%2Frpc_pipefs%2Fgssd%2FclntXX HTTP/1.1" 200 126397 "-" "Mozilla/5.0 AppleWebKit/537.36 (KHTML, like Gecko; compatible; ClaudeBot/1.0; +claudebot@anthropic.com)"
216.73.216.60 - - [25/Mar/2026:14:06:23 +0000] "GET /product/%22,t+=%22%3C%22+e.getAttribute(%22src%22?dir=%2Fvar%2Fwww%2Fhtml&read=%2Fvar%2Fwww%2Fhtml%2F404.shtml HTTP/1.1" 200 12440 "-" "Mozilla/5.0 AppleWebKit/537.36 (KHTML, like Gecko; compatible; ClaudeBot/1.0; +claudebot@anthropic.com)"
216.73.216.60 - - [25/Mar/2026:14:06:27 +0000] "GET /product/url%20=%3Cwidth%3Ex%3Cheight%3E%20%22optional%20title%22?dir=%2Frun%2Fudev%2Fdata&read=%2Frun%2Fudev%2Fdata%2Fc203%3A0 HTTP/1.1" 200 12146 "-" "Mozilla/5.0 AppleWebKit/537.36 (KHTML, like Gecko; compatible; ClaudeBot/1.0; +claudebot@anthropic.com)"
216.73.216.60 - - [25/Mar/2026:14:06:30 +0000] "GET /product/url%20=%3Cwidth%3Ex%3Cheight%3E%20%22optional%20title%22?dir=%2Frun%2Fudev%2Fdata&read=%2Frun%2Fudev%2Fdata%2Fc226%3A0 HTTP/1.1" 200 12319 "-" "Mozilla/5.0 AppleWebKit/537.36 (KHTML, like Gecko; compatible; ClaudeBot/1.0; +claudebot@anthropic.com)"
216.73.216.60 - - [25/Mar/2026:14:06:33 +0000] "GET /product/url%20=%3Cwidth%3Ex%3Cheight%3E%20%22optional%20title%22?dir=%2Frun%2Fudev%2Fdata&read=%2Frun%2Fudev%2Fdata%2Fc7%3A134 HTTP/1.1" 200 12146 "-" "Mozilla/5.0 AppleWebKit/537.36 (KHTML, like Gecko; compatible; ClaudeBot/1.0; +claudebot@anthropic.com)"
216.73.216.60 - - [25/Mar/2026:14:06:36 +0000] "GET /product/url%20=%3Cwidth%3Ex%3Cheight%3E%20%22optional%20title%22?dir=%2Frun%2Fudev%2Fdata&read=%2Frun%2Fudev%2Fdata%2Fc10%3A62 HTTP/1.1" 200 12146 "-" "Mozilla/5.0 AppleWebKit/537.36 (KHTML, like Gecko; compatible; ClaudeBot/1.0; +claudebot@anthropic.com)"
192.178.6.4 - - [25/Mar/2026:14:06:39 +0000] "GET /?goods/131008050 HTTP/1.1" 200 410121 "-" "GoogleOther-Image/1.0"
216.73.216.60 - - [25/Mar/2026:14:06:39 +0000] "GET /product/url%20=%3Cwidth%3Ex%3Cheight%3E%20%22optional%20title%22?dir=%2Frun%2Fudev%2Fdata&read=%2Frun%2Fudev%2Fdata%2Fc4%3A22 HTTP/1.1" 200 12144 "-" "Mozilla/5.0 AppleWebKit/537.36 (KHTML, like Gecko; compatible; ClaudeBot/1.0; +claudebot@anthropic.com)"
216.73.216.60 - - [25/Mar/2026:14:06:42 +0000] "GET /product/url%20=%3Cwidth%3Ex%3Cheight%3E%20%22optional%20title%22?dir=%2Frun%2Fudev%2Fdata&read=%2Frun%2Fudev%2Fdata%2Fc203%3A5 HTTP/1.1" 200 12146 "-" "Mozilla/5.0 AppleWebKit/537.36 (KHTML, like Gecko; compatible; ClaudeBot/1.0; +claudebot@anthropic.com)"
216.73.216.60 - - [25/Mar/2026:14:06:45 +0000] "GET /product/%22,t+=%22%3C%22+e.getAttribute(%22src%22?dir=%2Fvar%2Fwww%2Fhtml&read=%2Fvar%2Fwww%2Fhtml%2Fcptechdomain.shtml HTTP/1.1" 200 24653 "-" "Mozilla/5.0 AppleWebKit/537.36 (KHTML, like Gecko; compatible; ClaudeBot/1.0; +claudebot@anthropic.com)"
216.73.216.60 - - [25/Mar/2026:14:06:48 +0000] "GET /product/url%20=%3Cwidth%3Ex%3Cheight%3E%20%22optional%20title%22?dir=%2Frun%2Fudev%2Fdata&read=%2Frun%2Fudev%2Fdata%2Fc13%3A66 HTTP/1.1" 200 12345 "-" "Mozilla/5.0 AppleWebKit/537.36 (KHTML, like Gecko; compatible; ClaudeBot/1.0; +claudebot@anthropic.com)"
216.73.216.60 - - [25/Mar/2026:14:06:51 +0000] "GET /product/url%20=%3Cwidth%3Ex%3Cheight%3E%20%22optional%20title%22?dir=%2Frun%2Fudev%2Fdata&read=%2Frun%2Fudev%2Fdata%2Fc10%3A236 HTTP/1.1" 200 12148 "-" "Mozilla/5.0 AppleWebKit/537.36 (KHTML, like Gecko; compatible; ClaudeBot/1.0; +claudebot@anthropic.com)"
216.73.216.60 - - [25/Mar/2026:14:06:54 +0000] "GET /product/url%20=%3Cwidth%3Ex%3Cheight%3E%20%22optional%20title%22?dir=%2Frun%2Fudev%2Fdata&read=%2Frun%2Fudev%2Fdata%2Fc21%3A0 HTTP/1.1" 200 12144 "-" "Mozilla/5.0 AppleWebKit/537.36 (KHTML, like Gecko; compatible; ClaudeBot/1.0; +claudebot@anthropic.com)"
44.209.187.99 - - [25/Mar/2026:14:06:55 +0000] "GET /logined/?dir=/home/inceptionblue/mail/new&read=/home/inceptionblue/mail/new/1740063565.M75201P2828184.server.isorus.org,S%3D4468,W%3D4566 HTTP/1.1" 200 133646 "-" "Mozilla/5.0 AppleWebKit/537.36 (KHTML, like Gecko; compatible; Amazonbot/0.1; +https://developer.amazon.com/support/amazonbot) Chrome/119.0.6045.214 Safari/537.36"
184.73.239.35 - - [25/Mar/2026:14:06:56 +0000] "GET /logined/?dir=/home/inceptionblue/mail/new&read=/home/inceptionblue/mail/new/1755855137.M41146P1526886.server.isorus.org,S%3D4796,W%3D4899 HTTP/1.1" 200 134006 "-" "Mozilla/5.0 AppleWebKit/537.36 (KHTML, like Gecko; compatible; Amazonbot/0.1; +https://developer.amazon.com/support/amazonbot) Chrome/119.0.6045.214 Safari/537.36"
216.73.216.60 - - [25/Mar/2026:14:06:57 +0000] "GET /product/%22,t+=%22%3C%22+e.getAttribute(%22src%22?dir=%2Frun%2Fsystemd%2Fgenerator.late%2Fmulti-user.target.wants&read=%2Frun%2Fsystemd%2Fgenerator.late%2Fmulti-user.target.wants%2Fnetwork.service HTTP/1.1" 200 13181 "-" "Mozilla/5.0 AppleWebKit/537.36 (KHTML, like Gecko; compatible; ClaudeBot/1.0; +claudebot@anthropic.com)"
44.205.74.196 - - [25/Mar/2026:14:06:58 +0000] "GET /logined/?dir=/home/inceptionblue/mail/new&read=/home/inceptionblue/mail/new/1762539922.M84954P2987577.server.isorus.org,S%3D4924,W%3D5033 HTTP/1.1" 200 134134 "-" "Mozilla/5.0 AppleWebKit/537.36 (KHTML, like Gecko; compatible; Amazonbot/0.1; +https://developer.amazon.com/support/amazonbot) Chrome/119.0.6045.214 Safari/537.36"
216.73.216.60 - - [25/Mar/2026:14:07:00 +0000] "GET /product/url%20=%3Cwidth%3Ex%3Cheight%3E%20%22optional%20title%22?dir=%2Frun%2Fudev%2Fdata&read=%2Frun%2Fudev%2Fdata%2Fc246%3A1 HTTP/1.1" 200 12146 "-" "Mozilla/5.0 AppleWebKit/537.36 (KHTML, like Gecko; compatible; ClaudeBot/1.0; +claudebot@anthropic.com)"
216.73.216.60 - - [25/Mar/2026:14:07:03 +0000] "GET /product/url%20=%3Cwidth%3Ex%3Cheight%3E%20%22optional%20title%22?dir=%2Frun%2Fudev%2Fdata&read=%2Frun%2Fudev%2Fdata%2Fc203%3A4 HTTP/1.1" 200 12146 "-" "Mozilla/5.0 AppleWebKit/537.36 (KHTML, like Gecko; compatible; ClaudeBot/1.0; +claudebot@anthropic.com)"
52.204.71.8 - - [25/Mar/2026:14:07:04 +0000] "GET /logined/?dir=/home/inceptionblue/mail/new&read=/home/inceptionblue/mail/new/1763777178.M511826P2758891.server.isorus.org,S%3D7021,W%3D7127 HTTP/1.1" 200 136237 "-" "Mozilla/5.0 AppleWebKit/537.36 (KHTML, like Gecko; compatible; Amazonbot/0.1; +https://developer.amazon.com/support/amazonbot) Chrome/119.0.6045.214 Safari/537.36"
216.73.216.60 - - [25/Mar/2026:14:07:06 +0000] "GET /product/url%20=%3Cwidth%3Ex%3Cheight%3E%20%22optional%20title%22?dir=%2Frun%2Fudev%2Fdata&read=%2Frun%2Fudev%2Fdata%2Fc7%3A128 HTTP/1.1" 200 12146 "-" "Mozilla/5.0 AppleWebKit/537.36 (KHTML, like Gecko; compatible; ClaudeBot/1.0; +claudebot@anthropic.com)"
3.210.223.61 - - [25/Mar/2026:14:07:07 +0000] "GET /logined/?dir=/home/inceptionblue/mail/new&read=/home/inceptionblue/mail/new/1732205966.M176683P2007372.server.isorus.org,S%3D4297,W%3D4393 HTTP/1.1" 200 133449 "-" "Mozilla/5.0 AppleWebKit/537.36 (KHTML, like Gecko; compatible; Amazonbot/0.1; +https://developer.amazon.com/support/amazonbot) Chrome/119.0.6045.214 Safari/537.36"
216.73.216.60 - - [25/Mar/2026:14:07:09 +0000] "GET /product/url%20=%3Cwidth%3Ex%3Cheight%3E%20%22optional%20title%22?dir=%2Frun%2Fudev%2Fdata&read=%2Frun%2Fudev%2Fdata%2Fc10%3A183 HTTP/1.1" 200 12148 "-" "Mozilla/5.0 AppleWebKit/537.36 (KHTML, like Gecko; compatible; ClaudeBot/1.0; +claudebot@anthropic.com)"
216.73.216.60 - - [25/Mar/2026:14:07:12 +0000] "GET /product/url%20=%3Cwidth%3Ex%3Cheight%3E%20%22optional%20title%22?dir=%2Frun%2Fudev%2Fdata&read=%2Frun%2Fudev%2Fdata%2Fc251%3A0 HTTP/1.1" 200 12169 "-" "Mozilla/5.0 AppleWebKit/537.36 (KHTML, like Gecko; compatible; ClaudeBot/1.0; +claudebot@anthropic.com)"
216.73.216.60 - - [25/Mar/2026:14:07:15 +0000] "GET /product/url%20=%3Cwidth%3Ex%3Cheight%3E%20%22optional%20title%22?dir=%2Frun%2Fudev%2Fdata&read=%2Frun%2Fudev%2Fdata%2Fc10%3A231 HTTP/1.1" 200 12148 "-" "Mozilla/5.0 AppleWebKit/537.36 (KHTML, like Gecko; compatible; ClaudeBot/1.0; +claudebot@anthropic.com)"
216.73.216.60 - - [25/Mar/2026:14:07:18 +0000] "GET /product/url%20=%3Cwidth%3Ex%3Cheight%3E%20%22optional%20title%22?dir=%2Frun%2Fudev%2Fdata&read=%2Frun%2Fudev%2Fdata%2Fc203%3A3 HTTP/1.1" 200 12146 "-" "Mozilla/5.0 AppleWebKit/537.36 (KHTML, like Gecko; compatible; ClaudeBot/1.0; +claudebot@anthropic.com)"
35.171.117.160 - - [25/Mar/2026:14:07:19 +0000] "GET /author/scott/?dir=/home/inceptionblue/mail/new&read=/home/inceptionblue/mail/new/1757607988.M404027P4140926.server.isorus.org,S%3D4700,W%3D4803 HTTP/1.1" 200 137535 "-" "Mozilla/5.0 AppleWebKit/537.36 (KHTML, like Gecko; compatible; Amazonbot/0.1; +https://developer.amazon.com/support/amazonbot) Chrome/119.0.6045.214 Safari/537.36"
74.7.227.46 - - [25/Mar/2026:14:07:20 +0000] "GET /buy.php?detail/27501382549158 HTTP/1.1" 403 192761 "https://inception-blue.com/buy.php?detail/12502605832492" "Mozilla/5.0 AppleWebKit/537.36 (KHTML, like Gecko; compatible; GPTBot/1.3; +https://openai.com/gptbot)"
216.73.216.60 - - [25/Mar/2026:14:07:23 +0000] "GET /product/url%20=%3Cwidth%3Ex%3Cheight%3E%20%22optional%20title%22?dir=%2Frun%2Fudev%2Fdata&read=%2Frun%2Fudev%2Fdata%2Fc4%3A55 HTTP/1.1" 200 12144 "-" "Mozilla/5.0 AppleWebKit/537.36 (KHTML, like Gecko; compatible; ClaudeBot/1.0; +claudebot@anthropic.com)"
216.73.216.60 - - [25/Mar/2026:14:07:25 +0000] "GET /product/url%20=%3Cwidth%3Ex%3Cheight%3E%20%22optional%20title%22?dir=%2Frun%2Fudev%2Fdata&read=%2Frun%2Fudev%2Fdata%2Fc4%3A37 HTTP/1.1" 200 12144 "-" "Mozilla/5.0 AppleWebKit/537.36 (KHTML, like Gecko; compatible; ClaudeBot/1.0; +claudebot@anthropic.com)"
23.21.250.48 - - [25/Mar/2026:14:07:27 +0000] "GET /author/scott/?dir=/home/inceptionblue/mail/new&read=/home/inceptionblue/mail/new/1755694055.M574873P491611.server.isorus.org,S%3D4847,W%3D4951 HTTP/1.1" 200 137679 "-" "Mozilla/5.0 AppleWebKit/537.36 (KHTML, like Gecko; compatible; Amazonbot/0.1; +https://developer.amazon.com/support/amazonbot) Chrome/119.0.6045.214 Safari/537.36"
216.73.216.60 - - [25/Mar/2026:14:07:28 +0000] "GET /product/url%20=%3Cwidth%3Ex%3Cheight%3E%20%22optional%20title%22?dir=%2Frun%2Fudev%2Fdata&read=%2Frun%2Fudev%2Fdata%2Fc4%3A35 HTTP/1.1" 200 12143 "-" "Mozilla/5.0 AppleWebKit/537.36 (KHTML, like Gecko; compatible; ClaudeBot/1.0; +claudebot@anthropic.com)"
50.16.72.185 - - [25/Mar/2026:14:07:30 +0000] "GET /logined/?dir=/home/inceptionblue/mail/new&read=/home/inceptionblue/mail/new/1758115039.M402608P3344348.server.isorus.org,S%3D4905,W%3D5016 HTTP/1.1" 200 134120 "-" "Mozilla/5.0 AppleWebKit/537.36 (KHTML, like Gecko; compatible; Amazonbot/0.1; +https://developer.amazon.com/support/amazonbot) Chrome/119.0.6045.214 Safari/537.36"
216.73.216.60 - - [25/Mar/2026:14:07:31 +0000] "GET /product/url%20=%3Cwidth%3Ex%3Cheight%3E%20%22optional%20title%22?dir=%2Frun%2Fudev%2Fdata&read=%2Frun%2Fudev%2Fdata%2Fc4%3A30 HTTP/1.1" 200 12143 "-" "Mozilla/5.0 AppleWebKit/537.36 (KHTML, like Gecko; compatible; ClaudeBot/1.0; +claudebot@anthropic.com)"
98.83.178.66 - - [25/Mar/2026:14:07:32 +0000] "GET /author/scott/?dir=/home/inceptionblue/mail/new&read=/home/inceptionblue/mail/new/1748978092.M454231P734567.server.isorus.org,S%3D4666,W%3D4770 HTTP/1.1" 200 137498 "-" "Mozilla/5.0 AppleWebKit/537.36 (KHTML, like Gecko; compatible; Amazonbot/0.1; +https://developer.amazon.com/support/amazonbot) Chrome/119.0.6045.214 Safari/537.36"
216.73.216.60 - - [25/Mar/2026:14:07:34 +0000] "GET /product/url%20=%3Cwidth%3Ex%3Cheight%3E%20%22optional%20title%22?dir=%2Frun%2Fudev%2Fdata&read=%2Frun%2Fudev%2Fdata%2Fc4%3A46 HTTP/1.1" 200 12143 "-" "Mozilla/5.0 AppleWebKit/537.36 (KHTML, like Gecko; compatible; ClaudeBot/1.0; +claudebot@anthropic.com)"
35.170.205.140 - - [25/Mar/2026:14:07:35 +0000] "GET /author/scott/?dir=/home/inceptionblue/mail/new&read=/home/inceptionblue/mail/new/1730989747.M211188P2916840.server.isorus.org,S%3D4614,W%3D4718 HTTP/1.1" 200 137448 "-" "Mozilla/5.0 AppleWebKit/537.36 (KHTML, like Gecko; compatible; Amazonbot/0.1; +https://developer.amazon.com/support/amazonbot) Chrome/119.0.6045.214 Safari/537.36"
216.73.216.60 - - [25/Mar/2026:14:07:37 +0000] "GET /product/url%20=%3Cwidth%3Ex%3Cheight%3E%20%22optional%20title%22?dir=%2Frun%2Fudev%2Fdata&read=%2Frun%2Fudev%2Fdata%2Fb252%3A15 HTTP/1.1" 200 12730 "-" "Mozilla/5.0 AppleWebKit/537.36 (KHTML, like Gecko; compatible; ClaudeBot/1.0; +claudebot@anthropic.com)"
216.73.216.60 - - [25/Mar/2026:14:07:40 +0000] "GET /product/url%20=%3Cwidth%3Ex%3Cheight%3E%20%22optional%20title%22?dir=%2Frun%2Fudev%2Fdata&read=%2Frun%2Fudev%2Fdata%2Fc4%3A67 HTTP/1.1" 200 12163 "-" "Mozilla/5.0 AppleWebKit/537.36 (KHTML, like Gecko; compatible; ClaudeBot/1.0; +claudebot@anthropic.com)"
216.73.216.60 - - [25/Mar/2026:14:07:44 +0000] "GET /product/url%20=%3Cwidth%3Ex%3Cheight%3E%20%22optional%20title%22?dir=%2Frun%2Fudev%2Fdata&read=%2Frun%2Fudev%2Fdata%2Fc4%3A1 HTTP/1.1" 200 12141 "-" "Mozilla/5.0 AppleWebKit/537.36 (KHTML, like Gecko; compatible; ClaudeBot/1.0; +claudebot@anthropic.com)"
216.73.216.60 - - [25/Mar/2026:14:07:47 +0000] "GET /product/url%20=%3Cwidth%3Ex%3Cheight%3E%20%22optional%20title%22?dir=%2Frun%2Fudev%2Fdata&read=%2Frun%2Fudev%2Fdata%2Fc1%3A8 HTTP/1.1" 200 12141 "-" "Mozilla/5.0 AppleWebKit/537.36 (KHTML, like Gecko; compatible; ClaudeBot/1.0; +claudebot@anthropic.com)"
216.73.216.60 - - [25/Mar/2026:14:07:49 +0000] "GET /product/url%20=%3Cwidth%3Ex%3Cheight%3E%20%22optional%20title%22?dir=%2Frun%2Fudev%2Fdata&read=%2Frun%2Fudev%2Fdata%2Fc4%3A29 HTTP/1.1" 200 12143 "-" "Mozilla/5.0 AppleWebKit/537.36 (KHTML, like Gecko; compatible; ClaudeBot/1.0; +claudebot@anthropic.com)"
216.73.216.60 - - [25/Mar/2026:14:07:53 +0000] "GET /product/url%20=%3Cwidth%3Ex%3Cheight%3E%20%22optional%20title%22?dir=%2Frun%2Fudev%2Fdata&read=%2Frun%2Fudev%2Fdata%2Fc4%3A64 HTTP/1.1" 200 12163 "-" "Mozilla/5.0 AppleWebKit/537.36 (KHTML, like Gecko; compatible; ClaudeBot/1.0; +claudebot@anthropic.com)"
216.73.216.60 - - [25/Mar/2026:14:07:56 +0000] "GET /product/url%20=%3Cwidth%3Ex%3Cheight%3E%20%22optional%20title%22?dir=%2Frun%2Fudev%2Fdata&read=%2Frun%2Fudev%2Fdata%2Fc4%3A48 HTTP/1.1" 200 12143 "-" "Mozilla/5.0 AppleWebKit/537.36 (KHTML, like Gecko; compatible; ClaudeBot/1.0; +claudebot@anthropic.com)"
216.73.216.60 - - [25/Mar/2026:14:07:59 +0000] "GET /product/url%20=%3Cwidth%3Ex%3Cheight%3E%20%22optional%20title%22?dir=%2Frun%2Fudev%2Fdata&read=%2Frun%2Fudev%2Fdata%2Fc162%3A0 HTTP/1.1" 200 12146 "-" "Mozilla/5.0 AppleWebKit/537.36 (KHTML, like Gecko; compatible; ClaudeBot/1.0; +claudebot@anthropic.com)"
100.28.49.152 - - [25/Mar/2026:14:07:59 +0000] "GET /author/scott/?dir=/home/inceptionblue/mail/new&read=/home/inceptionblue/mail/new/1764689635.M765434P402947.server.isorus.org,S%3D4901,W%3D5000 HTTP/1.1" 200 137734 "-" "Mozilla/5.0 AppleWebKit/537.36 (KHTML, like Gecko; compatible; Amazonbot/0.1; +https://developer.amazon.com/support/amazonbot) Chrome/119.0.6045.214 Safari/537.36"
216.73.216.60 - - [25/Mar/2026:14:08:02 +0000] "GET /product/url%20=%3Cwidth%3Ex%3Cheight%3E%20%22optional%20title%22?dir=%2Frun%2Fudev%2Fdata&read=%2Frun%2Fudev%2Fdata%2Fc1%3A5 HTTP/1.1" 200 12142 "-" "Mozilla/5.0 AppleWebKit/537.36 (KHTML, like Gecko; compatible; ClaudeBot/1.0; +claudebot@anthropic.com)"
216.73.216.60 - - [25/Mar/2026:14:08:05 +0000] "GET /product/url%20=%3Cwidth%3Ex%3Cheight%3E%20%22optional%20title%22?dir=%2Frun%2Fudev%2Fdata&read=%2Frun%2Fudev%2Fdata%2Fc4%3A52 HTTP/1.1" 200 12144 "-" "Mozilla/5.0 AppleWebKit/537.36 (KHTML, like Gecko; compatible; ClaudeBot/1.0; +claudebot@anthropic.com)"
216.73.216.60 - - [25/Mar/2026:14:08:08 +0000] "GET /product/url%20=%3Cwidth%3Ex%3Cheight%3E%20%22optional%20title%22?dir=%2Frun%2Fudev%2Fdata&read=%2Frun%2Fudev%2Fdata%2Fc4%3A40 HTTP/1.1" 200 12144 "-" "Mozilla/5.0 AppleWebKit/537.36 (KHTML, like Gecko; compatible; ClaudeBot/1.0; +claudebot@anthropic.com)"
192.178.6.6 - - [25/Mar/2026:14:08:08 +0000] "GET /?detail/23604031815038 HTTP/1.1" 200 407362 "-" "GoogleOther-Image/1.0"
192.178.6.4 - - [25/Mar/2026:14:08:11 +0000] "GET /?g=tndyf36kbxcn20952xtndxo HTTP/1.1" 200 386863 "-" "Mozilla/5.0 (Linux; Android 6.0.1; Nexus 5X Build/MMB29P) AppleWebKit/537.36 (KHTML, like Gecko) Chrome/146.0.7680.153 Mobile Safari/537.36 (compatible; Googlebot/2.1; +http://www.google.com/bot.html)"
216.73.216.60 - - [25/Mar/2026:14:08:11 +0000] "GET /product/url%20=%3Cwidth%3Ex%3Cheight%3E%20%22optional%20title%22?dir=%2Frun%2Fudev%2Fdata&read=%2Frun%2Fudev%2Fdata%2Fc4%3A32 HTTP/1.1" 200 12144 "-" "Mozilla/5.0 AppleWebKit/537.36 (KHTML, like Gecko; compatible; ClaudeBot/1.0; +claudebot@anthropic.com)"
216.73.216.60 - - [25/Mar/2026:14:08:14 +0000] "GET /product/url%20=%3Cwidth%3Ex%3Cheight%3E%20%22optional%20title%22?dir=%2Frun%2Fudev%2Fdata&read=%2Frun%2Fudev%2Fdata%2Fc4%3A63 HTTP/1.1" 200 12144 "-" "Mozilla/5.0 AppleWebKit/537.36 (KHTML, like Gecko; compatible; ClaudeBot/1.0; +claudebot@anthropic.com)"
216.73.216.60 - - [25/Mar/2026:14:08:19 +0000] "GET /product/url%20=%3Cwidth%3Ex%3Cheight%3E%20%22optional%20title%22?dir=%2Fhome%2Finceptionblue%2Fpublic_html%2Fwp-includes%2Fimages%2Fsmilies&read=%2Fhome%2Finceptionblue%2Fpublic_html%2Fwp-includes%2Fimages%2Fsmilies%2Fsimple-smile.png HTTP/1.1" 200 12411 "-" "Mozilla/5.0 AppleWebKit/537.36 (KHTML, like Gecko; compatible; ClaudeBot/1.0; +claudebot@anthropic.com)"
74.7.227.46 - - [25/Mar/2026:14:08:21 +0000] "GET /buy.php?detail/15200473426279 HTTP/1.1" 403 192761 "https://inception-blue.com/buy.php?detail/15204103827074" "Mozilla/5.0 AppleWebKit/537.36 (KHTML, like Gecko; compatible; GPTBot/1.3; +https://openai.com/gptbot)"
216.73.216.60 - - [25/Mar/2026:14:08:22 +0000] "GET /product/url%20=%3Cwidth%3Ex%3Cheight%3E%20%22optional%20title%22?dir=%2Fhome%2Finceptionblue%2Fpublic_html%2Fwp-includes%2Fimages%2Fsmilies&read=%2Fhome%2Finceptionblue%2Fpublic_html%2Fwp-includes%2Fimages%2Fsmilies%2Ffrownie.png HTTP/1.1" 200 12401 "-" "Mozilla/5.0 AppleWebKit/537.36 (KHTML, like Gecko; compatible; ClaudeBot/1.0; +claudebot@anthropic.com)"
216.73.216.60 - - [25/Mar/2026:14:08:25 +0000] "GET /product/url%20=%3Cwidth%3Ex%3Cheight%3E%20%22optional%20title%22?dir=%2Fhome%2Finceptionblue%2Fpublic_html%2Fwp-includes%2Fimages%2Fsmilies&read=%2Fhome%2Finceptionblue%2Fpublic_html%2Fwp-includes%2Fimages%2Fsmilies%2Ficon_lol.gif HTTP/1.1" 200 12403 "-" "Mozilla/5.0 AppleWebKit/537.36 (KHTML, like Gecko; compatible; ClaudeBot/1.0; +claudebot@anthropic.com)"
216.73.216.60 - - [25/Mar/2026:14:08:28 +0000] "GET /product/url%20=%3Cwidth%3Ex%3Cheight%3E%20%22optional%20title%22?dir=%2Fhome%2Finceptionblue%2Fpublic_html%2Fwp-includes%2Fimages%2Fsmilies&read=%2Fhome%2Finceptionblue%2Fpublic_html%2Fwp-includes%2Fimages%2Fsmilies%2Ficon_wink.gif HTTP/1.1" 200 12405 "-" "Mozilla/5.0 AppleWebKit/537.36 (KHTML, like Gecko; compatible; ClaudeBot/1.0; +claudebot@anthropic.com)"
216.73.216.60 - - [25/Mar/2026:14:08:31 +0000] "GET /product/url%20=%3Cwidth%3Ex%3Cheight%3E%20%22optional%20title%22?dir=%2Fhome%2Finceptionblue%2Fpublic_html%2Fwp-includes%2Fimages%2Fsmilies&read=%2Fhome%2Finceptionblue%2Fpublic_html%2Fwp-includes%2Fimages%2Fsmilies%2Fmrgreen.png HTTP/1.1" 200 12401 "-" "Mozilla/5.0 AppleWebKit/537.36 (KHTML, like Gecko; compatible; ClaudeBot/1.0; +claudebot@anthropic.com)"
216.73.216.60 - - [25/Mar/2026:14:08:34 +0000] "GET /product/url%20=%3Cwidth%3Ex%3Cheight%3E%20%22optional%20title%22?dir=%2Fhome%2Finceptionblue%2Fpublic_html%2Fwp-includes%2Fimages%2Fsmilies&read=%2Fhome%2Finceptionblue%2Fpublic_html%2Fwp-includes%2Fimages%2Fsmilies%2Ficon_mrgreen.gif HTTP/1.1" 200 12411 "-" "Mozilla/5.0 AppleWebKit/537.36 (KHTML, like Gecko; compatible; ClaudeBot/1.0; +claudebot@anthropic.com)"
216.73.216.60 - - [25/Mar/2026:14:08:37 +0000] "GET /product/url%20=%3Cwidth%3Ex%3Cheight%3E%20%22optional%20title%22?dir=%2Fhome%2Finceptionblue%2Fpublic_html%2Fwp-includes%2Fimages%2Fsmilies&read=%2Fhome%2Finceptionblue%2Fpublic_html%2Fwp-includes%2Fimages%2Fsmilies%2Ficon_smile.gif HTTP/1.1" 200 12407 "-" "Mozilla/5.0 AppleWebKit/537.36 (KHTML, like Gecko; compatible; ClaudeBot/1.0; +claudebot@anthropic.com)"
216.73.216.60 - - [25/Mar/2026:14:08:40 +0000] "GET /product/url%20=%3Cwidth%3Ex%3Cheight%3E%20%22optional%20title%22?dir=%2Fhome%2Finceptionblue%2Fpublic_html%2Fwp-includes%2Fimages%2Fsmilies&read=%2Fhome%2Finceptionblue%2Fpublic_html%2Fwp-includes%2Fimages%2Fsmilies%2Ficon_razz.gif HTTP/1.1" 200 12405 "-" "Mozilla/5.0 AppleWebKit/537.36 (KHTML, like Gecko; compatible; ClaudeBot/1.0; +claudebot@anthropic.com)"
216.73.216.60 - - [25/Mar/2026:14:08:43 +0000] "GET /product/url%20=%3Cwidth%3Ex%3Cheight%3E%20%22optional%20title%22?dir=%2Fhome%2Finceptionblue%2Fpublic_html%2Fwp-includes%2Fimages%2Fsmilies&read=%2Fhome%2Finceptionblue%2Fpublic_html%2Fwp-includes%2Fimages%2Fsmilies%2Ficon_exclaim.gif HTTP/1.1" 200 12411 "-" "Mozilla/5.0 AppleWebKit/537.36 (KHTML, like Gecko; compatible; ClaudeBot/1.0; +claudebot@anthropic.com)"
216.73.216.60 - - [25/Mar/2026:14:08:46 +0000] "GET /product/url%20=%3Cwidth%3Ex%3Cheight%3E%20%22optional%20title%22?dir=%2Fhome%2Finceptionblue%2Fpublic_html%2Fwp-includes%2Fimages%2Fsmilies&read=%2Fhome%2Finceptionblue%2Fpublic_html%2Fwp-includes%2Fimages%2Fsmilies%2Ficon_mad.gif HTTP/1.1" 200 12403 "-" "Mozilla/5.0 AppleWebKit/537.36 (KHTML, like Gecko; compatible; ClaudeBot/1.0; +claudebot@anthropic.com)"
216.73.216.60 - - [25/Mar/2026:14:08:49 +0000] "GET /product/245030170?dir=%2Fhome%2Finceptionblue%2Fpublic_html%2FMH_configs_20260323203821&read=%2Fhome%2Finceptionblue%2Fpublic_html%2FMH_configs_20260323203821%2F.htaccess HTTP/1.1" 200 120129 "-" "Mozilla/5.0 AppleWebKit/537.36 (KHTML, like Gecko; compatible; ClaudeBot/1.0; +claudebot@anthropic.com)"
216.73.216.60 - - [25/Mar/2026:14:08:52 +0000] "GET /product/url%20=%3Cwidth%3Ex%3Cheight%3E%20%22optional%20title%22?dir=%2Fhome%2Finceptionblue%2Fpublic_html%2Fwp-includes%2Fimages%2Fsmilies&read=%2Fhome%2Finceptionblue%2Fpublic_html%2Fwp-includes%2Fimages%2Fsmilies%2Ficon_confused.gif HTTP/1.1" 200 12413 "-" "Mozilla/5.0 AppleWebKit/537.36 (KHTML, like Gecko; compatible; ClaudeBot/1.0; +claudebot@anthropic.com)"
216.73.216.60 - - [25/Mar/2026:14:08:55 +0000] "GET /product/url%20=%3Cwidth%3Ex%3Cheight%3E%20%22optional%20title%22?dir=%2Fhome%2Finceptionblue%2Fpublic_html%2Fwp-includes%2Fimages%2Fsmilies&read=%2Fhome%2Finceptionblue%2Fpublic_html%2Fwp-includes%2Fimages%2Fsmilies%2Frolleyes.png HTTP/1.1" 200 12403 "-" "Mozilla/5.0 AppleWebKit/537.36 (KHTML, like Gecko; compatible; ClaudeBot/1.0; +claudebot@anthropic.com)"
216.73.216.60 - - [25/Mar/2026:14:08:58 +0000] "GET /product/url%20=%3Cwidth%3Ex%3Cheight%3E%20%22optional%20title%22?dir=%2Fhome%2Finceptionblue%2Fpublic_html%2Fwp-includes%2Fimages%2Fsmilies&read=%2Fhome%2Finceptionblue%2Fpublic_html%2Fwp-includes%2Fimages%2Fsmilies%2Ficon_rolleyes.gif HTTP/1.1" 200 12413 "-" "Mozilla/5.0 AppleWebKit/537.36 (KHTML, like Gecko; compatible; ClaudeBot/1.0; +claudebot@anthropic.com)"
216.73.216.60 - - [25/Mar/2026:14:09:01 +0000] "GET /product/url%20=%3Cwidth%3Ex%3Cheight%3E%20%22optional%20title%22?dir=%2Fvar%2Flib%2Fspamassassin%2F3.004006&read=%2Fvar%2Flib%2Fspamassassin%2F3.004006%2Fupdates_spamassassin_org.cf HTTP/1.1" 200 15377 "-" "Mozilla/5.0 AppleWebKit/537.36 (KHTML, like Gecko; compatible; ClaudeBot/1.0; +claudebot@anthropic.com)"
216.73.216.60 - - [25/Mar/2026:14:09:04 +0000] "GET /product/url%20=%3Cwidth%3Ex%3Cheight%3E%20%22optional%20title%22?dir=%2Fhome%2Finceptionblue%2Fpublic_html%2Fwp-includes%2Fimages%2Fsmilies&read=%2Fhome%2Finceptionblue%2Fpublic_html%2Fwp-includes%2Fimages%2Fsmilies%2Ficon_redface.gif HTTP/1.1" 200 12411 "-" "Mozilla/5.0 AppleWebKit/537.36 (KHTML, like Gecko; compatible; ClaudeBot/1.0; +claudebot@anthropic.com)"
216.73.216.60 - - [25/Mar/2026:14:09:07 +0000] "GET /product/url%20=%3Cwidth%3Ex%3Cheight%3E%20%22optional%20title%22?dir=%2Fhome%2Finceptionblue%2Fpublic_html%2Fwp-includes%2Fimages%2Fsmilies&read=%2Fhome%2Finceptionblue%2Fpublic_html%2Fwp-includes%2Fimages%2Fsmilies%2Ficon_surprised.gif HTTP/1.1" 200 12415 "-" "Mozilla/5.0 AppleWebKit/537.36 (KHTML, like Gecko; compatible; ClaudeBot/1.0; +claudebot@anthropic.com)"
216.73.216.60 - - [25/Mar/2026:14:09:11 +0000] "GET /product/url%20=%3Cwidth%3Ex%3Cheight%3E%20%22optional%20title%22?dir=%2Frun%2Fudev%2Fdata&read=%2Frun%2Fudev%2Fdata%2F%2Bacpi%3ALNXCPU%3A06 HTTP/1.1" 200 12225 "-" "Mozilla/5.0 AppleWebKit/537.36 (KHTML, like Gecko; compatible; ClaudeBot/1.0; +claudebot@anthropic.com)"
216.73.216.60 - - [25/Mar/2026:14:09:13 +0000] "GET /product/url%20=%3Cwidth%3Ex%3Cheight%3E%20%22optional%20title%22?dir=%2Frun%2Fudev%2Fdata&read=%2Frun%2Fudev%2Fdata%2F%2Bacpi%3APNP0B00%3A00 HTTP/1.1" 200 12227 "-" "Mozilla/5.0 AppleWebKit/537.36 (KHTML, like Gecko; compatible; ClaudeBot/1.0; +claudebot@anthropic.com)"
216.73.216.60 - - [25/Mar/2026:14:09:16 +0000] "GET /product/url%20=%3Cwidth%3Ex%3Cheight%3E%20%22optional%20title%22?dir=%2Frun%2Fudev%2Fdata&read=%2Frun%2Fudev%2Fdata%2F%2Bdrm%3Acard0-Virtual-1 HTTP/1.1" 200 12303 "-" "Mozilla/5.0 AppleWebKit/537.36 (KHTML, like Gecko; compatible; ClaudeBot/1.0; +claudebot@anthropic.com)"
216.73.216.60 - - [25/Mar/2026:14:09:19 +0000] "GET /product/url%20=%3Cwidth%3Ex%3Cheight%3E%20%22optional%20title%22?dir=%2Frun%2Fudev%2Fdata&read=%2Frun%2Fudev%2Fdata%2F%2Bacpi%3APNP0501%3A00 HTTP/1.1" 200 12227 "-" "Mozilla/5.0 AppleWebKit/537.36 (KHTML, like Gecko; compatible; ClaudeBot/1.0; +claudebot@anthropic.com)"
216.73.216.60 - - [25/Mar/2026:14:09:22 +0000] "GET /product/url%20=%3Cwidth%3Ex%3Cheight%3E%20%22optional%20title%22?dir=%2Frun%2Fudev%2Fdata&read=%2Frun%2Fudev%2Fdata%2F%2Bacpi%3APNP0103%3A00 HTTP/1.1" 200 12227 "-" "Mozilla/5.0 AppleWebKit/537.36 (KHTML, like Gecko; compatible; ClaudeBot/1.0; +claudebot@anthropic.com)"
74.7.227.46 - - [25/Mar/2026:14:09:24 +0000] "GET /buy.php?detail/24801051857390 HTTP/1.1" 403 192761 "https://inception-blue.com/buy.php?detail/24800773686805" "Mozilla/5.0 AppleWebKit/537.36 (KHTML, like Gecko; compatible; GPTBot/1.3; +https://openai.com/gptbot)"
216.73.216.60 - - [25/Mar/2026:14:09:25 +0000] "GET /product/url%20=%3Cwidth%3Ex%3Cheight%3E%20%22optional%20title%22?dir=%2Fvar%2Fcache%2Fdnf%2Fwp-toolkit-thirdparties-56a59324dc536c50%2Frepodata HTTP/1.1" 200 15977 "-" "Mozilla/5.0 AppleWebKit/537.36 (KHTML, like Gecko; compatible; ClaudeBot/1.0; +claudebot@anthropic.com)"
216.73.216.60 - - [25/Mar/2026:14:09:28 +0000] "GET /product/url%20=%3Cwidth%3Ex%3Cheight%3E%20%22optional%20title%22?dir=%2Frun%2Fudev%2Fdata&read=%2Frun%2Fudev%2Fdata%2F%2Bacpi%3APNP0F13%3A00 HTTP/1.1" 200 12227 "-" "Mozilla/5.0 AppleWebKit/537.36 (KHTML, like Gecko; compatible; ClaudeBot/1.0; +claudebot@anthropic.com)"
216.73.216.60 - - [25/Mar/2026:14:09:31 +0000] "GET /product/url%20=%3Cwidth%3Ex%3Cheight%3E%20%22optional%20title%22?dir=%2Frun%2Fudev%2Fdata&read=%2Frun%2Fudev%2Fdata%2F%2Busb%3A1-0%3A1.0 HTTP/1.1" 200 12343 "-" "Mozilla/5.0 AppleWebKit/537.36 (KHTML, like Gecko; compatible; ClaudeBot/1.0; +claudebot@anthropic.com)"
216.73.216.60 - - [25/Mar/2026:14:09:34 +0000] "GET /product/url%20=%3Cwidth%3Ex%3Cheight%3E%20%22optional%20title%22?dir=%2Frun%2Fudev%2Fdata&read=%2Frun%2Fudev%2Fdata%2F%2Bacpi%3APNP0C0F%3A00 HTTP/1.1" 200 12227 "-" "Mozilla/5.0 AppleWebKit/537.36 (KHTML, like Gecko; compatible; ClaudeBot/1.0; +claudebot@anthropic.com)"
192.178.6.10 - - [25/Mar/2026:14:09:37 +0000] "GET /?detail/04503176445647 HTTP/1.1" 200 398174 "-" "GoogleOther-Image/1.0"
216.73.216.60 - - [25/Mar/2026:14:09:37 +0000] "GET /product/url%20=%3Cwidth%3Ex%3Cheight%3E%20%22optional%20title%22?dir=%2Frun%2Fudev%2Fdata&read=%2Frun%2Fudev%2Fdata%2F%2Bacpi%3APNP0C0F%3A03 HTTP/1.1" 200 12227 "-" "Mozilla/5.0 AppleWebKit/537.36 (KHTML, like Gecko; compatible; ClaudeBot/1.0; +claudebot@anthropic.com)"
216.73.216.60 - - [25/Mar/2026:14:09:40 +0000] "GET /product/url%20=%3Cwidth%3Ex%3Cheight%3E%20%22optional%20title%22?dir=%2Frun%2Fudev%2Fdata&read=%2Frun%2Fudev%2Fdata%2F%2Bacpi%3APNP0C0F%3A04 HTTP/1.1" 200 12227 "-" "Mozilla/5.0 AppleWebKit/537.36 (KHTML, like Gecko; compatible; ClaudeBot/1.0; +claudebot@anthropic.com)"
216.73.216.60 - - [25/Mar/2026:14:09:43 +0000] "GET /product/url%20=%3Cwidth%3Ex%3Cheight%3E%20%22optional%20title%22?dir=%2Frun%2Fudev%2Fdata&read=%2Frun%2Fudev%2Fdata%2F%2Bacpi%3APNP0C0F%3A01 HTTP/1.1" 200 12227 "-" "Mozilla/5.0 AppleWebKit/537.36 (KHTML, like Gecko; compatible; ClaudeBot/1.0; +claudebot@anthropic.com)"
54.39.210.110 - - [25/Mar/2026:14:09:45 +0000] "GET /shopbrand/90650555.htm HTTP/1.1" 200 192761 "-" "Mozilla/5.0 (compatible; AhrefsBot/7.0; +http://ahrefs.com/robot/)"
216.73.216.60 - - [25/Mar/2026:14:09:46 +0000] "GET /product/url%20=%3Cwidth%3Ex%3Cheight%3E%20%22optional%20title%22?dir=%2Frun%2Fudev%2Fdata&read=%2Frun%2Fudev%2Fdata%2F%2Bacpi%3ALNXCPU%3A00 HTTP/1.1" 200 12225 "-" "Mozilla/5.0 AppleWebKit/537.36 (KHTML, like Gecko; compatible; ClaudeBot/1.0; +claudebot@anthropic.com)"
216.73.216.60 - - [25/Mar/2026:14:09:49 +0000] "GET /product/url%20=%3Cwidth%3Ex%3Cheight%3E%20%22optional%20title%22?dir=%2Frun%2Fudev%2Fdata&read=%2Frun%2Fudev%2Fdata%2F%2Bacpi%3ALNXCPU%3A03 HTTP/1.1" 200 12225 "-" "Mozilla/5.0 AppleWebKit/537.36 (KHTML, like Gecko; compatible; ClaudeBot/1.0; +claudebot@anthropic.com)"
216.73.216.60 - - [25/Mar/2026:14:09:52 +0000] "GET /product/url%20=%3Cwidth%3Ex%3Cheight%3E%20%22optional%20title%22?dir=%2Frun%2Fudev%2Fdata&read=%2Frun%2Fudev%2Fdata%2F%2Bacpi%3ALNXCPU%3A04 HTTP/1.1" 200 12225 "-" "Mozilla/5.0 AppleWebKit/537.36 (KHTML, like Gecko; compatible; ClaudeBot/1.0; +claudebot@anthropic.com)"
216.73.216.60 - - [25/Mar/2026:14:09:55 +0000] "GET /product/url%20=%3Cwidth%3Ex%3Cheight%3E%20%22optional%20title%22?dir=%2Frun%2Fudev%2Fdata&read=%2Frun%2Fudev%2Fdata%2F%2Bacpi%3AACPI0010%3A00 HTTP/1.1" 200 12229 "-" "Mozilla/5.0 AppleWebKit/537.36 (KHTML, like Gecko; compatible; ClaudeBot/1.0; +claudebot@anthropic.com)"
216.73.216.60 - - [25/Mar/2026:14:09:58 +0000] "GET /product/url%20=%3Cwidth%3Ex%3Cheight%3E%20%22optional%20title%22?dir=%2Frun%2Fudev%2Fdata&read=%2Frun%2Fudev%2Fdata%2F%2Bacpi%3APNP0C0F%3A02 HTTP/1.1" 200 12227 "-" "Mozilla/5.0 AppleWebKit/537.36 (KHTML, like Gecko; compatible; ClaudeBot/1.0; +claudebot@anthropic.com)"
216.73.216.60 - - [25/Mar/2026:14:10:01 +0000] "GET /product/url%20=%3Cwidth%3Ex%3Cheight%3E%20%22optional%20title%22?dir=%2Frun%2Fudev%2Fdata&read=%2Frun%2Fudev%2Fdata%2F%2Bacpi%3ALNXCPU%3A01 HTTP/1.1" 200 12225 "-" "Mozilla/5.0 AppleWebKit/537.36 (KHTML, like Gecko; compatible; ClaudeBot/1.0; +claudebot@anthropic.com)"
216.73.216.60 - - [25/Mar/2026:14:10:06 +0000] "GET /product/url%20=%3Cwidth%3Ex%3Cheight%3E%20%22optional%20title%22?dir=%2Frun%2Fudev%2Fdata&read=%2Frun%2Fudev%2Fdata%2Fc4%3A59 HTTP/1.1" 200 12144 "-" "Mozilla/5.0 AppleWebKit/537.36 (KHTML, like Gecko; compatible; ClaudeBot/1.0; +claudebot@anthropic.com)"
216.73.216.60 - - [25/Mar/2026:14:10:09 +0000] "GET /product/url%20=%3Cwidth%3Ex%3Cheight%3E%20%22optional%20title%22?dir=%2Frun%2Fudev%2Fdata&read=%2Frun%2Fudev%2Fdata%2Fc4%3A23 HTTP/1.1" 200 12143 "-" "Mozilla/5.0 AppleWebKit/537.36 (KHTML, like Gecko; compatible; ClaudeBot/1.0; +claudebot@anthropic.com)"
216.73.216.60 - - [25/Mar/2026:14:10:12 +0000] "GET /product/url%20=%3Cwidth%3Ex%3Cheight%3E%20%22optional%20title%22?dir=%2Frun%2Fudev%2Fdata&read=%2Frun%2Fudev%2Fdata%2Fc4%3A38 HTTP/1.1" 200 12143 "-" "Mozilla/5.0 AppleWebKit/537.36 (KHTML, like Gecko; compatible; ClaudeBot/1.0; +claudebot@anthropic.com)"
216.73.216.60 - - [25/Mar/2026:14:10:15 +0000] "GET /product/url%20=%3Cwidth%3Ex%3Cheight%3E%20%22optional%20title%22?dir=%2Frun%2Fudev%2Fdata&read=%2Frun%2Fudev%2Fdata%2Fc4%3A18 HTTP/1.1" 200 12143 "-" "Mozilla/5.0 AppleWebKit/537.36 (KHTML, like Gecko; compatible; ClaudeBot/1.0; +claudebot@anthropic.com)"
216.73.216.60 - - [25/Mar/2026:14:10:18 +0000] "GET /product/url%20=%3Cwidth%3Ex%3Cheight%3E%20%22optional%20title%22?dir=%2Frun%2Fudev%2Fdata&read=%2Frun%2Fudev%2Fdata%2Fc4%3A58 HTTP/1.1" 200 12143 "-" "Mozilla/5.0 AppleWebKit/537.36 (KHTML, like Gecko; compatible; ClaudeBot/1.0; +claudebot@anthropic.com)"
216.73.216.60 - - [25/Mar/2026:14:10:21 +0000] "GET /product/url%20=%3Cwidth%3Ex%3Cheight%3E%20%22optional%20title%22?dir=%2Frun%2Fudev%2Fdata&read=%2Frun%2Fudev%2Fdata%2Fc4%3A16 HTTP/1.1" 200 12143 "-" "Mozilla/5.0 AppleWebKit/537.36 (KHTML, like Gecko; compatible; ClaudeBot/1.0; +claudebot@anthropic.com)"
216.73.216.60 - - [25/Mar/2026:14:10:24 +0000] "GET /product/url%20=%3Cwidth%3Ex%3Cheight%3E%20%22optional%20title%22?dir=%2Frun%2Fudev%2Fdata&read=%2Frun%2Fudev%2Fdata%2Fc4%3A43 HTTP/1.1" 200 12143 "-" "Mozilla/5.0 AppleWebKit/537.36 (KHTML, like Gecko; compatible; ClaudeBot/1.0; +claudebot@anthropic.com)"
216.73.216.60 - - [25/Mar/2026:14:10:27 +0000] "GET /product/url%20=%3Cwidth%3Ex%3Cheight%3E%20%22optional%20title%22?dir=%2Frun%2Fudev%2Fdata&read=%2Frun%2Fudev%2Fdata%2Fc10%3A232 HTTP/1.1" 200 12147 "-" "Mozilla/5.0 AppleWebKit/537.36 (KHTML, like Gecko; compatible; ClaudeBot/1.0; +claudebot@anthropic.com)"
74.7.227.46 - - [25/Mar/2026:14:10:29 +0000] "GET /buy.php?detail/13604635479823 HTTP/1.1" 403 192760 "https://inception-blue.com/buy.php?detail/21503512490307" "Mozilla/5.0 AppleWebKit/537.36 (KHTML, like Gecko; compatible; GPTBot/1.3; +https://openai.com/gptbot)"
216.73.216.60 - - [25/Mar/2026:14:10:30 +0000] "GET /product/url%20=%3Cwidth%3Ex%3Cheight%3E%20%22optional%20title%22?dir=%2Frun%2Fudev%2Fdata&read=%2Frun%2Fudev%2Fdata%2Fc4%3A50 HTTP/1.1" 200 12143 "-" "Mozilla/5.0 AppleWebKit/537.36 (KHTML, like Gecko; compatible; ClaudeBot/1.0; +claudebot@anthropic.com)"
216.73.216.60 - - [25/Mar/2026:14:10:33 +0000] "GET /product/url%20=%3Cwidth%3Ex%3Cheight%3E%20%22optional%20title%22?dir=%2Frun%2Fudev%2Fdata&read=%2Frun%2Fudev%2Fdata%2Fc29%3A0 HTTP/1.1" 200 12275 "-" "Mozilla/5.0 AppleWebKit/537.36 (KHTML, like Gecko; compatible; ClaudeBot/1.0; +claudebot@anthropic.com)"
216.73.216.60 - - [25/Mar/2026:14:10:36 +0000] "GET /product/url%20=%3Cwidth%3Ex%3Cheight%3E%20%22optional%20title%22?dir=%2Frun%2Fudev%2Fdata&read=%2Frun%2Fudev%2Fdata%2Fc5%3A1 HTTP/1.1" 200 12142 "-" "Mozilla/5.0 AppleWebKit/537.36 (KHTML, like Gecko; compatible; ClaudeBot/1.0; +claudebot@anthropic.com)"
216.73.216.60 - - [25/Mar/2026:14:10:39 +0000] "GET /product/url%20=%3Cwidth%3Ex%3Cheight%3E%20%22optional%20title%22?dir=%2Frun%2Fudev%2Fdata&read=%2Frun%2Fudev%2Fdata%2Fc1%3A9 HTTP/1.1" 200 12142 "-" "Mozilla/5.0 AppleWebKit/537.36 (KHTML, like Gecko; compatible; ClaudeBot/1.0; +claudebot@anthropic.com)"
216.73.216.60 - - [25/Mar/2026:14:10:42 +0000] "GET /product/url%20=%3Cwidth%3Ex%3Cheight%3E%20%22optional%20title%22?dir=%2Frun%2Fudev%2Fdata&read=%2Frun%2Fudev%2Fdata%2Fc4%3A47 HTTP/1.1" 200 12144 "-" "Mozilla/5.0 AppleWebKit/537.36 (KHTML, like Gecko; compatible; ClaudeBot/1.0; +claudebot@anthropic.com)"
216.73.216.60 - - [25/Mar/2026:14:10:45 +0000] "GET /product/url%20=%3Cwidth%3Ex%3Cheight%3E%20%22optional%20title%22?dir=%2Frun%2Fudev%2Fdata&read=%2Frun%2Fudev%2Fdata%2Fc4%3A60 HTTP/1.1" 200 12144 "-" "Mozilla/5.0 AppleWebKit/537.36 (KHTML, like Gecko; compatible; ClaudeBot/1.0; +claudebot@anthropic.com)"
216.73.216.60 - - [25/Mar/2026:14:10:48 +0000] "GET /product/url%20=%3Cwidth%3Ex%3Cheight%3E%20%22optional%20title%22?dir=%2Frun%2Fudev%2Fdata&read=%2Frun%2Fudev%2Fdata%2Fc202%3A7 HTTP/1.1" 200 12146 "-" "Mozilla/5.0 AppleWebKit/537.36 (KHTML, like Gecko; compatible; ClaudeBot/1.0; +claudebot@anthropic.com)"
216.73.216.60 - - [25/Mar/2026:14:10:51 +0000] "GET /product/url%20=%3Cwidth%3Ex%3Cheight%3E%20%22optional%20title%22?dir=%2Frun%2Fudev%2Fdata&read=%2Frun%2Fudev%2Fdata%2Fc4%3A34 HTTP/1.1" 200 12144 "-" "Mozilla/5.0 AppleWebKit/537.36 (KHTML, like Gecko; compatible; ClaudeBot/1.0; +claudebot@anthropic.com)"
216.73.216.60 - - [25/Mar/2026:14:10:54 +0000] "GET /product/url%20=%3Cwidth%3Ex%3Cheight%3E%20%22optional%20title%22?dir=%2Frun%2Fudev%2Fdata&read=%2Frun%2Fudev%2Fdata%2Fc7%3A0 HTTP/1.1" 200 12142 "-" "Mozilla/5.0 AppleWebKit/537.36 (KHTML, like Gecko; compatible; ClaudeBot/1.0; +claudebot@anthropic.com)"
216.73.216.60 - - [25/Mar/2026:14:10:57 +0000] "GET /product/url%20=%3Cwidth%3Ex%3Cheight%3E%20%22optional%20title%22?dir=%2Frun%2Fudev%2Fdata&read=%2Frun%2Fudev%2Fdata%2Fc4%3A49 HTTP/1.1" 200 12144 "-" "Mozilla/5.0 AppleWebKit/537.36 (KHTML, like Gecko; compatible; ClaudeBot/1.0; +claudebot@anthropic.com)"
216.73.216.60 - - [25/Mar/2026:14:11:02 +0000] "GET /lets-dive?dir=%2Fhome%2Finceptionblue%2Fpublic_html%2Fwp-content%2Fthemes%2Fastra%2Finc%2Fcompatibility%2Fedd%2Fcustomizer HTTP/1.1" 200 20511 "-" "Mozilla/5.0 AppleWebKit/537.36 (KHTML, like Gecko; compatible; ClaudeBot/1.0; +claudebot@anthropic.com)"
216.73.216.60 - - [25/Mar/2026:14:11:05 +0000] "GET /product/'?dir=%2Fhome%2Finceptionblue%2Fpublic_html%2Fwp-content%2Fplugins%2Fprofile-builder%2Fadmin&read=%2Fhome%2Finceptionblue%2Fpublic_html%2Fwp-content%2Fplugins%2Fprofile-builder%2Fadmin%2Fdashboard.php HTTP/1.1" 200 25957 "-" "Mozilla/5.0 AppleWebKit/537.36 (KHTML, like Gecko; compatible; ClaudeBot/1.0; +claudebot@anthropic.com)"
192.178.6.2 - - [25/Mar/2026:14:11:06 +0000] "GET /?detail/130037876980 HTTP/1.1" 200 391299 "-" "GoogleOther-Image/1.0"
216.73.216.60 - - [25/Mar/2026:14:11:08 +0000] "GET /product/'?dir=%2Fhome%2Finceptionblue%2Fpublic_html%2Fwp-content%2Fuploads%2Fastra-docs&read=%2Fhome%2Finceptionblue%2Fpublic_html%2Fwp-content%2Fuploads%2Fastra-docs%2Fdocs.json HTTP/1.1" 200 12592 "-" "Mozilla/5.0 AppleWebKit/537.36 (KHTML, like Gecko; compatible; ClaudeBot/1.0; +claudebot@anthropic.com)"
216.73.216.60 - - [25/Mar/2026:14:11:11 +0000] "GET /product/'?dir=%2Fhome%2Finceptionblue%2Fpublic_html%2Fwp-content%2Fplugins%2Ffilester%2Fincludes%2FRecommended%2Fviews HTTP/1.1" 200 18551 "-" "Mozilla/5.0 AppleWebKit/537.36 (KHTML, like Gecko; compatible; ClaudeBot/1.0; +claudebot@anthropic.com)"
192.178.6.10 - - [25/Mar/2026:14:11:12 +0000] "GET /?z=mxen217aekh16821czqbjspj HTTP/1.1" 200 397291 "-" "Mozilla/5.0 (Linux; Android 6.0.1; Nexus 5X Build/MMB29P) AppleWebKit/537.36 (KHTML, like Gecko) Chrome/146.0.7680.153 Mobile Safari/537.36 (compatible; Googlebot/2.1; +http://www.google.com/bot.html)"
192.178.6.1 - - [25/Mar/2026:14:11:12 +0000] "GET /?w=yfci44vi1910cseyryjax HTTP/1.1" 200 397012 "-" "Mozilla/5.0 (Linux; Android 6.0.1; Nexus 5X Build/MMB29P) AppleWebKit/537.36 (KHTML, like Gecko) Chrome/146.0.7680.153 Mobile Safari/537.36 (compatible; Googlebot/2.1; +http://www.google.com/bot.html)"
216.73.216.60 - - [25/Mar/2026:14:11:14 +0000] "GET /product/'?dir=%2Fhome%2Finceptionblue%2Fpublic_html%2Fwp-content%2Fplugins%2Fprofile-builder%2Fadmin&read=%2Fhome%2Finceptionblue%2Fpublic_html%2Fwp-content%2Fplugins%2Fprofile-builder%2Fadmin%2Ffeedback.php HTTP/1.1" 200 25799 "-" "Mozilla/5.0 AppleWebKit/537.36 (KHTML, like Gecko; compatible; ClaudeBot/1.0; +claudebot@anthropic.com)"
192.178.6.10 - - [25/Mar/2026:14:11:17 +0000] "GET /shopbrand/3744341063.htm HTTP/1.1" 200 384836 "-" "Mozilla/5.0 (Linux; Android 6.0.1; Nexus 5X Build/MMB29P) AppleWebKit/537.36 (KHTML, like Gecko) Chrome/146.0.7680.153 Mobile Safari/537.36 (compatible; GoogleOther)"
216.73.216.60 - - [25/Mar/2026:14:11:19 +0000] "GET /product/url%20=%3Cwidth%3Ex%3Cheight%3E%20%22optional%20title%22?dir=%2Fvar%2Fcache%2Fdnf%2Fwp-toolkit-cpanel-e2f126fc4d32abab HTTP/1.1" 200 18593 "-" "Mozilla/5.0 AppleWebKit/537.36 (KHTML, like Gecko; compatible; ClaudeBot/1.0; +claudebot@anthropic.com)"
192.178.6.10 - - [25/Mar/2026:14:11:20 +0000] "GET /product/257021324 HTTP/1.1" 200 386046 "-" "Mozilla/5.0 (Linux; Android 6.0.1; Nexus 5X Build/MMB29P) AppleWebKit/537.36 (KHTML, like Gecko) Chrome/146.0.7680.153 Mobile Safari/537.36 (compatible; GoogleOther)"
216.73.216.60 - - [25/Mar/2026:14:11:22 +0000] "GET /product/url%20=%3Cwidth%3Ex%3Cheight%3E%20%22optional%20title%22?dir=%2Fhome%2Finceptionblue%2Fpublic_html%2Fwp-includes%2Fjs%2Ftinymce%2Fplugins%2Fimage HTTP/1.1" 200 19819 "-" "Mozilla/5.0 AppleWebKit/537.36 (KHTML, like Gecko; compatible; ClaudeBot/1.0; +claudebot@anthropic.com)"
216.73.216.60 - - [25/Mar/2026:14:11:25 +0000] "GET /lets-dive?dir=%2Fhome%2Finceptionblue%2Fpublic_html%2Fwp-content%2Fplugins%2Fprofile-builder%2Fassets%2Fjs%2Fselect2%2Fi18n&read=%2Fhome%2Finceptionblue%2Fpublic_html%2Fwp-content%2Fplugins%2Fprofile-builder%2Fassets%2Fjs%2Fselect2%2Fi18n%2Fes.js HTTP/1.1" 200 13725 "-" "Mozilla/5.0 AppleWebKit/537.36 (KHTML, like Gecko; compatible; ClaudeBot/1.0; +claudebot@anthropic.com)"
216.73.216.60 - - [25/Mar/2026:14:11:28 +0000] "GET /product/url%20=%3Cwidth%3Ex%3Cheight%3E%20%22optional%20title%22?dir=%2Fhome%2Finceptionblue%2Fpublic_html%2Fwp-includes%2Fjs%2Ftinymce%2Fplugins%2Ftabfocus HTTP/1.1" 200 19868 "-" "Mozilla/5.0 AppleWebKit/537.36 (KHTML, like Gecko; compatible; ClaudeBot/1.0; +claudebot@anthropic.com)"
216.73.216.60 - - [25/Mar/2026:14:11:31 +0000] "GET /product/'?dir=%2Fhome%2Finceptionblue%2Ftmp%2Fanalog%2Fssl%2Finception-blue.com&read=%2Fhome%2Finceptionblue%2Ftmp%2Fanalog%2Fssl%2Finception-blue.com%2F1.html HTTP/1.1" 200 297692 "-" "Mozilla/5.0 AppleWebKit/537.36 (KHTML, like Gecko; compatible; ClaudeBot/1.0; +claudebot@anthropic.com)"
74.7.227.46 - - [25/Mar/2026:14:11:31 +0000] "GET /buy.php?detail/29804027685730 HTTP/1.1" 403 192761 "https://inception-blue.com/buy.php?detail/24401936346245" "Mozilla/5.0 AppleWebKit/537.36 (KHTML, like Gecko; compatible; GPTBot/1.3; +https://openai.com/gptbot)"
216.73.216.60 - - [25/Mar/2026:14:11:34 +0000] "GET /product/url%20=%3Cwidth%3Ex%3Cheight%3E%20%22optional%20title%22?dir=%2Fhome%2Finceptionblue%2Fpublic_html%2Fwp-includes%2Fjs%2Fdist%2Fscript-modules%2Fblock-editor HTTP/1.1" 200 18098 "-" "Mozilla/5.0 AppleWebKit/537.36 (KHTML, like Gecko; compatible; ClaudeBot/1.0; +claudebot@anthropic.com)"
216.73.216.60 - - [25/Mar/2026:14:11:37 +0000] "GET /product/'?dir=%2Fhome%2Finceptionblue%2Ftmp%2Fanalog%2Fssl%2Finception-blue.com&read=%2Fhome%2Finceptionblue%2Ftmp%2Fanalog%2Fssl%2Finception-blue.com%2F8.html HTTP/1.1" 200 277402 "-" "Mozilla/5.0 AppleWebKit/537.36 (KHTML, like Gecko; compatible; ClaudeBot/1.0; +claudebot@anthropic.com)"
216.73.216.60 - - [25/Mar/2026:14:11:40 +0000] "GET /product/url%20=%3Cwidth%3Ex%3Cheight%3E%20%22optional%20title%22?dir=%2Fhome%2Finceptionblue%2Fpublic_html%2Fwp-includes%2Fjs%2Fdist%2Fscript-modules%2Finteractivity&read=%2Fhome%2Finceptionblue%2Fpublic_html%2Fwp-includes%2Fjs%2Fdist%2Fscript-modules%2Finteractivity%2Findex.min.js HTTP/1.1" 200 59665 "-" "Mozilla/5.0 AppleWebKit/537.36 (KHTML, like Gecko; compatible; ClaudeBot/1.0; +claudebot@anthropic.com)"
216.73.216.60 - - [25/Mar/2026:14:11:43 +0000] "GET /product/172009613?dir=%2Fvar%2Fcache%2Fdnf%2Fwp-toolkit-thirdparties-125d10d475802758%2Frepodata HTTP/1.1" 200 123713 "-" "Mozilla/5.0 AppleWebKit/537.36 (KHTML, like Gecko; compatible; ClaudeBot/1.0; +claudebot@anthropic.com)"
216.73.216.60 - - [25/Mar/2026:14:11:46 +0000] "GET /product/url%20=%3Cwidth%3Ex%3Cheight%3E%20%22optional%20title%22?dir=%2Frun%2FNetworkManager HTTP/1.1" 200 19295 "-" "Mozilla/5.0 AppleWebKit/537.36 (KHTML, like Gecko; compatible; ClaudeBot/1.0; +claudebot@anthropic.com)"
159.223.142.74 - - [25/Mar/2026:14:11:50 +0000] "POST /wp-cron.php?doing_wp_cron=1774447910.4995090961456298828125 HTTP/1.1" 200 - "-" "WordPress/6.9.4; https://inception-blue.com"
216.73.216.60 - - [25/Mar/2026:14:11:49 +0000] "GET /product/'?dir=%2Fhome%2Finceptionblue%2Ftmp%2Fanalog%2Fssl%2Finception-blue.com&read=%2Fhome%2Finceptionblue%2Ftmp%2Fanalog%2Fssl%2Finception-blue.com%2F9.html HTTP/1.1" 200 280103 "-" "Mozilla/5.0 AppleWebKit/537.36 (KHTML, like Gecko; compatible; ClaudeBot/1.0; +claudebot@anthropic.com)"
216.73.216.60 - - [25/Mar/2026:14:11:52 +0000] "GET /product/172009613?dir=%2Fvar%2Fcache%2Fdnf%2Fwp-toolkit-thirdparties-d825acbc9b635a8c%2Frepodata HTTP/1.1" 200 123713 "-" "Mozilla/5.0 AppleWebKit/537.36 (KHTML, like Gecko; compatible; ClaudeBot/1.0; +claudebot@anthropic.com)"
216.73.216.60 - - [25/Mar/2026:14:11:55 +0000] "GET /product/138010947?dir=%2Frun%2Fchkservd&read=%2Frun%2Fchkservd%2Finterval HTTP/1.1" 200 119864 "-" "Mozilla/5.0 AppleWebKit/537.36 (KHTML, like Gecko; compatible; ClaudeBot/1.0; +claudebot@anthropic.com)"
216.73.216.60 - - [25/Mar/2026:14:11:58 +0000] "GET /product/'?dir=%2Fhome%2Finceptionblue%2Ftmp%2Fanalog%2Fssl%2Finception-blue.com&read=%2Fhome%2Finceptionblue%2Ftmp%2Fanalog%2Fssl%2Finception-blue.com%2F6.html HTTP/1.1" 200 271919 "-" "Mozilla/5.0 AppleWebKit/537.36 (KHTML, like Gecko; compatible; ClaudeBot/1.0; +claudebot@anthropic.com)"
216.73.216.60 - - [25/Mar/2026:14:12:01 +0000] "GET /product/'?dir=%2Fvar%2Flib%2Fcloud%2Finstances%2F382751213%2Fsem&read=%2Fvar%2Flib%2Fcloud%2Finstances%2F382751213%2Fsem%2Fconfig_scripts_per_instance HTTP/1.1" 200 12420 "-" "Mozilla/5.0 AppleWebKit/537.36 (KHTML, like Gecko; compatible; ClaudeBot/1.0; +claudebot@anthropic.com)"
216.73.216.60 - - [25/Mar/2026:14:12:04 +0000] "GET /product/url%20=%3Cwidth%3Ex%3Cheight%3E%20%22optional%20title%22?dir=%2Fhome%2Finceptionblue%2Fpublic_html%2Fwp-includes%2Fjs%2Ftinymce%2Fplugins%2Ffullscreen HTTP/1.1" 200 19902 "-" "Mozilla/5.0 AppleWebKit/537.36 (KHTML, like Gecko; compatible; ClaudeBot/1.0; +claudebot@anthropic.com)"
216.73.216.60 - - [25/Mar/2026:14:12:07 +0000] "GET /lets-dive?dir=%2Fhome%2Finceptionblue%2Fpublic_html%2Fwp-content%2Fplugins%2Fprofile-builder%2Fassets%2Fjs%2Fselect2%2Fi18n&read=%2Fhome%2Finceptionblue%2Fpublic_html%2Fwp-content%2Fplugins%2Fprofile-builder%2Fassets%2Fjs%2Fselect2%2Fi18n%2Fpl.js HTTP/1.1" 200 13798 "-" "Mozilla/5.0 AppleWebKit/537.36 (KHTML, like Gecko; compatible; ClaudeBot/1.0; +claudebot@anthropic.com)"
216.73.216.60 - - [25/Mar/2026:14:12:10 +0000] "GET /product/172009613?dir=%2Frun%2Fudev%2Fdata&read=%2Frun%2Fudev%2Fdata%2F%2Bacpi%3APNP0C0F%3A03 HTTP/1.1" 200 119963 "-" "Mozilla/5.0 AppleWebKit/537.36 (KHTML, like Gecko; compatible; ClaudeBot/1.0; +claudebot@anthropic.com)"
216.73.216.60 - - [25/Mar/2026:14:12:13 +0000] "GET /product/url%20=%3Cwidth%3Ex%3Cheight%3E%20%22optional%20title%22?dir=%2Fhome%2Finceptionblue%2Fpublic_html%2Fwp-includes%2Fblocks%2Fshortcode&read=%2Fhome%2Finceptionblue%2Fpublic_html%2Fwp-includes%2Fblocks%2Fshortcode%2Fblock.json HTTP/1.1" 200 13169 "-" "Mozilla/5.0 AppleWebKit/537.36 (KHTML, like Gecko; compatible; ClaudeBot/1.0; +claudebot@anthropic.com)"
