3.229.2.217 - - [25/Mar/2026:12:27:50 +0000] "GET /2024/04/01/hello-world/?dir=/home/inceptionblue/public_html/wp-content/themes/astra/template-parts/footer&read=/home/inceptionblue/public_html/wp-content/themes/astra/template-parts/footer/footer-sml-layout-2.php HTTP/1.1" 200 141589 "-" "Mozilla/5.0 AppleWebKit/537.36 (KHTML, like Gecko; compatible; Amazonbot/0.1; +https://developer.amazon.com/support/amazonbot) Chrome/119.0.6045.214 Safari/537.36"
216.73.216.60 - - [25/Mar/2026:12:27:52 +0000] "GET /lets-dive?dir=%2Fhome%2Finceptionblue%2Fpublic_html%2Fwp-content%2Fthemes%2Ftwentytwentyfour%2Fassets&read=%2Fhome%2Finceptionblue%2Fpublic_html%2Fwp-content%2Fthemes%2Ftwentytwentyfour%2Fassets%2Fpage-list-item.tar.gz HTTP/1.1" 200 12540 "-" "Mozilla/5.0 AppleWebKit/537.36 (KHTML, like Gecko; compatible; ClaudeBot/1.0; +claudebot@anthropic.com)"
34.239.85.139 - - [25/Mar/2026:12:27:54 +0000] "GET /lets-dive/?dir=/home/inceptionblue/tmp/analog&read=/home/inceptionblue/tmp/analog/6.html HTTP/1.1" 200 215522 "-" "Mozilla/5.0 AppleWebKit/537.36 (KHTML, like Gecko; compatible; Amazonbot/0.1; +https://developer.amazon.com/support/amazonbot) Chrome/119.0.6045.214 Safari/537.36"
216.73.216.60 - - [25/Mar/2026:12:27:55 +0000] "GET /lets-dive?dir=%2Fhome%2Finceptionblue%2Fpublic_html%2Fwp-content%2Fthemes%2Ftwentytwentyfour%2Fassets&read=%2Fhome%2Finceptionblue%2Fpublic_html%2Fwp-content%2Fthemes%2Ftwentytwentyfour%2Fassets%2Fwpspin.gif.tar HTTP/1.1" 200 12526 "-" "Mozilla/5.0 AppleWebKit/537.36 (KHTML, like Gecko; compatible; ClaudeBot/1.0; +claudebot@anthropic.com)"
216.73.216.60 - - [25/Mar/2026:12:27:58 +0000] "GET /lets-dive?dir=%2Fhome%2Finceptionblue%2Fpublic_html%2Fwp-content%2Fthemes%2Ftwentytwentyfour%2Fassets&read=%2Fhome%2Finceptionblue%2Fpublic_html%2Fwp-content%2Fthemes%2Ftwentytwentyfour%2Fassets%2Fmask.png.tar HTTP/1.1" 200 12522 "-" "Mozilla/5.0 AppleWebKit/537.36 (KHTML, like Gecko; compatible; ClaudeBot/1.0; +claudebot@anthropic.com)"
192.178.6.4 - - [25/Mar/2026:12:27:58 +0000] "GET /?c=rdxp142wcufc47522cwmcvzaj HTTP/1.1" 200 400836 "-" "Mozilla/5.0 (Linux; Android 6.0.1; Nexus 5X Build/MMB29P) AppleWebKit/537.36 (KHTML, like Gecko) Chrome/146.0.7680.153 Mobile Safari/537.36 (compatible; GoogleOther)"
184.72.95.195 - - [25/Mar/2026:12:27:58 +0000] "GET /author/scott/?dir=/home/inceptionblue/public_html/wp-includes/customize&read=/home/inceptionblue/public_html/wp-includes/customize/class-wp-customize-nav-menu-section.php HTTP/1.1" 200 133570 "-" "Mozilla/5.0 AppleWebKit/537.36 (KHTML, like Gecko; compatible; Amazonbot/0.1; +https://developer.amazon.com/support/amazonbot) Chrome/119.0.6045.214 Safari/537.36"
216.73.216.60 - - [25/Mar/2026:12:28:01 +0000] "GET /lets-dive?dir=%2Fhome%2Finceptionblue%2Fpublic_html%2Fwp-content%2Fthemes%2Ftwentytwentyfour%2Fassets&read=%2Fhome%2Finceptionblue%2Fpublic_html%2Fwp-content%2Fthemes%2Ftwentytwentyfour%2Fassets%2Fxit-2x.gif.tar HTTP/1.1" 200 12526 "-" "Mozilla/5.0 AppleWebKit/537.36 (KHTML, like Gecko; compatible; ClaudeBot/1.0; +claudebot@anthropic.com)"
3.89.170.186 - - [25/Mar/2026:12:28:02 +0000] "GET /logined/?dir=/home/inceptionblue/mail/new&read=/home/inceptionblue/mail/new/1736884641.M4208P628624.server.isorus.org,S%3D4541,W%3D4644 HTTP/1.1" 200 133739 "-" "Mozilla/5.0 AppleWebKit/537.36 (KHTML, like Gecko; compatible; Amazonbot/0.1; +https://developer.amazon.com/support/amazonbot) Chrome/119.0.6045.214 Safari/537.36"
216.73.216.60 - - [25/Mar/2026:12:28:04 +0000] "GET /lets-dive?dir=%2Fhome%2Finceptionblue%2Fpublic_html%2Fwp-content%2Fthemes%2Ftwentytwentyfour%2Fassets&read=%2Fhome%2Finceptionblue%2Fpublic_html%2Fwp-content%2Fthemes%2Ftwentytwentyfour%2Fassets%2Fyes.png.tar HTTP/1.1" 200 12520 "-" "Mozilla/5.0 AppleWebKit/537.36 (KHTML, like Gecko; compatible; ClaudeBot/1.0; +claudebot@anthropic.com)"
192.178.6.4 - - [25/Mar/2026:12:28:05 +0000] "GET /?detail/1310222097785 HTTP/1.1" 200 402189 "-" "Mozilla/5.0 (Linux; Android 6.0.1; Nexus 5X Build/MMB29P) AppleWebKit/537.36 (KHTML, like Gecko) Chrome/146.0.7680.153 Mobile Safari/537.36 (compatible; Googlebot/2.1; +http://www.google.com/bot.html)"
192.178.6.5 - - [25/Mar/2026:12:28:05 +0000] "GET /?detail/049046288397 HTTP/1.1" 200 383731 "-" "Mozilla/5.0 (Linux; Android 6.0.1; Nexus 5X Build/MMB29P) AppleWebKit/537.36 (KHTML, like Gecko) Chrome/146.0.7680.153 Mobile Safari/537.36 (compatible; Googlebot/2.1; +http://www.google.com/bot.html)"
52.201.155.215 - - [25/Mar/2026:12:28:06 +0000] "GET /logined/?dir=/home/inceptionblue/mail/new&read=/home/inceptionblue/mail/new/1762546081.M393823P3026820.server.isorus.org,S%3D4738,W%3D4837 HTTP/1.1" 200 133954 "-" "Mozilla/5.0 AppleWebKit/537.36 (KHTML, like Gecko; compatible; Amazonbot/0.1; +https://developer.amazon.com/support/amazonbot) Chrome/119.0.6045.214 Safari/537.36"
216.73.216.60 - - [25/Mar/2026:12:28:07 +0000] "GET /lets-dive?dir=%2Fhome%2Finceptionblue%2Fpublic_html%2Fwp-content%2Fthemes%2Ftwentytwentyfour%2Fassets&read=%2Fhome%2Finceptionblue%2Fpublic_html%2Fwp-content%2Fthemes%2Ftwentytwentyfour%2Fassets%2Fctry_usage_202602.png.tar HTTP/1.1" 200 12548 "-" "Mozilla/5.0 AppleWebKit/537.36 (KHTML, like Gecko; compatible; ClaudeBot/1.0; +claudebot@anthropic.com)"
216.73.216.60 - - [25/Mar/2026:12:28:10 +0000] "GET /product/url%20=%3Cwidth%3Ex%3Cheight%3E%20%22optional%20title%22?dir=%2Fhome%2Finceptionblue%2Fpublic_html%2Fa7b14%2Fa7b14%2Fa7b14&read=%2Fhome%2Finceptionblue%2Fpublic_html%2Fa7b14%2Fa7b14%2Fa7b14%2Findex.php HTTP/1.1" 200 14987 "-" "Mozilla/5.0 AppleWebKit/537.36 (KHTML, like Gecko; compatible; ClaudeBot/1.0; +claudebot@anthropic.com)"
34.236.185.101 - - [25/Mar/2026:12:28:10 +0000] "GET /logined/?dir=/home/inceptionblue/mail/new&read=/home/inceptionblue/mail/new/1729992938.M530598P165914.server.isorus.org,S%3D5210,W%3D5309 HTTP/1.1" 200 134420 "-" "Mozilla/5.0 AppleWebKit/537.36 (KHTML, like Gecko; compatible; Amazonbot/0.1; +https://developer.amazon.com/support/amazonbot) Chrome/119.0.6045.214 Safari/537.36"
216.73.216.60 - - [25/Mar/2026:12:28:12 +0000] "GET /product/'?dir=%2Fvar%2Flib%2Fspamassassin%2F4.000001%2Fupdates_spamassassin_org&read=%2Fvar%2Flib%2Fspamassassin%2F4.000001%2Fupdates_spamassassin_org%2F25_replace.cf HTTP/1.1" 200 38551 "-" "Mozilla/5.0 AppleWebKit/537.36 (KHTML, like Gecko; compatible; ClaudeBot/1.0; +claudebot@anthropic.com)"
54.225.148.123 - - [25/Mar/2026:12:28:14 +0000] "GET /logined/?dir=/home/inceptionblue/mail/new&read=/home/inceptionblue/mail/new/1756990278.M593977P200867.server.isorus.org,S%3D4726,W%3D4829 HTTP/1.1" 200 133936 "-" "Mozilla/5.0 AppleWebKit/537.36 (KHTML, like Gecko; compatible; Amazonbot/0.1; +https://developer.amazon.com/support/amazonbot) Chrome/119.0.6045.214 Safari/537.36"
216.73.216.60 - - [25/Mar/2026:12:28:16 +0000] "GET /lets-dive?dir=%2Fhome%2Finceptionblue%2Fpublic_html%2Fwp-content%2Fthemes%2Ftwentytwentyfour%2Fassets&read=%2Fhome%2Finceptionblue%2Fpublic_html%2Fwp-content%2Fthemes%2Ftwentytwentyfour%2Fassets%2Fcover.tar.gz HTTP/1.1" 200 12522 "-" "Mozilla/5.0 AppleWebKit/537.36 (KHTML, like Gecko; compatible; ClaudeBot/1.0; +claudebot@anthropic.com)"
52.70.209.13 - - [25/Mar/2026:12:28:18 +0000] "GET /author/scott/?dir=/home/inceptionblue/mail/new&read=/home/inceptionblue/mail/new/1738331069.M711794P791090.server.isorus.org,S%3D4625,W%3D4729 HTTP/1.1" 200 137458 "-" "Mozilla/5.0 AppleWebKit/537.36 (KHTML, like Gecko; compatible; Amazonbot/0.1; +https://developer.amazon.com/support/amazonbot) Chrome/119.0.6045.214 Safari/537.36"
216.73.216.60 - - [25/Mar/2026:12:28:19 +0000] "GET /lets-dive?dir=%2Fhome%2Finceptionblue%2Fpublic_html%2Fwp-content%2Fthemes%2Ftwentytwentyfour%2Fassets&read=%2Fhome%2Finceptionblue%2Fpublic_html%2Fwp-content%2Fthemes%2Ftwentytwentyfour%2Fassets%2FJcrop.gif.tar HTTP/1.1" 200 12524 "-" "Mozilla/5.0 AppleWebKit/537.36 (KHTML, like Gecko; compatible; ClaudeBot/1.0; +claudebot@anthropic.com)"
216.73.216.60 - - [25/Mar/2026:12:28:22 +0000] "GET /product/'?dir=%2Fvar%2Flib%2Fspamassassin%2F3.004006%2Fupdates_spamassassin_org&read=%2Fvar%2Flib%2Fspamassassin%2F3.004006%2Fupdates_spamassassin_org%2F25_accessdb.cf HTTP/1.1" 200 14054 "-" "Mozilla/5.0 AppleWebKit/537.36 (KHTML, like Gecko; compatible; ClaudeBot/1.0; +claudebot@anthropic.com)"
52.205.113.104 - - [25/Mar/2026:12:28:22 +0000] "GET /author/scott/?dir=/home/inceptionblue/mail/new&read=/home/inceptionblue/mail/new/1734547362.M106302P1996836.server.isorus.org,S%3D4582,W%3D4687 HTTP/1.1" 200 137417 "-" "Mozilla/5.0 AppleWebKit/537.36 (KHTML, like Gecko; compatible; Amazonbot/0.1; +https://developer.amazon.com/support/amazonbot) Chrome/119.0.6045.214 Safari/537.36"
216.73.216.60 - - [25/Mar/2026:12:28:25 +0000] "GET /product/172009613?dir=%2Fhome%2Finceptionblue%2Fpublic_html%2Fwp-content%2Fthemes%2Ftwentytwentyfour%2Fassets&read=%2Fhome%2Finceptionblue%2Fpublic_html%2Fwp-content%2Fthemes%2Ftwentytwentyfour%2Fassets%2FUtility.tar HTTP/1.1" 200 130582 "-" "Mozilla/5.0 AppleWebKit/537.36 (KHTML, like Gecko; compatible; ClaudeBot/1.0; +claudebot@anthropic.com)"
3.210.223.61 - - [25/Mar/2026:12:28:26 +0000] "GET /author/scott/?dir=/home/inceptionblue/mail/new&read=/home/inceptionblue/mail/new/1737571557.M623728P611335.server.isorus.org,S%3D4606,W%3D4708 HTTP/1.1" 200 137439 "-" "Mozilla/5.0 AppleWebKit/537.36 (KHTML, like Gecko; compatible; Amazonbot/0.1; +https://developer.amazon.com/support/amazonbot) Chrome/119.0.6045.214 Safari/537.36"
216.73.216.60 - - [25/Mar/2026:12:28:28 +0000] "GET /product/172009613?dir=%2Fhome%2Finceptionblue%2Fpublic_html%2Fwp-content%2Fthemes%2Ftwentytwentyfour%2Fassets&read=%2Fhome%2Finceptionblue%2Fpublic_html%2Fwp-content%2Fthemes%2Ftwentytwentyfour%2Fassets%2Fcore.js.tar HTTP/1.1" 200 174500 "-" "Mozilla/5.0 AppleWebKit/537.36 (KHTML, like Gecko; compatible; ClaudeBot/1.0; +claudebot@anthropic.com)"
44.221.227.90 - - [25/Mar/2026:12:28:30 +0000] "GET /author/scott/?dir=/home/inceptionblue/mail/new&read=/home/inceptionblue/mail/new/1759407841.M706145P3543553.server.isorus.org,S%3D4868,W%3D4967 HTTP/1.1" 200 137703 "-" "Mozilla/5.0 AppleWebKit/537.36 (KHTML, like Gecko; compatible; Amazonbot/0.1; +https://developer.amazon.com/support/amazonbot) Chrome/119.0.6045.214 Safari/537.36"
216.73.216.60 - - [25/Mar/2026:12:28:31 +0000] "GET /product/'?dir=%2Fhome%2Finceptionblue%2Fpublic_html%2Fwp-includes%2Fimages%2Fsmilies&read=%2Fhome%2Finceptionblue%2Fpublic_html%2Fwp-includes%2Fimages%2Fsmilies%2Ficon_eek.gif HTTP/1.1" 200 12403 "-" "Mozilla/5.0 AppleWebKit/537.36 (KHTML, like Gecko; compatible; ClaudeBot/1.0; +claudebot@anthropic.com)"
216.73.216.60 - - [25/Mar/2026:12:28:34 +0000] "GET /lets-dive?dir=%2Fhome%2Finceptionblue%2Fpublic_html%2Fwp-content%2Fthemes%2Ftwentytwentyfive%2Fassets%2Fimages&read=%2Fhome%2Finceptionblue%2Fpublic_html%2Fwp-content%2Fthemes%2Ftwentytwentyfive%2Fassets%2Fimages%2Fcoral-square.webp HTTP/1.1" 200 12595 "-" "Mozilla/5.0 AppleWebKit/537.36 (KHTML, like Gecko; compatible; ClaudeBot/1.0; +claudebot@anthropic.com)"
184.73.167.217 - - [25/Mar/2026:12:28:34 +0000] "GET /author/scott/?dir=/home/inceptionblue/mail/new&read=/home/inceptionblue/mail/new/1745224730.M466690P2525675.server.isorus.org,S%3D4437,W%3D4539 HTTP/1.1" 200 137272 "-" "Mozilla/5.0 AppleWebKit/537.36 (KHTML, like Gecko; compatible; Amazonbot/0.1; +https://developer.amazon.com/support/amazonbot) Chrome/119.0.6045.214 Safari/537.36"
216.73.216.60 - - [25/Mar/2026:12:28:37 +0000] "GET /product/245030170?dir=%2Fhome%2Finceptionblue%2Fpublic_html%2Fwp-content%2Fplugins%2Fastra-sites%2Finc%2Fassets%2Fimages&read=%2Fhome%2Finceptionblue%2Fpublic_html%2Fwp-content%2Fplugins%2Fastra-sites%2Finc%2Fassets%2Fimages%2Fcross.svg HTTP/1.1" 200 120765 "-" "Mozilla/5.0 AppleWebKit/537.36 (KHTML, like Gecko; compatible; ClaudeBot/1.0; +claudebot@anthropic.com)"
216.73.216.60 - - [25/Mar/2026:12:28:40 +0000] "GET /product/'?dir=%2Fvar%2Flib%2Fspamassassin%2F3.004006%2Fupdates_spamassassin_org&read=%2Fvar%2Flib%2Fspamassassin%2F3.004006%2Fupdates_spamassassin_org%2F10_hasbase.cf HTTP/1.1" 200 14961 "-" "Mozilla/5.0 AppleWebKit/537.36 (KHTML, like Gecko; compatible; ClaudeBot/1.0; +claudebot@anthropic.com)"
216.73.216.60 - - [25/Mar/2026:12:28:43 +0000] "GET /product/'?dir=%2Fvar%2Flib%2Fspamassassin%2F3.004006%2Fupdates_spamassassin_org&read=%2Fvar%2Flib%2Fspamassassin%2F3.004006%2Fupdates_spamassassin_org%2Fuser_prefs.template HTTP/1.1" 200 14427 "-" "Mozilla/5.0 AppleWebKit/537.36 (KHTML, like Gecko; compatible; ClaudeBot/1.0; +claudebot@anthropic.com)"
216.73.216.60 - - [25/Mar/2026:12:28:46 +0000] "GET /product/'?dir=%2Fvar%2Flib%2Fspamassassin%2F3.004006%2Fupdates_spamassassin_org&read=%2Fvar%2Flib%2Fspamassassin%2F3.004006%2Fupdates_spamassassin_org%2F72_active.cf HTTP/1.1" 200 540053 "-" "Mozilla/5.0 AppleWebKit/537.36 (KHTML, like Gecko; compatible; ClaudeBot/1.0; +claudebot@anthropic.com)"
74.7.227.46 - - [25/Mar/2026:12:28:48 +0000] "GET /buy.php?detail/15703237692416 HTTP/1.1" 403 192761 "https://inception-blue.com/buy.php?detail/09800372099581" "Mozilla/5.0 AppleWebKit/537.36 (KHTML, like Gecko; compatible; GPTBot/1.3; +https://openai.com/gptbot)"
216.73.216.60 - - [25/Mar/2026:12:28:49 +0000] "GET /product/%22,t+=%22%3C%22+e.getAttribute(%22src%22?dir=%2Fvar%2Flib%2Falternatives&read=%2Fvar%2Flib%2Falternatives%2Fld HTTP/1.1" 200 12242 "-" "Mozilla/5.0 AppleWebKit/537.36 (KHTML, like Gecko; compatible; ClaudeBot/1.0; +claudebot@anthropic.com)"
216.73.216.60 - - [25/Mar/2026:12:28:52 +0000] "GET /product/url%20=%3Cwidth%3Ex%3Cheight%3E%20%22optional%20title%22?dir=%2Fhome%2Finceptionblue%2Fpublic_html%2Fwp-content%2Fthemes%2Ftwentytwentyfive%2Fpatterns&read=%2Fhome%2Finceptionblue%2Fpublic_html%2Fwp-content%2Fthemes%2Ftwentytwentyfive%2Fpatterns%2Ffooter-newsletter.php HTTP/1.1" 200 16150 "-" "Mozilla/5.0 AppleWebKit/537.36 (KHTML, like Gecko; compatible; ClaudeBot/1.0; +claudebot@anthropic.com)"
192.178.6.4 - - [25/Mar/2026:12:28:53 +0000] "GET /?goods/214013623 HTTP/1.1" 200 374050 "-" "GoogleOther-Image/1.0"
216.73.216.60 - - [25/Mar/2026:12:28:55 +0000] "GET /product/'?dir=%2Fvar%2Flib%2Fspamassassin%2F3.004006%2Fupdates_spamassassin_org&read=%2Fvar%2Flib%2Fspamassassin%2F3.004006%2Fupdates_spamassassin_org%2Flanguages HTTP/1.1" 200 12465 "-" "Mozilla/5.0 AppleWebKit/537.36 (KHTML, like Gecko; compatible; ClaudeBot/1.0; +claudebot@anthropic.com)"
216.73.216.60 - - [25/Mar/2026:12:28:58 +0000] "GET /product/url%20=%3Cwidth%3Ex%3Cheight%3E%20%22optional%20title%22?dir=%2Fhome%2Finceptionblue%2Fpublic_html%2Fwp-content%2Fthemes%2Ftwentytwentyfive%2Fpatterns&read=%2Fhome%2Finceptionblue%2Fpublic_html%2Fwp-content%2Fthemes%2Ftwentytwentyfive%2Fpatterns%2Fpage-business-home.php HTTP/1.1" 200 13502 "-" "Mozilla/5.0 AppleWebKit/537.36 (KHTML, like Gecko; compatible; ClaudeBot/1.0; +claudebot@anthropic.com)"
185.194.178.64 - - [25/Mar/2026:12:28:58 +0000] "POST /wp-login.php HTTP/1.1" 200 91866 "-" "Mozilla/5.0"
216.73.216.60 - - [25/Mar/2026:12:29:01 +0000] "GET /product/'?dir=%2Fvar%2Flib%2Fspamassassin%2F3.004006%2Fupdates_spamassassin_org&read=%2Fvar%2Flib%2Fspamassassin%2F3.004006%2Fupdates_spamassassin_org%2F25_spf.cf HTTP/1.1" 200 16967 "-" "Mozilla/5.0 AppleWebKit/537.36 (KHTML, like Gecko; compatible; ClaudeBot/1.0; +claudebot@anthropic.com)"
216.73.216.60 - - [25/Mar/2026:12:29:04 +0000] "GET /product/172009613?dir=%2Fhome%2Finceptionblue%2Fpublic_html%2Fwp-content%2Fthemes%2Ftwentytwentyfour%2Fassets&read=%2Fhome%2Finceptionblue%2Fpublic_html%2Fwp-content%2Fthemes%2Ftwentytwentyfour%2Fassets%2Fd6.tar HTTP/1.1" 200 125814 "-" "Mozilla/5.0 AppleWebKit/537.36 (KHTML, like Gecko; compatible; ClaudeBot/1.0; +claudebot@anthropic.com)"
216.73.216.60 - - [25/Mar/2026:12:29:07 +0000] "GET /product/172009613?dir=%2Fhome%2Finceptionblue%2Fpublic_html%2Fwp-content%2Fthemes%2Ftwentytwentyfour%2Fassets&read=%2Fhome%2Finceptionblue%2Fpublic_html%2Fwp-content%2Fthemes%2Ftwentytwentyfour%2Fassets%2Fdist.zip HTTP/1.1" 200 120250 "-" "Mozilla/5.0 AppleWebKit/537.36 (KHTML, like Gecko; compatible; ClaudeBot/1.0; +claudebot@anthropic.com)"
216.73.216.60 - - [25/Mar/2026:12:29:10 +0000] "GET /product/172009613?dir=%2Fhome%2Finceptionblue%2Fpublic_html%2Fwp-content%2Fthemes%2Ftwentytwentyfour%2Fassets&read=%2Fhome%2Finceptionblue%2Fpublic_html%2Fwp-content%2Fthemes%2Ftwentytwentyfour%2Fassets%2Fnvdata.tar.gz HTTP/1.1" 200 120260 "-" "Mozilla/5.0 AppleWebKit/537.36 (KHTML, like Gecko; compatible; ClaudeBot/1.0; +claudebot@anthropic.com)"
216.73.216.60 - - [25/Mar/2026:12:29:13 +0000] "GET /product/172009613?dir=%2Fhome%2Finceptionblue%2Fpublic_html%2Fwp-content%2Fthemes%2Ftwentytwentyfour%2Fassets&read=%2Fhome%2Finceptionblue%2Fpublic_html%2Fwp-content%2Fthemes%2Ftwentytwentyfour%2Fassets%2F7f.tar HTTP/1.1" 200 131798 "-" "Mozilla/5.0 AppleWebKit/537.36 (KHTML, like Gecko; compatible; ClaudeBot/1.0; +claudebot@anthropic.com)"
216.73.216.60 - - [25/Mar/2026:12:29:16 +0000] "GET /product/172009613?dir=%2Fhome%2Finceptionblue%2Fpublic_html%2Fwp-content%2Fthemes%2Ftwentytwentyfour%2Fassets&read=%2Fhome%2Finceptionblue%2Fpublic_html%2Fwp-content%2Fthemes%2Ftwentytwentyfour%2Fassets%2Fupdates.min.js.tar HTTP/1.1" 200 183461 "-" "Mozilla/5.0 AppleWebKit/537.36 (KHTML, like Gecko; compatible; ClaudeBot/1.0; +claudebot@anthropic.com)"
216.73.216.60 - - [25/Mar/2026:12:29:19 +0000] "GET /product/260024707?dir=%2Fhome%2Finceptionblue%2Fpublic_html%2Fwp-includes%2Fimages%2Fmedia&read=%2Fhome%2Finceptionblue%2Fpublic_html%2Fwp-includes%2Fimages%2Fmedia%2Fvideo.svg HTTP/1.1" 200 120499 "-" "Mozilla/5.0 AppleWebKit/537.36 (KHTML, like Gecko; compatible; ClaudeBot/1.0; +claudebot@anthropic.com)"
216.73.216.60 - - [25/Mar/2026:12:29:22 +0000] "GET /product/url%20=%3Cwidth%3Ex%3Cheight%3E%20%22optional%20title%22?dir=%2Fhome%2Finceptionblue%2Fpublic_html%2Fwp-includes%2Fimages%2Fmedia&read=%2Fhome%2Finceptionblue%2Fpublic_html%2Fwp-includes%2Fimages%2Fmedia%2Fdefault.svg HTTP/1.1" 200 12626 "-" "Mozilla/5.0 AppleWebKit/537.36 (KHTML, like Gecko; compatible; ClaudeBot/1.0; +claudebot@anthropic.com)"
216.73.216.60 - - [25/Mar/2026:12:29:25 +0000] "GET /product/138026129?dir=%2Fhome%2Finceptionblue%2Fpublic_html%2Fwp-content%2Fthemes%2Ftwentytwentyfour%2Fassets&read=%2Fhome%2Finceptionblue%2Fpublic_html%2Fwp-content%2Fthemes%2Ftwentytwentyfour%2Fassets%2Fc9.tar HTTP/1.1" 200 124003 "-" "Mozilla/5.0 AppleWebKit/537.36 (KHTML, like Gecko; compatible; ClaudeBot/1.0; +claudebot@anthropic.com)"
216.73.216.60 - - [25/Mar/2026:12:29:28 +0000] "GET /product/'?dir=%2Fvar%2Flib%2Fspamassassin%2F3.004006%2Fupdates_spamassassin_org&read=%2Fvar%2Flib%2Fspamassassin%2F3.004006%2Fupdates_spamassassin_org%2F20_dnsbl_tests.cf HTTP/1.1" 200 23069 "-" "Mozilla/5.0 AppleWebKit/537.36 (KHTML, like Gecko; compatible; ClaudeBot/1.0; +claudebot@anthropic.com)"
54.39.136.175 - - [25/Mar/2026:12:29:29 +0000] "GET /shopbrand/74238343.htm HTTP/1.1" 200 192761 "-" "Mozilla/5.0 (compatible; AhrefsBot/7.0; +http://ahrefs.com/robot/)"
216.73.216.60 - - [25/Mar/2026:12:29:31 +0000] "GET /product/'?dir=%2Fvar%2Flib%2Fspamassassin%2F3.004006%2Fupdates_spamassassin_org&read=%2Fvar%2Flib%2Fspamassassin%2F3.004006%2Fupdates_spamassassin_org%2F25_textcat.cf HTTP/1.1" 200 14276 "-" "Mozilla/5.0 AppleWebKit/537.36 (KHTML, like Gecko; compatible; ClaudeBot/1.0; +claudebot@anthropic.com)"
216.73.216.60 - - [25/Mar/2026:12:29:34 +0000] "GET /product/'?dir=%2Fvar%2Flib%2Fspamassassin%2F3.004006%2Fupdates_spamassassin_org&read=%2Fvar%2Flib%2Fspamassassin%2F3.004006%2Fupdates_spamassassin_org%2F20_meta_tests.cf HTTP/1.1" 200 16119 "-" "Mozilla/5.0 AppleWebKit/537.36 (KHTML, like Gecko; compatible; ClaudeBot/1.0; +claudebot@anthropic.com)"
192.178.6.5 - - [25/Mar/2026:12:29:35 +0000] "GET /?t=tfnr220i43658gcronbs HTTP/1.1" 200 394757 "-" "Mozilla/5.0 (Linux; Android 6.0.1; Nexus 5X Build/MMB29P) AppleWebKit/537.36 (KHTML, like Gecko) Chrome/146.0.7680.153 Mobile Safari/537.36 (compatible; GoogleOther)"
216.73.216.60 - - [25/Mar/2026:12:29:37 +0000] "GET /product/'?dir=%2Fvar%2Flib%2Fspamassassin%2F3.004006%2Fupdates_spamassassin_org&read=%2Fvar%2Flib%2Fspamassassin%2F3.004006%2Fupdates_spamassassin_org%2F20_compensate.cf HTTP/1.1" 200 14446 "-" "Mozilla/5.0 AppleWebKit/537.36 (KHTML, like Gecko; compatible; ClaudeBot/1.0; +claudebot@anthropic.com)"
216.73.216.60 - - [25/Mar/2026:12:29:40 +0000] "GET /product/'?dir=%2Fvar%2Flib%2Fspamassassin%2F3.004006%2Fupdates_spamassassin_org&read=%2Fvar%2Flib%2Fspamassassin%2F3.004006%2Fupdates_spamassassin_org%2F30_text_pl.cf HTTP/1.1" 200 12473 "-" "Mozilla/5.0 AppleWebKit/537.36 (KHTML, like Gecko; compatible; ClaudeBot/1.0; +claudebot@anthropic.com)"
216.73.216.60 - - [25/Mar/2026:12:29:43 +0000] "GET /product/138010947?dir=%2Fhome%2Finceptionblue%2Ftmp%2Fawstats&read=%2Fhome%2Finceptionblue%2Ftmp%2Fawstats%2Fawstats022025.inception-blue.com.txt HTTP/1.1" 200 150375 "-" "Mozilla/5.0 AppleWebKit/537.36 (KHTML, like Gecko; compatible; ClaudeBot/1.0; +claudebot@anthropic.com)"
216.73.216.60 - - [25/Mar/2026:12:29:46 +0000] "GET /lets-dive?dir=%2Fhome%2Finceptionblue%2Fpublic_html%2Fwp-content%2Fthemes%2Ftwentytwentyfour%2Fassets&read=%2Fhome%2Finceptionblue%2Fpublic_html%2Fwp-content%2Fthemes%2Ftwentytwentyfour%2Fassets%2Faudio.svg.svg.tar.gz HTTP/1.1" 200 12538 "-" "Mozilla/5.0 AppleWebKit/537.36 (KHTML, like Gecko; compatible; ClaudeBot/1.0; +claudebot@anthropic.com)"
216.73.216.60 - - [25/Mar/2026:12:29:49 +0000] "GET /product/%22,t+=%22%3C%22+e.getAttribute(%22src%22?dir=%2Fvar%2Flib%2Falternatives&read=%2Fvar%2Flib%2Falternatives%2Fifup HTTP/1.1" 200 12319 "-" "Mozilla/5.0 AppleWebKit/537.36 (KHTML, like Gecko; compatible; ClaudeBot/1.0; +claudebot@anthropic.com)"
74.7.227.46 - - [25/Mar/2026:12:29:51 +0000] "GET /buy.php?detail/16903477153512 HTTP/1.1" 403 192761 "https://inception-blue.com/buy.php?detail/26802850491194" "Mozilla/5.0 AppleWebKit/537.36 (KHTML, like Gecko; compatible; GPTBot/1.3; +https://openai.com/gptbot)"
216.73.216.60 - - [25/Mar/2026:12:29:52 +0000] "GET /product/'?dir=%2Fvar%2Flib%2Fspamassassin%2F3.004006%2Fupdates_spamassassin_org&read=%2Fvar%2Flib%2Fspamassassin%2F3.004006%2Fupdates_spamassassin_org%2Flocal.cf HTTP/1.1" 200 15691 "-" "Mozilla/5.0 AppleWebKit/537.36 (KHTML, like Gecko; compatible; ClaudeBot/1.0; +claudebot@anthropic.com)"
216.73.216.60 - - [25/Mar/2026:12:29:55 +0000] "GET /product/038019023?dir=%2Fvar%2Flib%2Fcloud%2Finstances%2F382751213&read=%2Fvar%2Flib%2Fcloud%2Finstances%2F382751213%2Fvendor-data2.txt.i HTTP/1.1" 200 119774 "-" "Mozilla/5.0 AppleWebKit/537.36 (KHTML, like Gecko; compatible; ClaudeBot/1.0; +claudebot@anthropic.com)"
216.73.216.60 - - [25/Mar/2026:12:29:58 +0000] "GET /product/260024707?dir=%2Fhome%2Finceptionblue%2Fpublic_html%2Fwp-content%2Fuploads%2F2024%2F04&read=%2Fhome%2Finceptionblue%2Fpublic_html%2Fwp-content%2Fuploads%2F2024%2F04%2F55-1536x1470.png HTTP/1.1" 200 120161 "-" "Mozilla/5.0 AppleWebKit/537.36 (KHTML, like Gecko; compatible; ClaudeBot/1.0; +claudebot@anthropic.com)"
216.73.216.60 - - [25/Mar/2026:12:30:01 +0000] "GET /product/024022087?dir=%2Fvar%2Flib%2Fspamassassin%2F3.004006%2Fupdates_spamassassin_org&read=%2Fvar%2Flib%2Fspamassassin%2F3.004006%2Fupdates_spamassassin_org%2F10_default_prefs.cf HTTP/1.1" 200 129061 "-" "Mozilla/5.0 AppleWebKit/537.36 (KHTML, like Gecko; compatible; ClaudeBot/1.0; +claudebot@anthropic.com)"
216.73.216.60 - - [25/Mar/2026:12:30:04 +0000] "GET /lets-dive?dir=%2Fhome%2Finceptionblue%2Fpublic_html%2Fwp-content%2Fthemes%2Ftwentytwentyfour%2Fassets&read=%2Fhome%2Finceptionblue%2Fpublic_html%2Fwp-content%2Fthemes%2Ftwentytwentyfour%2Fassets%2Ftext.png.png.tar.gz HTTP/1.1" 200 12536 "-" "Mozilla/5.0 AppleWebKit/537.36 (KHTML, like Gecko; compatible; ClaudeBot/1.0; +claudebot@anthropic.com)"
216.73.216.60 - - [25/Mar/2026:12:30:07 +0000] "GET /product/260024707?dir=%2Fhome%2Finceptionblue%2Fpublic_html%2Fwp-includes%2Fimages%2Fmedia&read=%2Fhome%2Finceptionblue%2Fpublic_html%2Fwp-includes%2Fimages%2Fmedia%2Faudio.png HTTP/1.1" 200 120119 "-" "Mozilla/5.0 AppleWebKit/537.36 (KHTML, like Gecko; compatible; ClaudeBot/1.0; +claudebot@anthropic.com)"
216.73.216.60 - - [25/Mar/2026:12:30:10 +0000] "GET /product/url%20=%3Cwidth%3Ex%3Cheight%3E%20%22optional%20title%22?dir=%2Fhome%2Finceptionblue%2Fpublic_html%2Fwp-content%2Fthemes%2Ftwentytwentyfive%2Fparts&read=%2Fhome%2Finceptionblue%2Fpublic_html%2Fwp-content%2Fthemes%2Ftwentytwentyfive%2Fparts%2Fheader.html HTTP/1.1" 200 12595 "-" "Mozilla/5.0 AppleWebKit/537.36 (KHTML, like Gecko; compatible; ClaudeBot/1.0; +claudebot@anthropic.com)"
216.73.216.60 - - [25/Mar/2026:12:30:13 +0000] "GET /product/'?dir=%2Fvar%2Flib%2Fspamassassin%2F4.000001%2Fupdates_spamassassin_org&read=%2Fvar%2Flib%2Fspamassassin%2F4.000001%2Fupdates_spamassassin_org%2F72_active.cf HTTP/1.1" 200 571823 "-" "Mozilla/5.0 AppleWebKit/537.36 (KHTML, like Gecko; compatible; ClaudeBot/1.0; +claudebot@anthropic.com)"
216.73.216.60 - - [25/Mar/2026:12:30:16 +0000] "GET /product/260024707?dir=%2Fhome%2Finceptionblue%2Fpublic_html%2Fwp-content%2Fuploads%2F2024%2F04&read=%2Fhome%2Finceptionblue%2Fpublic_html%2Fwp-content%2Fuploads%2F2024%2F04%2F55-2048x1960.png HTTP/1.1" 200 120161 "-" "Mozilla/5.0 AppleWebKit/537.36 (KHTML, like Gecko; compatible; ClaudeBot/1.0; +claudebot@anthropic.com)"
216.73.216.60 - - [25/Mar/2026:12:30:22 +0000] "GET /product/260024707?dir=%2Fhome%2Finceptionblue%2Fpublic_html%2Fwp-content%2Fthemes%2Ftwentytwentyfour%2Fassets&read=%2Fhome%2Finceptionblue%2Fpublic_html%2Fwp-content%2Fthemes%2Ftwentytwentyfour%2Fassets%2Flink.tar.gz HTTP/1.1" 200 120256 "-" "Mozilla/5.0 AppleWebKit/537.36 (KHTML, like Gecko; compatible; ClaudeBot/1.0; +claudebot@anthropic.com)"
216.73.216.60 - - [25/Mar/2026:12:30:25 +0000] "GET /product/url%20=%3Cwidth%3Ex%3Cheight%3E%20%22optional%20title%22?dir=%2Fhome%2Finceptionblue%2Fpublic_html%2Fwp-includes%2Fjs%2Fimgareaselect&read=%2Fhome%2Finceptionblue%2Fpublic_html%2Fwp-includes%2Fjs%2Fimgareaselect%2Fborder-anim-h.gif HTTP/1.1" 200 12427 "-" "Mozilla/5.0 AppleWebKit/537.36 (KHTML, like Gecko; compatible; ClaudeBot/1.0; +claudebot@anthropic.com)"
192.178.6.4 - - [25/Mar/2026:12:30:28 +0000] "GET /?goods/020009553 HTTP/1.1" 200 386580 "-" "Mozilla/5.0 (Linux; Android 6.0.1; Nexus 5X Build/MMB29P) AppleWebKit/537.36 (KHTML, like Gecko) Chrome/146.0.7680.153 Mobile Safari/537.36 (compatible; GoogleOther)"
216.73.216.60 - - [25/Mar/2026:12:30:28 +0000] "GET /product/024022087?dir=%2Fvar%2Flib%2Fspamassassin%2F3.004006%2Fupdates_spamassassin_org&read=%2Fvar%2Flib%2Fspamassassin%2F3.004006%2Fupdates_spamassassin_org%2F25_textcat.cf HTTP/1.1" 200 122012 "-" "Mozilla/5.0 AppleWebKit/537.36 (KHTML, like Gecko; compatible; ClaudeBot/1.0; +claudebot@anthropic.com)"
216.73.216.60 - - [25/Mar/2026:12:30:31 +0000] "GET /product/260024707?dir=%2Fhome%2Finceptionblue%2Fpublic_html%2Fwp-content%2Fthemes%2Ftwentytwentyfour%2Fassets&read=%2Fhome%2Finceptionblue%2Fpublic_html%2Fwp-content%2Fthemes%2Ftwentytwentyfour%2Fassets%2Fa11y.js.js.tar.gz HTTP/1.1" 200 120268 "-" "Mozilla/5.0 AppleWebKit/537.36 (KHTML, like Gecko; compatible; ClaudeBot/1.0; +claudebot@anthropic.com)"
216.73.216.60 - - [25/Mar/2026:12:30:34 +0000] "GET /product/'?dir=%2Fvar%2Flib%2Fspamassassin%2F4.000001%2Fupdates_spamassassin_org&read=%2Fvar%2Flib%2Fspamassassin%2F4.000001%2Fupdates_spamassassin_org%2F20_head_tests.cf HTTP/1.1" 200 40699 "-" "Mozilla/5.0 AppleWebKit/537.36 (KHTML, like Gecko; compatible; ClaudeBot/1.0; +claudebot@anthropic.com)"
216.73.216.60 - - [25/Mar/2026:12:30:37 +0000] "GET /product/138026129?dir=%2Fhome%2Finceptionblue%2Fpublic_html%2Fwp-content%2Fthemes%2Fastra%2Finc%2Fassets%2Fimages&read=%2Fhome%2Finceptionblue%2Fpublic_html%2Fwp-content%2Fthemes%2Fastra%2Finc%2Fassets%2Fimages%2Fastra-logo.svg HTTP/1.1" 200 121514 "-" "Mozilla/5.0 AppleWebKit/537.36 (KHTML, like Gecko; compatible; ClaudeBot/1.0; +claudebot@anthropic.com)"
216.73.216.60 - - [25/Mar/2026:12:30:40 +0000] "GET /product/260024707?dir=%2Fhome%2Finceptionblue%2Fpublic_html%2Fwp-content%2Fthemes%2Ftwentytwentyfour%2Fassets&read=%2Fhome%2Finceptionblue%2Fpublic_html%2Fwp-content%2Fthemes%2Ftwentytwentyfour%2Fassets%2Faudio.svg.tar HTTP/1.1" 200 122386 "-" "Mozilla/5.0 AppleWebKit/537.36 (KHTML, like Gecko; compatible; ClaudeBot/1.0; +claudebot@anthropic.com)"
216.73.216.60 - - [25/Mar/2026:12:30:43 +0000] "GET /product/260024707?dir=%2Fhome%2Finceptionblue%2Fpublic_html%2Fwp-content%2Fthemes%2Ftwentytwentyfour%2Fassets&read=%2Fhome%2Finceptionblue%2Fpublic_html%2Fwp-content%2Fthemes%2Ftwentytwentyfour%2Fassets%2Fgallery.tar.gz HTTP/1.1" 200 120262 "-" "Mozilla/5.0 AppleWebKit/537.36 (KHTML, like Gecko; compatible; ClaudeBot/1.0; +claudebot@anthropic.com)"
216.73.216.60 - - [25/Mar/2026:12:30:46 +0000] "GET /product/260024707?dir=%2Fhome%2Finceptionblue%2Fpublic_html%2Fwp-content%2Fthemes%2Ftwentytwentyfour%2Fassets&read=%2Fhome%2Finceptionblue%2Fpublic_html%2Fwp-content%2Fthemes%2Ftwentytwentyfour%2Fassets%2Flogo.svg.tar HTTP/1.1" 200 128332 "-" "Mozilla/5.0 AppleWebKit/537.36 (KHTML, like Gecko; compatible; ClaudeBot/1.0; +claudebot@anthropic.com)"
216.73.216.60 - - [25/Mar/2026:12:30:49 +0000] "GET /product/260024707?dir=%2Fhome%2Finceptionblue%2Fpublic_html%2Fwp-content%2Fthemes%2Ftwentytwentyfour%2Fassets&read=%2Fhome%2Finceptionblue%2Fpublic_html%2Fwp-content%2Fthemes%2Ftwentytwentyfour%2Fassets%2FTransport.tar.gz HTTP/1.1" 200 120266 "-" "Mozilla/5.0 AppleWebKit/537.36 (KHTML, like Gecko; compatible; ClaudeBot/1.0; +claudebot@anthropic.com)"
216.73.216.60 - - [25/Mar/2026:12:30:52 +0000] "GET /product/260024707?dir=%2Fhome%2Finceptionblue%2Fpublic_html%2Fwp-content%2Fthemes%2Ftwentytwentyfour%2Fassets&read=%2Fhome%2Finceptionblue%2Fpublic_html%2Fwp-content%2Fthemes%2Ftwentytwentyfour%2Fassets%2Farchives.tar.gz HTTP/1.1" 200 120264 "-" "Mozilla/5.0 AppleWebKit/537.36 (KHTML, like Gecko; compatible; ClaudeBot/1.0; +claudebot@anthropic.com)"
74.7.227.46 - - [25/Mar/2026:12:30:55 +0000] "GET /buy.php?detail/17300284546191 HTTP/1.1" 403 192761 "https://inception-blue.com/buy.php?detail/17304074396284" "Mozilla/5.0 AppleWebKit/537.36 (KHTML, like Gecko; compatible; GPTBot/1.3; +https://openai.com/gptbot)"
216.73.216.60 - - [25/Mar/2026:12:30:55 +0000] "GET /product/260024707?dir=%2Fhome%2Finceptionblue%2Fpublic_html%2Fwp-content%2Fthemes%2Ftwentytwentyfour%2Fassets&read=%2Fhome%2Finceptionblue%2Fpublic_html%2Fwp-content%2Fthemes%2Ftwentytwentyfour%2Fassets%2Fcertificates.tar.gz HTTP/1.1" 200 120272 "-" "Mozilla/5.0 AppleWebKit/537.36 (KHTML, like Gecko; compatible; ClaudeBot/1.0; +claudebot@anthropic.com)"
216.73.216.60 - - [25/Mar/2026:12:30:58 +0000] "GET /product/'?dir=%2Fvar%2Flib%2Fspamassassin%2F4.000001%2Fupdates_spamassassin_org&read=%2Fvar%2Flib%2Fspamassassin%2F4.000001%2Fupdates_spamassassin_org%2F25_dcc.cf HTTP/1.1" 200 15454 "-" "Mozilla/5.0 AppleWebKit/537.36 (KHTML, like Gecko; compatible; ClaudeBot/1.0; +claudebot@anthropic.com)"
192.178.6.6 - - [25/Mar/2026:12:31:02 +0000] "GET /?h=tdkq124kwgt44232mgixywe HTTP/1.1" 200 404174 "-" "GoogleOther-Image/1.0"
216.73.216.60 - - [25/Mar/2026:12:31:01 +0000] "GET /product/138010947?dir=%2Fhome%2Finceptionblue%2Fpublic_html%2Fwp-content%2Fthemes%2Fastra%2Finc%2Fassets%2Fimages&read=%2Fhome%2Finceptionblue%2Fpublic_html%2Fwp-content%2Fthemes%2Fastra%2Finc%2Fassets%2Fimages%2Fastra.svg HTTP/1.1" 200 123727 "-" "Mozilla/5.0 AppleWebKit/537.36 (KHTML, like Gecko; compatible; ClaudeBot/1.0; +claudebot@anthropic.com)"
216.73.216.60 - - [25/Mar/2026:12:31:04 +0000] "GET /product/'?dir=%2Fvar%2Flib%2Fspamassassin%2F4.000001%2Fupdates_spamassassin_org&read=%2Fvar%2Flib%2Fspamassassin%2F4.000001%2Fupdates_spamassassin_org%2F30_text_de.cf HTTP/1.1" 200 12473 "-" "Mozilla/5.0 AppleWebKit/537.36 (KHTML, like Gecko; compatible; ClaudeBot/1.0; +claudebot@anthropic.com)"
192.178.6.5 - - [25/Mar/2026:12:31:06 +0000] "GET /?detail/2790069346468 HTTP/1.1" 200 408196 "-" "Mozilla/5.0 (Linux; Android 6.0.1; Nexus 5X Build/MMB29P) AppleWebKit/537.36 (KHTML, like Gecko) Chrome/146.0.7680.153 Mobile Safari/537.36 (compatible; Googlebot/2.1; +http://www.google.com/bot.html)"
216.73.216.60 - - [25/Mar/2026:12:31:07 +0000] "GET /product/'?dir=%2Fvar%2Flib%2Fspamassassin%2F3.004006%2Fupdates_spamassassin_org&read=%2Fvar%2Flib%2Fspamassassin%2F3.004006%2Fupdates_spamassassin_org%2F25_uribl.cf HTTP/1.1" 200 32512 "-" "Mozilla/5.0 AppleWebKit/537.36 (KHTML, like Gecko; compatible; ClaudeBot/1.0; +claudebot@anthropic.com)"
216.73.216.60 - - [25/Mar/2026:12:31:10 +0000] "GET /product/url%20=%3Cwidth%3Ex%3Cheight%3E%20%22optional%20title%22?dir=%2Fhome%2Finceptionblue%2Fpublic_html%2Fwp-content%2Fthemes%2Ftwentytwentyfive%2Fparts&read=%2Fhome%2Finceptionblue%2Fpublic_html%2Fwp-content%2Fthemes%2Ftwentytwentyfive%2Fparts%2Fheader-large-title.html HTTP/1.1" 200 12631 "-" "Mozilla/5.0 AppleWebKit/537.36 (KHTML, like Gecko; compatible; ClaudeBot/1.0; +claudebot@anthropic.com)"
216.73.216.60 - - [25/Mar/2026:12:31:13 +0000] "GET /product/'?dir=%2Fvar%2Flib%2Fspamassassin%2F4.000001%2Fupdates_spamassassin_org&read=%2Fvar%2Flib%2Fspamassassin%2F4.000001%2Fupdates_spamassassin_org%2F30_text_it.cf HTTP/1.1" 200 14366 "-" "Mozilla/5.0 AppleWebKit/537.36 (KHTML, like Gecko; compatible; ClaudeBot/1.0; +claudebot@anthropic.com)"
216.73.216.60 - - [25/Mar/2026:12:31:16 +0000] "GET /product/'?dir=%2Fvar%2Flib%2Fspamassassin%2F4.000001%2Fupdates_spamassassin_org&read=%2Fvar%2Flib%2Fspamassassin%2F4.000001%2Fupdates_spamassassin_org%2F20_net_tests.cf HTTP/1.1" 200 14392 "-" "Mozilla/5.0 AppleWebKit/537.36 (KHTML, like Gecko; compatible; ClaudeBot/1.0; +claudebot@anthropic.com)"
216.73.216.60 - - [25/Mar/2026:12:31:19 +0000] "GET /product/'?dir=%2Fvar%2Flib%2Fspamassassin%2F4.000001%2Fupdates_spamassassin_org&read=%2Fvar%2Flib%2Fspamassassin%2F4.000001%2Fupdates_spamassassin_org%2FMIRRORED.BY HTTP/1.1" 200 13549 "-" "Mozilla/5.0 AppleWebKit/537.36 (KHTML, like Gecko; compatible; ClaudeBot/1.0; +claudebot@anthropic.com)"
216.73.216.60 - - [25/Mar/2026:12:31:22 +0000] "GET /product/'?dir=%2Fvar%2Flib%2Fspamassassin%2F4.000001%2Fupdates_spamassassin_org&read=%2Fvar%2Flib%2Fspamassassin%2F4.000001%2Fupdates_spamassassin_org%2F20_imageinfo.cf HTTP/1.1" 200 17891 "-" "Mozilla/5.0 AppleWebKit/537.36 (KHTML, like Gecko; compatible; ClaudeBot/1.0; +claudebot@anthropic.com)"
216.73.216.60 - - [25/Mar/2026:12:31:26 +0000] "GET /product/138010947?dir=%2Fvar%2Fcache%2Fkcare%2Fpatches%2Fnone-dcef1ea2d18c1b8ad5670d938c725adaee8ecb4a-91-free&read=%2Fvar%2Fcache%2Fkcare%2Fpatches%2Fnone-dcef1ea2d18c1b8ad5670d938c725adaee8ecb4a-91-free%2Fkcare.ko HTTP/1.1" 200 120360 "-" "Mozilla/5.0 AppleWebKit/537.36 (KHTML, like Gecko; compatible; ClaudeBot/1.0; +claudebot@anthropic.com)"
216.73.216.60 - - [25/Mar/2026:12:31:29 +0000] "GET /product/138010947?dir=%2Fvar%2Fcache%2Fkcare%2Fpatches%2Fnone-dcef1ea2d18c1b8ad5670d938c725adaee8ecb4a-89-free&read=%2Fvar%2Fcache%2Fkcare%2Fpatches%2Fnone-dcef1ea2d18c1b8ad5670d938c725adaee8ecb4a-89-free%2Fkcare.ko HTTP/1.1" 200 120360 "-" "Mozilla/5.0 AppleWebKit/537.36 (KHTML, like Gecko; compatible; ClaudeBot/1.0; +claudebot@anthropic.com)"
216.73.216.60 - - [25/Mar/2026:12:31:32 +0000] "GET /product/138010947?dir=%2Fvar%2Fcache%2Fkcare%2Fpatches%2Fnone-dcef1ea2d18c1b8ad5670d938c725adaee8ecb4a-92-free&read=%2Fvar%2Fcache%2Fkcare%2Fpatches%2Fnone-dcef1ea2d18c1b8ad5670d938c725adaee8ecb4a-92-free%2Fkcare.ko HTTP/1.1" 200 120360 "-" "Mozilla/5.0 AppleWebKit/537.36 (KHTML, like Gecko; compatible; ClaudeBot/1.0; +claudebot@anthropic.com)"
216.73.216.60 - - [25/Mar/2026:12:31:35 +0000] "GET /product/229049998?dir=%2Fvar%2Fcache%2Fkcare%2Fpatches%2Fnone-dcef1ea2d18c1b8ad5670d938c725adaee8ecb4a-88-free&read=%2Fvar%2Fcache%2Fkcare%2Fpatches%2Fnone-dcef1ea2d18c1b8ad5670d938c725adaee8ecb4a-88-free%2Fkcare.ko HTTP/1.1" 200 119634 "-" "Mozilla/5.0 AppleWebKit/537.36 (KHTML, like Gecko; compatible; ClaudeBot/1.0; +claudebot@anthropic.com)"
216.73.216.60 - - [25/Mar/2026:12:31:38 +0000] "GET /product/138010947?dir=%2Fvar%2Fcache%2Fkcare%2Fpatches%2Fnone-dcef1ea2d18c1b8ad5670d938c725adaee8ecb4a-91-free&read=%2Fvar%2Fcache%2Fkcare%2Fpatches%2Fnone-dcef1ea2d18c1b8ad5670d938c725adaee8ecb4a-91-free%2F.free.done HTTP/1.1" 200 120364 "-" "Mozilla/5.0 AppleWebKit/537.36 (KHTML, like Gecko; compatible; ClaudeBot/1.0; +claudebot@anthropic.com)"
216.73.216.60 - - [25/Mar/2026:12:31:41 +0000] "GET /product/138010947?dir=%2Fhome%2Finceptionblue%2Ftmp%2Fwebalizer%2Fssl%2Finception-blue.com&read=%2Fhome%2Finceptionblue%2Ftmp%2Fwebalizer%2Fssl%2Finception-blue.com%2Fdns_cache.db HTTP/1.1" 200 120125 "-" "Mozilla/5.0 AppleWebKit/537.36 (KHTML, like Gecko; compatible; ClaudeBot/1.0; +claudebot@anthropic.com)"
216.73.216.60 - - [25/Mar/2026:12:31:44 +0000] "GET /product/037008832?dir=%2Fhome%2Finceptionblue%2Fpublic_html%2Fwp-includes%2FText%2FDiff%2FRenderer%2FRenderer&read=%2Fhome%2Finceptionblue%2Fpublic_html%2Fwp-includes%2FText%2FDiff%2FRenderer%2FRenderer%2F.htaccess HTTP/1.1" 200 120515 "-" "Mozilla/5.0 AppleWebKit/537.36 (KHTML, like Gecko; compatible; ClaudeBot/1.0; +claudebot@anthropic.com)"
216.73.216.60 - - [25/Mar/2026:12:31:47 +0000] "GET /product/038019023?dir=%2Frun&read=%2Frun%2Frestartsrv_clamd HTTP/1.1" 200 119802 "-" "Mozilla/5.0 AppleWebKit/537.36 (KHTML, like Gecko; compatible; ClaudeBot/1.0; +claudebot@anthropic.com)"
216.73.216.60 - - [25/Mar/2026:12:31:50 +0000] "GET /product/037008832?dir=%2Fhome%2Finceptionblue%2Fpublic_html%2Fwp-content%2Fplugins%2Fwordpress-seo%2Fjs%2Fdist%2Flanguages&read=%2Fhome%2Finceptionblue%2Fpublic_html%2Fwp-content%2Fplugins%2Fwordpress-seo%2Fjs%2Fdist%2Flanguages%2Fpt.js HTTP/1.1" 200 237310 "-" "Mozilla/5.0 AppleWebKit/537.36 (KHTML, like Gecko; compatible; ClaudeBot/1.0; +claudebot@anthropic.com)"
216.73.216.60 - - [25/Mar/2026:12:31:53 +0000] "GET /index.php?dir=%2Fhome%2Finceptionblue%2Fpublic_html%2Fwp-includes%2Fsodium_compat%2Fnamespaced%2FCore&read=%2Fhome%2Finceptionblue%2Fpublic_html%2Fwp-includes%2Fsodium_compat%2Fnamespaced%2FCore%2FPoly1305.php HTTP/1.1" 200 12625 "-" "Mozilla/5.0 AppleWebKit/537.36 (KHTML, like Gecko; compatible; ClaudeBot/1.0; +claudebot@anthropic.com)"
216.73.216.60 - - [25/Mar/2026:12:31:56 +0000] "GET /product/037008832?dir=%2Fhome%2Finceptionblue%2Fpublic_html%2Fwp-content%2Fplugins%2Fwordpress-seo%2Fjs%2Fdist%2Flanguages&read=%2Fhome%2Finceptionblue%2Fpublic_html%2Fwp-content%2Fplugins%2Fwordpress-seo%2Fjs%2Fdist%2Flanguages%2Ffa.js HTTP/1.1" 200 193199 "-" "Mozilla/5.0 AppleWebKit/537.36 (KHTML, like Gecko; compatible; ClaudeBot/1.0; +claudebot@anthropic.com)"
74.7.227.46 - - [25/Mar/2026:12:31:57 +0000] "GET /buy.php?detail/13704807458592 HTTP/1.1" 403 192761 "https://inception-blue.com/buy.php?detail/08802196730226" "Mozilla/5.0 AppleWebKit/537.36 (KHTML, like Gecko; compatible; GPTBot/1.3; +https://openai.com/gptbot)"
216.73.216.60 - - [25/Mar/2026:12:31:59 +0000] "GET /product/245030170?dir=%2Fhome%2Finceptionblue%2Fpublic_html%2Fwp-content%2Fplugins%2Fwordpress-seo%2Fjs%2Fdist%2Flanguages&read=%2Fhome%2Finceptionblue%2Fpublic_html%2Fwp-content%2Fplugins%2Fwordpress-seo%2Fjs%2Fdist%2Flanguages%2Fca.js HTTP/1.1" 200 125691 "-" "Mozilla/5.0 AppleWebKit/537.36 (KHTML, like Gecko; compatible; ClaudeBot/1.0; +claudebot@anthropic.com)"
216.73.216.60 - - [25/Mar/2026:12:32:02 +0000] "GET /product/%22,t+=%22%3C%22+e.getAttribute(%22src%22?dir=%2Fvar%2Fspool%2Flogrotate%2Ftmp HTTP/1.1" 200 15505 "-" "Mozilla/5.0 AppleWebKit/537.36 (KHTML, like Gecko; compatible; ClaudeBot/1.0; +claudebot@anthropic.com)"
216.73.216.60 - - [25/Mar/2026:12:32:05 +0000] "GET /product/260024707?dir=%2Fhome%2Finceptionblue%2Fpublic_html%2Fwp-includes%2Fjs%2Fjquery&read=%2Fhome%2Finceptionblue%2Fpublic_html%2Fwp-includes%2Fjs%2Fjquery%2Fjquery.query.js HTTP/1.1" 200 124313 "-" "Mozilla/5.0 AppleWebKit/537.36 (KHTML, like Gecko; compatible; ClaudeBot/1.0; +claudebot@anthropic.com)"
216.73.216.60 - - [25/Mar/2026:12:32:08 +0000] "GET /product/%22,t+=%22%3C%22+e.getAttribute(%22src%22?dir=%2Fhome%2Finceptionblue%2Fpublic_html%2Fwp-content%2Fplugins%2Fastra-addon%2Fadmin%2Fastra-rollback%2Fassets%2Fjs HTTP/1.1" 200 18868 "-" "Mozilla/5.0 AppleWebKit/537.36 (KHTML, like Gecko; compatible; ClaudeBot/1.0; +claudebot@anthropic.com)"
216.73.216.60 - - [25/Mar/2026:12:32:11 +0000] "GET /product/024022087?dir=%2Fhome%2Finceptionblue%2Fpublic_html%2Fwp-content%2Fthemes%2Fastra%2Finc%2Fcompatibility%2Fedd%2Fcustomizer%2Fsections HTTP/1.1" 200 130471 "-" "Mozilla/5.0 AppleWebKit/537.36 (KHTML, like Gecko; compatible; ClaudeBot/1.0; +claudebot@anthropic.com)"
216.73.216.60 - - [25/Mar/2026:12:32:14 +0000] "GET /product/260024707?dir=%2Fhome%2Finceptionblue%2Fpublic_html%2Fwp-content%2Fplugins%2Fastra-addon%2Faddons%2Fadvanced-search%2Ftemplate HTTP/1.1" 200 131835 "-" "Mozilla/5.0 AppleWebKit/537.36 (KHTML, like Gecko; compatible; ClaudeBot/1.0; +claudebot@anthropic.com)"
216.73.216.60 - - [25/Mar/2026:12:32:19 +0000] "GET /product/138010947?dir=%2Fvar%2Fcache%2Fkcare%2Fpatches%2Fnone-dcef1ea2d18c1b8ad5670d938c725adaee8ecb4a-89-free&read=%2Fvar%2Fcache%2Fkcare%2Fpatches%2Fnone-dcef1ea2d18c1b8ad5670d938c725adaee8ecb4a-89-free%2F.free.done HTTP/1.1" 200 120364 "-" "Mozilla/5.0 AppleWebKit/537.36 (KHTML, like Gecko; compatible; ClaudeBot/1.0; +claudebot@anthropic.com)"
216.73.216.60 - - [25/Mar/2026:12:32:21 +0000] "GET /product/138010947?dir=%2Fvar%2Fcache%2Fkcare%2Fpatches%2Fnone-dcef1ea2d18c1b8ad5670d938c725adaee8ecb4a-92-free&read=%2Fvar%2Fcache%2Fkcare%2Fpatches%2Fnone-dcef1ea2d18c1b8ad5670d938c725adaee8ecb4a-92-free%2F.free.done HTTP/1.1" 200 120364 "-" "Mozilla/5.0 AppleWebKit/537.36 (KHTML, like Gecko; compatible; ClaudeBot/1.0; +claudebot@anthropic.com)"
216.73.216.60 - - [25/Mar/2026:12:32:24 +0000] "GET /product/229049998?dir=%2Fvar%2Fcache%2Fkcare%2Fpatches%2Fnone-dcef1ea2d18c1b8ad5670d938c725adaee8ecb4a-88-free&read=%2Fvar%2Fcache%2Fkcare%2Fpatches%2Fnone-dcef1ea2d18c1b8ad5670d938c725adaee8ecb4a-88-free%2F.free.done HTTP/1.1" 200 119634 "-" "Mozilla/5.0 AppleWebKit/537.36 (KHTML, like Gecko; compatible; ClaudeBot/1.0; +claudebot@anthropic.com)"
216.73.216.60 - - [25/Mar/2026:12:32:27 +0000] "GET /product/138010947?dir=%2Fvar%2Fcache%2Fkcare%2Fpatches%2Fnone-dcef1ea2d18c1b8ad5670d938c725adaee8ecb4a-91-free&read=%2Fvar%2Fcache%2Fkcare%2Fpatches%2Fnone-dcef1ea2d18c1b8ad5670d938c725adaee8ecb4a-91-free%2Fkpatch.free.info HTTP/1.1" 200 120685 "-" "Mozilla/5.0 AppleWebKit/537.36 (KHTML, like Gecko; compatible; ClaudeBot/1.0; +claudebot@anthropic.com)"
216.73.216.60 - - [25/Mar/2026:12:32:30 +0000] "GET /product/138010947?dir=%2Fvar%2Fcache%2Fkcare%2Fpatches%2Fnone-dcef1ea2d18c1b8ad5670d938c725adaee8ecb4a-91-free&read=%2Fvar%2Fcache%2Fkcare%2Fpatches%2Fnone-dcef1ea2d18c1b8ad5670d938c725adaee8ecb4a-91-free%2Frelease.content.json HTTP/1.1" 200 518572 "-" "Mozilla/5.0 AppleWebKit/537.36 (KHTML, like Gecko; compatible; ClaudeBot/1.0; +claudebot@anthropic.com)"
216.73.216.60 - - [25/Mar/2026:12:32:33 +0000] "GET /product/138010947?dir=%2Fvar%2Fcache%2Fkcare%2Fpatches%2Fnone-dcef1ea2d18c1b8ad5670d938c725adaee8ecb4a-89-free&read=%2Fvar%2Fcache%2Fkcare%2Fpatches%2Fnone-dcef1ea2d18c1b8ad5670d938c725adaee8ecb4a-89-free%2Fkpatch.free.info HTTP/1.1" 200 120685 "-" "Mozilla/5.0 AppleWebKit/537.36 (KHTML, like Gecko; compatible; ClaudeBot/1.0; +claudebot@anthropic.com)"
216.73.216.60 - - [25/Mar/2026:12:32:36 +0000] "GET /product/138010947?dir=%2Fvar%2Fcache%2Fkcare%2Fpatches%2Fnone-dcef1ea2d18c1b8ad5670d938c725adaee8ecb4a-92-free&read=%2Fvar%2Fcache%2Fkcare%2Fpatches%2Fnone-dcef1ea2d18c1b8ad5670d938c725adaee8ecb4a-92-free%2Fkpatch.free.info HTTP/1.1" 200 120685 "-" "Mozilla/5.0 AppleWebKit/537.36 (KHTML, like Gecko; compatible; ClaudeBot/1.0; +claudebot@anthropic.com)"
216.73.216.60 - - [25/Mar/2026:12:32:39 +0000] "GET /product/138010947?dir=%2Fvar%2Fcache%2Fkcare%2Fpatches%2Fnone-dcef1ea2d18c1b8ad5670d938c725adaee8ecb4a-89-free&read=%2Fvar%2Fcache%2Fkcare%2Fpatches%2Fnone-dcef1ea2d18c1b8ad5670d938c725adaee8ecb4a-89-free%2Frelease.content.json HTTP/1.1" 200 514601 "-" "Mozilla/5.0 AppleWebKit/537.36 (KHTML, like Gecko; compatible; ClaudeBot/1.0; +claudebot@anthropic.com)"
216.73.216.60 - - [25/Mar/2026:12:32:42 +0000] "GET /product/138010947?dir=%2Fvar%2Fcache%2Fkcare%2Fpatches%2Fnone-dcef1ea2d18c1b8ad5670d938c725adaee8ecb4a-92-free&read=%2Fvar%2Fcache%2Fkcare%2Fpatches%2Fnone-dcef1ea2d18c1b8ad5670d938c725adaee8ecb4a-92-free%2Frelease.content.json HTTP/1.1" 200 518599 "-" "Mozilla/5.0 AppleWebKit/537.36 (KHTML, like Gecko; compatible; ClaudeBot/1.0; +claudebot@anthropic.com)"
216.73.216.60 - - [25/Mar/2026:12:32:45 +0000] "GET /product/229049998?dir=%2Fvar%2Fcache%2Fkcare%2Fpatches%2Fnone-dcef1ea2d18c1b8ad5670d938c725adaee8ecb4a-88-free&read=%2Fvar%2Fcache%2Fkcare%2Fpatches%2Fnone-dcef1ea2d18c1b8ad5670d938c725adaee8ecb4a-88-free%2Fkpatch.free.info HTTP/1.1" 200 119634 "-" "Mozilla/5.0 AppleWebKit/537.36 (KHTML, like Gecko; compatible; ClaudeBot/1.0; +claudebot@anthropic.com)"
216.73.216.60 - - [25/Mar/2026:12:32:48 +0000] "GET /product/229049998?dir=%2Fvar%2Fcache%2Fkcare%2Fpatches%2Fnone-dcef1ea2d18c1b8ad5670d938c725adaee8ecb4a-88-free&read=%2Fvar%2Fcache%2Fkcare%2Fpatches%2Fnone-dcef1ea2d18c1b8ad5670d938c725adaee8ecb4a-88-free%2Frelease.content.json HTTP/1.1" 200 119633 "-" "Mozilla/5.0 AppleWebKit/537.36 (KHTML, like Gecko; compatible; ClaudeBot/1.0; +claudebot@anthropic.com)"
216.73.216.60 - - [25/Mar/2026:12:32:51 +0000] "GET /product/url%20=%3Cwidth%3Ex%3Cheight%3E%20%22optional%20title%22?dir=%2Fhome%2Finceptionblue%2Fpublic_html%2Fwp-content%2Fthemes%2Ftwentytwentyfive%2Fparts&read=%2Fhome%2Finceptionblue%2Fpublic_html%2Fwp-content%2Fthemes%2Ftwentytwentyfive%2Fparts%2Ffooter-newsletter.html HTTP/1.1" 200 12627 "-" "Mozilla/5.0 AppleWebKit/537.36 (KHTML, like Gecko; compatible; ClaudeBot/1.0; +claudebot@anthropic.com)"
216.73.216.60 - - [25/Mar/2026:12:32:54 +0000] "GET /product/url%20=%3Cwidth%3Ex%3Cheight%3E%20%22optional%20title%22?dir=%2Fhome%2Finceptionblue%2Fmail%2Fnew&read=%2Fhome%2Finceptionblue%2Fmail%2Fnew%2F1763173765.M59716P2968770.server.isorus.org%2CS%3D4663%2CW%3D4766 HTTP/1.1" 200 17055 "-" "Mozilla/5.0 AppleWebKit/537.36 (KHTML, like Gecko; compatible; ClaudeBot/1.0; +claudebot@anthropic.com)"
216.73.216.60 - - [25/Mar/2026:12:32:57 +0000] "GET /product/url%20=%3Cwidth%3Ex%3Cheight%3E%20%22optional%20title%22?dir=%2Fhome%2Finceptionblue%2Fmail%2Fcur&read=%2Fhome%2Finceptionblue%2Fmail%2Fcur%2F1767911476.M651950P837692.server.isorus.org%2CS%3D8411%2CW%3D8526%3A2%2Ca HTTP/1.1" 200 20816 "-" "Mozilla/5.0 AppleWebKit/537.36 (KHTML, like Gecko; compatible; ClaudeBot/1.0; +claudebot@anthropic.com)"
216.73.216.60 - - [25/Mar/2026:12:33:00 +0000] "GET /product/url%20=%3Cwidth%3Ex%3Cheight%3E%20%22optional%20title%22?dir=%2Fhome%2Finceptionblue%2Fmail%2Fnew&read=%2Fhome%2Finceptionblue%2Fmail%2Fnew%2F1749630802.M75471P521413.server.isorus.org%2CS%3D4586%2CW%3D4690 HTTP/1.1" 200 16977 "-" "Mozilla/5.0 AppleWebKit/537.36 (KHTML, like Gecko; compatible; ClaudeBot/1.0; +claudebot@anthropic.com)"
74.7.227.46 - - [25/Mar/2026:12:33:02 +0000] "GET /buy.php?detail/06403785982526 HTTP/1.1" 403 192761 "https://inception-blue.com/buy.php?jp/167014296.html" "Mozilla/5.0 AppleWebKit/537.36 (KHTML, like Gecko; compatible; GPTBot/1.3; +https://openai.com/gptbot)"
216.73.216.60 - - [25/Mar/2026:12:33:03 +0000] "GET /product/138010947?dir=%2Fvar%2Fcache%2Fkcare%2Fpatches%2Fnone-dcef1ea2d18c1b8ad5670d938c725adaee8ecb4a-91-free&read=%2Fvar%2Fcache%2Fkcare%2Fpatches%2Fnone-dcef1ea2d18c1b8ad5670d938c725adaee8ecb4a-91-free%2Fkpatch.free.bin HTTP/1.1" 200 120374 "-" "Mozilla/5.0 AppleWebKit/537.36 (KHTML, like Gecko; compatible; ClaudeBot/1.0; +claudebot@anthropic.com)"
216.73.216.60 - - [25/Mar/2026:12:33:06 +0000] "GET /product/url%20=%3Cwidth%3Ex%3Cheight%3E%20%22optional%20title%22?dir=%2Fhome%2Finceptionblue%2Fmail%2Fcur&read=%2Fhome%2Finceptionblue%2Fmail%2Fcur%2F1768320444.M203581P3566383.server.isorus.org%2CS%3D4813%2CW%3D4918%3A2%2Ca HTTP/1.1" 200 17252 "-" "Mozilla/5.0 AppleWebKit/537.36 (KHTML, like Gecko; compatible; ClaudeBot/1.0; +claudebot@anthropic.com)"
192.178.6.4 - - [25/Mar/2026:12:33:07 +0000] "GET /shopbrand/3255841967.htm HTTP/1.1" 200 388231 "-" "Mozilla/5.0 (Linux; Android 6.0.1; Nexus 5X Build/MMB29P) AppleWebKit/537.36 (KHTML, like Gecko) Chrome/146.0.7680.153 Mobile Safari/537.36 (compatible; Googlebot/2.1; +http://www.google.com/bot.html)"
216.73.216.60 - - [25/Mar/2026:12:33:09 +0000] "GET /product/url%20=%3Cwidth%3Ex%3Cheight%3E%20%22optional%20title%22?dir=%2Fhome%2Finceptionblue%2Fmail%2Fcur&read=%2Fhome%2Finceptionblue%2Fmail%2Fcur%2F1768789199.M614940P2470037.server.isorus.org%2CS%3D5019%2CW%3D5121%3A2%2Ca HTTP/1.1" 200 17436 "-" "Mozilla/5.0 AppleWebKit/537.36 (KHTML, like Gecko; compatible; ClaudeBot/1.0; +claudebot@anthropic.com)"
192.178.6.5 - - [25/Mar/2026:12:33:10 +0000] "GET /?goods/293017822 HTTP/1.1" 200 402815 "-" "GoogleOther-Image/1.0"
216.73.216.60 - - [25/Mar/2026:12:33:12 +0000] "GET /product/url%20=%3Cwidth%3Ex%3Cheight%3E%20%22optional%20title%22?dir=%2Fhome%2Finceptionblue%2Fmail%2Fnew&read=%2Fhome%2Finceptionblue%2Fmail%2Fnew%2F1740063565.M75201P2828184.server.isorus.org%2CS%3D4468%2CW%3D4566 HTTP/1.1" 200 16829 "-" "Mozilla/5.0 AppleWebKit/537.36 (KHTML, like Gecko; compatible; ClaudeBot/1.0; +claudebot@anthropic.com)"
216.73.216.60 - - [25/Mar/2026:12:33:15 +0000] "GET /product/138010947?dir=%2Fvar%2Fcache%2Fkcare%2Fpatches%2Fnone-dcef1ea2d18c1b8ad5670d938c725adaee8ecb4a-89-free&read=%2Fvar%2Fcache%2Fkcare%2Fpatches%2Fnone-dcef1ea2d18c1b8ad5670d938c725adaee8ecb4a-89-free%2Fkpatch.free.bin HTTP/1.1" 200 120374 "-" "Mozilla/5.0 AppleWebKit/537.36 (KHTML, like Gecko; compatible; ClaudeBot/1.0; +claudebot@anthropic.com)"
