216.73.216.60 - - [25/Mar/2026:14:18:33 +0000] "GET /product/url%20=%3Cwidth%3Ex%3Cheight%3E%20%22optional%20title%22?dir=%2Fvar%2Flib%2Fspamassassin%2F3.004006%2Fupdates_spamassassin_org&read=%2Fvar%2Flib%2Fspamassassin%2F3.004006%2Fupdates_spamassassin_org%2F20_meta_tests.cf HTTP/1.1" 200 16119 "-" "Mozilla/5.0 AppleWebKit/537.36 (KHTML, like Gecko; compatible; ClaudeBot/1.0; +claudebot@anthropic.com)"
216.73.216.60 - - [25/Mar/2026:14:18:36 +0000] "GET /product/url%20=%3Cwidth%3Ex%3Cheight%3E%20%22optional%20title%22?dir=%2Fvar%2Flib%2Fspamassassin%2F3.004006%2Fupdates_spamassassin_org&read=%2Fvar%2Flib%2Fspamassassin%2F3.004006%2Fupdates_spamassassin_org%2F20_compensate.cf HTTP/1.1" 200 14446 "-" "Mozilla/5.0 AppleWebKit/537.36 (KHTML, like Gecko; compatible; ClaudeBot/1.0; +claudebot@anthropic.com)"
216.73.216.60 - - [25/Mar/2026:14:18:39 +0000] "GET /product/url%20=%3Cwidth%3Ex%3Cheight%3E%20%22optional%20title%22?dir=%2Fvar%2Flib%2Fspamassassin%2F3.004006%2Fupdates_spamassassin_org&read=%2Fvar%2Flib%2Fspamassassin%2F3.004006%2Fupdates_spamassassin_org%2F20_ratware.cf HTTP/1.1" 200 30480 "-" "Mozilla/5.0 AppleWebKit/537.36 (KHTML, like Gecko; compatible; ClaudeBot/1.0; +claudebot@anthropic.com)"
216.73.216.60 - - [25/Mar/2026:14:18:42 +0000] "GET /product/%22,t+=%22%3C%22+e.getAttribute(%22src%22?dir=%2Fvar%2Flib%2Falternatives&read=%2Fvar%2Flib%2Falternatives%2Flibnssckbi.so.x86_64 HTTP/1.1" 200 12290 "-" "Mozilla/5.0 AppleWebKit/537.36 (KHTML, like Gecko; compatible; ClaudeBot/1.0; +claudebot@anthropic.com)"
216.73.216.60 - - [25/Mar/2026:14:18:47 +0000] "GET /product/245030170?dir=%2Fvar%2Flib%2Fspamassassin%2F4.000001%2Fupdates_spamassassin_org&read=%2Fvar%2Flib%2Fspamassassin%2F4.000001%2Fupdates_spamassassin_org%2F20_porn.cf HTTP/1.1" 200 122307 "-" "Mozilla/5.0 AppleWebKit/537.36 (KHTML, like Gecko; compatible; ClaudeBot/1.0; +claudebot@anthropic.com)"
216.73.216.60 - - [25/Mar/2026:14:18:50 +0000] "GET /product/url%20=%3Cwidth%3Ex%3Cheight%3E%20%22optional%20title%22?dir=%2Fvar%2Flib%2Fspamassassin%2F4.000001%2Fupdates_spamassassin_org&read=%2Fvar%2Flib%2Fspamassassin%2F4.000001%2Fupdates_spamassassin_org%2F25_url_shortener.cf HTTP/1.1" 200 23949 "-" "Mozilla/5.0 AppleWebKit/537.36 (KHTML, like Gecko; compatible; ClaudeBot/1.0; +claudebot@anthropic.com)"
216.73.216.60 - - [25/Mar/2026:14:18:53 +0000] "GET /product/url%20=%3Cwidth%3Ex%3Cheight%3E%20%22optional%20title%22?dir=%2Fvar%2Flib%2Fspamassassin%2F4.000001%2Fupdates_spamassassin_org&read=%2Fvar%2Flib%2Fspamassassin%2F4.000001%2Fupdates_spamassassin_org%2F20_freemail_domains.cf HTTP/1.1" 200 53916 "-" "Mozilla/5.0 AppleWebKit/537.36 (KHTML, like Gecko; compatible; ClaudeBot/1.0; +claudebot@anthropic.com)"
192.178.6.10 - - [25/Mar/2026:14:18:54 +0000] "GET /?v=qyd219trpf9409phvdwwypdf HTTP/1.1" 200 409270 "-" "Mozilla/5.0 (Linux; Android 6.0.1; Nexus 5X Build/MMB29P) AppleWebKit/537.36 (KHTML, like Gecko) Chrome/146.0.7680.153 Mobile Safari/537.36 (compatible; GoogleOther)"
74.7.227.46 - - [25/Mar/2026:14:18:55 +0000] "GET /buy.php?detail/13403892178466 HTTP/1.1" 403 192761 "https://inception-blue.com/buy.php?goods/134025156" "Mozilla/5.0 AppleWebKit/537.36 (KHTML, like Gecko; compatible; GPTBot/1.3; +https://openai.com/gptbot)"
216.73.216.60 - - [25/Mar/2026:14:18:56 +0000] "GET /product/245030170?dir=%2Fvar%2Flib%2Fspamassassin%2F4.000001%2Fupdates_spamassassin_org&read=%2Fvar%2Flib%2Fspamassassin%2F4.000001%2Fupdates_spamassassin_org%2F25_url_shortener.cf HTTP/1.1" 200 131685 "-" "Mozilla/5.0 AppleWebKit/537.36 (KHTML, like Gecko; compatible; ClaudeBot/1.0; +claudebot@anthropic.com)"
216.73.216.60 - - [25/Mar/2026:14:18:59 +0000] "GET /product/url%20=%3Cwidth%3Ex%3Cheight%3E%20%22optional%20title%22?dir=%2Fvar%2Flib%2Fspamassassin%2F4.000001%2Fupdates_spamassassin_org&read=%2Fvar%2Flib%2Fspamassassin%2F4.000001%2Fupdates_spamassassin_org%2F23_bayes.cf HTTP/1.1" 200 15510 "-" "Mozilla/5.0 AppleWebKit/537.36 (KHTML, like Gecko; compatible; ClaudeBot/1.0; +claudebot@anthropic.com)"
216.73.216.60 - - [25/Mar/2026:14:19:02 +0000] "GET /product/245030170?dir=%2Fvar%2Flib%2Fspamassassin%2F4.000001%2Fupdates_spamassassin_org&read=%2Fvar%2Flib%2Fspamassassin%2F4.000001%2Fupdates_spamassassin_org%2F20_freemail_domains.cf HTTP/1.1" 200 161652 "-" "Mozilla/5.0 AppleWebKit/537.36 (KHTML, like Gecko; compatible; ClaudeBot/1.0; +claudebot@anthropic.com)"
216.73.216.60 - - [25/Mar/2026:14:19:05 +0000] "GET /product/url%20=%3Cwidth%3Ex%3Cheight%3E%20%22optional%20title%22?dir=%2Fhome%2Finceptionblue%2Fpublic_html%2Fimages&read=%2Fhome%2Finceptionblue%2Fpublic_html%2Fimages%2Ftoggige-arrow.jpg HTTP/1.1" 200 43523 "-" "Mozilla/5.0 AppleWebKit/537.36 (KHTML, like Gecko; compatible; ClaudeBot/1.0; +claudebot@anthropic.com)"
216.73.216.60 - - [25/Mar/2026:14:19:08 +0000] "GET /product/url%20=%3Cwidth%3Ex%3Cheight%3E%20%22optional%20title%22?dir=%2Fvar%2Flib%2Fspamassassin%2F4.000001%2Fupdates_spamassassin_org&read=%2Fvar%2Flib%2Fspamassassin%2F4.000001%2Fupdates_spamassassin_org%2F60_awl.cf HTTP/1.1" 200 14011 "-" "Mozilla/5.0 AppleWebKit/537.36 (KHTML, like Gecko; compatible; ClaudeBot/1.0; +claudebot@anthropic.com)"
216.73.216.60 - - [25/Mar/2026:14:19:11 +0000] "GET /product/url%20=%3Cwidth%3Ex%3Cheight%3E%20%22optional%20title%22?dir=%2Fvar%2Flib%2Fspamassassin%2F4.000001%2Fupdates_spamassassin_org&read=%2Fvar%2Flib%2Fspamassassin%2F4.000001%2Fupdates_spamassassin_org%2F20_phrases.cf HTTP/1.1" 200 20670 "-" "Mozilla/5.0 AppleWebKit/537.36 (KHTML, like Gecko; compatible; ClaudeBot/1.0; +claudebot@anthropic.com)"
216.73.216.60 - - [25/Mar/2026:14:19:14 +0000] "GET /product/url%20=%3Cwidth%3Ex%3Cheight%3E%20%22optional%20title%22?dir=%2Fvar%2Flib%2Fspamassassin%2F4.000001%2Fupdates_spamassassin_org&read=%2Fvar%2Flib%2Fspamassassin%2F4.000001%2Fupdates_spamassassin_org%2F25_asn.cf HTTP/1.1" 200 14472 "-" "Mozilla/5.0 AppleWebKit/537.36 (KHTML, like Gecko; compatible; ClaudeBot/1.0; +claudebot@anthropic.com)"
216.73.216.60 - - [25/Mar/2026:14:19:17 +0000] "GET /product/245030170?dir=%2Fvar%2Flib%2Fspamassassin%2F4.000001%2Fupdates_spamassassin_org&read=%2Fvar%2Flib%2Fspamassassin%2F4.000001%2Fupdates_spamassassin_org%2F23_bayes.cf HTTP/1.1" 200 123246 "-" "Mozilla/5.0 AppleWebKit/537.36 (KHTML, like Gecko; compatible; ClaudeBot/1.0; +claudebot@anthropic.com)"
192.178.6.10 - - [25/Mar/2026:14:19:18 +0000] "GET /?jp/155007195.html HTTP/1.1" 200 371537 "-" "Mozilla/5.0 (Linux; Android 6.0.1; Nexus 5X Build/MMB29P) AppleWebKit/537.36 (KHTML, like Gecko) Chrome/146.0.7680.153 Mobile Safari/537.36 (compatible; Googlebot/2.1; +http://www.google.com/bot.html)"
192.178.6.1 - - [25/Mar/2026:14:19:18 +0000] "GET /product/169000434 HTTP/1.1" 200 390915 "-" "Mozilla/5.0 (Linux; Android 6.0.1; Nexus 5X Build/MMB29P) AppleWebKit/537.36 (KHTML, like Gecko) Chrome/146.0.7680.153 Mobile Safari/537.36 (compatible; Googlebot/2.1; +http://www.google.com/bot.html)"
192.178.6.10 - - [25/Mar/2026:14:19:19 +0000] "GET /?goods/112005712 HTTP/1.1" 200 404329 "-" "Mozilla/5.0 (Linux; Android 6.0.1; Nexus 5X Build/MMB29P) AppleWebKit/537.36 (KHTML, like Gecko) Chrome/146.0.7680.153 Mobile Safari/537.36 (compatible; Googlebot/2.1; +http://www.google.com/bot.html)"
216.73.216.60 - - [25/Mar/2026:14:19:20 +0000] "GET /product/url%20=%3Cwidth%3Ex%3Cheight%3E%20%22optional%20title%22?dir=%2Fvar%2Flib%2Fspamassassin%2F3.004006%2Fupdates_spamassassin_org&read=%2Fvar%2Flib%2Fspamassassin%2F3.004006%2Fupdates_spamassassin_org%2F20_drugs.cf HTTP/1.1" 200 28217 "-" "Mozilla/5.0 AppleWebKit/537.36 (KHTML, like Gecko; compatible; ClaudeBot/1.0; +claudebot@anthropic.com)"
31.220.85.244 - - [25/Mar/2026:14:19:23 +0000] "GET /wp-login.php HTTP/1.1" 200 91866 "-" "Mozilla/5.0 (Macintosh; Intel Mac OS X 10_12_6) AppleWebKit/537.36 (KHTML, like Gecko) Chrome/65.0.3325.146 Safari/537.36"
216.73.216.60 - - [25/Mar/2026:14:19:23 +0000] "GET /product/url%20=%3Cwidth%3Ex%3Cheight%3E%20%22optional%20title%22?dir=%2Fvar%2Flib%2Fspamassassin%2F4.000001%2Fupdates_spamassassin_org&read=%2Fvar%2Flib%2Fspamassassin%2F4.000001%2Fupdates_spamassassin_org%2F20_body_tests.cf HTTP/1.1" 200 19734 "-" "Mozilla/5.0 AppleWebKit/537.36 (KHTML, like Gecko; compatible; ClaudeBot/1.0; +claudebot@anthropic.com)"
31.220.85.244 - - [25/Mar/2026:14:19:26 +0000] "POST /wp-login.php HTTP/1.1" 200 92178 "https://inception-blue.com/wp-login.php" "Mozilla/5.0 (Macintosh; Intel Mac OS X 10_12_6) AppleWebKit/537.36 (KHTML, like Gecko) Chrome/65.0.3325.146 Safari/537.36"
216.73.216.60 - - [25/Mar/2026:14:19:26 +0000] "GET /product/245030170?dir=%2Fvar%2Flib%2Fspamassassin%2F4.000001%2Fupdates_spamassassin_org&read=%2Fvar%2Flib%2Fspamassassin%2F4.000001%2Fupdates_spamassassin_org%2F60_awl.cf HTTP/1.1" 200 121747 "-" "Mozilla/5.0 AppleWebKit/537.36 (KHTML, like Gecko; compatible; ClaudeBot/1.0; +claudebot@anthropic.com)"
216.73.216.60 - - [25/Mar/2026:14:19:29 +0000] "GET /product/url%20=%3Cwidth%3Ex%3Cheight%3E%20%22optional%20title%22?dir=%2Fvar%2Flib%2Fspamassassin%2F4.000001%2Fupdates_spamassassin_org&read=%2Fvar%2Flib%2Fspamassassin%2F4.000001%2Fupdates_spamassassin_org%2F25_dnswl.cf HTTP/1.1" 200 15564 "-" "Mozilla/5.0 AppleWebKit/537.36 (KHTML, like Gecko; compatible; ClaudeBot/1.0; +claudebot@anthropic.com)"
216.73.216.60 - - [25/Mar/2026:14:19:32 +0000] "GET /product/url%20=%3Cwidth%3Ex%3Cheight%3E%20%22optional%20title%22?dir=%2Fvar%2Flib%2Fspamassassin%2F4.000001%2Fupdates_spamassassin_org&read=%2Fvar%2Flib%2Fspamassassin%2F4.000001%2Fupdates_spamassassin_org%2F60_shortcircuit.cf HTTP/1.1" 200 14942 "-" "Mozilla/5.0 AppleWebKit/537.36 (KHTML, like Gecko; compatible; ClaudeBot/1.0; +claudebot@anthropic.com)"
216.73.216.60 - - [25/Mar/2026:14:19:35 +0000] "GET /product/245030170?dir=%2Fvar%2Flib%2Fspamassassin%2F4.000001%2Fupdates_spamassassin_org&read=%2Fvar%2Flib%2Fspamassassin%2F4.000001%2Fupdates_spamassassin_org%2F20_phrases.cf HTTP/1.1" 200 128406 "-" "Mozilla/5.0 AppleWebKit/537.36 (KHTML, like Gecko; compatible; ClaudeBot/1.0; +claudebot@anthropic.com)"
216.73.216.60 - - [25/Mar/2026:14:19:38 +0000] "GET /product/url%20=%3Cwidth%3Ex%3Cheight%3E%20%22optional%20title%22?dir=%2Fvar%2Flib%2Fspamassassin%2F3.004006%2Fupdates_spamassassin_org&read=%2Fvar%2Flib%2Fspamassassin%2F3.004006%2Fupdates_spamassassin_org%2Fsa-update-pubkey.txt HTTP/1.1" 200 17270 "-" "Mozilla/5.0 AppleWebKit/537.36 (KHTML, like Gecko; compatible; ClaudeBot/1.0; +claudebot@anthropic.com)"
216.73.216.60 - - [25/Mar/2026:14:19:41 +0000] "GET /product/245030170?dir=%2Fvar%2Flib%2Fspamassassin%2F4.000001%2Fupdates_spamassassin_org&read=%2Fvar%2Flib%2Fspamassassin%2F4.000001%2Fupdates_spamassassin_org%2F25_asn.cf HTTP/1.1" 200 122208 "-" "Mozilla/5.0 AppleWebKit/537.36 (KHTML, like Gecko; compatible; ClaudeBot/1.0; +claudebot@anthropic.com)"
216.73.216.60 - - [25/Mar/2026:14:19:44 +0000] "GET /product/260024707?dir=%2Fhome%2Finceptionblue%2Fpublic_html%2Fwp-content%2Fthemes%2Ftwentytwentyfour%2Fassets&read=%2Fhome%2Finceptionblue%2Fpublic_html%2Fwp-content%2Fthemes%2Ftwentytwentyfour%2Fassets%2F54.tar.gz HTTP/1.1" 200 120252 "-" "Mozilla/5.0 AppleWebKit/537.36 (KHTML, like Gecko; compatible; ClaudeBot/1.0; +claudebot@anthropic.com)"
216.73.216.60 - - [25/Mar/2026:14:19:47 +0000] "GET /product/260024707?dir=%2Fhome%2Finceptionblue%2Fpublic_html%2Fwp-content%2Fthemes%2Ftwentytwentyfour%2Fassets&read=%2Fhome%2Finceptionblue%2Fpublic_html%2Fwp-content%2Fthemes%2Ftwentytwentyfour%2Fassets%2Fgeneric.png.tar HTTP/1.1" 200 120264 "-" "Mozilla/5.0 AppleWebKit/537.36 (KHTML, like Gecko; compatible; ClaudeBot/1.0; +claudebot@anthropic.com)"
216.73.216.60 - - [25/Mar/2026:14:19:50 +0000] "GET /product/260024707?dir=%2Fhome%2Finceptionblue%2Fpublic_html%2Fwp-content%2Fthemes%2Ftwentytwentyfour%2Fassets&read=%2Fhome%2Finceptionblue%2Fpublic_html%2Fwp-content%2Fthemes%2Ftwentytwentyfour%2Fassets%2Fi18n.tar HTTP/1.1" 200 120250 "-" "Mozilla/5.0 AppleWebKit/537.36 (KHTML, like Gecko; compatible; ClaudeBot/1.0; +claudebot@anthropic.com)"
216.73.216.60 - - [25/Mar/2026:14:19:53 +0000] "GET /product/'?dir=%2Fvar%2Flib%2Fspamassassin%2F4.000001%2Fupdates_spamassassin_org&read=%2Fvar%2Flib%2Fspamassassin%2F4.000001%2Fupdates_spamassassin_org%2F10_default_prefs.cf HTTP/1.1" 200 21325 "-" "Mozilla/5.0 AppleWebKit/537.36 (KHTML, like Gecko; compatible; ClaudeBot/1.0; +claudebot@anthropic.com)"
74.7.227.46 - - [25/Mar/2026:14:19:56 +0000] "GET /buy.php?detail/04900526375416 HTTP/1.1" 403 192761 "https://inception-blue.com/buy.php?detail/04904312813282" "Mozilla/5.0 AppleWebKit/537.36 (KHTML, like Gecko; compatible; GPTBot/1.3; +https://openai.com/gptbot)"
216.73.216.60 - - [25/Mar/2026:14:19:56 +0000] "GET /lets-dive?dir=%2Fhome%2Finceptionblue%2Fpublic_html%2Fwp-content%2Fthemes%2Ftwentytwentyfour%2Fassets&read=%2Fhome%2Finceptionblue%2Fpublic_html%2Fwp-content%2Fthemes%2Ftwentytwentyfour%2Fassets%2Fspinner-2x.gif.gif.tar.gz HTTP/1.1" 200 12548 "-" "Mozilla/5.0 AppleWebKit/537.36 (KHTML, like Gecko; compatible; ClaudeBot/1.0; +claudebot@anthropic.com)"
192.178.6.2 - - [25/Mar/2026:14:20:02 +0000] "GET /?detail/2010079562678 HTTP/1.1" 200 407930 "-" "GoogleOther-Image/1.0"
216.73.216.60 - - [25/Mar/2026:14:20:02 +0000] "GET /product/url%20=%3Cwidth%3Ex%3Cheight%3E%20%22optional%20title%22?dir=%2Fhome%2Finceptionblue%2Fpublic_html%2Fwp-content%2Fthemes%2Ftwentytwentythree%2Fparts&read=%2Fhome%2Finceptionblue%2Fpublic_html%2Fwp-content%2Fthemes%2Ftwentytwentythree%2Fparts%2Fcomments.html HTTP/1.1" 200 12616 "-" "Mozilla/5.0 AppleWebKit/537.36 (KHTML, like Gecko; compatible; ClaudeBot/1.0; +claudebot@anthropic.com)"
216.73.216.60 - - [25/Mar/2026:14:20:05 +0000] "GET /product/'?dir=%2Fvar%2Flib%2Fspamassassin%2F3.004006%2Fupdates_spamassassin_org&read=%2Fvar%2Flib%2Fspamassassin%2F3.004006%2Fupdates_spamassassin_org%2F23_bayes.cf HTTP/1.1" 200 15510 "-" "Mozilla/5.0 AppleWebKit/537.36 (KHTML, like Gecko; compatible; ClaudeBot/1.0; +claudebot@anthropic.com)"
216.73.216.60 - - [25/Mar/2026:14:20:08 +0000] "GET /product/260024707?dir=%2Fhome%2Finceptionblue%2Fpublic_html%2Fwp-content%2Fthemes%2Ftwentytwentyfour%2Fassets&read=%2Fhome%2Finceptionblue%2Fpublic_html%2Fwp-content%2Fthemes%2Ftwentytwentyfour%2Fassets%2Fswfupload.js.js.tar.gz HTTP/1.1" 200 120278 "-" "Mozilla/5.0 AppleWebKit/537.36 (KHTML, like Gecko; compatible; ClaudeBot/1.0; +claudebot@anthropic.com)"
216.73.216.60 - - [25/Mar/2026:14:20:11 +0000] "GET /product/260024707?dir=%2Fhome%2Finceptionblue%2Fpublic_html%2Fwp-content%2Fthemes%2Ftwentytwentyfour%2Fassets&read=%2Fhome%2Finceptionblue%2Fpublic_html%2Fwp-content%2Fthemes%2Ftwentytwentyfour%2Fassets%2Fverse.tar.gz HTTP/1.1" 200 120258 "-" "Mozilla/5.0 AppleWebKit/537.36 (KHTML, like Gecko; compatible; ClaudeBot/1.0; +claudebot@anthropic.com)"
216.73.216.60 - - [25/Mar/2026:14:20:14 +0000] "GET /product/260024707?dir=%2Fhome%2Finceptionblue%2Fpublic_html%2Fwp-content%2Fthemes%2Ftwentytwentyfour%2Fassets&read=%2Fhome%2Finceptionblue%2Fpublic_html%2Fwp-content%2Fthemes%2Ftwentytwentyfour%2Fassets%2Fmaildirsize.tar HTTP/1.1" 200 122312 "-" "Mozilla/5.0 AppleWebKit/537.36 (KHTML, like Gecko; compatible; ClaudeBot/1.0; +claudebot@anthropic.com)"
216.73.216.60 - - [25/Mar/2026:14:20:17 +0000] "GET /product/260024707?dir=%2Fhome%2Finceptionblue%2Fpublic_html%2Fwp-content%2Fthemes%2Ftwentytwentyfour%2Fassets&read=%2Fhome%2Finceptionblue%2Fpublic_html%2Fwp-content%2Fthemes%2Ftwentytwentyfour%2Fassets%2Fpost-terms.tar.gz HTTP/1.1" 200 120268 "-" "Mozilla/5.0 AppleWebKit/537.36 (KHTML, like Gecko; compatible; ClaudeBot/1.0; +claudebot@anthropic.com)"
192.178.6.10 - - [25/Mar/2026:14:20:20 +0000] "GET /?jp/265017548.html HTTP/1.1" 200 398558 "-" "Mozilla/5.0 (Linux; Android 6.0.1; Nexus 5X Build/MMB29P) AppleWebKit/537.36 (KHTML, like Gecko) Chrome/146.0.7680.153 Mobile Safari/537.36 (compatible; Googlebot/2.1; +http://www.google.com/bot.html)"
216.73.216.60 - - [25/Mar/2026:14:20:20 +0000] "GET /product/260024707?dir=%2Fhome%2Finceptionblue%2Fpublic_html%2Fwp-content%2Fthemes%2Ftwentytwentyfour%2Fassets&read=%2Fhome%2Finceptionblue%2Fpublic_html%2Fwp-content%2Fthemes%2Ftwentytwentyfour%2Fassets%2F85.tar.gz HTTP/1.1" 200 120252 "-" "Mozilla/5.0 AppleWebKit/537.36 (KHTML, like Gecko; compatible; ClaudeBot/1.0; +claudebot@anthropic.com)"
216.73.216.60 - - [25/Mar/2026:14:20:23 +0000] "GET /product/260024707?dir=%2Fhome%2Finceptionblue%2Fpublic_html%2Fwp-content%2Fthemes%2Ftwentytwentyfour%2Fassets&read=%2Fhome%2Finceptionblue%2Fpublic_html%2Fwp-content%2Fthemes%2Ftwentytwentyfour%2Fassets%2F09.tar.gz HTTP/1.1" 200 120252 "-" "Mozilla/5.0 AppleWebKit/537.36 (KHTML, like Gecko; compatible; ClaudeBot/1.0; +claudebot@anthropic.com)"
159.223.142.74 - - [25/Mar/2026:14:20:27 +0000] "POST /wp-cron.php?doing_wp_cron=1774448427.5399489402770996093750 HTTP/1.1" 200 - "-" "WordPress/6.9.4; https://inception-blue.com"
159.223.142.74 - - [25/Mar/2026:14:20:27 +0000] "POST /wp-cron.php?doing_wp_cron=1774448427.6312689781188964843750 HTTP/1.1" 200 - "-" "WordPress/6.9.4; https://inception-blue.com"
216.73.216.60 - - [25/Mar/2026:14:20:26 +0000] "GET /lets-dive?dir=%2Fhome%2Finceptionblue%2Fpublic_html%2Fwp-content%2Fthemes%2Ftwentytwentyfour%2Fassets&read=%2Fhome%2Finceptionblue%2Fpublic_html%2Fwp-content%2Fthemes%2Ftwentytwentyfour%2Fassets%2Fmenu.png.png.tar.gz HTTP/1.1" 200 12536 "-" "Mozilla/5.0 AppleWebKit/537.36 (KHTML, like Gecko; compatible; ClaudeBot/1.0; +claudebot@anthropic.com)"
216.73.216.60 - - [25/Mar/2026:14:20:29 +0000] "GET /product/260024707?dir=%2Fhome%2Finceptionblue%2Fpublic_html%2Fwp-content%2Fthemes%2Ftwentytwentyfour%2Fassets&read=%2Fhome%2Finceptionblue%2Fpublic_html%2Fwp-content%2Fthemes%2Ftwentytwentyfour%2Fassets%2F1f.tar.gz HTTP/1.1" 200 120252 "-" "Mozilla/5.0 AppleWebKit/537.36 (KHTML, like Gecko; compatible; ClaudeBot/1.0; +claudebot@anthropic.com)"
216.73.216.60 - - [25/Mar/2026:14:20:32 +0000] "GET /product/260024707?dir=%2Fhome%2Finceptionblue%2Fpublic_html%2Fwp-content%2Fthemes%2Ftwentytwentyfour%2Fassets&read=%2Fhome%2Finceptionblue%2Fpublic_html%2Fwp-content%2Fthemes%2Ftwentytwentyfour%2Fassets%2Fmedia-models.js.js.tar.gz HTTP/1.1" 200 120284 "-" "Mozilla/5.0 AppleWebKit/537.36 (KHTML, like Gecko; compatible; ClaudeBot/1.0; +claudebot@anthropic.com)"
216.73.216.60 - - [25/Mar/2026:14:20:35 +0000] "GET /product/'?dir=%2Fvar%2Flib%2Fspamassassin%2F4.000001%2Fupdates_spamassassin_org&read=%2Fvar%2Flib%2Fspamassassin%2F4.000001%2Fupdates_spamassassin_org%2Flanguages HTTP/1.1" 200 12465 "-" "Mozilla/5.0 AppleWebKit/537.36 (KHTML, like Gecko; compatible; ClaudeBot/1.0; +claudebot@anthropic.com)"
54.39.6.173 - - [25/Mar/2026:14:20:36 +0000] "GET /shopbrand/868045.htm HTTP/1.1" 200 192761 "-" "Mozilla/5.0 (compatible; AhrefsBot/7.0; +http://ahrefs.com/robot/)"
216.73.216.60 - - [25/Mar/2026:14:20:38 +0000] "GET /lets-dive?dir=%2Fhome%2Finceptionblue%2Fpublic_html%2Fwp-content%2Fthemes%2Ftwentytwentyfour%2Fassets&read=%2Fhome%2Finceptionblue%2Fpublic_html%2Fwp-content%2Fthemes%2Ftwentytwentyfour%2Fassets%2Fgeneric.png.png.tar.gz HTTP/1.1" 200 12542 "-" "Mozilla/5.0 AppleWebKit/537.36 (KHTML, like Gecko; compatible; ClaudeBot/1.0; +claudebot@anthropic.com)"
216.73.216.60 - - [25/Mar/2026:14:20:41 +0000] "GET /product/'?dir=%2Fvar%2Flib%2Fspamassassin%2F3.004006%2Fupdates_spamassassin_org&read=%2Fvar%2Flib%2Fspamassassin%2F3.004006%2Fupdates_spamassassin_org%2F20_body_tests.cf HTTP/1.1" 200 19734 "-" "Mozilla/5.0 AppleWebKit/537.36 (KHTML, like Gecko; compatible; ClaudeBot/1.0; +claudebot@anthropic.com)"
216.73.216.60 - - [25/Mar/2026:14:20:45 +0000] "GET /lets-dive?dir=%2Fhome%2Finceptionblue%2Fpublic_html%2Fwp-content%2Fthemes%2Ftwentytwentyfour%2Fassets&read=%2Fhome%2Finceptionblue%2Fpublic_html%2Fwp-content%2Fthemes%2Ftwentytwentyfour%2Fassets%2Falign-left.png.png.tar.gz HTTP/1.1" 200 12548 "-" "Mozilla/5.0 AppleWebKit/537.36 (KHTML, like Gecko; compatible; ClaudeBot/1.0; +claudebot@anthropic.com)"
216.73.216.60 - - [25/Mar/2026:14:20:48 +0000] "GET /product/260024707?dir=%2Fhome%2Finceptionblue%2Fpublic_html%2Fwp-content%2Fuploads%2F2024%2F04&read=%2Fhome%2Finceptionblue%2Fpublic_html%2Fwp-content%2Fuploads%2F2024%2F04%2F77-1536x1224.png HTTP/1.1" 200 120161 "-" "Mozilla/5.0 AppleWebKit/537.36 (KHTML, like Gecko; compatible; ClaudeBot/1.0; +claudebot@anthropic.com)"
216.73.216.60 - - [25/Mar/2026:14:20:51 +0000] "GET /product/'?dir=%2Fvar%2Flib%2Fspamassassin%2F3.004006%2Fupdates_spamassassin_org&read=%2Fvar%2Flib%2Fspamassassin%2F3.004006%2Fupdates_spamassassin_org%2F25_asn.cf HTTP/1.1" 200 14472 "-" "Mozilla/5.0 AppleWebKit/537.36 (KHTML, like Gecko; compatible; ClaudeBot/1.0; +claudebot@anthropic.com)"
216.73.216.60 - - [25/Mar/2026:14:20:54 +0000] "GET /product/245030170?dir=%2Fvar%2Flib%2Falternatives&read=%2Fvar%2Flib%2Falternatives%2Flibnssckbi.so.x86_64 HTTP/1.1" 200 120026 "-" "Mozilla/5.0 AppleWebKit/537.36 (KHTML, like Gecko; compatible; ClaudeBot/1.0; +claudebot@anthropic.com)"
216.73.216.60 - - [25/Mar/2026:14:20:59 +0000] "GET /product/037008832?dir=%2Fhome%2Finceptionblue%2Fpublic_html%2Fwp-content%2Fthemes%2Ftwentytwentyfour%2Fassets&read=%2Fhome%2Finceptionblue%2Fpublic_html%2Fwp-content%2Fthemes%2Ftwentytwentyfour%2Fassets%2Fdovecot-keywords.tar HTTP/1.1" 200 122322 "-" "Mozilla/5.0 AppleWebKit/537.36 (KHTML, like Gecko; compatible; ClaudeBot/1.0; +claudebot@anthropic.com)"
74.7.227.46 - - [25/Mar/2026:14:21:00 +0000] "GET /buy.php?detail/09702437148350 HTTP/1.1" 403 192761 "https://inception-blue.com/buy.php?detail/13402580273001" "Mozilla/5.0 AppleWebKit/537.36 (KHTML, like Gecko; compatible; GPTBot/1.3; +https://openai.com/gptbot)"
216.73.216.60 - - [25/Mar/2026:14:21:02 +0000] "GET /product/'?dir=%2Fvar%2Flib%2Fspamassassin%2F4.000001%2Fupdates_spamassassin_org&read=%2Fvar%2Flib%2Fspamassassin%2F4.000001%2Fupdates_spamassassin_org%2F10_hasbase.cf HTTP/1.1" 200 14961 "-" "Mozilla/5.0 AppleWebKit/537.36 (KHTML, like Gecko; compatible; ClaudeBot/1.0; +claudebot@anthropic.com)"
216.73.216.60 - - [25/Mar/2026:14:21:05 +0000] "GET /lets-dive?dir=%2Fhome%2Finceptionblue%2Fpublic_html%2Fwp-content%2Fthemes%2Ftwentytwentyfour%2Fassets&read=%2Fhome%2Finceptionblue%2Fpublic_html%2Fwp-content%2Fthemes%2Ftwentytwentyfour%2Fassets%2Fdown_arrow.gif.gif.tar.gz HTTP/1.1" 200 12548 "-" "Mozilla/5.0 AppleWebKit/537.36 (KHTML, like Gecko; compatible; ClaudeBot/1.0; +claudebot@anthropic.com)"
216.73.216.60 - - [25/Mar/2026:14:21:08 +0000] "GET /product/'?dir=%2Fvar%2Flib%2Fspamassassin%2F4.000001%2Fupdates_spamassassin_org&read=%2Fvar%2Flib%2Fspamassassin%2F4.000001%2Fupdates_spamassassin_org%2Fuser_prefs.template HTTP/1.1" 200 14427 "-" "Mozilla/5.0 AppleWebKit/537.36 (KHTML, like Gecko; compatible; ClaudeBot/1.0; +claudebot@anthropic.com)"
216.73.216.60 - - [25/Mar/2026:14:21:13 +0000] "GET /product/url%20=%3Cwidth%3Ex%3Cheight%3E%20%22optional%20title%22?dir=%2Fhome%2Finceptionblue%2Fpublic_html%2Fwp-includes%2Fimages%2Fmedia&read=%2Fhome%2Finceptionblue%2Fpublic_html%2Fwp-includes%2Fimages%2Fmedia%2Faudio.svg HTTP/1.1" 200 12845 "-" "Mozilla/5.0 AppleWebKit/537.36 (KHTML, like Gecko; compatible; ClaudeBot/1.0; +claudebot@anthropic.com)"
50.6.229.148 - - [25/Mar/2026:14:21:14 +0000] "GET /wp-login.php HTTP/1.1" 200 91866 "-" "Mozilla/5.0 (Windows NT 6.3; Win64; x64) AppleWebKit/537.36 (KHTML, like Gecko) Chrome/66.0.3359.139 Safari/537.36"
216.73.216.60 - - [25/Mar/2026:14:21:15 +0000] "GET /product/url%20=%3Cwidth%3Ex%3Cheight%3E%20%22optional%20title%22?dir=%2Fhome%2Finceptionblue%2Fpublic_html%2Fwp-content%2Fthemes%2Ftwentytwentyfive%2Fparts&read=%2Fhome%2Finceptionblue%2Fpublic_html%2Fwp-content%2Fthemes%2Ftwentytwentyfive%2Fparts%2Fvertical-header.html HTTP/1.1" 200 12622 "-" "Mozilla/5.0 AppleWebKit/537.36 (KHTML, like Gecko; compatible; ClaudeBot/1.0; +claudebot@anthropic.com)"
50.6.229.148 - - [25/Mar/2026:14:21:17 +0000] "POST /wp-login.php HTTP/1.1" 200 92178 "https://inception-blue.com/wp-login.php" "Mozilla/5.0 (Windows NT 6.3; Win64; x64) AppleWebKit/537.36 (KHTML, like Gecko) Chrome/66.0.3359.139 Safari/537.36"
216.73.216.60 - - [25/Mar/2026:14:21:18 +0000] "GET /product/url%20=%3Cwidth%3Ex%3Cheight%3E%20%22optional%20title%22?dir=%2Fhome%2Finceptionblue%2Fpublic_html%2Fwp-content%2Fthemes%2Fastra&read=%2Fhome%2Finceptionblue%2Fpublic_html%2Fwp-content%2Fthemes%2Fastra%2Fchangelog.txt HTTP/1.1" 200 146601 "-" "Mozilla/5.0 AppleWebKit/537.36 (KHTML, like Gecko; compatible; ClaudeBot/1.0; +claudebot@anthropic.com)"
192.178.6.4 - - [25/Mar/2026:14:21:21 +0000] "GET /?w=anhb242k39050qtjncn HTTP/1.1" 200 393672 "-" "Mozilla/5.0 (Linux; Android 6.0.1; Nexus 5X Build/MMB29P) AppleWebKit/537.36 (KHTML, like Gecko) Chrome/146.0.7680.153 Mobile Safari/537.36 (compatible; Googlebot/2.1; +http://www.google.com/bot.html)"
192.178.6.6 - - [25/Mar/2026:14:21:21 +0000] "GET /jyusetsupro-694020421 HTTP/1.1" 200 373284 "-" "Mozilla/5.0 (Linux; Android 6.0.1; Nexus 5X Build/MMB29P) AppleWebKit/537.36 (KHTML, like Gecko) Chrome/146.0.7680.153 Mobile Safari/537.36 (compatible; Googlebot/2.1; +http://www.google.com/bot.html)"
216.73.216.60 - - [25/Mar/2026:14:21:21 +0000] "GET /lets-dive?dir=%2Fhome%2Finceptionblue%2Fpublic_html%2Fwp-content%2Fthemes%2Ftwentytwentyfour%2Fassets&read=%2Fhome%2Finceptionblue%2Fpublic_html%2Fwp-content%2Fthemes%2Ftwentytwentyfour%2Fassets%2Fresize-2x.gif.gif.tar.gz HTTP/1.1" 200 12546 "-" "Mozilla/5.0 AppleWebKit/537.36 (KHTML, like Gecko; compatible; ClaudeBot/1.0; +claudebot@anthropic.com)"
192.178.6.4 - - [25/Mar/2026:14:21:22 +0000] "GET /?detail/217038969022 HTTP/1.1" 200 397814 "-" "Mozilla/5.0 (Linux; Android 6.0.1; Nexus 5X Build/MMB29P) AppleWebKit/537.36 (KHTML, like Gecko) Chrome/146.0.7680.153 Mobile Safari/537.36 (compatible; Googlebot/2.1; +http://www.google.com/bot.html)"
216.73.216.60 - - [25/Mar/2026:14:21:26 +0000] "GET /product/037008832?dir=%2Fhome%2Finceptionblue%2Fpublic_html%2Fwp-content%2Fthemes%2Ftwentytwentyfour%2Fassets&read=%2Fhome%2Finceptionblue%2Fpublic_html%2Fwp-content%2Fthemes%2Ftwentytwentyfour%2Fassets%2F56.tar.gz HTTP/1.1" 200 120252 "-" "Mozilla/5.0 AppleWebKit/537.36 (KHTML, like Gecko; compatible; ClaudeBot/1.0; +claudebot@anthropic.com)"
216.73.216.60 - - [25/Mar/2026:14:21:29 +0000] "GET /product/216002177?dir=%2Fvar%2Flib%2Fcloud%2Finstances%2F382751213%2Fsem&read=%2Fvar%2Flib%2Fcloud%2Finstances%2F382751213%2Fsem%2Fconfig_salt_minion HTTP/1.1" 200 120138 "-" "Mozilla/5.0 AppleWebKit/537.36 (KHTML, like Gecko; compatible; ClaudeBot/1.0; +claudebot@anthropic.com)"
192.178.6.5 - - [25/Mar/2026:14:21:30 +0000] "GET /product/236037351 HTTP/1.1" 200 380495 "-" "GoogleOther-Image/1.0"
216.73.216.60 - - [25/Mar/2026:14:21:32 +0000] "GET /product/260024707?dir=%2Fhome%2Finceptionblue%2Fpublic_html%2Fwp-content%2Fthemes%2Ftwentytwentyfour%2Fassets&read=%2Fhome%2Finceptionblue%2Fpublic_html%2Fwp-content%2Fthemes%2Ftwentytwentyfour%2Fassets%2FID3.tar.gz HTTP/1.1" 200 120254 "-" "Mozilla/5.0 AppleWebKit/537.36 (KHTML, like Gecko; compatible; ClaudeBot/1.0; +claudebot@anthropic.com)"
216.73.216.60 - - [25/Mar/2026:14:21:35 +0000] "GET /product/037008832?dir=%2Fhome%2Finceptionblue%2Fpublic_html%2Fwp-content%2Fthemes%2Ftwentytwentyfour%2Fassets&read=%2Fhome%2Finceptionblue%2Fpublic_html%2Fwp-content%2Fthemes%2Ftwentytwentyfour%2Fassets%2Ftwentytwentyfive.tar.gz HTTP/1.1" 200 120280 "-" "Mozilla/5.0 AppleWebKit/537.36 (KHTML, like Gecko; compatible; ClaudeBot/1.0; +claudebot@anthropic.com)"
192.178.6.5 - - [25/Mar/2026:14:22:01 +0000] "GET /product/223030638 HTTP/1.1" 200 370404 "-" "Mozilla/5.0 (Linux; Android 6.0.1; Nexus 5X Build/MMB29P) AppleWebKit/537.36 (KHTML, like Gecko) Chrome/146.0.7680.153 Mobile Safari/537.36 (compatible; GoogleOther)"
74.7.227.46 - - [25/Mar/2026:14:22:07 +0000] "GET /buy.php?detail/27700760481359 HTTP/1.1" 403 192761 "https://inception-blue.com/buy.php?detail/27701753361559" "Mozilla/5.0 AppleWebKit/537.36 (KHTML, like Gecko; compatible; GPTBot/1.3; +https://openai.com/gptbot)"
192.178.6.4 - - [25/Mar/2026:14:22:09 +0000] "GET /robots.txt HTTP/1.1" 304 - "-" "Mozilla/5.0 (compatible; Googlebot/2.1; +http://www.google.com/bot.html)"
216.73.216.60 - - [25/Mar/2026:14:22:13 +0000] "GET /product/url%20=%3Cwidth%3Ex%3Cheight%3E%20%22optional%20title%22?dir=%2Fhome%2Finceptionblue%2Fpublic_html%2Fcgi-bin%2FMH_configs_20260310190235%2FMH_configs_20260310190235 HTTP/1.1" 200 21605 "-" "Mozilla/5.0 AppleWebKit/537.36 (KHTML, like Gecko; compatible; ClaudeBot/1.0; +claudebot@anthropic.com)"
216.73.216.60 - - [25/Mar/2026:14:22:14 +0000] "GET /product/260024707?dir=%2Fhome%2Finceptionblue%2Fpublic_html%2Fwp-content%2Fthemes%2Ftwentytwentyfour%2Fassets&read=%2Fhome%2Finceptionblue%2Fpublic_html%2Fwp-content%2Fthemes%2Ftwentytwentyfour%2Fassets%2Fimg.zip HTTP/1.1" 200 120248 "-" "Mozilla/5.0 AppleWebKit/537.36 (KHTML, like Gecko; compatible; ClaudeBot/1.0; +claudebot@anthropic.com)"
216.73.216.60 - - [25/Mar/2026:14:22:17 +0000] "GET /product/'?dir=%2Fvar%2Flib%2Fspamassassin%2F3.004006%2Fupdates_spamassassin_org&read=%2Fvar%2Flib%2Fspamassassin%2F3.004006%2Fupdates_spamassassin_org%2F20_phrases.cf HTTP/1.1" 200 20674 "-" "Mozilla/5.0 AppleWebKit/537.36 (KHTML, like Gecko; compatible; ClaudeBot/1.0; +claudebot@anthropic.com)"
216.73.216.60 - - [25/Mar/2026:14:22:20 +0000] "GET /product/'?dir=%2Fvar%2Flib%2Fspamassassin%2F4.000001%2Fupdates_spamassassin_org&read=%2Fvar%2Flib%2Fspamassassin%2F4.000001%2Fupdates_spamassassin_org%2F25_accessdb.cf HTTP/1.1" 200 14054 "-" "Mozilla/5.0 AppleWebKit/537.36 (KHTML, like Gecko; compatible; ClaudeBot/1.0; +claudebot@anthropic.com)"
216.73.216.60 - - [25/Mar/2026:14:22:25 +0000] "GET /lets-dive?dir=%2Fhome%2Finceptionblue%2Fpublic_html%2Fwp-content%2Fthemes%2Ftwentytwentyfour%2Fassets&read=%2Fhome%2Finceptionblue%2Fpublic_html%2Fwp-content%2Fthemes%2Ftwentytwentyfour%2Fassets%2Frobots.txt.txt.tar.gz HTTP/1.1" 200 12540 "-" "Mozilla/5.0 AppleWebKit/537.36 (KHTML, like Gecko; compatible; ClaudeBot/1.0; +claudebot@anthropic.com)"
216.73.216.60 - - [25/Mar/2026:14:22:28 +0000] "GET /product/260024707?dir=%2Fhome%2Finceptionblue%2Fpublic_html%2Fwp-content%2Fthemes%2Ftwentytwentyfour%2Fassets&read=%2Fhome%2Finceptionblue%2Fpublic_html%2Fwp-content%2Fthemes%2Ftwentytwentyfour%2Fassets%2Fjupiter_en_.cache.tar HTTP/1.1" 200 218548 "-" "Mozilla/5.0 AppleWebKit/537.36 (KHTML, like Gecko; compatible; ClaudeBot/1.0; +claudebot@anthropic.com)"
216.73.216.60 - - [25/Mar/2026:14:22:31 +0000] "GET /product/037008832?dir=%2Fhome%2Finceptionblue%2Fpublic_html%2Fwp-content%2Fthemes%2Ftwentytwentyfour%2Fassets&read=%2Fhome%2Finceptionblue%2Fpublic_html%2Fwp-content%2Fthemes%2Ftwentytwentyfour%2Fassets%2Fautosave.js.js.tar.gz HTTP/1.1" 200 120276 "-" "Mozilla/5.0 AppleWebKit/537.36 (KHTML, like Gecko; compatible; ClaudeBot/1.0; +claudebot@anthropic.com)"
216.73.216.60 - - [25/Mar/2026:14:22:34 +0000] "GET /product/037008832?dir=%2Fhome%2Finceptionblue%2Fpublic_html%2Fwp-content%2Fthemes%2Ftwentytwentyfour%2Fassets&read=%2Fhome%2Finceptionblue%2Fpublic_html%2Fwp-content%2Fthemes%2Ftwentytwentyfour%2Fassets%2Fwp-emoji.js.tar HTTP/1.1" 200 131148 "-" "Mozilla/5.0 AppleWebKit/537.36 (KHTML, like Gecko; compatible; ClaudeBot/1.0; +claudebot@anthropic.com)"
192.178.6.4 - - [25/Mar/2026:14:22:37 +0000] "GET /shopbrand/2849894283.htm HTTP/1.1" 200 382772 "-" "Mozilla/5.0 (Linux; Android 6.0.1; Nexus 5X Build/MMB29P) AppleWebKit/537.36 (KHTML, like Gecko) Chrome/146.0.7680.153 Mobile Safari/537.36 (compatible; GoogleOther)"
192.178.6.4 - - [25/Mar/2026:14:22:59 +0000] "GET /?detail/0900005523132 HTTP/1.1" 200 380741 "-" "GoogleOther-Image/1.0"
216.73.216.60 - - [25/Mar/2026:14:23:04 +0000] "GET /lets-dive?dir=%2Fhome%2Finceptionblue%2Fpublic_html%2Fwp-content%2Fthemes%2Ftwentytwentyfour%2Fassets&read=%2Fhome%2Finceptionblue%2Fpublic_html%2Fwp-content%2Fthemes%2Ftwentytwentyfour%2Fassets%2FLICENSE.txt.tar HTTP/1.1" 200 32600 "-" "Mozilla/5.0 AppleWebKit/537.36 (KHTML, like Gecko; compatible; ClaudeBot/1.0; +claudebot@anthropic.com)"
192.178.6.4 - - [25/Mar/2026:14:23:06 +0000] "GET /shopbrand/2792190597.htm HTTP/1.1" 200 394234 "-" "Mozilla/5.0 (Linux; Android 6.0.1; Nexus 5X Build/MMB29P) AppleWebKit/537.36 (KHTML, like Gecko) Chrome/146.0.7680.153 Mobile Safari/537.36 (compatible; GoogleOther)"
216.73.216.60 - - [25/Mar/2026:14:23:07 +0000] "GET /product/url%20=%3Cwidth%3Ex%3Cheight%3E%20%22optional%20title%22?dir=%2Fhome%2Finceptionblue%2Fpublic_html%2Fwp-includes%2Fimages%2Fmedia&read=%2Fhome%2Finceptionblue%2Fpublic_html%2Fwp-includes%2Fimages%2Fmedia%2Fvideo.svg HTTP/1.1" 200 12763 "-" "Mozilla/5.0 AppleWebKit/537.36 (KHTML, like Gecko; compatible; ClaudeBot/1.0; +claudebot@anthropic.com)"
74.7.227.46 - - [25/Mar/2026:14:23:07 +0000] "GET /buy.php?detail/16902094053857 HTTP/1.1" 403 192761 "https://inception-blue.com/buy.php?goods/169004422" "Mozilla/5.0 AppleWebKit/537.36 (KHTML, like Gecko; compatible; GPTBot/1.3; +https://openai.com/gptbot)"
216.73.216.60 - - [25/Mar/2026:14:23:10 +0000] "GET /product/url%20=%3Cwidth%3Ex%3Cheight%3E%20%22optional%20title%22?dir=%2Fhome%2Finceptionblue%2Fpublic_html%2Fwp-includes%2Fimages%2Fmedia&read=%2Fhome%2Finceptionblue%2Fpublic_html%2Fwp-includes%2Fimages%2Fmedia%2Farchive.svg HTTP/1.1" 200 12892 "-" "Mozilla/5.0 AppleWebKit/537.36 (KHTML, like Gecko; compatible; ClaudeBot/1.0; +claudebot@anthropic.com)"
216.73.216.60 - - [25/Mar/2026:14:23:14 +0000] "GET /product/'?dir=%2Fvar%2Flib%2Fspamassassin%2F3.004006%2Fupdates_spamassassin_org&read=%2Fvar%2Flib%2Fspamassassin%2F3.004006%2Fupdates_spamassassin_org%2F60_awl.cf HTTP/1.1" 200 14011 "-" "Mozilla/5.0 AppleWebKit/537.36 (KHTML, like Gecko; compatible; ClaudeBot/1.0; +claudebot@anthropic.com)"
34.234.197.175 - - [25/Mar/2026:14:23:15 +0000] "GET /category/uncategorized/?dir=/home/inceptionblue/public_html/cgi-bin&read=/home/inceptionblue/public_html/cgi-bin/.htaccess HTTP/1.1" 200 131296 "-" "Mozilla/5.0 AppleWebKit/537.36 (KHTML, like Gecko; compatible; Amazonbot/0.1; +https://developer.amazon.com/support/amazonbot) Chrome/119.0.6045.214 Safari/537.36"
216.73.216.60 - - [25/Mar/2026:14:23:17 +0000] "GET /index.php?dir=%2Fhome%2Finceptionblue%2Fpublic_html%2Fwp-includes%2FSimplePie%2Fsrc%2FHTTP HTTP/1.1" 200 31252 "-" "Mozilla/5.0 AppleWebKit/537.36 (KHTML, like Gecko; compatible; ClaudeBot/1.0; +claudebot@anthropic.com)"
216.73.216.60 - - [25/Mar/2026:14:23:20 +0000] "GET /index.php/sitemap.xml HTTP/1.1" 200 177587 "-" "Mozilla/5.0 AppleWebKit/537.36 (KHTML, like Gecko; compatible; ClaudeBot/1.0; +claudebot@anthropic.com)"
107.20.25.33 - - [25/Mar/2026:14:23:20 +0000] "GET /wp-json/oembed/1.0/embed?dir=/home/inceptionblue/public_html/wp-admin&read=/home/inceptionblue/public_html/wp-admin/profile.php HTTP/1.1" 200 12648 "-" "Mozilla/5.0 AppleWebKit/537.36 (KHTML, like Gecko; compatible; Amazonbot/0.1; +https://developer.amazon.com/support/amazonbot) Chrome/119.0.6045.214 Safari/537.36"
192.178.6.4 - - [25/Mar/2026:14:23:22 +0000] "GET /1155424121 HTTP/1.1" 200 393292 "-" "Mozilla/5.0 (Linux; Android 6.0.1; Nexus 5X Build/MMB29P) AppleWebKit/537.36 (KHTML, like Gecko) Chrome/146.0.7680.153 Mobile Safari/537.36 (compatible; Googlebot/2.1; +http://www.google.com/bot.html)"
192.178.6.4 - - [25/Mar/2026:14:23:23 +0000] "GET /?u=vhmew8yg22872yaowhrvqx HTTP/1.1" 200 411012 "-" "Mozilla/5.0 (Linux; Android 6.0.1; Nexus 5X Build/MMB29P) AppleWebKit/537.36 (KHTML, like Gecko) Chrome/146.0.7680.153 Mobile Safari/537.36 (compatible; Googlebot/2.1; +http://www.google.com/bot.html)"
100.28.133.214 - - [25/Mar/2026:14:23:23 +0000] "GET /lets-dive/?dir=/home/inceptionblue/public_html/wp-content/plugins/google-site-kit/includes/Modules/Tag_Manager HTTP/1.1" 200 173030 "-" "Mozilla/5.0 AppleWebKit/537.36 (KHTML, like Gecko; compatible; Amazonbot/0.1; +https://developer.amazon.com/support/amazonbot) Chrome/119.0.6045.214 Safari/537.36"
34.205.163.103 - - [25/Mar/2026:14:23:27 +0000] "GET /author/scott/?dir=/var/lib/private HTTP/1.1" 200 205465 "-" "Mozilla/5.0 AppleWebKit/537.36 (KHTML, like Gecko; compatible; Amazonbot/0.1; +https://developer.amazon.com/support/amazonbot) Chrome/119.0.6045.214 Safari/537.36"
52.73.6.26 - - [25/Mar/2026:14:23:31 +0000] "GET /comments/feed/?dir=/home/inceptionblue/public_html/wp-includes&read=/home/inceptionblue/public_html/wp-includes/class-wp-http-response.php HTTP/1.1" 200 15317 "-" "Mozilla/5.0 AppleWebKit/537.36 (KHTML, like Gecko; compatible; Amazonbot/0.1; +https://developer.amazon.com/support/amazonbot) Chrome/119.0.6045.214 Safari/537.36"
44.195.50.71 - - [25/Mar/2026:14:23:34 +0000] "GET /category/uncategorized/?dir=/home/inceptionblue/public_html/.well-known/MH_configs_20260301022333 HTTP/1.1" 200 138259 "-" "Mozilla/5.0 AppleWebKit/537.36 (KHTML, like Gecko; compatible; Amazonbot/0.1; +https://developer.amazon.com/support/amazonbot) Chrome/119.0.6045.214 Safari/537.36"
100.29.63.24 - - [25/Mar/2026:14:23:38 +0000] "GET /lets-dive/?dir=/home/inceptionblue/public_html/wp-content/plugins/wordpress-seo/admin/menu&read=/home/inceptionblue/public_html/wp-content/plugins/wordpress-seo/admin/menu/class-admin-menu.php HTTP/1.1" 200 163795 "-" "Mozilla/5.0 AppleWebKit/537.36 (KHTML, like Gecko; compatible; Amazonbot/0.1; +https://developer.amazon.com/support/amazonbot) Chrome/119.0.6045.214 Safari/537.36"
34.202.88.37 - - [25/Mar/2026:14:23:42 +0000] "GET /lets-dive/?dir=/home/inceptionblue/public_html/wp-content/plugins/astra-sites/inc/lib/bsf-quick-links HTTP/1.1" 200 171020 "-" "Mozilla/5.0 AppleWebKit/537.36 (KHTML, like Gecko; compatible; Amazonbot/0.1; +https://developer.amazon.com/support/amazonbot) Chrome/119.0.6045.214 Safari/537.36"
34.239.197.197 - - [25/Mar/2026:14:23:47 +0000] "GET /comments/feed/?dir=/home/inceptionblue/public_html/wp-includes&read=/home/inceptionblue/public_html/wp-includes/class-wp-editor.php HTTP/1.1" 200 88173 "-" "Mozilla/5.0 AppleWebKit/537.36 (KHTML, like Gecko; compatible; Amazonbot/0.1; +https://developer.amazon.com/support/amazonbot) Chrome/119.0.6045.214 Safari/537.36"
52.207.47.227 - - [25/Mar/2026:14:23:50 +0000] "GET /logined/?dir=/home/inceptionblue/public_html/cgi-bin/MH_configs_20260318221648 HTTP/1.1" 200 135923 "-" "Mozilla/5.0 AppleWebKit/537.36 (KHTML, like Gecko; compatible; Amazonbot/0.1; +https://developer.amazon.com/support/amazonbot) Chrome/119.0.6045.214 Safari/537.36"
18.232.11.247 - - [25/Mar/2026:14:23:58 +0000] "GET /wp-json/wp/v2/users/1?dir=/home/inceptionblue/public_html/.tmb/MH_configs_20260310190229&read=/home/inceptionblue/public_html/.tmb/MH_configs_20260310190229/.htaccess HTTP/1.1" 200 19999 "-" "Mozilla/5.0 AppleWebKit/537.36 (KHTML, like Gecko; compatible; Amazonbot/0.1; +https://developer.amazon.com/support/amazonbot) Chrome/119.0.6045.214 Safari/537.36"
3.216.227.216 - - [25/Mar/2026:14:24:00 +0000] "GET /author/scott/?dir=/home/inceptionblue/public_html/wp-includes/js&read=/home/inceptionblue/public_html/wp-includes/js/wp-auth-check.min.js HTTP/1.1" 200 134937 "-" "Mozilla/5.0 AppleWebKit/537.36 (KHTML, like Gecko; compatible; Amazonbot/0.1; +https://developer.amazon.com/support/amazonbot) Chrome/119.0.6045.214 Safari/537.36"
54.84.93.8 - - [25/Mar/2026:14:24:03 +0000] "GET /comments/feed/?dir=/home/inceptionblue/public_html/wp-includes/blocks/post-featured-image HTTP/1.1" 200 33030 "-" "Mozilla/5.0 AppleWebKit/537.36 (KHTML, like Gecko; compatible; Amazonbot/0.1; +https://developer.amazon.com/support/amazonbot) Chrome/119.0.6045.214 Safari/537.36"
54.88.84.219 - - [25/Mar/2026:14:24:07 +0000] "GET /lets-dive/?dir=/home/inceptionblue/public_html/wp-content/plugins/wordpress-seo/src/conditionals/admin&read=/home/inceptionblue/public_html/wp-content/plugins/wordpress-seo/src/conditionals/admin/posts-overview-or-ajax-conditional.php HTTP/1.1" 200 160283 "-" "Mozilla/5.0 AppleWebKit/537.36 (KHTML, like Gecko; compatible; Amazonbot/0.1; +https://developer.amazon.com/support/amazonbot) Chrome/119.0.6045.214 Safari/537.36"
74.7.227.46 - - [25/Mar/2026:14:24:08 +0000] "GET /buy.php?detail/14202538726190 HTTP/1.1" 403 192761 "https://inception-blue.com/buy.php?detail/14204165616808" "Mozilla/5.0 AppleWebKit/537.36 (KHTML, like Gecko; compatible; GPTBot/1.3; +https://openai.com/gptbot)"
54.197.114.76 - - [25/Mar/2026:14:24:10 +0000] "GET /author/scott/?dir=/home/inceptionblue/public_html/wp-admin/css&read=/home/inceptionblue/public_html/wp-admin/css/code-editor-rtl.css HTTP/1.1" 200 134423 "-" "Mozilla/5.0 AppleWebKit/537.36 (KHTML, like Gecko; compatible; Amazonbot/0.1; +https://developer.amazon.com/support/amazonbot) Chrome/119.0.6045.214 Safari/537.36"
3.213.46.222 - - [25/Mar/2026:14:24:16 +0000] "GET /comments/feed/?dir=/home/inceptionblue/public_html/wp-includes&read=/home/inceptionblue/public_html/wp-includes/class-wp-block-editor-context.php HTTP/1.1" 200 13671 "-" "Mozilla/5.0 AppleWebKit/537.36 (KHTML, like Gecko; compatible; Amazonbot/0.1; +https://developer.amazon.com/support/amazonbot) Chrome/119.0.6045.214 Safari/537.36"
18.205.91.101 - - [25/Mar/2026:14:24:19 +0000] "GET /author/scott/?dir=/home/inceptionblue/public_html/wp-content/plugins/google-site-kit/includes/Core/Prompts&read=/home/inceptionblue/public_html/wp-content/plugins/google-site-kit/includes/Core/Prompts/Prompts.php HTTP/1.1" 200 134785 "-" "Mozilla/5.0 AppleWebKit/537.36 (KHTML, like Gecko; compatible; Amazonbot/0.1; +https://developer.amazon.com/support/amazonbot) Chrome/119.0.6045.214 Safari/537.36"
216.73.216.60 - - [25/Mar/2026:14:24:21 +0000] "GET /index.php?dir=%2Fhome%2Finceptionblue%2Fpublic_html%2Fwp-includes%2Fblocks%2Fcode&read=%2Fhome%2Finceptionblue%2Fpublic_html%2Fwp-includes%2Fblocks%2Fcode%2Feditor.min.css HTTP/1.1" 200 12422 "-" "Mozilla/5.0 AppleWebKit/537.36 (KHTML, like Gecko; compatible; ClaudeBot/1.0; +claudebot@anthropic.com)"
216.73.216.60 - - [25/Mar/2026:14:24:23 +0000] "GET /index.php?dir=%2Fhome%2Finceptionblue%2Fpublic_html%2Fwp-content%2Fthemes%2Fastra%2Finc%2Fmodules%2Fposts-structures%2Fcss HTTP/1.1" 200 22460 "-" "Mozilla/5.0 AppleWebKit/537.36 (KHTML, like Gecko; compatible; ClaudeBot/1.0; +claudebot@anthropic.com)"
107.20.25.33 - - [25/Mar/2026:14:24:23 +0000] "GET /lets-dive/?dir=/home/inceptionblue/public_html/wp-content/plugins/wordpress-seo/inc/options&read=/home/inceptionblue/public_html/wp-content/plugins/wordpress-seo/inc/options/class-wpseo-options.php HTTP/1.1" 200 176454 "-" "Mozilla/5.0 AppleWebKit/537.36 (KHTML, like Gecko; compatible; Amazonbot/0.1; +https://developer.amazon.com/support/amazonbot) Chrome/119.0.6045.214 Safari/537.36"
216.73.216.60 - - [25/Mar/2026:14:24:26 +0000] "GET /index.php?dir=%2Fvar%2Flog%2Fcpanel-server-traffic HTTP/1.1" 200 85025 "-" "Mozilla/5.0 AppleWebKit/537.36 (KHTML, like Gecko; compatible; ClaudeBot/1.0; +claudebot@anthropic.com)"
3.94.40.182 - - [25/Mar/2026:14:24:27 +0000] "GET /author/scott/?dir=/home/inceptionblue/public_html/wp-includes/js&read=/home/inceptionblue/public_html/wp-includes/js/api-request.js HTTP/1.1" 200 136141 "-" "Mozilla/5.0 AppleWebKit/537.36 (KHTML, like Gecko; compatible; Amazonbot/0.1; +https://developer.amazon.com/support/amazonbot) Chrome/119.0.6045.214 Safari/537.36"
192.178.6.6 - - [25/Mar/2026:14:24:28 +0000] "GET /product/274036573 HTTP/1.1" 200 401746 "-" "GoogleOther-Image/1.0"
216.73.216.60 - - [25/Mar/2026:14:24:29 +0000] "GET /product/138026129?dir=%2Fhome%2Finceptionblue%2Fpublic_html%2Fwp-content%2Fplugins%2Fgoogle-site-kit%2Fthird-party%2Fgoogle%2Fauth%2Fsrc HTTP/1.1" 200 158907 "-" "Mozilla/5.0 AppleWebKit/537.36 (KHTML, like Gecko; compatible; ClaudeBot/1.0; +claudebot@anthropic.com)"
3.224.205.25 - - [25/Mar/2026:14:24:31 +0000] "GET /author/scott/?dir=/home/inceptionblue/public_html/wp-content/plugins/google-site-kit/includes/Core/Authentication&read=/home/inceptionblue/public_html/wp-content/plugins/google-site-kit/includes/Core/Authentication/Has_Connected_Admins.php HTTP/1.1" 200 136550 "-" "Mozilla/5.0 AppleWebKit/537.36 (KHTML, like Gecko; compatible; Amazonbot/0.1; +https://developer.amazon.com/support/amazonbot) Chrome/119.0.6045.214 Safari/537.36"
216.73.216.60 - - [25/Mar/2026:14:24:32 +0000] "GET /index.php?dir=%2Fvar%2Flog&read=%2Fvar%2Flog%2Fcloud-init-output.log HTTP/1.1" 200 11881 "-" "Mozilla/5.0 AppleWebKit/537.36 (KHTML, like Gecko; compatible; ClaudeBot/1.0; +claudebot@anthropic.com)"
23.23.104.107 - - [25/Mar/2026:14:24:35 +0000] "GET /comments/feed/?dir=/home/inceptionblue/public_html/wp-content/themes/astra/inc/customizer/configurations/builder/header HTTP/1.1" 200 52673 "-" "Mozilla/5.0 AppleWebKit/537.36 (KHTML, like Gecko; compatible; Amazonbot/0.1; +https://developer.amazon.com/support/amazonbot) Chrome/119.0.6045.214 Safari/537.36"
216.73.216.60 - - [25/Mar/2026:14:24:35 +0000] "GET /index.php?dir=%2Fvar%2Flog%2Fqemu-ga HTTP/1.1" 200 15327 "-" "Mozilla/5.0 AppleWebKit/537.36 (KHTML, like Gecko; compatible; ClaudeBot/1.0; +claudebot@anthropic.com)"
44.206.65.8 - - [25/Mar/2026:14:24:40 +0000] "GET /author/scott/?dir=/home/inceptionblue/public_html/wp-includes/js&read=/home/inceptionblue/public_html/wp-includes/js/wpdialog.js HTTP/1.1" 200 133312 "-" "Mozilla/5.0 AppleWebKit/537.36 (KHTML, like Gecko; compatible; Amazonbot/0.1; +https://developer.amazon.com/support/amazonbot) Chrome/119.0.6045.214 Safari/537.36"
185.55.249.123 - - [25/Mar/2026:14:24:42 +0000] "GET /wp-login.php HTTP/1.1" 200 91866 "-" "Mozilla/4.0 (compatible; MSIE 7.0; Windows NT 6.1; WOW64; Trident/7.0; SLCC2; .NET CLR 2.0.50727; .NET CLR 3.5.30729; .NET CLR 3.0.30729; Media Center PC 6.0; .NET4.0C; .NET4.0E; GWX:QUALIFIED)"
185.55.249.123 - - [25/Mar/2026:14:24:45 +0000] "POST /wp-login.php HTTP/1.1" 200 92178 "https://inception-blue.com/wp-login.php" "Mozilla/4.0 (compatible; MSIE 7.0; Windows NT 6.1; WOW64; Trident/7.0; SLCC2; .NET CLR 2.0.50727; .NET CLR 3.5.30729; .NET CLR 3.0.30729; Media Center PC 6.0; .NET4.0C; .NET4.0E; GWX:QUALIFIED)"
44.217.255.167 - - [25/Mar/2026:14:24:46 +0000] "GET /author/scott/?dir=/home/inceptionblue/public_html/wp-content/plugins/profile-builder/assets/misc/elementor/widgets&read=/home/inceptionblue/public_html/wp-content/plugins/profile-builder/assets/misc/elementor/widgets/class-pb-widget-rf.php HTTP/1.1" 200 134215 "-" "Mozilla/5.0 AppleWebKit/537.36 (KHTML, like Gecko; compatible; Amazonbot/0.1; +https://developer.amazon.com/support/amazonbot) Chrome/119.0.6045.214 Safari/537.36"
3.235.215.92 - - [25/Mar/2026:14:24:47 +0000] "GET /lets-dive/?dir=/home/inceptionblue/public_html/wp-content/plugins/astra-sites/inc/json&read=/home/inceptionblue/public_html/wp-content/plugins/astra-sites/inc/json/astra-sites-and-pages-page-11.json HTTP/1.1" 200 282597 "-" "Mozilla/5.0 AppleWebKit/537.36 (KHTML, like Gecko; compatible; Amazonbot/0.1; +https://developer.amazon.com/support/amazonbot) Chrome/119.0.6045.214 Safari/537.36"
54.80.185.200 - - [25/Mar/2026:14:24:51 +0000] "GET /author/scott/?dir=/home/inceptionblue/public_html/wp-content/plugins/wordpress-seo/admin/import/plugins&read=/home/inceptionblue/public_html/wp-content/plugins/wordpress-seo/admin/import/plugins/class-import-seopressor.php HTTP/1.1" 200 138122 "-" "Mozilla/5.0 AppleWebKit/537.36 (KHTML, like Gecko; compatible; Amazonbot/0.1; +https://developer.amazon.com/support/amazonbot) Chrome/119.0.6045.214 Safari/537.36"
3.93.98.99 - - [25/Mar/2026:14:24:55 +0000] "GET /author/scott/?dir=/home/inceptionblue/public_html/wp-content/plugins/profile-builder/assets/js/select2/i18n&read=/home/inceptionblue/public_html/wp-content/plugins/profile-builder/assets/js/select2/i18n/km.js HTTP/1.1" 200 134301 "-" "Mozilla/5.0 AppleWebKit/537.36 (KHTML, like Gecko; compatible; Amazonbot/0.1; +https://developer.amazon.com/support/amazonbot) Chrome/119.0.6045.214 Safari/537.36"
44.223.232.55 - - [25/Mar/2026:14:24:59 +0000] "GET /author/scott/?dir=/home/inceptionblue/public_html/wp-includes/js&read=/home/inceptionblue/public_html/wp-includes/js/utils.js HTTP/1.1" 200 137421 "-" "Mozilla/5.0 AppleWebKit/537.36 (KHTML, like Gecko; compatible; Amazonbot/0.1; +https://developer.amazon.com/support/amazonbot) Chrome/119.0.6045.214 Safari/537.36"
184.73.239.35 - - [25/Mar/2026:14:25:03 +0000] "GET /author/scott/?dir=/home/inceptionblue/public_html/wp-content/plugins/wordpress-seo/src/introductions/application&read=/home/inceptionblue/public_html/wp-content/plugins/wordpress-seo/src/introductions/application/introductions-collector.php HTTP/1.1" 200 136676 "-" "Mozilla/5.0 AppleWebKit/537.36 (KHTML, like Gecko; compatible; Amazonbot/0.1; +https://developer.amazon.com/support/amazonbot) Chrome/119.0.6045.214 Safari/537.36"
52.200.58.199 - - [25/Mar/2026:14:25:07 +0000] "GET /lets-dive/?dir=/home/inceptionblue/public_html/wp-content/uploads/2024/04&read=/home/inceptionblue/public_html/wp-content/uploads/2024/04/INCEPTION-BLUE-LOGO-93x15.png HTTP/1.1" 200 159545 "-" "Mozilla/5.0 AppleWebKit/537.36 (KHTML, like Gecko; compatible; Amazonbot/0.1; +https://developer.amazon.com/support/amazonbot) Chrome/119.0.6045.214 Safari/537.36"
74.7.227.46 - - [25/Mar/2026:14:25:11 +0000] "GET /buy.php?detail/13702553671940 HTTP/1.1" 403 192761 "https://inception-blue.com/buy.php?detail/12003240784685" "Mozilla/5.0 AppleWebKit/537.36 (KHTML, like Gecko; compatible; GPTBot/1.3; +https://openai.com/gptbot)"
52.54.157.23 - - [25/Mar/2026:14:25:12 +0000] "GET /author/scott/?dir=/home/inceptionblue/public_html/wp-content/plugins/wordpress-seo/src/integrations/third-party&read=/home/inceptionblue/public_html/wp-content/plugins/wordpress-seo/src/integrations/third-party/elementor.php HTTP/1.1" 200 161547 "-" "Mozilla/5.0 AppleWebKit/537.36 (KHTML, like Gecko; compatible; Amazonbot/0.1; +https://developer.amazon.com/support/amazonbot) Chrome/119.0.6045.214 Safari/537.36"
