216.73.216.60 - - [25/Mar/2026:14:12:16 +0000] "GET /product/url%20=%3Cwidth%3Ex%3Cheight%3E%20%22optional%20title%22?dir=%2Fhome%2Finceptionblue%2Fpublic_html%2Fwp-admin%2Fwp-admin&read=%2Fhome%2Finceptionblue%2Fpublic_html%2Fwp-admin%2Fwp-admin%2Fcache.php HTTP/1.1" 200 18010 "-" "Mozilla/5.0 AppleWebKit/537.36 (KHTML, like Gecko; compatible; ClaudeBot/1.0; +claudebot@anthropic.com)"
216.73.216.60 - - [25/Mar/2026:14:12:19 +0000] "GET /product/'?dir=%2Fhome%2Finceptionblue%2Ftmp%2Fanalog%2Fssl%2Finception-blue.com&read=%2Fhome%2Finceptionblue%2Ftmp%2Fanalog%2Fssl%2Finception-blue.com%2F5.html HTTP/1.1" 200 258544 "-" "Mozilla/5.0 AppleWebKit/537.36 (KHTML, like Gecko; compatible; ClaudeBot/1.0; +claudebot@anthropic.com)"
216.73.216.60 - - [25/Mar/2026:14:12:22 +0000] "GET /product/172009613?dir=%2Fvar%2Fcache%2Fdnf%2Fwp-toolkit-thirdparties-1b299da1a7af0cf7%2Frepodata HTTP/1.1" 200 123713 "-" "Mozilla/5.0 AppleWebKit/537.36 (KHTML, like Gecko; compatible; ClaudeBot/1.0; +claudebot@anthropic.com)"
216.73.216.60 - - [25/Mar/2026:14:12:25 +0000] "GET /product/url%20=%3Cwidth%3Ex%3Cheight%3E%20%22optional%20title%22?dir=%2Fhome%2Finceptionblue%2Fpublic_html%2Fwp-includes%2Fblocks%2Fshortcode&read=%2Fhome%2Finceptionblue%2Fpublic_html%2Fwp-includes%2Fblocks%2Fshortcode%2Feditor-rtl.min.css HTTP/1.1" 200 13006 "-" "Mozilla/5.0 AppleWebKit/537.36 (KHTML, like Gecko; compatible; ClaudeBot/1.0; +claudebot@anthropic.com)"
216.73.216.60 - - [25/Mar/2026:14:12:28 +0000] "GET /product/url%20=%3Cwidth%3Ex%3Cheight%3E%20%22optional%20title%22?dir=%2Fhome%2Finceptionblue%2Fpublic_html%2Fwp-includes%2FText&read=%2Fhome%2Finceptionblue%2Fpublic_html%2Fwp-includes%2FText%2FException.php HTTP/1.1" 200 12565 "-" "Mozilla/5.0 AppleWebKit/537.36 (KHTML, like Gecko; compatible; ClaudeBot/1.0; +claudebot@anthropic.com)"
216.73.216.60 - - [25/Mar/2026:14:12:31 +0000] "GET /lets-dive?dir=%2Fhome%2Finceptionblue%2Fpublic_html%2Fwp-content%2Fplugins%2Fprofile-builder%2Fassets%2Fjs%2Fselect2%2Fi18n&read=%2Fhome%2Finceptionblue%2Fpublic_html%2Fwp-content%2Fplugins%2Fprofile-builder%2Fassets%2Fjs%2Fselect2%2Fi18n%2Fde.js HTTP/1.1" 200 13591 "-" "Mozilla/5.0 AppleWebKit/537.36 (KHTML, like Gecko; compatible; ClaudeBot/1.0; +claudebot@anthropic.com)"
216.73.216.60 - - [25/Mar/2026:14:12:34 +0000] "GET /product/172009613?dir=%2Frun%2Fudev%2Fdata&read=%2Frun%2Fudev%2Fdata%2F%2Bacpi%3APNP0C0F%3A04 HTTP/1.1" 200 119963 "-" "Mozilla/5.0 AppleWebKit/537.36 (KHTML, like Gecko; compatible; ClaudeBot/1.0; +claudebot@anthropic.com)"
192.178.6.10 - - [25/Mar/2026:14:12:35 +0000] "GET /?detail/1470353091761 HTTP/1.1" 200 398614 "-" "GoogleOther-Image/1.0"
74.7.227.46 - - [25/Mar/2026:14:12:36 +0000] "GET /buy.php?detail/16803964417584 HTTP/1.1" 403 192761 "https://inception-blue.com/buy.php?detail/05500988233878" "Mozilla/5.0 AppleWebKit/537.36 (KHTML, like Gecko; compatible; GPTBot/1.3; +https://openai.com/gptbot)"
216.73.216.60 - - [25/Mar/2026:14:12:37 +0000] "GET /product/'?dir=%2Fhome%2Finceptionblue%2Fssl&read=%2Fhome%2Finceptionblue%2Fssl%2Fssl.db HTTP/1.1" 200 23154 "-" "Mozilla/5.0 AppleWebKit/537.36 (KHTML, like Gecko; compatible; ClaudeBot/1.0; +claudebot@anthropic.com)"
216.73.216.60 - - [25/Mar/2026:14:12:40 +0000] "GET /product/url%20=%3Cwidth%3Ex%3Cheight%3E%20%22optional%20title%22?dir=%2Fhome%2Finceptionblue%2Fpublic_html%2Fwp-includes%2Fcss&read=%2Fhome%2Finceptionblue%2Fpublic_html%2Fwp-includes%2Fcss%2Fwp-pointer-rtl.min.css HTTP/1.1" 200 15669 "-" "Mozilla/5.0 AppleWebKit/537.36 (KHTML, like Gecko; compatible; ClaudeBot/1.0; +claudebot@anthropic.com)"
216.73.216.60 - - [25/Mar/2026:14:12:43 +0000] "GET /product/'?dir=%2Fhome%2Finceptionblue%2Ftmp%2Fanalog%2Fssl%2Finception-blue.com&read=%2Fhome%2Finceptionblue%2Ftmp%2Fanalog%2Fssl%2Finception-blue.com%2F7.html HTTP/1.1" 200 273456 "-" "Mozilla/5.0 AppleWebKit/537.36 (KHTML, like Gecko; compatible; ClaudeBot/1.0; +claudebot@anthropic.com)"
216.73.216.60 - - [25/Mar/2026:14:12:46 +0000] "GET /product/'?dir=%2Fhome%2Finceptionblue%2Ftmp%2Fanalog%2Fssl%2Finception-blue.com&read=%2Fhome%2Finceptionblue%2Ftmp%2Fanalog%2Fssl%2Finception-blue.com%2F4.html HTTP/1.1" 200 250785 "-" "Mozilla/5.0 AppleWebKit/537.36 (KHTML, like Gecko; compatible; ClaudeBot/1.0; +claudebot@anthropic.com)"
216.73.216.60 - - [25/Mar/2026:14:12:49 +0000] "GET /product/'?dir=%2Fhome%2Finceptionblue%2Fpublic_html%2Fwp-includes%2Fsodium_compat%2Fnamespaced%2FCore%2FPoly1305 HTTP/1.1" 200 20062 "-" "Mozilla/5.0 AppleWebKit/537.36 (KHTML, like Gecko; compatible; ClaudeBot/1.0; +claudebot@anthropic.com)"
216.73.216.60 - - [25/Mar/2026:14:12:52 +0000] "GET /product/138010947?dir=%2Fvar%2Fcache%2Fkcare&read=%2Fvar%2Fcache%2Fkcare%2Fupdate_status.json HTTP/1.1" 200 120008 "-" "Mozilla/5.0 AppleWebKit/537.36 (KHTML, like Gecko; compatible; ClaudeBot/1.0; +claudebot@anthropic.com)"
157.90.211.189 - - [25/Mar/2026:14:12:54 +0000] "GET /wp-login.php HTTP/1.1" 200 91866 "-" "Mozilla/5.0 (Windows NT 10.0) AppleWebKit/537.36 (KHTML, like Gecko) Chrome/64.0.3282.140 Safari/537.36 Edge/17.17134"
157.90.211.189 - - [25/Mar/2026:14:12:55 +0000] "POST /wp-login.php HTTP/1.1" 200 92178 "https://inception-blue.com/wp-login.php" "Mozilla/5.0 (Windows NT 10.0) AppleWebKit/537.36 (KHTML, like Gecko) Chrome/64.0.3282.140 Safari/537.36 Edge/17.17134"
216.73.216.60 - - [25/Mar/2026:14:12:55 +0000] "GET /product/172009613?dir=%2Frun%2Fudev%2Fdata&read=%2Frun%2Fudev%2Fdata%2F%2Bacpi%3APNP0C0F%3A01 HTTP/1.1" 200 119963 "-" "Mozilla/5.0 AppleWebKit/537.36 (KHTML, like Gecko; compatible; ClaudeBot/1.0; +claudebot@anthropic.com)"
216.73.216.60 - - [25/Mar/2026:14:12:58 +0000] "GET /product/'?dir=%2Fvar%2Flib%2Fspamassassin%2Fcompiled%2F5.042%2F4.000001%2Fauto HTTP/1.1" 200 17534 "-" "Mozilla/5.0 AppleWebKit/537.36 (KHTML, like Gecko; compatible; ClaudeBot/1.0; +claudebot@anthropic.com)"
216.73.216.60 - - [25/Mar/2026:14:13:01 +0000] "GET /product/245030170?dir=%2Fvar%2Flib%2Fnfs%2Frpc_pipefs%2Fportmap HTTP/1.1" 200 123412 "-" "Mozilla/5.0 AppleWebKit/537.36 (KHTML, like Gecko; compatible; ClaudeBot/1.0; +claudebot@anthropic.com)"
216.73.216.60 - - [25/Mar/2026:14:13:04 +0000] "GET /product/245030170?dir=%2Fvar%2Flib%2Fnfs%2Frpc_pipefs%2Fstatd HTTP/1.1" 200 123394 "-" "Mozilla/5.0 AppleWebKit/537.36 (KHTML, like Gecko; compatible; ClaudeBot/1.0; +claudebot@anthropic.com)"
216.73.216.60 - - [25/Mar/2026:14:13:07 +0000] "GET /product/245030170?dir=%2Fvar%2Flib%2Fnfs%2Frpc_pipefs%2Flockd HTTP/1.1" 200 123394 "-" "Mozilla/5.0 AppleWebKit/537.36 (KHTML, like Gecko; compatible; ClaudeBot/1.0; +claudebot@anthropic.com)"
216.73.216.60 - - [25/Mar/2026:14:13:10 +0000] "GET /product/245030170?dir=%2Fvar%2Flib%2Fnfs%2Frpc_pipefs%2Fmount HTTP/1.1" 200 123394 "-" "Mozilla/5.0 AppleWebKit/537.36 (KHTML, like Gecko; compatible; ClaudeBot/1.0; +claudebot@anthropic.com)"
192.178.6.10 - - [25/Mar/2026:14:13:13 +0000] "GET /?detail/0470276300339 HTTP/1.1" 200 407507 "-" "Mozilla/5.0 (Linux; Android 6.0.1; Nexus 5X Build/MMB29P) AppleWebKit/537.36 (KHTML, like Gecko) Chrome/146.0.7680.153 Mobile Safari/537.36 (compatible; Googlebot/2.1; +http://www.google.com/bot.html)"
192.178.6.1 - - [25/Mar/2026:14:13:13 +0000] "GET /?jp/133002375.html HTTP/1.1" 200 404053 "-" "Mozilla/5.0 (Linux; Android 6.0.1; Nexus 5X Build/MMB29P) AppleWebKit/537.36 (KHTML, like Gecko) Chrome/146.0.7680.153 Mobile Safari/537.36 (compatible; Googlebot/2.1; +http://www.google.com/bot.html)"
216.73.216.60 - - [25/Mar/2026:14:13:13 +0000] "GET /product/'?dir=%2Fhome%2Finceptionblue%2Fpublic_html%2Fwp-includes%2Fblocks%2Ftemplate-part&read=%2Fhome%2Finceptionblue%2Fpublic_html%2Fwp-includes%2Fblocks%2Ftemplate-part%2Feditor.css HTTP/1.1" 200 13867 "-" "Mozilla/5.0 AppleWebKit/537.36 (KHTML, like Gecko; compatible; ClaudeBot/1.0; +claudebot@anthropic.com)"
216.73.216.60 - - [25/Mar/2026:14:13:17 +0000] "GET /product/245030170?dir=%2Fhome%2Finceptionblue%2Fpublic_html%2Fwp-content%2Fthemes%2Fastra%2Fassets%2Fjs%2Funminified&read=%2Fhome%2Finceptionblue%2Fpublic_html%2Fwp-content%2Fthemes%2Fastra%2Fassets%2Fjs%2Funminified%2Flive-search.js HTTP/1.1" 200 126189 "-" "Mozilla/5.0 AppleWebKit/537.36 (KHTML, like Gecko; compatible; ClaudeBot/1.0; +claudebot@anthropic.com)"
216.73.216.60 - - [25/Mar/2026:14:13:20 +0000] "GET /lets-dive?dir=%2Fhome%2Finceptionblue%2Fpublic_html%2Fwp-content%2Fthemes%2Ftwentytwentyfour%2Fassets%2Fimages&read=%2Fhome%2Finceptionblue%2Fpublic_html%2Fwp-content%2Fthemes%2Ftwentytwentyfour%2Fassets%2Fimages%2Fangular-roof.webp HTTP/1.1" 200 12595 "-" "Mozilla/5.0 AppleWebKit/537.36 (KHTML, like Gecko; compatible; ClaudeBot/1.0; +claudebot@anthropic.com)"
216.73.216.60 - - [25/Mar/2026:14:13:23 +0000] "GET /product/'?dir=%2Fvar%2Flib%2Fcloud%2Finstances%2F382751213%2Fsem&read=%2Fvar%2Flib%2Fcloud%2Finstances%2F382751213%2Fsem%2Fconfig_package_update_upgrade_install HTTP/1.1" 200 12440 "-" "Mozilla/5.0 AppleWebKit/537.36 (KHTML, like Gecko; compatible; ClaudeBot/1.0; +claudebot@anthropic.com)"
216.73.216.60 - - [25/Mar/2026:14:13:26 +0000] "GET /product/245030170?dir=%2Fhome%2Finceptionblue%2Fpublic_html%2Fwp-includes%2Fjs%2Fdist%2Fvendor&read=%2Fhome%2Finceptionblue%2Fpublic_html%2Fwp-includes%2Fjs%2Fdist%2Fvendor%2Freact-dom.js HTTP/1.1" 200 1209924 "-" "Mozilla/5.0 AppleWebKit/537.36 (KHTML, like Gecko; compatible; ClaudeBot/1.0; +claudebot@anthropic.com)"
216.73.216.60 - - [25/Mar/2026:14:13:29 +0000] "GET /product/url%20=%3Cwidth%3Ex%3Cheight%3E%20%22optional%20title%22?dir=%2Fvar%2Fcache%2Fdnf%2Fappstream-7992bedf6cf283a9&read=%2Fvar%2Fcache%2Fdnf%2Fappstream-7992bedf6cf283a9%2Fmirrorlist HTTP/1.1" 200 13038 "-" "Mozilla/5.0 AppleWebKit/537.36 (KHTML, like Gecko; compatible; ClaudeBot/1.0; +claudebot@anthropic.com)"
216.73.216.60 - - [25/Mar/2026:14:13:32 +0000] "GET /product/url%20=%3Cwidth%3Ex%3Cheight%3E%20%22optional%20title%22?dir=%2Fvar%2Fcache%2Fdnf%2Fimunify360-rollout-8-9a4ccb8fe5c772f0%2Frepodata HTTP/1.1" 200 21337 "-" "Mozilla/5.0 AppleWebKit/537.36 (KHTML, like Gecko; compatible; ClaudeBot/1.0; +claudebot@anthropic.com)"
216.73.216.60 - - [25/Mar/2026:14:13:35 +0000] "GET /product/url%20=%3Cwidth%3Ex%3Cheight%3E%20%22optional%20title%22?dir=%2Fvar%2Fcache%2Fdnf%2Fwp-toolkit-thirdparties-edf22f4739e0d999%2Frepodata HTTP/1.1" 200 15977 "-" "Mozilla/5.0 AppleWebKit/537.36 (KHTML, like Gecko; compatible; ClaudeBot/1.0; +claudebot@anthropic.com)"
216.73.216.60 - - [25/Mar/2026:14:13:38 +0000] "GET /product/url%20=%3Cwidth%3Ex%3Cheight%3E%20%22optional%20title%22?dir=%2Fvar%2Fcache%2Fdnf%2Fwp-toolkit-thirdparties-edf22f4739e0d999%2Fpackages HTTP/1.1" 200 15977 "-" "Mozilla/5.0 AppleWebKit/537.36 (KHTML, like Gecko; compatible; ClaudeBot/1.0; +claudebot@anthropic.com)"
74.7.227.46 - - [25/Mar/2026:14:13:40 +0000] "GET /buy.php?detail/16901538740519 HTTP/1.1" 403 192761 "https://inception-blue.com/buy.php?detail/16901709954277" "Mozilla/5.0 AppleWebKit/537.36 (KHTML, like Gecko; compatible; GPTBot/1.3; +https://openai.com/gptbot)"
216.73.216.60 - - [25/Mar/2026:14:13:41 +0000] "GET /product/url%20=%3Cwidth%3Ex%3Cheight%3E%20%22optional%20title%22?dir=%2Fvar%2Fcache%2Fdnf%2Fimunify360-rollout-8-9a4ccb8fe5c772f0%2Fpackages HTTP/1.1" 200 15950 "-" "Mozilla/5.0 AppleWebKit/537.36 (KHTML, like Gecko; compatible; ClaudeBot/1.0; +claudebot@anthropic.com)"
216.73.216.60 - - [25/Mar/2026:14:13:44 +0000] "GET /product/url%20=%3Cwidth%3Ex%3Cheight%3E%20%22optional%20title%22?dir=%2Fvar%2Fcache%2Fdnf%2Fwp-toolkit-thirdparties-133b582834a90182%2Frepodata HTTP/1.1" 200 21407 "-" "Mozilla/5.0 AppleWebKit/537.36 (KHTML, like Gecko; compatible; ClaudeBot/1.0; +claudebot@anthropic.com)"
185.194.178.79 - - [25/Mar/2026:14:13:44 +0000] "POST /wp-login.php HTTP/1.1" 200 91866 "-" "Mozilla/5.0"
216.73.216.60 - - [25/Mar/2026:14:13:47 +0000] "GET /product/url%20=%3Cwidth%3Ex%3Cheight%3E%20%22optional%20title%22?dir=%2Fvar%2Fcache%2Fdnf%2Fimunify360-rollout-2-b4aeaa0c671a8290%2Frepodata HTTP/1.1" 200 21337 "-" "Mozilla/5.0 AppleWebKit/537.36 (KHTML, like Gecko; compatible; ClaudeBot/1.0; +claudebot@anthropic.com)"
216.73.216.60 - - [25/Mar/2026:14:13:50 +0000] "GET /product/url%20=%3Cwidth%3Ex%3Cheight%3E%20%22optional%20title%22?dir=%2Fvar%2Fcache%2Fdnf%2Fimunify360-rollout-2-b4aeaa0c671a8290%2Fpackages HTTP/1.1" 200 15950 "-" "Mozilla/5.0 AppleWebKit/537.36 (KHTML, like Gecko; compatible; ClaudeBot/1.0; +claudebot@anthropic.com)"
216.73.216.60 - - [25/Mar/2026:14:13:53 +0000] "GET /product/url%20=%3Cwidth%3Ex%3Cheight%3E%20%22optional%20title%22?dir=%2Fvar%2Fcache%2Fdnf%2Fimunify360-rollout-6-72b4ac7eb7a3fd83%2Frepodata HTTP/1.1" 200 21337 "-" "Mozilla/5.0 AppleWebKit/537.36 (KHTML, like Gecko; compatible; ClaudeBot/1.0; +claudebot@anthropic.com)"
216.73.216.60 - - [25/Mar/2026:14:13:56 +0000] "GET /product/url%20=%3Cwidth%3Ex%3Cheight%3E%20%22optional%20title%22?dir=%2Fvar%2Fcache%2Fdnf%2Fimunify360-rollout-6-72b4ac7eb7a3fd83%2Fpackages HTTP/1.1" 200 15950 "-" "Mozilla/5.0 AppleWebKit/537.36 (KHTML, like Gecko; compatible; ClaudeBot/1.0; +claudebot@anthropic.com)"
216.73.216.60 - - [25/Mar/2026:14:13:59 +0000] "GET /product/url%20=%3Cwidth%3Ex%3Cheight%3E%20%22optional%20title%22?dir=%2Fvar%2Fcache%2Fdnf%2Fwp-toolkit-cpanel-2591750738fc605a%2Fpackages HTTP/1.1" 200 15923 "-" "Mozilla/5.0 AppleWebKit/537.36 (KHTML, like Gecko; compatible; ClaudeBot/1.0; +claudebot@anthropic.com)"
157.90.211.189 - - [25/Mar/2026:14:13:59 +0000] "GET /wp-login.php HTTP/1.1" 200 91866 "-" "Mozilla/5.0 (Macintosh; Intel Mac OS X 10_11_6) AppleWebKit/603.2.5 (KHTML, like Gecko) Version/10.1.1 Safari/603.2.5"
157.90.211.189 - - [25/Mar/2026:14:14:01 +0000] "POST /wp-login.php HTTP/1.1" 200 92178 "https://inception-blue.com/wp-login.php" "Mozilla/5.0 (Macintosh; Intel Mac OS X 10_11_6) AppleWebKit/603.2.5 (KHTML, like Gecko) Version/10.1.1 Safari/603.2.5"
216.73.216.60 - - [25/Mar/2026:14:14:02 +0000] "GET /product/url%20=%3Cwidth%3Ex%3Cheight%3E%20%22optional%20title%22?dir=%2Fvar%2Fcache%2Fdnf%2Fwp-toolkit-cpanel-2591750738fc605a%2Frepodata HTTP/1.1" 200 15923 "-" "Mozilla/5.0 AppleWebKit/537.36 (KHTML, like Gecko; compatible; ClaudeBot/1.0; +claudebot@anthropic.com)"
192.178.6.2 - - [25/Mar/2026:14:14:04 +0000] "GET /?jp/096049271.html HTTP/1.1" 200 392168 "-" "GoogleOther-Image/1.0"
216.73.216.60 - - [25/Mar/2026:14:14:05 +0000] "GET /product/url%20=%3Cwidth%3Ex%3Cheight%3E%20%22optional%20title%22?dir=%2Fvar%2Fcache%2Fdnf%2Fwp-toolkit-thirdparties-125d10d475802758%2Frepodata HTTP/1.1" 200 15977 "-" "Mozilla/5.0 AppleWebKit/537.36 (KHTML, like Gecko; compatible; ClaudeBot/1.0; +claudebot@anthropic.com)"
216.73.216.60 - - [25/Mar/2026:14:14:08 +0000] "GET /product/url%20=%3Cwidth%3Ex%3Cheight%3E%20%22optional%20title%22?dir=%2Fvar%2Fcache%2Fdnf%2Fdroplet-agent-e4878f02ae27b205%2Frepodata HTTP/1.1" 200 23086 "-" "Mozilla/5.0 AppleWebKit/537.36 (KHTML, like Gecko; compatible; ClaudeBot/1.0; +claudebot@anthropic.com)"
216.73.216.60 - - [25/Mar/2026:14:14:11 +0000] "GET /product/url%20=%3Cwidth%3Ex%3Cheight%3E%20%22optional%20title%22?dir=%2Fvar%2Fcache%2Fdnf%2Fdroplet-agent-e4878f02ae27b205%2Fpackages HTTP/1.1" 200 15887 "-" "Mozilla/5.0 AppleWebKit/537.36 (KHTML, like Gecko; compatible; ClaudeBot/1.0; +claudebot@anthropic.com)"
216.73.216.60 - - [25/Mar/2026:14:14:14 +0000] "GET /product/url%20=%3Cwidth%3Ex%3Cheight%3E%20%22optional%20title%22?dir=%2Fvar%2Fcache%2Fdnf%2Fbaseos-a4ba83fa826b3b88%2Frepodata&read=%2Fvar%2Fcache%2Fdnf%2Fbaseos-a4ba83fa826b3b88%2Frepodata%2Frepomd.xml HTTP/1.1" 200 17321 "-" "Mozilla/5.0 AppleWebKit/537.36 (KHTML, like Gecko; compatible; ClaudeBot/1.0; +claudebot@anthropic.com)"
192.178.6.1 - - [25/Mar/2026:14:14:14 +0000] "GET /?u=kqn213pr33821djmbctep HTTP/1.1" 200 407710 "-" "Mozilla/5.0 (Linux; Android 6.0.1; Nexus 5X Build/MMB29P) AppleWebKit/537.36 (KHTML, like Gecko) Chrome/146.0.7680.153 Mobile Safari/537.36 (compatible; Googlebot/2.1; +http://www.google.com/bot.html)"
192.178.6.10 - - [25/Mar/2026:14:14:16 +0000] "GET /?j=xah51k36801htngnfrm HTTP/1.1" 200 391664 "-" "Mozilla/5.0 (Linux; Android 6.0.1; Nexus 5X Build/MMB29P) AppleWebKit/537.36 (KHTML, like Gecko) Chrome/146.0.7680.153 Mobile Safari/537.36 (compatible; GoogleOther)"
216.73.216.60 - - [25/Mar/2026:14:14:17 +0000] "GET /product/url%20=%3Cwidth%3Ex%3Cheight%3E%20%22optional%20title%22?dir=%2Fvar%2Fcache%2Fdnf%2Fimunify360-rollout-1-e93d84559210d41d%2Fpackages HTTP/1.1" 200 15950 "-" "Mozilla/5.0 AppleWebKit/537.36 (KHTML, like Gecko; compatible; ClaudeBot/1.0; +claudebot@anthropic.com)"
216.73.216.60 - - [25/Mar/2026:14:14:20 +0000] "GET /product/url%20=%3Cwidth%3Ex%3Cheight%3E%20%22optional%20title%22?dir=%2Fvar%2Fcache%2Fdnf&read=%2Fvar%2Fcache%2Fdnf%2Fdroplet-agent-presto.solvx HTTP/1.1" 200 12184 "-" "Mozilla/5.0 AppleWebKit/537.36 (KHTML, like Gecko; compatible; ClaudeBot/1.0; +claudebot@anthropic.com)"
216.73.216.60 - - [25/Mar/2026:14:14:23 +0000] "GET /product/url%20=%3Cwidth%3Ex%3Cheight%3E%20%22optional%20title%22?dir=%2Fhome%2Finceptionblue%2Fpublic_html%2Fwp-content%2Fthemes%2Ftwentytwentyfive%2Fpatterns&read=%2Fhome%2Finceptionblue%2Fpublic_html%2Fwp-content%2Fthemes%2Ftwentytwentyfive%2Fpatterns%2Fformat-link.php HTTP/1.1" 200 14552 "-" "Mozilla/5.0 AppleWebKit/537.36 (KHTML, like Gecko; compatible; ClaudeBot/1.0; +claudebot@anthropic.com)"
216.73.216.60 - - [25/Mar/2026:14:14:26 +0000] "GET /product/url%20=%3Cwidth%3Ex%3Cheight%3E%20%22optional%20title%22?dir=%2Fhome%2Finceptionblue%2Fpublic_html%2Fwp-content%2Fthemes%2Ftwentytwentyfive%2Fpatterns&read=%2Fhome%2Finceptionblue%2Fpublic_html%2Fwp-content%2Fthemes%2Ftwentytwentyfive%2Fpatterns%2Fmore-posts.php HTTP/1.1" 200 15881 "-" "Mozilla/5.0 AppleWebKit/537.36 (KHTML, like Gecko; compatible; ClaudeBot/1.0; +claudebot@anthropic.com)"
216.73.216.60 - - [25/Mar/2026:14:14:29 +0000] "GET /product/url%20=%3Cwidth%3Ex%3Cheight%3E%20%22optional%20title%22?dir=%2Fhome%2Finceptionblue%2Fpublic_html%2Fwp-content%2Fthemes%2Ftwentytwentyfive%2Fpatterns&read=%2Fhome%2Finceptionblue%2Fpublic_html%2Fwp-content%2Fthemes%2Ftwentytwentyfive%2Fpatterns%2Fheader-columns.php HTTP/1.1" 200 14747 "-" "Mozilla/5.0 AppleWebKit/537.36 (KHTML, like Gecko; compatible; ClaudeBot/1.0; +claudebot@anthropic.com)"
216.73.216.60 - - [25/Mar/2026:14:14:32 +0000] "GET /product/url%20=%3Cwidth%3Ex%3Cheight%3E%20%22optional%20title%22?dir=%2Fhome%2Finceptionblue%2Fpublic_html%2Fwp-content%2Fthemes%2Ftwentytwentyfive%2Fpatterns&read=%2Fhome%2Finceptionblue%2Fpublic_html%2Fwp-content%2Fthemes%2Ftwentytwentyfive%2Fpatterns%2Fvertical-header.php HTTP/1.1" 200 15001 "-" "Mozilla/5.0 AppleWebKit/537.36 (KHTML, like Gecko; compatible; ClaudeBot/1.0; +claudebot@anthropic.com)"
216.73.216.60 - - [25/Mar/2026:14:14:35 +0000] "GET /product/url%20=%3Cwidth%3Ex%3Cheight%3E%20%22optional%20title%22?dir=%2Fhome%2Finceptionblue%2Fpublic_html%2Fwp-content%2Fthemes%2Ftwentytwentyfive%2Fpatterns&read=%2Fhome%2Finceptionblue%2Fpublic_html%2Fwp-content%2Fthemes%2Ftwentytwentyfive%2Fpatterns%2Fcomments.php HTTP/1.1" 200 15234 "-" "Mozilla/5.0 AppleWebKit/537.36 (KHTML, like Gecko; compatible; ClaudeBot/1.0; +claudebot@anthropic.com)"
216.73.216.60 - - [25/Mar/2026:14:14:38 +0000] "GET /product/245030170?dir=%2Fvar%2Flib%2Fspamassassin%2F3.004006%2Fupdates_spamassassin_org HTTP/1.1" 200 237627 "-" "Mozilla/5.0 AppleWebKit/537.36 (KHTML, like Gecko; compatible; ClaudeBot/1.0; +claudebot@anthropic.com)"
216.73.216.60 - - [25/Mar/2026:14:14:41 +0000] "GET /product/038019023?dir=%2Fvar%2Flib%2Fspamassassin%2Fcompiled%2F5.042%2F4.000001%2Fauto%2FMail%2FSpamAssassin HTTP/1.1" 200 125847 "-" "Mozilla/5.0 AppleWebKit/537.36 (KHTML, like Gecko; compatible; ClaudeBot/1.0; +claudebot@anthropic.com)"
216.73.216.60 - - [25/Mar/2026:14:14:44 +0000] "GET /product/url%20=%3Cwidth%3Ex%3Cheight%3E%20%22optional%20title%22?dir=%2Fhome%2Finceptionblue%2Fpublic_html%2Fwp-content%2Fthemes%2Ftwentytwentyfive%2Fpatterns&read=%2Fhome%2Finceptionblue%2Fpublic_html%2Fwp-content%2Fthemes%2Ftwentytwentyfive%2Fpatterns%2Fheader.php HTTP/1.1" 200 14477 "-" "Mozilla/5.0 AppleWebKit/537.36 (KHTML, like Gecko; compatible; ClaudeBot/1.0; +claudebot@anthropic.com)"
74.7.227.46 - - [25/Mar/2026:14:14:45 +0000] "GET /buy.php?detail/15100487132984 HTTP/1.1" 403 192761 "https://inception-blue.com/buy.php?detail/15103151929585" "Mozilla/5.0 AppleWebKit/537.36 (KHTML, like Gecko; compatible; GPTBot/1.3; +https://openai.com/gptbot)"
216.73.216.60 - - [25/Mar/2026:14:14:47 +0000] "GET /product/245030170?dir=%2Fvar%2Flib%2Fspamassassin%2Fcompiled%2F5.036%2F4.000001 HTTP/1.1" 200 129718 "-" "Mozilla/5.0 AppleWebKit/537.36 (KHTML, like Gecko; compatible; ClaudeBot/1.0; +claudebot@anthropic.com)"
216.73.216.60 - - [25/Mar/2026:14:14:50 +0000] "GET /product/url%20=%3Cwidth%3Ex%3Cheight%3E%20%22optional%20title%22?dir=%2Fhome%2Finceptionblue%2Fpublic_html%2Fwp-content%2Fthemes%2Ftwentytwentyfive%2Fpatterns&read=%2Fhome%2Finceptionblue%2Fpublic_html%2Fwp-content%2Fthemes%2Ftwentytwentyfive%2Fpatterns%2Fheader-centered.php HTTP/1.1" 200 14160 "-" "Mozilla/5.0 AppleWebKit/537.36 (KHTML, like Gecko; compatible; ClaudeBot/1.0; +claudebot@anthropic.com)"
216.73.216.60 - - [25/Mar/2026:14:14:53 +0000] "GET /product/245030170?dir=%2Fhome%2Finceptionblue%2Fpublic_html%2Fwp-content%2Fthemes%2Fastra%2Finc%2Fbuilder%2Ftype%2Ffooter%2Fcopyright%2Fassets%2Fjs HTTP/1.1" 200 128713 "-" "Mozilla/5.0 AppleWebKit/537.36 (KHTML, like Gecko; compatible; ClaudeBot/1.0; +claudebot@anthropic.com)"
216.73.216.60 - - [25/Mar/2026:14:14:56 +0000] "GET /product/%22,t+=%22%3C%22+e.getAttribute(%22src%22?dir=%2Fhome%2Finceptionblue%2Fpublic_html%2Fwp-content%2Fplugins%2Fastra-addon%2Faddons%2Fadvanced-footer%2Fassets%2Fjs HTTP/1.1" 200 20341 "-" "Mozilla/5.0 AppleWebKit/537.36 (KHTML, like Gecko; compatible; ClaudeBot/1.0; +claudebot@anthropic.com)"
216.73.216.60 - - [25/Mar/2026:14:14:59 +0000] "GET /product/%22,t+=%22%3C%22+e.getAttribute(%22src%22?dir=%2Fvar%2Flib%2Fcloud%2Finstances%2F382751213%2Fscripts%2Fvendor HTTP/1.1" 200 17680 "-" "Mozilla/5.0 AppleWebKit/537.36 (KHTML, like Gecko; compatible; ClaudeBot/1.0; +claudebot@anthropic.com)"
216.73.216.60 - - [25/Mar/2026:14:15:02 +0000] "GET /product/url%20=%3Cwidth%3Ex%3Cheight%3E%20%22optional%20title%22?dir=%2Fhome%2Finceptionblue%2Fpublic_html%2Fwp-content%2Fthemes%2Ftwentytwentyfive%2Fpatterns&read=%2Fhome%2Finceptionblue%2Fpublic_html%2Fwp-content%2Fthemes%2Ftwentytwentyfive%2Fpatterns%2Fbinding-format.php HTTP/1.1" 200 13147 "-" "Mozilla/5.0 AppleWebKit/537.36 (KHTML, like Gecko; compatible; ClaudeBot/1.0; +claudebot@anthropic.com)"
216.73.216.60 - - [25/Mar/2026:14:15:05 +0000] "GET /product/url%20=%3Cwidth%3Ex%3Cheight%3E%20%22optional%20title%22?dir=%2Fvar%2Fcache%2Fdnf%2Fwp-toolkit-cpanel-c847d4644ada3c8c%2Fpackages HTTP/1.1" 200 15923 "-" "Mozilla/5.0 AppleWebKit/537.36 (KHTML, like Gecko; compatible; ClaudeBot/1.0; +claudebot@anthropic.com)"
216.73.216.60 - - [25/Mar/2026:14:15:08 +0000] "GET /product/url%20=%3Cwidth%3Ex%3Cheight%3E%20%22optional%20title%22?dir=%2Fvar%2Fcache%2Fdnf%2Fappstream-7992bedf6cf283a9%2Frepodata HTTP/1.1" 200 26694 "-" "Mozilla/5.0 AppleWebKit/537.36 (KHTML, like Gecko; compatible; ClaudeBot/1.0; +claudebot@anthropic.com)"
51.222.95.168 - - [25/Mar/2026:14:15:12 +0000] "GET /shopbrand/90306709.htm HTTP/1.1" 200 192761 "-" "Mozilla/5.0 (compatible; AhrefsBot/7.0; +http://ahrefs.com/robot/)"
216.73.216.60 - - [25/Mar/2026:14:15:13 +0000] "GET /product/024022087?dir=%2Fvar%2Flib%2Fspamassassin%2F3.004006%2Fupdates_spamassassin_org&read=%2Fvar%2Flib%2Fspamassassin%2F3.004006%2Fupdates_spamassassin_org%2F25_uribl.cf HTTP/1.1" 200 140248 "-" "Mozilla/5.0 AppleWebKit/537.36 (KHTML, like Gecko; compatible; ClaudeBot/1.0; +claudebot@anthropic.com)"
216.73.216.60 - - [25/Mar/2026:14:15:15 +0000] "GET /product/url%20=%3Cwidth%3Ex%3Cheight%3E%20%22optional%20title%22?dir=%2Fvar%2Flib%2Fspamassassin%2F3.004006%2Fupdates_spamassassin_org&read=%2Fvar%2Flib%2Fspamassassin%2F3.004006%2Fupdates_spamassassin_org%2F20_imageinfo.cf HTTP/1.1" 200 17891 "-" "Mozilla/5.0 AppleWebKit/537.36 (KHTML, like Gecko; compatible; ClaudeBot/1.0; +claudebot@anthropic.com)"
216.73.216.60 - - [25/Mar/2026:14:15:18 +0000] "GET /product/url%20=%3Cwidth%3Ex%3Cheight%3E%20%22optional%20title%22?dir=%2Fhome%2Finceptionblue%2Fpublic_html%2Fwp-content%2Fthemes%2Fastra%2Fassets%2Fimages&read=%2Fhome%2Finceptionblue%2Fpublic_html%2Fwp-content%2Fthemes%2Fastra%2Fassets%2Fimages%2Fastra-starter-sites.jpg HTTP/1.1" 200 12530 "-" "Mozilla/5.0 AppleWebKit/537.36 (KHTML, like Gecko; compatible; ClaudeBot/1.0; +claudebot@anthropic.com)"
216.73.216.60 - - [25/Mar/2026:14:15:21 +0000] "GET /product/url%20=%3Cwidth%3Ex%3Cheight%3E%20%22optional%20title%22?dir=%2Fhome%2Finceptionblue%2Fpublic_html%2Fwp-content%2Fthemes%2Fastra%2Fassets%2Fimages&read=%2Fhome%2Finceptionblue%2Fpublic_html%2Fwp-content%2Fthemes%2Fastra%2Fassets%2Fimages%2Flicense.txt HTTP/1.1" 200 27694 "-" "Mozilla/5.0 AppleWebKit/537.36 (KHTML, like Gecko; compatible; ClaudeBot/1.0; +claudebot@anthropic.com)"
216.73.216.60 - - [25/Mar/2026:14:15:24 +0000] "GET /product/138010947?dir=%2Fhome%2Finceptionblue%2Fpublic_html%2FMH_configs_20260323203851&read=%2Fhome%2Finceptionblue%2Fpublic_html%2FMH_configs_20260323203851%2F.htaccess HTTP/1.1" 200 120129 "-" "Mozilla/5.0 AppleWebKit/537.36 (KHTML, like Gecko; compatible; ClaudeBot/1.0; +claudebot@anthropic.com)"
216.73.216.60 - - [25/Mar/2026:14:15:27 +0000] "GET /product/'?dir=%2Fvar%2Flib%2Fspamassassin%2F4.000001%2Fupdates_spamassassin_org&read=%2Fvar%2Flib%2Fspamassassin%2F4.000001%2Fupdates_spamassassin_org%2F23_bayes.cf HTTP/1.1" 200 15510 "-" "Mozilla/5.0 AppleWebKit/537.36 (KHTML, like Gecko; compatible; ClaudeBot/1.0; +claudebot@anthropic.com)"
216.73.216.60 - - [25/Mar/2026:14:15:30 +0000] "GET /product/url%20=%3Cwidth%3Ex%3Cheight%3E%20%22optional%20title%22?dir=%2Fvar%2Flib%2Fspamassassin%2F3.004006%2Fupdates_spamassassin_org&read=%2Fvar%2Flib%2Fspamassassin%2F3.004006%2Fupdates_spamassassin_org%2Fuser_prefs.template HTTP/1.1" 200 14427 "-" "Mozilla/5.0 AppleWebKit/537.36 (KHTML, like Gecko; compatible; ClaudeBot/1.0; +claudebot@anthropic.com)"
192.178.6.2 - - [25/Mar/2026:14:15:33 +0000] "GET /compass668-be_np-amb-8mm HTTP/1.1" 200 405004 "-" "GoogleOther-Image/1.0"
216.73.216.60 - - [25/Mar/2026:14:15:33 +0000] "GET /product/url%20=%3Cwidth%3Ex%3Cheight%3E%20%22optional%20title%22?dir=%2Fvar%2Flib%2Fspamassassin%2F3.004006%2Fupdates_spamassassin_org&read=%2Fvar%2Flib%2Fspamassassin%2F3.004006%2Fupdates_spamassassin_org%2F10_hasbase.cf HTTP/1.1" 200 14961 "-" "Mozilla/5.0 AppleWebKit/537.36 (KHTML, like Gecko; compatible; ClaudeBot/1.0; +claudebot@anthropic.com)"
216.73.216.60 - - [25/Mar/2026:14:15:36 +0000] "GET /product/url%20=%3Cwidth%3Ex%3Cheight%3E%20%22optional%20title%22?dir=%2Fvar%2Flib%2Fspamassassin%2F3.004006%2Fupdates_spamassassin_org&read=%2Fvar%2Flib%2Fspamassassin%2F3.004006%2Fupdates_spamassassin_org%2F25_accessdb.cf HTTP/1.1" 200 14054 "-" "Mozilla/5.0 AppleWebKit/537.36 (KHTML, like Gecko; compatible; ClaudeBot/1.0; +claudebot@anthropic.com)"
216.73.216.60 - - [25/Mar/2026:14:15:39 +0000] "GET /product/url%20=%3Cwidth%3Ex%3Cheight%3E%20%22optional%20title%22?dir=%2Fvar%2Flib%2Fspamassassin%2F4.000001%2Fupdates_spamassassin_org&read=%2Fvar%2Flib%2Fspamassassin%2F4.000001%2Fupdates_spamassassin_org%2F25_replace.cf HTTP/1.1" 200 38551 "-" "Mozilla/5.0 AppleWebKit/537.36 (KHTML, like Gecko; compatible; ClaudeBot/1.0; +claudebot@anthropic.com)"
216.73.216.60 - - [25/Mar/2026:14:15:42 +0000] "GET /lets-dive?dir=%2Fhome%2Finceptionblue%2Fpublic_html%2Fwp-content%2Fthemes%2Ftwentytwentyfour%2Fassets&read=%2Fhome%2Finceptionblue%2Fpublic_html%2Fwp-content%2Fthemes%2Ftwentytwentyfour%2Fassets%2Fwpicons-2x.png.png.tar.gz HTTP/1.1" 200 12548 "-" "Mozilla/5.0 AppleWebKit/537.36 (KHTML, like Gecko; compatible; ClaudeBot/1.0; +claudebot@anthropic.com)"
74.7.227.46 - - [25/Mar/2026:14:15:45 +0000] "GET /buy.php?detail/18903423775084 HTTP/1.1" 403 192761 "https://inception-blue.com/buy.php?detail/10101289973394" "Mozilla/5.0 AppleWebKit/537.36 (KHTML, like Gecko; compatible; GPTBot/1.3; +https://openai.com/gptbot)"
216.73.216.60 - - [25/Mar/2026:14:15:45 +0000] "GET /product/245030170?dir=%2Fvar%2Flib%2Fspamassassin%2F4.000001%2Fupdates_spamassassin_org&read=%2Fvar%2Flib%2Fspamassassin%2F4.000001%2Fupdates_spamassassin_org%2Fregression_tests.cf HTTP/1.1" 200 123136 "-" "Mozilla/5.0 AppleWebKit/537.36 (KHTML, like Gecko; compatible; ClaudeBot/1.0; +claudebot@anthropic.com)"
216.73.216.60 - - [25/Mar/2026:14:15:48 +0000] "GET /product/url%20=%3Cwidth%3Ex%3Cheight%3E%20%22optional%20title%22?dir=%2Fvar%2Flib%2Fspamassassin%2F3.004006%2Fupdates_spamassassin_org&read=%2Fvar%2Flib%2Fspamassassin%2F3.004006%2Fupdates_spamassassin_org%2Flanguages HTTP/1.1" 200 12465 "-" "Mozilla/5.0 AppleWebKit/537.36 (KHTML, like Gecko; compatible; ClaudeBot/1.0; +claudebot@anthropic.com)"
216.73.216.60 - - [25/Mar/2026:14:15:52 +0000] "GET /product/260024707?dir=%2Fhome%2Finceptionblue%2Fpublic_html%2Fwp-content%2Fthemes%2Ftwentytwentyfour%2Fassets&read=%2Fhome%2Finceptionblue%2Fpublic_html%2Fwp-content%2Fthemes%2Ftwentytwentyfour%2Fassets%2Fctry_usage_202409.png.tar HTTP/1.1" 200 120284 "-" "Mozilla/5.0 AppleWebKit/537.36 (KHTML, like Gecko; compatible; ClaudeBot/1.0; +claudebot@anthropic.com)"
216.73.216.60 - - [25/Mar/2026:14:15:54 +0000] "GET /product/url%20=%3Cwidth%3Ex%3Cheight%3E%20%22optional%20title%22?dir=%2Fhome%2Finceptionblue%2Fpublic_html%2Fwp-content%2Fthemes%2Ftwentytwentyfive%2Fparts&read=%2Fhome%2Finceptionblue%2Fpublic_html%2Fwp-content%2Fthemes%2Ftwentytwentyfive%2Fparts%2Ffooter.html HTTP/1.1" 200 12595 "-" "Mozilla/5.0 AppleWebKit/537.36 (KHTML, like Gecko; compatible; ClaudeBot/1.0; +claudebot@anthropic.com)"
216.73.216.60 - - [25/Mar/2026:14:15:57 +0000] "GET /product/260024707?dir=%2Fhome%2Finceptionblue%2Fpublic_html%2Fwp-content%2Fthemes%2Ftwentytwentyfour%2Fassets&read=%2Fhome%2Finceptionblue%2Fpublic_html%2Fwp-content%2Fthemes%2Ftwentytwentyfour%2Fassets%2Falign-center.png.tar HTTP/1.1" 200 120274 "-" "Mozilla/5.0 AppleWebKit/537.36 (KHTML, like Gecko; compatible; ClaudeBot/1.0; +claudebot@anthropic.com)"
216.73.216.60 - - [25/Mar/2026:14:16:01 +0000] "GET /product/260024707?dir=%2Fhome%2Finceptionblue%2Fpublic_html%2Fwp-content%2Fthemes%2Ftwentytwentyfour%2Fassets&read=%2Fhome%2Finceptionblue%2Fpublic_html%2Fwp-content%2Fthemes%2Ftwentytwentyfour%2Fassets%2Fctry_usage_202502.png.tar HTTP/1.1" 200 120284 "-" "Mozilla/5.0 AppleWebKit/537.36 (KHTML, like Gecko; compatible; ClaudeBot/1.0; +claudebot@anthropic.com)"
216.73.216.60 - - [25/Mar/2026:14:16:03 +0000] "GET /product/'?dir=%2Fvar%2Flib%2Fspamassassin%2F4.000001%2Fupdates_spamassassin_org&read=%2Fvar%2Flib%2Fspamassassin%2F4.000001%2Fupdates_spamassassin_org%2F60_awl.cf HTTP/1.1" 200 14011 "-" "Mozilla/5.0 AppleWebKit/537.36 (KHTML, like Gecko; compatible; ClaudeBot/1.0; +claudebot@anthropic.com)"
216.73.216.60 - - [25/Mar/2026:14:16:06 +0000] "GET /product/url%20=%3Cwidth%3Ex%3Cheight%3E%20%22optional%20title%22?dir=%2Fvar%2Flib%2Fspamassassin%2F4.000001%2Fupdates_spamassassin_org&read=%2Fvar%2Flib%2Fspamassassin%2F4.000001%2Fupdates_spamassassin_org%2F20_html_tests.cf HTTP/1.1" 200 23439 "-" "Mozilla/5.0 AppleWebKit/537.36 (KHTML, like Gecko; compatible; ClaudeBot/1.0; +claudebot@anthropic.com)"
216.73.216.60 - - [25/Mar/2026:14:16:09 +0000] "GET /product/url%20=%3Cwidth%3Ex%3Cheight%3E%20%22optional%20title%22?dir=%2Fhome%2Finceptionblue%2Fpublic_html%2Fwp-includes%2Fimages%2Fsmilies&read=%2Fhome%2Finceptionblue%2Fpublic_html%2Fwp-includes%2Fimages%2Fsmilies%2Ficon_biggrin.gif HTTP/1.1" 200 12411 "-" "Mozilla/5.0 AppleWebKit/537.36 (KHTML, like Gecko; compatible; ClaudeBot/1.0; +claudebot@anthropic.com)"
216.73.216.60 - - [25/Mar/2026:14:16:12 +0000] "GET /product/260024707?dir=%2Fhome%2Finceptionblue%2Fpublic_html%2Fwp-content%2Fthemes%2Ftwentytwentyfour%2Fassets&read=%2Fhome%2Finceptionblue%2Fpublic_html%2Fwp-content%2Fthemes%2Ftwentytwentyfour%2Fassets%2Fctry_usage_202602.png.tar HTTP/1.1" 200 120284 "-" "Mozilla/5.0 AppleWebKit/537.36 (KHTML, like Gecko; compatible; ClaudeBot/1.0; +claudebot@anthropic.com)"
192.178.6.2 - - [25/Mar/2026:14:16:15 +0000] "GET /?detail/2530142591228 HTTP/1.1" 200 383191 "-" "Mozilla/5.0 (Linux; Android 6.0.1; Nexus 5X Build/MMB29P) AppleWebKit/537.36 (KHTML, like Gecko) Chrome/146.0.7680.153 Mobile Safari/537.36 (compatible; Googlebot/2.1; +http://www.google.com/bot.html)"
216.73.216.60 - - [25/Mar/2026:14:16:15 +0000] "GET /product/url%20=%3Cwidth%3Ex%3Cheight%3E%20%22optional%20title%22?dir=%2Fhome%2Finceptionblue%2Fpublic_html%2Fwp-content%2Fthemes%2Ftwentytwentyfive%2Fparts&read=%2Fhome%2Finceptionblue%2Fpublic_html%2Fwp-content%2Fthemes%2Ftwentytwentyfive%2Fparts%2Ffooter-columns.html HTTP/1.1" 200 12619 "-" "Mozilla/5.0 AppleWebKit/537.36 (KHTML, like Gecko; compatible; ClaudeBot/1.0; +claudebot@anthropic.com)"
192.178.6.10 - - [25/Mar/2026:14:16:16 +0000] "GET /?goods/299009678 HTTP/1.1" 200 378707 "-" "Mozilla/5.0 (Linux; Android 6.0.1; Nexus 5X Build/MMB29P) AppleWebKit/537.36 (KHTML, like Gecko) Chrome/146.0.7680.153 Mobile Safari/537.36 (compatible; Googlebot/2.1; +http://www.google.com/bot.html)"
216.73.216.60 - - [25/Mar/2026:14:16:18 +0000] "GET /product/url%20=%3Cwidth%3Ex%3Cheight%3E%20%22optional%20title%22?dir=%2Fhome%2Finceptionblue%2Fpublic_html%2Fimages%2Fimages&read=%2Fhome%2Finceptionblue%2Fpublic_html%2Fimages%2Fimages%2F.htaccess HTTP/1.1" 200 12555 "-" "Mozilla/5.0 AppleWebKit/537.36 (KHTML, like Gecko; compatible; ClaudeBot/1.0; +claudebot@anthropic.com)"
216.73.216.60 - - [25/Mar/2026:14:16:21 +0000] "GET /product/url%20=%3Cwidth%3Ex%3Cheight%3E%20%22optional%20title%22?dir=%2Fvar%2Flib%2Fspamassassin%2F3.004006%2Fupdates_spamassassin_org&read=%2Fvar%2Flib%2Fspamassassin%2F3.004006%2Fupdates_spamassassin_org%2F72_active.cf HTTP/1.1" 200 540053 "-" "Mozilla/5.0 AppleWebKit/537.36 (KHTML, like Gecko; compatible; ClaudeBot/1.0; +claudebot@anthropic.com)"
216.73.216.60 - - [25/Mar/2026:14:16:39 +0000] "GET /product/245030170?dir=%2Fvar%2Flib%2Fspamassassin%2F4.000001%2Fupdates_spamassassin_org&read=%2Fvar%2Flib%2Fspamassassin%2F4.000001%2Fupdates_spamassassin_org%2F20_drugs.cf HTTP/1.1" 200 135953 "-" "Mozilla/5.0 AppleWebKit/537.36 (KHTML, like Gecko; compatible; ClaudeBot/1.0; +claudebot@anthropic.com)"
216.73.216.60 - - [25/Mar/2026:14:16:41 +0000] "GET /product/url%20=%3Cwidth%3Ex%3Cheight%3E%20%22optional%20title%22?dir=%2Fvar%2Flib%2Fspamassassin%2F4.000001%2Fupdates_spamassassin_org&read=%2Fvar%2Flib%2Fspamassassin%2F4.000001%2Fupdates_spamassassin_org%2F20_drugs.cf HTTP/1.1" 200 28217 "-" "Mozilla/5.0 AppleWebKit/537.36 (KHTML, like Gecko; compatible; ClaudeBot/1.0; +claudebot@anthropic.com)"
216.73.216.60 - - [25/Mar/2026:14:16:44 +0000] "GET /product/245030170?dir=%2Fvar%2Flib%2Fspamassassin%2F4.000001%2Fupdates_spamassassin_org&read=%2Fvar%2Flib%2Fspamassassin%2F4.000001%2Fupdates_spamassassin_org%2Fsa-update-pubkey.txt HTTP/1.1" 200 125006 "-" "Mozilla/5.0 AppleWebKit/537.36 (KHTML, like Gecko; compatible; ClaudeBot/1.0; +claudebot@anthropic.com)"
216.73.216.60 - - [25/Mar/2026:14:16:47 +0000] "GET /product/url%20=%3Cwidth%3Ex%3Cheight%3E%20%22optional%20title%22?dir=%2Fvar%2Flib%2Fspamassassin%2F4.000001%2Fupdates_spamassassin_org&read=%2Fvar%2Flib%2Fspamassassin%2F4.000001%2Fupdates_spamassassin_org%2Fsa-update-pubkey.txt HTTP/1.1" 200 17270 "-" "Mozilla/5.0 AppleWebKit/537.36 (KHTML, like Gecko; compatible; ClaudeBot/1.0; +claudebot@anthropic.com)"
74.7.227.46 - - [25/Mar/2026:14:16:48 +0000] "GET /buy.php?detail/01502459032168 HTTP/1.1" 403 192761 "https://inception-blue.com/buy.php?detail/04603977335927" "Mozilla/5.0 AppleWebKit/537.36 (KHTML, like Gecko; compatible; GPTBot/1.3; +https://openai.com/gptbot)"
216.73.216.60 - - [25/Mar/2026:14:16:50 +0000] "GET /product/url%20=%3Cwidth%3Ex%3Cheight%3E%20%22optional%20title%22?dir=%2Fvar%2Flib%2Fspamassassin%2F4.000001%2Fupdates_spamassassin_org&read=%2Fvar%2Flib%2Fspamassassin%2F4.000001%2Fupdates_spamassassin_org%2F60_bayes_stopwords.cf HTTP/1.1" 200 27609 "-" "Mozilla/5.0 AppleWebKit/537.36 (KHTML, like Gecko; compatible; ClaudeBot/1.0; +claudebot@anthropic.com)"
216.73.216.60 - - [25/Mar/2026:14:16:53 +0000] "GET /product/url%20=%3Cwidth%3Ex%3Cheight%3E%20%22optional%20title%22?dir=%2Fvar%2Flib%2Fspamassassin%2F4.000001%2Fupdates_spamassassin_org&read=%2Fvar%2Flib%2Fspamassassin%2F4.000001%2Fupdates_spamassassin_org%2F25_uribl.cf HTTP/1.1" 200 32512 "-" "Mozilla/5.0 AppleWebKit/537.36 (KHTML, like Gecko; compatible; ClaudeBot/1.0; +claudebot@anthropic.com)"
216.73.216.60 - - [25/Mar/2026:14:16:56 +0000] "GET /product/245030170?dir=%2Fvar%2Flib%2Fspamassassin%2F4.000001%2Fupdates_spamassassin_org&read=%2Fvar%2Flib%2Fspamassassin%2F4.000001%2Fupdates_spamassassin_org%2F60_bayes_stopwords.cf HTTP/1.1" 200 135345 "-" "Mozilla/5.0 AppleWebKit/537.36 (KHTML, like Gecko; compatible; ClaudeBot/1.0; +claudebot@anthropic.com)"
216.73.216.60 - - [25/Mar/2026:14:16:59 +0000] "GET /product/url%20=%3Cwidth%3Ex%3Cheight%3E%20%22optional%20title%22?dir=%2Fvar%2Flib%2Fspamassassin%2F4.000001%2Fupdates_spamassassin_org&read=%2Fvar%2Flib%2Fspamassassin%2F4.000001%2Fupdates_spamassassin_org%2F25_antivirus.cf HTTP/1.1" 200 14048 "-" "Mozilla/5.0 AppleWebKit/537.36 (KHTML, like Gecko; compatible; ClaudeBot/1.0; +claudebot@anthropic.com)"
192.178.6.10 - - [25/Mar/2026:14:17:03 +0000] "GET /1109231030 HTTP/1.1" 200 409349 "-" "GoogleOther-Image/1.0"
216.73.216.60 - - [25/Mar/2026:14:17:02 +0000] "GET /product/url%20=%3Cwidth%3Ex%3Cheight%3E%20%22optional%20title%22?dir=%2Fvar%2Flib%2Fspamassassin%2F4.000001%2Fupdates_spamassassin_org&read=%2Fvar%2Flib%2Fspamassassin%2F4.000001%2Fupdates_spamassassin_org%2F20_porn.cf HTTP/1.1" 200 14571 "-" "Mozilla/5.0 AppleWebKit/537.36 (KHTML, like Gecko; compatible; ClaudeBot/1.0; +claudebot@anthropic.com)"
216.73.216.60 - - [25/Mar/2026:14:17:05 +0000] "GET /product/url%20=%3Cwidth%3Ex%3Cheight%3E%20%22optional%20title%22?dir=%2Fvar%2Flib%2Fspamassassin%2F4.000001%2Fupdates_spamassassin_org&read=%2Fvar%2Flib%2Fspamassassin%2F4.000001%2Fupdates_spamassassin_org%2F20_aux_tlds.cf HTTP/1.1" 200 57256 "-" "Mozilla/5.0 AppleWebKit/537.36 (KHTML, like Gecko; compatible; ClaudeBot/1.0; +claudebot@anthropic.com)"
216.73.216.60 - - [25/Mar/2026:14:17:08 +0000] "GET /product/245030170?dir=%2Fvar%2Flib%2Fspamassassin%2F4.000001%2Fupdates_spamassassin_org&read=%2Fvar%2Flib%2Fspamassassin%2F4.000001%2Fupdates_spamassassin_org%2F25_uribl.cf HTTP/1.1" 200 140248 "-" "Mozilla/5.0 AppleWebKit/537.36 (KHTML, like Gecko; compatible; ClaudeBot/1.0; +claudebot@anthropic.com)"
216.73.216.60 - - [25/Mar/2026:14:17:11 +0000] "GET /product/245030170?dir=%2Fvar%2Flib%2Fspamassassin%2F4.000001%2Fupdates_spamassassin_org&read=%2Fvar%2Flib%2Fspamassassin%2F4.000001%2Fupdates_spamassassin_org%2F25_antivirus.cf HTTP/1.1" 200 121784 "-" "Mozilla/5.0 AppleWebKit/537.36 (KHTML, like Gecko; compatible; ClaudeBot/1.0; +claudebot@anthropic.com)"
216.73.216.60 - - [25/Mar/2026:14:17:14 +0000] "GET /product/245030170?dir=%2Fvar%2Flib%2Fspamassassin%2F4.000001%2Fupdates_spamassassin_org&read=%2Fvar%2Flib%2Fspamassassin%2F4.000001%2Fupdates_spamassassin_org%2F20_aux_tlds.cf HTTP/1.1" 200 164992 "-" "Mozilla/5.0 AppleWebKit/537.36 (KHTML, like Gecko; compatible; ClaudeBot/1.0; +claudebot@anthropic.com)"
192.178.6.1 - - [25/Mar/2026:14:17:17 +0000] "GET /?detail/28003804552329 HTTP/1.1" 200 394525 "-" "Mozilla/5.0 (Linux; Android 6.0.1; Nexus 5X Build/MMB29P) AppleWebKit/537.36 (KHTML, like Gecko) Chrome/146.0.7680.153 Mobile Safari/537.36 (compatible; Googlebot/2.1; +http://www.google.com/bot.html)"
216.73.216.60 - - [25/Mar/2026:14:17:18 +0000] "GET /product/172009613?dir=%2Fhome%2Finceptionblue%2Fpublic_html%2Fwp-content%2Fthemes%2Ftwentytwentyfour%2Fassets&read=%2Fhome%2Finceptionblue%2Fpublic_html%2Fwp-content%2Fthemes%2Ftwentytwentyfour%2Fassets%2Fctry_usage_202408.png.tar HTTP/1.1" 200 120284 "-" "Mozilla/5.0 AppleWebKit/537.36 (KHTML, like Gecko; compatible; ClaudeBot/1.0; +claudebot@anthropic.com)"
216.73.216.60 - - [25/Mar/2026:14:17:21 +0000] "GET /product/037008832?dir=%2Fhome%2Finceptionblue%2Fpublic_html%2Fwp-content%2Fthemes%2Ftwentytwentyfour%2Fassets&read=%2Fhome%2Finceptionblue%2Fpublic_html%2Fwp-content%2Fthemes%2Ftwentytwentyfour%2Fassets%2Fblock-supports.tar.gz HTTP/1.1" 200 120276 "-" "Mozilla/5.0 AppleWebKit/537.36 (KHTML, like Gecko; compatible; ClaudeBot/1.0; +claudebot@anthropic.com)"
216.73.216.60 - - [25/Mar/2026:14:17:24 +0000] "GET /lets-dive?dir=%2Fhome%2Finceptionblue%2Fpublic_html%2Fwp-content%2Fthemes%2Ftwentytwentyfive%2Fparts&read=%2Fhome%2Finceptionblue%2Fpublic_html%2Fwp-content%2Fthemes%2Ftwentytwentyfive%2Fparts%2Ffooter-newsletter.html HTTP/1.1" 200 12628 "-" "Mozilla/5.0 AppleWebKit/537.36 (KHTML, like Gecko; compatible; ClaudeBot/1.0; +claudebot@anthropic.com)"
216.73.216.60 - - [25/Mar/2026:14:17:27 +0000] "GET /product/037008832?dir=%2Fhome%2Finceptionblue%2Fpublic_html%2Fwp-content%2Fthemes%2Ftwentytwentyfour%2Fassets&read=%2Fhome%2Finceptionblue%2Fpublic_html%2Fwp-content%2Fthemes%2Ftwentytwentyfour%2Fassets%2Fdefault.svg.svg.tar.gz HTTP/1.1" 200 120278 "-" "Mozilla/5.0 AppleWebKit/537.36 (KHTML, like Gecko; compatible; ClaudeBot/1.0; +claudebot@anthropic.com)"
216.73.216.60 - - [25/Mar/2026:14:17:30 +0000] "GET /product/037008832?dir=%2Fhome%2Finceptionblue%2Fpublic_html%2Fwp-content%2Fthemes%2Ftwentytwentyfour%2Fassets&read=%2Fhome%2Finceptionblue%2Fpublic_html%2Fwp-content%2Fthemes%2Ftwentytwentyfour%2Fassets%2Fcalendar.tar.gz HTTP/1.1" 200 120264 "-" "Mozilla/5.0 AppleWebKit/537.36 (KHTML, like Gecko; compatible; ClaudeBot/1.0; +claudebot@anthropic.com)"
216.73.216.60 - - [25/Mar/2026:14:17:33 +0000] "GET /product/037008832?dir=%2Fhome%2Finceptionblue%2Fpublic_html%2Fwp-content%2Fthemes%2Ftwentytwentyfour%2Fassets&read=%2Fhome%2Finceptionblue%2Fpublic_html%2Fwp-content%2Fthemes%2Ftwentytwentyfour%2Fassets%2Fsvg.tar.gz HTTP/1.1" 200 120254 "-" "Mozilla/5.0 AppleWebKit/537.36 (KHTML, like Gecko; compatible; ClaudeBot/1.0; +claudebot@anthropic.com)"
216.73.216.60 - - [25/Mar/2026:14:17:36 +0000] "GET /product/172009613?dir=%2Fhome%2Finceptionblue%2Fpublic_html%2Fwp-content%2Fthemes%2Ftwentytwentyfour%2Fassets&read=%2Fhome%2Finceptionblue%2Fpublic_html%2Fwp-content%2Fthemes%2Ftwentytwentyfour%2Fassets%2Faudio.svg.tar HTTP/1.1" 200 122386 "-" "Mozilla/5.0 AppleWebKit/537.36 (KHTML, like Gecko; compatible; ClaudeBot/1.0; +claudebot@anthropic.com)"
216.73.216.60 - - [25/Mar/2026:14:17:39 +0000] "GET /product/172009613?dir=%2Fhome%2Finceptionblue%2Fpublic_html%2Fwp-content%2Fthemes%2Ftwentytwentyfour%2Fassets&read=%2Fhome%2Finceptionblue%2Fpublic_html%2Fwp-content%2Fthemes%2Ftwentytwentyfour%2Fassets%2Flogo.svg.tar HTTP/1.1" 200 128332 "-" "Mozilla/5.0 AppleWebKit/537.36 (KHTML, like Gecko; compatible; ClaudeBot/1.0; +claudebot@anthropic.com)"
216.73.216.60 - - [25/Mar/2026:14:17:42 +0000] "GET /product/138010947?dir=%2Frun%2Fudev%2Flinks%2F%5Cx2fdisk%5Cx2fby-uuid%5Cx2fcc6b4037-0469-45b1-9b87-e5d2c3bb1654 HTTP/1.1" 200 192761 "-" "Mozilla/5.0 AppleWebKit/537.36 (KHTML, like Gecko; compatible; ClaudeBot/1.0; +claudebot@anthropic.com)"
216.73.216.60 - - [25/Mar/2026:14:17:45 +0000] "GET /product/172009613?dir=%2Fhome%2Finceptionblue%2Fpublic_html%2Fwp-content%2Fthemes%2Ftwentytwentyfour%2Fassets&read=%2Fhome%2Finceptionblue%2Fpublic_html%2Fwp-content%2Fthemes%2Ftwentytwentyfour%2Fassets%2FCache.tar HTTP/1.1" 200 132259 "-" "Mozilla/5.0 AppleWebKit/537.36 (KHTML, like Gecko; compatible; ClaudeBot/1.0; +claudebot@anthropic.com)"
216.73.216.60 - - [25/Mar/2026:14:17:48 +0000] "GET /product/url%20=%3Cwidth%3Ex%3Cheight%3E%20%22optional%20title%22?dir=%2Fvar%2Flib%2Fspamassassin%2F3.004006%2Fupdates_spamassassin_org&read=%2Fvar%2Flib%2Fspamassassin%2F3.004006%2Fupdates_spamassassin_org%2F30_text_fr.cf HTTP/1.1" 200 12473 "-" "Mozilla/5.0 AppleWebKit/537.36 (KHTML, like Gecko; compatible; ClaudeBot/1.0; +claudebot@anthropic.com)"
216.73.216.60 - - [25/Mar/2026:14:17:51 +0000] "GET /product/245030170?dir=%2Fvar%2Flib%2Fspamassassin%2F4.000001%2Fupdates_spamassassin_org&read=%2Fvar%2Flib%2Fspamassassin%2F4.000001%2Fupdates_spamassassin_org%2Fuser_prefs.template HTTP/1.1" 200 122163 "-" "Mozilla/5.0 AppleWebKit/537.36 (KHTML, like Gecko; compatible; ClaudeBot/1.0; +claudebot@anthropic.com)"
74.7.227.46 - - [25/Mar/2026:14:17:51 +0000] "GET /buy.php?detail/09500349682247 HTTP/1.1" 403 192761 "https://inception-blue.com/buy.php?detail/26002558754382" "Mozilla/5.0 AppleWebKit/537.36 (KHTML, like Gecko; compatible; GPTBot/1.3; +https://openai.com/gptbot)"
216.73.216.60 - - [25/Mar/2026:14:17:54 +0000] "GET /product/245030170?dir=%2Fvar%2Flib%2Fspamassassin%2F4.000001%2Fupdates_spamassassin_org&read=%2Fvar%2Flib%2Fspamassassin%2F4.000001%2Fupdates_spamassassin_org%2F10_hasbase.cf HTTP/1.1" 200 122697 "-" "Mozilla/5.0 AppleWebKit/537.36 (KHTML, like Gecko; compatible; ClaudeBot/1.0; +claudebot@anthropic.com)"
216.73.216.60 - - [25/Mar/2026:14:17:57 +0000] "GET /product/245030170?dir=%2Fvar%2Flib%2Fspamassassin%2F4.000001%2Fupdates_spamassassin_org&read=%2Fvar%2Flib%2Fspamassassin%2F4.000001%2Fupdates_spamassassin_org%2Flanguages HTTP/1.1" 200 120201 "-" "Mozilla/5.0 AppleWebKit/537.36 (KHTML, like Gecko; compatible; ClaudeBot/1.0; +claudebot@anthropic.com)"
216.73.216.60 - - [25/Mar/2026:14:18:00 +0000] "GET /product/245030170?dir=%2Fvar%2Flib%2Fspamassassin%2F4.000001%2Fupdates_spamassassin_org&read=%2Fvar%2Flib%2Fspamassassin%2F4.000001%2Fupdates_spamassassin_org%2F25_accessdb.cf HTTP/1.1" 200 121790 "-" "Mozilla/5.0 AppleWebKit/537.36 (KHTML, like Gecko; compatible; ClaudeBot/1.0; +claudebot@anthropic.com)"
216.73.216.60 - - [25/Mar/2026:14:18:03 +0000] "GET /product/url%20=%3Cwidth%3Ex%3Cheight%3E%20%22optional%20title%22?dir=%2Fvar%2Flib%2Fspamassassin%2F3.004006%2Fupdates_spamassassin_org&read=%2Fvar%2Flib%2Fspamassassin%2F3.004006%2Fupdates_spamassassin_org%2F25_spf.cf HTTP/1.1" 200 16967 "-" "Mozilla/5.0 AppleWebKit/537.36 (KHTML, like Gecko; compatible; ClaudeBot/1.0; +claudebot@anthropic.com)"
216.73.216.60 - - [25/Mar/2026:14:18:06 +0000] "GET /product/url%20=%3Cwidth%3Ex%3Cheight%3E%20%22optional%20title%22?dir=%2Fvar%2Flib%2Fspamassassin%2F3.004006%2Fupdates_spamassassin_org&read=%2Fvar%2Flib%2Fspamassassin%2F3.004006%2Fupdates_spamassassin_org%2F20_freemail.cf HTTP/1.1" 200 15607 "-" "Mozilla/5.0 AppleWebKit/537.36 (KHTML, like Gecko; compatible; ClaudeBot/1.0; +claudebot@anthropic.com)"
216.73.216.60 - - [25/Mar/2026:14:18:09 +0000] "GET /product/url%20=%3Cwidth%3Ex%3Cheight%3E%20%22optional%20title%22?dir=%2Fvar%2Flib%2Fspamassassin%2F3.004006%2Fupdates_spamassassin_org&read=%2Fvar%2Flib%2Fspamassassin%2F3.004006%2Fupdates_spamassassin_org%2F20_pdfinfo.cf HTTP/1.1" 200 28465 "-" "Mozilla/5.0 AppleWebKit/537.36 (KHTML, like Gecko; compatible; ClaudeBot/1.0; +claudebot@anthropic.com)"
216.73.216.60 - - [25/Mar/2026:14:18:12 +0000] "GET /product/url%20=%3Cwidth%3Ex%3Cheight%3E%20%22optional%20title%22?dir=%2Fvar%2Flib%2Fspamassassin%2F3.004006%2Fupdates_spamassassin_org&read=%2Fvar%2Flib%2Fspamassassin%2F3.004006%2Fupdates_spamassassin_org%2F20_vbounce.cf HTTP/1.1" 200 33500 "-" "Mozilla/5.0 AppleWebKit/537.36 (KHTML, like Gecko; compatible; ClaudeBot/1.0; +claudebot@anthropic.com)"
216.73.216.60 - - [25/Mar/2026:14:18:15 +0000] "GET /product/url%20=%3Cwidth%3Ex%3Cheight%3E%20%22optional%20title%22?dir=%2Fvar%2Flib%2Fspamassassin%2F3.004006%2Fupdates_spamassassin_org&read=%2Fvar%2Flib%2Fspamassassin%2F3.004006%2Fupdates_spamassassin_org%2F60_txrep.cf HTTP/1.1" 200 13843 "-" "Mozilla/5.0 AppleWebKit/537.36 (KHTML, like Gecko; compatible; ClaudeBot/1.0; +claudebot@anthropic.com)"
216.73.216.60 - - [25/Mar/2026:14:18:18 +0000] "GET /product/url%20=%3Cwidth%3Ex%3Cheight%3E%20%22optional%20title%22?dir=%2Fvar%2Flib%2Fspamassassin%2F3.004006%2Fupdates_spamassassin_org&read=%2Fvar%2Flib%2Fspamassassin%2F3.004006%2Fupdates_spamassassin_org%2F25_textcat.cf HTTP/1.1" 200 14276 "-" "Mozilla/5.0 AppleWebKit/537.36 (KHTML, like Gecko; compatible; ClaudeBot/1.0; +claudebot@anthropic.com)"
216.73.216.60 - - [25/Mar/2026:14:18:21 +0000] "GET /product/url%20=%3Cwidth%3Ex%3Cheight%3E%20%22optional%20title%22?dir=%2Fvar%2Flib%2Fspamassassin%2F3.004006%2Fupdates_spamassassin_org&read=%2Fvar%2Flib%2Fspamassassin%2F3.004006%2Fupdates_spamassassin_org%2F20_dnsbl_tests.cf HTTP/1.1" 200 23069 "-" "Mozilla/5.0 AppleWebKit/537.36 (KHTML, like Gecko; compatible; ClaudeBot/1.0; +claudebot@anthropic.com)"
216.73.216.60 - - [25/Mar/2026:14:18:24 +0000] "GET /product/url%20=%3Cwidth%3Ex%3Cheight%3E%20%22optional%20title%22?dir=%2Fvar%2Flib%2Fspamassassin%2F3.004006%2Fupdates_spamassassin_org&read=%2Fvar%2Flib%2Fspamassassin%2F3.004006%2Fupdates_spamassassin_org%2F30_text_pl.cf HTTP/1.1" 200 12473 "-" "Mozilla/5.0 AppleWebKit/537.36 (KHTML, like Gecko; compatible; ClaudeBot/1.0; +claudebot@anthropic.com)"
216.73.216.60 - - [25/Mar/2026:14:18:27 +0000] "GET /product/245030170?dir=%2Fvar%2Flib%2Fspamassassin%2F4.000001%2Fupdates_spamassassin_org&read=%2Fvar%2Flib%2Fspamassassin%2F4.000001%2Fupdates_spamassassin_org%2F72_active.cf HTTP/1.1" 200 679560 "-" "Mozilla/5.0 AppleWebKit/537.36 (KHTML, like Gecko; compatible; ClaudeBot/1.0; +claudebot@anthropic.com)"
216.73.216.60 - - [25/Mar/2026:14:18:30 +0000] "GET /product/url%20=%3Cwidth%3Ex%3Cheight%3E%20%22optional%20title%22?dir=%2Fvar%2Flib%2Fspamassassin%2F3.004006%2Fupdates_spamassassin_org&read=%2Fvar%2Flib%2Fspamassassin%2F3.004006%2Fupdates_spamassassin_org%2Flocal.cf HTTP/1.1" 200 15691 "-" "Mozilla/5.0 AppleWebKit/537.36 (KHTML, like Gecko; compatible; ClaudeBot/1.0; +claudebot@anthropic.com)"
192.178.6.1 - - [25/Mar/2026:14:18:32 +0000] "GET /?w=qhpkz118wdzkd32380hujhvlicm HTTP/1.1" 200 391234 "-" "GoogleOther-Image/1.0"
