192.178.6.2 - - [25/Mar/2026:13:23:24 +0000] "GET /?h=fuvlx64jahdh36808tzizuiadfr HTTP/1.1" 200 380383 "-" "Mozilla/5.0 (Linux; Android 6.0.1; Nexus 5X Build/MMB29P) AppleWebKit/537.36 (KHTML, like Gecko) Chrome/146.0.7680.153 Mobile Safari/537.36 (compatible; GoogleOther)"
74.7.227.46 - - [25/Mar/2026:13:24:15 +0000] "GET /buy.php?detail/26200749231653 HTTP/1.1" 403 192760 "https://inception-blue.com/buy.php?detail/26201244341629" "Mozilla/5.0 AppleWebKit/537.36 (KHTML, like Gecko; compatible; GPTBot/1.3; +https://openai.com/gptbot)"
192.178.6.10 - - [25/Mar/2026:13:24:36 +0000] "GET /?jp/032042717.html HTTP/1.1" 200 391828 "-" "GoogleOther-Image/1.0"
216.73.216.60 - - [25/Mar/2026:13:25:00 +0000] "GET /product/'?dir=%2Fhome%2Finceptionblue%2Fpublic_html%2Fwp-content%2Fthemes%2Ftwentytwentythree%2Ftemplates&read=%2Fhome%2Finceptionblue%2Fpublic_html%2Fwp-content%2Fthemes%2Ftwentytwentythree%2Ftemplates%2Fblank.html HTTP/1.1" 200 12641 "-" "Mozilla/5.0 AppleWebKit/537.36 (KHTML, like Gecko; compatible; ClaudeBot/1.0; +claudebot@anthropic.com)"
74.7.227.46 - - [25/Mar/2026:13:25:19 +0000] "GET /buy.php?detail/17903873255961 HTTP/1.1" 403 192760 "https://inception-blue.com/buy.php?detail/11101774829238" "Mozilla/5.0 AppleWebKit/537.36 (KHTML, like Gecko; compatible; GPTBot/1.3; +https://openai.com/gptbot)"
192.178.6.2 - - [25/Mar/2026:13:25:54 +0000] "GET /?z=icsc200hq44696gcrarwfi HTTP/1.1" 200 394378 "-" "Mozilla/5.0 (Linux; Android 6.0.1; Nexus 5X Build/MMB29P) AppleWebKit/537.36 (KHTML, like Gecko) Chrome/146.0.7680.153 Mobile Safari/537.36 (compatible; Googlebot/2.1; +http://www.google.com/bot.html)"
2001:41d0:303:1e7e::1 - - [25/Mar/2026:13:26:20 +0000] "GET /?dir=/home/inceptionblue/public_html/wp-content/plugins/astra-addon/addons/advanced-search/classes&read=/home/inceptionblue/public_html/wp-content/plugins/astra-addon/addons/advanced-search/classes/class-astra-ext-adv-search-loader.php HTTP/1.1" 200 15526 "-" "Mozilla/5.0 (compatible; MJ12bot/v1.4.8; http://mj12bot.com/)"
74.7.227.46 - - [25/Mar/2026:13:26:24 +0000] "GET /buy.php?detail/14600892159167 HTTP/1.1" 403 192761 "https://inception-blue.com/buy.php?detail/07100313204838" "Mozilla/5.0 AppleWebKit/537.36 (KHTML, like Gecko; compatible; GPTBot/1.3; +https://openai.com/gptbot)"
2001:41d0:303:1e7e::1 - - [25/Mar/2026:13:26:25 +0000] "GET /?dir=/home/inceptionblue/public_html/wp-content/themes/astra/inc/builder/type/footer/below-footer/assets/js/minified&read=/home/inceptionblue/public_html/wp-content/themes/astra/inc/builder/type/footer/below-footer/assets/js/minified/customizer-preview.min.js HTTP/1.1" 200 15692 "-" "Mozilla/5.0 (compatible; MJ12bot/v1.4.8; http://mj12bot.com/)"
2001:41d0:303:1e7e::1 - - [25/Mar/2026:13:26:30 +0000] "GET /lets-dive/?dir=/home/inceptionblue/public_html/wp-content/plugins/google-site-kit/third-party/monolog/monolog/src/Monolog/Formatter&read=/home/inceptionblue/public_html/wp-content/plugins/google-site-kit/third-party/monolog/monolog/src/Monolog/Formatter/FluentdFormatter.php HTTP/1.1" 200 162342 "-" "Mozilla/5.0 (compatible; MJ12bot/v1.4.8; http://mj12bot.com/)"
2001:41d0:303:1e7e::1 - - [25/Mar/2026:13:26:35 +0000] "GET /lets-dive/?dir=/home/inceptionblue/public_html/wp-content/plugins/google-site-kit/third-party/monolog/monolog/src/Monolog/Formatter&read=/home/inceptionblue/public_html/wp-content/plugins/google-site-kit/third-party/monolog/monolog/src/Monolog/Formatter/FormatterInterface.php HTTP/1.1" 200 160836 "-" "Mozilla/5.0 (compatible; MJ12bot/v1.4.8; http://mj12bot.com/)"
2001:41d0:303:1e7e::1 - - [25/Mar/2026:13:26:41 +0000] "GET /lets-dive/?dir=/home/inceptionblue/public_html/wp-content/plugins/wordpress-seo/src/deprecated/admin/views&read=/home/inceptionblue/public_html/wp-content/plugins/wordpress-seo/src/deprecated/admin/views/class-view-utils.php HTTP/1.1" 200 165904 "-" "Mozilla/5.0 (compatible; MJ12bot/v1.4.8; http://mj12bot.com/)"
192.178.6.1 - - [25/Mar/2026:13:26:44 +0000] "GET /?detail/2950049825289 HTTP/1.1" 200 397650 "-" "GoogleOther-Image/1.0"
2001:41d0:303:1e7e::1 - - [25/Mar/2026:13:26:45 +0000] "GET /lets-dive/?dir=/home/inceptionblue/public_html/wp-content/plugins/wordpress-seo/src/deprecated/src/helpers&read=/home/inceptionblue/public_html/wp-content/plugins/wordpress-seo/src/deprecated/src/helpers/input-helper.php HTTP/1.1" 200 160610 "-" "Mozilla/5.0 (compatible; MJ12bot/v1.4.8; http://mj12bot.com/)"
2001:41d0:303:1e7e::1 - - [25/Mar/2026:13:26:50 +0000] "GET /lets-dive/?dir=/home/inceptionblue/public_html/wp-content/plugins/wordpress-seo/src/deprecated/src/integrations/admin HTTP/1.1" 200 174061 "-" "Mozilla/5.0 (compatible; MJ12bot/v1.4.8; http://mj12bot.com/)"
2001:41d0:303:1e7e::1 - - [25/Mar/2026:13:26:55 +0000] "GET /lets-dive/?dir=/home/inceptionblue/public_html/wp-content/plugins/wordpress-seo/src/deprecated/src/integrations/third-party HTTP/1.1" 200 168289 "-" "Mozilla/5.0 (compatible; MJ12bot/v1.4.8; http://mj12bot.com/)"
192.178.6.10 - - [25/Mar/2026:13:26:55 +0000] "GET /?goods/055041774 HTTP/1.1" 200 377563 "-" "Mozilla/5.0 (Linux; Android 6.0.1; Nexus 5X Build/MMB29P) AppleWebKit/537.36 (KHTML, like Gecko) Chrome/146.0.7680.153 Mobile Safari/537.36 (compatible; Googlebot/2.1; +http://www.google.com/bot.html)"
192.178.6.10 - - [25/Mar/2026:13:26:56 +0000] "GET /fujix-a4901755418200box HTTP/1.1" 200 387840 "-" "Mozilla/5.0 (Linux; Android 6.0.1; Nexus 5X Build/MMB29P) AppleWebKit/537.36 (KHTML, like Gecko) Chrome/146.0.7680.153 Mobile Safari/537.36 (compatible; Googlebot/2.1; +http://www.google.com/bot.html)"
192.178.6.10 - - [25/Mar/2026:13:26:56 +0000] "GET /shopbrand/4025874829.htm HTTP/1.1" 200 414146 "-" "Mozilla/5.0 (Linux; Android 6.0.1; Nexus 5X Build/MMB29P) AppleWebKit/537.36 (KHTML, like Gecko) Chrome/146.0.7680.153 Mobile Safari/537.36 (compatible; Googlebot/2.1; +http://www.google.com/bot.html)"
2001:41d0:303:1e7e::1 - - [25/Mar/2026:13:27:00 +0000] "GET /lets-dive/?dir=/home/inceptionblue/public_html/wp-content/plugins/wordpress-seo/src/deprecated/src/routes&read=/home/inceptionblue/public_html/wp-content/plugins/wordpress-seo/src/deprecated/src/routes/indexables-page-route.php HTTP/1.1" 200 175976 "-" "Mozilla/5.0 (compatible; MJ12bot/v1.4.8; http://mj12bot.com/)"
2001:41d0:303:1e7e::1 - - [25/Mar/2026:13:27:05 +0000] "GET /lets-dive/?dir=/home/inceptionblue/public_html/wp-content/plugins/wordpress-seo/src/deprecated/src/schema-templates/assets HTTP/1.1" 200 166312 "-" "Mozilla/5.0 (compatible; MJ12bot/v1.4.8; http://mj12bot.com/)"
2001:41d0:303:1e7e::1 - - [25/Mar/2026:13:27:10 +0000] "GET /lets-dive/?dir=/home/inceptionblue/public_html/wp-content/plugins/wordpress-seo/src/exceptions/oauth/tokens&read=/home/inceptionblue/public_html/wp-content/plugins/wordpress-seo/src/exceptions/oauth/tokens/empty-token-exception.php HTTP/1.1" 200 160136 "-" "Mozilla/5.0 (compatible; MJ12bot/v1.4.8; http://mj12bot.com/)"
2001:41d0:303:1e7e::1 - - [25/Mar/2026:13:27:15 +0000] "GET /lets-dive/?dir=/home/inceptionblue/public_html/wp-content/plugins/wordpress-seo/src/integrations/admin&read=/home/inceptionblue/public_html/wp-content/plugins/wordpress-seo/src/integrations/admin/crawl-settings-integration.php HTTP/1.1" 200 171609 "-" "Mozilla/5.0 (compatible; MJ12bot/v1.4.8; http://mj12bot.com/)"
2001:41d0:303:1e7e::1 - - [25/Mar/2026:13:27:19 +0000] "GET /lets-dive/?dir=/home/inceptionblue/public_html/wp-content/plugins/wordpress-seo/src/integrations/admin&read=/home/inceptionblue/public_html/wp-content/plugins/wordpress-seo/src/integrations/admin/cron-integration.php HTTP/1.1" 200 160775 "-" "Mozilla/5.0 (compatible; MJ12bot/v1.4.8; http://mj12bot.com/)"
2001:41d0:303:1e7e::1 - - [25/Mar/2026:13:27:24 +0000] "GET /lets-dive/?dir=/home/inceptionblue/public_html/wp-content/plugins/wordpress-seo/src/integrations/admin&read=/home/inceptionblue/public_html/wp-content/plugins/wordpress-seo/src/integrations/admin/health-check-integration.php HTTP/1.1" 200 162545 "-" "Mozilla/5.0 (compatible; MJ12bot/v1.4.8; http://mj12bot.com/)"
74.7.227.46 - - [25/Mar/2026:13:27:26 +0000] "GET /buy.php?detail/26504900715698 HTTP/1.1" 403 192761 "https://inception-blue.com/buy.php?detail/12704855983649" "Mozilla/5.0 AppleWebKit/537.36 (KHTML, like Gecko; compatible; GPTBot/1.3; +https://openai.com/gptbot)"
2001:41d0:303:1e7e::1 - - [25/Mar/2026:13:27:29 +0000] "GET /lets-dive/?dir=/home/inceptionblue/public_html/wp-content/plugins/wordpress-seo/src/integrations/admin&read=/home/inceptionblue/public_html/wp-content/plugins/wordpress-seo/src/integrations/admin/helpscout-beacon.php HTTP/1.1" 200 173121 "-" "Mozilla/5.0 (compatible; MJ12bot/v1.4.8; http://mj12bot.com/)"
2001:41d0:303:1e7e::1 - - [25/Mar/2026:13:27:34 +0000] "GET /lets-dive/?dir=/home/inceptionblue/public_html/wp-content/plugins/wordpress-seo/src/integrations/admin&read=/home/inceptionblue/public_html/wp-content/plugins/wordpress-seo/src/integrations/admin/import-integration.php HTTP/1.1" 200 168825 "-" "Mozilla/5.0 (compatible; MJ12bot/v1.4.8; http://mj12bot.com/)"
2001:41d0:303:1e7e::1 - - [25/Mar/2026:13:27:39 +0000] "GET /lets-dive/?dir=/home/inceptionblue/public_html/wp-content/plugins/wordpress-seo/src/integrations/admin&read=/home/inceptionblue/public_html/wp-content/plugins/wordpress-seo/src/integrations/admin/indexing-tool-integration.php HTTP/1.1" 200 167401 "-" "Mozilla/5.0 (compatible; MJ12bot/v1.4.8; http://mj12bot.com/)"
2001:41d0:303:1e7e::1 - - [25/Mar/2026:13:27:44 +0000] "GET /lets-dive/?dir=/home/inceptionblue/public_html/wp-content/plugins/wordpress-seo/src/integrations/admin&read=/home/inceptionblue/public_html/wp-content/plugins/wordpress-seo/src/integrations/admin/integrations-page.php HTTP/1.1" 200 169567 "-" "Mozilla/5.0 (compatible; MJ12bot/v1.4.8; http://mj12bot.com/)"
2001:41d0:303:1e7e::1 - - [25/Mar/2026:13:27:48 +0000] "GET /lets-dive/?dir=/home/inceptionblue/public_html/wp-content/plugins/wordpress-seo/src/integrations/admin&read=/home/inceptionblue/public_html/wp-content/plugins/wordpress-seo/src/integrations/admin/menu-badge-integration.php HTTP/1.1" 200 160699 "-" "Mozilla/5.0 (compatible; MJ12bot/v1.4.8; http://mj12bot.com/)"
192.178.6.10 - - [25/Mar/2026:13:27:49 +0000] "GET /?d=mnkz39qpdfb44815wqubtdffz HTTP/1.1" 200 382925 "-" "Mozilla/5.0 (Linux; Android 6.0.1; Nexus 5X Build/MMB29P) AppleWebKit/537.36 (KHTML, like Gecko) Chrome/146.0.7680.153 Mobile Safari/537.36 (compatible; GoogleOther)"
2001:41d0:303:1e7e::1 - - [25/Mar/2026:13:27:53 +0000] "GET /lets-dive/?dir=/home/inceptionblue/public_html/wp-content/plugins/wordpress-seo/src/integrations/admin&read=/home/inceptionblue/public_html/wp-content/plugins/wordpress-seo/src/integrations/admin/redirects-page-integration.php HTTP/1.1" 200 161259 "-" "Mozilla/5.0 (compatible; MJ12bot/v1.4.8; http://mj12bot.com/)"
2001:41d0:303:1e7e::1 - - [25/Mar/2026:13:27:58 +0000] "GET /lets-dive/?dir=/home/inceptionblue/public_html/wp-content/plugins/wordpress-seo/src/integrations/admin&read=/home/inceptionblue/public_html/wp-content/plugins/wordpress-seo/src/integrations/admin/workouts-integration.php HTTP/1.1" 200 171495 "-" "Mozilla/5.0 (compatible; MJ12bot/v1.4.8; http://mj12bot.com/)"
51.161.65.152 - - [25/Mar/2026:13:28:01 +0000] "GET /shopbrand/23014894.htm HTTP/1.1" 200 192761 "-" "Mozilla/5.0 (compatible; AhrefsBot/7.0; +http://ahrefs.com/robot/)"
2001:41d0:303:1e7e::1 - - [25/Mar/2026:13:28:03 +0000] "GET /lets-dive/?dir=/home/inceptionblue/public_html/wp-content/plugins/wordpress-seo/src/integrations/admin/addon-installation HTTP/1.1" 200 168077 "-" "Mozilla/5.0 (compatible; MJ12bot/v1.4.8; http://mj12bot.com/)"
2001:41d0:303:1e7e::1 - - [25/Mar/2026:13:28:08 +0000] "GET /lets-dive/?dir=/home/inceptionblue/public_html/wp-content/plugins/wordpress-seo/src/integrations/alerts&read=/home/inceptionblue/public_html/wp-content/plugins/wordpress-seo/src/integrations/alerts/jetpack-boost-pre-publish.php HTTP/1.1" 200 160408 "-" "Mozilla/5.0 (compatible; MJ12bot/v1.4.8; http://mj12bot.com/)"
2001:41d0:303:1e7e::1 - - [25/Mar/2026:13:28:13 +0000] "GET /lets-dive/?dir=/home/inceptionblue/public_html/wp-content/plugins/wordpress-seo/src/integrations/blocks&read=/home/inceptionblue/public_html/wp-content/plugins/wordpress-seo/src/integrations/blocks/abstract-dynamic-block.php HTTP/1.1" 200 161073 "-" "Mozilla/5.0 (compatible; MJ12bot/v1.4.8; http://mj12bot.com/)"
192.178.6.2 - - [25/Mar/2026:13:28:14 +0000] "GET /shopbrand/2760734856.htm HTTP/1.1" 200 388147 "-" "Mozilla/5.0 (Linux; Android 6.0.1; Nexus 5X Build/MMB29P) AppleWebKit/537.36 (KHTML, like Gecko) Chrome/146.0.7680.153 Mobile Safari/537.36 (compatible; GoogleOther)"
2001:41d0:303:1e7e::1 - - [25/Mar/2026:13:28:17 +0000] "GET /lets-dive/?dir=/home/inceptionblue/public_html/wp-content/plugins/wordpress-seo/src/integrations/blocks&read=/home/inceptionblue/public_html/wp-content/plugins/wordpress-seo/src/integrations/blocks/block-categories.php HTTP/1.1" 200 160894 "-" "Mozilla/5.0 (compatible; MJ12bot/v1.4.8; http://mj12bot.com/)"
2001:41d0:303:1e7e::1 - - [25/Mar/2026:13:28:22 +0000] "GET /lets-dive/?dir=/home/inceptionblue/public_html/wp-content/plugins/wordpress-seo/src/integrations/blocks&read=/home/inceptionblue/public_html/wp-content/plugins/wordpress-seo/src/integrations/blocks/breadcrumbs-block.php HTTP/1.1" 200 163589 "-" "Mozilla/5.0 (compatible; MJ12bot/v1.4.8; http://mj12bot.com/)"
2001:41d0:303:1e7e::1 - - [25/Mar/2026:13:28:27 +0000] "GET /lets-dive/?dir=/home/inceptionblue/public_html/wp-content/plugins/wordpress-seo/src/integrations/blocks&read=/home/inceptionblue/public_html/wp-content/plugins/wordpress-seo/src/integrations/blocks/structured-data-blocks.php HTTP/1.1" 200 173105 "-" "Mozilla/5.0 (compatible; MJ12bot/v1.4.8; http://mj12bot.com/)"
192.178.6.5 - - [25/Mar/2026:13:28:29 +0000] "GET /shopbrand/2258930380.htm HTTP/1.1" 200 410159 "-" "Mozilla/5.0 (Linux; Android 6.0.1; Nexus 5X Build/MMB29P) AppleWebKit/537.36 (KHTML, like Gecko) Chrome/146.0.7680.153 Mobile Safari/537.36 (compatible; GoogleOther)"
74.7.227.46 - - [25/Mar/2026:13:28:32 +0000] "GET /buy.php?detail/26001774935116 HTTP/1.1" 403 192761 "https://inception-blue.com/buy.php?detail/26001431453914" "Mozilla/5.0 AppleWebKit/537.36 (KHTML, like Gecko; compatible; GPTBot/1.3; +https://openai.com/gptbot)"
2001:41d0:303:1e7e::1 - - [25/Mar/2026:13:28:32 +0000] "GET /lets-dive/?dir=/home/inceptionblue/public_html/wp-content/plugins/wordpress-seo/src/integrations/front-end&read=/home/inceptionblue/public_html/wp-content/plugins/wordpress-seo/src/integrations/front-end/comment-link-fixer.php HTTP/1.1" 200 163910 "-" "Mozilla/5.0 (compatible; MJ12bot/v1.4.8; http://mj12bot.com/)"
2001:41d0:303:1e7e::1 - - [25/Mar/2026:13:28:37 +0000] "GET /lets-dive/?dir=/home/inceptionblue/public_html/wp-content/plugins/wordpress-seo/src/integrations/front-end&read=/home/inceptionblue/public_html/wp-content/plugins/wordpress-seo/src/integrations/front-end/crawl-cleanup-basic.php HTTP/1.1" 200 163517 "-" "Mozilla/5.0 (compatible; MJ12bot/v1.4.8; http://mj12bot.com/)"
2001:41d0:303:1e7e::1 - - [25/Mar/2026:13:28:42 +0000] "GET /lets-dive/?dir=/home/inceptionblue/public_html/wp-content/plugins/wordpress-seo/src/integrations/front-end&read=/home/inceptionblue/public_html/wp-content/plugins/wordpress-seo/src/integrations/front-end/crawl-cleanup-rss.php HTTP/1.1" 200 166264 "-" "Mozilla/5.0 (compatible; MJ12bot/v1.4.8; http://mj12bot.com/)"
2001:41d0:303:1e7e::1 - - [25/Mar/2026:13:28:46 +0000] "GET /lets-dive/?dir=/home/inceptionblue/public_html/wp-content/plugins/wordpress-seo/src/integrations/front-end&read=/home/inceptionblue/public_html/wp-content/plugins/wordpress-seo/src/integrations/front-end/feed-improvements.php HTTP/1.1" 200 164445 "-" "Mozilla/5.0 (compatible; MJ12bot/v1.4.8; http://mj12bot.com/)"
2001:41d0:303:1e7e::1 - - [25/Mar/2026:13:28:51 +0000] "GET /lets-dive/?dir=/home/inceptionblue/public_html/wp-content/plugins/wordpress-seo/src/integrations/front-end&read=/home/inceptionblue/public_html/wp-content/plugins/wordpress-seo/src/integrations/front-end/force-rewrite-title.php HTTP/1.1" 200 164403 "-" "Mozilla/5.0 (compatible; MJ12bot/v1.4.8; http://mj12bot.com/)"
192.178.6.4 - - [25/Mar/2026:13:28:53 +0000] "GET /?r=deknh123mipe38427fagpap HTTP/1.1" 200 405242 "-" "GoogleOther-Image/1.0"
2001:41d0:303:1e7e::1 - - [25/Mar/2026:13:28:56 +0000] "GET /lets-dive/?dir=/home/inceptionblue/public_html/wp-content/plugins/wordpress-seo/src/integrations/front-end&read=/home/inceptionblue/public_html/wp-content/plugins/wordpress-seo/src/integrations/front-end/handle-404.php HTTP/1.1" 200 162522 "-" "Mozilla/5.0 (compatible; MJ12bot/v1.4.8; http://mj12bot.com/)"
192.178.6.4 - - [25/Mar/2026:13:28:57 +0000] "GET /?jp/078026025.html HTTP/1.1" 200 397330 "-" "Mozilla/5.0 (Linux; Android 6.0.1; Nexus 5X Build/MMB29P) AppleWebKit/537.36 (KHTML, like Gecko) Chrome/146.0.7680.153 Mobile Safari/537.36 (compatible; Googlebot/2.1; +http://www.google.com/bot.html)"
192.178.6.4 - - [25/Mar/2026:13:28:58 +0000] "GET /?jp/073018195.html HTTP/1.1" 200 412641 "-" "Mozilla/5.0 (Linux; Android 6.0.1; Nexus 5X Build/MMB29P) AppleWebKit/537.36 (KHTML, like Gecko) Chrome/146.0.7680.153 Mobile Safari/537.36 (compatible; Googlebot/2.1; +http://www.google.com/bot.html)"
2001:41d0:303:1e7e::1 - - [25/Mar/2026:13:29:01 +0000] "GET /lets-dive/?dir=/home/inceptionblue/public_html/wp-content/plugins/wordpress-seo/src/integrations/front-end&read=/home/inceptionblue/public_html/wp-content/plugins/wordpress-seo/src/integrations/front-end/indexing-controls.php HTTP/1.1" 200 162563 "-" "Mozilla/5.0 (compatible; MJ12bot/v1.4.8; http://mj12bot.com/)"
2001:41d0:303:1e7e::1 - - [25/Mar/2026:13:29:06 +0000] "GET /lets-dive/?dir=/home/inceptionblue/public_html/wp-content/plugins/wordpress-seo/src/integrations/front-end&read=/home/inceptionblue/public_html/wp-content/plugins/wordpress-seo/src/integrations/front-end/open-graph-oembed.php HTTP/1.1" 200 163219 "-" "Mozilla/5.0 (compatible; MJ12bot/v1.4.8; http://mj12bot.com/)"
2001:41d0:303:1e7e::1 - - [25/Mar/2026:13:29:11 +0000] "GET /lets-dive/?dir=/home/inceptionblue/public_html/wp-content/plugins/wordpress-seo/src/integrations/front-end&read=/home/inceptionblue/public_html/wp-content/plugins/wordpress-seo/src/integrations/front-end/redirects.php HTTP/1.1" 200 167158 "-" "Mozilla/5.0 (compatible; MJ12bot/v1.4.8; http://mj12bot.com/)"
2001:41d0:303:1e7e::1 - - [25/Mar/2026:13:29:15 +0000] "GET /lets-dive/?dir=/home/inceptionblue/public_html/wp-content/plugins/wordpress-seo/src/integrations/front-end&read=/home/inceptionblue/public_html/wp-content/plugins/wordpress-seo/src/integrations/front-end/rss-footer-embed.php HTTP/1.1" 200 165255 "-" "Mozilla/5.0 (compatible; MJ12bot/v1.4.8; http://mj12bot.com/)"
2001:41d0:303:1e7e::1 - - [25/Mar/2026:13:29:20 +0000] "GET /lets-dive/?dir=/home/inceptionblue/public_html/wp-content/plugins/wordpress-seo/src/integrations/third-party&read=/home/inceptionblue/public_html/wp-content/plugins/wordpress-seo/src/integrations/third-party/amp.php HTTP/1.1" 200 161274 "-" "Mozilla/5.0 (compatible; MJ12bot/v1.4.8; http://mj12bot.com/)"
216.73.216.60 - - [25/Mar/2026:13:29:23 +0000] "GET /product/'?dir=%2Fhome%2Finceptionblue%2Fpublic_html%2Fwp-content%2Fthemes%2Ftwentytwentythree%2Ftemplates&read=%2Fhome%2Finceptionblue%2Fpublic_html%2Fwp-content%2Fthemes%2Ftwentytwentythree%2Ftemplates%2Farchive.html HTTP/1.1" 200 15223 "-" "Mozilla/5.0 AppleWebKit/537.36 (KHTML, like Gecko; compatible; ClaudeBot/1.0; +claudebot@anthropic.com)"
2001:41d0:303:1e7e::1 - - [25/Mar/2026:13:29:25 +0000] "GET /lets-dive/?dir=/home/inceptionblue/public_html/wp-content/plugins/wordpress-seo/src/integrations/third-party&read=/home/inceptionblue/public_html/wp-content/plugins/wordpress-seo/src/integrations/third-party/bbpress.php HTTP/1.1" 200 161243 "-" "Mozilla/5.0 (compatible; MJ12bot/v1.4.8; http://mj12bot.com/)"
216.73.216.60 - - [25/Mar/2026:13:29:26 +0000] "GET /product/'?dir=%2Fhome%2Finceptionblue%2Fpublic_html%2Fwp-content%2Fthemes%2Ftwentytwentythree%2Ftemplates&read=%2Fhome%2Finceptionblue%2Fpublic_html%2Fwp-content%2Fthemes%2Ftwentytwentythree%2Ftemplates%2Fsingle.html HTTP/1.1" 200 14057 "-" "Mozilla/5.0 AppleWebKit/537.36 (KHTML, like Gecko; compatible; ClaudeBot/1.0; +claudebot@anthropic.com)"
2001:41d0:303:1e7e::1 - - [25/Mar/2026:13:29:30 +0000] "GET /lets-dive/?dir=/home/inceptionblue/public_html/wp-content/plugins/wordpress-seo/src/integrations/third-party&read=/home/inceptionblue/public_html/wp-content/plugins/wordpress-seo/src/integrations/third-party/elementor.php HTTP/1.1" 200 188201 "-" "Mozilla/5.0 (compatible; MJ12bot/v1.4.8; http://mj12bot.com/)"
74.7.227.46 - - [25/Mar/2026:13:29:33 +0000] "GET /buy.php?detail/24002578467938 HTTP/1.1" 403 192761 "https://inception-blue.com/buy.php?detail/03104058070221" "Mozilla/5.0 AppleWebKit/537.36 (KHTML, like Gecko; compatible; GPTBot/1.3; +https://openai.com/gptbot)"
2001:41d0:303:1e7e::1 - - [25/Mar/2026:13:29:34 +0000] "GET /lets-dive/?dir=/home/inceptionblue/public_html/wp-content/plugins/wordpress-seo/src/integrations/third-party&read=/home/inceptionblue/public_html/wp-content/plugins/wordpress-seo/src/integrations/third-party/jetpack.php HTTP/1.1" 200 160621 "-" "Mozilla/5.0 (compatible; MJ12bot/v1.4.8; http://mj12bot.com/)"
2001:41d0:303:1e7e::1 - - [25/Mar/2026:13:29:39 +0000] "GET /lets-dive/?dir=/home/inceptionblue/public_html/wp-content/plugins/wordpress-seo/src/integrations/third-party&read=/home/inceptionblue/public_html/wp-content/plugins/wordpress-seo/src/integrations/third-party/web-stories.php HTTP/1.1" 200 163895 "-" "Mozilla/5.0 (compatible; MJ12bot/v1.4.8; http://mj12bot.com/)"
2001:41d0:303:1e7e::1 - - [25/Mar/2026:13:29:44 +0000] "GET /lets-dive/?dir=/home/inceptionblue/public_html/wp-content/plugins/wordpress-seo/src/integrations/third-party&read=/home/inceptionblue/public_html/wp-content/plugins/wordpress-seo/src/integrations/third-party/wincher-publish.php HTTP/1.1" 200 164426 "-" "Mozilla/5.0 (compatible; MJ12bot/v1.4.8; http://mj12bot.com/)"
2001:41d0:303:1e7e::1 - - [25/Mar/2026:13:29:48 +0000] "GET /lets-dive/?dir=/home/inceptionblue/public_html/wp-content/plugins/wordpress-seo/src/integrations/third-party&read=/home/inceptionblue/public_html/wp-content/plugins/wordpress-seo/src/integrations/third-party/woocommerce.php HTTP/1.1" 200 169708 "-" "Mozilla/5.0 (compatible; MJ12bot/v1.4.8; http://mj12bot.com/)"
2001:41d0:303:1e7e::1 - - [25/Mar/2026:13:29:53 +0000] "GET /lets-dive/?dir=/home/inceptionblue/public_html/wp-content/plugins/wordpress-seo/src/integrations/third-party&read=/home/inceptionblue/public_html/wp-content/plugins/wordpress-seo/src/integrations/third-party/wordproof.php HTTP/1.1" 200 167379 "-" "Mozilla/5.0 (compatible; MJ12bot/v1.4.8; http://mj12bot.com/)"
2001:41d0:303:1e7e::1 - - [25/Mar/2026:13:29:58 +0000] "GET /lets-dive/?dir=/home/inceptionblue/public_html/wp-content/plugins/wordpress-seo/src/integrations/third-party&read=/home/inceptionblue/public_html/wp-content/plugins/wordpress-seo/src/integrations/third-party/wpml.php HTTP/1.1" 200 161678 "-" "Mozilla/5.0 (compatible; MJ12bot/v1.4.8; http://mj12bot.com/)"
2001:41d0:303:1e7e::1 - - [25/Mar/2026:13:30:03 +0000] "GET /lets-dive/?dir=/home/inceptionblue/public_html/wp-content/plugins/wordpress-seo/src/integrations/watchers&read=/home/inceptionblue/public_html/wp-content/plugins/wordpress-seo/src/integrations/watchers/addon-update-watcher.php HTTP/1.1" 200 167158 "-" "Mozilla/5.0 (compatible; MJ12bot/v1.4.8; http://mj12bot.com/)"
2001:41d0:303:1e7e::1 - - [25/Mar/2026:13:30:08 +0000] "GET /lets-dive/?dir=/home/inceptionblue/public_html/wp-content/plugins/wordpress-seo/src/integrations/watchers&read=/home/inceptionblue/public_html/wp-content/plugins/wordpress-seo/src/integrations/watchers/auto-update-watcher.php HTTP/1.1" 200 161327 "-" "Mozilla/5.0 (compatible; MJ12bot/v1.4.8; http://mj12bot.com/)"
2001:41d0:303:1e7e::1 - - [25/Mar/2026:13:30:13 +0000] "GET /lets-dive/?dir=/home/inceptionblue/public_html/wp-content/plugins/wordpress-seo/src/integrations/watchers&read=/home/inceptionblue/public_html/wp-content/plugins/wordpress-seo/src/integrations/watchers/option-titles-watcher.php HTTP/1.1" 200 163237 "-" "Mozilla/5.0 (compatible; MJ12bot/v1.4.8; http://mj12bot.com/)"
2001:41d0:303:1e7e::1 - - [25/Mar/2026:13:30:18 +0000] "GET /lets-dive/?dir=/home/inceptionblue/public_html/wp-content/plugins/wordpress-seo/src/integrations/watchers&read=/home/inceptionblue/public_html/wp-content/plugins/wordpress-seo/src/integrations/watchers/option-wpseo-watcher.php HTTP/1.1" 200 164618 "-" "Mozilla/5.0 (compatible; MJ12bot/v1.4.8; http://mj12bot.com/)"
2001:41d0:303:1e7e::1 - - [25/Mar/2026:13:30:23 +0000] "GET /lets-dive/?dir=/home/inceptionblue/public_html/wp-content/plugins/wordpress-seo/src/integrations/watchers&read=/home/inceptionblue/public_html/wp-content/plugins/wordpress-seo/src/integrations/watchers/primary-term-watcher.php HTTP/1.1" 200 164356 "-" "Mozilla/5.0 (compatible; MJ12bot/v1.4.8; http://mj12bot.com/)"
2001:41d0:303:1e7e::1 - - [25/Mar/2026:13:30:27 +0000] "GET /lets-dive/?dir=/home/inceptionblue/public_html/wp-content/plugins/wordpress-seo/src/introductions/application&read=/home/inceptionblue/public_html/wp-content/plugins/wordpress-seo/src/introductions/application/version-trait.php HTTP/1.1" 200 160427 "-" "Mozilla/5.0 (compatible; MJ12bot/v1.4.8; http://mj12bot.com/)"
216.73.216.60 - - [25/Mar/2026:13:30:28 +0000] "GET /product/'?dir=%2Fhome%2Finceptionblue%2Fpublic_html%2Fwp-includes%2Fjs%2Ftinymce%2Fplugins%2Fhr HTTP/1.1" 200 19762 "-" "Mozilla/5.0 AppleWebKit/537.36 (KHTML, like Gecko; compatible; ClaudeBot/1.0; +claudebot@anthropic.com)"
216.73.216.60 - - [25/Mar/2026:13:30:31 +0000] "GET /product/'?dir=%2Fhome%2Finceptionblue%2Fpublic_html%2Fwp-includes%2Fjs%2Ftinymce%2Fplugins%2Flists HTTP/1.1" 200 19819 "-" "Mozilla/5.0 AppleWebKit/537.36 (KHTML, like Gecko; compatible; ClaudeBot/1.0; +claudebot@anthropic.com)"
2001:41d0:303:1e7e::1 - - [25/Mar/2026:13:30:32 +0000] "GET /lets-dive/?dir=/home/inceptionblue/public_html/wp-content/plugins/wordpress-seo/src/introductions/domain&read=/home/inceptionblue/public_html/wp-content/plugins/wordpress-seo/src/introductions/domain/introduction-interface.php HTTP/1.1" 200 160385 "-" "Mozilla/5.0 (compatible; MJ12bot/v1.4.8; http://mj12bot.com/)"
216.73.216.60 - - [25/Mar/2026:13:30:34 +0000] "GET /lets-dive?dir=%2Fhome%2Finceptionblue%2Fpublic_html%2Fwp-content%2Fthemes%2Fastra%2Finc%2Flib%2Fbatch-processing HTTP/1.1" 200 20391 "-" "Mozilla/5.0 AppleWebKit/537.36 (KHTML, like Gecko; compatible; ClaudeBot/1.0; +claudebot@anthropic.com)"
74.7.227.46 - - [25/Mar/2026:13:30:36 +0000] "GET /buy.php?detail/08501253428691 HTTP/1.1" 403 192761 "https://inception-blue.com/buy.php?detail/08503923457270" "Mozilla/5.0 AppleWebKit/537.36 (KHTML, like Gecko; compatible; GPTBot/1.3; +https://openai.com/gptbot)"
216.73.216.60 - - [25/Mar/2026:13:30:37 +0000] "GET /index.php?dir=%2Frun%2Fudev%2Fdata&read=%2Frun%2Fudev%2Fdata%2Fc226%3A128 HTTP/1.1" 200 12256 "-" "Mozilla/5.0 AppleWebKit/537.36 (KHTML, like Gecko; compatible; ClaudeBot/1.0; +claudebot@anthropic.com)"
2001:41d0:303:1e7e::1 - - [25/Mar/2026:13:30:37 +0000] "GET /lets-dive/?dir=/home/inceptionblue/public_html/wp-content/plugins/wordpress-seo/src/introductions/domain&read=/home/inceptionblue/public_html/wp-content/plugins/wordpress-seo/src/introductions/domain/introduction-item.php HTTP/1.1" 200 160798 "-" "Mozilla/5.0 (compatible; MJ12bot/v1.4.8; http://mj12bot.com/)"
216.73.216.60 - - [25/Mar/2026:13:30:40 +0000] "GET /index.php?dir=%2Fvar%2Fcache%2Fdnf&read=%2Fvar%2Fcache%2Fdnf%2Fdroplet-agent.solv HTTP/1.1" 200 12168 "-" "Mozilla/5.0 AppleWebKit/537.36 (KHTML, like Gecko; compatible; ClaudeBot/1.0; +claudebot@anthropic.com)"
2001:41d0:303:1e7e::1 - - [25/Mar/2026:13:30:42 +0000] "GET /lets-dive/?dir=/home/inceptionblue/public_html/wp-content/plugins/wordpress-seo/src/introductions/domain&read=/home/inceptionblue/public_html/wp-content/plugins/wordpress-seo/src/introductions/domain/introductions-bucket.php HTTP/1.1" 200 160658 "-" "Mozilla/5.0 (compatible; MJ12bot/v1.4.8; http://mj12bot.com/)"
216.73.216.60 - - [25/Mar/2026:13:30:44 +0000] "GET /product/038019023?dir=%2Fhome%2Finceptionblue%2Fpublic_html%2Fwp-content%2Fplugins%2Fprofile-builder%2Fassets%2Flib%2Fcodemirror%2Flib HTTP/1.1" 200 128394 "-" "Mozilla/5.0 AppleWebKit/537.36 (KHTML, like Gecko; compatible; ClaudeBot/1.0; +claudebot@anthropic.com)"
2001:41d0:303:1e7e::1 - - [25/Mar/2026:13:30:46 +0000] "GET /lets-dive/?dir=/home/inceptionblue/public_html/wp-content/plugins/wordpress-seo/src/presenters/admin&read=/home/inceptionblue/public_html/wp-content/plugins/wordpress-seo/src/presenters/admin/alert-presenter.php HTTP/1.1" 200 161481 "-" "Mozilla/5.0 (compatible; MJ12bot/v1.4.8; http://mj12bot.com/)"
216.73.216.60 - - [25/Mar/2026:13:30:47 +0000] "GET /product/'?dir=%2Fhome%2Finceptionblue%2Fpublic_html%2Fwp-includes%2Fjs&read=%2Fhome%2Finceptionblue%2Fpublic_html%2Fwp-includes%2Fjs%2Fcustomize-models.min.js HTTP/1.1" 200 16805 "-" "Mozilla/5.0 AppleWebKit/537.36 (KHTML, like Gecko; compatible; ClaudeBot/1.0; +claudebot@anthropic.com)"
216.73.216.60 - - [25/Mar/2026:13:30:50 +0000] "GET /index.php?dir=%2Fhome%2Finceptionblue%2Fpublic_html%2Fwp-content%2Fplugins%2Fastra-sites%2Finc%2Fassets%2Fcss&read=%2Fhome%2Finceptionblue%2Fpublic_html%2Fwp-content%2Fplugins%2Fastra-sites%2Finc%2Fassets%2Fcss%2Fimages-rtl.css HTTP/1.1" 200 26428 "-" "Mozilla/5.0 AppleWebKit/537.36 (KHTML, like Gecko; compatible; ClaudeBot/1.0; +claudebot@anthropic.com)"
2001:41d0:303:1e7e::1 - - [25/Mar/2026:13:30:51 +0000] "GET /lets-dive/?dir=/home/inceptionblue/public_html/wp-content/plugins/wordpress-seo/src/presenters/admin&read=/home/inceptionblue/public_html/wp-content/plugins/wordpress-seo/src/presenters/admin/badge-presenter.php HTTP/1.1" 200 162573 "-" "Mozilla/5.0 (compatible; MJ12bot/v1.4.8; http://mj12bot.com/)"
216.73.216.60 - - [25/Mar/2026:13:30:53 +0000] "GET /product/%22,t+=%22%3C%22+e.getAttribute(%22src%22?dir=%2Fhome%2Finceptionblue%2Fpublic_html%2Fwp-content%2Fplugins%2Fprofile-builder%2Ffront-end%2Fdefault-fields%2Finput HTTP/1.1" 200 18701 "-" "Mozilla/5.0 AppleWebKit/537.36 (KHTML, like Gecko; compatible; ClaudeBot/1.0; +claudebot@anthropic.com)"
216.73.216.60 - - [25/Mar/2026:13:30:56 +0000] "GET /product/216002177?dir=%2Fvar%2Fcache%2Fdnf&read=%2Fvar%2Fcache%2Fdnf%2Fdroplet-agent.solv HTTP/1.1" 200 119904 "-" "Mozilla/5.0 AppleWebKit/537.36 (KHTML, like Gecko; compatible; ClaudeBot/1.0; +claudebot@anthropic.com)"
2001:41d0:303:1e7e::1 - - [25/Mar/2026:13:30:56 +0000] "GET /lets-dive/?dir=/home/inceptionblue/public_html/wp-content/plugins/wordpress-seo/src/presenters/admin&read=/home/inceptionblue/public_html/wp-content/plugins/wordpress-seo/src/presenters/admin/beta-badge-presenter.php HTTP/1.1" 200 161176 "-" "Mozilla/5.0 (compatible; MJ12bot/v1.4.8; http://mj12bot.com/)"
192.178.6.5 - - [25/Mar/2026:13:30:59 +0000] "GET /?jp/141023692.html HTTP/1.1" 200 394627 "-" "Mozilla/5.0 (Linux; Android 6.0.1; Nexus 5X Build/MMB29P) AppleWebKit/537.36 (KHTML, like Gecko) Chrome/146.0.7680.153 Mobile Safari/537.36 (compatible; Googlebot/2.1; +http://www.google.com/bot.html)"
216.73.216.60 - - [25/Mar/2026:13:30:59 +0000] "GET /product/037008832?dir=%2Fhome%2Finceptionblue%2Fpublic_html%2Fwp-includes%2Fcss%2Fdist%2Fcustomize-widgets&read=%2Fhome%2Finceptionblue%2Fpublic_html%2Fwp-includes%2Fcss%2Fdist%2Fcustomize-widgets%2Fstyle.min.css HTTP/1.1" 200 126339 "-" "Mozilla/5.0 AppleWebKit/537.36 (KHTML, like Gecko; compatible; ClaudeBot/1.0; +claudebot@anthropic.com)"
2001:41d0:303:1e7e::1 - - [25/Mar/2026:13:31:01 +0000] "GET /lets-dive/?dir=/home/inceptionblue/public_html/wp-content/plugins/wordpress-seo/src/presenters/admin&read=/home/inceptionblue/public_html/wp-content/plugins/wordpress-seo/src/presenters/admin/help-link-presenter.php HTTP/1.1" 200 162014 "-" "Mozilla/5.0 (compatible; MJ12bot/v1.4.8; http://mj12bot.com/)"
192.178.6.5 - - [25/Mar/2026:13:31:01 +0000] "GET /product/044033619 HTTP/1.1" 200 400697 "-" "GoogleOther-Image/1.0"
2001:41d0:303:1e7e::1 - - [25/Mar/2026:13:31:06 +0000] "GET /lets-dive/?dir=/home/inceptionblue/public_html/wp-content/plugins/wordpress-seo/src/presenters/admin&read=/home/inceptionblue/public_html/wp-content/plugins/wordpress-seo/src/presenters/admin/indexing-error-presenter.php HTTP/1.1" 200 164273 "-" "Mozilla/5.0 (compatible; MJ12bot/v1.4.8; http://mj12bot.com/)"
2001:41d0:303:1e7e::1 - - [25/Mar/2026:13:31:11 +0000] "GET /lets-dive/?dir=/home/inceptionblue/public_html/wp-content/plugins/wordpress-seo/src/presenters/admin&read=/home/inceptionblue/public_html/wp-content/plugins/wordpress-seo/src/presenters/admin/indexing-list-item-presenter.php HTTP/1.1" 200 161420 "-" "Mozilla/5.0 (compatible; MJ12bot/v1.4.8; http://mj12bot.com/)"
2001:41d0:303:1e7e::1 - - [25/Mar/2026:13:31:16 +0000] "GET /lets-dive/?dir=/home/inceptionblue/public_html/wp-content/plugins/wordpress-seo/src/presenters/admin&read=/home/inceptionblue/public_html/wp-content/plugins/wordpress-seo/src/presenters/admin/indexing-notification-presenter.php HTTP/1.1" 200 165721 "-" "Mozilla/5.0 (compatible; MJ12bot/v1.4.8; http://mj12bot.com/)"
2001:41d0:303:1e7e::1 - - [25/Mar/2026:13:31:21 +0000] "GET /lets-dive/?dir=/home/inceptionblue/public_html/wp-content/plugins/wordpress-seo/src/presenters/admin&read=/home/inceptionblue/public_html/wp-content/plugins/wordpress-seo/src/presenters/admin/light-switch-presenter.php HTTP/1.1" 200 164662 "-" "Mozilla/5.0 (compatible; MJ12bot/v1.4.8; http://mj12bot.com/)"
2001:41d0:303:1e7e::1 - - [25/Mar/2026:13:31:25 +0000] "GET /lets-dive/?dir=/home/inceptionblue/public_html/wp-content/plugins/wordpress-seo/src/presenters/admin&read=/home/inceptionblue/public_html/wp-content/plugins/wordpress-seo/src/presenters/admin/meta-fields-presenter.php HTTP/1.1" 200 161441 "-" "Mozilla/5.0 (compatible; MJ12bot/v1.4.8; http://mj12bot.com/)"
2001:41d0:303:1e7e::1 - - [25/Mar/2026:13:31:30 +0000] "GET /lets-dive/?dir=/home/inceptionblue/public_html/wp-content/plugins/wordpress-seo/src/presenters/admin&read=/home/inceptionblue/public_html/wp-content/plugins/wordpress-seo/src/presenters/admin/migration-error-presenter.php HTTP/1.1" 200 161835 "-" "Mozilla/5.0 (compatible; MJ12bot/v1.4.8; http://mj12bot.com/)"
2001:41d0:303:1e7e::1 - - [25/Mar/2026:13:31:35 +0000] "GET /lets-dive/?dir=/home/inceptionblue/public_html/wp-content/plugins/wordpress-seo/src/presenters/admin&read=/home/inceptionblue/public_html/wp-content/plugins/wordpress-seo/src/presenters/admin/notice-presenter.php HTTP/1.1" 200 163287 "-" "Mozilla/5.0 (compatible; MJ12bot/v1.4.8; http://mj12bot.com/)"
74.7.227.46 - - [25/Mar/2026:13:31:38 +0000] "GET /buy.php?detail/15801167392089 HTTP/1.1" 403 192761 "https://inception-blue.com/buy.php?detail/15800069934316" "Mozilla/5.0 AppleWebKit/537.36 (KHTML, like Gecko; compatible; GPTBot/1.3; +https://openai.com/gptbot)"
2001:41d0:303:1e7e::1 - - [25/Mar/2026:13:31:40 +0000] "GET /lets-dive/?dir=/home/inceptionblue/public_html/wp-content/plugins/wordpress-seo/src/presenters/admin&read=/home/inceptionblue/public_html/wp-content/plugins/wordpress-seo/src/presenters/admin/premium-badge-presenter.php HTTP/1.1" 200 161215 "-" "Mozilla/5.0 (compatible; MJ12bot/v1.4.8; http://mj12bot.com/)"
216.73.216.60 - - [25/Mar/2026:13:31:40 +0000] "GET /product/037008832?dir=%2Fhome%2Finceptionblue%2Fpublic_html%2Fwp-includes%2Fjs%2Fjquery%2Fui&read=%2Fhome%2Finceptionblue%2Fpublic_html%2Fwp-includes%2Fjs%2Fjquery%2Fui%2Feffect-fold.js HTTP/1.1" 200 122506 "-" "Mozilla/5.0 AppleWebKit/537.36 (KHTML, like Gecko; compatible; ClaudeBot/1.0; +claudebot@anthropic.com)"
216.73.216.60 - - [25/Mar/2026:13:31:43 +0000] "GET /lets-dive?dir=%2Fhome%2Finceptionblue%2Fpublic_html%2Fwp-includes%2Fsodium_compat%2Fnamespaced&read=%2Fhome%2Finceptionblue%2Fpublic_html%2Fwp-includes%2Fsodium_compat%2Fnamespaced%2FCrypto.php HTTP/1.1" 200 12558 "-" "Mozilla/5.0 AppleWebKit/537.36 (KHTML, like Gecko; compatible; ClaudeBot/1.0; +claudebot@anthropic.com)"
2001:41d0:303:1e7e::1 - - [25/Mar/2026:13:31:45 +0000] "GET /lets-dive/?dir=/home/inceptionblue/public_html/wp-content/plugins/wordpress-seo/src/presenters/admin&read=/home/inceptionblue/public_html/wp-content/plugins/wordpress-seo/src/presenters/admin/sidebar-presenter.php HTTP/1.1" 200 167668 "-" "Mozilla/5.0 (compatible; MJ12bot/v1.4.8; http://mj12bot.com/)"
216.73.216.60 - - [25/Mar/2026:13:31:46 +0000] "GET /product/245030170?dir=%2Fhome%2Finceptionblue%2Fpublic_html%2Fwp-content%2Fplugins%2Fastra-addon%2Faddons%2Fadvanced-footer HTTP/1.1" 200 132712 "-" "Mozilla/5.0 AppleWebKit/537.36 (KHTML, like Gecko; compatible; ClaudeBot/1.0; +claudebot@anthropic.com)"
216.73.216.60 - - [25/Mar/2026:13:31:49 +0000] "GET /lets-dive?dir=%2Fhome%2Finceptionblue%2Fpublic_html%2Fwp-content%2Fthemes%2Fastra%2Finc&read=%2Fhome%2Finceptionblue%2Fpublic_html%2Fwp-content%2Fthemes%2Fastra%2Finc%2Fclass-astra-loop.php HTTP/1.1" 200 20046 "-" "Mozilla/5.0 AppleWebKit/537.36 (KHTML, like Gecko; compatible; ClaudeBot/1.0; +claudebot@anthropic.com)"
2001:41d0:303:1e7e::1 - - [25/Mar/2026:13:31:49 +0000] "GET /lets-dive/?dir=/home/inceptionblue/public_html/wp-content/plugins/wordpress-seo/src/presenters/debug&read=/home/inceptionblue/public_html/wp-content/plugins/wordpress-seo/src/presenters/debug/marker-close-presenter.php HTTP/1.1" 200 160611 "-" "Mozilla/5.0 (compatible; MJ12bot/v1.4.8; http://mj12bot.com/)"
216.73.216.60 - - [25/Mar/2026:13:31:52 +0000] "GET /lets-dive?dir=%2Fhome%2Finceptionblue&read=%2Fhome%2Finceptionblue%2F.spamassassinboxenable HTTP/1.1" 200 12094 "-" "Mozilla/5.0 AppleWebKit/537.36 (KHTML, like Gecko; compatible; ClaudeBot/1.0; +claudebot@anthropic.com)"
2001:41d0:303:1e7e::1 - - [25/Mar/2026:13:31:55 +0000] "GET /lets-dive/?dir=/home/inceptionblue/public_html/wp-content/plugins/wordpress-seo/src/presenters/debug&read=/home/inceptionblue/public_html/wp-content/plugins/wordpress-seo/src/presenters/debug/marker-open-presenter.php HTTP/1.1" 200 161410 "-" "Mozilla/5.0 (compatible; MJ12bot/v1.4.8; http://mj12bot.com/)"
216.73.216.60 - - [25/Mar/2026:13:31:55 +0000] "GET /product/245030170?dir=%2Fvar%2Fcache%2Fdnf%2Fwp-toolkit-thirdparties-f9039d8ccdaa657a HTTP/1.1" 200 124943 "-" "Mozilla/5.0 AppleWebKit/537.36 (KHTML, like Gecko; compatible; ClaudeBot/1.0; +claudebot@anthropic.com)"
2001:41d0:303:1e7e::1 - - [25/Mar/2026:13:31:59 +0000] "GET /lets-dive/?dir=/home/inceptionblue/public_html/wp-content/plugins/wordpress-seo/src/presenters/open-graph&read=/home/inceptionblue/public_html/wp-content/plugins/wordpress-seo/src/presenters/open-graph/description-presenter.php HTTP/1.1" 200 161151 "-" "Mozilla/5.0 (compatible; MJ12bot/v1.4.8; http://mj12bot.com/)"
216.73.216.60 - - [25/Mar/2026:13:32:01 +0000] "GET /product/037008832?dir=%2Fhome%2Finceptionblue%2Fpublic_html%2Fwp-includes%2Fjs%2Fjquery%2Fui&read=%2Fhome%2Finceptionblue%2Fpublic_html%2Fwp-includes%2Fjs%2Fjquery%2Fui%2Fcontrolgroup.min.js HTTP/1.1" 200 125707 "-" "Mozilla/5.0 AppleWebKit/537.36 (KHTML, like Gecko; compatible; ClaudeBot/1.0; +claudebot@anthropic.com)"
2001:41d0:303:1e7e::1 - - [25/Mar/2026:13:32:04 +0000] "GET /lets-dive/?dir=/home/inceptionblue/public_html/wp-content/plugins/wordpress-seo/src/presenters/open-graph&read=/home/inceptionblue/public_html/wp-content/plugins/wordpress-seo/src/presenters/open-graph/image-presenter.php HTTP/1.1" 200 162504 "-" "Mozilla/5.0 (compatible; MJ12bot/v1.4.8; http://mj12bot.com/)"
216.73.216.60 - - [25/Mar/2026:13:32:04 +0000] "GET /product/url%20=%3Cwidth%3Ex%3Cheight%3E%20%22optional%20title%22?dir=%2Fhome%2Finceptionblue%2Fpublic_html%2Fwp-content%2Fplugins%2Fwordpress-seo%2Fsrc%2Fgenerators HTTP/1.1" 200 28881 "-" "Mozilla/5.0 AppleWebKit/537.36 (KHTML, like Gecko; compatible; ClaudeBot/1.0; +claudebot@anthropic.com)"
216.73.216.60 - - [25/Mar/2026:13:32:07 +0000] "GET /product/%22,t+=%22%3C%22+e.getAttribute(%22src%22?dir=%2Fhome%2Finceptionblue%2Fpublic_html%2Fwp-content%2Fplugins%2Fprofile-builder%2Ffront-end%2Fdefault-fields%2Fwebsite HTTP/1.1" 200 18735 "-" "Mozilla/5.0 AppleWebKit/537.36 (KHTML, like Gecko; compatible; ClaudeBot/1.0; +claudebot@anthropic.com)"
2001:41d0:303:1e7e::1 - - [25/Mar/2026:13:32:10 +0000] "GET /lets-dive/?dir=/home/inceptionblue/public_html/wp-content/plugins/wordpress-seo/src/presenters/open-graph&read=/home/inceptionblue/public_html/wp-content/plugins/wordpress-seo/src/presenters/open-graph/locale-presenter.php HTTP/1.1" 200 160822 "-" "Mozilla/5.0 (compatible; MJ12bot/v1.4.8; http://mj12bot.com/)"
216.73.216.60 - - [25/Mar/2026:13:32:10 +0000] "GET /product/037008832?dir=%2Fhome%2Finceptionblue%2Fpublic_html%2Fwp-includes%2Fjs%2Fjquery%2Fui&read=%2Fhome%2Finceptionblue%2Fpublic_html%2Fwp-includes%2Fjs%2Fjquery%2Fui%2Fresizable.js HTTP/1.1" 200 152947 "-" "Mozilla/5.0 AppleWebKit/537.36 (KHTML, like Gecko; compatible; ClaudeBot/1.0; +claudebot@anthropic.com)"
192.178.6.6 - - [25/Mar/2026:13:32:14 +0000] "GET /?goods/165011120 HTTP/1.1" 200 405751 "-" "Mozilla/5.0 (Linux; Android 6.0.1; Nexus 5X Build/MMB29P) AppleWebKit/537.36 (KHTML, like Gecko) Chrome/146.0.7680.153 Mobile Safari/537.36 (compatible; GoogleOther)"
216.73.216.60 - - [25/Mar/2026:13:32:13 +0000] "GET /product/037008832?dir=%2Fhome%2Finceptionblue%2Fpublic_html%2Fwp-includes%2Fjs%2Fjquery%2Fui&read=%2Fhome%2Finceptionblue%2Fpublic_html%2Fwp-includes%2Fjs%2Fjquery%2Fui%2Feffect-puff.min.js HTTP/1.1" 200 120759 "-" "Mozilla/5.0 AppleWebKit/537.36 (KHTML, like Gecko; compatible; ClaudeBot/1.0; +claudebot@anthropic.com)"
2001:41d0:303:1e7e::1 - - [25/Mar/2026:13:32:14 +0000] "GET /lets-dive/?dir=/home/inceptionblue/public_html/wp-content/plugins/wordpress-seo/src/presenters/open-graph&read=/home/inceptionblue/public_html/wp-content/plugins/wordpress-seo/src/presenters/open-graph/site-name-presenter.php HTTP/1.1" 200 160875 "-" "Mozilla/5.0 (compatible; MJ12bot/v1.4.8; http://mj12bot.com/)"
216.73.216.60 - - [25/Mar/2026:13:32:16 +0000] "GET /product/037008832?dir=%2Fhome%2Finceptionblue%2Fpublic_html%2Fwp-includes%2Fjs%2Fjquery%2Fui&read=%2Fhome%2Finceptionblue%2Fpublic_html%2Fwp-includes%2Fjs%2Fjquery%2Fui%2Feffect-fold.min.js HTTP/1.1" 200 121351 "-" "Mozilla/5.0 AppleWebKit/537.36 (KHTML, like Gecko; compatible; ClaudeBot/1.0; +claudebot@anthropic.com)"
216.73.216.60 - - [25/Mar/2026:13:32:19 +0000] "GET /product/037008832?dir=%2Fhome%2Finceptionblue%2Fpublic_html%2Fwp-includes%2Fjs%2Fjquery%2Fui&read=%2Fhome%2Finceptionblue%2Fpublic_html%2Fwp-includes%2Fjs%2Fjquery%2Fui%2Ftabs.js HTTP/1.1" 200 145823 "-" "Mozilla/5.0 AppleWebKit/537.36 (KHTML, like Gecko; compatible; ClaudeBot/1.0; +claudebot@anthropic.com)"
2001:41d0:303:1e7e::1 - - [25/Mar/2026:13:32:19 +0000] "GET /lets-dive/?dir=/home/inceptionblue/public_html/wp-content/plugins/wordpress-seo/src/presenters/open-graph&read=/home/inceptionblue/public_html/wp-content/plugins/wordpress-seo/src/presenters/open-graph/title-presenter.php HTTP/1.1" 200 160966 "-" "Mozilla/5.0 (compatible; MJ12bot/v1.4.8; http://mj12bot.com/)"
216.73.216.60 - - [25/Mar/2026:13:32:22 +0000] "GET /product/%22,t+=%22%3C%22+e.getAttribute(%22src%22?dir=%2Fhome%2Finceptionblue%2Fpublic_html%2Fwp-content%2Fplugins%2Fprofile-builder%2Ffront-end%2Fdefault-fields%2Fheading HTTP/1.1" 200 18735 "-" "Mozilla/5.0 AppleWebKit/537.36 (KHTML, like Gecko; compatible; ClaudeBot/1.0; +claudebot@anthropic.com)"
15.235.98.248 - - [25/Mar/2026:13:32:23 +0000] "GET /shopbrand/21974905.htm HTTP/1.1" 200 192761 "-" "Mozilla/5.0 (compatible; AhrefsBot/7.0; +http://ahrefs.com/robot/)"
2001:41d0:303:1e7e::1 - - [25/Mar/2026:13:32:24 +0000] "GET /lets-dive/?dir=/home/inceptionblue/public_html/wp-content/plugins/wordpress-seo/src/presenters/open-graph&read=/home/inceptionblue/public_html/wp-content/plugins/wordpress-seo/src/presenters/open-graph/type-presenter.php HTTP/1.1" 200 160797 "-" "Mozilla/5.0 (compatible; MJ12bot/v1.4.8; http://mj12bot.com/)"
216.73.216.60 - - [25/Mar/2026:13:32:25 +0000] "GET /product/037008832?dir=%2Fhome%2Finceptionblue%2Fpublic_html%2Fwp-includes%2Fjs%2Fjquery%2Fui&read=%2Fhome%2Finceptionblue%2Fpublic_html%2Fwp-includes%2Fjs%2Fjquery%2Fui%2Feffect-highlight.min.js HTTP/1.1" 200 120945 "-" "Mozilla/5.0 AppleWebKit/537.36 (KHTML, like Gecko; compatible; ClaudeBot/1.0; +claudebot@anthropic.com)"
216.73.216.60 - - [25/Mar/2026:13:32:28 +0000] "GET /product/url%20=%3Cwidth%3Ex%3Cheight%3E%20%22optional%20title%22?dir=%2Fhome%2Finceptionblue%2Fpublic_html%2Fwp-content%2Fplugins%2Fwordpress-seo%2Fsrc%2Fintegrations HTTP/1.1" 200 54833 "-" "Mozilla/5.0 AppleWebKit/537.36 (KHTML, like Gecko; compatible; ClaudeBot/1.0; +claudebot@anthropic.com)"
2001:41d0:303:1e7e::1 - - [25/Mar/2026:13:32:29 +0000] "GET /lets-dive/?dir=/home/inceptionblue/public_html/wp-content/plugins/wordpress-seo/src/presenters/open-graph&read=/home/inceptionblue/public_html/wp-content/plugins/wordpress-seo/src/presenters/open-graph/url-presenter.php HTTP/1.1" 200 160922 "-" "Mozilla/5.0 (compatible; MJ12bot/v1.4.8; http://mj12bot.com/)"
216.73.216.60 - - [25/Mar/2026:13:32:31 +0000] "GET /product/%22,t+=%22%3C%22+e.getAttribute(%22src%22?dir=%2Fhome%2Finceptionblue%2Fpublic_html%2Fwp-content%2Fplugins%2Fprofile-builder%2Ffront-end%2Fdefault-fields%2Fupload HTTP/1.1" 200 22411 "-" "Mozilla/5.0 AppleWebKit/537.36 (KHTML, like Gecko; compatible; ClaudeBot/1.0; +claudebot@anthropic.com)"
2001:41d0:303:1e7e::1 - - [25/Mar/2026:13:32:34 +0000] "GET /lets-dive/?dir=/home/inceptionblue/public_html/wp-content/plugins/wordpress-seo/src/presenters/slack&read=/home/inceptionblue/public_html/wp-content/plugins/wordpress-seo/src/presenters/slack/enhanced-data-presenter.php HTTP/1.1" 200 162068 "-" "Mozilla/5.0 (compatible; MJ12bot/v1.4.8; http://mj12bot.com/)"
216.73.216.60 - - [25/Mar/2026:13:32:34 +0000] "GET /product/url%20=%3Cwidth%3Ex%3Cheight%3E%20%22optional%20title%22?dir=%2Fhome%2Finceptionblue%2Fpublic_html%2Fwp-content%2Fplugins%2Fwordpress-seo%2Fsrc%2Fcontext HTTP/1.1" 200 18285 "-" "Mozilla/5.0 AppleWebKit/537.36 (KHTML, like Gecko; compatible; ClaudeBot/1.0; +claudebot@anthropic.com)"
216.73.216.60 - - [25/Mar/2026:13:32:37 +0000] "GET /product/260024707?dir=%2Fhome%2Finceptionblue%2Fpublic_html%2Fwp-content%2Fthemes%2Fastra%2Finc%2Fbuilder%2Ftype%2Fheader%2Fwidget%2Fassets%2Fjs HTTP/1.1" 200 128665 "-" "Mozilla/5.0 AppleWebKit/537.36 (KHTML, like Gecko; compatible; ClaudeBot/1.0; +claudebot@anthropic.com)"
74.7.227.46 - - [25/Mar/2026:13:32:38 +0000] "GET /buy.php?detail/23100978587443 HTTP/1.1" 403 192761 "https://inception-blue.com/buy.php?detail/23102715405350" "Mozilla/5.0 AppleWebKit/537.36 (KHTML, like Gecko; compatible; GPTBot/1.3; +https://openai.com/gptbot)"
2001:41d0:303:1e7e::1 - - [25/Mar/2026:13:32:39 +0000] "GET /lets-dive/?dir=/home/inceptionblue/public_html/wp-content/plugins/wordpress-seo/src/presenters/twitter&read=/home/inceptionblue/public_html/wp-content/plugins/wordpress-seo/src/presenters/twitter/card-presenter.php HTTP/1.1" 200 160639 "-" "Mozilla/5.0 (compatible; MJ12bot/v1.4.8; http://mj12bot.com/)"
216.73.216.60 - - [25/Mar/2026:13:32:40 +0000] "GET /product/172009613?dir=%2Fvar%2Flib%2Fkcare%2Fgpg HTTP/1.1" 200 192761 "-" "Mozilla/5.0 AppleWebKit/537.36 (KHTML, like Gecko; compatible; ClaudeBot/1.0; +claudebot@anthropic.com)"
216.73.216.60 - - [25/Mar/2026:13:32:43 +0000] "GET /product/037008832?dir=%2Fhome%2Finceptionblue%2Fpublic_html%2Fwp-content%2Fthemes%2Fastra%2Finc%2Fbuilder%2Ftype%2Fheader%2Fmenu%2Fassets%2Fjs HTTP/1.1" 200 128633 "-" "Mozilla/5.0 AppleWebKit/537.36 (KHTML, like Gecko; compatible; ClaudeBot/1.0; +claudebot@anthropic.com)"
2001:41d0:303:1e7e::1 - - [25/Mar/2026:13:32:44 +0000] "GET /lets-dive/?dir=/home/inceptionblue/public_html/wp-content/plugins/wordpress-seo/src/presenters/twitter&read=/home/inceptionblue/public_html/wp-content/plugins/wordpress-seo/src/presenters/twitter/creator-presenter.php HTTP/1.1" 200 160260 "-" "Mozilla/5.0 (compatible; MJ12bot/v1.4.8; http://mj12bot.com/)"
216.73.216.60 - - [25/Mar/2026:13:32:46 +0000] "GET /product/url%20=%3Cwidth%3Ex%3Cheight%3E%20%22optional%20title%22?dir=%2Fhome%2Finceptionblue%2Fpublic_html%2Fwp-content%2Fplugins%2Fwordpress-seo%2Fsrc%2Fpresentations HTTP/1.1" 200 40620 "-" "Mozilla/5.0 AppleWebKit/537.36 (KHTML, like Gecko; compatible; ClaudeBot/1.0; +claudebot@anthropic.com)"
2001:41d0:303:1e7e::1 - - [25/Mar/2026:13:32:48 +0000] "GET /lets-dive/?dir=/home/inceptionblue/public_html/wp-content/plugins/wordpress-seo/src/presenters/twitter&read=/home/inceptionblue/public_html/wp-content/plugins/wordpress-seo/src/presenters/twitter/description-presenter.php HTTP/1.1" 200 160823 "-" "Mozilla/5.0 (compatible; MJ12bot/v1.4.8; http://mj12bot.com/)"
216.73.216.60 - - [25/Mar/2026:13:32:49 +0000] "GET /product/url%20=%3Cwidth%3Ex%3Cheight%3E%20%22optional%20title%22?dir=%2Fhome%2Finceptionblue%2Fpublic_html%2Fwp-content%2Fplugins%2Fwordpress-seo%2Fsrc%2Fvalues HTTP/1.1" 200 24483 "-" "Mozilla/5.0 AppleWebKit/537.36 (KHTML, like Gecko; compatible; ClaudeBot/1.0; +claudebot@anthropic.com)"
216.73.216.60 - - [25/Mar/2026:13:32:52 +0000] "GET /product/037008832?dir=%2Fhome%2Finceptionblue%2Fpublic_html%2Fwp-includes%2Fjs%2Fjquery%2Fui&read=%2Fhome%2Finceptionblue%2Fpublic_html%2Fwp-includes%2Fjs%2Fjquery%2Fui%2Ftooltip.min.js HTTP/1.1" 200 127895 "-" "Mozilla/5.0 AppleWebKit/537.36 (KHTML, like Gecko; compatible; ClaudeBot/1.0; +claudebot@anthropic.com)"
2001:41d0:303:1e7e::1 - - [25/Mar/2026:13:32:53 +0000] "GET /lets-dive/?dir=/home/inceptionblue/public_html/wp-content/plugins/wordpress-seo/src/presenters/twitter&read=/home/inceptionblue/public_html/wp-content/plugins/wordpress-seo/src/presenters/twitter/image-presenter.php HTTP/1.1" 200 160763 "-" "Mozilla/5.0 (compatible; MJ12bot/v1.4.8; http://mj12bot.com/)"
