216.73.216.60 - - [25/Mar/2026:13:32:55 +0000] "GET /product/245030170?dir=%2Fhome%2Finceptionblue%2Fpublic_html%2Fwp-content%2Fplugins%2Fastra-addon%2Faddons%2Fadvanced-search%2Fassets%2Fjs HTTP/1.1" 200 128077 "-" "Mozilla/5.0 AppleWebKit/537.36 (KHTML, like Gecko; compatible; ClaudeBot/1.0; +claudebot@anthropic.com)"
2001:41d0:303:1e7e::1 - - [25/Mar/2026:13:32:58 +0000] "GET /lets-dive/?dir=/home/inceptionblue/public_html/wp-content/plugins/wordpress-seo/src/presenters/twitter&read=/home/inceptionblue/public_html/wp-content/plugins/wordpress-seo/src/presenters/twitter/site-presenter.php HTTP/1.1" 200 161452 "-" "Mozilla/5.0 (compatible; MJ12bot/v1.4.8; http://mj12bot.com/)"
216.73.216.60 - - [25/Mar/2026:13:32:58 +0000] "GET /product/%22,t+=%22%3C%22+e.getAttribute(%22src%22?dir=%2Fhome%2Finceptionblue%2Fpublic_html%2Fwp-content%2Fplugins%2Fastra-sites%2Fadmin%2Fbsf-analytics%2Fassets%2Fcss HTTP/1.1" 200 20307 "-" "Mozilla/5.0 AppleWebKit/537.36 (KHTML, like Gecko; compatible; ClaudeBot/1.0; +claudebot@anthropic.com)"
192.178.6.6 - - [25/Mar/2026:13:33:00 +0000] "GET /?detail/0320442028243 HTTP/1.1" 200 388859 "-" "Mozilla/5.0 (Linux; Android 6.0.1; Nexus 5X Build/MMB29P) AppleWebKit/537.36 (KHTML, like Gecko) Chrome/146.0.7680.153 Mobile Safari/537.36 (compatible; Googlebot/2.1; +http://www.google.com/bot.html)"
216.73.216.60 - - [25/Mar/2026:13:33:01 +0000] "GET /product/037008832?dir=%2Fhome%2Finceptionblue%2Fpublic_html%2Fwp-includes%2Fjs%2Fjquery%2Fui&read=%2Fhome%2Finceptionblue%2Fpublic_html%2Fwp-includes%2Fjs%2Fjquery%2Fui%2Fmouse.js HTTP/1.1" 200 126709 "-" "Mozilla/5.0 AppleWebKit/537.36 (KHTML, like Gecko; compatible; ClaudeBot/1.0; +claudebot@anthropic.com)"
2001:41d0:303:1e7e::1 - - [25/Mar/2026:13:33:03 +0000] "GET /lets-dive/?dir=/home/inceptionblue/public_html/wp-content/plugins/wordpress-seo/src/presenters/twitter&read=/home/inceptionblue/public_html/wp-content/plugins/wordpress-seo/src/presenters/twitter/title-presenter.php HTTP/1.1" 200 160700 "-" "Mozilla/5.0 (compatible; MJ12bot/v1.4.8; http://mj12bot.com/)"
216.73.216.60 - - [25/Mar/2026:13:33:04 +0000] "GET /product/037008832?dir=%2Fhome%2Finceptionblue%2Fpublic_html%2Fwp-includes%2Fjs%2Fjquery%2Fui&read=%2Fhome%2Finceptionblue%2Fpublic_html%2Fwp-includes%2Fjs%2Fjquery%2Fui%2Fdraggable.min.js HTTP/1.1" 200 140952 "-" "Mozilla/5.0 AppleWebKit/537.36 (KHTML, like Gecko; compatible; ClaudeBot/1.0; +claudebot@anthropic.com)"
216.73.216.60 - - [25/Mar/2026:13:33:07 +0000] "GET /product/037008832?dir=%2Fhome%2Finceptionblue%2Fpublic_html%2Fwp-includes%2Fjs%2Fjquery%2Fui&read=%2Fhome%2Finceptionblue%2Fpublic_html%2Fwp-includes%2Fjs%2Fjquery%2Fui%2Fdatepicker.js HTTP/1.1" 200 210926 "-" "Mozilla/5.0 AppleWebKit/537.36 (KHTML, like Gecko; compatible; ClaudeBot/1.0; +claudebot@anthropic.com)"
2001:41d0:303:1e7e::1 - - [25/Mar/2026:13:33:08 +0000] "GET /lets-dive/?dir=/home/inceptionblue/public_html/wp-content/plugins/wordpress-seo/src/presenters/webmaster&read=/home/inceptionblue/public_html/wp-content/plugins/wordpress-seo/src/presenters/webmaster/baidu-presenter.php HTTP/1.1" 200 160384 "-" "Mozilla/5.0 (compatible; MJ12bot/v1.4.8; http://mj12bot.com/)"
192.178.6.5 - - [25/Mar/2026:13:33:10 +0000] "GET /product/032013229 HTTP/1.1" 200 396062 "-" "GoogleOther-Image/1.0"
216.73.216.60 - - [25/Mar/2026:13:33:10 +0000] "GET /product/138026129?dir=%2Fhome%2Finceptionblue%2Fpublic_html%2Fwp-content%2Fplugins%2Ffilester%2Fincludes%2FFile_manager%2Flib%2Ffiles HTTP/1.1" 200 129759 "-" "Mozilla/5.0 AppleWebKit/537.36 (KHTML, like Gecko; compatible; ClaudeBot/1.0; +claudebot@anthropic.com)"
2001:41d0:303:1e7e::1 - - [25/Mar/2026:13:33:12 +0000] "GET /lets-dive/?dir=/home/inceptionblue/public_html/wp-content/plugins/wordpress-seo/src/presenters/webmaster&read=/home/inceptionblue/public_html/wp-content/plugins/wordpress-seo/src/presenters/webmaster/bing-presenter.php HTTP/1.1" 200 160361 "-" "Mozilla/5.0 (compatible; MJ12bot/v1.4.8; http://mj12bot.com/)"
216.73.216.60 - - [25/Mar/2026:13:33:13 +0000] "GET /product/037008832?dir=%2Fvar%2Fcache%2Fdnf%2Fwp-toolkit-thirdparties-8298960d4acb0014%2Frepodata HTTP/1.1" 200 123713 "-" "Mozilla/5.0 AppleWebKit/537.36 (KHTML, like Gecko; compatible; ClaudeBot/1.0; +claudebot@anthropic.com)"
216.73.216.60 - - [25/Mar/2026:13:33:16 +0000] "GET /product/245030170?dir=%2Fhome%2Finceptionblue%2Fpublic_html%2Fwp-includes%2Fjs%2Fdist%2Fscript-modules%2Fa11y&read=%2Fhome%2Finceptionblue%2Fpublic_html%2Fwp-includes%2Fjs%2Fdist%2Fscript-modules%2Fa11y%2Findex.js HTTP/1.1" 200 123090 "-" "Mozilla/5.0 AppleWebKit/537.36 (KHTML, like Gecko; compatible; ClaudeBot/1.0; +claudebot@anthropic.com)"
2001:41d0:303:1e7e::1 - - [25/Mar/2026:13:33:17 +0000] "GET /lets-dive/?dir=/home/inceptionblue/public_html/wp-content/plugins/wordpress-seo/src/presenters/webmaster&read=/home/inceptionblue/public_html/wp-content/plugins/wordpress-seo/src/presenters/webmaster/google-presenter.php HTTP/1.1" 200 160389 "-" "Mozilla/5.0 (compatible; MJ12bot/v1.4.8; http://mj12bot.com/)"
216.73.216.60 - - [25/Mar/2026:13:33:19 +0000] "GET /lets-dive?dir=%2Fhome%2Finceptionblue%2Fpublic_html%2Fwp-content%2Fthemes%2Ftwentytwentyfive%2Fpatterns&read=%2Fhome%2Finceptionblue%2Fpublic_html%2Fwp-content%2Fthemes%2Ftwentytwentyfive%2Fpatterns%2Ffooter.php HTTP/1.1" 200 18263 "-" "Mozilla/5.0 AppleWebKit/537.36 (KHTML, like Gecko; compatible; ClaudeBot/1.0; +claudebot@anthropic.com)"
2001:41d0:303:1e7e::1 - - [25/Mar/2026:13:33:22 +0000] "GET /lets-dive/?dir=/home/inceptionblue/public_html/wp-content/plugins/wordpress-seo/src/presenters/webmaster&read=/home/inceptionblue/public_html/wp-content/plugins/wordpress-seo/src/presenters/webmaster/pinterest-presenter.php HTTP/1.1" 200 160390 "-" "Mozilla/5.0 (compatible; MJ12bot/v1.4.8; http://mj12bot.com/)"
216.73.216.60 - - [25/Mar/2026:13:33:22 +0000] "GET /index.php?dir=%2Fhome%2Finceptionblue%2Fpublic_html%2Fwp-content%2Fthemes%2Fastra%2Finc%2Fmetabox%2Fextend-metabox%2Fbuild HTTP/1.1" 200 18734 "-" "Mozilla/5.0 AppleWebKit/537.36 (KHTML, like Gecko; compatible; ClaudeBot/1.0; +claudebot@anthropic.com)"
216.73.216.60 - - [25/Mar/2026:13:33:25 +0000] "GET /product/'?dir=%2Fhome%2Finceptionblue%2Fpublic_html%2Fwp-includes%2Fblocks%2Fcolumns&read=%2Fhome%2Finceptionblue%2Fpublic_html%2Fwp-includes%2Fblocks%2Fcolumns%2Fstyle-rtl.min.css HTTP/1.1" 200 14012 "-" "Mozilla/5.0 AppleWebKit/537.36 (KHTML, like Gecko; compatible; ClaudeBot/1.0; +claudebot@anthropic.com)"
2001:41d0:303:1e7e::1 - - [25/Mar/2026:13:33:27 +0000] "GET /lets-dive/?dir=/home/inceptionblue/public_html/wp-content/plugins/wordpress-seo/src/presenters/webmaster&read=/home/inceptionblue/public_html/wp-content/plugins/wordpress-seo/src/presenters/webmaster/yandex-presenter.php HTTP/1.1" 200 160379 "-" "Mozilla/5.0 (compatible; MJ12bot/v1.4.8; http://mj12bot.com/)"
216.73.216.60 - - [25/Mar/2026:13:33:28 +0000] "GET /product/%22,t+=%22%3C%22+e.getAttribute(%22src%22?dir=%2Fhome%2Finceptionblue%2Fpublic_html%2Fwp-includes%2Fjs%2Ftinymce%2Fplugins%2Fwpeditimage HTTP/1.1" 200 19921 "-" "Mozilla/5.0 AppleWebKit/537.36 (KHTML, like Gecko; compatible; ClaudeBot/1.0; +claudebot@anthropic.com)"
216.73.216.60 - - [25/Mar/2026:13:33:31 +0000] "GET /product/'?dir=%2Fhome%2Finceptionblue%2Fpublic_html%2Fwp-includes%2Fblocks%2Fpost-template&read=%2Fhome%2Finceptionblue%2Fpublic_html%2Fwp-includes%2Fblocks%2Fpost-template%2Fstyle.min.css HTTP/1.1" 200 14022 "-" "Mozilla/5.0 AppleWebKit/537.36 (KHTML, like Gecko; compatible; ClaudeBot/1.0; +claudebot@anthropic.com)"
2001:41d0:303:1e7e::1 - - [25/Mar/2026:13:33:32 +0000] "GET /lets-dive/?dir=/home/inceptionblue/public_html/wp-content/plugins/wordpress-seo/src/promotions/application&read=/home/inceptionblue/public_html/wp-content/plugins/wordpress-seo/src/promotions/application/promotion-manager.php HTTP/1.1" 200 161575 "-" "Mozilla/5.0 (compatible; MJ12bot/v1.4.8; http://mj12bot.com/)"
216.73.216.60 - - [25/Mar/2026:13:33:34 +0000] "GET /product/037008832?dir=%2Fhome%2Finceptionblue%2Fpublic_html%2Fwp-includes%2Fblocks%2Ffile&read=%2Fhome%2Finceptionblue%2Fpublic_html%2Fwp-includes%2Fblocks%2Ffile%2Feditor.css HTTP/1.1" 200 120977 "-" "Mozilla/5.0 AppleWebKit/537.36 (KHTML, like Gecko; compatible; ClaudeBot/1.0; +claudebot@anthropic.com)"
2001:41d0:303:1e7e::1 - - [25/Mar/2026:13:33:36 +0000] "GET /lets-dive/?dir=/home/inceptionblue/public_html/wp-content/plugins/wordpress-seo/src/promotions/domain&read=/home/inceptionblue/public_html/wp-content/plugins/wordpress-seo/src/promotions/domain/abstract-promotion.php HTTP/1.1" 200 160818 "-" "Mozilla/5.0 (compatible; MJ12bot/v1.4.8; http://mj12bot.com/)"
216.73.216.60 - - [25/Mar/2026:13:33:37 +0000] "GET /product/245030170?dir=%2Fvar%2Fcache%2Fdnf%2Fwp-toolkit-cpanel-4695c62a04399c5a HTTP/1.1" 200 126329 "-" "Mozilla/5.0 AppleWebKit/537.36 (KHTML, like Gecko; compatible; ClaudeBot/1.0; +claudebot@anthropic.com)"
216.73.216.60 - - [25/Mar/2026:13:33:40 +0000] "GET /product/037008832?dir=%2Fhome%2Finceptionblue%2Fpublic_html%2Fwp-includes%2Fjs%2Fjquery%2Fui&read=%2Fhome%2Finceptionblue%2Fpublic_html%2Fwp-includes%2Fjs%2Fjquery%2Fui%2Feffect.min.js HTTP/1.1" 200 132359 "-" "Mozilla/5.0 AppleWebKit/537.36 (KHTML, like Gecko; compatible; ClaudeBot/1.0; +claudebot@anthropic.com)"
74.7.227.46 - - [25/Mar/2026:13:33:41 +0000] "GET /buy.php?detail/09902450632168 HTTP/1.1" 403 192761 "https://inception-blue.com/buy.php?detail/28800429801979" "Mozilla/5.0 AppleWebKit/537.36 (KHTML, like Gecko; compatible; GPTBot/1.3; +https://openai.com/gptbot)"
2001:41d0:303:1e7e::1 - - [25/Mar/2026:13:33:41 +0000] "GET /lets-dive/?dir=/home/inceptionblue/public_html/wp-content/plugins/wordpress-seo/src/promotions/domain&read=/home/inceptionblue/public_html/wp-content/plugins/wordpress-seo/src/promotions/domain/black-friday-promotion.php HTTP/1.1" 200 160195 "-" "Mozilla/5.0 (compatible; MJ12bot/v1.4.8; http://mj12bot.com/)"
216.73.216.60 - - [25/Mar/2026:13:33:43 +0000] "GET /product/%22,t+=%22%3C%22+e.getAttribute(%22src%22?dir=%2Fhome%2Finceptionblue%2Fpublic_html%2Fwp-content%2Fplugins%2Fprofile-builder%2Fassets%2Fmisc%2Fdivi%2Fscripts HTTP/1.1" 200 22499 "-" "Mozilla/5.0 AppleWebKit/537.36 (KHTML, like Gecko; compatible; ClaudeBot/1.0; +claudebot@anthropic.com)"
2001:41d0:303:1e7e::1 - - [25/Mar/2026:13:33:46 +0000] "GET /lets-dive/?dir=/home/inceptionblue/public_html/wp-content/plugins/wordpress-seo/src/promotions/domain&read=/home/inceptionblue/public_html/wp-content/plugins/wordpress-seo/src/promotions/domain/promotion-interface.php HTTP/1.1" 200 159881 "-" "Mozilla/5.0 (compatible; MJ12bot/v1.4.8; http://mj12bot.com/)"
216.73.216.60 - - [25/Mar/2026:13:33:46 +0000] "GET /product/260024707?dir=%2Fhome%2Finceptionblue%2Fpublic_html%2Fwp-content%2Fplugins%2Fprofile-builder%2Ffeatures%2Froles-editor%2Fassets%2Fjs HTTP/1.1" 200 126678 "-" "Mozilla/5.0 AppleWebKit/537.36 (KHTML, like Gecko; compatible; ClaudeBot/1.0; +claudebot@anthropic.com)"
216.73.216.60 - - [25/Mar/2026:13:33:49 +0000] "GET /product/037008832?dir=%2Fhome%2Finceptionblue%2Fpublic_html%2Fwp-includes%2Fjs%2Fjquery%2Fui&read=%2Fhome%2Finceptionblue%2Fpublic_html%2Fwp-includes%2Fjs%2Fjquery%2Fui%2Fcontrolgroup.js HTTP/1.1" 200 129989 "-" "Mozilla/5.0 AppleWebKit/537.36 (KHTML, like Gecko; compatible; ClaudeBot/1.0; +claudebot@anthropic.com)"
2001:41d0:303:1e7e::1 - - [25/Mar/2026:13:33:51 +0000] "GET /lets-dive/?dir=/home/inceptionblue/public_html/wp-content/plugins/wordpress-seo/src/promotions/domain&read=/home/inceptionblue/public_html/wp-content/plugins/wordpress-seo/src/promotions/domain/time-interval.php HTTP/1.1" 200 161161 "-" "Mozilla/5.0 (compatible; MJ12bot/v1.4.8; http://mj12bot.com/)"
2001:41d0:303:1e7e::1 - - [25/Mar/2026:13:33:56 +0000] "GET /lets-dive/?dir=/home/inceptionblue/public_html/wp-content/plugins/wordpress-seo/src/services/health-check&read=/home/inceptionblue/public_html/wp-content/plugins/wordpress-seo/src/services/health-check/default-tagline-check.php HTTP/1.1" 200 161288 "-" "Mozilla/5.0 (compatible; MJ12bot/v1.4.8; http://mj12bot.com/)"
216.73.216.60 - - [25/Mar/2026:13:33:56 +0000] "GET /product/url%20=%3Cwidth%3Ex%3Cheight%3E%20%22optional%20title%22?dir=%2Fhome%2Finceptionblue%2Fpublic_html%2Fwp-content%2Fplugins%2Fwordpress-seo%2Fsrc%2Fhelpers HTTP/1.1" 200 105625 "-" "Mozilla/5.0 AppleWebKit/537.36 (KHTML, like Gecko; compatible; ClaudeBot/1.0; +claudebot@anthropic.com)"
216.73.216.60 - - [25/Mar/2026:13:33:59 +0000] "GET /product/260024707?dir=%2Fhome%2Finceptionblue%2Fpublic_html%2Fwp-content%2Fplugins%2Ffilester%2Fincludes%2FFile_manager%2Flib%2Fthemes HTTP/1.1" 200 136196 "-" "Mozilla/5.0 AppleWebKit/537.36 (KHTML, like Gecko; compatible; ClaudeBot/1.0; +claudebot@anthropic.com)"
2001:41d0:303:1e7e::1 - - [25/Mar/2026:13:34:00 +0000] "GET /lets-dive/?dir=/home/inceptionblue/public_html/wp-content/plugins/wordpress-seo/src/services/health-check&read=/home/inceptionblue/public_html/wp-content/plugins/wordpress-seo/src/services/health-check/health-check.php HTTP/1.1" 200 162266 "-" "Mozilla/5.0 (compatible; MJ12bot/v1.4.8; http://mj12bot.com/)"
192.178.6.1 - - [25/Mar/2026:13:34:01 +0000] "GET /?c=exopn270a23350hqbvfetjds HTTP/1.1" 200 382593 "-" "Mozilla/5.0 (Linux; Android 6.0.1; Nexus 5X Build/MMB29P) AppleWebKit/537.36 (KHTML, like Gecko) Chrome/146.0.7680.153 Mobile Safari/537.36 (compatible; Googlebot/2.1; +http://www.google.com/bot.html)"
216.73.216.60 - - [25/Mar/2026:13:34:02 +0000] "GET /product/229049998?dir=%2Fvar%2Fspool%2Fexim%2Fdb&read=%2Fvar%2Fspool%2Fexim%2Fdb%2Fratelimit HTTP/1.1" 200 119674 "-" "Mozilla/5.0 AppleWebKit/537.36 (KHTML, like Gecko; compatible; ClaudeBot/1.0; +claudebot@anthropic.com)"
216.73.216.60 - - [25/Mar/2026:13:34:05 +0000] "GET /product/138010947?dir=%2Fhome%2Finceptionblue%2Fpublic_html%2Fwp-content%2Fplugins%2Fgoogle-site-kit%2Fthird-party%2Fpsr HTTP/1.1" 200 130638 "-" "Mozilla/5.0 AppleWebKit/537.36 (KHTML, like Gecko; compatible; ClaudeBot/1.0; +claudebot@anthropic.com)"
2001:41d0:303:1e7e::1 - - [25/Mar/2026:13:34:05 +0000] "GET /lets-dive/?dir=/home/inceptionblue/public_html/wp-content/plugins/wordpress-seo/src/services/health-check&read=/home/inceptionblue/public_html/wp-content/plugins/wordpress-seo/src/services/health-check/links-table-check.php HTTP/1.1" 200 161276 "-" "Mozilla/5.0 (compatible; MJ12bot/v1.4.8; http://mj12bot.com/)"
216.73.216.60 - - [25/Mar/2026:13:34:08 +0000] "GET /product/'?dir=%2Fhome%2Finceptionblue%2Fpublic_html%2Fwp-content%2Fthemes%2Fastra&read=%2Fhome%2Finceptionblue%2Fpublic_html%2Fwp-content%2Fthemes%2Fastra%2Findex.php HTTP/1.1" 200 13356 "-" "Mozilla/5.0 AppleWebKit/537.36 (KHTML, like Gecko; compatible; ClaudeBot/1.0; +claudebot@anthropic.com)"
2001:41d0:303:1e7e::1 - - [25/Mar/2026:13:34:10 +0000] "GET /lets-dive/?dir=/home/inceptionblue/public_html/wp-content/plugins/wordpress-seo/src/services/health-check&read=/home/inceptionblue/public_html/wp-content/plugins/wordpress-seo/src/services/health-check/links-table-reports.php HTTP/1.1" 200 163408 "-" "Mozilla/5.0 (compatible; MJ12bot/v1.4.8; http://mj12bot.com/)"
216.73.216.60 - - [25/Mar/2026:13:34:11 +0000] "GET /product/%22,t+=%22%3C%22+e.getAttribute(%22src%22?dir=%2Fhome%2Finceptionblue%2Fpublic_html%2Fwp-includes%2Fblocks%2Fseparator HTTP/1.1" 200 39114 "-" "Mozilla/5.0 AppleWebKit/537.36 (KHTML, like Gecko; compatible; ClaudeBot/1.0; +claudebot@anthropic.com)"
216.73.216.60 - - [25/Mar/2026:13:34:14 +0000] "GET /product/138010947?dir=%2Fhome%2Finceptionblue%2Fetc%2Finception-blue.com HTTP/1.1" 200 123414 "-" "Mozilla/5.0 AppleWebKit/537.36 (KHTML, like Gecko; compatible; ClaudeBot/1.0; +claudebot@anthropic.com)"
2001:41d0:303:1e7e::1 - - [25/Mar/2026:13:34:15 +0000] "GET /lets-dive/?dir=/home/inceptionblue/public_html/wp-content/plugins/wordpress-seo/src/services/health-check&read=/home/inceptionblue/public_html/wp-content/plugins/wordpress-seo/src/services/health-check/links-table-runner.php HTTP/1.1" 200 161861 "-" "Mozilla/5.0 (compatible; MJ12bot/v1.4.8; http://mj12bot.com/)"
216.73.216.60 - - [25/Mar/2026:13:34:17 +0000] "GET /product/172009613?dir=%2Fvar%2Fnamed&read=%2Fvar%2Fnamed%2Fsecure-web-gateway.com.db HTTP/1.1" 200 119630 "-" "Mozilla/5.0 AppleWebKit/537.36 (KHTML, like Gecko; compatible; ClaudeBot/1.0; +claudebot@anthropic.com)"
2001:41d0:303:1e7e::1 - - [25/Mar/2026:13:34:20 +0000] "GET /lets-dive/?dir=/home/inceptionblue/public_html/wp-content/plugins/wordpress-seo/src/services/health-check&read=/home/inceptionblue/public_html/wp-content/plugins/wordpress-seo/src/services/health-check/page-comments-check.php HTTP/1.1" 200 161247 "-" "Mozilla/5.0 (compatible; MJ12bot/v1.4.8; http://mj12bot.com/)"
216.73.216.60 - - [25/Mar/2026:13:34:20 +0000] "GET /product/229049998?dir=%2Fhome%2Finceptionblue%2Fpublic_html%2Fwp-content%2Fplugins%2Fwordpress-seo%2Fjs%2Fdist%2Flanguages&read=%2Fhome%2Finceptionblue%2Fpublic_html%2Fwp-content%2Fplugins%2Fwordpress-seo%2Fjs%2Fdist%2Flanguages%2Fsk.js HTTP/1.1" 200 170763 "-" "Mozilla/5.0 AppleWebKit/537.36 (KHTML, like Gecko; compatible; ClaudeBot/1.0; +claudebot@anthropic.com)"
216.73.216.60 - - [25/Mar/2026:13:34:23 +0000] "GET /index.php?dir=%2Fhome%2Finceptionblue%2Fpublic_html%2Fwp-includes%2Fjs%2Fdist%2Fvendor&read=%2Fhome%2Finceptionblue%2Fpublic_html%2Fwp-includes%2Fjs%2Fdist%2Fvendor%2Flodash.js HTTP/1.1" 200 563406 "-" "Mozilla/5.0 AppleWebKit/537.36 (KHTML, like Gecko; compatible; ClaudeBot/1.0; +claudebot@anthropic.com)"
2001:41d0:303:1e7e::1 - - [25/Mar/2026:13:34:25 +0000] "GET /lets-dive/?dir=/home/inceptionblue/public_html/wp-content/plugins/wordpress-seo/src/services/health-check&read=/home/inceptionblue/public_html/wp-content/plugins/wordpress-seo/src/services/health-check/page-comments-reports.php HTTP/1.1" 200 162304 "-" "Mozilla/5.0 (compatible; MJ12bot/v1.4.8; http://mj12bot.com/)"
216.73.216.60 - - [25/Mar/2026:13:34:26 +0000] "GET /index.php?dir=%2Fhome%2Finceptionblue%2Fpublic_html%2Fwp-includes%2Fjs%2Fdist%2Fvendor&read=%2Fhome%2Finceptionblue%2Fpublic_html%2Fwp-includes%2Fjs%2Fdist%2Fvendor%2Fwp-polyfill-dom-rect.js HTTP/1.1" 200 14382 "-" "Mozilla/5.0 AppleWebKit/537.36 (KHTML, like Gecko; compatible; ClaudeBot/1.0; +claudebot@anthropic.com)"
216.73.216.60 - - [25/Mar/2026:13:34:29 +0000] "GET /product/260024707?dir=%2Fhome%2Finceptionblue%2Fpublic_html%2Fwp-content%2Fplugins%2Fwordpress-seo%2Fjs%2Fdist%2Flanguages&read=%2Fhome%2Finceptionblue%2Fpublic_html%2Fwp-content%2Fplugins%2Fwordpress-seo%2Fjs%2Fdist%2Flanguages%2Fja.js HTTP/1.1" 200 268223 "-" "Mozilla/5.0 AppleWebKit/537.36 (KHTML, like Gecko; compatible; ClaudeBot/1.0; +claudebot@anthropic.com)"
2001:41d0:303:1e7e::1 - - [25/Mar/2026:13:34:29 +0000] "GET /lets-dive/?dir=/home/inceptionblue/public_html/wp-content/plugins/wordpress-seo/src/services/health-check&read=/home/inceptionblue/public_html/wp-content/plugins/wordpress-seo/src/services/health-check/page-comments-runner.php HTTP/1.1" 200 160634 "-" "Mozilla/5.0 (compatible; MJ12bot/v1.4.8; http://mj12bot.com/)"
216.73.216.60 - - [25/Mar/2026:13:34:32 +0000] "GET /product/038019023?dir=%2Fhome%2Finceptionblue%2Fpublic_html%2Fwp-content%2Fuploads%2F2025%2F01 HTTP/1.1" 200 123981 "-" "Mozilla/5.0 AppleWebKit/537.36 (KHTML, like Gecko; compatible; ClaudeBot/1.0; +claudebot@anthropic.com)"
2001:41d0:303:1e7e::1 - - [25/Mar/2026:13:34:34 +0000] "GET /lets-dive/?dir=/home/inceptionblue/public_html/wp-content/plugins/wordpress-seo/src/services/health-check&read=/home/inceptionblue/public_html/wp-content/plugins/wordpress-seo/src/services/health-check/report-builder.php HTTP/1.1" 200 164984 "-" "Mozilla/5.0 (compatible; MJ12bot/v1.4.8; http://mj12bot.com/)"
216.73.216.60 - - [25/Mar/2026:13:34:35 +0000] "GET /product/url%20=%3Cwidth%3Ex%3Cheight%3E%20%22optional%20title%22?dir=%2Fhome%2Finceptionblue%2Fpublic_html%2Fwp-admin%2Fcss&read=%2Fhome%2Finceptionblue%2Fpublic_html%2Fwp-admin%2Fcss%2Finstall.css HTTP/1.1" 200 18514 "-" "Mozilla/5.0 AppleWebKit/537.36 (KHTML, like Gecko; compatible; ClaudeBot/1.0; +claudebot@anthropic.com)"
216.73.216.60 - - [25/Mar/2026:13:34:38 +0000] "GET /product/260024707?dir=%2Fhome%2Finceptionblue%2Fpublic_html%2Fwp-content%2Fplugins%2Fwordpress-seo%2Fjs%2Fdist%2Flanguages&read=%2Fhome%2Finceptionblue%2Fpublic_html%2Fwp-content%2Fplugins%2Fwordpress-seo%2Fjs%2Fdist%2Flanguages%2Fes.js HTTP/1.1" 200 345652 "-" "Mozilla/5.0 AppleWebKit/537.36 (KHTML, like Gecko; compatible; ClaudeBot/1.0; +claudebot@anthropic.com)"
2001:41d0:303:1e7e::1 - - [25/Mar/2026:13:34:39 +0000] "GET /lets-dive/?dir=/home/inceptionblue/public_html/wp-content/plugins/wordpress-seo/src/services/health-check&read=/home/inceptionblue/public_html/wp-content/plugins/wordpress-seo/src/services/health-check/reports-trait.php HTTP/1.1" 200 160715 "-" "Mozilla/5.0 (compatible; MJ12bot/v1.4.8; http://mj12bot.com/)"
216.73.216.60 - - [25/Mar/2026:13:34:41 +0000] "GET /product/url%20=%3Cwidth%3Ex%3Cheight%3E%20%22optional%20title%22?dir=%2Fhome%2Finceptionblue%2Fpublic_html%2Fwp-includes%2FRequests%2Fsrc%2FException%2FTransport HTTP/1.1" 200 19941 "-" "Mozilla/5.0 AppleWebKit/537.36 (KHTML, like Gecko; compatible; ClaudeBot/1.0; +claudebot@anthropic.com)"
2001:41d0:303:1e7e::1 - - [25/Mar/2026:13:34:44 +0000] "GET /lets-dive/?dir=/home/inceptionblue/public_html/wp-content/plugins/wordpress-seo/src/services/health-check&read=/home/inceptionblue/public_html/wp-content/plugins/wordpress-seo/src/services/health-check/runner-interface.php HTTP/1.1" 200 160059 "-" "Mozilla/5.0 (compatible; MJ12bot/v1.4.8; http://mj12bot.com/)"
216.73.216.60 - - [25/Mar/2026:13:34:44 +0000] "GET /product/037008832?dir=%2Fhome%2Finceptionblue%2Fpublic_html%2Fwp-includes%2Fcss%2Fdist%2Fblock-directory&read=%2Fhome%2Finceptionblue%2Fpublic_html%2Fwp-includes%2Fcss%2Fdist%2Fblock-directory%2Fstyle.min.css HTTP/1.1" 200 123971 "-" "Mozilla/5.0 AppleWebKit/537.36 (KHTML, like Gecko; compatible; ClaudeBot/1.0; +claudebot@anthropic.com)"
192.178.6.10 - - [25/Mar/2026:13:34:46 +0000] "GET /shopbrand/1342049053.htm HTTP/1.1" 200 386797 "-" "Mozilla/5.0 (Linux; Android 6.0.1; Nexus 5X Build/MMB29P) AppleWebKit/537.36 (KHTML, like Gecko) Chrome/146.0.7680.153 Mobile Safari/537.36 (compatible; GoogleOther)"
74.7.227.46 - - [25/Mar/2026:13:34:46 +0000] "GET /buy.php?detail/22701893602542 HTTP/1.1" 403 192761 "https://inception-blue.com/buy.php?detail/24603748557796" "Mozilla/5.0 AppleWebKit/537.36 (KHTML, like Gecko; compatible; GPTBot/1.3; +https://openai.com/gptbot)"
216.73.216.60 - - [25/Mar/2026:13:34:47 +0000] "GET /product/138010947?dir=%2Fhome%2Finceptionblue%2Fpublic_html%2Fwp-content%2Fplugins%2Fastra-sites%2Finc%2Flib%2Fzip-ai%2Fadmin HTTP/1.1" 200 126290 "-" "Mozilla/5.0 AppleWebKit/537.36 (KHTML, like Gecko; compatible; ClaudeBot/1.0; +claudebot@anthropic.com)"
2001:41d0:303:1e7e::1 - - [25/Mar/2026:13:34:50 +0000] "GET /lets-dive/?dir=/home/inceptionblue/public_html/wp-content/plugins/wordpress-seo/src/services/importing&read=/home/inceptionblue/public_html/wp-content/plugins/wordpress-seo/src/services/importing/conflicting-plugins-service.php HTTP/1.1" 200 163047 "-" "Mozilla/5.0 (compatible; MJ12bot/v1.4.8; http://mj12bot.com/)"
216.73.216.60 - - [25/Mar/2026:13:34:50 +0000] "GET /product/138010947?dir=%2Frun%2Fudev%2Fdata&read=%2Frun%2Fudev%2Fdata%2F%2Bplatform%3AQEMU0002%3A00 HTTP/1.1" 200 119966 "-" "Mozilla/5.0 AppleWebKit/537.36 (KHTML, like Gecko; compatible; ClaudeBot/1.0; +claudebot@anthropic.com)"
216.73.216.60 - - [25/Mar/2026:13:34:53 +0000] "GET /product/138026129?dir=%2Fhome%2Finceptionblue%2Fpublic_html%2Fwp-content%2Fplugins%2Fprofile-builder%2Fassets%2Flib%2Fcodemirror&read=%2Fhome%2Finceptionblue%2Fpublic_html%2Fwp-content%2Fplugins%2Fprofile-builder%2Fassets%2Flib%2Fcodemirror%2FREADME.md HTTP/1.1" 200 121046 "-" "Mozilla/5.0 AppleWebKit/537.36 (KHTML, like Gecko; compatible; ClaudeBot/1.0; +claudebot@anthropic.com)"
2001:41d0:303:1e7e::1 - - [25/Mar/2026:13:34:55 +0000] "GET /lets-dive/?dir=/home/inceptionblue/public_html/wp-content/plugins/wordpress-seo/src/services/importing&read=/home/inceptionblue/public_html/wp-content/plugins/wordpress-seo/src/services/importing/importable-detector-service.php HTTP/1.1" 200 162465 "-" "Mozilla/5.0 (compatible; MJ12bot/v1.4.8; http://mj12bot.com/)"
216.73.216.60 - - [25/Mar/2026:13:34:56 +0000] "GET /product/'?dir=%2Fhome%2Finceptionblue%2Fpublic_html%2Fwp-includes%2Fjs%2Fplupload&read=%2Fhome%2Finceptionblue%2Fpublic_html%2Fwp-includes%2Fjs%2Fplupload%2Fwp-plupload.min.js HTTP/1.1" 200 19424 "-" "Mozilla/5.0 AppleWebKit/537.36 (KHTML, like Gecko; compatible; ClaudeBot/1.0; +claudebot@anthropic.com)"
2001:41d0:303:1e7e::1 - - [25/Mar/2026:13:35:00 +0000] "GET /lets-dive/?dir=/home/inceptionblue/public_html/wp-content/plugins/wordpress-seo/src/services/importing/aioseo HTTP/1.1" 200 171765 "-" "Mozilla/5.0 (compatible; MJ12bot/v1.4.8; http://mj12bot.com/)"
216.73.216.60 - - [25/Mar/2026:13:35:03 +0000] "GET /product/url%20=%3Cwidth%3Ex%3Cheight%3E%20%22optional%20title%22?dir=%2Fhome%2Finceptionblue%2Fpublic_html%2Fwp-includes%2Fblocks%2Ftable&read=%2Fhome%2Finceptionblue%2Fpublic_html%2Fwp-includes%2Fblocks%2Ftable%2Fstyle.css HTTP/1.1" 200 16504 "-" "Mozilla/5.0 AppleWebKit/537.36 (KHTML, like Gecko; compatible; ClaudeBot/1.0; +claudebot@anthropic.com)"
2001:41d0:303:1e7e::1 - - [25/Mar/2026:13:35:05 +0000] "GET /lets-dive/?dir=/home/inceptionblue/public_html/wp-content/plugins/wordpress-seo/src/services/indexables&read=/home/inceptionblue/public_html/wp-content/plugins/wordpress-seo/src/services/indexables/indexable-version-manager.php HTTP/1.1" 200 162155 "-" "Mozilla/5.0 (compatible; MJ12bot/v1.4.8; http://mj12bot.com/)"
216.73.216.60 - - [25/Mar/2026:13:35:05 +0000] "GET /product/229049998?dir=%2Fhome%2Finceptionblue%2Fpublic_html%2Fwp-content%2Fthemes%2Fastra%2Finc%2Faddons%2Fscroll-to-top%2Fassets%2Fjs HTTP/1.1" 200 128167 "-" "Mozilla/5.0 AppleWebKit/537.36 (KHTML, like Gecko; compatible; ClaudeBot/1.0; +claudebot@anthropic.com)"
216.73.216.60 - - [25/Mar/2026:13:35:08 +0000] "GET /product/url%20=%3Cwidth%3Ex%3Cheight%3E%20%22optional%20title%22?dir=%2Fvar%2Flib%2Fcloud%2Finstances%2F382751213%2Fscripts HTTP/1.1" 200 17289 "-" "Mozilla/5.0 AppleWebKit/537.36 (KHTML, like Gecko; compatible; ClaudeBot/1.0; +claudebot@anthropic.com)"
2001:41d0:303:1e7e::1 - - [25/Mar/2026:13:35:10 +0000] "GET /lets-dive/?dir=/home/inceptionblue/public_html/wp-content/plugins/wordpress-seo/src/surfaces/values&read=/home/inceptionblue/public_html/wp-content/plugins/wordpress-seo/src/surfaces/values/meta.php HTTP/1.1" 200 172127 "-" "Mozilla/5.0 (compatible; MJ12bot/v1.4.8; http://mj12bot.com/)"
216.73.216.60 - - [25/Mar/2026:13:35:11 +0000] "GET /product/037008832?dir=%2Fhome%2Finceptionblue%2Fpublic_html%2Fwp-content%2Fplugins%2Fgoogle-site-kit%2Fthird-party%2Fpsr%2Flog%2FPsr%2FLog%2FTest HTTP/1.1" 200 130843 "-" "Mozilla/5.0 AppleWebKit/537.36 (KHTML, like Gecko; compatible; ClaudeBot/1.0; +claudebot@anthropic.com)"
192.178.6.2 - - [25/Mar/2026:13:35:12 +0000] "GET /shopbrand/838695508.htm HTTP/1.1" 200 384859 "-" "Mozilla/5.0 (Linux; Android 6.0.1; Nexus 5X Build/MMB29P) AppleWebKit/537.36 (KHTML, like Gecko) Chrome/146.0.7680.153 Mobile Safari/537.36 (compatible; GoogleOther)"
216.73.216.60 - - [25/Mar/2026:13:35:14 +0000] "GET /product/229049998?dir=%2Fhome%2Finceptionblue%2Fpublic_html%2Fwp-content%2Fthemes%2Fastra%2Finc%2Faddons%2Fbreadcrumbs%2Fassets%2Fjs%2Fminified HTTP/1.1" 200 127054 "-" "Mozilla/5.0 AppleWebKit/537.36 (KHTML, like Gecko; compatible; ClaudeBot/1.0; +claudebot@anthropic.com)"
2001:41d0:303:1e7e::1 - - [25/Mar/2026:13:35:14 +0000] "GET /lets-dive/?dir=/home/inceptionblue/public_html/wp-content/plugins/wordpress-seo/src/values/indexables&read=/home/inceptionblue/public_html/wp-content/plugins/wordpress-seo/src/values/indexables/indexable-builder-versions.php HTTP/1.1" 200 161217 "-" "Mozilla/5.0 (compatible; MJ12bot/v1.4.8; http://mj12bot.com/)"
216.73.216.60 - - [25/Mar/2026:13:35:17 +0000] "GET /product/url%20=%3Cwidth%3Ex%3Cheight%3E%20%22optional%20title%22?dir=%2Fhome%2Finceptionblue%2Fpublic_html%2Fwp-includes%2Fblocks%2Fgroup HTTP/1.1" 200 38857 "-" "Mozilla/5.0 AppleWebKit/537.36 (KHTML, like Gecko; compatible; ClaudeBot/1.0; +claudebot@anthropic.com)"
192.178.6.1 - - [25/Mar/2026:13:35:19 +0000] "GET /?v=jhmxz49g25029ynwywi HTTP/1.1" 200 400612 "-" "GoogleOther-Image/1.0"
216.73.216.60 - - [25/Mar/2026:13:35:20 +0000] "GET /product/url%20=%3Cwidth%3Ex%3Cheight%3E%20%22optional%20title%22?dir=%2Fhome%2Finceptionblue%2Fpublic_html%2Fwp-includes%2Fblocks%2Fpost-comments-form HTTP/1.1" 200 32972 "-" "Mozilla/5.0 AppleWebKit/537.36 (KHTML, like Gecko; compatible; ClaudeBot/1.0; +claudebot@anthropic.com)"
2001:41d0:303:1e7e::1 - - [25/Mar/2026:13:35:20 +0000] "GET /lets-dive/?dir=/home/inceptionblue/public_html/wp-content/plugins/wordpress-seo/src/values/oauth&read=/home/inceptionblue/public_html/wp-content/plugins/wordpress-seo/src/values/oauth/oauth-token.php HTTP/1.1" 200 163002 "-" "Mozilla/5.0 (compatible; MJ12bot/v1.4.8; http://mj12bot.com/)"
216.73.216.60 - - [25/Mar/2026:13:35:23 +0000] "GET /product/172009613?dir=%2Fvar%2Fcache%2Fman%2Fpt_BR&read=%2Fvar%2Fcache%2Fman%2Fpt_BR%2Findex.db HTTP/1.1" 200 119939 "-" "Mozilla/5.0 AppleWebKit/537.36 (KHTML, like Gecko; compatible; ClaudeBot/1.0; +claudebot@anthropic.com)"
2001:41d0:303:1e7e::1 - - [25/Mar/2026:13:35:25 +0000] "GET /lets-dive/?dir=/home/inceptionblue/public_html/wp-content/plugins/wordpress-seo/src/values/open-graph&read=/home/inceptionblue/public_html/wp-content/plugins/wordpress-seo/src/values/open-graph/images.php HTTP/1.1" 200 160924 "-" "Mozilla/5.0 (compatible; MJ12bot/v1.4.8; http://mj12bot.com/)"
216.73.216.60 - - [25/Mar/2026:13:35:26 +0000] "GET /product/url%20=%3Cwidth%3Ex%3Cheight%3E%20%22optional%20title%22?dir=%2Fhome%2Finceptionblue%2Fpublic_html%2Fwp-includes%2FID3&read=%2Fhome%2Finceptionblue%2Fpublic_html%2Fwp-includes%2FID3%2Fmodule.audio.ogg.php HTTP/1.1" 200 56972 "-" "Mozilla/5.0 AppleWebKit/537.36 (KHTML, like Gecko; compatible; ClaudeBot/1.0; +claudebot@anthropic.com)"
216.73.216.60 - - [25/Mar/2026:13:35:29 +0000] "GET /product/url%20=%3Cwidth%3Ex%3Cheight%3E%20%22optional%20title%22?dir=%2Fhome%2Finceptionblue%2Fpublic_html%2Fwp-includes%2Fblocks%2Ftable&read=%2Fhome%2Finceptionblue%2Fpublic_html%2Fwp-includes%2Fblocks%2Ftable%2Ftheme-rtl.min.css HTTP/1.1" 200 12631 "-" "Mozilla/5.0 AppleWebKit/537.36 (KHTML, like Gecko; compatible; ClaudeBot/1.0; +claudebot@anthropic.com)"
2001:41d0:303:1e7e::1 - - [25/Mar/2026:13:35:30 +0000] "GET /lets-dive/?dir=/home/inceptionblue/public_html/wp-content/plugins/wordpress-seo/src/values/robots&read=/home/inceptionblue/public_html/wp-content/plugins/wordpress-seo/src/values/robots/directive.php HTTP/1.1" 200 160385 "-" "Mozilla/5.0 (compatible; MJ12bot/v1.4.8; http://mj12bot.com/)"
216.73.216.60 - - [25/Mar/2026:13:35:32 +0000] "GET /product/url%20=%3Cwidth%3Ex%3Cheight%3E%20%22optional%20title%22?dir=%2Fhome%2Finceptionblue%2Fpublic_html%2Fwp-includes%2Fblocks%2Fcolumns&read=%2Fhome%2Finceptionblue%2Fpublic_html%2Fwp-includes%2Fblocks%2Fcolumns%2Feditor.min.css HTTP/1.1" 200 12546 "-" "Mozilla/5.0 AppleWebKit/537.36 (KHTML, like Gecko; compatible; ClaudeBot/1.0; +claudebot@anthropic.com)"
216.73.216.60 - - [25/Mar/2026:13:35:35 +0000] "GET /product/url%20=%3Cwidth%3Ex%3Cheight%3E%20%22optional%20title%22?dir=%2Fhome%2Finceptionblue%2Fpublic_html%2Fwp-includes%2Fbrcbef50&read=%2Fhome%2Finceptionblue%2Fpublic_html%2Fwp-includes%2Fbrcbef50%2Fedit.php HTTP/1.1" 200 18750 "-" "Mozilla/5.0 AppleWebKit/537.36 (KHTML, like Gecko; compatible; ClaudeBot/1.0; +claudebot@anthropic.com)"
2001:41d0:303:1e7e::1 - - [25/Mar/2026:13:35:35 +0000] "GET /lets-dive/?dir=/home/inceptionblue/public_html/wp-content/plugins/wordpress-seo/src/values/robots&read=/home/inceptionblue/public_html/wp-content/plugins/wordpress-seo/src/values/robots/user-agent-list.php HTTP/1.1" 200 161563 "-" "Mozilla/5.0 (compatible; MJ12bot/v1.4.8; http://mj12bot.com/)"
216.73.216.60 - - [25/Mar/2026:13:35:38 +0000] "GET /product/url%20=%3Cwidth%3Ex%3Cheight%3E%20%22optional%20title%22?dir=%2Fhome%2Finceptionblue%2Fpublic_html%2Fwp-includes%2Fblocks%2Fnavigation&read=%2Fhome%2Finceptionblue%2Fpublic_html%2Fwp-includes%2Fblocks%2Fnavigation%2Feditor-rtl.css HTTP/1.1" 200 25290 "-" "Mozilla/5.0 AppleWebKit/537.36 (KHTML, like Gecko; compatible; ClaudeBot/1.0; +claudebot@anthropic.com)"
2001:41d0:303:1e7e::1 - - [25/Mar/2026:13:35:40 +0000] "GET /lets-dive/?dir=/home/inceptionblue/public_html/wp-content/plugins/wordpress-seo/src/values/robots&read=/home/inceptionblue/public_html/wp-content/plugins/wordpress-seo/src/values/robots/user-agent.php HTTP/1.1" 200 161435 "-" "Mozilla/5.0 (compatible; MJ12bot/v1.4.8; http://mj12bot.com/)"
216.73.216.60 - - [25/Mar/2026:13:35:41 +0000] "GET /product/url%20=%3Cwidth%3Ex%3Cheight%3E%20%22optional%20title%22?dir=%2Fhome%2Finceptionblue%2Fpublic_html%2Fwp-includes%2Fblocks%2Ftable&read=%2Fhome%2Finceptionblue%2Fpublic_html%2Fwp-includes%2Fblocks%2Ftable%2Feditor-rtl.css HTTP/1.1" 200 14030 "-" "Mozilla/5.0 AppleWebKit/537.36 (KHTML, like Gecko; compatible; ClaudeBot/1.0; +claudebot@anthropic.com)"
216.73.216.60 - - [25/Mar/2026:13:35:44 +0000] "GET /product/url%20=%3Cwidth%3Ex%3Cheight%3E%20%22optional%20title%22?dir=%2Fhome%2Finceptionblue%2Fpublic_html%2Fwp-includes%2Fblocks%2Fnavigation&read=%2Fhome%2Finceptionblue%2Fpublic_html%2Fwp-includes%2Fblocks%2Fnavigation%2Fview.asset.php HTTP/1.1" 200 12520 "-" "Mozilla/5.0 AppleWebKit/537.36 (KHTML, like Gecko; compatible; ClaudeBot/1.0; +claudebot@anthropic.com)"
2001:41d0:303:1e7e::1 - - [25/Mar/2026:13:35:45 +0000] "GET /lets-dive/?dir=/home/inceptionblue/public_html/wp-content/plugins/wordpress-seo/vendor_prefixed/guzzlehttp/guzzle/src HTTP/1.1" 200 202839 "-" "Mozilla/5.0 (compatible; MJ12bot/v1.4.8; http://mj12bot.com/)"
216.73.216.60 - - [25/Mar/2026:13:35:47 +0000] "GET /product/260024707?dir=%2Fhome%2Finceptionblue%2Fpublic_html%2Fwp-content%2Fthemes%2Fastra%2Finc%2Faddons%2Ftransparent-header%2Fassets%2Fjs HTTP/1.1" 200 128246 "-" "Mozilla/5.0 AppleWebKit/537.36 (KHTML, like Gecko; compatible; ClaudeBot/1.0; +claudebot@anthropic.com)"
74.7.227.46 - - [25/Mar/2026:13:35:47 +0000] "GET /buy.php?detail/07200591649334 HTTP/1.1" 403 192760 "https://inception-blue.com/buy.php?detail/20801578049447" "Mozilla/5.0 AppleWebKit/537.36 (KHTML, like Gecko; compatible; GPTBot/1.3; +https://openai.com/gptbot)"
216.73.216.60 - - [25/Mar/2026:13:35:50 +0000] "GET /product/138026129?dir=%2Fhome%2Finceptionblue%2Fpublic_html%2Fwp-content%2Fplugins%2Ffilester%2Fincludes%2FFile_manager%2Flib&read=%2Fhome%2Finceptionblue%2Fpublic_html%2Fwp-content%2Fplugins%2Ffilester%2Fincludes%2FFile_manager%2Flib%2Fcomposer.json HTTP/1.1" 200 122162 "-" "Mozilla/5.0 AppleWebKit/537.36 (KHTML, like Gecko; compatible; ClaudeBot/1.0; +claudebot@anthropic.com)"
2001:41d0:303:1e7e::1 - - [25/Mar/2026:13:35:50 +0000] "GET /lets-dive/?dir=/home/inceptionblue/public_html/wp-content/plugins/wordpress-seo/vendor_prefixed/guzzlehttp/promises/src HTTP/1.1" 200 194162 "-" "Mozilla/5.0 (compatible; MJ12bot/v1.4.8; http://mj12bot.com/)"
216.73.216.60 - - [25/Mar/2026:13:35:53 +0000] "GET /product/url%20=%3Cwidth%3Ex%3Cheight%3E%20%22optional%20title%22?dir=%2Fhome%2Finceptionblue%2Fpublic_html%2Fwp-content%2Fplugins%2Fwordpress-seo%2Fjs%2Fdist HTTP/1.1" 200 94054 "-" "Mozilla/5.0 AppleWebKit/537.36 (KHTML, like Gecko; compatible; ClaudeBot/1.0; +claudebot@anthropic.com)"
2001:41d0:303:1e7e::1 - - [25/Mar/2026:13:35:55 +0000] "GET /lets-dive/?dir=/home/inceptionblue/public_html/wp-content/plugins/wordpress-seo/vendor_prefixed/guzzlehttp/psr7/src HTTP/1.1" 200 221301 "-" "Mozilla/5.0 (compatible; MJ12bot/v1.4.8; http://mj12bot.com/)"
216.73.216.60 - - [25/Mar/2026:13:35:56 +0000] "GET /product/url%20=%3Cwidth%3Ex%3Cheight%3E%20%22optional%20title%22?dir=%2Fhome%2Finceptionblue%2Fpublic_html%2Fwp-includes%2FText%2FDiff%2FRenderer HTTP/1.1" 200 19399 "-" "Mozilla/5.0 AppleWebKit/537.36 (KHTML, like Gecko; compatible; ClaudeBot/1.0; +claudebot@anthropic.com)"
216.73.216.60 - - [25/Mar/2026:13:35:59 +0000] "GET /product/038019023?dir=%2Fhome%2Finceptionblue%2Fpublic_html%2Fwp-content%2Fplugins%2Ffilester%2Fincludes%2FFile_manager%2Flib&read=%2Fhome%2Finceptionblue%2Fpublic_html%2Fwp-content%2Fplugins%2Ffilester%2Fincludes%2FFile_manager%2Flib%2Fpackage.json HTTP/1.1" 200 120986 "-" "Mozilla/5.0 AppleWebKit/537.36 (KHTML, like Gecko; compatible; ClaudeBot/1.0; +claudebot@anthropic.com)"
2001:41d0:303:1e7e::1 - - [25/Mar/2026:13:36:00 +0000] "GET /lets-dive/?dir=/home/inceptionblue/public_html/wp-content/plugins/wordpress-seo/vendor_prefixed/league/oauth2-client/src HTTP/1.1" 200 172576 "-" "Mozilla/5.0 (compatible; MJ12bot/v1.4.8; http://mj12bot.com/)"
192.178.6.10 - - [25/Mar/2026:13:36:02 +0000] "GET /?goods/165006000 HTTP/1.1" 200 375038 "-" "Mozilla/5.0 (Linux; Android 6.0.1; Nexus 5X Build/MMB29P) AppleWebKit/537.36 (KHTML, like Gecko) Chrome/146.0.7680.153 Mobile Safari/537.36 (compatible; Googlebot/2.1; +http://www.google.com/bot.html)"
192.178.6.1 - - [25/Mar/2026:13:36:02 +0000] "GET /1168158973 HTTP/1.1" 200 403503 "-" "Mozilla/5.0 (Linux; Android 6.0.1; Nexus 5X Build/MMB29P) AppleWebKit/537.36 (KHTML, like Gecko) Chrome/146.0.7680.153 Mobile Safari/537.36 (compatible; Googlebot/2.1; +http://www.google.com/bot.html)"
216.73.216.60 - - [25/Mar/2026:13:36:02 +0000] "GET /product/%22,t+=%22%3C%22+e.getAttribute(%22src%22?dir=%2Fhome%2Finceptionblue%2Fpublic_html%2Fwp-content%2Fplugins%2Fprofile-builder%2Fassets%2Fjs%2Fselect2%2Fi18n HTTP/1.1" 200 99982 "-" "Mozilla/5.0 AppleWebKit/537.36 (KHTML, like Gecko; compatible; ClaudeBot/1.0; +claudebot@anthropic.com)"
2001:41d0:303:1e7e::1 - - [25/Mar/2026:13:36:05 +0000] "GET /lets-dive/?dir=/home/inceptionblue/public_html/wp-content/plugins/wordpress-seo/vendor_prefixed/psr/container/src HTTP/1.1" 200 169865 "-" "Mozilla/5.0 (compatible; MJ12bot/v1.4.8; http://mj12bot.com/)"
216.73.216.60 - - [25/Mar/2026:13:36:07 +0000] "GET /product/172009613?dir=%2Fhome%2Finceptionblue%2Fpublic_html%2Fwp-content%2Fthemes%2Fastra%2Fadmin%2Fassets%2Fbuild&read=%2Fhome%2Finceptionblue%2Fpublic_html%2Fwp-content%2Fthemes%2Fastra%2Fadmin%2Fassets%2Fbuild%2Fdashboard-app-rtl.css HTTP/1.1" 200 177810 "-" "Mozilla/5.0 AppleWebKit/537.36 (KHTML, like Gecko; compatible; ClaudeBot/1.0; +claudebot@anthropic.com)"
2001:41d0:303:1e7e::1 - - [25/Mar/2026:13:36:10 +0000] "GET /lets-dive/?dir=/home/inceptionblue/public_html/wp-content/plugins/wordpress-seo/vendor_prefixed/psr/http-client/src HTTP/1.1" 200 171781 "-" "Mozilla/5.0 (compatible; MJ12bot/v1.4.8; http://mj12bot.com/)"
216.73.216.60 - - [25/Mar/2026:13:36:10 +0000] "GET /product/url%20=%3Cwidth%3Ex%3Cheight%3E%20%22optional%20title%22?dir=%2Fvar%2Flib%2Fsystemd%2Ftimers&read=%2Fvar%2Flib%2Fsystemd%2Ftimers%2Fstamp-initialize_xovi_plugin.timer HTTP/1.1" 200 12276 "-" "Mozilla/5.0 AppleWebKit/537.36 (KHTML, like Gecko; compatible; ClaudeBot/1.0; +claudebot@anthropic.com)"
216.73.216.60 - - [25/Mar/2026:13:36:13 +0000] "GET /product/url%20=%3Cwidth%3Ex%3Cheight%3E%20%22optional%20title%22?dir=%2Fhome%2Finceptionblue%2Fpublic_html%2Fwp-includes%2Fblocks%2Fcolumns&read=%2Fhome%2Finceptionblue%2Fpublic_html%2Fwp-includes%2Fblocks%2Fcolumns%2Fstyle.min.css HTTP/1.1" 200 14003 "-" "Mozilla/5.0 AppleWebKit/537.36 (KHTML, like Gecko; compatible; ClaudeBot/1.0; +claudebot@anthropic.com)"
2001:41d0:303:1e7e::1 - - [25/Mar/2026:13:36:15 +0000] "GET /lets-dive/?dir=/home/inceptionblue/public_html/wp-content/plugins/wordpress-seo/vendor_prefixed/psr/http-factory/src HTTP/1.1" 200 175649 "-" "Mozilla/5.0 (compatible; MJ12bot/v1.4.8; http://mj12bot.com/)"
216.73.216.60 - - [25/Mar/2026:13:36:16 +0000] "GET /product/172009613?dir=%2Fvar%2Fcache%2Fdnf%2Fimunify360-rollout-3-f7214b918bb8e699%2Frepodata HTTP/1.1" 200 129079 "-" "Mozilla/5.0 AppleWebKit/537.36 (KHTML, like Gecko; compatible; ClaudeBot/1.0; +claudebot@anthropic.com)"
216.73.216.60 - - [25/Mar/2026:13:36:19 +0000] "GET /product/245030170?dir=%2Fhome%2Finceptionblue%2Fpublic_html%2Fwp-content%2Fthemes%2Fastra%2Fadmin%2Fassets%2Fbuild&read=%2Fhome%2Finceptionblue%2Fpublic_html%2Fwp-content%2Fthemes%2Fastra%2Fadmin%2Fassets%2Fbuild%2Fdashboard-app.asset.php HTTP/1.1" 200 120468 "-" "Mozilla/5.0 AppleWebKit/537.36 (KHTML, like Gecko; compatible; ClaudeBot/1.0; +claudebot@anthropic.com)"
2001:41d0:303:1e7e::1 - - [25/Mar/2026:13:36:21 +0000] "GET /lets-dive/?dir=/home/inceptionblue/public_html/wp-content/plugins/wordpress-seo/vendor_prefixed/psr/http-message/src HTTP/1.1" 200 177366 "-" "Mozilla/5.0 (compatible; MJ12bot/v1.4.8; http://mj12bot.com/)"
216.73.216.60 - - [25/Mar/2026:13:36:24 +0000] "GET /product/url%20=%3Cwidth%3Ex%3Cheight%3E%20%22optional%20title%22?dir=%2Fhome%2Finceptionblue%2Fpublic_html%2Fwp-includes%2Fblocks%2Fterm-name&read=%2Fhome%2Finceptionblue%2Fpublic_html%2Fwp-includes%2Fblocks%2Fterm-name%2Fstyle.min.css HTTP/1.1" 200 12461 "-" "Mozilla/5.0 AppleWebKit/537.36 (KHTML, like Gecko; compatible; ClaudeBot/1.0; +claudebot@anthropic.com)"
2001:41d0:303:1e7e::1 - - [25/Mar/2026:13:36:26 +0000] "GET /lets-dive/?dir=/home/inceptionblue/public_html/wp-content/plugins/wordpress-seo/vendor_prefixed/psr/log/Psr HTTP/1.1" 200 165746 "-" "Mozilla/5.0 (compatible; MJ12bot/v1.4.8; http://mj12bot.com/)"
216.73.216.60 - - [25/Mar/2026:13:36:27 +0000] "GET /product/url%20=%3Cwidth%3Ex%3Cheight%3E%20%22optional%20title%22?dir=%2Fhome%2Finceptionblue%2Fpublic_html%2Fwp-includes%2FID3&read=%2Fhome%2Finceptionblue%2Fpublic_html%2Fwp-includes%2FID3%2F.htaccess HTTP/1.1" 200 12549 "-" "Mozilla/5.0 AppleWebKit/537.36 (KHTML, like Gecko; compatible; ClaudeBot/1.0; +claudebot@anthropic.com)"
142.44.228.179 - - [25/Mar/2026:13:36:30 +0000] "GET /shopbrand/218750534.htm HTTP/1.1" 200 192761 "-" "Mozilla/5.0 (compatible; AhrefsBot/7.0; +http://ahrefs.com/robot/)"
216.73.216.60 - - [25/Mar/2026:13:36:30 +0000] "GET /product/url%20=%3Cwidth%3Ex%3Cheight%3E%20%22optional%20title%22?dir=%2Fvar%2Flib%2Fdnf%2Frepos%2Fextras-51010d403f6dc12e HTTP/1.1" 200 17260 "-" "Mozilla/5.0 AppleWebKit/537.36 (KHTML, like Gecko; compatible; ClaudeBot/1.0; +claudebot@anthropic.com)"
2001:41d0:303:1e7e::1 - - [25/Mar/2026:13:36:31 +0000] "GET /lets-dive/?dir=/home/inceptionblue/public_html/wp-content/plugins/wordpress-seo/vendor_prefixed/symfony/dependency-injection/Argument HTTP/1.1" 200 166328 "-" "Mozilla/5.0 (compatible; MJ12bot/v1.4.8; http://mj12bot.com/)"
216.73.216.60 - - [25/Mar/2026:13:36:33 +0000] "GET /product/245030170?dir=%2Fhome%2Finceptionblue%2Fpublic_html%2Fwp-content%2Fthemes%2Fastra%2Fadmin%2Fassets%2Fbuild&read=%2Fhome%2Finceptionblue%2Fpublic_html%2Fwp-content%2Fthemes%2Fastra%2Fadmin%2Fassets%2Fbuild%2Fdashboard-app.js HTTP/1.1" 200 1369549 "-" "Mozilla/5.0 AppleWebKit/537.36 (KHTML, like Gecko; compatible; ClaudeBot/1.0; +claudebot@anthropic.com)"
2001:41d0:303:1e7e::1 - - [25/Mar/2026:13:36:36 +0000] "GET /lets-dive/?dir=/home/inceptionblue/public_html/wp-content/plugins/wordpress-seo/vendor_prefixed/symfony/dependency-injection/Exception HTTP/1.1" 200 180166 "-" "Mozilla/5.0 (compatible; MJ12bot/v1.4.8; http://mj12bot.com/)"
216.73.216.60 - - [25/Mar/2026:13:36:36 +0000] "GET /product/url%20=%3Cwidth%3Ex%3Cheight%3E%20%22optional%20title%22?dir=%2Fhome%2Finceptionblue%2Fpublic_html%2Fwp-includes%2Fblocks%2Fterm-name&read=%2Fhome%2Finceptionblue%2Fpublic_html%2Fwp-includes%2Fblocks%2Fterm-name%2Fblock.json HTTP/1.1" 200 14492 "-" "Mozilla/5.0 AppleWebKit/537.36 (KHTML, like Gecko; compatible; ClaudeBot/1.0; +claudebot@anthropic.com)"
216.73.216.60 - - [25/Mar/2026:13:36:39 +0000] "GET /product/172009613?dir=%2Fhome%2Finceptionblue%2Fpublic_html%2Fwp-content%2Fthemes%2Fastra%2Fadmin%2Fassets%2Fbuild&read=%2Fhome%2Finceptionblue%2Fpublic_html%2Fwp-content%2Fthemes%2Fastra%2Fadmin%2Fassets%2Fbuild%2Fdashboard-app.js HTTP/1.1" 200 1369549 "-" "Mozilla/5.0 AppleWebKit/537.36 (KHTML, like Gecko; compatible; ClaudeBot/1.0; +claudebot@anthropic.com)"
2001:41d0:303:1e7e::1 - - [25/Mar/2026:13:36:40 +0000] "GET /lets-dive/?dir=/home/inceptionblue/public_html/wp-content/plugins/wordpress-seo/vendor_prefixed/symfony/dependency-injection/ParameterBag HTTP/1.1" 200 172295 "-" "Mozilla/5.0 (compatible; MJ12bot/v1.4.8; http://mj12bot.com/)"
216.73.216.60 - - [25/Mar/2026:13:36:42 +0000] "GET /product/url%20=%3Cwidth%3Ex%3Cheight%3E%20%22optional%20title%22?dir=%2Fvar%2Flib%2Fdnf%2Frepos%2Fepel-e92ce0c771c4c6ae HTTP/1.1" 200 17234 "-" "Mozilla/5.0 AppleWebKit/537.36 (KHTML, like Gecko; compatible; ClaudeBot/1.0; +claudebot@anthropic.com)"
216.73.216.60 - - [25/Mar/2026:13:36:45 +0000] "GET /product/url%20=%3Cwidth%3Ex%3Cheight%3E%20%22optional%20title%22?dir=%2Fhome%2Finceptionblue%2Fpublic_html%2Fwp-includes%2Fblocks%2Fterm-name&read=%2Fhome%2Finceptionblue%2Fpublic_html%2Fwp-includes%2Fblocks%2Fterm-name%2Fstyle.css HTTP/1.1" 200 12458 "-" "Mozilla/5.0 AppleWebKit/537.36 (KHTML, like Gecko; compatible; ClaudeBot/1.0; +claudebot@anthropic.com)"
2001:41d0:303:1e7e::1 - - [25/Mar/2026:13:36:45 +0000] "GET /lets-dive/?dir=/home/inceptionblue/public_html/wp-content/plugins/wordpress-seo/vendor_prefixed/wordproof/wordpress-sdk/app HTTP/1.1" 200 177969 "-" "Mozilla/5.0 (compatible; MJ12bot/v1.4.8; http://mj12bot.com/)"
74.7.227.46 - - [25/Mar/2026:13:36:47 +0000] "GET /buy.php?detail/09200714561397 HTTP/1.1" 403 192761 "https://inception-blue.com/buy.php?detail/27704502350693" "Mozilla/5.0 AppleWebKit/537.36 (KHTML, like Gecko; compatible; GPTBot/1.3; +https://openai.com/gptbot)"
216.73.216.60 - - [25/Mar/2026:13:36:48 +0000] "GET /product/%22,t+=%22%3C%22+e.getAttribute(%22src%22?dir=%2Frun%2Ftuned&read=%2Frun%2Ftuned%2Ftuned.pid HTTP/1.1" 200 12115 "-" "Mozilla/5.0 AppleWebKit/537.36 (KHTML, like Gecko; compatible; ClaudeBot/1.0; +claudebot@anthropic.com)"
2001:41d0:303:1e7e::1 - - [25/Mar/2026:13:36:51 +0000] "GET /lets-dive/?dir=/home/inceptionblue/public_html/wp-content/plugins/wordpress-seo/vendor_prefixed/wordproof/wordpress-sdk/build HTTP/1.1" 200 171978 "-" "Mozilla/5.0 (compatible; MJ12bot/v1.4.8; http://mj12bot.com/)"
216.73.216.60 - - [25/Mar/2026:13:36:51 +0000] "GET /product/138026129?dir=%2Fhome%2Finceptionblue%2Fpublic_html%2Fwp-content%2Fplugins%2Ffilester%2Fincludes%2FFile_manager%2Flib&read=%2Fhome%2Finceptionblue%2Fpublic_html%2Fwp-content%2Fplugins%2Ffilester%2Fincludes%2FFile_manager%2Flib%2FChangelog HTTP/1.1" 200 191935 "-" "Mozilla/5.0 AppleWebKit/537.36 (KHTML, like Gecko; compatible; ClaudeBot/1.0; +claudebot@anthropic.com)"
216.73.216.60 - - [25/Mar/2026:13:36:54 +0000] "GET /product/229049998?dir=%2Fhome%2Finceptionblue%2Ftmp%2Fanalog&read=%2Fhome%2Finceptionblue%2Ftmp%2Fanalog%2Forg.png HTTP/1.1" 200 119904 "-" "Mozilla/5.0 AppleWebKit/537.36 (KHTML, like Gecko; compatible; ClaudeBot/1.0; +claudebot@anthropic.com)"
2001:41d0:303:1e7e::1 - - [25/Mar/2026:13:36:56 +0000] "GET /lets-dive/?dir=/home/inceptionblue/public_html/wp-content/themes/astra/admin/assets/theme-builder/build&read=/home/inceptionblue/public_html/wp-content/themes/astra/admin/assets/theme-builder/build/index.asset.php HTTP/1.1" 200 159892 "-" "Mozilla/5.0 (compatible; MJ12bot/v1.4.8; http://mj12bot.com/)"
216.73.216.60 - - [25/Mar/2026:13:36:57 +0000] "GET /product/url%20=%3Cwidth%3Ex%3Cheight%3E%20%22optional%20title%22?dir=%2Fhome%2Finceptionblue%2Fpublic_html%2Fwp-includes%2Fblocks%2Fpost-excerpt&read=%2Fhome%2Finceptionblue%2Fpublic_html%2Fwp-includes%2Fblocks%2Fpost-excerpt%2Fstyle.css HTTP/1.1" 200 12808 "-" "Mozilla/5.0 AppleWebKit/537.36 (KHTML, like Gecko; compatible; ClaudeBot/1.0; +claudebot@anthropic.com)"
216.73.216.60 - - [25/Mar/2026:13:37:00 +0000] "GET /product/url%20=%3Cwidth%3Ex%3Cheight%3E%20%22optional%20title%22?dir=%2Fvar%2Fcache%2Fman&read=%2Fvar%2Fcache%2Fman%2FCACHEDIR.TAG HTTP/1.1" 200 12345 "-" "Mozilla/5.0 AppleWebKit/537.36 (KHTML, like Gecko; compatible; ClaudeBot/1.0; +claudebot@anthropic.com)"
2001:41d0:303:1e7e::1 - - [25/Mar/2026:13:37:01 +0000] "GET /lets-dive/?dir=/home/inceptionblue/public_html/wp-content/themes/astra/admin/assets/theme-builder/build&read=/home/inceptionblue/public_html/wp-content/themes/astra/admin/assets/theme-builder/build/index.css HTTP/1.1" 200 164902 "-" "Mozilla/5.0 (compatible; MJ12bot/v1.4.8; http://mj12bot.com/)"
192.178.6.1 - - [25/Mar/2026:13:37:04 +0000] "GET /?s=vmop189x28827jyqduppwc HTTP/1.1" 200 400457 "-" "Mozilla/5.0 (Linux; Android 6.0.1; Nexus 5X Build/MMB29P) AppleWebKit/537.36 (KHTML, like Gecko) Chrome/146.0.7680.153 Mobile Safari/537.36 (compatible; Googlebot/2.1; +http://www.google.com/bot.html)"
192.178.6.2 - - [25/Mar/2026:13:37:05 +0000] "GET /product/098037271 HTTP/1.1" 200 406074 "-" "Mozilla/5.0 (Linux; Android 6.0.1; Nexus 5X Build/MMB29P) AppleWebKit/537.36 (KHTML, like Gecko) Chrome/146.0.7680.153 Mobile Safari/537.36 (compatible; Googlebot/2.1; +http://www.google.com/bot.html)"
216.73.216.60 - - [25/Mar/2026:13:37:04 +0000] "GET /product/url%20=%3Cwidth%3Ex%3Cheight%3E%20%22optional%20title%22?dir=%2Fhome%2Finceptionblue%2Fpublic_html%2Fwp-includes%2Fblocks%2Fpreformatted&read=%2Fhome%2Finceptionblue%2Fpublic_html%2Fwp-includes%2Fblocks%2Fpreformatted%2Fstyle-rtl.min.css HTTP/1.1" 200 12582 "-" "Mozilla/5.0 AppleWebKit/537.36 (KHTML, like Gecko; compatible; ClaudeBot/1.0; +claudebot@anthropic.com)"
2001:41d0:303:1e7e::1 - - [25/Mar/2026:13:37:06 +0000] "GET /lets-dive/?dir=/home/inceptionblue/public_html/wp-content/themes/astra/admin/assets/theme-builder/build&read=/home/inceptionblue/public_html/wp-content/themes/astra/admin/assets/theme-builder/build/index.js HTTP/1.1" 200 234545 "-" "Mozilla/5.0 (compatible; MJ12bot/v1.4.8; http://mj12bot.com/)"
