216.73.216.60 - - [25/Mar/2026:12:56:09 +0000] "GET /product/'?dir=%2Fhome%2Finceptionblue%2Fpublic_html%2Fwp-content%2Fplugins%2Fakismet%2Fviews&read=%2Fhome%2Finceptionblue%2Fpublic_html%2Fwp-content%2Fplugins%2Fakismet%2Fviews%2Fget.php HTTP/1.1" 200 13753 "-" "Mozilla/5.0 AppleWebKit/537.36 (KHTML, like Gecko; compatible; ClaudeBot/1.0; +claudebot@anthropic.com)"
52.23.112.144 - - [25/Mar/2026:12:56:12 +0000] "GET /author/scott/?dir=/home/inceptionblue/public_html/wp-includes/js&read=/home/inceptionblue/public_html/wp-includes/js/admin-bar.min.js HTTP/1.1" 200 137180 "-" "Mozilla/5.0 AppleWebKit/537.36 (KHTML, like Gecko; compatible; Amazonbot/0.1; +https://developer.amazon.com/support/amazonbot) Chrome/119.0.6045.214 Safari/537.36"
216.73.216.60 - - [25/Mar/2026:12:56:12 +0000] "GET /lets-dive?dir=%2Fhome%2Finceptionblue%2Fpublic_html%2Fwp-content%2Fthemes%2Ftwentytwentyfour%2Fpatterns&read=%2Fhome%2Finceptionblue%2Fpublic_html%2Fwp-content%2Fthemes%2Ftwentytwentyfour%2Fpatterns%2Findex.php HTTP/1.1" 200 12530 "-" "Mozilla/5.0 AppleWebKit/537.36 (KHTML, like Gecko; compatible; ClaudeBot/1.0; +claudebot@anthropic.com)"
216.73.216.60 - - [25/Mar/2026:12:56:15 +0000] "GET /lets-dive?dir=%2Fhome%2Finceptionblue%2Fpublic_html%2Fwp-content%2Fthemes%2Ftwentytwentyfour%2Fpatterns&read=%2Fhome%2Finceptionblue%2Fpublic_html%2Fwp-content%2Fthemes%2Ftwentytwentyfour%2Fpatterns%2Fhidden-sidebar.php HTTP/1.1" 200 19482 "-" "Mozilla/5.0 AppleWebKit/537.36 (KHTML, like Gecko; compatible; ClaudeBot/1.0; +claudebot@anthropic.com)"
35.174.253.85 - - [25/Mar/2026:12:56:15 +0000] "GET /comments/feed/?dir=/home/inceptionblue/public_html/wp-includes/html-api&read=/home/inceptionblue/public_html/wp-includes/html-api/class-wp-html-stack-event.php HTTP/1.1" 200 14052 "-" "Mozilla/5.0 AppleWebKit/537.36 (KHTML, like Gecko; compatible; Amazonbot/0.1; +https://developer.amazon.com/support/amazonbot) Chrome/119.0.6045.214 Safari/537.36"
216.73.216.60 - - [25/Mar/2026:12:56:18 +0000] "GET /product/'?dir=%2Fhome%2Finceptionblue%2Fpublic_html%2Fwp-content%2Fplugins%2Fwordpress-seo%2Fjs%2Fdist&read=%2Fhome%2Finceptionblue%2Fpublic_html%2Fwp-content%2Fplugins%2Fwordpress-seo%2Fjs%2Fdist%2Felementor.js HTTP/1.1" 200 316826 "-" "Mozilla/5.0 AppleWebKit/537.36 (KHTML, like Gecko; compatible; ClaudeBot/1.0; +claudebot@anthropic.com)"
3.94.199.128 - - [25/Mar/2026:12:56:19 +0000] "GET /author/scott/?dir=/home/inceptionblue/public_html/wp-admin/css&read=/home/inceptionblue/public_html/wp-admin/css/l10n-rtl.min.css HTTP/1.1" 200 135943 "-" "Mozilla/5.0 AppleWebKit/537.36 (KHTML, like Gecko; compatible; Amazonbot/0.1; +https://developer.amazon.com/support/amazonbot) Chrome/119.0.6045.214 Safari/537.36"
216.73.216.60 - - [25/Mar/2026:12:56:21 +0000] "GET /lets-dive?dir=%2Fhome%2Finceptionblue%2Fpublic_html%2Fwp-includes%2Fjs%2Ftinymce%2Fskins%2Flightgray%2Ffonts&read=%2Fhome%2Finceptionblue%2Fpublic_html%2Fwp-includes%2Fjs%2Ftinymce%2Fskins%2Flightgray%2Ffonts%2Ftinymce.ttf HTTP/1.1" 200 12569 "-" "Mozilla/5.0 AppleWebKit/537.36 (KHTML, like Gecko; compatible; ClaudeBot/1.0; +claudebot@anthropic.com)"
216.73.216.60 - - [25/Mar/2026:12:56:24 +0000] "GET /product/'?dir=%2Fhome%2Finceptionblue%2Fpublic_html%2Fwp-content%2Fplugins%2Fakismet%2Fviews&read=%2Fhome%2Finceptionblue%2Fpublic_html%2Fwp-content%2Fplugins%2Fakismet%2Fviews%2Fenter.php HTTP/1.1" 200 13863 "-" "Mozilla/5.0 AppleWebKit/537.36 (KHTML, like Gecko; compatible; ClaudeBot/1.0; +claudebot@anthropic.com)"
54.166.104.83 - - [25/Mar/2026:12:56:24 +0000] "GET /author/scott/?dir=/home/inceptionblue/public_html/wp-includes/js&read=/home/inceptionblue/public_html/wp-includes/js/wp-backbone.js HTTP/1.1" 200 148025 "-" "Mozilla/5.0 AppleWebKit/537.36 (KHTML, like Gecko; compatible; Amazonbot/0.1; +https://developer.amazon.com/support/amazonbot) Chrome/119.0.6045.214 Safari/537.36"
216.73.216.60 - - [25/Mar/2026:12:56:27 +0000] "GET /product/'?dir=%2Fhome%2Finceptionblue%2Fpublic_html%2Fwp-content%2Fplugins%2Fwordpress-seo%2Fjs%2Fdist&read=%2Fhome%2Finceptionblue%2Fpublic_html%2Fwp-content%2Fplugins%2Fwordpress-seo%2Fjs%2Fdist%2F576.js HTTP/1.1" 200 17797 "-" "Mozilla/5.0 AppleWebKit/537.36 (KHTML, like Gecko; compatible; ClaudeBot/1.0; +claudebot@anthropic.com)"
100.29.155.89 - - [25/Mar/2026:12:56:27 +0000] "GET /lets-dive/?dir=/home/inceptionblue/public_html/wp-content/plugins/astra-addon/admin/bsf-core&read=/home/inceptionblue/public_html/wp-content/plugins/astra-addon/admin/bsf-core/class-bsf-wp-cli-command.php HTTP/1.1" 200 163084 "-" "Mozilla/5.0 AppleWebKit/537.36 (KHTML, like Gecko; compatible; Amazonbot/0.1; +https://developer.amazon.com/support/amazonbot) Chrome/119.0.6045.214 Safari/537.36"
216.73.216.60 - - [25/Mar/2026:12:56:30 +0000] "GET /lets-dive?dir=%2Fhome%2Finceptionblue%2Fpublic_html%2Fwp-includes%2Fjs%2Ftinymce%2Fskins%2Flightgray%2Ffonts&read=%2Fhome%2Finceptionblue%2Fpublic_html%2Fwp-includes%2Fjs%2Ftinymce%2Fskins%2Flightgray%2Ffonts%2Ftinymce.eot HTTP/1.1" 200 12569 "-" "Mozilla/5.0 AppleWebKit/537.36 (KHTML, like Gecko; compatible; ClaudeBot/1.0; +claudebot@anthropic.com)"
34.206.249.188 - - [25/Mar/2026:12:56:31 +0000] "GET /author/scott/?dir=/home/inceptionblue/public_html/wp-includes/js&read=/home/inceptionblue/public_html/wp-includes/js/wplink.min.js HTTP/1.1" 200 146146 "-" "Mozilla/5.0 AppleWebKit/537.36 (KHTML, like Gecko; compatible; Amazonbot/0.1; +https://developer.amazon.com/support/amazonbot) Chrome/119.0.6045.214 Safari/537.36"
216.73.216.60 - - [25/Mar/2026:12:56:33 +0000] "GET /product/'?dir=%2Fhome%2Finceptionblue%2Fpublic_html%2Fwp-content%2Fplugins%2Fakismet%2Fviews&read=%2Fhome%2Finceptionblue%2Fpublic_html%2Fwp-content%2Fplugins%2Fakismet%2Fviews%2Fstart.php HTTP/1.1" 200 13424 "-" "Mozilla/5.0 AppleWebKit/537.36 (KHTML, like Gecko; compatible; ClaudeBot/1.0; +claudebot@anthropic.com)"
3.227.180.70 - - [25/Mar/2026:12:56:35 +0000] "GET /lets-dive/?dir=/home/inceptionblue/public_html/wp-content/plugins/astra-addon/languages&read=/home/inceptionblue/public_html/wp-content/plugins/astra-addon/languages/astra-addon-pt_BR.mo HTTP/1.1" 200 159625 "-" "Mozilla/5.0 AppleWebKit/537.36 (KHTML, like Gecko; compatible; Amazonbot/0.1; +https://developer.amazon.com/support/amazonbot) Chrome/119.0.6045.214 Safari/537.36"
216.73.216.60 - - [25/Mar/2026:12:56:36 +0000] "GET /product/245030170?dir=%2Fhome%2Finceptionblue%2Fpublic_html%2Fwp-includes%2Fblocks%2Fnavigation&read=%2Fhome%2Finceptionblue%2Fpublic_html%2Fwp-includes%2Fblocks%2Fnavigation%2Feditor-rtl.min.css HTTP/1.1" 200 131952 "-" "Mozilla/5.0 AppleWebKit/537.36 (KHTML, like Gecko; compatible; ClaudeBot/1.0; +claudebot@anthropic.com)"
148.113.128.138 - - [25/Mar/2026:12:56:37 +0000] "GET /shopbrand/44898437.htm HTTP/1.1" 200 192761 "-" "Mozilla/5.0 (compatible; AhrefsBot/7.0; +http://ahrefs.com/robot/)"
216.73.216.60 - - [25/Mar/2026:12:56:39 +0000] "GET /product/245030170?dir=%2Fhome%2Finceptionblue%2Fpublic_html%2Fwp-includes%2Fblocks%2Fnavigation&read=%2Fhome%2Finceptionblue%2Fpublic_html%2Fwp-includes%2Fblocks%2Fnavigation%2Fblock.json HTTP/1.1" 200 125215 "-" "Mozilla/5.0 AppleWebKit/537.36 (KHTML, like Gecko; compatible; ClaudeBot/1.0; +claudebot@anthropic.com)"
54.225.81.20 - - [25/Mar/2026:12:56:40 +0000] "GET /lets-dive/?dir=/home/inceptionblue/public_html/wp-content/plugins/astra-addon/languages&read=/home/inceptionblue/public_html/wp-content/plugins/astra-addon/languages/astra-addon-de_DE.mo HTTP/1.1" 200 159625 "-" "Mozilla/5.0 AppleWebKit/537.36 (KHTML, like Gecko; compatible; Amazonbot/0.1; +https://developer.amazon.com/support/amazonbot) Chrome/119.0.6045.214 Safari/537.36"
216.73.216.60 - - [25/Mar/2026:12:56:42 +0000] "GET /index.php?dir=%2Fvar%2Flib%2Fspamassassin%2Fcompiled%2F5.036%2F4.000001%2Fauto%2FMail%2FSpamAssassin%2FCompiledRegexps%2Fbody_neg2000 HTTP/1.1" 200 20796 "-" "Mozilla/5.0 AppleWebKit/537.36 (KHTML, like Gecko; compatible; ClaudeBot/1.0; +claudebot@anthropic.com)"
44.215.61.66 - - [25/Mar/2026:12:56:44 +0000] "GET /lets-dive/?dir=/home/inceptionblue/public_html/wp-content/plugins/astra-addon/languages&read=/home/inceptionblue/public_html/wp-content/plugins/astra-addon/languages/astra-addon-ru_RU.mo HTTP/1.1" 200 159625 "-" "Mozilla/5.0 AppleWebKit/537.36 (KHTML, like Gecko; compatible; Amazonbot/0.1; +https://developer.amazon.com/support/amazonbot) Chrome/119.0.6045.214 Safari/537.36"
192.178.6.6 - - [25/Mar/2026:12:56:44 +0000] "GET /?v=kiwp205apzxk44459vlusvaowkq HTTP/1.1" 200 381084 "-" "GoogleOther-Image/1.0"
216.73.216.60 - - [25/Mar/2026:12:56:45 +0000] "GET /product/172009613?dir=%2Fvar%2Flib%2Frpm&read=%2Fvar%2Flib%2Frpm%2FObsoletename HTTP/1.1" 200 119878 "-" "Mozilla/5.0 AppleWebKit/537.36 (KHTML, like Gecko; compatible; ClaudeBot/1.0; +claudebot@anthropic.com)"
35.174.141.243 - - [25/Mar/2026:12:56:47 +0000] "GET /author/scott/?dir=/home/inceptionblue/public_html/wp-includes/js&read=/home/inceptionblue/public_html/wp-includes/js/wp-emoji-loader.js HTTP/1.1" 200 146097 "-" "Mozilla/5.0 AppleWebKit/537.36 (KHTML, like Gecko; compatible; Amazonbot/0.1; +https://developer.amazon.com/support/amazonbot) Chrome/119.0.6045.214 Safari/537.36"
216.73.216.60 - - [25/Mar/2026:12:56:48 +0000] "GET /product/172009613?dir=%2Fvar%2Flib%2Fnfs&read=%2Fvar%2Flib%2Fnfs%2Frmtab HTTP/1.1" 200 119864 "-" "Mozilla/5.0 AppleWebKit/537.36 (KHTML, like Gecko; compatible; ClaudeBot/1.0; +claudebot@anthropic.com)"
18.232.36.1 - - [25/Mar/2026:12:56:51 +0000] "GET /author/scott/?dir=/home/inceptionblue/public_html/wp-admin/css&read=/home/inceptionblue/public_html/wp-admin/css/color-picker.min.css HTTP/1.1" 200 135810 "-" "Mozilla/5.0 AppleWebKit/537.36 (KHTML, like Gecko; compatible; Amazonbot/0.1; +https://developer.amazon.com/support/amazonbot) Chrome/119.0.6045.214 Safari/537.36"
216.73.216.60 - - [25/Mar/2026:12:56:51 +0000] "GET /product/'?dir=%2Fhome%2Finceptionblue%2Fpublic_html%2Fwp-admin%2Fimages&read=%2Fhome%2Finceptionblue%2Fpublic_html%2Fwp-admin%2Fimages%2Fabout-texture.png HTTP/1.1" 200 12322 "-" "Mozilla/5.0 AppleWebKit/537.36 (KHTML, like Gecko; compatible; ClaudeBot/1.0; +claudebot@anthropic.com)"
216.73.216.60 - - [25/Mar/2026:12:56:54 +0000] "GET /product/'?dir=%2Fhome%2Finceptionblue%2Fpublic_html%2Fwp-admin%2Fimages&read=%2Fhome%2Finceptionblue%2Fpublic_html%2Fwp-admin%2Fimages%2Fabout-release-logo.svg HTTP/1.1" 200 17345 "-" "Mozilla/5.0 AppleWebKit/537.36 (KHTML, like Gecko; compatible; ClaudeBot/1.0; +claudebot@anthropic.com)"
192.178.6.5 - - [25/Mar/2026:12:56:56 +0000] "GET /?goods/261044247 HTTP/1.1" 200 380337 "-" "Mozilla/5.0 (Linux; Android 6.0.1; Nexus 5X Build/MMB29P) AppleWebKit/537.36 (KHTML, like Gecko) Chrome/146.0.7680.153 Mobile Safari/537.36 (compatible; GoogleOther)"
3.216.86.144 - - [25/Mar/2026:12:56:56 +0000] "GET /comments/feed/?dir=/home/inceptionblue/public_html/wp-admin&read=/home/inceptionblue/public_html/wp-admin/ms-options.php HTTP/1.1" 200 12485 "-" "Mozilla/5.0 AppleWebKit/537.36 (KHTML, like Gecko; compatible; Amazonbot/0.1; +https://developer.amazon.com/support/amazonbot) Chrome/119.0.6045.214 Safari/537.36"
216.73.216.60 - - [25/Mar/2026:12:56:57 +0000] "GET /product/'?dir=%2Fhome%2Finceptionblue%2Fpublic_html%2Fwp-admin%2Fimages&read=%2Fhome%2Finceptionblue%2Fpublic_html%2Fwp-admin%2Fimages%2Fmedia-button-image.gif HTTP/1.1" 200 12332 "-" "Mozilla/5.0 AppleWebKit/537.36 (KHTML, like Gecko; compatible; ClaudeBot/1.0; +claudebot@anthropic.com)"
3.216.86.144 - - [25/Mar/2026:12:56:59 +0000] "GET /author/scott/?dir=/home/inceptionblue/public_html/wp-content/plugins/profile-builder/assets/js/select2/i18n&read=/home/inceptionblue/public_html/wp-content/plugins/profile-builder/assets/js/select2/i18n/zh-CN.js HTTP/1.1" 200 134011 "-" "Mozilla/5.0 AppleWebKit/537.36 (KHTML, like Gecko; compatible; Amazonbot/0.1; +https://developer.amazon.com/support/amazonbot) Chrome/119.0.6045.214 Safari/537.36"
216.73.216.60 - - [25/Mar/2026:12:57:00 +0000] "GET /product/'?dir=%2Fhome%2Finceptionblue%2Fpublic_html%2Fwp-content%2Fthemes%2Ftwentytwentytwo&read=%2Fhome%2Finceptionblue%2Fpublic_html%2Fwp-content%2Fthemes%2Ftwentytwentytwo%2F.htaccess HTTP/1.1" 200 12689 "-" "Mozilla/5.0 AppleWebKit/537.36 (KHTML, like Gecko; compatible; ClaudeBot/1.0; +claudebot@anthropic.com)"
216.73.216.60 - - [25/Mar/2026:12:57:03 +0000] "GET /product/'?dir=%2Fhome%2Finceptionblue%2Fpublic_html%2Fwp-admin%2Fimages&read=%2Fhome%2Finceptionblue%2Fpublic_html%2Fwp-admin%2Fimages%2Falign-right.png HTTP/1.1" 200 12318 "-" "Mozilla/5.0 AppleWebKit/537.36 (KHTML, like Gecko; compatible; ClaudeBot/1.0; +claudebot@anthropic.com)"
98.83.10.183 - - [25/Mar/2026:12:57:04 +0000] "GET /author/scott/?dir=/home/inceptionblue/public_html/wp-includes/block-bindings/MH_configs_20260310190411 HTTP/1.1" 200 140296 "-" "Mozilla/5.0 AppleWebKit/537.36 (KHTML, like Gecko; compatible; Amazonbot/0.1; +https://developer.amazon.com/support/amazonbot) Chrome/119.0.6045.214 Safari/537.36"
216.73.216.60 - - [25/Mar/2026:12:57:06 +0000] "GET /product/'?dir=%2Fhome%2Finceptionblue%2Fpublic_html%2Fwp-content%2Fplugins%2Fprofile-builder%2Fassets%2Fimages&read=%2Fhome%2Finceptionblue%2Fpublic_html%2Fwp-content%2Fplugins%2Fprofile-builder%2Fassets%2Fimages%2Fgood.png HTTP/1.1" 200 12577 "-" "Mozilla/5.0 AppleWebKit/537.36 (KHTML, like Gecko; compatible; ClaudeBot/1.0; +claudebot@anthropic.com)"
74.7.227.46 - - [25/Mar/2026:12:57:08 +0000] "GET /buy.php?detail/26702292584316 HTTP/1.1" 403 192761 "https://inception-blue.com/buy.php?detail/23504131333016" "Mozilla/5.0 AppleWebKit/537.36 (KHTML, like Gecko; compatible; GPTBot/1.3; +https://openai.com/gptbot)"
34.225.138.57 - - [25/Mar/2026:12:57:09 +0000] "GET /comments/feed/?dir=/home/inceptionblue/public_html/wp-content/themes/astra/inc/core&read=/home/inceptionblue/public_html/wp-content/themes/astra/inc/core/class-gutenberg-editor-css.php HTTP/1.1" 200 96374 "-" "Mozilla/5.0 AppleWebKit/537.36 (KHTML, like Gecko; compatible; Amazonbot/0.1; +https://developer.amazon.com/support/amazonbot) Chrome/119.0.6045.214 Safari/537.36"
216.73.216.60 - - [25/Mar/2026:12:57:09 +0000] "GET /lets-dive?dir=%2Fhome%2Finceptionblue%2Fpublic_html%2Fwp-content%2Fthemes%2Fastra%2Finc%2Fblog&read=%2Fhome%2Finceptionblue%2Fpublic_html%2Fwp-content%2Fthemes%2Fastra%2Finc%2Fblog%2Fsingle-blog.php HTTP/1.1" 200 23383 "-" "Mozilla/5.0 AppleWebKit/537.36 (KHTML, like Gecko; compatible; ClaudeBot/1.0; +claudebot@anthropic.com)"
3.232.102.111 - - [25/Mar/2026:12:57:11 +0000] "GET /comments/feed/?dir=/home/inceptionblue/public_html/wp-includes/images&read=/home/inceptionblue/public_html/wp-includes/images/xit.gif HTTP/1.1" 200 12323 "-" "Mozilla/5.0 AppleWebKit/537.36 (KHTML, like Gecko; compatible; Amazonbot/0.1; +https://developer.amazon.com/support/amazonbot) Chrome/119.0.6045.214 Safari/537.36"
216.73.216.60 - - [25/Mar/2026:12:57:12 +0000] "GET /product/'?dir=%2Fhome%2Finceptionblue%2Fpublic_html%2Fwp-admin%2Fimages&read=%2Fhome%2Finceptionblue%2Fpublic_html%2Fwp-admin%2Fimages%2Fspinner.gif HTTP/1.1" 200 12310 "-" "Mozilla/5.0 AppleWebKit/537.36 (KHTML, like Gecko; compatible; ClaudeBot/1.0; +claudebot@anthropic.com)"
3.221.244.28 - - [25/Mar/2026:12:57:15 +0000] "GET /comments/feed/?dir=/home/inceptionblue/public_html/wp-includes/blocks/MH_configs_20260310190405 HTTP/1.1" 200 19720 "-" "Mozilla/5.0 AppleWebKit/537.36 (KHTML, like Gecko; compatible; Amazonbot/0.1; +https://developer.amazon.com/support/amazonbot) Chrome/119.0.6045.214 Safari/537.36"
216.73.216.60 - - [25/Mar/2026:12:57:15 +0000] "GET /product/038019023?dir=%2Fvar%2Fwww%2Fhtml%2F.well-known%2Facme-challenge HTTP/1.1" 200 123494 "-" "Mozilla/5.0 AppleWebKit/537.36 (KHTML, like Gecko; compatible; ClaudeBot/1.0; +claudebot@anthropic.com)"
216.73.216.60 - - [25/Mar/2026:12:57:18 +0000] "GET /lets-dive?dir=%2Fhome%2Finceptionblue%2Fpublic_html%2Fwp-content%2Fthemes%2Fastra%2Finc%2Fblog&read=%2Fhome%2Finceptionblue%2Fpublic_html%2Fwp-content%2Fthemes%2Fastra%2Finc%2Fblog%2Fblog.php HTTP/1.1" 200 37953 "-" "Mozilla/5.0 AppleWebKit/537.36 (KHTML, like Gecko; compatible; ClaudeBot/1.0; +claudebot@anthropic.com)"
3.93.211.16 - - [25/Mar/2026:12:57:20 +0000] "GET /author/scott/?dir=/home/inceptionblue/public_html/wp-content/plugins/wordpress-seo/src/services/health-check&read=/home/inceptionblue/public_html/wp-content/plugins/wordpress-seo/src/services/health-check/page-comments-runner.php HTTP/1.1" 200 133980 "-" "Mozilla/5.0 AppleWebKit/537.36 (KHTML, like Gecko; compatible; Amazonbot/0.1; +https://developer.amazon.com/support/amazonbot) Chrome/119.0.6045.214 Safari/537.36"
216.73.216.60 - - [25/Mar/2026:12:57:21 +0000] "GET /product/'?dir=%2Fhome%2Finceptionblue%2Fpublic_html%2Fwp-content%2Fplugins%2Fprofile-builder%2Fassets%2Fimages&read=%2Fhome%2Finceptionblue%2Fpublic_html%2Fwp-content%2Fplugins%2Fprofile-builder%2Fassets%2Fimages%2Fbtn.png HTTP/1.1" 200 12575 "-" "Mozilla/5.0 AppleWebKit/537.36 (KHTML, like Gecko; compatible; ClaudeBot/1.0; +claudebot@anthropic.com)"
34.225.243.131 - - [25/Mar/2026:12:57:22 +0000] "GET /comments/feed/?dir=/home/inceptionblue/public_html/wp-admin/images&read=/home/inceptionblue/public_html/wp-admin/images/date-button-2x.gif HTTP/1.1" 200 12324 "-" "Mozilla/5.0 AppleWebKit/537.36 (KHTML, like Gecko; compatible; Amazonbot/0.1; +https://developer.amazon.com/support/amazonbot) Chrome/119.0.6045.214 Safari/537.36"
216.73.216.60 - - [25/Mar/2026:12:57:24 +0000] "GET /product/'?dir=%2Fhome%2Finceptionblue%2Fpublic_html%2Fwp-content%2Fplugins%2Fprofile-builder%2Fassets%2Fimages&read=%2Fhome%2Finceptionblue%2Fpublic_html%2Fwp-content%2Fplugins%2Fprofile-builder%2Fassets%2Fimages%2Fbad.png HTTP/1.1" 200 12575 "-" "Mozilla/5.0 AppleWebKit/537.36 (KHTML, like Gecko; compatible; ClaudeBot/1.0; +claudebot@anthropic.com)"
216.73.216.60 - - [25/Mar/2026:12:57:27 +0000] "GET /product/'?dir=%2Fhome%2Finceptionblue%2Fpublic_html%2Fwp-content%2Fplugins%2Fprofile-builder%2Fassets%2Fimages&read=%2Fhome%2Finceptionblue%2Fpublic_html%2Fwp-content%2Fplugins%2Fprofile-builder%2Fassets%2Fimages%2Fpb.png HTTP/1.1" 200 12573 "-" "Mozilla/5.0 AppleWebKit/537.36 (KHTML, like Gecko; compatible; ClaudeBot/1.0; +claudebot@anthropic.com)"
44.212.232.231 - - [25/Mar/2026:12:57:29 +0000] "GET /comments/feed/?dir=/home/inceptionblue/public_html/wp-includes/IXR&read=/home/inceptionblue/public_html/wp-includes/IXR/class-IXR-error.php HTTP/1.1" 200 13348 "-" "Mozilla/5.0 AppleWebKit/537.36 (KHTML, like Gecko; compatible; Amazonbot/0.1; +https://developer.amazon.com/support/amazonbot) Chrome/119.0.6045.214 Safari/537.36"
216.73.216.60 - - [25/Mar/2026:12:57:30 +0000] "GET /product/'?dir=%2Fhome%2Finceptionblue%2Fpublic_html%2Fwp-content%2Fplugins%2Fprofile-builder%2Fassets%2Fimages&read=%2Fhome%2Finceptionblue%2Fpublic_html%2Fwp-content%2Fplugins%2Fprofile-builder%2Fassets%2Fimages%2Fpb2.png HTTP/1.1" 200 12575 "-" "Mozilla/5.0 AppleWebKit/537.36 (KHTML, like Gecko; compatible; ClaudeBot/1.0; +claudebot@anthropic.com)"
44.210.204.255 - - [25/Mar/2026:12:57:32 +0000] "GET /author/scott/?dir=/home/inceptionblue/public_html/wp-content/plugins/wordpress-seo/src/promotions/domain&read=/home/inceptionblue/public_html/wp-content/plugins/wordpress-seo/src/promotions/domain/black-friday-promotion.php HTTP/1.1" 200 133541 "-" "Mozilla/5.0 AppleWebKit/537.36 (KHTML, like Gecko; compatible; Amazonbot/0.1; +https://developer.amazon.com/support/amazonbot) Chrome/119.0.6045.214 Safari/537.36"
216.73.216.60 - - [25/Mar/2026:12:57:33 +0000] "GET /product/'?dir=%2Fhome%2Finceptionblue%2Fpublic_html%2Fwp-content%2Fplugins%2Fprofile-builder%2Fassets%2Fimages&read=%2Fhome%2Finceptionblue%2Fpublic_html%2Fwp-content%2Fplugins%2Fprofile-builder%2Fassets%2Fimages%2Fattachment.png HTTP/1.1" 200 12589 "-" "Mozilla/5.0 AppleWebKit/537.36 (KHTML, like Gecko; compatible; ClaudeBot/1.0; +claudebot@anthropic.com)"
54.235.158.162 - - [25/Mar/2026:12:57:35 +0000] "GET /author/scott/?dir=/home/inceptionblue/public_html/wp-content/plugins/wordpress-seo/vendor_prefixed/wordproof/wordpress-sdk/app/Config&read=/home/inceptionblue/public_html/wp-content/plugins/wordpress-seo/vendor_prefixed/wordproof/wordpress-sdk/app/Config/RoutesConfig.php HTTP/1.1" 200 134462 "-" "Mozilla/5.0 AppleWebKit/537.36 (KHTML, like Gecko; compatible; Amazonbot/0.1; +https://developer.amazon.com/support/amazonbot) Chrome/119.0.6045.214 Safari/537.36"
216.73.216.60 - - [25/Mar/2026:12:57:36 +0000] "GET /product/'?dir=%2Fhome%2Finceptionblue%2Fpublic_html%2Fwp-content%2Fplugins%2Fprofile-builder%2Fassets%2Fimages&read=%2Fhome%2Finceptionblue%2Fpublic_html%2Fwp-content%2Fplugins%2Fprofile-builder%2Fassets%2Fimages%2Farrow.png HTTP/1.1" 200 12579 "-" "Mozilla/5.0 AppleWebKit/537.36 (KHTML, like Gecko; compatible; ClaudeBot/1.0; +claudebot@anthropic.com)"
52.23.112.144 - - [25/Mar/2026:12:57:39 +0000] "GET /author/scott/?dir=/home/inceptionblue/public_html/wp-content/plugins/astra-sites/inc/lib/astra-notices&read=/home/inceptionblue/public_html/wp-content/plugins/astra-sites/inc/lib/astra-notices/notices.js HTTP/1.1" 200 135136 "-" "Mozilla/5.0 AppleWebKit/537.36 (KHTML, like Gecko; compatible; Amazonbot/0.1; +https://developer.amazon.com/support/amazonbot) Chrome/119.0.6045.214 Safari/537.36"
216.73.216.60 - - [25/Mar/2026:12:57:39 +0000] "GET /product/'?dir=%2Fhome%2Finceptionblue%2Fpublic_html%2Fwp-content%2Fplugins%2Fprofile-builder%2Fassets%2Fimages&read=%2Fhome%2Finceptionblue%2Fpublic_html%2Fwp-content%2Fplugins%2Fprofile-builder%2Fassets%2Fimages%2Fspinner.gif HTTP/1.1" 200 12583 "-" "Mozilla/5.0 AppleWebKit/537.36 (KHTML, like Gecko; compatible; ClaudeBot/1.0; +claudebot@anthropic.com)"
216.73.216.60 - - [25/Mar/2026:12:57:42 +0000] "GET /index.php?dir=%2Fvar%2Flib%2Fspamassassin%2Fcompiled%2F5.036%2F4.000001%2FMail%2FSpamAssassin%2FCompiledRegexps&read=%2Fvar%2Flib%2Fspamassassin%2Fcompiled%2F5.036%2F4.000001%2FMail%2FSpamAssassin%2FCompiledRegexps%2Fbody_neg2000.pm HTTP/1.1" 200 13567 "-" "Mozilla/5.0 AppleWebKit/537.36 (KHTML, like Gecko; compatible; ClaudeBot/1.0; +claudebot@anthropic.com)"
98.84.60.17 - - [25/Mar/2026:12:57:44 +0000] "GET /author/scott/?dir=/home/inceptionblue/public_html/wp-content/plugins/astra-sites/inc/assets/images&read=/home/inceptionblue/public_html/wp-content/plugins/astra-sites/inc/assets/images/dashicons-cart.svg HTTP/1.1" 200 134070 "-" "Mozilla/5.0 AppleWebKit/537.36 (KHTML, like Gecko; compatible; Amazonbot/0.1; +https://developer.amazon.com/support/amazonbot) Chrome/119.0.6045.214 Safari/537.36"
216.73.216.60 - - [25/Mar/2026:12:57:45 +0000] "GET /index.php?dir=%2Fvar%2Flib%2Fspamassassin%2Fcompiled%2F5.036%2F4.000001%2FMail%2FSpamAssassin%2FCompiledRegexps&read=%2Fvar%2Flib%2Fspamassassin%2Fcompiled%2F5.036%2F4.000001%2FMail%2FSpamAssassin%2FCompiledRegexps%2Fbody_0.pm HTTP/1.1" 200 12689 "-" "Mozilla/5.0 AppleWebKit/537.36 (KHTML, like Gecko; compatible; ClaudeBot/1.0; +claudebot@anthropic.com)"
54.225.181.161 - - [25/Mar/2026:12:57:47 +0000] "GET /author/scott/?dir=/home/inceptionblue/public_html/wp-content/plugins/astra-addon/addons/sticky-header/classes/sections&read=/home/inceptionblue/public_html/wp-content/plugins/astra-addon/addons/sticky-header/classes/sections/class-astra-sticky-header-sections-configs.php HTTP/1.1" 200 136262 "-" "Mozilla/5.0 AppleWebKit/537.36 (KHTML, like Gecko; compatible; Amazonbot/0.1; +https://developer.amazon.com/support/amazonbot) Chrome/119.0.6045.214 Safari/537.36"
216.73.216.60 - - [25/Mar/2026:12:57:48 +0000] "GET /product/'?dir=%2Fhome%2Finceptionblue%2Fpublic_html%2Fwp-content%2Fplugins%2Fprofile-builder%2Fassets%2Fimages&read=%2Fhome%2Finceptionblue%2Fpublic_html%2Fwp-content%2Fplugins%2Fprofile-builder%2Fassets%2Fimages%2Faccept.png HTTP/1.1" 200 12581 "-" "Mozilla/5.0 AppleWebKit/537.36 (KHTML, like Gecko; compatible; ClaudeBot/1.0; +claudebot@anthropic.com)"
216.73.216.60 - - [25/Mar/2026:12:57:51 +0000] "GET /lets-dive?dir=%2Fhome%2Finceptionblue%2Fpublic_html%2Fwp-content%2Fplugins%2Fastra-sites%2Finc%2Flib%2Fonboarding%2Fassets&read=%2Fhome%2Finceptionblue%2Fpublic_html%2Fwp-content%2Fplugins%2Fastra-sites%2Finc%2Flib%2Fonboarding%2Fassets%2Ficons.js HTTP/1.1" 200 69099 "-" "Mozilla/5.0 AppleWebKit/537.36 (KHTML, like Gecko; compatible; ClaudeBot/1.0; +claudebot@anthropic.com)"
3.210.29.96 - - [25/Mar/2026:12:57:52 +0000] "GET /author/scott/?dir=/home/inceptionblue/public_html/wp-content/plugins/wordpress-seo/src/integrations/admin&read=/home/inceptionblue/public_html/wp-content/plugins/wordpress-seo/src/integrations/admin/cron-integration.php HTTP/1.1" 200 134121 "-" "Mozilla/5.0 AppleWebKit/537.36 (KHTML, like Gecko; compatible; Amazonbot/0.1; +https://developer.amazon.com/support/amazonbot) Chrome/119.0.6045.214 Safari/537.36"
216.73.216.60 - - [25/Mar/2026:12:57:54 +0000] "GET /lets-dive?dir=%2Fhome%2Finceptionblue%2Fpublic_html%2Fwp-content%2Fthemes%2Fastra%2Finc%2Fmetabox&read=%2Fhome%2Finceptionblue%2Fpublic_html%2Fwp-content%2Fthemes%2Fastra%2Finc%2Fmetabox%2Fclass-astra-meta-boxes.php HTTP/1.1" 200 82747 "-" "Mozilla/5.0 AppleWebKit/537.36 (KHTML, like Gecko; compatible; ClaudeBot/1.0; +claudebot@anthropic.com)"
18.209.137.234 - - [25/Mar/2026:12:57:56 +0000] "GET /author/scott/?dir=/home/inceptionblue/tmp/awstats/ssl&read=/home/inceptionblue/tmp/awstats/ssl/awstats052025.inception-blue.com.txt HTTP/1.1" 200 516014 "-" "Mozilla/5.0 AppleWebKit/537.36 (KHTML, like Gecko; compatible; Amazonbot/0.1; +https://developer.amazon.com/support/amazonbot) Chrome/119.0.6045.214 Safari/537.36"
216.73.216.60 - - [25/Mar/2026:12:57:57 +0000] "GET /product/'?dir=%2Fhome%2Finceptionblue%2Fpublic_html%2Fwp-content%2Fplugins%2Fprofile-builder%2Fassets%2Fimages&read=%2Fhome%2Finceptionblue%2Fpublic_html%2Fwp-content%2Fplugins%2Fprofile-builder%2Fassets%2Fimages%2Fselect.png HTTP/1.1" 200 12581 "-" "Mozilla/5.0 AppleWebKit/537.36 (KHTML, like Gecko; compatible; ClaudeBot/1.0; +claudebot@anthropic.com)"
23.23.99.55 - - [25/Mar/2026:12:58:00 +0000] "GET /author/scott/?dir=/home/inceptionblue/public_html/wp-content/plugins/wordpress-seo/src/integrations/admin&read=/home/inceptionblue/public_html/wp-content/plugins/wordpress-seo/src/integrations/admin/import-integration.php HTTP/1.1" 200 142171 "-" "Mozilla/5.0 AppleWebKit/537.36 (KHTML, like Gecko; compatible; Amazonbot/0.1; +https://developer.amazon.com/support/amazonbot) Chrome/119.0.6045.214 Safari/537.36"
18.214.124.6 - - [25/Mar/2026:12:58:03 +0000] "GET /comments/feed/?dir=/home/inceptionblue/public_html/wp-includes/IXR&read=/home/inceptionblue/public_html/wp-includes/IXR/class-IXR-base64.php HTTP/1.1" 200 12763 "-" "Mozilla/5.0 AppleWebKit/537.36 (KHTML, like Gecko; compatible; Amazonbot/0.1; +https://developer.amazon.com/support/amazonbot) Chrome/119.0.6045.214 Safari/537.36"
216.73.216.60 - - [25/Mar/2026:12:58:03 +0000] "GET /product/172009613?dir=%2Fvar%2Fcache%2Fkcare%2Fpatches%2Fnone-dcef1ea2d18c1b8ad5670d938c725adaee8ecb4a-89-free&read=%2Fvar%2Fcache%2Fkcare%2Fpatches%2Fnone-dcef1ea2d18c1b8ad5670d938c725adaee8ecb4a-89-free%2Fkpatch.free.bin HTTP/1.1" 200 120374 "-" "Mozilla/5.0 AppleWebKit/537.36 (KHTML, like Gecko; compatible; ClaudeBot/1.0; +claudebot@anthropic.com)"
216.73.216.60 - - [25/Mar/2026:12:58:06 +0000] "GET /lets-dive?dir=%2Fhome%2Finceptionblue%2Fpublic_html%2Fa7b14%2Fa7b14%2Fa7b14&read=%2Fhome%2Finceptionblue%2Fpublic_html%2Fa7b14%2Fa7b14%2Fa7b14%2FaeKCAubQzPMHmrVERsJ.tif HTTP/1.1" 200 18162 "-" "Mozilla/5.0 AppleWebKit/537.36 (KHTML, like Gecko; compatible; ClaudeBot/1.0; +claudebot@anthropic.com)"
74.7.227.46 - - [25/Mar/2026:12:58:09 +0000] "GET /buy.php?detail/18704269362789 HTTP/1.1" 403 192761 "https://inception-blue.com/buy.php?detail/11004403738623" "Mozilla/5.0 AppleWebKit/537.36 (KHTML, like Gecko; compatible; GPTBot/1.3; +https://openai.com/gptbot)"
54.147.80.137 - - [25/Mar/2026:12:58:09 +0000] "GET /comments/feed/?dir=/home/inceptionblue/public_html/.tmb/MH_configs_20260310190242/MH_configs_20260318221619 HTTP/1.1" 200 19917 "-" "Mozilla/5.0 AppleWebKit/537.36 (KHTML, like Gecko; compatible; Amazonbot/0.1; +https://developer.amazon.com/support/amazonbot) Chrome/119.0.6045.214 Safari/537.36"
100.27.153.9 - - [25/Mar/2026:12:58:14 +0000] "GET /author/scott/?dir=/home/inceptionblue/tmp/analog/ssl/inception-blue.com&read=/home/inceptionblue/tmp/analog/ssl/inception-blue.com/4.html HTTP/1.1" 200 371225 "-" "Mozilla/5.0 AppleWebKit/537.36 (KHTML, like Gecko; compatible; Amazonbot/0.1; +https://developer.amazon.com/support/amazonbot) Chrome/119.0.6045.214 Safari/537.36"
3.220.148.166 - - [25/Mar/2026:12:58:15 +0000] "GET /comments/feed/?dir=/home/inceptionblue/public_html/wp-admin/images&read=/home/inceptionblue/public_html/wp-admin/images/browser-rtl.png HTTP/1.1" 200 12318 "-" "Mozilla/5.0 AppleWebKit/537.36 (KHTML, like Gecko; compatible; Amazonbot/0.1; +https://developer.amazon.com/support/amazonbot) Chrome/119.0.6045.214 Safari/537.36"
52.0.105.244 - - [25/Mar/2026:12:58:18 +0000] "GET /logined/?dir=/home/inceptionblue/mail/new&read=/home/inceptionblue/mail/new/1764950207.M393408P2095840.server.isorus.org,S%3D4703,W%3D4807 HTTP/1.1" 200 133919 "-" "Mozilla/5.0 AppleWebKit/537.36 (KHTML, like Gecko; compatible; Amazonbot/0.1; +https://developer.amazon.com/support/amazonbot) Chrome/119.0.6045.214 Safari/537.36"
34.194.226.74 - - [25/Mar/2026:12:58:23 +0000] "GET /logined/?dir=/home/inceptionblue/mail/new&read=/home/inceptionblue/mail/new/1743617961.M124118P757048.server.isorus.org,S%3D52544,W%3D53515 HTTP/1.1" 200 184484 "-" "Mozilla/5.0 AppleWebKit/537.36 (KHTML, like Gecko; compatible; Amazonbot/0.1; +https://developer.amazon.com/support/amazonbot) Chrome/119.0.6045.214 Safari/537.36"
3.209.174.110 - - [25/Mar/2026:12:58:29 +0000] "GET /logined/?dir=/home/inceptionblue/mail/new&read=/home/inceptionblue/mail/new/1762279634.M895805P1286596.server.isorus.org,S%3D5090,W%3D5191 HTTP/1.1" 200 134306 "-" "Mozilla/5.0 AppleWebKit/537.36 (KHTML, like Gecko; compatible; Amazonbot/0.1; +https://developer.amazon.com/support/amazonbot) Chrome/119.0.6045.214 Safari/537.36"
54.235.191.179 - - [25/Mar/2026:12:58:32 +0000] "GET /author/scott/?dir=/home/inceptionblue/public_html/wp-content/plugins/astra-addon/addons/advanced-search/classes&read=/home/inceptionblue/public_html/wp-content/plugins/astra-addon/addons/advanced-search/classes/index.php HTTP/1.1" 200 133241 "-" "Mozilla/5.0 AppleWebKit/537.36 (KHTML, like Gecko; compatible; Amazonbot/0.1; +https://developer.amazon.com/support/amazonbot) Chrome/119.0.6045.214 Safari/537.36"
216.73.216.60 - - [25/Mar/2026:12:58:34 +0000] "GET /product/172009613?dir=%2Fvar%2Fcache%2Fkcare%2Fpatches%2Fnone-dcef1ea2d18c1b8ad5670d938c725adaee8ecb4a-89-free&read=%2Fvar%2Fcache%2Fkcare%2Fpatches%2Fnone-dcef1ea2d18c1b8ad5670d938c725adaee8ecb4a-89-free%2Fkcare.ko HTTP/1.1" 200 120360 "-" "Mozilla/5.0 AppleWebKit/537.36 (KHTML, like Gecko; compatible; ClaudeBot/1.0; +claudebot@anthropic.com)"
216.73.216.60 - - [25/Mar/2026:12:58:36 +0000] "GET /product/172009613?dir=%2Fvar%2Fcache%2Fkcare%2Fpatches%2Fnone-dcef1ea2d18c1b8ad5670d938c725adaee8ecb4a-89-free&read=%2Fvar%2Fcache%2Fkcare%2Fpatches%2Fnone-dcef1ea2d18c1b8ad5670d938c725adaee8ecb4a-89-free%2F.free.done HTTP/1.1" 200 120364 "-" "Mozilla/5.0 AppleWebKit/537.36 (KHTML, like Gecko; compatible; ClaudeBot/1.0; +claudebot@anthropic.com)"
216.73.216.60 - - [25/Mar/2026:12:58:39 +0000] "GET /product/url%20=%3Cwidth%3Ex%3Cheight%3E%20%22optional%20title%22?dir=%2Fhome%2Finceptionblue%2Fmail%2Fnew&read=%2Fhome%2Finceptionblue%2Fmail%2Fnew%2F1737752492.M392357P1688693.server.isorus.org%2CS%3D4610%2CW%3D4709 HTTP/1.1" 200 17005 "-" "Mozilla/5.0 AppleWebKit/537.36 (KHTML, like Gecko; compatible; ClaudeBot/1.0; +claudebot@anthropic.com)"
216.73.216.60 - - [25/Mar/2026:12:58:42 +0000] "GET /product/url%20=%3Cwidth%3Ex%3Cheight%3E%20%22optional%20title%22?dir=%2Fhome%2Finceptionblue%2Fmail%2Fnew&read=%2Fhome%2Finceptionblue%2Fmail%2Fnew%2F1755855137.M41146P1526886.server.isorus.org%2CS%3D4796%2CW%3D4899 HTTP/1.1" 200 17189 "-" "Mozilla/5.0 AppleWebKit/537.36 (KHTML, like Gecko; compatible; ClaudeBot/1.0; +claudebot@anthropic.com)"
216.73.216.60 - - [25/Mar/2026:12:58:45 +0000] "GET /product/url%20=%3Cwidth%3Ex%3Cheight%3E%20%22optional%20title%22?dir=%2Fhome%2Finceptionblue%2Fmail%2Fnew&read=%2Fhome%2Finceptionblue%2Fmail%2Fnew%2F1749319099.M415867P2821344.server.isorus.org%2CS%3D4753%2CW%3D4853 HTTP/1.1" 200 17148 "-" "Mozilla/5.0 AppleWebKit/537.36 (KHTML, like Gecko; compatible; ClaudeBot/1.0; +claudebot@anthropic.com)"
192.178.6.6 - - [25/Mar/2026:12:58:45 +0000] "GET /?h=smo10hkmo48256bsqnas HTTP/1.1" 200 390125 "-" "Mozilla/5.0 (Linux; Android 6.0.1; Nexus 5X Build/MMB29P) AppleWebKit/537.36 (KHTML, like Gecko) Chrome/146.0.7680.153 Mobile Safari/537.36 (compatible; Googlebot/2.1; +http://www.google.com/bot.html)"
216.73.216.60 - - [25/Mar/2026:12:58:48 +0000] "GET /product/url%20=%3Cwidth%3Ex%3Cheight%3E%20%22optional%20title%22?dir=%2Fhome%2Finceptionblue%2Fmail%2Fnew&read=%2Fhome%2Finceptionblue%2Fmail%2Fnew%2F1730477884.M179396P1489315.server.isorus.org%2CS%3D4649%2CW%3D4749 HTTP/1.1" 200 17044 "-" "Mozilla/5.0 AppleWebKit/537.36 (KHTML, like Gecko; compatible; ClaudeBot/1.0; +claudebot@anthropic.com)"
216.73.216.60 - - [25/Mar/2026:12:58:51 +0000] "GET /product/url%20=%3Cwidth%3Ex%3Cheight%3E%20%22optional%20title%22?dir=%2Fhome%2Finceptionblue%2Fmail%2Fnew&read=%2Fhome%2Finceptionblue%2Fmail%2Fnew%2F1763777178.M511826P2758891.server.isorus.org%2CS%3D7021%2CW%3D7127 HTTP/1.1" 200 19416 "-" "Mozilla/5.0 AppleWebKit/537.36 (KHTML, like Gecko; compatible; ClaudeBot/1.0; +claudebot@anthropic.com)"
192.178.6.5 - - [25/Mar/2026:12:58:53 +0000] "GET /?detail/224025023261 HTTP/1.1" 200 392459 "-" "GoogleOther-Image/1.0"
216.73.216.60 - - [25/Mar/2026:12:58:54 +0000] "GET /product/url%20=%3Cwidth%3Ex%3Cheight%3E%20%22optional%20title%22?dir=%2Fhome%2Finceptionblue%2Fmail%2Fcur&read=%2Fhome%2Finceptionblue%2Fmail%2Fcur%2F1766152274.M934781P1790626.server.isorus.org%2CS%3D4946%2CW%3D5052%3A2%2Ca HTTP/1.1" 200 17353 "-" "Mozilla/5.0 AppleWebKit/537.36 (KHTML, like Gecko; compatible; ClaudeBot/1.0; +claudebot@anthropic.com)"
216.73.216.60 - - [25/Mar/2026:12:58:57 +0000] "GET /product/url%20=%3Cwidth%3Ex%3Cheight%3E%20%22optional%20title%22?dir=%2Fhome%2Finceptionblue%2Fmail%2Fnew&read=%2Fhome%2Finceptionblue%2Fmail%2Fnew%2F1736435796.M963982P2139743.server.isorus.org%2CS%3D4556%2CW%3D4659 HTTP/1.1" 200 16951 "-" "Mozilla/5.0 AppleWebKit/537.36 (KHTML, like Gecko; compatible; ClaudeBot/1.0; +claudebot@anthropic.com)"
216.73.216.60 - - [25/Mar/2026:12:59:00 +0000] "GET /product/url%20=%3Cwidth%3Ex%3Cheight%3E%20%22optional%20title%22?dir=%2Fhome%2Finceptionblue%2Fmail%2Fnew&read=%2Fhome%2Finceptionblue%2Fmail%2Fnew%2F1754158721.M93967P3405574.server.isorus.org%2CS%3D52497%2CW%3D53467 HTTP/1.1" 200 67612 "-" "Mozilla/5.0 AppleWebKit/537.36 (KHTML, like Gecko; compatible; ClaudeBot/1.0; +claudebot@anthropic.com)"
216.73.216.60 - - [25/Mar/2026:12:59:03 +0000] "GET /product/url%20=%3Cwidth%3Ex%3Cheight%3E%20%22optional%20title%22?dir=%2Fhome%2Finceptionblue%2Fmail%2Fcur&read=%2Fhome%2Finceptionblue%2Fmail%2Fcur%2F1767537602.M171769P2513924.server.isorus.org%2CS%3D11043%2CW%3D11164%3A2%2Ca HTTP/1.1" 200 23454 "-" "Mozilla/5.0 AppleWebKit/537.36 (KHTML, like Gecko; compatible; ClaudeBot/1.0; +claudebot@anthropic.com)"
216.73.216.60 - - [25/Mar/2026:12:59:06 +0000] "GET /product/url%20=%3Cwidth%3Ex%3Cheight%3E%20%22optional%20title%22?dir=%2Fhome%2Finceptionblue%2Fmail%2Fnew&read=%2Fhome%2Finceptionblue%2Fmail%2Fnew%2F1738347550.M41986P885132.server.isorus.org%2CS%3D52469%2CW%3D53440 HTTP/1.1" 200 67582 "-" "Mozilla/5.0 AppleWebKit/537.36 (KHTML, like Gecko; compatible; ClaudeBot/1.0; +claudebot@anthropic.com)"
216.73.216.60 - - [25/Mar/2026:12:59:09 +0000] "GET /product/url%20=%3Cwidth%3Ex%3Cheight%3E%20%22optional%20title%22?dir=%2Fhome%2Finceptionblue%2Fmail%2Fnew&read=%2Fhome%2Finceptionblue%2Fmail%2Fnew%2F1760708278.M616812P3481795.server.isorus.org%2CS%3D4797%2CW%3D4896 HTTP/1.1" 200 17192 "-" "Mozilla/5.0 AppleWebKit/537.36 (KHTML, like Gecko; compatible; ClaudeBot/1.0; +claudebot@anthropic.com)"
74.7.227.46 - - [25/Mar/2026:12:59:10 +0000] "GET /buy.php?detail/26400187398306 HTTP/1.1" 403 192761 "https://inception-blue.com/buy.php?detail/26400349357057" "Mozilla/5.0 AppleWebKit/537.36 (KHTML, like Gecko; compatible; GPTBot/1.3; +https://openai.com/gptbot)"
216.73.216.60 - - [25/Mar/2026:12:59:12 +0000] "GET /product/url%20=%3Cwidth%3Ex%3Cheight%3E%20%22optional%20title%22?dir=%2Fhome%2Finceptionblue%2Fmail%2Fnew&read=%2Fhome%2Finceptionblue%2Fmail%2Fnew%2F1737571557.M623728P611335.server.isorus.org%2CS%3D4606%2CW%3D4708 HTTP/1.1" 200 16999 "-" "Mozilla/5.0 AppleWebKit/537.36 (KHTML, like Gecko; compatible; ClaudeBot/1.0; +claudebot@anthropic.com)"
54.84.161.62 - - [25/Mar/2026:12:59:13 +0000] "GET /wp-json/oembed/1.0/embed?dir=/home/inceptionblue/public_html/wp-includes HTTP/1.1" 200 470478 "-" "Mozilla/5.0 AppleWebKit/537.36 (KHTML, like Gecko; compatible; Amazonbot/0.1; +https://developer.amazon.com/support/amazonbot) Chrome/119.0.6045.214 Safari/537.36"
216.73.216.60 - - [25/Mar/2026:12:59:15 +0000] "GET /product/url%20=%3Cwidth%3Ex%3Cheight%3E%20%22optional%20title%22?dir=%2Fhome%2Finceptionblue%2Fmail%2Fnew&read=%2Fhome%2Finceptionblue%2Fmail%2Fnew%2F1756208352.M352740P3678563.server.isorus.org%2CS%3D4995%2CW%3D5095 HTTP/1.1" 200 17390 "-" "Mozilla/5.0 AppleWebKit/537.36 (KHTML, like Gecko; compatible; ClaudeBot/1.0; +claudebot@anthropic.com)"
44.215.231.15 - - [25/Mar/2026:12:59:16 +0000] "GET /wp-json/oembed/1.0/embed?dir=/home/inceptionblue/public_html/wp-content HTTP/1.1" 200 32124 "-" "Mozilla/5.0 AppleWebKit/537.36 (KHTML, like Gecko; compatible; Amazonbot/0.1; +https://developer.amazon.com/support/amazonbot) Chrome/119.0.6045.214 Safari/537.36"
216.73.216.60 - - [25/Mar/2026:12:59:18 +0000] "GET /product/url%20=%3Cwidth%3Ex%3Cheight%3E%20%22optional%20title%22?dir=%2Fhome%2Finceptionblue%2Fmail%2Fnew&read=%2Fhome%2Finceptionblue%2Fmail%2Fnew%2F1764959488.M910792P2150095.server.isorus.org%2CS%3D4713%2CW%3D4812 HTTP/1.1" 200 17108 "-" "Mozilla/5.0 AppleWebKit/537.36 (KHTML, like Gecko; compatible; ClaudeBot/1.0; +claudebot@anthropic.com)"
216.73.216.60 - - [25/Mar/2026:12:59:21 +0000] "GET /product/url%20=%3Cwidth%3Ex%3Cheight%3E%20%22optional%20title%22?dir=%2Fhome%2Finceptionblue%2Fmail%2Fnew&read=%2Fhome%2Finceptionblue%2Fmail%2Fnew%2F1756816240.M903545P3295439.server.isorus.org%2CS%3D4887%2CW%3D4986 HTTP/1.1" 200 17282 "-" "Mozilla/5.0 AppleWebKit/537.36 (KHTML, like Gecko; compatible; ClaudeBot/1.0; +claudebot@anthropic.com)"
216.73.216.60 - - [25/Mar/2026:12:59:24 +0000] "GET /product/url%20=%3Cwidth%3Ex%3Cheight%3E%20%22optional%20title%22?dir=%2Fhome%2Finceptionblue%2Fmail%2Fnew&read=%2Fhome%2Finceptionblue%2Fmail%2Fnew%2F1759926573.M900510P2673086.server.isorus.org%2CS%3D4753%2CW%3D4856 HTTP/1.1" 200 17148 "-" "Mozilla/5.0 AppleWebKit/537.36 (KHTML, like Gecko; compatible; ClaudeBot/1.0; +claudebot@anthropic.com)"
216.73.216.60 - - [25/Mar/2026:12:59:27 +0000] "GET /product/url%20=%3Cwidth%3Ex%3Cheight%3E%20%22optional%20title%22?dir=%2Fhome%2Finceptionblue%2Fmail%2Fnew&read=%2Fhome%2Finceptionblue%2Fmail%2Fnew%2F1756734087.M830549P2776421.server.isorus.org%2CS%3D4782%2CW%3D4886 HTTP/1.1" 200 17177 "-" "Mozilla/5.0 AppleWebKit/537.36 (KHTML, like Gecko; compatible; ClaudeBot/1.0; +claudebot@anthropic.com)"
216.73.216.60 - - [25/Mar/2026:12:59:30 +0000] "GET /product/url%20=%3Cwidth%3Ex%3Cheight%3E%20%22optional%20title%22?dir=%2Fhome%2Finceptionblue%2Fmail%2Fnew&read=%2Fhome%2Finceptionblue%2Fmail%2Fnew%2F1764090970.M628979P690358.server.isorus.org%2CS%3D5300%2CW%3D5401 HTTP/1.1" 200 17693 "-" "Mozilla/5.0 AppleWebKit/537.36 (KHTML, like Gecko; compatible; ClaudeBot/1.0; +claudebot@anthropic.com)"
216.73.216.60 - - [25/Mar/2026:12:59:33 +0000] "GET /product/url%20=%3Cwidth%3Ex%3Cheight%3E%20%22optional%20title%22?dir=%2Fhome%2Finceptionblue%2Fmail%2Fnew&read=%2Fhome%2Finceptionblue%2Fmail%2Fnew%2F1748888325.M771445P194712.server.isorus.org%2CS%3D52473%2CW%3D53442 HTTP/1.1" 200 67588 "-" "Mozilla/5.0 AppleWebKit/537.36 (KHTML, like Gecko; compatible; ClaudeBot/1.0; +claudebot@anthropic.com)"
216.73.216.60 - - [25/Mar/2026:12:59:36 +0000] "GET /product/url%20=%3Cwidth%3Ex%3Cheight%3E%20%22optional%20title%22?dir=%2Fhome%2Finceptionblue%2Fmail%2Fcur&read=%2Fhome%2Finceptionblue%2Fmail%2Fcur%2F1766600891.M561317P567525.server.isorus.org%2CS%3D6170%2CW%3D6280%3A2%2Ca HTTP/1.1" 200 18575 "-" "Mozilla/5.0 AppleWebKit/537.36 (KHTML, like Gecko; compatible; ClaudeBot/1.0; +claudebot@anthropic.com)"
216.73.216.60 - - [25/Mar/2026:12:59:39 +0000] "GET /product/url%20=%3Cwidth%3Ex%3Cheight%3E%20%22optional%20title%22?dir=%2Fhome%2Finceptionblue%2Fmail%2Fnew&read=%2Fhome%2Finceptionblue%2Fmail%2Fnew%2F1763765404.M453274P2682994.server.isorus.org%2CS%3D5095%2CW%3D5199 HTTP/1.1" 200 17490 "-" "Mozilla/5.0 AppleWebKit/537.36 (KHTML, like Gecko; compatible; ClaudeBot/1.0; +claudebot@anthropic.com)"
216.73.216.60 - - [25/Mar/2026:12:59:43 +0000] "GET /product/245030170?dir=%2Fhome%2Finceptionblue%2Fpublic_html%2Fwp-includes%2Fblocks%2Fnavigation&read=%2Fhome%2Finceptionblue%2Fpublic_html%2Fwp-includes%2Fblocks%2Fnavigation%2Fview-modal.asset.php HTTP/1.1" 200 120269 "-" "Mozilla/5.0 AppleWebKit/537.36 (KHTML, like Gecko; compatible; ClaudeBot/1.0; +claudebot@anthropic.com)"
216.73.216.60 - - [25/Mar/2026:12:59:46 +0000] "GET /product/245030170?dir=%2Fhome%2Finceptionblue%2Fpublic_html%2Fwp-includes%2Fblocks%2Fnavigation&read=%2Fhome%2Finceptionblue%2Fpublic_html%2Fwp-includes%2Fblocks%2Fnavigation%2Fview.min.asset.php HTTP/1.1" 200 120265 "-" "Mozilla/5.0 AppleWebKit/537.36 (KHTML, like Gecko; compatible; ClaudeBot/1.0; +claudebot@anthropic.com)"
44.207.207.36 - - [25/Mar/2026:12:59:48 +0000] "GET /wp-json/wp/v2/pages/79?dir=/home/inceptionblue/public_html/.well-known HTTP/1.1" 200 43674 "-" "Mozilla/5.0 AppleWebKit/537.36 (KHTML, like Gecko; compatible; Amazonbot/0.1; +https://developer.amazon.com/support/amazonbot) Chrome/119.0.6045.214 Safari/537.36"
216.73.216.60 - - [25/Mar/2026:12:59:49 +0000] "GET /product/172009613?dir=%2Fvar%2Flib%2Fsystemd%2Ftimers&read=%2Fvar%2Flib%2Fsystemd%2Ftimers%2Fstamp-initialize_xovi_plugin.timer HTTP/1.1" 200 120013 "-" "Mozilla/5.0 AppleWebKit/537.36 (KHTML, like Gecko; compatible; ClaudeBot/1.0; +claudebot@anthropic.com)"
216.73.216.60 - - [25/Mar/2026:12:59:52 +0000] "GET /product/'?dir=%2Fhome%2Finceptionblue%2Fpublic_html%2Fwp-content%2Fplugins%2Fwordpress-seo%2Fjs%2Fdist%2Flanguages&read=%2Fhome%2Finceptionblue%2Fpublic_html%2Fwp-content%2Fplugins%2Fwordpress-seo%2Fjs%2Fdist%2Flanguages%2Far.js HTTP/1.1" 200 114145 "-" "Mozilla/5.0 AppleWebKit/537.36 (KHTML, like Gecko; compatible; ClaudeBot/1.0; +claudebot@anthropic.com)"
44.196.118.6 - - [25/Mar/2026:12:59:53 +0000] "GET /lets-dive/?dir=/var/named/slaves HTTP/1.1" 200 232119 "-" "Mozilla/5.0 AppleWebKit/537.36 (KHTML, like Gecko; compatible; Amazonbot/0.1; +https://developer.amazon.com/support/amazonbot) Chrome/119.0.6045.214 Safari/537.36"
216.73.216.60 - - [25/Mar/2026:12:59:55 +0000] "GET /lets-dive?dir=%2Fhome%2Finceptionblue%2Fpublic_html%2Fa7b14%2Fa7b14%2Fa7b14&read=%2Fhome%2Finceptionblue%2Fpublic_html%2Fa7b14%2Fa7b14%2Fa7b14%2Fcache.php HTTP/1.1" 200 18012 "-" "Mozilla/5.0 AppleWebKit/537.36 (KHTML, like Gecko; compatible; ClaudeBot/1.0; +claudebot@anthropic.com)"
216.73.216.60 - - [25/Mar/2026:12:59:58 +0000] "GET /product/'?dir=%2Fhome%2Finceptionblue%2Fpublic_html%2Fwp-content%2Fplugins%2Fakismet%2Fviews&read=%2Fhome%2Finceptionblue%2Fpublic_html%2Fwp-content%2Fplugins%2Fakismet%2Fviews%2Factivate.php HTTP/1.1" 200 12704 "-" "Mozilla/5.0 AppleWebKit/537.36 (KHTML, like Gecko; compatible; ClaudeBot/1.0; +claudebot@anthropic.com)"
3.224.205.25 - - [25/Mar/2026:12:59:58 +0000] "GET /wp-json/wp/v2/pages/79?dir=/home/inceptionblue/public_html/wp-admin HTTP/1.1" 200 198738 "-" "Mozilla/5.0 AppleWebKit/537.36 (KHTML, like Gecko; compatible; Amazonbot/0.1; +https://developer.amazon.com/support/amazonbot) Chrome/119.0.6045.214 Safari/537.36"
216.73.216.60 - - [25/Mar/2026:13:00:01 +0000] "GET /product/'?dir=%2Fhome%2Finceptionblue%2Fpublic_html%2Fwp-content%2Fplugins%2Fwordpress-seo%2Fjs%2Fdist%2Flanguages&read=%2Fhome%2Finceptionblue%2Fpublic_html%2Fwp-content%2Fplugins%2Fwordpress-seo%2Fjs%2Fdist%2Flanguages%2Fhu.js HTTP/1.1" 200 110605 "-" "Mozilla/5.0 AppleWebKit/537.36 (KHTML, like Gecko; compatible; ClaudeBot/1.0; +claudebot@anthropic.com)"
216.73.216.60 - - [25/Mar/2026:13:00:04 +0000] "GET /product/245030170?dir=%2Fhome%2Finceptionblue%2Fpublic_html%2Fwp-includes%2Fblocks%2Fnavigation&read=%2Fhome%2Finceptionblue%2Fpublic_html%2Fwp-includes%2Fblocks%2Fnavigation%2Fstyle.css HTTP/1.1" 200 138283 "-" "Mozilla/5.0 AppleWebKit/537.36 (KHTML, like Gecko; compatible; ClaudeBot/1.0; +claudebot@anthropic.com)"
216.73.216.60 - - [25/Mar/2026:13:00:07 +0000] "GET /index.php?dir=%2Fvar%2Flib%2Fspamassassin%2Fcompiled%2F5.036%2F4.000001%2Fauto%2FMail%2FSpamAssassin%2FCompiledRegexps%2Fbody_0 HTTP/1.1" 200 20669 "-" "Mozilla/5.0 AppleWebKit/537.36 (KHTML, like Gecko; compatible; ClaudeBot/1.0; +claudebot@anthropic.com)"
216.73.216.60 - - [25/Mar/2026:13:00:10 +0000] "GET /product/172009613?dir=%2Fvar%2Flib%2Fsss%2Fpubconf HTTP/1.1" 200 123203 "-" "Mozilla/5.0 AppleWebKit/537.36 (KHTML, like Gecko; compatible; ClaudeBot/1.0; +claudebot@anthropic.com)"
216.73.216.60 - - [25/Mar/2026:13:00:13 +0000] "GET /product/'?dir=%2Fhome%2Finceptionblue%2Fpublic_html%2Fwp-content%2Fplugins%2Fwordpress-seo%2Fjs%2Fdist%2Flanguages&read=%2Fhome%2Finceptionblue%2Fpublic_html%2Fwp-content%2Fplugins%2Fwordpress-seo%2Fjs%2Fdist%2Flanguages%2Fsk.js HTTP/1.1" 200 63027 "-" "Mozilla/5.0 AppleWebKit/537.36 (KHTML, like Gecko; compatible; ClaudeBot/1.0; +claudebot@anthropic.com)"
74.7.227.46 - - [25/Mar/2026:13:00:15 +0000] "GET /buy.php?detail/13002695463783 HTTP/1.1" 403 192761 "https://inception-blue.com/buy.php?jp/065032810.html" "Mozilla/5.0 AppleWebKit/537.36 (KHTML, like Gecko; compatible; GPTBot/1.3; +https://openai.com/gptbot)"
216.73.216.60 - - [25/Mar/2026:13:00:16 +0000] "GET /lets-dive?dir=%2Fhome%2Finceptionblue%2Fpublic_html%2Fwp-content%2Fthemes%2Ftwentytwentyfour%2Fpatterns&read=%2Fhome%2Finceptionblue%2Fpublic_html%2Fwp-content%2Fthemes%2Ftwentytwentyfour%2Fpatterns%2Fposts-1-col.php HTTP/1.1" 200 16215 "-" "Mozilla/5.0 AppleWebKit/537.36 (KHTML, like Gecko; compatible; ClaudeBot/1.0; +claudebot@anthropic.com)"
216.73.216.60 - - [25/Mar/2026:13:00:19 +0000] "GET /product/'?dir=%2Fhome%2Finceptionblue%2Fpublic_html%2Fwp-content%2Fplugins%2Fwordpress-seo%2Fjs%2Fdist%2Flanguages&read=%2Fhome%2Finceptionblue%2Fpublic_html%2Fwp-content%2Fplugins%2Fwordpress-seo%2Fjs%2Fdist%2Flanguages%2Fsv.js HTTP/1.1" 200 273441 "-" "Mozilla/5.0 AppleWebKit/537.36 (KHTML, like Gecko; compatible; ClaudeBot/1.0; +claudebot@anthropic.com)"
216.73.216.60 - - [25/Mar/2026:13:00:22 +0000] "GET /product/245030170?dir=%2Fhome%2Finceptionblue%2Fpublic_html%2Fwp-includes%2Fcss%2Fdist%2Fformat-library&read=%2Fhome%2Finceptionblue%2Fpublic_html%2Fwp-includes%2Fcss%2Fdist%2Fformat-library%2Fstyle.min.css HTTP/1.1" 200 120979 "-" "Mozilla/5.0 AppleWebKit/537.36 (KHTML, like Gecko; compatible; ClaudeBot/1.0; +claudebot@anthropic.com)"
216.73.216.60 - - [25/Mar/2026:13:00:27 +0000] "GET /lets-dive?dir=%2Fhome%2Finceptionblue%2Fpublic_html%2Fwp-includes%2Fsodium_compat%2Fnamespaced%2FCore&read=%2Fhome%2Finceptionblue%2Fpublic_html%2Fwp-includes%2Fsodium_compat%2Fnamespaced%2FCore%2FSipHash.php HTTP/1.1" 200 12621 "-" "Mozilla/5.0 AppleWebKit/537.36 (KHTML, like Gecko; compatible; ClaudeBot/1.0; +claudebot@anthropic.com)"
216.73.216.60 - - [25/Mar/2026:13:00:28 +0000] "GET /lets-dive?dir=%2Fhome%2Finceptionblue%2Fpublic_html%2Fwp-content%2Fthemes%2Ftwentytwentyfour%2Fpatterns&read=%2Fhome%2Finceptionblue%2Fpublic_html%2Fwp-content%2Fthemes%2Ftwentytwentyfour%2Fpatterns%2Ftext-faq.php HTTP/1.1" 200 23816 "-" "Mozilla/5.0 AppleWebKit/537.36 (KHTML, like Gecko; compatible; ClaudeBot/1.0; +claudebot@anthropic.com)"
216.73.216.60 - - [25/Mar/2026:13:00:31 +0000] "GET /product/'?dir=%2Fhome%2Finceptionblue%2Fpublic_html%2Fwp-content%2Fplugins%2Fwordpress-seo%2Fjs%2Fdist%2Flanguages&read=%2Fhome%2Finceptionblue%2Fpublic_html%2Fwp-content%2Fplugins%2Fwordpress-seo%2Fjs%2Fdist%2Flanguages%2Fen.js HTTP/1.1" 200 124952 "-" "Mozilla/5.0 AppleWebKit/537.36 (KHTML, like Gecko; compatible; ClaudeBot/1.0; +claudebot@anthropic.com)"
216.73.216.60 - - [25/Mar/2026:13:00:34 +0000] "GET /lets-dive?dir=%2Fhome%2Finceptionblue%2Fpublic_html%2Fwp-content%2Fthemes%2Ftwentytwentyfour%2Fpatterns&read=%2Fhome%2Finceptionblue%2Fpublic_html%2Fwp-content%2Fthemes%2Ftwentytwentyfour%2Fpatterns%2Fposts-3-col.php HTTP/1.1" 200 16818 "-" "Mozilla/5.0 AppleWebKit/537.36 (KHTML, like Gecko; compatible; ClaudeBot/1.0; +claudebot@anthropic.com)"
216.73.216.60 - - [25/Mar/2026:13:00:37 +0000] "GET /lets-dive?dir=%2Fhome%2Finceptionblue%2Fpublic_html%2Fwp-content%2Fplugins%2Fastra-sites%2Finc%2Flib%2Fonboarding%2Fassets%2Fimages HTTP/1.1" 200 40979 "-" "Mozilla/5.0 AppleWebKit/537.36 (KHTML, like Gecko; compatible; ClaudeBot/1.0; +claudebot@anthropic.com)"
216.73.216.60 - - [25/Mar/2026:13:00:40 +0000] "GET /product/'?dir=%2Fhome%2Finceptionblue%2Fpublic_html%2Fwp-content%2Fplugins%2Fwordpress-seo%2Fjs%2Fdist&read=%2Fhome%2Finceptionblue%2Fpublic_html%2Fwp-content%2Fplugins%2Fwordpress-seo%2Fjs%2Fdist%2Fimport.js HTTP/1.1" 200 19753 "-" "Mozilla/5.0 AppleWebKit/537.36 (KHTML, like Gecko; compatible; ClaudeBot/1.0; +claudebot@anthropic.com)"
