[
MAINHACK SHELL
]
Mail Test
BC
Config Scan
HOME
Create...
New File
New Folder
Viewing / Editing File: inception-blue.com-ssl_log
File is not writable. Editing disabled.
216.73.216.60 - - [25/Mar/2026:12:09:16 +0000] "GET /product/245030170?dir=%2Fhome%2Finceptionblue%2Fpublic_html%2Fwp-includes%2Fjs%2Fdist%2Fscript-modules%2Fblock-library%2Fnavigation HTTP/1.1" 200 128113 "-" "Mozilla/5.0 AppleWebKit/537.36 (KHTML, like Gecko; compatible; ClaudeBot/1.0; +claudebot@anthropic.com)"
216.73.216.60 - - [25/Mar/2026:12:09:18 +0000] "GET /product/'?dir=%2Fhome%2Finceptionblue%2Fpublic_html%2Fwp-content%2Fplugins%2Fprofile-builder%2Ffront-end%2Fdefault-fields%2Fyim HTTP/1.1" 200 18666 "-" "Mozilla/5.0 AppleWebKit/537.36 (KHTML, like Gecko; compatible; ClaudeBot/1.0; +claudebot@anthropic.com)"
216.73.216.60 - - [25/Mar/2026:12:09:21 +0000] "GET /product/'?dir=%2Fhome%2Finceptionblue%2Fpublic_html%2Fwp-content%2Fplugins%2Fprofile-builder%2Ffront-end%2Fdefault-fields%2Femail HTTP/1.1" 200 18701 "-" "Mozilla/5.0 AppleWebKit/537.36 (KHTML, like Gecko; compatible; ClaudeBot/1.0; +claudebot@anthropic.com)"
216.73.216.60 - - [25/Mar/2026:12:09:25 +0000] "GET /product/'?dir=%2Fhome%2Finceptionblue%2Fpublic_html%2Fwp-admin%2Fcss&read=%2Fhome%2Finceptionblue%2Fpublic_html%2Fwp-admin%2Fcss%2Fwidgets-rtl.css HTTP/1.1" 200 30077 "-" "Mozilla/5.0 AppleWebKit/537.36 (KHTML, like Gecko; compatible; ClaudeBot/1.0; +claudebot@anthropic.com)"
216.73.216.60 - - [25/Mar/2026:12:09:28 +0000] "GET /product/'?dir=%2Fhome%2Finceptionblue%2Fpublic_html%2Fwp-content%2Fplugins%2Fduplicate-post&read=%2Fhome%2Finceptionblue%2Fpublic_html%2Fwp-content%2Fplugins%2Fduplicate-post%2Foptions.php HTTP/1.1" 200 12981 "-" "Mozilla/5.0 AppleWebKit/537.36 (KHTML, like Gecko; compatible; ClaudeBot/1.0; +claudebot@anthropic.com)"
216.73.216.60 - - [25/Mar/2026:12:09:30 +0000] "GET /index.php?dir=%2Fvar%2Fcache%2Fman%2Fja&read=%2Fvar%2Fcache%2Fman%2Fja%2FCACHEDIR.TAG HTTP/1.1" 200 12381 "-" "Mozilla/5.0 AppleWebKit/537.36 (KHTML, like Gecko; compatible; ClaudeBot/1.0; +claudebot@anthropic.com)"
216.73.216.60 - - [25/Mar/2026:12:09:33 +0000] "GET /index.php?dir=%2Fhome%2Finceptionblue%2Fpublic_html%2Fwp-content%2Fthemes%2Fastra%2Finc%2Fcustomizer%2Fcustom-controls%2Fassets%2Fcss HTTP/1.1" 200 20546 "-" "Mozilla/5.0 AppleWebKit/537.36 (KHTML, like Gecko; compatible; ClaudeBot/1.0; +claudebot@anthropic.com)"
192.178.6.5 - - [25/Mar/2026:12:09:36 +0000] "GET /?jp/158046518.html HTTP/1.1" 200 392457 "-" "GoogleOther-Image/1.0"
216.73.216.60 - - [25/Mar/2026:12:09:37 +0000] "GET /product/'?dir=%2Fhome%2Finceptionblue%2Fpublic_html%2Fwp-includes%2Fcss&read=%2Fhome%2Finceptionblue%2Fpublic_html%2Fwp-includes%2Fcss%2Fwp-embed-template.css HTTP/1.1" 200 20416 "-" "Mozilla/5.0 AppleWebKit/537.36 (KHTML, like Gecko; compatible; ClaudeBot/1.0; +claudebot@anthropic.com)"
216.73.216.60 - - [25/Mar/2026:12:09:40 +0000] "GET /product/'?dir=%2Fhome%2Finceptionblue%2Fpublic_html%2Fwp-admin%2Fcss&read=%2Fhome%2Finceptionblue%2Fpublic_html%2Fwp-admin%2Fcss%2Fwidgets.min.css HTTP/1.1" 200 26767 "-" "Mozilla/5.0 AppleWebKit/537.36 (KHTML, like Gecko; compatible; ClaudeBot/1.0; +claudebot@anthropic.com)"
216.73.216.60 - - [25/Mar/2026:12:09:43 +0000] "GET /product/229049998?dir=%2Fhome%2Finceptionblue%2Fpublic_html%2Fwp-content%2Fplugins%2Fastra-addon%2Faddons%2Fheader-sections%2Fassets%2Fcss HTTP/1.1" 200 128092 "-" "Mozilla/5.0 AppleWebKit/537.36 (KHTML, like Gecko; compatible; ClaudeBot/1.0; +claudebot@anthropic.com)"
216.73.216.60 - - [25/Mar/2026:12:09:46 +0000] "GET /lets-dive?dir=%2Fhome%2Finceptionblue%2Fpublic_html%2Fwp-includes%2Fjs%2Ftinymce%2Fplugins%2Fhr&read=%2Fhome%2Finceptionblue%2Fpublic_html%2Fwp-includes%2Fjs%2Ftinymce%2Fplugins%2Fhr%2Fplugin.min.js HTTP/1.1" 200 13066 "-" "Mozilla/5.0 AppleWebKit/537.36 (KHTML, like Gecko; compatible; ClaudeBot/1.0; +claudebot@anthropic.com)"
216.73.216.60 - - [25/Mar/2026:12:09:49 +0000] "GET /product/'?dir=%2Fhome%2Finceptionblue%2Fpublic_html%2Fwp-content%2Fplugins%2Fprofile-builder%2Ffront-end%2Fdefault-fields%2Favatar HTTP/1.1" 200 18719 "-" "Mozilla/5.0 AppleWebKit/537.36 (KHTML, like Gecko; compatible; ClaudeBot/1.0; +claudebot@anthropic.com)"
74.7.227.46 - - [25/Mar/2026:12:09:51 +0000] "GET /buy.php?detail/22001038779546 HTTP/1.1" 403 192761 "https://inception-blue.com/buy.php?detail/00303326419436" "Mozilla/5.0 AppleWebKit/537.36 (KHTML, like Gecko; compatible; GPTBot/1.3; +https://openai.com/gptbot)"
216.73.216.60 - - [25/Mar/2026:12:09:51 +0000] "GET /lets-dive?dir=%2Fhome%2Finceptionblue%2Fpublic_html%2Fwp-content%2Fplugins%2Fgoogle-site-kit%2Fincludes%2FCore%2FNonces HTTP/1.1" 200 18574 "-" "Mozilla/5.0 AppleWebKit/537.36 (KHTML, like Gecko; compatible; ClaudeBot/1.0; +claudebot@anthropic.com)"
192.178.6.5 - - [25/Mar/2026:12:09:54 +0000] "GET /?jp/169002905.html HTTP/1.1" 200 399352 "-" "Mozilla/5.0 (Linux; Android 6.0.1; Nexus 5X Build/MMB29P) AppleWebKit/537.36 (KHTML, like Gecko) Chrome/146.0.7680.153 Mobile Safari/537.36 (compatible; Googlebot/2.1; +http://www.google.com/bot.html)"
216.73.216.60 - - [25/Mar/2026:12:09:54 +0000] "GET /product/'?dir=%2Fhome%2Finceptionblue%2Fpublic_html%2Fwp-content%2Fplugins%2Fprofile-builder%2Ffront-end%2Fdefault-fields%2Fgdpr HTTP/1.1" 200 18684 "-" "Mozilla/5.0 AppleWebKit/537.36 (KHTML, like Gecko; compatible; ClaudeBot/1.0; +claudebot@anthropic.com)"
216.73.216.60 - - [25/Mar/2026:12:09:58 +0000] "GET /product/245030170?dir=%2Fhome%2Finceptionblue%2Fpublic_html%2Fwp-includes%2Fjs%2Fdist%2Fscript-modules%2Fblock-library%2Fquery HTTP/1.1" 200 128028 "-" "Mozilla/5.0 AppleWebKit/537.36 (KHTML, like Gecko; compatible; ClaudeBot/1.0; +claudebot@anthropic.com)"
192.178.6.4 - - [25/Mar/2026:12:09:59 +0000] "GET /shopbrand/3002431808.htm HTTP/1.1" 200 388266 "-" "Mozilla/5.0 (Linux; Android 6.0.1; Nexus 5X Build/MMB29P) AppleWebKit/537.36 (KHTML, like Gecko) Chrome/146.0.7680.153 Mobile Safari/537.36 (compatible; GoogleOther)"
216.73.216.60 - - [25/Mar/2026:12:10:00 +0000] "GET /product/'?dir=%2Fhome%2Finceptionblue%2Fpublic_html%2Fwp-content%2Fplugins%2Ffilester%2Fassets%2Fcss HTTP/1.1" 200 18205 "-" "Mozilla/5.0 AppleWebKit/537.36 (KHTML, like Gecko; compatible; ClaudeBot/1.0; +claudebot@anthropic.com)"
216.73.216.60 - - [25/Mar/2026:12:10:06 +0000] "GET /product/url%20=%3Cwidth%3Ex%3Cheight%3E%20%22optional%20title%22?dir=%2Fhome%2Finceptionblue%2Fpublic_html%2Fwp-includes%2Fjs%2Ftinymce%2Fplugins%2Fwpdialogs&read=%2Fhome%2Finceptionblue%2Fpublic_html%2Fwp-includes%2Fjs%2Ftinymce%2Fplugins%2Fwpdialogs%2Fplugin.js HTTP/1.1" 200 14998 "-" "Mozilla/5.0 AppleWebKit/537.36 (KHTML, like Gecko; compatible; ClaudeBot/1.0; +claudebot@anthropic.com)"
216.73.216.60 - - [25/Mar/2026:12:10:09 +0000] "GET /product/url%20=%3Cwidth%3Ex%3Cheight%3E%20%22optional%20title%22?dir=%2Fhome%2Finceptionblue%2Fpublic_html%2Fwp-includes%2Fjs%2Fdist%2Fscript-modules%2Finteractivity&read=%2Fhome%2Finceptionblue%2Fpublic_html%2Fwp-includes%2Fjs%2Fdist%2Fscript-modules%2Finteractivity%2Fdebug.js HTTP/1.1" 200 122162 "-" "Mozilla/5.0 AppleWebKit/537.36 (KHTML, like Gecko; compatible; ClaudeBot/1.0; +claudebot@anthropic.com)"
216.73.216.60 - - [25/Mar/2026:12:10:12 +0000] "GET /product/url%20=%3Cwidth%3Ex%3Cheight%3E%20%22optional%20title%22?dir=%2Fhome%2Finceptionblue%2Fpublic_html%2Fwp-includes%2Fjs%2Ftinymce%2Fplugins%2Fpaste&read=%2Fhome%2Finceptionblue%2Fpublic_html%2Fwp-includes%2Fjs%2Ftinymce%2Fplugins%2Fpaste%2Fplugin.js HTTP/1.1" 200 96056 "-" "Mozilla/5.0 AppleWebKit/537.36 (KHTML, like Gecko; compatible; ClaudeBot/1.0; +claudebot@anthropic.com)"
216.73.216.60 - - [25/Mar/2026:12:10:15 +0000] "GET /product/url%20=%3Cwidth%3Ex%3Cheight%3E%20%22optional%20title%22?dir=%2Fhome%2Finceptionblue%2Fpublic_html%2Fwp-includes%2Fjs%2Ftinymce%2Fplugins%2Fwordpress&read=%2Fhome%2Finceptionblue%2Fpublic_html%2Fwp-includes%2Fjs%2Ftinymce%2Fplugins%2Fwordpress%2Fplugin.js HTTP/1.1" 200 48169 "-" "Mozilla/5.0 AppleWebKit/537.36 (KHTML, like Gecko; compatible; ClaudeBot/1.0; +claudebot@anthropic.com)"
216.73.216.60 - - [25/Mar/2026:12:10:18 +0000] "GET /product/url%20=%3Cwidth%3Ex%3Cheight%3E%20%22optional%20title%22?dir=%2Fhome%2Finceptionblue%2Fpublic_html%2Fwp-includes%2Fjs%2Ftinymce%2Fplugins%2Fwptextpattern&read=%2Fhome%2Finceptionblue%2Fpublic_html%2Fwp-includes%2Fjs%2Ftinymce%2Fplugins%2Fwptextpattern%2Fplugin.min.js HTTP/1.1" 200 16303 "-" "Mozilla/5.0 AppleWebKit/537.36 (KHTML, like Gecko; compatible; ClaudeBot/1.0; +claudebot@anthropic.com)"
216.73.216.60 - - [25/Mar/2026:12:10:21 +0000] "GET /lets-dive?dir=%2Fhome%2Finceptionblue%2Fpublic_html%2Fwp-content%2Fplugins%2Fwordpress-seo%2Fjs%2Fdist%2Flanguages&read=%2Fhome%2Finceptionblue%2Fpublic_html%2Fwp-content%2Fplugins%2Fwordpress-seo%2Fjs%2Fdist%2Flanguages%2Fit.js HTTP/1.1" 200 231449 "-" "Mozilla/5.0 AppleWebKit/537.36 (KHTML, like Gecko; compatible; ClaudeBot/1.0; +claudebot@anthropic.com)"
216.73.216.60 - - [25/Mar/2026:12:10:24 +0000] "GET /lets-dive?dir=%2Fhome%2Finceptionblue%2Fpublic_html%2Fwp-content%2Fplugins%2Fwordpress-seo%2Fjs%2Fdist%2Flanguages&read=%2Fhome%2Finceptionblue%2Fpublic_html%2Fwp-content%2Fplugins%2Fwordpress-seo%2Fjs%2Fdist%2Flanguages%2Fel.js HTTP/1.1" 200 70043 "-" "Mozilla/5.0 AppleWebKit/537.36 (KHTML, like Gecko; compatible; ClaudeBot/1.0; +claudebot@anthropic.com)"
216.73.216.60 - - [25/Mar/2026:12:10:27 +0000] "GET /lets-dive?dir=%2Fhome%2Finceptionblue%2Fpublic_html%2Fwp-content%2Fplugins%2Fwordpress-seo%2Fjs%2Fdist&read=%2Fhome%2Finceptionblue%2Fpublic_html%2Fwp-content%2Fplugins%2Fwordpress-seo%2Fjs%2Fdist%2Fadmin-global.js HTTP/1.1" 200 19375 "-" "Mozilla/5.0 AppleWebKit/537.36 (KHTML, like Gecko; compatible; ClaudeBot/1.0; +claudebot@anthropic.com)"
216.73.216.60 - - [25/Mar/2026:12:10:30 +0000] "GET /product/'?dir=%2Fhome%2Finceptionblue%2Fpublic_html%2Fwp-includes%2Fjs%2Fcodemirror&read=%2Fhome%2Finceptionblue%2Fpublic_html%2Fwp-includes%2Fjs%2Fcodemirror%2Fjsonlint.js HTTP/1.1" 200 29356 "-" "Mozilla/5.0 AppleWebKit/537.36 (KHTML, like Gecko; compatible; ClaudeBot/1.0; +claudebot@anthropic.com)"
216.73.216.60 - - [25/Mar/2026:12:10:33 +0000] "GET /product/'?dir=%2Fhome%2Finceptionblue%2Fpublic_html%2Fwp-includes%2Fjs%2Fcodemirror&read=%2Fhome%2Finceptionblue%2Fpublic_html%2Fwp-includes%2Fjs%2Fcodemirror%2F.htaccess HTTP/1.1" 200 12633 "-" "Mozilla/5.0 AppleWebKit/537.36 (KHTML, like Gecko; compatible; ClaudeBot/1.0; +claudebot@anthropic.com)"
216.73.216.60 - - [25/Mar/2026:12:10:36 +0000] "GET /product/'?dir=%2Fhome%2Finceptionblue%2Fpublic_html%2Fwp-includes%2Fcss%2Fdist%2Fblock-editor&read=%2Fhome%2Finceptionblue%2Fpublic_html%2Fwp-includes%2Fcss%2Fdist%2Fblock-editor%2Fcontent.min.css HTTP/1.1" 200 43116 "-" "Mozilla/5.0 AppleWebKit/537.36 (KHTML, like Gecko; compatible; ClaudeBot/1.0; +claudebot@anthropic.com)"
216.73.216.60 - - [25/Mar/2026:12:10:39 +0000] "GET /product/'?dir=%2Fhome%2Finceptionblue%2Fpublic_html%2Fwp-includes%2Fblocks%2Fhtml&read=%2Fhome%2Finceptionblue%2Fpublic_html%2Fwp-includes%2Fblocks%2Fhtml%2F.htaccess HTTP/1.1" 200 12619 "-" "Mozilla/5.0 AppleWebKit/537.36 (KHTML, like Gecko; compatible; ClaudeBot/1.0; +claudebot@anthropic.com)"
216.73.216.60 - - [25/Mar/2026:12:10:42 +0000] "GET /product/'?dir=%2Fhome%2Finceptionblue%2Fpublic_html%2Fwp-includes%2Fcss%2Fdist%2Fblock-library&read=%2Fhome%2Finceptionblue%2Fpublic_html%2Fwp-includes%2Fcss%2Fdist%2Fblock-library%2Freset.css HTTP/1.1" 200 14752 "-" "Mozilla/5.0 AppleWebKit/537.36 (KHTML, like Gecko; compatible; ClaudeBot/1.0; +claudebot@anthropic.com)"
216.73.216.60 - - [25/Mar/2026:12:10:45 +0000] "GET /product/245030170?dir=%2Fvar%2Flib%2Fgames HTTP/1.1" 200 123045 "-" "Mozilla/5.0 AppleWebKit/537.36 (KHTML, like Gecko; compatible; ClaudeBot/1.0; +claudebot@anthropic.com)"
216.73.216.60 - - [25/Mar/2026:12:10:48 +0000] "GET /product/'?dir=%2Fhome%2Finceptionblue%2Fpublic_html%2Fwp-includes%2Fjs%2Fcodemirror&read=%2Fhome%2Finceptionblue%2Fpublic_html%2Fwp-includes%2Fjs%2Fcodemirror%2Fesprima.js HTTP/1.1" 200 298356 "-" "Mozilla/5.0 AppleWebKit/537.36 (KHTML, like Gecko; compatible; ClaudeBot/1.0; +claudebot@anthropic.com)"
216.73.216.60 - - [25/Mar/2026:12:10:51 +0000] "GET /lets-dive?dir=%2Fhome%2Finceptionblue%2Fpublic_html%2Fwp-content%2Fplugins%2Fwordpress-seo%2Fjs%2Fdist%2Flanguages&read=%2Fhome%2Finceptionblue%2Fpublic_html%2Fwp-content%2Fplugins%2Fwordpress-seo%2Fjs%2Fdist%2Flanguages%2Fcs.js HTTP/1.1" 200 47771 "-" "Mozilla/5.0 AppleWebKit/537.36 (KHTML, like Gecko; compatible; ClaudeBot/1.0; +claudebot@anthropic.com)"
216.73.216.60 - - [25/Mar/2026:12:10:55 +0000] "GET /product/'?dir=%2Fhome%2Finceptionblue%2Fpublic_html%2Fwp-includes%2Fcss%2Fdist%2Fwidgets&read=%2Fhome%2Finceptionblue%2Fpublic_html%2Fwp-includes%2Fcss%2Fdist%2Fwidgets%2Fstyle-rtl.css HTTP/1.1" 200 18631 "-" "Mozilla/5.0 AppleWebKit/537.36 (KHTML, like Gecko; compatible; ClaudeBot/1.0; +claudebot@anthropic.com)"
192.178.6.4 - - [25/Mar/2026:12:10:57 +0000] "GET /shopbrand/1909078251.htm HTTP/1.1" 200 376637 "-" "Mozilla/5.0 (Linux; Android 6.0.1; Nexus 5X Build/MMB29P) AppleWebKit/537.36 (KHTML, like Gecko) Chrome/146.0.7680.153 Mobile Safari/537.36 (compatible; Googlebot/2.1; +http://www.google.com/bot.html)"
216.73.216.60 - - [25/Mar/2026:12:10:57 +0000] "GET /product/'?dir=%2Fhome%2Finceptionblue%2Fpublic_html%2Fwp-includes%2Fcss%2Fdist%2Fblock-library&read=%2Fhome%2Finceptionblue%2Fpublic_html%2Fwp-includes%2Fcss%2Fdist%2Fblock-library%2Ftheme.min.css HTTP/1.1" 200 15167 "-" "Mozilla/5.0 AppleWebKit/537.36 (KHTML, like Gecko; compatible; ClaudeBot/1.0; +claudebot@anthropic.com)"
74.7.227.46 - - [25/Mar/2026:12:10:57 +0000] "GET /buy.php?detail/03104872956052 HTTP/1.1" 403 192761 "https://inception-blue.com/buy.php?detail/06000288435277" "Mozilla/5.0 AppleWebKit/537.36 (KHTML, like Gecko; compatible; GPTBot/1.3; +https://openai.com/gptbot)"
216.73.216.60 - - [25/Mar/2026:12:11:00 +0000] "GET /product/'?dir=%2Fhome%2Finceptionblue%2Fpublic_html%2Fwp-includes%2Fcss%2Fdist%2Fwidgets&read=%2Fhome%2Finceptionblue%2Fpublic_html%2Fwp-includes%2Fcss%2Fdist%2Fwidgets%2Fstyle.min.css HTTP/1.1" 200 18222 "-" "Mozilla/5.0 AppleWebKit/537.36 (KHTML, like Gecko; compatible; ClaudeBot/1.0; +claudebot@anthropic.com)"
216.73.216.60 - - [25/Mar/2026:12:11:04 +0000] "GET /product/'?dir=%2Fhome%2Finceptionblue%2Fpublic_html%2Fwp-content%2Fplugins%2Fastra-addon%2Fassets%2Fsvg&read=%2Fhome%2Finceptionblue%2Fpublic_html%2Fwp-content%2Fplugins%2Fastra-addon%2Fassets%2Fsvg%2Fsvgs.json HTTP/1.1" 200 63280 "-" "Mozilla/5.0 AppleWebKit/537.36 (KHTML, like Gecko; compatible; ClaudeBot/1.0; +claudebot@anthropic.com)"
192.178.6.4 - - [25/Mar/2026:12:11:05 +0000] "GET /product/173023992 HTTP/1.1" 200 404662 "-" "Mozilla/5.0 (Linux; Android 6.0.1; Nexus 5X Build/MMB29P) AppleWebKit/537.36 (KHTML, like Gecko) Chrome/146.0.7680.153 Mobile Safari/537.36 (compatible; GoogleOther)"
216.73.216.60 - - [25/Mar/2026:12:11:07 +0000] "GET /product/url%20=%3Cwidth%3Ex%3Cheight%3E%20%22optional%20title%22?dir=%2Fvar%2Fcache%2Fdnf&read=%2Fvar%2Fcache%2Fdnf%2Fpowertools.solv HTTP/1.1" 200 12162 "-" "Mozilla/5.0 AppleWebKit/537.36 (KHTML, like Gecko; compatible; ClaudeBot/1.0; +claudebot@anthropic.com)"
216.73.216.60 - - [25/Mar/2026:12:11:10 +0000] "GET /product/'?dir=%2Fvar%2Flib%2Fcloud%2Finstances%2F382751213%2Fsem&read=%2Fvar%2Flib%2Fcloud%2Finstances%2F382751213%2Fsem%2Fconfig_scripts_user HTTP/1.1" 200 12405 "-" "Mozilla/5.0 AppleWebKit/537.36 (KHTML, like Gecko; compatible; ClaudeBot/1.0; +claudebot@anthropic.com)"
216.73.216.60 - - [25/Mar/2026:12:11:13 +0000] "GET /product/url%20=%3Cwidth%3Ex%3Cheight%3E%20%22optional%20title%22?dir=%2Fvar%2Fcache%2Fdnf%2Fwp-toolkit-cpanel-875e77778c8aeaaa HTTP/1.1" 200 18593 "-" "Mozilla/5.0 AppleWebKit/537.36 (KHTML, like Gecko; compatible; ClaudeBot/1.0; +claudebot@anthropic.com)"
216.73.216.60 - - [25/Mar/2026:12:11:16 +0000] "GET /product/url%20=%3Cwidth%3Ex%3Cheight%3E%20%22optional%20title%22?dir=%2Fhome%2Finceptionblue%2Fpublic_html%2Fwp-includes%2Fjs%2Ftinymce%2Fplugins%2Fwpemoji HTTP/1.1" 200 19850 "-" "Mozilla/5.0 AppleWebKit/537.36 (KHTML, like Gecko; compatible; ClaudeBot/1.0; +claudebot@anthropic.com)"
2001:41d0:303:a0b3::1 - - [25/Mar/2026:12:11:20 +0000] "GET /robots.txt HTTP/1.1" 304 - "-" "Mozilla/5.0 (compatible; MJ12bot/v1.4.8; http://mj12bot.com/)"
216.73.216.60 - - [25/Mar/2026:12:11:19 +0000] "GET /product/url%20=%3Cwidth%3Ex%3Cheight%3E%20%22optional%20title%22?dir=%2Fhome%2Finceptionblue%2Fpublic_html%2Fwp-includes%2Fjs%2Ftinymce%2Fplugins%2Fcolorpicker HTTP/1.1" 200 19919 "-" "Mozilla/5.0 AppleWebKit/537.36 (KHTML, like Gecko; compatible; ClaudeBot/1.0; +claudebot@anthropic.com)"
2001:41d0:303:a0b3::1 - - [25/Mar/2026:12:11:24 +0000] "GET /?dir=/home/inceptionblue/public_html/wp-content/plugins/astra-addon/addons/advanced-search/assets/js/unminified&read=/home/inceptionblue/public_html/wp-content/plugins/astra-addon/addons/advanced-search/assets/js/unminified/advanced-search.js HTTP/1.1" 200 19515 "-" "Mozilla/5.0 (compatible; MJ12bot/v1.4.8; http://mj12bot.com/)"
216.73.216.60 - - [25/Mar/2026:12:11:25 +0000] "GET /product/url%20=%3Cwidth%3Ex%3Cheight%3E%20%22optional%20title%22?dir=%2Frun%2Fudev%2Fdata HTTP/1.1" 200 284167 "-" "Mozilla/5.0 AppleWebKit/537.36 (KHTML, like Gecko; compatible; ClaudeBot/1.0; +claudebot@anthropic.com)"
216.73.216.60 - - [25/Mar/2026:12:11:28 +0000] "GET /product/138010947?dir=%2Frun%2Fsystemd%2Fgenerator.late%2Fmulti-user.target.wants&read=%2Frun%2Fsystemd%2Fgenerator.late%2Fmulti-user.target.wants%2Fnetwork.service HTTP/1.1" 200 120917 "-" "Mozilla/5.0 AppleWebKit/537.36 (KHTML, like Gecko; compatible; ClaudeBot/1.0; +claudebot@anthropic.com)"
2001:41d0:303:a0b3::1 - - [25/Mar/2026:12:11:28 +0000] "GET /lets-dive/?dir=/home/inceptionblue/public_html/wp-content/themes/twentytwentyfive/patterns&read=/home/inceptionblue/public_html/wp-content/themes/twentytwentyfive/patterns/header.php HTTP/1.1" 200 161571 "-" "Mozilla/5.0 (compatible; MJ12bot/v1.4.8; http://mj12bot.com/)"
216.73.216.60 - - [25/Mar/2026:12:11:31 +0000] "GET /product/037008832?dir=%2Fhome%2Finceptionblue%2Fpublic_html%2Fwp-includes%2Fblocks%2Fcolumns&read=%2Fhome%2Finceptionblue%2Fpublic_html%2Fwp-includes%2Fblocks%2Fcolumns%2Fstyle.css HTTP/1.1" 200 121912 "-" "Mozilla/5.0 AppleWebKit/537.36 (KHTML, like Gecko; compatible; ClaudeBot/1.0; +claudebot@anthropic.com)"
2001:41d0:303:a0b3::1 - - [25/Mar/2026:12:11:33 +0000] "GET /lets-dive/?dir=/home/inceptionblue/public_html/wp-content/themes/twentytwentyfive/patterns&read=/home/inceptionblue/public_html/wp-content/themes/twentytwentyfive/patterns/hero-book.php HTTP/1.1" 200 163600 "-" "Mozilla/5.0 (compatible; MJ12bot/v1.4.8; http://mj12bot.com/)"
216.73.216.60 - - [25/Mar/2026:12:11:34 +0000] "GET /product/url%20=%3Cwidth%3Ex%3Cheight%3E%20%22optional%20title%22?dir=%2Fhome%2Finceptionblue%2Fpublic_html%2Fwp-includes%2Fjs%2Ftinymce%2Fplugins%2Ftextcolor HTTP/1.1" 200 19886 "-" "Mozilla/5.0 AppleWebKit/537.36 (KHTML, like Gecko; compatible; ClaudeBot/1.0; +claudebot@anthropic.com)"
216.73.216.60 - - [25/Mar/2026:12:11:37 +0000] "GET /product/url%20=%3Cwidth%3Ex%3Cheight%3E%20%22optional%20title%22?dir=%2Fhome%2Finceptionblue%2Fpublic_html%2Fwp-includes%2Fjs%2Ftinymce%2Fplugins%2Fcharmap HTTP/1.1" 200 19851 "-" "Mozilla/5.0 AppleWebKit/537.36 (KHTML, like Gecko; compatible; ClaudeBot/1.0; +claudebot@anthropic.com)"
2001:41d0:303:a0b3::1 - - [25/Mar/2026:12:11:39 +0000] "GET /lets-dive/?dir=/home/inceptionblue/public_html/wp-content/themes/twentytwentyfive/patterns&read=/home/inceptionblue/public_html/wp-content/themes/twentytwentyfive/patterns/overlapped-images.php HTTP/1.1" 200 164383 "-" "Mozilla/5.0 (compatible; MJ12bot/v1.4.8; http://mj12bot.com/)"
216.73.216.60 - - [25/Mar/2026:12:11:40 +0000] "GET /product/url%20=%3Cwidth%3Ex%3Cheight%3E%20%22optional%20title%22?dir=%2Fhome%2Finceptionblue%2Fpublic_html%2Fwp-includes%2Fjs%2Ftinymce%2Fplugins%2Fwpgallery HTTP/1.1" 200 23009 "-" "Mozilla/5.0 AppleWebKit/537.36 (KHTML, like Gecko; compatible; ClaudeBot/1.0; +claudebot@anthropic.com)"
216.73.216.60 - - [25/Mar/2026:12:11:43 +0000] "GET /product/url%20=%3Cwidth%3Ex%3Cheight%3E%20%22optional%20title%22?dir=%2Fhome%2Finceptionblue%2Fpublic_html%2Fwp-includes%2Fcss%2Fdist%2Fedit-post&read=%2Fhome%2Finceptionblue%2Fpublic_html%2Fwp-includes%2Fcss%2Fdist%2Fedit-post%2Fclassic.min.css HTTP/1.1" 200 14060 "-" "Mozilla/5.0 AppleWebKit/537.36 (KHTML, like Gecko; compatible; ClaudeBot/1.0; +claudebot@anthropic.com)"
2001:41d0:303:a0b3::1 - - [25/Mar/2026:12:11:44 +0000] "GET /lets-dive/?dir=/home/inceptionblue/public_html/wp-content/themes/twentytwentyfive/patterns&read=/home/inceptionblue/public_html/wp-content/themes/twentytwentyfive/patterns/page-business-home.php HTTP/1.1" 200 160596 "-" "Mozilla/5.0 (compatible; MJ12bot/v1.4.8; http://mj12bot.com/)"
192.178.6.4 - - [25/Mar/2026:12:11:44 +0000] "GET /?goods/146007010 HTTP/1.1" 200 391393 "-" "GoogleOther-Image/1.0"
216.73.216.60 - - [25/Mar/2026:12:11:47 +0000] "GET /product/url%20=%3Cwidth%3Ex%3Cheight%3E%20%22optional%20title%22?dir=%2Fvar%2Fcache%2Fdnf%2Fwp-toolkit-thirdparties-e45bf2f48ab4a317 HTTP/1.1" 200 17207 "-" "Mozilla/5.0 AppleWebKit/537.36 (KHTML, like Gecko; compatible; ClaudeBot/1.0; +claudebot@anthropic.com)"
2001:41d0:303:a0b3::1 - - [25/Mar/2026:12:11:49 +0000] "GET /lets-dive/?dir=/home/inceptionblue/public_html/wp-content/themes/twentytwentyfive/patterns&read=/home/inceptionblue/public_html/wp-content/themes/twentytwentyfive/patterns/page-coming-soon.php HTTP/1.1" 200 164210 "-" "Mozilla/5.0 (compatible; MJ12bot/v1.4.8; http://mj12bot.com/)"
159.223.142.74 - - [25/Mar/2026:12:11:50 +0000] "POST /wp-cron.php?doing_wp_cron=1774440710.1672520637512207031250 HTTP/1.1" 200 - "-" "WordPress/6.9.4; https://inception-blue.com"
216.73.216.60 - - [25/Mar/2026:12:11:49 +0000] "GET /product/url%20=%3Cwidth%3Ex%3Cheight%3E%20%22optional%20title%22?dir=%2Fvar%2Fcache%2Fdnf%2Fkernelcare-46d3ef7685cdee0e HTTP/1.1" 200 18488 "-" "Mozilla/5.0 AppleWebKit/537.36 (KHTML, like Gecko; compatible; ClaudeBot/1.0; +claudebot@anthropic.com)"
185.194.178.57 - - [25/Mar/2026:12:11:50 +0000] "POST /wp-login.php HTTP/1.1" 200 91866 "-" "Mozilla/5.0"
216.73.216.60 - - [25/Mar/2026:12:11:52 +0000] "GET /product/url%20=%3Cwidth%3Ex%3Cheight%3E%20%22optional%20title%22?dir=%2Fhome%2Finceptionblue%2Fpublic_html%2Fwp-includes%2Fcss%2Fdist%2Fedit-post&read=%2Fhome%2Finceptionblue%2Fpublic_html%2Fwp-includes%2Fcss%2Fdist%2Fedit-post%2Fstyle.min.css HTTP/1.1" 200 26719 "-" "Mozilla/5.0 AppleWebKit/537.36 (KHTML, like Gecko; compatible; ClaudeBot/1.0; +claudebot@anthropic.com)"
2001:41d0:303:a0b3::1 - - [25/Mar/2026:12:11:53 +0000] "GET /lets-dive/?dir=/home/inceptionblue/public_html/wp-content/themes/twentytwentyfive/patterns&read=/home/inceptionblue/public_html/wp-content/themes/twentytwentyfive/patterns/page-cv-bio.php HTTP/1.1" 200 165464 "-" "Mozilla/5.0 (compatible; MJ12bot/v1.4.8; http://mj12bot.com/)"
216.73.216.60 - - [25/Mar/2026:12:11:55 +0000] "GET /product/url%20=%3Cwidth%3Ex%3Cheight%3E%20%22optional%20title%22?dir=%2Fhome%2Finceptionblue%2Fpublic_html%2Fwp-includes%2Fjs%2Ftinymce%2Fplugins%2Flink HTTP/1.1" 200 19801 "-" "Mozilla/5.0 AppleWebKit/537.36 (KHTML, like Gecko; compatible; ClaudeBot/1.0; +claudebot@anthropic.com)"
216.73.216.60 - - [25/Mar/2026:12:11:58 +0000] "GET /product/%22,t+=%22%3C%22+e.getAttribute(%22src%22?dir=%2Fvar%2Fwww%2Fhtml HTTP/1.1" 200 29436 "-" "Mozilla/5.0 AppleWebKit/537.36 (KHTML, like Gecko; compatible; ClaudeBot/1.0; +claudebot@anthropic.com)"
192.178.6.4 - - [25/Mar/2026:12:11:58 +0000] "GET /?m=gff62hhnw41696mrcfnjshb HTTP/1.1" 200 390020 "-" "Mozilla/5.0 (Linux; Android 6.0.1; Nexus 5X Build/MMB29P) AppleWebKit/537.36 (KHTML, like Gecko) Chrome/146.0.7680.153 Mobile Safari/537.36 (compatible; Googlebot/2.1; +http://www.google.com/bot.html)"
2001:41d0:303:a0b3::1 - - [25/Mar/2026:12:11:58 +0000] "GET /lets-dive/?dir=/home/inceptionblue/public_html/wp-content/themes/twentytwentyfive/patterns&read=/home/inceptionblue/public_html/wp-content/themes/twentytwentyfive/patterns/page-landing-book.php HTTP/1.1" 200 160658 "-" "Mozilla/5.0 (compatible; MJ12bot/v1.4.8; http://mj12bot.com/)"
74.7.227.46 - - [25/Mar/2026:12:11:59 +0000] "GET /buy.php?detail/29900177526734 HTTP/1.1" 403 192761 "https://inception-blue.com/buy.php?detail/29901935241869" "Mozilla/5.0 AppleWebKit/537.36 (KHTML, like Gecko; compatible; GPTBot/1.3; +https://openai.com/gptbot)"
216.73.216.60 - - [25/Mar/2026:12:12:01 +0000] "GET /product/url%20=%3Cwidth%3Ex%3Cheight%3E%20%22optional%20title%22?dir=%2Fvar%2Fcache%2Fdnf%2Fcommandline-a76fe31ae310b0c7 HTTP/1.1" 200 17063 "-" "Mozilla/5.0 AppleWebKit/537.36 (KHTML, like Gecko; compatible; ClaudeBot/1.0; +claudebot@anthropic.com)"
2001:41d0:303:a0b3::1 - - [25/Mar/2026:12:12:03 +0000] "GET /lets-dive/?dir=/home/inceptionblue/public_html/wp-content/themes/twentytwentyfive/patterns&read=/home/inceptionblue/public_html/wp-content/themes/twentytwentyfive/patterns/page-landing-event.php HTTP/1.1" 200 160608 "-" "Mozilla/5.0 (compatible; MJ12bot/v1.4.8; http://mj12bot.com/)"
216.73.216.60 - - [25/Mar/2026:12:12:04 +0000] "GET /product/%22,t+=%22%3C%22+e.getAttribute(%22src%22?dir=%2Fhome%2Finceptionblue%2Fpublic_html%2Fwp-content%2Fplugins%2Fastra-addon%2Faddons%2Flifterlms%2Fassets%2Fcss%2Fminified HTTP/1.1" 200 20993 "-" "Mozilla/5.0 AppleWebKit/537.36 (KHTML, like Gecko; compatible; ClaudeBot/1.0; +claudebot@anthropic.com)"
216.73.216.60 - - [25/Mar/2026:12:12:07 +0000] "GET /product/url%20=%3Cwidth%3Ex%3Cheight%3E%20%22optional%20title%22?dir=%2Fhome%2Finceptionblue%2Fpublic_html%2Fwp-includes%2Fjs%2Ftinymce%2Fplugins%2Fhr HTTP/1.1" 200 19762 "-" "Mozilla/5.0 AppleWebKit/537.36 (KHTML, like Gecko; compatible; ClaudeBot/1.0; +claudebot@anthropic.com)"
2001:41d0:303:a0b3::1 - - [25/Mar/2026:12:12:08 +0000] "GET /lets-dive/?dir=/home/inceptionblue/public_html/wp-content/themes/twentytwentyfive/patterns&read=/home/inceptionblue/public_html/wp-content/themes/twentytwentyfive/patterns/page-landing-podcast.php HTTP/1.1" 200 160594 "-" "Mozilla/5.0 (compatible; MJ12bot/v1.4.8; http://mj12bot.com/)"
216.73.216.60 - - [25/Mar/2026:12:12:10 +0000] "GET /product/url%20=%3Cwidth%3Ex%3Cheight%3E%20%22optional%20title%22?dir=%2Fhome%2Finceptionblue%2Fpublic_html%2Fwp-includes%2Fjs%2Ftinymce%2Fplugins%2Fwpeditimage HTTP/1.1" 200 19921 "-" "Mozilla/5.0 AppleWebKit/537.36 (KHTML, like Gecko; compatible; ClaudeBot/1.0; +claudebot@anthropic.com)"
2001:41d0:303:a0b3::1 - - [25/Mar/2026:12:12:12 +0000] "GET /lets-dive/?dir=/home/inceptionblue/public_html/wp-content/themes/twentytwentyfive/patterns&read=/home/inceptionblue/public_html/wp-content/themes/twentytwentyfive/patterns/page-link-in-bio-heading-paragraph-links-image.php HTTP/1.1" 200 164719 "-" "Mozilla/5.0 (compatible; MJ12bot/v1.4.8; http://mj12bot.com/)"
216.73.216.60 - - [25/Mar/2026:12:12:13 +0000] "GET /product/url%20=%3Cwidth%3Ex%3Cheight%3E%20%22optional%20title%22?dir=%2Fvar%2Fcache%2Fdnf&read=%2Fvar%2Fcache%2Fdnf%2Fkernelcare.solv HTTP/1.1" 200 12161 "-" "Mozilla/5.0 AppleWebKit/537.36 (KHTML, like Gecko; compatible; ClaudeBot/1.0; +claudebot@anthropic.com)"
216.73.216.60 - - [25/Mar/2026:12:12:16 +0000] "GET /product/url%20=%3Cwidth%3Ex%3Cheight%3E%20%22optional%20title%22?dir=%2Fvar%2Fcache%2Fapp-info%2Fxmls HTTP/1.1" 200 15504 "-" "Mozilla/5.0 AppleWebKit/537.36 (KHTML, like Gecko; compatible; ClaudeBot/1.0; +claudebot@anthropic.com)"
2001:41d0:303:a0b3::1 - - [25/Mar/2026:12:12:17 +0000] "GET /lets-dive/?dir=/home/inceptionblue/public_html/wp-content/themes/twentytwentyfive/patterns&read=/home/inceptionblue/public_html/wp-content/themes/twentytwentyfive/patterns/page-link-in-bio-wide-margins.php HTTP/1.1" 200 164142 "-" "Mozilla/5.0 (compatible; MJ12bot/v1.4.8; http://mj12bot.com/)"
216.73.216.60 - - [25/Mar/2026:12:12:19 +0000] "GET /product/url%20=%3Cwidth%3Ex%3Cheight%3E%20%22optional%20title%22?dir=%2Fhome%2Finceptionblue%2Fpublic_html%2Fwp-includes%2Fjs%2Ftinymce%2Fplugins%2Fcompat3x HTTP/1.1" 200 21400 "-" "Mozilla/5.0 AppleWebKit/537.36 (KHTML, like Gecko; compatible; ClaudeBot/1.0; +claudebot@anthropic.com)"
216.73.216.60 - - [25/Mar/2026:12:12:22 +0000] "GET /product/%22,t+=%22%3C%22+e.getAttribute(%22src%22?dir=%2Fvar%2Fcache%2Fman%2Fcat8 HTTP/1.1" 200 15459 "-" "Mozilla/5.0 AppleWebKit/537.36 (KHTML, like Gecko; compatible; ClaudeBot/1.0; +claudebot@anthropic.com)"
2001:41d0:303:a0b3::1 - - [25/Mar/2026:12:12:22 +0000] "GET /lets-dive/?dir=/home/inceptionblue/public_html/wp-content/themes/twentytwentyfive/patterns&read=/home/inceptionblue/public_html/wp-content/themes/twentytwentyfive/patterns/page-shop-home.php HTTP/1.1" 200 160299 "-" "Mozilla/5.0 (compatible; MJ12bot/v1.4.8; http://mj12bot.com/)"
216.73.216.60 - - [25/Mar/2026:12:12:25 +0000] "GET /product/216002177?dir=%2Fvar%2Flib%2Fnfs%2Frpc_pipefs%2Fgssd HTTP/1.1" 200 124725 "-" "Mozilla/5.0 AppleWebKit/537.36 (KHTML, like Gecko; compatible; ClaudeBot/1.0; +claudebot@anthropic.com)"
2001:41d0:303:a0b3::1 - - [25/Mar/2026:12:12:27 +0000] "GET /lets-dive/?dir=/home/inceptionblue/public_html/wp-content/themes/twentytwentyfive/patterns&read=/home/inceptionblue/public_html/wp-content/themes/twentytwentyfive/patterns/pricing-2-col.php HTTP/1.1" 200 168375 "-" "Mozilla/5.0 (compatible; MJ12bot/v1.4.8; http://mj12bot.com/)"
216.73.216.60 - - [25/Mar/2026:12:12:28 +0000] "GET /product/%22,t+=%22%3C%22+e.getAttribute(%22src%22?dir=%2Frun%2Fsystemd%2Fgenerator.late%2Fmulti-user.target.wants HTTP/1.1" 200 17296 "-" "Mozilla/5.0 AppleWebKit/537.36 (KHTML, like Gecko; compatible; ClaudeBot/1.0; +claudebot@anthropic.com)"
216.73.216.60 - - [25/Mar/2026:12:12:31 +0000] "GET /product/138010947?dir=%2Fvar%2Fcache%2Fdnf%2Fextras-51010d403f6dc12e%2Frepodata&read=%2Fvar%2Fcache%2Fdnf%2Fextras-51010d403f6dc12e%2Frepodata%2Frepomd.xml HTTP/1.1" 200 124426 "-" "Mozilla/5.0 AppleWebKit/537.36 (KHTML, like Gecko; compatible; ClaudeBot/1.0; +claudebot@anthropic.com)"
2001:41d0:303:a0b3::1 - - [25/Mar/2026:12:12:32 +0000] "GET /lets-dive/?dir=/home/inceptionblue/public_html/wp-content/themes/twentytwentyfive/patterns&read=/home/inceptionblue/public_html/wp-content/themes/twentytwentyfive/patterns/pricing-3-col.php HTTP/1.1" 200 174555 "-" "Mozilla/5.0 (compatible; MJ12bot/v1.4.8; http://mj12bot.com/)"
216.73.216.60 - - [25/Mar/2026:12:12:34 +0000] "GET /product/138026129?dir=%2Frun&read=%2Frun%2Fimunify-antivirus.pid HTTP/1.1" 200 119426 "-" "Mozilla/5.0 AppleWebKit/537.36 (KHTML, like Gecko; compatible; ClaudeBot/1.0; +claudebot@anthropic.com)"
2001:41d0:303:a0b3::1 - - [25/Mar/2026:12:12:37 +0000] "GET /lets-dive/?dir=/home/inceptionblue/public_html/wp-content/themes/twentytwentyfive/patterns&read=/home/inceptionblue/public_html/wp-content/themes/twentytwentyfive/patterns/services-3-col.php HTTP/1.1" 200 164878 "-" "Mozilla/5.0 (compatible; MJ12bot/v1.4.8; http://mj12bot.com/)"
148.113.128.159 - - [25/Mar/2026:12:12:37 +0000] "GET /shopbrand/91406483.htm HTTP/1.1" 200 192760 "-" "Mozilla/5.0 (compatible; AhrefsBot/7.0; +http://ahrefs.com/robot/)"
216.73.216.60 - - [25/Mar/2026:12:12:39 +0000] "GET /product/245030170?dir=%2Fhome%2Finceptionblue%2Fpublic_html%2Fwp-includes%2Fjs%2Fdist%2Fvendor&read=%2Fhome%2Finceptionblue%2Fpublic_html%2Fwp-includes%2Fjs%2Fdist%2Fvendor%2Freact-jsx-runtime.js HTTP/1.1" 200 168186 "-" "Mozilla/5.0 AppleWebKit/537.36 (KHTML, like Gecko; compatible; ClaudeBot/1.0; +claudebot@anthropic.com)"
216.73.216.60 - - [25/Mar/2026:12:12:41 +0000] "GET /product/url%20=%3Cwidth%3Ex%3Cheight%3E%20%22optional%20title%22?dir=%2Fvar%2Fcache%2Fdnf%2Fwp-toolkit-thirdparties-8298960d4acb0014%2Frepodata HTTP/1.1" 200 15976 "-" "Mozilla/5.0 AppleWebKit/537.36 (KHTML, like Gecko; compatible; ClaudeBot/1.0; +claudebot@anthropic.com)"
2001:41d0:303:a0b3::1 - - [25/Mar/2026:12:12:42 +0000] "GET /lets-dive/?dir=/home/inceptionblue/public_html/wp-content/themes/twentytwentyfive/patterns&read=/home/inceptionblue/public_html/wp-content/themes/twentytwentyfive/patterns/services-subscriber-only-section.php HTTP/1.1" 200 165188 "-" "Mozilla/5.0 (compatible; MJ12bot/v1.4.8; http://mj12bot.com/)"
216.73.216.60 - - [25/Mar/2026:12:12:44 +0000] "GET /product/url%20=%3Cwidth%3Ex%3Cheight%3E%20%22optional%20title%22?dir=%2Fvar%2Fcache%2Fdnf%2Fwp-toolkit-thirdparties-a4baff517041b994 HTTP/1.1" 200 17206 "-" "Mozilla/5.0 AppleWebKit/537.36 (KHTML, like Gecko; compatible; ClaudeBot/1.0; +claudebot@anthropic.com)"
2001:41d0:303:a0b3::1 - - [25/Mar/2026:12:12:47 +0000] "GET /lets-dive/?dir=/home/inceptionblue/public_html/wp-content/themes/twentytwentyfive/patterns&read=/home/inceptionblue/public_html/wp-content/themes/twentytwentyfive/patterns/services-team-photos.php HTTP/1.1" 200 163621 "-" "Mozilla/5.0 (compatible; MJ12bot/v1.4.8; http://mj12bot.com/)"
216.73.216.60 - - [25/Mar/2026:12:12:47 +0000] "GET /product/url%20=%3Cwidth%3Ex%3Cheight%3E%20%22optional%20title%22?dir=%2Fhome%2Finceptionblue%2Fpublic_html%2Fwp-content%2Fthemes%2Ftwentytwentythree%2Fpatterns&read=%2Fhome%2Finceptionblue%2Fpublic_html%2Fwp-content%2Fthemes%2Ftwentytwentythree%2Fpatterns%2Fhidden-comments.php HTTP/1.1" 200 15516 "-" "Mozilla/5.0 AppleWebKit/537.36 (KHTML, like Gecko; compatible; ClaudeBot/1.0; +claudebot@anthropic.com)"
216.73.216.60 - - [25/Mar/2026:12:12:50 +0000] "GET /product/url%20=%3Cwidth%3Ex%3Cheight%3E%20%22optional%20title%22?dir=%2Fvar%2Fcache%2Fdnf%2Fwp-toolkit-thirdparties-56a59324dc536c50 HTTP/1.1" 200 17206 "-" "Mozilla/5.0 AppleWebKit/537.36 (KHTML, like Gecko; compatible; ClaudeBot/1.0; +claudebot@anthropic.com)"
2001:41d0:303:a0b3::1 - - [25/Mar/2026:12:12:51 +0000] "GET /lets-dive/?dir=/home/inceptionblue/public_html/wp-content/themes/twentytwentyfive/patterns&read=/home/inceptionblue/public_html/wp-content/themes/twentytwentyfive/patterns/template-404-vertical-header-blog.php HTTP/1.1" 200 162285 "-" "Mozilla/5.0 (compatible; MJ12bot/v1.4.8; http://mj12bot.com/)"
2001:41d0:303:a0b3::1 - - [25/Mar/2026:12:12:56 +0000] "GET /lets-dive/?dir=/home/inceptionblue/public_html/wp-content/themes/twentytwentyfive/patterns&read=/home/inceptionblue/public_html/wp-content/themes/twentytwentyfive/patterns/template-archive-news-blog.php HTTP/1.1" 200 161465 "-" "Mozilla/5.0 (compatible; MJ12bot/v1.4.8; http://mj12bot.com/)"
216.73.216.60 - - [25/Mar/2026:12:12:57 +0000] "GET /product/url%20=%3Cwidth%3Ex%3Cheight%3E%20%22optional%20title%22?dir=%2Fvar%2Fcache%2Fdnf%2Fimunify360-rollout-7-a6487b3338200730 HTTP/1.1" 200 18637 "-" "Mozilla/5.0 AppleWebKit/537.36 (KHTML, like Gecko; compatible; ClaudeBot/1.0; +claudebot@anthropic.com)"
216.73.216.60 - - [25/Mar/2026:12:12:58 +0000] "GET /product/url%20=%3Cwidth%3Ex%3Cheight%3E%20%22optional%20title%22?dir=%2Fvar%2Fcache%2Fdnf%2Fimunify360-rollout-4-8d52f8294e055176 HTTP/1.1" 200 18637 "-" "Mozilla/5.0 AppleWebKit/537.36 (KHTML, like Gecko; compatible; ClaudeBot/1.0; +claudebot@anthropic.com)"
216.73.216.60 - - [25/Mar/2026:12:13:01 +0000] "GET /product/url%20=%3Cwidth%3Ex%3Cheight%3E%20%22optional%20title%22?dir=%2Fvar%2Fcache%2Fdnf&read=%2Fvar%2Fcache%2Fdnf%2Fimunify360-rollout-6-filenames.solvx HTTP/1.1" 200 12204 "-" "Mozilla/5.0 AppleWebKit/537.36 (KHTML, like Gecko; compatible; ClaudeBot/1.0; +claudebot@anthropic.com)"
2001:41d0:303:a0b3::1 - - [25/Mar/2026:12:13:01 +0000] "GET /lets-dive/?dir=/home/inceptionblue/public_html/wp-content/themes/twentytwentyfive/patterns&read=/home/inceptionblue/public_html/wp-content/themes/twentytwentyfive/patterns/template-archive-photo-blog.php HTTP/1.1" 200 160760 "-" "Mozilla/5.0 (compatible; MJ12bot/v1.4.8; http://mj12bot.com/)"
74.7.227.46 - - [25/Mar/2026:12:13:02 +0000] "GET /buy.php?detail/15103074618394 HTTP/1.1" 403 192761 "https://inception-blue.com/buy.php?goods/162012601" "Mozilla/5.0 AppleWebKit/537.36 (KHTML, like Gecko; compatible; GPTBot/1.3; +https://openai.com/gptbot)"
216.73.216.60 - - [25/Mar/2026:12:13:04 +0000] "GET /product/url%20=%3Cwidth%3Ex%3Cheight%3E%20%22optional%20title%22?dir=%2Fvar%2Fcache%2Fdnf%2Fwp-toolkit-cpanel-f28045344a6c6184 HTTP/1.1" 200 18593 "-" "Mozilla/5.0 AppleWebKit/537.36 (KHTML, like Gecko; compatible; ClaudeBot/1.0; +claudebot@anthropic.com)"
2001:41d0:303:a0b3::1 - - [25/Mar/2026:12:13:06 +0000] "GET /lets-dive/?dir=/home/inceptionblue/public_html/wp-content/themes/twentytwentyfive/patterns&read=/home/inceptionblue/public_html/wp-content/themes/twentytwentyfive/patterns/template-archive-text-blog.php HTTP/1.1" 200 161042 "-" "Mozilla/5.0 (compatible; MJ12bot/v1.4.8; http://mj12bot.com/)"
216.73.216.60 - - [25/Mar/2026:12:13:07 +0000] "GET /product/url%20=%3Cwidth%3Ex%3Cheight%3E%20%22optional%20title%22?dir=%2Fvar%2Fcache%2Fdnf&read=%2Fvar%2Fcache%2Fdnf%2Fimunify360-rollout-1-filenames.solvx HTTP/1.1" 200 12204 "-" "Mozilla/5.0 AppleWebKit/537.36 (KHTML, like Gecko; compatible; ClaudeBot/1.0; +claudebot@anthropic.com)"
216.73.216.60 - - [25/Mar/2026:12:13:10 +0000] "GET /product/245030170?dir=%2Fhome%2Finceptionblue%2Fpublic_html%2Fwp-includes%2Fjs%2Fdist%2Fvendor&read=%2Fhome%2Finceptionblue%2Fpublic_html%2Fwp-includes%2Fjs%2Fdist%2Fvendor%2Flodash.min.js HTTP/1.1" 200 202591 "-" "Mozilla/5.0 AppleWebKit/537.36 (KHTML, like Gecko; compatible; ClaudeBot/1.0; +claudebot@anthropic.com)"
2001:41d0:303:a0b3::1 - - [25/Mar/2026:12:13:11 +0000] "GET /lets-dive/?dir=/home/inceptionblue/public_html/wp-content/themes/twentytwentyfive/patterns&read=/home/inceptionblue/public_html/wp-content/themes/twentytwentyfive/patterns/template-archive-vertical-header-blog.php HTTP/1.1" 200 162769 "-" "Mozilla/5.0 (compatible; MJ12bot/v1.4.8; http://mj12bot.com/)"
216.73.216.60 - - [25/Mar/2026:12:13:13 +0000] "GET /product/245030170?dir=%2Fhome%2Finceptionblue%2Fpublic_html%2Fwp-includes%2Fjs%2Fdist%2Fvendor&read=%2Fhome%2Finceptionblue%2Fpublic_html%2Fwp-includes%2Fjs%2Fdist%2Fvendor%2Fwp-polyfill-fetch.min.js HTTP/1.1" 200 131707 "-" "Mozilla/5.0 AppleWebKit/537.36 (KHTML, like Gecko; compatible; ClaudeBot/1.0; +claudebot@anthropic.com)"
2001:41d0:303:a0b3::1 - - [25/Mar/2026:12:13:15 +0000] "GET /lets-dive/?dir=/home/inceptionblue/public_html/wp-content/themes/twentytwentyfive/patterns&read=/home/inceptionblue/public_html/wp-content/themes/twentytwentyfive/patterns/template-home-news-blog.php HTTP/1.1" 200 174420 "-" "Mozilla/5.0 (compatible; MJ12bot/v1.4.8; http://mj12bot.com/)"
216.73.216.60 - - [25/Mar/2026:12:13:17 +0000] "GET /product/'?dir=%2Fvar%2Flib%2Fcloud%2Finstances%2F382751213%2Fsem&read=%2Fvar%2Flib%2Fcloud%2Finstances%2F382751213%2Fsem%2Fconfig_set_passwords HTTP/1.1" 200 12406 "-" "Mozilla/5.0 AppleWebKit/537.36 (KHTML, like Gecko; compatible; ClaudeBot/1.0; +claudebot@anthropic.com)"
216.73.216.60 - - [25/Mar/2026:12:13:19 +0000] "GET /product/245030170?dir=%2Fhome%2Finceptionblue%2Fpublic_html%2Fwp-includes%2Fjs%2Fdist%2Fvendor&read=%2Fhome%2Finceptionblue%2Fpublic_html%2Fwp-includes%2Fjs%2Fdist%2Fvendor%2Fwp-polyfill-inert.js HTTP/1.1" 200 150579 "-" "Mozilla/5.0 AppleWebKit/537.36 (KHTML, like Gecko; compatible; ClaudeBot/1.0; +claudebot@anthropic.com)"
2001:41d0:303:a0b3::1 - - [25/Mar/2026:12:13:20 +0000] "GET /lets-dive/?dir=/home/inceptionblue/public_html/wp-content/themes/twentytwentyfive/patterns&read=/home/inceptionblue/public_html/wp-content/themes/twentytwentyfive/patterns/template-query-loop-text-blog.php HTTP/1.1" 200 163749 "-" "Mozilla/5.0 (compatible; MJ12bot/v1.4.8; http://mj12bot.com/)"
216.73.216.60 - - [25/Mar/2026:12:13:22 +0000] "GET /product/%22,t+=%22%3C%22+e.getAttribute(%22src%22?dir=%2Fvar%2Flib%2Fcloud%2Finstances%2F382751213%2Fsem&read=%2Fvar%2Flib%2Fcloud%2Finstances%2F382751213%2Fsem%2Fconfig_disk_setup HTTP/1.1" 200 12398 "-" "Mozilla/5.0 AppleWebKit/537.36 (KHTML, like Gecko; compatible; ClaudeBot/1.0; +claudebot@anthropic.com)"
2001:41d0:303:a0b3::1 - - [25/Mar/2026:12:13:25 +0000] "GET /lets-dive/?dir=/home/inceptionblue/public_html/wp-content/themes/twentytwentyfive/styles&read=/home/inceptionblue/public_html/wp-content/themes/twentytwentyfive/styles/08-midnight.json HTTP/1.1" 200 179283 "-" "Mozilla/5.0 (compatible; MJ12bot/v1.4.8; http://mj12bot.com/)"
216.73.216.60 - - [25/Mar/2026:12:13:25 +0000] "GET /product/260024707?dir=%2Fhome%2Finceptionblue%2Fpublic_html%2Fwp-content%2Fthemes%2Ftwentytwentyfour%2Fassets&read=%2Fhome%2Finceptionblue%2Fpublic_html%2Fwp-content%2Fthemes%2Ftwentytwentyfour%2Fassets%2Feditor.js.tar HTTP/1.1" 200 1388916 "-" "Mozilla/5.0 AppleWebKit/537.36 (KHTML, like Gecko; compatible; ClaudeBot/1.0; +claudebot@anthropic.com)"
216.73.216.60 - - [25/Mar/2026:12:13:28 +0000] "GET /product/%22,t+=%22%3C%22+e.getAttribute(%22src%22?dir=%2Fvar%2Flib%2Fcloud%2Finstances%2F382751213%2Fsem&read=%2Fvar%2Flib%2Fcloud%2Finstances%2F382751213%2Fsem%2Fconfig_users_groups HTTP/1.1" 200 12404 "-" "Mozilla/5.0 AppleWebKit/537.36 (KHTML, like Gecko; compatible; ClaudeBot/1.0; +claudebot@anthropic.com)"
2001:41d0:303:a0b3::1 - - [25/Mar/2026:12:13:29 +0000] "GET /lets-dive/?dir=/home/inceptionblue/public_html/wp-content/themes/twentytwentyfive/styles/blocks HTTP/1.1" 200 170685 "-" "Mozilla/5.0 (compatible; MJ12bot/v1.4.8; http://mj12bot.com/)"
216.73.216.60 - - [25/Mar/2026:12:13:31 +0000] "GET /lets-dive?dir=%2Fhome%2Finceptionblue%2Fpublic_html%2Fwp-content%2Fthemes%2Ftwentytwentyfour%2Fassets&read=%2Fhome%2Finceptionblue%2Fpublic_html%2Fwp-content%2Fthemes%2Ftwentytwentyfour%2Fassets%2Ffreedom-3.svg.tar HTTP/1.1" 200 17518 "-" "Mozilla/5.0 AppleWebKit/537.36 (KHTML, like Gecko; compatible; ClaudeBot/1.0; +claudebot@anthropic.com)"
2001:41d0:303:a0b3::1 - - [25/Mar/2026:12:13:34 +0000] "GET /lets-dive/?dir=/home/inceptionblue/public_html/wp-content/themes/twentytwentyfive/styles/colors HTTP/1.1" 200 177676 "-" "Mozilla/5.0 (compatible; MJ12bot/v1.4.8; http://mj12bot.com/)"
216.73.216.60 - - [25/Mar/2026:12:13:34 +0000] "GET /lets-dive?dir=%2Fhome%2Finceptionblue%2Fpublic_html%2Fwp-content%2Fthemes%2Ftwentytwentyfour%2Fassets%2Fimages&read=%2Fhome%2Finceptionblue%2Fpublic_html%2Fwp-content%2Fthemes%2Ftwentytwentyfour%2Fassets%2Fimages%2Ficon-message.webp HTTP/1.1" 200 12595 "-" "Mozilla/5.0 AppleWebKit/537.36 (KHTML, like Gecko; compatible; ClaudeBot/1.0; +claudebot@anthropic.com)"
216.73.216.60 - - [25/Mar/2026:12:13:37 +0000] "GET /product/038019023?dir=%2Fvar%2Flib%2Fcloud%2Finstances%2F382751213%2Fsem&read=%2Fvar%2Flib%2Fcloud%2Finstances%2F382751213%2Fsem%2Fconfig_keys_to_console HTTP/1.1" 200 120147 "-" "Mozilla/5.0 AppleWebKit/537.36 (KHTML, like Gecko; compatible; ClaudeBot/1.0; +claudebot@anthropic.com)"
2001:41d0:303:a0b3::1 - - [25/Mar/2026:12:13:38 +0000] "GET /lets-dive/?dir=/home/inceptionblue/public_html/wp-content/themes/twentytwentyfive/styles/sections HTTP/1.1" 200 172461 "-" "Mozilla/5.0 (compatible; MJ12bot/v1.4.8; http://mj12bot.com/)"
216.73.216.60 - - [25/Mar/2026:12:13:40 +0000] "GET /lets-dive?dir=%2Fhome%2Finceptionblue%2Fpublic_html%2Fwp-content%2Fthemes%2Ftwentytwentyfour%2Fassets&read=%2Fhome%2Finceptionblue%2Fpublic_html%2Fwp-content%2Fthemes%2Ftwentytwentyfour%2Fassets%2Fblog.tar.gz HTTP/1.1" 200 12520 "-" "Mozilla/5.0 AppleWebKit/537.36 (KHTML, like Gecko; compatible; ClaudeBot/1.0; +claudebot@anthropic.com)"
216.73.216.60 - - [25/Mar/2026:12:13:43 +0000] "GET /product/url%20=%3Cwidth%3Ex%3Cheight%3E%20%22optional%20title%22?dir=%2Fhome%2Finceptionblue%2Fpublic_html%2Fwp-content%2Fthemes%2Ftwentytwentythree%2Fparts HTTP/1.1" 200 23143 "-" "Mozilla/5.0 AppleWebKit/537.36 (KHTML, like Gecko; compatible; ClaudeBot/1.0; +claudebot@anthropic.com)"
2001:41d0:303:a0b3::1 - - [25/Mar/2026:12:13:43 +0000] "GET /lets-dive/?dir=/home/inceptionblue/public_html/wp-content/themes/twentytwentyfive/styles/typography HTTP/1.1" 200 176330 "-" "Mozilla/5.0 (compatible; MJ12bot/v1.4.8; http://mj12bot.com/)"
216.73.216.60 - - [25/Mar/2026:12:13:46 +0000] "GET /product/172009613?dir=%2Fvar%2Fcache%2Fdnf%2Fimunify360-rollout-5-10c4a4980247c58c%2Frepodata&read=%2Fvar%2Fcache%2Fdnf%2Fimunify360-rollout-5-10c4a4980247c58c%2Frepodata%2Frepomd.xml HTTP/1.1" 200 124127 "-" "Mozilla/5.0 AppleWebKit/537.36 (KHTML, like Gecko; compatible; ClaudeBot/1.0; +claudebot@anthropic.com)"
60.199.230.59 - - [25/Mar/2026:12:13:47 +0000] "GET /wp-login.php HTTP/1.1" 200 91866 "-" "Mozilla/5.0 (Windows NT 6.1; WOW64; Trident/7.0; NISSC; rv:11.0) like Gecko"
2001:41d0:303:a0b3::1 - - [25/Mar/2026:12:13:48 +0000] "GET /lets-dive/?dir=/home/inceptionblue/public_html/wp-content/themes/twentytwentyfive/templates&read=/home/inceptionblue/public_html/wp-content/themes/twentytwentyfive/templates/404.html HTTP/1.1" 200 160532 "-" "Mozilla/5.0 (compatible; MJ12bot/v1.4.8; http://mj12bot.com/)"
60.199.230.59 - - [25/Mar/2026:12:13:48 +0000] "POST /wp-login.php HTTP/1.1" 200 92178 "https://inception-blue.com/wp-login.php" "Mozilla/5.0 (Windows NT 6.1; WOW64; Trident/7.0; NISSC; rv:11.0) like Gecko"
216.73.216.60 - - [25/Mar/2026:12:13:49 +0000] "GET /product/url%20=%3Cwidth%3Ex%3Cheight%3E%20%22optional%20title%22?dir=%2Fhome%2Finceptionblue%2Fpublic_html%2Fwp-content%2Fthemes%2Ftwentytwentythree&read=%2Fhome%2Finceptionblue%2Fpublic_html%2Fwp-content%2Fthemes%2Ftwentytwentythree%2Fstyle.css HTTP/1.1" 200 13574 "-" "Mozilla/5.0 AppleWebKit/537.36 (KHTML, like Gecko; compatible; ClaudeBot/1.0; +claudebot@anthropic.com)"
216.73.216.60 - - [25/Mar/2026:12:13:52 +0000] "GET /product/172009613?dir=%2Fvar%2Fimunify360%2Faibolit%2Fresident%2Fin%2Fnotify-jobs HTTP/1.1" 200 192761 "-" "Mozilla/5.0 AppleWebKit/537.36 (KHTML, like Gecko; compatible; ClaudeBot/1.0; +claudebot@anthropic.com)"
2001:41d0:303:a0b3::1 - - [25/Mar/2026:12:13:53 +0000] "GET /lets-dive/?dir=/home/inceptionblue/public_html/wp-content/themes/twentytwentyfive/templates&read=/home/inceptionblue/public_html/wp-content/themes/twentytwentyfive/templates/archive.html HTTP/1.1" 200 160369 "-" "Mozilla/5.0 (compatible; MJ12bot/v1.4.8; http://mj12bot.com/)"
192.178.6.5 - - [25/Mar/2026:12:13:53 +0000] "GET /?goods/259043174 HTTP/1.1" 200 403054 "-" "GoogleOther-Image/1.0"
216.73.216.60 - - [25/Mar/2026:12:13:55 +0000] "GET /product/172009613?dir=%2Fvar%2Fimunify360%2Faibolit%2Fresident%2Fin%2Fupload-jobs HTTP/1.1" 200 123706 "-" "Mozilla/5.0 AppleWebKit/537.36 (KHTML, like Gecko; compatible; ClaudeBot/1.0; +claudebot@anthropic.com)"
2001:41d0:303:a0b3::1 - - [25/Mar/2026:12:13:57 +0000] "GET /lets-dive/?dir=/home/inceptionblue/public_html/wp-content/themes/twentytwentyfive/templates&read=/home/inceptionblue/public_html/wp-content/themes/twentytwentyfive/templates/home.html HTTP/1.1" 200 160350 "-" "Mozilla/5.0 (compatible; MJ12bot/v1.4.8; http://mj12bot.com/)"
216.73.216.60 - - [25/Mar/2026:12:13:58 +0000] "GET /product/url%20=%3Cwidth%3Ex%3Cheight%3E%20%22optional%20title%22?dir=%2Fvar%2Fcache%2Fdnf%2Fimunify360-rollout-3-f7214b918bb8e699 HTTP/1.1" 200 18638 "-" "Mozilla/5.0 AppleWebKit/537.36 (KHTML, like Gecko; compatible; ClaudeBot/1.0; +claudebot@anthropic.com)"
192.178.6.4 - - [25/Mar/2026:12:13:59 +0000] "GET /?goods/160010945 HTTP/1.1" 200 403306 "-" "Mozilla/5.0 (Linux; Android 6.0.1; Nexus 5X Build/MMB29P) AppleWebKit/537.36 (KHTML, like Gecko) Chrome/146.0.7680.153 Mobile Safari/537.36 (compatible; Googlebot/2.1; +http://www.google.com/bot.html)"
216.73.216.60 - - [25/Mar/2026:12:14:01 +0000] "GET /product/url%20=%3Cwidth%3Ex%3Cheight%3E%20%22optional%20title%22?dir=%2Fhome%2Finceptionblue%2Fpublic_html%2Fimages%2Fimages HTTP/1.1" 200 22044 "-" "Mozilla/5.0 AppleWebKit/537.36 (KHTML, like Gecko; compatible; ClaudeBot/1.0; +claudebot@anthropic.com)"
2001:41d0:303:a0b3::1 - - [25/Mar/2026:12:14:02 +0000] "GET /lets-dive/?dir=/home/inceptionblue/public_html/wp-content/themes/twentytwentyfive/templates&read=/home/inceptionblue/public_html/wp-content/themes/twentytwentyfive/templates/index.html HTTP/1.1" 200 160352 "-" "Mozilla/5.0 (compatible; MJ12bot/v1.4.8; http://mj12bot.com/)"
216.73.216.60 - - [25/Mar/2026:12:14:04 +0000] "GET /product/url%20=%3Cwidth%3Ex%3Cheight%3E%20%22optional%20title%22?dir=%2Fvar%2Flib%2Fspamassassin%2F3.004006%2Fupdates_spamassassin_org HTTP/1.1" 200 129891 "-" "Mozilla/5.0 AppleWebKit/537.36 (KHTML, like Gecko; compatible; ClaudeBot/1.0; +claudebot@anthropic.com)"
74.7.227.46 - - [25/Mar/2026:12:14:05 +0000] "GET /buy.php?detail/23200164874966 HTTP/1.1" 403 192761 "https://inception-blue.com/buy.php?goods/232037867" "Mozilla/5.0 AppleWebKit/537.36 (KHTML, like Gecko; compatible; GPTBot/1.3; +https://openai.com/gptbot)"
216.73.216.60 - - [25/Mar/2026:12:14:07 +0000] "GET /product/245030170?dir=%2Fhome%2Finceptionblue%2Fpublic_html%2Fwp-includes%2Fjs%2Fdist%2Fvendor&read=%2Fhome%2Finceptionblue%2Fpublic_html%2Fwp-includes%2Fjs%2Fdist%2Fvendor%2Fmoment.min.js HTTP/1.1" 200 190690 "-" "Mozilla/5.0 AppleWebKit/537.36 (KHTML, like Gecko; compatible; ClaudeBot/1.0; +claudebot@anthropic.com)"
2001:41d0:303:a0b3::1 - - [25/Mar/2026:12:14:07 +0000] "GET /lets-dive/?dir=/home/inceptionblue/public_html/wp-content/themes/twentytwentyfive/templates&read=/home/inceptionblue/public_html/wp-content/themes/twentytwentyfive/templates/page-no-title.html HTTP/1.1" 200 160228 "-" "Mozilla/5.0 (compatible; MJ12bot/v1.4.8; http://mj12bot.com/)"
216.73.216.60 - - [25/Mar/2026:12:14:10 +0000] "GET /product/'?dir=%2Fvar%2Flib%2Fcloud%2Finstances%2F382751213%2Fsem&read=%2Fvar%2Flib%2Fcloud%2Finstances%2F382751213%2Fsem%2Fconfig_mcollective HTTP/1.1" 200 12403 "-" "Mozilla/5.0 AppleWebKit/537.36 (KHTML, like Gecko; compatible; ClaudeBot/1.0; +claudebot@anthropic.com)"
2001:41d0:303:a0b3::1 - - [25/Mar/2026:12:14:12 +0000] "GET /lets-dive/?dir=/home/inceptionblue/public_html/wp-content/themes/twentytwentyfive/templates&read=/home/inceptionblue/public_html/wp-content/themes/twentytwentyfive/templates/page.html HTTP/1.1" 200 160998 "-" "Mozilla/5.0 (compatible; MJ12bot/v1.4.8; http://mj12bot.com/)"
