216.73.216.36 - - [22/Mar/2026:12:04:19 +0000] "GET /product/038019023?dir=%2Fhome%2Finceptionblue%2Fpublic_html%2Fwp-content%2Fuploads%2F2025 HTTP/1.1" 200 142984 "-" "Mozilla/5.0 AppleWebKit/537.36 (KHTML, like Gecko; compatible; ClaudeBot/1.0; +claudebot@anthropic.com)"
2a03:2880:f806:26:: - - [22/Mar/2026:12:04:19 +0000] "GET /product/003043208?dir=%2Fvar%2Fnamed&read=%2Fvar%2Fnamed%2Fnamed.loopback HTTP/1.1" 200 119619 "-" "meta-externalagent/1.1 (+https://developers.facebook.com/docs/sharing/webmasters/crawler)"
2a03:2880:f806:3e:: - - [22/Mar/2026:12:04:20 +0000] "GET /product/003043208?dir=%2Fvar%2Fnamed&read=%2Fvar%2Fnamed%2Fjewish-motivation.co.il.db HTTP/1.1" 200 119631 "-" "meta-externalagent/1.1 (+https://developers.facebook.com/docs/sharing/webmasters/crawler)"
2a03:2880:f806:46:: - - [22/Mar/2026:12:04:20 +0000] "GET /product/003043208?dir=%2Frun%2Flock%2Flvm HTTP/1.1" 200 186877 "-" "meta-externalagent/1.1 (+https://developers.facebook.com/docs/sharing/webmasters/crawler)"
2a03:2880:f806:8:: - - [22/Mar/2026:12:04:20 +0000] "GET /product/003043208?dir=%2Fvar%2Flib%2Frpm-state HTTP/1.1" 200 127089 "-" "meta-externalagent/1.1 (+https://developers.facebook.com/docs/sharing/webmasters/crawler)"
2a03:2880:f806:a:: - - [22/Mar/2026:12:04:21 +0000] "GET /product/003043208?dir=%2Fvar%2Flib%2Fmisc HTTP/1.1" 200 123036 "-" "meta-externalagent/1.1 (+https://developers.facebook.com/docs/sharing/webmasters/crawler)"
2a03:2880:f806:3d:: - - [22/Mar/2026:12:04:21 +0000] "GET /product/003043208?dir=%2Fvar%2Fnamed&read=%2Fvar%2Fnamed%2Fhow-to-remove-toolbars.com.db HTTP/1.1" 200 119634 "-" "meta-externalagent/1.1 (+https://developers.facebook.com/docs/sharing/webmasters/crawler)"
2a03:2880:f806:30:: - - [22/Mar/2026:12:04:21 +0000] "GET /product/003043208?dir=%2Fvar%2Fnamed&read=%2Fvar%2Fnamed%2Ftahinimarket.com.db HTTP/1.1" 200 119624 "-" "meta-externalagent/1.1 (+https://developers.facebook.com/docs/sharing/webmasters/crawler)"
74.7.227.46 - - [22/Mar/2026:12:04:22 +0000] "GET /buy.php?detail/27402306518900 HTTP/1.1" 403 186877 "https://inception-blue.com/buy.php?detail/28901876989380" "Mozilla/5.0 AppleWebKit/537.36 (KHTML, like Gecko; compatible; GPTBot/1.3; +https://openai.com/gptbot)"
2a03:2880:f806:5:: - - [22/Mar/2026:12:04:22 +0000] "GET /product/003043208?dir=%2Fvar%2Fnamed&read=%2Fvar%2Fnamed%2Flampur.co.il.db HTTP/1.1" 200 119620 "-" "meta-externalagent/1.1 (+https://developers.facebook.com/docs/sharing/webmasters/crawler)"
2a03:2880:f806:3e:: - - [22/Mar/2026:12:04:22 +0000] "GET /product/003043208?dir=%2Fvar%2Fnamed&read=%2Fvar%2Fnamed%2Fforecasting-tools.com.db HTTP/1.1" 200 119629 "-" "meta-externalagent/1.1 (+https://developers.facebook.com/docs/sharing/webmasters/crawler)"
216.73.216.36 - - [22/Mar/2026:12:04:22 +0000] "GET /product/024022087?dir=%2Fhome%2Finceptionblue%2Fmail%2F.Junk%2Fcur HTTP/1.1" 200 123464 "-" "Mozilla/5.0 AppleWebKit/537.36 (KHTML, like Gecko; compatible; ClaudeBot/1.0; +claudebot@anthropic.com)"
2a03:2880:f806:35:: - - [22/Mar/2026:12:04:22 +0000] "GET /product/003043208?dir=%2Fvar%2Flib%2Fos-prober HTTP/1.1" 200 123081 "-" "meta-externalagent/1.1 (+https://developers.facebook.com/docs/sharing/webmasters/crawler)"
2a03:2880:f806:28:: - - [22/Mar/2026:12:04:23 +0000] "GET /product/003043208?dir=%2Fvar%2Fnamed&read=%2Fvar%2Fnamed%2Favi-hefrati.com.db HTTP/1.1" 200 119623 "-" "meta-externalagent/1.1 (+https://developers.facebook.com/docs/sharing/webmasters/crawler)"
2a03:2880:f806:3a:: - - [22/Mar/2026:12:04:23 +0000] "GET /product/003043208?dir=%2Fvar%2Fnamed&read=%2Fvar%2Fnamed%2Fnamed.ip6.local HTTP/1.1" 200 120279 "-" "meta-externalagent/1.1 (+https://developers.facebook.com/docs/sharing/webmasters/crawler)"
2a03:2880:f806:3e:: - - [22/Mar/2026:12:04:24 +0000] "GET /product/003043208?dir=%2Fvar%2Fnamed&read=%2Fvar%2Fnamed%2Fvp-delivery.com.db HTTP/1.1" 200 119623 "-" "meta-externalagent/1.1 (+https://developers.facebook.com/docs/sharing/webmasters/crawler)"
2a03:2880:f806:6:: - - [22/Mar/2026:12:04:24 +0000] "GET /product/003043208?dir=%2Fvar%2Fnamed&read=%2Fvar%2Fnamed%2Fisorus.org.db HTTP/1.1" 200 119618 "-" "meta-externalagent/1.1 (+https://developers.facebook.com/docs/sharing/webmasters/crawler)"
2a03:2880:f806:48:: - - [22/Mar/2026:12:04:24 +0000] "GET /product/003043208?dir=%2Fvar%2Fimunify360%2Fuploads HTTP/1.1" 200 186877 "-" "meta-externalagent/1.1 (+https://developers.facebook.com/docs/sharing/webmasters/crawler)"
54.39.0.80 - - [22/Mar/2026:12:04:24 +0000] "GET /shopbrand/818165653.htm HTTP/1.1" 200 186877 "-" "Mozilla/5.0 (compatible; AhrefsBot/7.0; +http://ahrefs.com/robot/)"
2a03:2880:f806:a:: - - [22/Mar/2026:12:04:25 +0000] "GET /product/003043208?dir=%2Fvar%2Fnamed&read=%2Fvar%2Fnamed%2Fdata-breach-statistics.com.db HTTP/1.1" 200 119634 "-" "meta-externalagent/1.1 (+https://developers.facebook.com/docs/sharing/webmasters/crawler)"
216.73.216.36 - - [22/Mar/2026:12:04:25 +0000] "GET /product/260024707?dir=%2Fhome%2Finceptionblue%2Fpublic_html%2Fwp-includes%2Fblocks%2Fspacer HTTP/1.1" 200 140109 "-" "Mozilla/5.0 AppleWebKit/537.36 (KHTML, like Gecko; compatible; ClaudeBot/1.0; +claudebot@anthropic.com)"
2a03:2880:f806:2:: - - [22/Mar/2026:12:04:25 +0000] "GET /product/003043208?dir=%2Fvar%2Fimunify360&read=%2Fvar%2Fimunify360%2Flast_check_dttm.json HTTP/1.1" 200 119651 "-" "meta-externalagent/1.1 (+https://developers.facebook.com/docs/sharing/webmasters/crawler)"
2a03:2880:f806:39:: - - [22/Mar/2026:12:04:26 +0000] "GET /product/003043208?dir=%2Fvar%2Fnamed&read=%2Fvar%2Fnamed%2Ffinanceos.com.db HTTP/1.1" 200 119621 "-" "meta-externalagent/1.1 (+https://developers.facebook.com/docs/sharing/webmasters/crawler)"
2a03:2880:f806:3f:: - - [22/Mar/2026:12:04:26 +0000] "GET /product/003043208?dir=%2Fvar%2Flib%2Fkdump HTTP/1.1" 200 123045 "-" "meta-externalagent/1.1 (+https://developers.facebook.com/docs/sharing/webmasters/crawler)"
2a03:2880:f806:39:: - - [22/Mar/2026:12:04:26 +0000] "GET /product/003043208?dir=%2Fvar%2Flib%2Fsetroubleshoot HTTP/1.1" 200 186877 "-" "meta-externalagent/1.1 (+https://developers.facebook.com/docs/sharing/webmasters/crawler)"
2a03:2880:f806:22:: - - [22/Mar/2026:12:04:27 +0000] "GET /product/003043208?dir=%2Fvar%2Fnamed&read=%2Fvar%2Fnamed%2Findividual-force.com.db HTTP/1.1" 200 119628 "-" "meta-externalagent/1.1 (+https://developers.facebook.com/docs/sharing/webmasters/crawler)"
2a03:2880:f806:21:: - - [22/Mar/2026:12:04:27 +0000] "GET /product/003043208?dir=%2Fvar%2Fnamed%2Fcache HTTP/1.1" 200 186877 "-" "meta-externalagent/1.1 (+https://developers.facebook.com/docs/sharing/webmasters/crawler)"
2a03:2880:f806:2e:: - - [22/Mar/2026:12:04:28 +0000] "GET /product/003043208?dir=%2Fvar%2Flib%2Fprivate HTTP/1.1" 200 186877 "-" "meta-externalagent/1.1 (+https://developers.facebook.com/docs/sharing/webmasters/crawler)"
2a03:2880:f806:17:: - - [22/Mar/2026:12:04:28 +0000] "GET /product/003043208?dir=%2Fvar%2Fdb%2Fsudo HTTP/1.1" 200 186877 "-" "meta-externalagent/1.1 (+https://developers.facebook.com/docs/sharing/webmasters/crawler)"
216.73.216.36 - - [22/Mar/2026:12:04:28 +0000] "GET /product/260024707?dir=%2Fhome%2Finceptionblue%2Fpublic_html%2Fwp-includes%2Fblocks%2Fquery-pagination-numbers HTTP/1.1" 200 134163 "-" "Mozilla/5.0 AppleWebKit/537.36 (KHTML, like Gecko; compatible; ClaudeBot/1.0; +claudebot@anthropic.com)"
2a03:2880:f806:25:: - - [22/Mar/2026:12:04:28 +0000] "GET /product/003043208?dir=%2Fvar%2Fimunify360%2Fcleanup_storage HTTP/1.1" 200 186877 "-" "meta-externalagent/1.1 (+https://developers.facebook.com/docs/sharing/webmasters/crawler)"
2a03:2880:f806:26:: - - [22/Mar/2026:12:04:29 +0000] "GET /product/003043208?dir=%2Fvar%2Flib%2Fdbus HTTP/1.1" 200 124401 "-" "meta-externalagent/1.1 (+https://developers.facebook.com/docs/sharing/webmasters/crawler)"
2a03:2880:f806:15:: - - [22/Mar/2026:12:04:29 +0000] "GET /product/003043208?dir=%2Fvar%2Fnamed&read=%2Fvar%2Fnamed%2Fdata-consolidation.com.db HTTP/1.1" 200 119630 "-" "meta-externalagent/1.1 (+https://developers.facebook.com/docs/sharing/webmasters/crawler)"
2a03:2880:f806:25:: - - [22/Mar/2026:12:04:30 +0000] "GET /product/003043208?dir=%2Fvar%2Fimunify360%2Ftmp HTTP/1.1" 200 186877 "-" "meta-externalagent/1.1 (+https://developers.facebook.com/docs/sharing/webmasters/crawler)"
2a03:2880:f806:30:: - - [22/Mar/2026:12:04:30 +0000] "GET /product/003043208?dir=%2Fvar%2Flib%2Flibcare HTTP/1.1" 200 124439 "-" "meta-externalagent/1.1 (+https://developers.facebook.com/docs/sharing/webmasters/crawler)"
2a03:2880:f806:12:: - - [22/Mar/2026:12:04:30 +0000] "GET /product/003043208?dir=%2Fvar%2Fnamed&read=%2Fvar%2Fnamed%2Fvp-information-technology.com.db HTTP/1.1" 200 119637 "-" "meta-externalagent/1.1 (+https://developers.facebook.com/docs/sharing/webmasters/crawler)"
2a03:2880:f806:27:: - - [22/Mar/2026:12:04:31 +0000] "GET /product/003043208?dir=%2Fvar%2Flib%2FNetworkManager HTTP/1.1" 200 186877 "-" "meta-externalagent/1.1 (+https://developers.facebook.com/docs/sharing/webmasters/crawler)"
2a03:2880:f806:24:: - - [22/Mar/2026:12:04:31 +0000] "GET /product/003043208?dir=%2Fvar%2Fnamed&read=%2Fvar%2Fnamed%2Ftotam.co.il.db HTTP/1.1" 200 119619 "-" "meta-externalagent/1.1 (+https://developers.facebook.com/docs/sharing/webmasters/crawler)"
2a03:2880:f806:34:: - - [22/Mar/2026:12:04:31 +0000] "GET /product/003043208?dir=%2Fvar%2Fimunify360%2Ftmp_cleanup HTTP/1.1" 200 186877 "-" "meta-externalagent/1.1 (+https://developers.facebook.com/docs/sharing/webmasters/crawler)"
216.73.216.36 - - [22/Mar/2026:12:04:31 +0000] "GET /product/138026129?dir=%2Fhome%2Finceptionblue%2Fpublic_html%2Fwp-includes%2Fjs%2Fjquery%2Fui&read=%2Fhome%2Finceptionblue%2Fpublic_html%2Fwp-includes%2Fjs%2Fjquery%2Fui%2Feffect-clip.js HTTP/1.1" 200 121888 "-" "Mozilla/5.0 AppleWebKit/537.36 (KHTML, like Gecko; compatible; ClaudeBot/1.0; +claudebot@anthropic.com)"
2a03:2880:f806:13:: - - [22/Mar/2026:12:04:31 +0000] "GET /product/003043208?dir=%2Fvar%2Fnamed%2Fdynamic HTTP/1.1" 200 186877 "-" "meta-externalagent/1.1 (+https://developers.facebook.com/docs/sharing/webmasters/crawler)"
2a03:2880:f806:43:: - - [22/Mar/2026:12:04:32 +0000] "GET /product/003043208?dir=%2Fvar%2Fimunify360&read=%2Fvar%2Fimunify360%2Flicense_old.json HTTP/1.1" 200 119647 "-" "meta-externalagent/1.1 (+https://developers.facebook.com/docs/sharing/webmasters/crawler)"
2a03:2880:f806:2e:: - - [22/Mar/2026:12:04:32 +0000] "GET /product/003043208?dir=%2Fvar%2Fimunify360&read=%2Fvar%2Fimunify360%2Fiaid-password HTTP/1.1" 200 119644 "-" "meta-externalagent/1.1 (+https://developers.facebook.com/docs/sharing/webmasters/crawler)"
2a03:2880:f806:2b:: - - [22/Mar/2026:12:04:32 +0000] "GET /product/003043208?dir=%2Fvar%2Fimunify360%2Ffiles HTTP/1.1" 200 128527 "-" "meta-externalagent/1.1 (+https://developers.facebook.com/docs/sharing/webmasters/crawler)"
2a03:2880:f806:43:: - - [22/Mar/2026:12:04:33 +0000] "GET /product/003043208?dir=%2Fvar%2Flib%2Fsmartmontools HTTP/1.1" 200 123117 "-" "meta-externalagent/1.1 (+https://developers.facebook.com/docs/sharing/webmasters/crawler)"
2a03:2880:f806:30:: - - [22/Mar/2026:12:04:33 +0000] "GET /product/003043208?dir=%2Fvar%2Fnamed&read=%2Fvar%2Fnamed%2Fvp-rnd.com.db HTTP/1.1" 200 119618 "-" "meta-externalagent/1.1 (+https://developers.facebook.com/docs/sharing/webmasters/crawler)"
2a03:2880:f806:3:: - - [22/Mar/2026:12:04:33 +0000] "GET /product/003043208?dir=%2Fvar%2Fnamed&read=%2Fvar%2Fnamed%2Fstop-caffeine.com.db HTTP/1.1" 200 119625 "-" "meta-externalagent/1.1 (+https://developers.facebook.com/docs/sharing/webmasters/crawler)"
2a03:2880:f806:32:: - - [22/Mar/2026:12:04:33 +0000] "GET /product/003043208?dir=%2Fvar%2Fnamed&read=%2Fvar%2Fnamed%2Fchief-product.com.db HTTP/1.1" 200 119625 "-" "meta-externalagent/1.1 (+https://developers.facebook.com/docs/sharing/webmasters/crawler)"
2a03:2880:f806:41:: - - [22/Mar/2026:12:04:34 +0000] "GET /product/003043208?dir=%2Fvar%2Fimunify360&read=%2Fvar%2Fimunify360%2F.sentry_tags HTTP/1.1" 200 119643 "-" "meta-externalagent/1.1 (+https://developers.facebook.com/docs/sharing/webmasters/crawler)"
216.73.216.36 - - [22/Mar/2026:12:04:34 +0000] "GET /product/245030170?dir=%2Fhome%2Finceptionblue%2Fpublic_html%2Fwp-includes&read=%2Fhome%2Finceptionblue%2Fpublic_html%2Fwp-includes%2Fclass-wp-site.php HTTP/1.1" 200 127618 "-" "Mozilla/5.0 AppleWebKit/537.36 (KHTML, like Gecko; compatible; ClaudeBot/1.0; +claudebot@anthropic.com)"
2a03:2880:f806:3c:: - - [22/Mar/2026:12:04:34 +0000] "GET /product/003043208?dir=%2Fvar%2Fnamed&read=%2Fvar%2Fnamed%2Fciso-portal.com.db HTTP/1.1" 200 119623 "-" "meta-externalagent/1.1 (+https://developers.facebook.com/docs/sharing/webmasters/crawler)"
2a03:2880:f806:5:: - - [22/Mar/2026:12:04:34 +0000] "GET /product/003043208?dir=%2Fvar%2Flib%2Finitramfs HTTP/1.1" 200 123081 "-" "meta-externalagent/1.1 (+https://developers.facebook.com/docs/sharing/webmasters/crawler)"
2a03:2880:f806:26:: - - [22/Mar/2026:12:04:35 +0000] "GET /product/003043208?dir=%2Fvar%2Flib%2Fchrony HTTP/1.1" 200 186877 "-" "meta-externalagent/1.1 (+https://developers.facebook.com/docs/sharing/webmasters/crawler)"
2a03:2880:f806:17:: - - [22/Mar/2026:12:04:35 +0000] "GET /product/003043208?dir=%2Fvar%2Fnamed&read=%2Fvar%2Fnamed%2Fbeck-marketing.com.db HTTP/1.1" 200 119626 "-" "meta-externalagent/1.1 (+https://developers.facebook.com/docs/sharing/webmasters/crawler)"
2a03:2880:f806:1e:: - - [22/Mar/2026:12:04:35 +0000] "GET /product/003043208?dir=%2Fvar%2Fnamed&read=%2Fvar%2Fnamed%2Fdenver-restoration.com.db HTTP/1.1" 200 119630 "-" "meta-externalagent/1.1 (+https://developers.facebook.com/docs/sharing/webmasters/crawler)"
2a03:2880:f806:14:: - - [22/Mar/2026:12:04:36 +0000] "GET /product/003043208?dir=%2Fvar%2Fnamed&read=%2Fvar%2Fnamed%2Fdata-validator.com.db HTTP/1.1" 200 119626 "-" "meta-externalagent/1.1 (+https://developers.facebook.com/docs/sharing/webmasters/crawler)"
2a03:2880:f806:31:: - - [22/Mar/2026:12:04:36 +0000] "GET /product/003043208?dir=%2Fvar%2Fimunify360&read=%2Fvar%2Fimunify360%2Fiaid-token.i360bak HTTP/1.1" 200 119649 "-" "meta-externalagent/1.1 (+https://developers.facebook.com/docs/sharing/webmasters/crawler)"
2a03:2880:f806:17:: - - [22/Mar/2026:12:04:36 +0000] "GET /product/003043208?dir=%2Fvar%2Fnamed&read=%2Fvar%2Fnamed%2Fsase-portal.com.db HTTP/1.1" 200 119623 "-" "meta-externalagent/1.1 (+https://developers.facebook.com/docs/sharing/webmasters/crawler)"
2a03:2880:f806:46:: - - [22/Mar/2026:12:04:37 +0000] "GET /product/003043208?dir=%2Fvar%2Fnamed%2Fdata HTTP/1.1" 200 186877 "-" "meta-externalagent/1.1 (+https://developers.facebook.com/docs/sharing/webmasters/crawler)"
216.73.216.36 - - [22/Mar/2026:12:04:37 +0000] "GET /product/229049998?dir=%2Fhome%2Finceptionblue%2Fpublic_html%2Fwp-includes%2Fblocks&read=%2Fhome%2Finceptionblue%2Fpublic_html%2Fwp-includes%2Fblocks%2Flegacy-widget.php HTTP/1.1" 200 124360 "-" "Mozilla/5.0 AppleWebKit/537.36 (KHTML, like Gecko; compatible; ClaudeBot/1.0; +claudebot@anthropic.com)"
2a03:2880:f806:44:: - - [22/Mar/2026:12:04:37 +0000] "GET /product/003043208?dir=%2Fvar%2Fnamed&read=%2Fvar%2Fnamed%2Fezegil.co.il.db HTTP/1.1" 200 119620 "-" "meta-externalagent/1.1 (+https://developers.facebook.com/docs/sharing/webmasters/crawler)"
2a03:2880:f806:3a:: - - [22/Mar/2026:12:04:38 +0000] "GET /product/003043208?dir=%2Fvar%2Flib%2Fcloud HTTP/1.1" 200 132369 "-" "meta-externalagent/1.1 (+https://developers.facebook.com/docs/sharing/webmasters/crawler)"
2a03:2880:f806:f:: - - [22/Mar/2026:12:04:37 +0000] "GET /product/003043208?dir=%2Frun%2Flock%2Fsubsys HTTP/1.1" 200 124427 "-" "meta-externalagent/1.1 (+https://developers.facebook.com/docs/sharing/webmasters/crawler)"
2a03:2880:f806:2d:: - - [22/Mar/2026:12:04:38 +0000] "GET /product/003043208?dir=%2Fvar%2Flib%2Fnfs HTTP/1.1" 200 129783 "-" "meta-externalagent/1.1 (+https://developers.facebook.com/docs/sharing/webmasters/crawler)"
2a03:2880:f806:9:: - - [22/Mar/2026:12:04:38 +0000] "GET /product/003043208?dir=%2Fvar%2Fnamed&read=%2Fvar%2Fnamed%2Fbudgeting-tools.com.db HTTP/1.1" 200 119627 "-" "meta-externalagent/1.1 (+https://developers.facebook.com/docs/sharing/webmasters/crawler)"
2a03:2880:f806:46:: - - [22/Mar/2026:12:04:39 +0000] "GET /product/003043208?dir=%2Fvar%2Flib%2Funbound HTTP/1.1" 200 124435 "-" "meta-externalagent/1.1 (+https://developers.facebook.com/docs/sharing/webmasters/crawler)"
2a03:2880:f806:b:: - - [22/Mar/2026:12:04:39 +0000] "GET /product/003043208?dir=%2Fvar%2Fnamed&read=%2Fvar%2Fnamed%2Fnamed.rfc1912.zones HTTP/1.1" 200 120757 "-" "meta-externalagent/1.1 (+https://developers.facebook.com/docs/sharing/webmasters/crawler)"
2a03:2880:f806:16:: - - [22/Mar/2026:12:04:39 +0000] "GET /product/003043208?dir=%2Fvar%2Flib%2Fauthselect HTTP/1.1" 200 124522 "-" "meta-externalagent/1.1 (+https://developers.facebook.com/docs/sharing/webmasters/crawler)"
74.7.227.46 - - [22/Mar/2026:12:04:39 +0000] "GET /buy.php?detail/16702109458013 HTTP/1.1" 403 186877 "https://inception-blue.com/buy.php?detail/08404464690505" "Mozilla/5.0 AppleWebKit/537.36 (KHTML, like Gecko; compatible; GPTBot/1.3; +https://openai.com/gptbot)"
2a03:2880:f806:34:: - - [22/Mar/2026:12:04:40 +0000] "GET /product/003043208?dir=%2Fvar%2Flib%2Falternatives HTTP/1.1" 200 134620 "-" "meta-externalagent/1.1 (+https://developers.facebook.com/docs/sharing/webmasters/crawler)"
2a03:2880:f806:3d:: - - [22/Mar/2026:12:04:40 +0000] "GET /product/003043208?dir=%2Fvar%2Fimunify360&read=%2Fvar%2Fimunify360%2Fiaid HTTP/1.1" 200 119635 "-" "meta-externalagent/1.1 (+https://developers.facebook.com/docs/sharing/webmasters/crawler)"
2a03:2880:f806:39:: - - [22/Mar/2026:12:04:40 +0000] "GET /product/003043208?dir=%2Fvar%2Flib%2Fsystemd HTTP/1.1" 200 129836 "-" "meta-externalagent/1.1 (+https://developers.facebook.com/docs/sharing/webmasters/crawler)"
216.73.216.36 - - [22/Mar/2026:12:04:40 +0000] "GET /product/138026129?dir=%2Fhome%2Finceptionblue%2Fpublic_html%2Fwp-includes%2Fblocks&read=%2Fhome%2Finceptionblue%2Fpublic_html%2Fwp-includes%2Fblocks%2Flatest-comments.php HTTP/1.1" 200 125393 "-" "Mozilla/5.0 AppleWebKit/537.36 (KHTML, like Gecko; compatible; ClaudeBot/1.0; +claudebot@anthropic.com)"
2a03:2880:f806:27:: - - [22/Mar/2026:12:04:40 +0000] "GET /product/003043208?dir=%2Fvar%2Flib%2Frpm HTTP/1.1" 200 156961 "-" "meta-externalagent/1.1 (+https://developers.facebook.com/docs/sharing/webmasters/crawler)"
2a03:2880:f806:40:: - - [22/Mar/2026:12:04:41 +0000] "GET /product/003043208?dir=%2Fvar%2Fnamed&read=%2Fvar%2Fnamed%2Fnamed.zero HTTP/1.1" 200 120272 "-" "meta-externalagent/1.1 (+https://developers.facebook.com/docs/sharing/webmasters/crawler)"
2a03:2880:f806:1d:: - - [22/Mar/2026:12:04:41 +0000] "GET /product/003043208?dir=%2Fvar%2Fwww%2Fhtml HTTP/1.1" 200 137172 "-" "meta-externalagent/1.1 (+https://developers.facebook.com/docs/sharing/webmasters/crawler)"
2a03:2880:f806:32:: - - [22/Mar/2026:12:04:41 +0000] "GET /product/003043208?dir=%2Fvar%2Flib%2Fmysql HTTP/1.1" 200 239561 "-" "meta-externalagent/1.1 (+https://developers.facebook.com/docs/sharing/webmasters/crawler)"
2a03:2880:f806:19:: - - [22/Mar/2026:12:04:42 +0000] "GET /product/003043208?dir=%2Fvar%2Fimunify360&read=%2Fvar%2Fimunify360%2Fimunify360.db HTTP/1.1" 200 119644 "-" "meta-externalagent/1.1 (+https://developers.facebook.com/docs/sharing/webmasters/crawler)"
2a03:2880:f806:10:: - - [22/Mar/2026:12:04:42 +0000] "GET /product/003043208?dir=%2Fvar%2Flib%2Fdpkg HTTP/1.1" 200 127226 "-" "meta-externalagent/1.1 (+https://developers.facebook.com/docs/sharing/webmasters/crawler)"
2a03:2880:f806:6:: - - [22/Mar/2026:12:04:42 +0000] "GET /product/003043208?dir=%2Fvar%2Fnamed&read=%2Fvar%2Fnamed%2Fnamed.local HTTP/1.1" 200 120273 "-" "meta-externalagent/1.1 (+https://developers.facebook.com/docs/sharing/webmasters/crawler)"
2a03:2880:f806:23:: - - [22/Mar/2026:12:04:42 +0000] "GET /product/003043208?dir=%2Fvar%2Flib%2FPackageKit HTTP/1.1" 200 123090 "-" "meta-externalagent/1.1 (+https://developers.facebook.com/docs/sharing/webmasters/crawler)"
216.73.216.36 - - [22/Mar/2026:12:04:43 +0000] "GET /product/138010947?dir=%2Fhome%2Finceptionblue%2Fpublic_html%2Fwp-includes%2FID3&read=%2Fhome%2Finceptionblue%2Fpublic_html%2Fwp-includes%2FID3%2Fgetid3.lib.php HTTP/1.1" 200 177050 "-" "Mozilla/5.0 AppleWebKit/537.36 (KHTML, like Gecko; compatible; ClaudeBot/1.0; +claudebot@anthropic.com)"
2a03:2880:f806:3:: - - [22/Mar/2026:12:04:43 +0000] "GET /product/003043208?dir=%2Fvar%2Fimunify360%2Faibolit HTTP/1.1" 200 128665 "-" "meta-externalagent/1.1 (+https://developers.facebook.com/docs/sharing/webmasters/crawler)"
2a03:2880:f806:1c:: - - [22/Mar/2026:12:04:43 +0000] "GET /product/003043208?dir=%2Fvar%2Fimunify360%2F.persistent_state HTTP/1.1" 200 186877 "-" "meta-externalagent/1.1 (+https://developers.facebook.com/docs/sharing/webmasters/crawler)"
2a03:2880:f806:20:: - - [22/Mar/2026:12:04:44 +0000] "GET /product/003043208?dir=%2Fvar%2Fkerberos%2Fkrb5 HTTP/1.1" 200 124371 "-" "meta-externalagent/1.1 (+https://developers.facebook.com/docs/sharing/webmasters/crawler)"
2a03:2880:f806:33:: - - [22/Mar/2026:12:04:44 +0000] "GET /product/003043208?dir=%2Fvar%2Flib%2Fpolkit-1 HTTP/1.1" 200 186877 "-" "meta-externalagent/1.1 (+https://developers.facebook.com/docs/sharing/webmasters/crawler)"
2a03:2880:f806:34:: - - [22/Mar/2026:12:04:45 +0000] "GET /product/003043208?dir=%2Fvar%2Fwww%2Fcgi-bin HTTP/1.1" 200 123063 "-" "meta-externalagent/1.1 (+https://developers.facebook.com/docs/sharing/webmasters/crawler)"
2a03:2880:f806:8:: - - [22/Mar/2026:12:04:44 +0000] "GET /product/003043208?dir=%2Fvar%2Flib%2Fimunify360-php-daemon HTTP/1.1" 200 186877 "-" "meta-externalagent/1.1 (+https://developers.facebook.com/docs/sharing/webmasters/crawler)"
2a03:2880:f806:1a:: - - [22/Mar/2026:12:04:45 +0000] "GET /product/003043208?dir=%2Fvar%2Fnamed&read=%2Fvar%2Fnamed%2Fztna-hub.com.db HTTP/1.1" 200 119620 "-" "meta-externalagent/1.1 (+https://developers.facebook.com/docs/sharing/webmasters/crawler)"
2a03:2880:f806:39:: - - [22/Mar/2026:12:04:45 +0000] "GET /product/003043208?dir=%2Fvar%2Fimunify360&read=%2Fvar%2Fimunify360%2Fiaid-token HTTP/1.1" 200 119641 "-" "meta-externalagent/1.1 (+https://developers.facebook.com/docs/sharing/webmasters/crawler)"
2a03:2880:f806:1b:: - - [22/Mar/2026:12:04:46 +0000] "GET /product/003043208?dir=%2Fvar%2Flib%2Fdhclient HTTP/1.1" 200 123072 "-" "meta-externalagent/1.1 (+https://developers.facebook.com/docs/sharing/webmasters/crawler)"
216.73.216.36 - - [22/Mar/2026:12:04:46 +0000] "GET /product/138010947?dir=%2Fhome%2Finceptionblue%2Fpublic_html%2Fwp-includes%2Fjs%2Fswfupload HTTP/1.1" 200 131878 "-" "Mozilla/5.0 AppleWebKit/537.36 (KHTML, like Gecko; compatible; ClaudeBot/1.0; +claudebot@anthropic.com)"
2a03:2880:f806:10:: - - [22/Mar/2026:12:04:46 +0000] "GET /product/003043208?dir=%2Fvar%2Fempty%2Fsshd HTTP/1.1" 200 123106 "-" "meta-externalagent/1.1 (+https://developers.facebook.com/docs/sharing/webmasters/crawler)"
2a03:2880:f806:3d:: - - [22/Mar/2026:12:04:46 +0000] "GET /product/003043208?dir=%2Fvar%2Fspool%2Flogrotate HTTP/1.1" 200 124391 "-" "meta-externalagent/1.1 (+https://developers.facebook.com/docs/sharing/webmasters/crawler)"
2a03:2880:f806:1:: - - [22/Mar/2026:12:04:47 +0000] "GET /product/003043208?dir=%2Fvar%2Fspool%2Fanacron HTTP/1.1" 200 127351 "-" "meta-externalagent/1.1 (+https://developers.facebook.com/docs/sharing/webmasters/crawler)"
2a03:2880:f806:29:: - - [22/Mar/2026:12:04:47 +0000] "GET /product/003043208?dir=%2Fvar%2Fspool%2Fcron HTTP/1.1" 200 186877 "-" "meta-externalagent/1.1 (+https://developers.facebook.com/docs/sharing/webmasters/crawler)"
2a03:2880:f806:3f:: - - [22/Mar/2026:12:04:48 +0000] "GET /product/003043208?dir=%2Fvar%2Fspool%2Fat HTTP/1.1" 200 186877 "-" "meta-externalagent/1.1 (+https://developers.facebook.com/docs/sharing/webmasters/crawler)"
2a03:2880:f806:31:: - - [22/Mar/2026:12:04:48 +0000] "GET /product/003043208?dir=%2Fvar%2Fspool%2Flpd HTTP/1.1" 200 123045 "-" "meta-externalagent/1.1 (+https://developers.facebook.com/docs/sharing/webmasters/crawler)"
2a03:2880:f806:c:: - - [22/Mar/2026:12:04:48 +0000] "GET /product/003043208?dir=%2Fvar%2Fspool%2Fmail HTTP/1.1" 200 123054 "-" "meta-externalagent/1.1 (+https://developers.facebook.com/docs/sharing/webmasters/crawler)"
2a03:2880:f806:10:: - - [22/Mar/2026:12:04:49 +0000] "GET /product/003043208?dir=%2Fvar%2Fspool%2Fexim HTTP/1.1" 200 129785 "-" "meta-externalagent/1.1 (+https://developers.facebook.com/docs/sharing/webmasters/crawler)"
2a03:2880:f806:16:: - - [22/Mar/2026:12:04:49 +0000] "GET /product/003043208?dir=%2Fvar%2Fcache%2Fapp-info HTTP/1.1" 200 125733 "-" "meta-externalagent/1.1 (+https://developers.facebook.com/docs/sharing/webmasters/crawler)"
2a03:2880:f806:46:: - - [22/Mar/2026:12:04:49 +0000] "GET /product/003043208?dir=%2Fvar%2Fcache%2FPackageKit HTTP/1.1" 200 123108 "-" "meta-externalagent/1.1 (+https://developers.facebook.com/docs/sharing/webmasters/crawler)"
2a03:2880:f806:31:: - - [22/Mar/2026:12:04:49 +0000] "GET /product/003043208?dir=%2Fvar%2Fcache%2Fprivate HTTP/1.1" 200 186877 "-" "meta-externalagent/1.1 (+https://developers.facebook.com/docs/sharing/webmasters/crawler)"
216.73.216.36 - - [22/Mar/2026:12:04:49 +0000] "GET /product/138026129?dir=%2Fhome%2Finceptionblue%2Fpublic_html%2Fwp-includes%2Fjs%2Fjquery%2Fui&read=%2Fhome%2Finceptionblue%2Fpublic_html%2Fwp-includes%2Fjs%2Fjquery%2Fui%2Feffect-pulsate.js HTTP/1.1" 200 121897 "-" "Mozilla/5.0 AppleWebKit/537.36 (KHTML, like Gecko; compatible; ClaudeBot/1.0; +claudebot@anthropic.com)"
2a03:2880:f806:45:: - - [22/Mar/2026:12:04:50 +0000] "GET /product/003043208?dir=%2Fvar%2Fcache%2Fldconfig HTTP/1.1" 200 186877 "-" "meta-externalagent/1.1 (+https://developers.facebook.com/docs/sharing/webmasters/crawler)"
2a03:2880:f806:9:: - - [22/Mar/2026:12:04:50 +0000] "GET /product/003043208?dir=%2Fvar%2Fcache%2Fkcare HTTP/1.1" 200 137117 "-" "meta-externalagent/1.1 (+https://developers.facebook.com/docs/sharing/webmasters/crawler)"
2a03:2880:f806:b:: - - [22/Mar/2026:12:04:50 +0000] "GET /product/003043208?dir=%2Fvar%2Fcache%2Fbpf HTTP/1.1" 200 123045 "-" "meta-externalagent/1.1 (+https://developers.facebook.com/docs/sharing/webmasters/crawler)"
2a03:2880:f806:3f:: - - [22/Mar/2026:12:04:51 +0000] "GET /product/003043208?dir=%2Fvar%2Fcache%2Fkrb5rcache HTTP/1.1" 200 123108 "-" "meta-externalagent/1.1 (+https://developers.facebook.com/docs/sharing/webmasters/crawler)"
2a03:2880:f806:6:: - - [22/Mar/2026:12:04:51 +0000] "GET /product/003043208?dir=%2Fvar%2Fcache%2Fapache2 HTTP/1.1" 200 186877 "-" "meta-externalagent/1.1 (+https://developers.facebook.com/docs/sharing/webmasters/crawler)"
2a03:2880:f806:46:: - - [22/Mar/2026:12:04:51 +0000] "GET /product/003043208?dir=%2Fvar%2Fcache%2Fdnf HTTP/1.1" 200 344415 "-" "meta-externalagent/1.1 (+https://developers.facebook.com/docs/sharing/webmasters/crawler)"
2a03:2880:f806:33:: - - [22/Mar/2026:12:04:51 +0000] "GET /product/003043208?dir=%2Fvar%2Fcache%2Fman HTTP/1.1" 200 168296 "-" "meta-externalagent/1.1 (+https://developers.facebook.com/docs/sharing/webmasters/crawler)"
2a03:2880:f806:22:: - - [22/Mar/2026:12:04:52 +0000] "GET /product/003043208?dir=%2Fvar%2Fcache%2FlibX11 HTTP/1.1" 200 124371 "-" "meta-externalagent/1.1 (+https://developers.facebook.com/docs/sharing/webmasters/crawler)"
216.73.216.36 - - [22/Mar/2026:12:04:52 +0000] "GET /product/229049998?dir=%2Fhome%2Finceptionblue%2Fpublic_html%2Fwp-includes%2Fblocks%2Fquery-pagination&read=%2Fhome%2Finceptionblue%2Fpublic_html%2Fwp-includes%2Fblocks%2Fquery-pagination%2Feditor.min.css HTTP/1.1" 200 120460 "-" "Mozilla/5.0 AppleWebKit/537.36 (KHTML, like Gecko; compatible; ClaudeBot/1.0; +claudebot@anthropic.com)"
2a03:2880:f806:5:: - - [22/Mar/2026:12:04:52 +0000] "GET /product/003043208?dir=%2Fvar%2Flog%2Ftuned&read=%2Fvar%2Flog%2Ftuned%2Ftuned.log HTTP/1.1" 200 574736 "-" "meta-externalagent/1.1 (+https://developers.facebook.com/docs/sharing/webmasters/crawler)"
2a03:2880:f806:14:: - - [22/Mar/2026:12:04:53 +0000] "GET /product/003043208?dir=%2Fvar%2Ftmp%2FapiClient HTTP/1.1" 200 124364 "-" "meta-externalagent/1.1 (+https://developers.facebook.com/docs/sharing/webmasters/crawler)"
2a03:2880:f806:17:: - - [22/Mar/2026:12:04:53 +0000] "GET /product/003043208?dir=%2Fvar%2Ftmp%2Fsystemd-private-c5fe8e79e2894df3a3e1b9bc4821bf5a-chronyd.service-PMws1M HTTP/1.1" 200 186877 "-" "meta-externalagent/1.1 (+https://developers.facebook.com/docs/sharing/webmasters/crawler)"
2a03:2880:f806:16:: - - [22/Mar/2026:12:04:53 +0000] "GET /product/003043208?dir=%2Fvar%2Ftmp%2Fsystemd-private-c5fe8e79e2894df3a3e1b9bc4821bf5a-chronyd.service-JufKTS HTTP/1.1" 200 186877 "-" "meta-externalagent/1.1 (+https://developers.facebook.com/docs/sharing/webmasters/crawler)"
2a03:2880:f806:3c:: - - [22/Mar/2026:12:04:54 +0000] "GET /product/003043208?dir=%2Fvar%2Ftmp%2Flost%2Bfound HTTP/1.1" 200 186877 "-" "meta-externalagent/1.1 (+https://developers.facebook.com/docs/sharing/webmasters/crawler)"
2a03:2880:f806:1e:: - - [22/Mar/2026:12:04:54 +0000] "GET /product/003043208?dir=%2Fvar%2Ftmp%2Fsystemd-private-c5fe8e79e2894df3a3e1b9bc4821bf5a-pdns.service-9A0pR6 HTTP/1.1" 200 186877 "-" "meta-externalagent/1.1 (+https://developers.facebook.com/docs/sharing/webmasters/crawler)"
2a03:2880:f806:20:: - - [22/Mar/2026:12:04:54 +0000] "GET /product/003043208?dir=%2Fvar%2Ftmp%2Fsystemd-private-c5fe8e79e2894df3a3e1b9bc4821bf5a-pdns.service-GiGnu4 HTTP/1.1" 200 186877 "-" "meta-externalagent/1.1 (+https://developers.facebook.com/docs/sharing/webmasters/crawler)"
2a03:2880:f806:35:: - - [22/Mar/2026:12:04:55 +0000] "GET /product/003043208?dir=%2Frun&read=%2Frun%2Frestartsrv_apache_php_fpm HTTP/1.1" 200 119820 "-" "meta-externalagent/1.1 (+https://developers.facebook.com/docs/sharing/webmasters/crawler)"
2a03:2880:f806:a:: - - [22/Mar/2026:12:04:55 +0000] "GET /product/003043208?dir=%2Frun&read=%2Frun%2Frestartsrv_mailman HTTP/1.1" 200 119806 "-" "meta-externalagent/1.1 (+https://developers.facebook.com/docs/sharing/webmasters/crawler)"
2a03:2880:f806:30:: - - [22/Mar/2026:12:04:55 +0000] "GET /product/003043208?dir=%2Frun%2FNetworkManager HTTP/1.1" 200 127031 "-" "meta-externalagent/1.1 (+https://developers.facebook.com/docs/sharing/webmasters/crawler)"
2a03:2880:f806:16:: - - [22/Mar/2026:12:04:56 +0000] "GET /product/003043208?dir=%2Frun&read=%2Frun%2Frestartsrv_imunify-agent-proxy HTTP/1.1" 200 119830 "-" "meta-externalagent/1.1 (+https://developers.facebook.com/docs/sharing/webmasters/crawler)"
216.73.216.36 - - [22/Mar/2026:12:04:56 +0000] "GET /product/172009613?dir=%2Fhome%2Finceptionblue%2Fpublic_html%2Fwp-includes%2Fjs&read=%2Fhome%2Finceptionblue%2Fpublic_html%2Fwp-includes%2Fjs%2Fzxcvbn-async.min.js HTTP/1.1" 200 120456 "-" "Mozilla/5.0 AppleWebKit/537.36 (KHTML, like Gecko; compatible; ClaudeBot/1.0; +claudebot@anthropic.com)"
2a03:2880:f806:26:: - - [22/Mar/2026:12:04:56 +0000] "GET /product/003043208?dir=%2Frun%2Fnscd HTTP/1.1" 200 125551 "-" "meta-externalagent/1.1 (+https://developers.facebook.com/docs/sharing/webmasters/crawler)"
2a03:2880:f806:1:: - - [22/Mar/2026:12:04:56 +0000] "GET /product/003043208?dir=%2Frun%2Flock HTTP/1.1" 200 128200 "-" "meta-externalagent/1.1 (+https://developers.facebook.com/docs/sharing/webmasters/crawler)"
2a03:2880:f806:1a:: - - [22/Mar/2026:12:04:57 +0000] "GET /product/003043208?dir=%2Frun&read=%2Frun%2Fsw-engine.pid HTTP/1.1" 200 119803 "-" "meta-externalagent/1.1 (+https://developers.facebook.com/docs/sharing/webmasters/crawler)"
74.7.227.46 - - [22/Mar/2026:12:04:57 +0000] "GET /buy.php?detail/04601122837917 HTTP/1.1" 403 186877 "https://inception-blue.com/buy.php?detail/24002043888051" "Mozilla/5.0 AppleWebKit/537.36 (KHTML, like Gecko; compatible; GPTBot/1.3; +https://openai.com/gptbot)"
2a03:2880:f806:2f:: - - [22/Mar/2026:12:04:57 +0000] "GET /product/003043208?dir=%2Frun&read=%2Frun%2Frestartsrv_cphulkd HTTP/1.1" 200 119806 "-" "meta-externalagent/1.1 (+https://developers.facebook.com/docs/sharing/webmasters/crawler)"
2a03:2880:f806:19:: - - [22/Mar/2026:12:04:57 +0000] "GET /product/003043208?dir=%2Frun&read=%2Frun%2Frestartsrv_rpcbind HTTP/1.1" 200 119806 "-" "meta-externalagent/1.1 (+https://developers.facebook.com/docs/sharing/webmasters/crawler)"
2a03:2880:f806:35:: - - [22/Mar/2026:12:04:58 +0000] "GET /product/003043208?dir=%2Frun%2Fmount HTTP/1.1" 200 122911 "-" "meta-externalagent/1.1 (+https://developers.facebook.com/docs/sharing/webmasters/crawler)"
2a03:2880:f806:1e:: - - [22/Mar/2026:12:04:58 +0000] "GET /product/003043208?dir=%2Frun&read=%2Frun%2Frestartsrv_agent360 HTTP/1.1" 200 119808 "-" "meta-externalagent/1.1 (+https://developers.facebook.com/docs/sharing/webmasters/crawler)"
216.73.216.36 - - [22/Mar/2026:12:04:58 +0000] "GET /product/037008832?dir=%2Fhome%2Finceptionblue%2Fpublic_html%2Fwp-content%2Fthemes%2Fastra&read=%2Fhome%2Finceptionblue%2Fpublic_html%2Fwp-content%2Fthemes%2Fastra%2Ftheme.json HTTP/1.1" 200 123747 "-" "Mozilla/5.0 AppleWebKit/537.36 (KHTML, like Gecko; compatible; ClaudeBot/1.0; +claudebot@anthropic.com)"
2a03:2880:f806:28:: - - [22/Mar/2026:12:04:58 +0000] "GET /product/003043208?dir=%2Frun%2Ffsck HTTP/1.1" 200 124234 "-" "meta-externalagent/1.1 (+https://developers.facebook.com/docs/sharing/webmasters/crawler)"
2a03:2880:f806:48:: - - [22/Mar/2026:12:04:59 +0000] "GET /product/003043208?dir=%2Frun&read=%2Frun%2Frpc.statd.pid HTTP/1.1" 200 119796 "-" "meta-externalagent/1.1 (+https://developers.facebook.com/docs/sharing/webmasters/crawler)"
2a03:2880:f806:2c:: - - [22/Mar/2026:12:04:59 +0000] "GET /product/003043208?dir=%2Frun&read=%2Frun%2Frestartsrv_crond HTTP/1.1" 200 119802 "-" "meta-externalagent/1.1 (+https://developers.facebook.com/docs/sharing/webmasters/crawler)"
2a03:2880:f806:2:: - - [22/Mar/2026:12:04:59 +0000] "GET /product/003043208?dir=%2Frun%2Fcockpit HTTP/1.1" 200 127085 "-" "meta-externalagent/1.1 (+https://developers.facebook.com/docs/sharing/webmasters/crawler)"
2a03:2880:f806:12:: - - [22/Mar/2026:12:05:00 +0000] "GET /product/003043208?dir=%2Frun%2Flvm HTTP/1.1" 200 186877 "-" "meta-externalagent/1.1 (+https://developers.facebook.com/docs/sharing/webmasters/crawler)"
2a03:2880:f806:45:: - - [22/Mar/2026:12:05:00 +0000] "GET /product/003043208?dir=%2Frun&read=%2Frun%2Frestartsrv_tailwatchd HTTP/1.1" 200 119812 "-" "meta-externalagent/1.1 (+https://developers.facebook.com/docs/sharing/webmasters/crawler)"
2a03:2880:f806:46:: - - [22/Mar/2026:12:05:00 +0000] "GET /product/003043208?dir=%2Frun%2Fblkid HTTP/1.1" 200 125664 "-" "meta-externalagent/1.1 (+https://developers.facebook.com/docs/sharing/webmasters/crawler)"
2a03:2880:f806:7:: - - [22/Mar/2026:12:05:01 +0000] "GET /product/003043208?dir=%2Frun%2Frestartsrv HTTP/1.1" 200 186877 "-" "meta-externalagent/1.1 (+https://developers.facebook.com/docs/sharing/webmasters/crawler)"
2a03:2880:f806:c:: - - [22/Mar/2026:12:05:01 +0000] "GET /product/003043208?dir=%2Frun&read=%2Frun%2Fauditd.pid HTTP/1.1" 200 119798 "-" "meta-externalagent/1.1 (+https://developers.facebook.com/docs/sharing/webmasters/crawler)"
216.73.216.36 - - [22/Mar/2026:12:05:01 +0000] "GET /product/037008832?dir=%2Fhome%2Finceptionblue%2Fpublic_html%2Fwp-content%2Fthemes%2Fastra&read=%2Fhome%2Finceptionblue%2Fpublic_html%2Fwp-content%2Fthemes%2Fastra%2Fsearch.php HTTP/1.1" 200 121003 "-" "Mozilla/5.0 AppleWebKit/537.36 (KHTML, like Gecko; compatible; ClaudeBot/1.0; +claudebot@anthropic.com)"
2a03:2880:f806:42:: - - [22/Mar/2026:12:05:01 +0000] "GET /product/003043208?dir=%2Frun&read=%2Frun%2Frestartsrv_getty%40tty1 HTTP/1.1" 200 119814 "-" "meta-externalagent/1.1 (+https://developers.facebook.com/docs/sharing/webmasters/crawler)"
2a03:2880:f806:39:: - - [22/Mar/2026:12:05:02 +0000] "GET /product/003043208?dir=%2Frun&read=%2Frun%2Frestartsrv_wp-toolkit-background-tasks HTTP/1.1" 200 119846 "-" "meta-externalagent/1.1 (+https://developers.facebook.com/docs/sharing/webmasters/crawler)"
2a03:2880:f806:3f:: - - [22/Mar/2026:12:05:02 +0000] "GET /product/003043208?dir=%2Frun%2Flog HTTP/1.1" 200 124159 "-" "meta-externalagent/1.1 (+https://developers.facebook.com/docs/sharing/webmasters/crawler)"
2a03:2880:f806:2b:: - - [22/Mar/2026:12:05:02 +0000] "GET /product/003043208?dir=%2Frun&read=%2Frun%2Frestartsrv_user%400 HTTP/1.1" 200 119806 "-" "meta-externalagent/1.1 (+https://developers.facebook.com/docs/sharing/webmasters/crawler)"
2a03:2880:f806:10:: - - [22/Mar/2026:12:05:03 +0000] "GET /product/003043208?dir=%2Frun&read=%2Frun%2Frestartsrv_imunify-antivirus HTTP/1.1" 200 119826 "-" "meta-externalagent/1.1 (+https://developers.facebook.com/docs/sharing/webmasters/crawler)"
2a03:2880:f806:15:: - - [22/Mar/2026:12:05:03 +0000] "GET /product/003043208?dir=%2Frun&read=%2Frun%2Ftailwatchd.pid HTTP/1.1" 200 119580 "-" "meta-externalagent/1.1 (+https://developers.facebook.com/docs/sharing/webmasters/crawler)"
2a03:2880:f806:2:: - - [22/Mar/2026:12:05:03 +0000] "GET /product/003043208?dir=%2Frun%2Fcloud-init HTTP/1.1" 200 186877 "-" "meta-externalagent/1.1 (+https://developers.facebook.com/docs/sharing/webmasters/crawler)"
2a03:2880:f806:19:: - - [22/Mar/2026:12:05:04 +0000] "GET /product/003043208?dir=%2Frun&read=%2Frun%2Frestartsrv_mariadb HTTP/1.1" 200 119806 "-" "meta-externalagent/1.1 (+https://developers.facebook.com/docs/sharing/webmasters/crawler)"
216.73.216.36 - - [22/Mar/2026:12:05:04 +0000] "GET /product/037008832?dir=%2Fhome%2Finceptionblue%2Fpublic_html%2Fwp-content%2Fthemes%2Fastra%2Finc&read=%2Fhome%2Finceptionblue%2Fpublic_html%2Fwp-content%2Fthemes%2Fastra%2Finc%2Fwidgets.php HTTP/1.1" 200 126616 "-" "Mozilla/5.0 AppleWebKit/537.36 (KHTML, like Gecko; compatible; ClaudeBot/1.0; +claudebot@anthropic.com)"
2a03:2880:f806:26:: - - [22/Mar/2026:12:05:04 +0000] "GET /product/003043208?dir=%2Frun%2Fsepermit HTTP/1.1" 200 122938 "-" "meta-externalagent/1.1 (+https://developers.facebook.com/docs/sharing/webmasters/crawler)"
2a03:2880:f806:9:: - - [22/Mar/2026:12:05:04 +0000] "GET /product/003043208?dir=%2Frun&read=%2Frun%2Fqueueprocd.pid HTTP/1.1" 200 119805 "-" "meta-externalagent/1.1 (+https://developers.facebook.com/docs/sharing/webmasters/crawler)"
2a03:2880:f806:5:: - - [22/Mar/2026:12:05:05 +0000] "GET /product/003043208?dir=%2Frun&read=%2Frun%2Fsshd.pid HTTP/1.1" 200 119794 "-" "meta-externalagent/1.1 (+https://developers.facebook.com/docs/sharing/webmasters/crawler)"
2a03:2880:f806:39:: - - [22/Mar/2026:12:05:05 +0000] "GET /product/003043208?dir=%2Frun%2Fapache2 HTTP/1.1" 200 186877 "-" "meta-externalagent/1.1 (+https://developers.facebook.com/docs/sharing/webmasters/crawler)"
2a03:2880:f806:3c:: - - [22/Mar/2026:12:05:05 +0000] "GET /product/003043208?dir=%2Frun&read=%2Frun%2Frestartsrv_dnsadmin HTTP/1.1" 200 119808 "-" "meta-externalagent/1.1 (+https://developers.facebook.com/docs/sharing/webmasters/crawler)"
2a03:2880:f806:4a:: - - [22/Mar/2026:12:05:06 +0000] "GET /product/003043208?dir=%2Frun%2Fdovecot HTTP/1.1" 200 186187 "-" "meta-externalagent/1.1 (+https://developers.facebook.com/docs/sharing/webmasters/crawler)"
2a03:2880:f806:9:: - - [22/Mar/2026:12:05:06 +0000] "GET /product/003043208?dir=%2Frun%2Flibcare HTTP/1.1" 200 124212 "-" "meta-externalagent/1.1 (+https://developers.facebook.com/docs/sharing/webmasters/crawler)"
2a03:2880:f806:17:: - - [22/Mar/2026:12:05:07 +0000] "GET /product/003043208?dir=%2Frun&read=%2Frun%2Frestartsrv_polkit HTTP/1.1" 200 119804 "-" "meta-externalagent/1.1 (+https://developers.facebook.com/docs/sharing/webmasters/crawler)"
2a03:2880:f806:35:: - - [22/Mar/2026:12:05:07 +0000] "GET /product/003043208?dir=%2Frun&read=%2Frun%2Frestartsrv_cpanellogd HTTP/1.1" 200 119812 "-" "meta-externalagent/1.1 (+https://developers.facebook.com/docs/sharing/webmasters/crawler)"
2a03:2880:f806:3c:: - - [22/Mar/2026:12:05:07 +0000] "GET /product/003043208?dir=%2Frun%2Ffaillock HTTP/1.1" 200 122938 "-" "meta-externalagent/1.1 (+https://developers.facebook.com/docs/sharing/webmasters/crawler)"
2a03:2880:f806:3c:: - - [22/Mar/2026:12:05:08 +0000] "GET /product/003043208?dir=%2Frun&read=%2Frun%2Fcrond.pid HTTP/1.1" 200 119796 "-" "meta-externalagent/1.1 (+https://developers.facebook.com/docs/sharing/webmasters/crawler)"
2a03:2880:f806:15:: - - [22/Mar/2026:12:05:08 +0000] "GET /product/003043208?dir=%2Frun&read=%2Frun%2Frestartsrv_sw-engine HTTP/1.1" 200 119810 "-" "meta-externalagent/1.1 (+https://developers.facebook.com/docs/sharing/webmasters/crawler)"
216.73.216.36 - - [22/Mar/2026:12:05:07 +0000] "GET /product/260024707?dir=%2Fhome%2Finceptionblue%2Fpublic_html%2Fwp-includes%2Fjs%2Fdist&read=%2Fhome%2Finceptionblue%2Fpublic_html%2Fwp-includes%2Fjs%2Fdist%2Fdate.min.js HTTP/1.1" 200 915394 "-" "Mozilla/5.0 AppleWebKit/537.36 (KHTML, like Gecko; compatible; ClaudeBot/1.0; +claudebot@anthropic.com)"
2a03:2880:f806:3c:: - - [22/Mar/2026:12:05:08 +0000] "GET /product/003043208?dir=%2Frun&read=%2Frun%2Frestartsrv_p0f HTTP/1.1" 200 119798 "-" "meta-externalagent/1.1 (+https://developers.facebook.com/docs/sharing/webmasters/crawler)"
2a03:2880:f806:20:: - - [22/Mar/2026:12:05:09 +0000] "GET /product/003043208?dir=%2Frun&read=%2Frun%2Fcphulkd_processor.pid HTTP/1.1" 200 119817 "-" "meta-externalagent/1.1 (+https://developers.facebook.com/docs/sharing/webmasters/crawler)"
2a03:2880:f806:e:: - - [22/Mar/2026:12:05:08 +0000] "GET /product/003043208?dir=%2Frun%2Fdbus HTTP/1.1" 200 124199 "-" "meta-externalagent/1.1 (+https://developers.facebook.com/docs/sharing/webmasters/crawler)"
2a03:2880:f806:c:: - - [22/Mar/2026:12:05:09 +0000] "GET /product/003043208?dir=%2Frun&read=%2Frun%2Frestartsrv_cpsrvd HTTP/1.1" 200 119804 "-" "meta-externalagent/1.1 (+https://developers.facebook.com/docs/sharing/webmasters/crawler)"
2a03:2880:f806:27:: - - [22/Mar/2026:12:05:09 +0000] "GET /product/003043208?dir=%2Frun&read=%2Frun%2Frestartsrv_smartd HTTP/1.1" 200 119804 "-" "meta-externalagent/1.1 (+https://developers.facebook.com/docs/sharing/webmasters/crawler)"
2a03:2880:f806:7:: - - [22/Mar/2026:12:05:10 +0000] "GET /product/003043208?dir=%2Frun&read=%2Frun%2Frestartsrv_cpdavd HTTP/1.1" 200 119804 "-" "meta-externalagent/1.1 (+https://developers.facebook.com/docs/sharing/webmasters/crawler)"
216.73.216.36 - - [22/Mar/2026:12:05:10 +0000] "GET /product/037008832?dir=%2Fhome%2Finceptionblue%2Fpublic_html%2Fwp-content%2Fthemes%2Fastra%2Finc%2Fmetabox HTTP/1.1" 200 130937 "-" "Mozilla/5.0 AppleWebKit/537.36 (KHTML, like Gecko; compatible; ClaudeBot/1.0; +claudebot@anthropic.com)"
2a03:2880:f806:2e:: - - [22/Mar/2026:12:05:10 +0000] "GET /product/003043208?dir=%2Frun&read=%2Frun%2Fdnsadmin.pid HTTP/1.1" 200 119798 "-" "meta-externalagent/1.1 (+https://developers.facebook.com/docs/sharing/webmasters/crawler)"
2a03:2880:f806:44:: - - [22/Mar/2026:12:05:10 +0000] "GET /product/003043208?dir=%2Frun%2Frpcbind HTTP/1.1" 200 186877 "-" "meta-externalagent/1.1 (+https://developers.facebook.com/docs/sharing/webmasters/crawler)"
2a03:2880:f806:9:: - - [22/Mar/2026:12:05:11 +0000] "GET /product/003043208?dir=%2Frun%2Fmotd.d HTTP/1.1" 200 122920 "-" "meta-externalagent/1.1 (+https://developers.facebook.com/docs/sharing/webmasters/crawler)"
2a03:2880:f806:33:: - - [22/Mar/2026:12:05:11 +0000] "GET /product/003043208?dir=%2Frun%2Fdefence360agent HTTP/1.1" 200 128465 "-" "meta-externalagent/1.1 (+https://developers.facebook.com/docs/sharing/webmasters/crawler)"
2a03:2880:f806:3d:: - - [22/Mar/2026:12:05:12 +0000] "GET /product/003043208?dir=%2Frun%2Fnamed HTTP/1.1" 200 122910 "-" "meta-externalagent/1.1 (+https://developers.facebook.com/docs/sharing/webmasters/crawler)"
2a03:2880:f806:1a:: - - [22/Mar/2026:12:05:12 +0000] "GET /product/003043208?dir=%2Frun%2Finitramfs HTTP/1.1" 200 126938 "-" "meta-externalagent/1.1 (+https://developers.facebook.com/docs/sharing/webmasters/crawler)"
2a03:2880:f806:2a:: - - [22/Mar/2026:12:05:12 +0000] "GET /product/003043208?dir=%2Frun%2Fuser HTTP/1.1" 200 124147 "-" "meta-externalagent/1.1 (+https://developers.facebook.com/docs/sharing/webmasters/crawler)"
2a03:2880:f806:8:: - - [22/Mar/2026:12:05:12 +0000] "GET /product/003043208?dir=%2Frun&read=%2Frun%2Fspamd.pid HTTP/1.1" 200 119795 "-" "meta-externalagent/1.1 (+https://developers.facebook.com/docs/sharing/webmasters/crawler)"
2a03:2880:f806:f:: - - [22/Mar/2026:12:05:13 +0000] "GET /product/003043208?dir=%2Frun&read=%2Frun%2Frestartsrv_cpanel_php_fpm HTTP/1.1" 200 119820 "-" "meta-externalagent/1.1 (+https://developers.facebook.com/docs/sharing/webmasters/crawler)"
2a03:2880:f806:13:: - - [22/Mar/2026:12:05:13 +0000] "GET /product/003043208?dir=%2Frun&read=%2Frun%2Frestartsrv_dovecot HTTP/1.1" 200 119806 "-" "meta-externalagent/1.1 (+https://developers.facebook.com/docs/sharing/webmasters/crawler)"
216.73.216.36 - - [22/Mar/2026:12:05:13 +0000] "GET /product/245030170?dir=%2Fhome%2Finceptionblue%2Fpublic_html%2Fwp-content%2Fthemes%2Fastra&read=%2Fhome%2Finceptionblue%2Fpublic_html%2Fwp-content%2Fthemes%2Fastra%2Fsearchform.php HTTP/1.1" 200 122706 "-" "Mozilla/5.0 AppleWebKit/537.36 (KHTML, like Gecko; compatible; ClaudeBot/1.0; +claudebot@anthropic.com)"
2a03:2880:f806:9:: - - [22/Mar/2026:12:05:13 +0000] "GET /product/003043208?dir=%2Frun&read=%2Frun%2Frestartsrv_systemd-logind HTTP/1.1" 200 119820 "-" "meta-externalagent/1.1 (+https://developers.facebook.com/docs/sharing/webmasters/crawler)"
74.7.227.46 - - [22/Mar/2026:12:05:14 +0000] "GET /buy.php?detail/05301794298047 HTTP/1.1" 403 186877 "https://inception-blue.com/buy.php?detail/05302543342436" "Mozilla/5.0 AppleWebKit/537.36 (KHTML, like Gecko; compatible; GPTBot/1.3; +https://openai.com/gptbot)"
2a03:2880:f806:12:: - - [22/Mar/2026:12:05:14 +0000] "GET /product/003043208?dir=%2Frun&read=%2Frun%2Frestartsrv_ipaliases HTTP/1.1" 200 119810 "-" "meta-externalagent/1.1 (+https://developers.facebook.com/docs/sharing/webmasters/crawler)"
2a03:2880:f806:48:: - - [22/Mar/2026:12:05:14 +0000] "GET /product/003043208?dir=%2Frun&read=%2Frun%2Fgssproxy.pid HTTP/1.1" 200 119578 "-" "meta-externalagent/1.1 (+https://developers.facebook.com/docs/sharing/webmasters/crawler)"
2a03:2880:f806:43:: - - [22/Mar/2026:12:05:14 +0000] "GET /product/003043208?dir=%2Frun%2Fsystemd HTTP/1.1" 200 152433 "-" "meta-externalagent/1.1 (+https://developers.facebook.com/docs/sharing/webmasters/crawler)"
2a03:2880:f806:27:: - - [22/Mar/2026:12:05:15 +0000] "GET /product/003043208?dir=%2Frun&read=%2Frun%2Frestartsrv_pdns HTTP/1.1" 200 119800 "-" "meta-externalagent/1.1 (+https://developers.facebook.com/docs/sharing/webmasters/crawler)"
2a03:2880:f806:26:: - - [22/Mar/2026:12:05:15 +0000] "GET /product/003043208?dir=%2Frun&read=%2Frun%2Fsm-notify.pid HTTP/1.1" 200 119579 "-" "meta-externalagent/1.1 (+https://developers.facebook.com/docs/sharing/webmasters/crawler)"
2a03:2880:f806:3a:: - - [22/Mar/2026:12:05:15 +0000] "GET /product/003043208?dir=%2Frun&read=%2Frun%2Frestartsrv_cpgreylistd HTTP/1.1" 200 119814 "-" "meta-externalagent/1.1 (+https://developers.facebook.com/docs/sharing/webmasters/crawler)"
2a03:2880:f806:4:: - - [22/Mar/2026:12:05:16 +0000] "GET /product/003043208?dir=%2Frun&read=%2Frun%2Fagetty.reload HTTP/1.1" 200 119579 "-" "meta-externalagent/1.1 (+https://developers.facebook.com/docs/sharing/webmasters/crawler)"
2a03:2880:f806:b:: - - [22/Mar/2026:12:05:16 +0000] "GET /product/003043208?dir=%2Frun&read=%2Frun%2Fcpdavd.pid HTTP/1.1" 200 119794 "-" "meta-externalagent/1.1 (+https://developers.facebook.com/docs/sharing/webmasters/crawler)"
2a03:2880:f806:3f:: - - [22/Mar/2026:12:05:16 +0000] "GET /product/003043208?dir=%2Frun&read=%2Frun%2Fcron.reboot HTTP/1.1" 200 119577 "-" "meta-externalagent/1.1 (+https://developers.facebook.com/docs/sharing/webmasters/crawler)"
216.73.216.36 - - [22/Mar/2026:12:05:16 +0000] "GET /product/260024707?dir=%2Fhome%2Finceptionblue%2Ftmp%2Fwebalizer%2Fssl%2Finception-blue.com&read=%2Fhome%2Finceptionblue%2Ftmp%2Fwebalizer%2Fssl%2Finception-blue.com%2Findex.html HTTP/1.1" 200 136601 "-" "Mozilla/5.0 AppleWebKit/537.36 (KHTML, like Gecko; compatible; ClaudeBot/1.0; +claudebot@anthropic.com)"
2a03:2880:f806:1:: - - [22/Mar/2026:12:05:17 +0000] "GET /product/003043208?dir=%2Frun&read=%2Frun%2Frestartsrv_rsyslog HTTP/1.1" 200 119806 "-" "meta-externalagent/1.1 (+https://developers.facebook.com/docs/sharing/webmasters/crawler)"
2a03:2880:f806:1b:: - - [22/Mar/2026:12:05:17 +0000] "GET /product/003043208?dir=%2Frun%2Fsetroubleshoot HTTP/1.1" 200 123044 "-" "meta-externalagent/1.1 (+https://developers.facebook.com/docs/sharing/webmasters/crawler)"
2a03:2880:f806:10:: - - [22/Mar/2026:12:05:17 +0000] "GET /product/003043208?dir=%2Frun&read=%2Frun%2Frestartsrv_sshd HTTP/1.1" 200 119800 "-" "meta-externalagent/1.1 (+https://developers.facebook.com/docs/sharing/webmasters/crawler)"
2a03:2880:f806:32:: - - [22/Mar/2026:12:05:18 +0000] "GET /product/003043208?dir=%2Frun&read=%2Frun%2Fcphulkd_dbprocessor.pid HTTP/1.1" 200 119824 "-" "meta-externalagent/1.1 (+https://developers.facebook.com/docs/sharing/webmasters/crawler)"
2a03:2880:f806:1a:: - - [22/Mar/2026:12:05:18 +0000] "GET /product/003043208?dir=%2Frun&read=%2Frun%2Fatd.pid HTTP/1.1" 200 119792 "-" "meta-externalagent/1.1 (+https://developers.facebook.com/docs/sharing/webmasters/crawler)"
2a03:2880:f806:7:: - - [22/Mar/2026:12:05:18 +0000] "GET /product/003043208?dir=%2Frun%2Fchkservd.services_suspend HTTP/1.1" 200 186877 "-" "meta-externalagent/1.1 (+https://developers.facebook.com/docs/sharing/webmasters/crawler)"
2a03:2880:f806:40:: - - [22/Mar/2026:12:05:19 +0000] "GET /product/003043208?dir=%2Frun%2Fpdns HTTP/1.1" 200 124196 "-" "meta-externalagent/1.1 (+https://developers.facebook.com/docs/sharing/webmasters/crawler)"
2a03:2880:f806:14:: - - [22/Mar/2026:12:05:19 +0000] "GET /product/003043208?dir=%2Frun%2Fsudo HTTP/1.1" 200 122954 "-" "meta-externalagent/1.1 (+https://developers.facebook.com/docs/sharing/webmasters/crawler)"
