81.167.26.57 - - [21/Mar/2026:12:13:43 +0000] "GET /feed/?dir=/home/inceptionblue/public_html/wp-content/plugins/astra-sites/inc/lib/gutenberg-templates/inc/api&read=/home/inceptionblue/public_html/wp-content/plugins/astra-sites/inc/lib/gutenberg-templates/inc/api/settings.php HTTP/1.1" 200 17022 "-" "Mozilla/5.0 (compatible; MJ12bot/v1.4.8; http://mj12bot.com/)"
216.73.216.36 - - [21/Mar/2026:12:13:43 +0000] "GET /product/172009613?dir=%2Fhome%2Finceptionblue%2Fpublic_html%2Fwp-admin%2Fimages&read=%2Fhome%2Finceptionblue%2Fpublic_html%2Fwp-admin%2Fimages%2Ficons32.png HTTP/1.1" 200 120046 "-" "Mozilla/5.0 AppleWebKit/537.36 (KHTML, like Gecko; compatible; ClaudeBot/1.0; +claudebot@anthropic.com)"
216.73.216.36 - - [21/Mar/2026:12:13:46 +0000] "GET /product/172009613?dir=%2Fhome%2Finceptionblue%2Fpublic_html%2Fwp-admin%2Fimages&read=%2Fhome%2Finceptionblue%2Fpublic_html%2Fwp-admin%2Fimages%2Ficons32-vs.png HTTP/1.1" 200 120052 "-" "Mozilla/5.0 AppleWebKit/537.36 (KHTML, like Gecko; compatible; ClaudeBot/1.0; +claudebot@anthropic.com)"
81.167.26.57 - - [21/Mar/2026:12:13:48 +0000] "GET /feed/?dir=/home/inceptionblue/public_html/wp-content/plugins/astra-sites/inc/lib/gutenberg-templates/inc/block/dist HTTP/1.1" 200 25004 "-" "Mozilla/5.0 (compatible; MJ12bot/v1.4.8; http://mj12bot.com/)"
216.73.216.36 - - [21/Mar/2026:12:13:49 +0000] "GET /product/172009613?dir=%2Fhome%2Finceptionblue%2Fpublic_html%2Fwp-admin%2Fimages&read=%2Fhome%2Finceptionblue%2Fpublic_html%2Fwp-admin%2Fimages%2Fw-logo-white.png HTTP/1.1" 200 120056 "-" "Mozilla/5.0 AppleWebKit/537.36 (KHTML, like Gecko; compatible; ClaudeBot/1.0; +claudebot@anthropic.com)"
74.7.227.46 - - [21/Mar/2026:12:13:50 +0000] "GET /buy.php?detail/06101849926587 HTTP/1.1" 403 186877 "https://inception-blue.com/buy.php?detail/06500978049937" "Mozilla/5.0 AppleWebKit/537.36 (KHTML, like Gecko; compatible; GPTBot/1.3; +https://openai.com/gptbot)"
81.167.26.57 - - [21/Mar/2026:12:13:52 +0000] "GET /feed/?dir=/home/inceptionblue/public_html/wp-content/plugins/astra-sites/inc/lib/onboarding/assets/dist/onboarding HTTP/1.1" 200 28739 "-" "Mozilla/5.0 (compatible; MJ12bot/v1.4.8; http://mj12bot.com/)"
216.73.216.36 - - [21/Mar/2026:12:13:52 +0000] "GET /product/172009613?dir=%2Fhome%2Finceptionblue%2Fpublic_html%2Fwp-admin%2Fimages&read=%2Fhome%2Finceptionblue%2Fpublic_html%2Fwp-admin%2Fimages%2Fmedia-button-music.gif HTTP/1.1" 200 120068 "-" "Mozilla/5.0 AppleWebKit/537.36 (KHTML, like Gecko; compatible; ClaudeBot/1.0; +claudebot@anthropic.com)"
81.167.26.57 - - [21/Mar/2026:12:13:56 +0000] "GET /feed/?dir=/home/inceptionblue/public_html/wp-content/plugins/astra-sites/inc/lib/onboarding/assets/dist/template-preview HTTP/1.1" 200 21340 "-" "Mozilla/5.0 (compatible; MJ12bot/v1.4.8; http://mj12bot.com/)"
216.73.216.36 - - [21/Mar/2026:12:13:59 +0000] "GET /product/216002177?dir=%2Fvar%2Fcache%2Fman%2Fes HTTP/1.1" 200 126011 "-" "Mozilla/5.0 AppleWebKit/537.36 (KHTML, like Gecko; compatible; ClaudeBot/1.0; +claudebot@anthropic.com)"
81.167.26.57 - - [21/Mar/2026:12:14:01 +0000] "GET /feed/?dir=/home/inceptionblue/public_html/wp-content/plugins/astra-sites/inc/lib/onboarding/assets/images&read=/home/inceptionblue/public_html/wp-content/plugins/astra-sites/inc/lib/onboarding/assets/images/ai-builder.svg HTTP/1.1" 200 14036 "-" "Mozilla/5.0 (compatible; MJ12bot/v1.4.8; http://mj12bot.com/)"
216.73.216.36 - - [21/Mar/2026:12:14:02 +0000] "GET /product/024022087?dir=%2Fhome%2Finceptionblue%2Fpublic_html%2Fwp-admin%2Fcss&read=%2Fhome%2Finceptionblue%2Fpublic_html%2Fwp-admin%2Fcss%2Fforms.css HTTP/1.1" 200 158659 "-" "Mozilla/5.0 AppleWebKit/537.36 (KHTML, like Gecko; compatible; ClaudeBot/1.0; +claudebot@anthropic.com)"
216.73.216.36 - - [21/Mar/2026:12:14:05 +0000] "GET /product/172009613?dir=%2Fhome%2Finceptionblue%2Fpublic_html%2Fwp-content%2Fplugins%2Fastra-addon%2Fadmin%2Fcore HTTP/1.1" 200 129142 "-" "Mozilla/5.0 AppleWebKit/537.36 (KHTML, like Gecko; compatible; ClaudeBot/1.0; +claudebot@anthropic.com)"
81.167.26.57 - - [21/Mar/2026:12:14:06 +0000] "GET /feed/?dir=/home/inceptionblue/public_html/wp-content/plugins/astra-sites/inc/lib/onboarding/assets/images&read=/home/inceptionblue/public_html/wp-content/plugins/astra-sites/inc/lib/onboarding/assets/images/beaver-builder.svg HTTP/1.1" 200 27803 "-" "Mozilla/5.0 (compatible; MJ12bot/v1.4.8; http://mj12bot.com/)"
216.73.216.36 - - [21/Mar/2026:12:14:08 +0000] "GET /product/229049998?dir=%2Fhome%2Finceptionblue%2Fpublic_html%2Fwp-content%2Fplugins%2Fastra-addon%2Fastra-addon HTTP/1.1" 200 130897 "-" "Mozilla/5.0 AppleWebKit/537.36 (KHTML, like Gecko; compatible; ClaudeBot/1.0; +claudebot@anthropic.com)"
74.7.227.46 - - [21/Mar/2026:12:14:08 +0000] "GET /buy.php?detail/17102365949556 HTTP/1.1" 403 186877 "https://inception-blue.com/buy.php?detail/12700684763649" "Mozilla/5.0 AppleWebKit/537.36 (KHTML, like Gecko; compatible; GPTBot/1.3; +https://openai.com/gptbot)"
81.167.26.57 - - [21/Mar/2026:12:14:10 +0000] "GET /feed/?dir=/home/inceptionblue/public_html/wp-content/plugins/astra-sites/inc/lib/onboarding/assets/images&read=/home/inceptionblue/public_html/wp-content/plugins/astra-sites/inc/lib/onboarding/assets/images/block-editor.svg HTTP/1.1" 200 15943 "-" "Mozilla/5.0 (compatible; MJ12bot/v1.4.8; http://mj12bot.com/)"
216.73.216.36 - - [21/Mar/2026:12:14:11 +0000] "GET /product/216002177?dir=%2Frun%2Fsystemd%2Fshutdown HTTP/1.1" 200 123108 "-" "Mozilla/5.0 AppleWebKit/537.36 (KHTML, like Gecko; compatible; ClaudeBot/1.0; +claudebot@anthropic.com)"
216.73.216.36 - - [21/Mar/2026:12:14:14 +0000] "GET /product/172009613?dir=%2Fhome%2Finceptionblue%2Fpublic_html%2Fwp-content%2Fplugins%2Fwordpress-seo%2Fsrc HTTP/1.1" 200 177150 "-" "Mozilla/5.0 AppleWebKit/537.36 (KHTML, like Gecko; compatible; ClaudeBot/1.0; +claudebot@anthropic.com)"
81.167.26.57 - - [21/Mar/2026:12:14:15 +0000] "GET /feed/?dir=/home/inceptionblue/public_html/wp-content/plugins/astra-sites/inc/lib/onboarding/assets/images&read=/home/inceptionblue/public_html/wp-content/plugins/astra-sites/inc/lib/onboarding/assets/images/brizy.svg HTTP/1.1" 200 13368 "-" "Mozilla/5.0 (compatible; MJ12bot/v1.4.8; http://mj12bot.com/)"
216.73.216.36 - - [21/Mar/2026:12:14:17 +0000] "GET /product/138010947?dir=%2Fhome%2Finceptionblue%2Fpublic_html%2Fwp-includes%2FSimplePie%2Fsrc%2FCache&read=%2Fhome%2Finceptionblue%2Fpublic_html%2Fwp-includes%2FSimplePie%2Fsrc%2FCache%2FBaseDataCache.php HTTP/1.1" 200 123854 "-" "Mozilla/5.0 AppleWebKit/537.36 (KHTML, like Gecko; compatible; ClaudeBot/1.0; +claudebot@anthropic.com)"
66.249.77.4 - - [21/Mar/2026:12:14:18 +0000] "GET /?detail/080046968327 HTTP/1.1" 200 402162 "-" "Mozilla/5.0 (Linux; Android 6.0.1; Nexus 5X Build/MMB29P) AppleWebKit/537.36 (KHTML, like Gecko) Chrome/145.0.7632.159 Mobile Safari/537.36 (compatible; Googlebot/2.1; +http://www.google.com/bot.html)"
66.249.77.5 - - [21/Mar/2026:12:14:19 +0000] "GET /?detail/1510147667410 HTTP/1.1" 200 385076 "-" "Mozilla/5.0 (Linux; Android 6.0.1; Nexus 5X Build/MMB29P) AppleWebKit/537.36 (KHTML, like Gecko) Chrome/145.0.7632.159 Mobile Safari/537.36 (compatible; Googlebot/2.1; +http://www.google.com/bot.html)"
66.249.77.5 - - [21/Mar/2026:12:14:19 +0000] "GET /shopbrand/593970324.htm HTTP/1.1" 200 407853 "-" "Mozilla/5.0 (Linux; Android 6.0.1; Nexus 5X Build/MMB29P) AppleWebKit/537.36 (KHTML, like Gecko) Chrome/145.0.7632.159 Mobile Safari/537.36 (compatible; Googlebot/2.1; +http://www.google.com/bot.html)"
81.167.26.57 - - [21/Mar/2026:12:14:20 +0000] "GET /feed/?dir=/home/inceptionblue/public_html/wp-content/plugins/astra-sites/inc/lib/onboarding/assets/images&read=/home/inceptionblue/public_html/wp-content/plugins/astra-sites/inc/lib/onboarding/assets/images/elementor.svg HTTP/1.1" 200 13345 "-" "Mozilla/5.0 (compatible; MJ12bot/v1.4.8; http://mj12bot.com/)"
216.73.216.36 - - [21/Mar/2026:12:14:20 +0000] "GET /product/024022087?dir=%2Fhome%2Finceptionblue%2Fpublic_html%2Fwp-content%2Fuploads%2Fastra-docs HTTP/1.1" 200 127070 "-" "Mozilla/5.0 AppleWebKit/537.36 (KHTML, like Gecko; compatible; ClaudeBot/1.0; +claudebot@anthropic.com)"
216.73.216.36 - - [21/Mar/2026:12:14:23 +0000] "GET /product/229049998?dir=%2Fhome%2Finceptionblue%2Fpublic_html%2Fwp-includes%2Fcss HTTP/1.1" 200 194494 "-" "Mozilla/5.0 AppleWebKit/537.36 (KHTML, like Gecko; compatible; ClaudeBot/1.0; +claudebot@anthropic.com)"
81.167.26.57 - - [21/Mar/2026:12:14:24 +0000] "GET /feed/?dir=/home/inceptionblue/public_html/wp-content/plugins/astra-sites/inc/lib/onboarding/assets/images&read=/home/inceptionblue/public_html/wp-content/plugins/astra-sites/inc/lib/onboarding/assets/images/logo.svg HTTP/1.1" 200 18979 "-" "Mozilla/5.0 (compatible; MJ12bot/v1.4.8; http://mj12bot.com/)"
216.73.216.36 - - [21/Mar/2026:12:14:26 +0000] "GET /product/024022087?dir=%2Fhome%2Finceptionblue%2Fpublic_html%2Fwp-includes%2FSimplePie%2Fsrc&read=%2Fhome%2Finceptionblue%2Fpublic_html%2Fwp-includes%2FSimplePie%2Fsrc%2FParser.php HTTP/1.1" 200 161176 "-" "Mozilla/5.0 AppleWebKit/537.36 (KHTML, like Gecko; compatible; ClaudeBot/1.0; +claudebot@anthropic.com)"
74.7.227.46 - - [21/Mar/2026:12:14:27 +0000] "GET /buy.php?detail/03700829734565 HTTP/1.1" 403 186877 "https://inception-blue.com/buy.php?detail/15601243166187" "Mozilla/5.0 AppleWebKit/537.36 (KHTML, like Gecko; compatible; GPTBot/1.3; +https://openai.com/gptbot)"
81.167.26.57 - - [21/Mar/2026:12:14:29 +0000] "GET /feed/?dir=/home/inceptionblue/public_html/wp-content/plugins/astra-sites/inc/lib/onboarding/assets/images&read=/home/inceptionblue/public_html/wp-content/plugins/astra-sites/inc/lib/onboarding/assets/images/placeholder.png HTTP/1.1" 200 12738 "-" "Mozilla/5.0 (compatible; MJ12bot/v1.4.8; http://mj12bot.com/)"
216.73.216.36 - - [21/Mar/2026:12:14:29 +0000] "GET /product/138026129?dir=%2Fhome%2Finceptionblue%2Fpublic_html%2Fwp-content%2Fplugins%2Fwordpress-seo%2Fsrc%2Fservices HTTP/1.1" 200 129008 "-" "Mozilla/5.0 AppleWebKit/537.36 (KHTML, like Gecko; compatible; ClaudeBot/1.0; +claudebot@anthropic.com)"
216.73.216.36 - - [21/Mar/2026:12:14:32 +0000] "GET /product/024022087?dir=%2Fhome%2Finceptionblue%2Fmail%2F.Sent%2Ftmp HTTP/1.1" 200 123464 "-" "Mozilla/5.0 AppleWebKit/537.36 (KHTML, like Gecko; compatible; ClaudeBot/1.0; +claudebot@anthropic.com)"
81.167.26.57 - - [21/Mar/2026:12:14:33 +0000] "GET /feed/?dir=/home/inceptionblue/public_html/wp-content/plugins/astra-sites/inc/lib/onboarding/assets/images&read=/home/inceptionblue/public_html/wp-content/plugins/astra-sites/inc/lib/onboarding/assets/images/surecart-icon.svg HTTP/1.1" 200 13807 "-" "Mozilla/5.0 (compatible; MJ12bot/v1.4.8; http://mj12bot.com/)"
216.73.216.36 - - [21/Mar/2026:12:14:35 +0000] "GET /product/038019023?dir=%2Fhome%2Finceptionblue%2Fpublic_html%2Fwp-includes%2FSimplePie%2Fsrc%2FContent%2FType HTTP/1.1" 200 125899 "-" "Mozilla/5.0 AppleWebKit/537.36 (KHTML, like Gecko; compatible; ClaudeBot/1.0; +claudebot@anthropic.com)"
81.167.26.57 - - [21/Mar/2026:12:14:38 +0000] "GET /feed/?dir=/home/inceptionblue/public_html/wp-content/plugins/astra-sites/inc/lib/onboarding/assets/images&read=/home/inceptionblue/public_html/wp-content/plugins/astra-sites/inc/lib/onboarding/assets/images/woocommerce-icon.svg HTTP/1.1" 200 16579 "-" "Mozilla/5.0 (compatible; MJ12bot/v1.4.8; http://mj12bot.com/)"
216.73.216.36 - - [21/Mar/2026:12:14:38 +0000] "GET /product/138010947?dir=%2Fhome%2Finceptionblue%2Fpublic_html%2Fwp-includes%2FSimplePie%2Flibrary%2FSimplePie%2FHTTP HTTP/1.1" 200 125975 "-" "Mozilla/5.0 AppleWebKit/537.36 (KHTML, like Gecko; compatible; ClaudeBot/1.0; +claudebot@anthropic.com)"
216.73.216.36 - - [21/Mar/2026:12:14:41 +0000] "GET /product/172009613?dir=%2Fhome%2Finceptionblue%2Fpublic_html%2Fwp-content%2Fplugins%2Fastra-addon%2Fadmin%2Fbsf-analytics HTTP/1.1" 200 133070 "-" "Mozilla/5.0 AppleWebKit/537.36 (KHTML, like Gecko; compatible; ClaudeBot/1.0; +claudebot@anthropic.com)"
81.167.26.57 - - [21/Mar/2026:12:14:42 +0000] "GET /feed/?dir=/home/inceptionblue/public_html/wp-content/plugins/astra-sites/inc/lib/onboarding/assets/images/build-with-ai HTTP/1.1" 200 36520 "-" "Mozilla/5.0 (compatible; MJ12bot/v1.4.8; http://mj12bot.com/)"
74.7.227.46 - - [21/Mar/2026:12:14:44 +0000] "GET /buy.php?detail/08501647595253 HTTP/1.1" 403 186877 "https://inception-blue.com/buy.php?detail/08501564657210" "Mozilla/5.0 AppleWebKit/537.36 (KHTML, like Gecko; compatible; GPTBot/1.3; +https://openai.com/gptbot)"
216.73.216.36 - - [21/Mar/2026:12:14:44 +0000] "GET /product/260024707?dir=%2Fvar%2Fcache%2Fkcare&read=%2Fvar%2Fcache%2Fkcare%2Fkernel_patch_level.json HTTP/1.1" 200 120127 "-" "Mozilla/5.0 AppleWebKit/537.36 (KHTML, like Gecko; compatible; ClaudeBot/1.0; +claudebot@anthropic.com)"
81.167.26.57 - - [21/Mar/2026:12:14:47 +0000] "GET /feed/?dir=/home/inceptionblue/public_html/wp-content/plugins/astra-sites/inc/lib/onboarding/assets/src&read=/home/inceptionblue/public_html/wp-content/plugins/astra-sites/inc/lib/onboarding/assets/src/api.js HTTP/1.1" 200 12917 "-" "Mozilla/5.0 (compatible; MJ12bot/v1.4.8; http://mj12bot.com/)"
216.73.216.36 - - [21/Mar/2026:12:14:47 +0000] "GET /product/216002177?dir=%2Fvar%2Fnamed%2Fcache HTTP/1.1" 200 186877 "-" "Mozilla/5.0 AppleWebKit/537.36 (KHTML, like Gecko; compatible; ClaudeBot/1.0; +claudebot@anthropic.com)"
216.73.216.36 - - [21/Mar/2026:12:14:50 +0000] "GET /product/260024707?dir=%2Fvar%2Fcache%2Fkcare%2Fuserspace HTTP/1.1" 200 124575 "-" "Mozilla/5.0 AppleWebKit/537.36 (KHTML, like Gecko; compatible; ClaudeBot/1.0; +claudebot@anthropic.com)"
81.167.26.57 - - [21/Mar/2026:12:14:51 +0000] "GET /feed/?dir=/home/inceptionblue/public_html/wp-content/plugins/astra-sites/inc/lib/onboarding/assets/src&read=/home/inceptionblue/public_html/wp-content/plugins/astra-sites/inc/lib/onboarding/assets/src/app.js HTTP/1.1" 200 13104 "-" "Mozilla/5.0 (compatible; MJ12bot/v1.4.8; http://mj12bot.com/)"
216.73.216.36 - - [21/Mar/2026:12:14:53 +0000] "GET /product/038019023?dir=%2Fhome%2Finceptionblue%2Fpublic_html%2Fwp-admin%2Fcss&read=%2Fhome%2Finceptionblue%2Fpublic_html%2Fwp-admin%2Fcss%2Fcode-editor.css HTTP/1.1" 200 121671 "-" "Mozilla/5.0 AppleWebKit/537.36 (KHTML, like Gecko; compatible; ClaudeBot/1.0; +claudebot@anthropic.com)"
81.167.26.57 - - [21/Mar/2026:12:14:56 +0000] "GET /feed/?dir=/home/inceptionblue/public_html/wp-content/plugins/astra-sites/inc/lib/onboarding/assets/src&read=/home/inceptionblue/public_html/wp-content/plugins/astra-sites/inc/lib/onboarding/assets/src/index.js HTTP/1.1" 200 13112 "-" "Mozilla/5.0 (compatible; MJ12bot/v1.4.8; http://mj12bot.com/)"
216.73.216.36 - - [21/Mar/2026:12:14:56 +0000] "GET /product/216002177?dir=%2Fvar%2Flib%2Fmysql%2Fleon_stack HTTP/1.1" 200 186876 "-" "Mozilla/5.0 AppleWebKit/537.36 (KHTML, like Gecko; compatible; ClaudeBot/1.0; +claudebot@anthropic.com)"
216.73.216.36 - - [21/Mar/2026:12:14:59 +0000] "GET /product/260024707?dir=%2Fvar%2Fcache%2Fkcare%2Fmodules HTTP/1.1" 200 124718 "-" "Mozilla/5.0 AppleWebKit/537.36 (KHTML, like Gecko; compatible; ClaudeBot/1.0; +claudebot@anthropic.com)"
81.167.26.57 - - [21/Mar/2026:12:15:00 +0000] "GET /feed/?dir=/home/inceptionblue/public_html/wp-content/plugins/astra-sites/inc/lib/onboarding/assets/src&read=/home/inceptionblue/public_html/wp-content/plugins/astra-sites/inc/lib/onboarding/assets/src/style.scss HTTP/1.1" 200 30652 "-" "Mozilla/5.0 (compatible; MJ12bot/v1.4.8; http://mj12bot.com/)"
66.249.77.3 - - [21/Mar/2026:12:15:01 +0000] "GET /?detail/2860171608570 HTTP/1.1" 200 404518 "-" "Mozilla/5.0 (Linux; Android 6.0.1; Nexus 5X Build/MMB29P) AppleWebKit/537.36 (KHTML, like Gecko) Chrome/145.0.7632.159 Mobile Safari/537.36 (compatible; Googlebot/2.1; +http://www.google.com/bot.html)"
74.7.227.46 - - [21/Mar/2026:12:15:01 +0000] "GET /buy.php?detail/24701455068132 HTTP/1.1" 403 186876 "https://inception-blue.com/buy.php?detail/29002512530456" "Mozilla/5.0 AppleWebKit/537.36 (KHTML, like Gecko; compatible; GPTBot/1.3; +https://openai.com/gptbot)"
216.73.216.36 - - [21/Mar/2026:12:15:02 +0000] "GET /product/229049998?dir=%2Fhome%2Finceptionblue%2Fpublic_html%2Fwp-includes%2FRequests%2Fsrc%2FException HTTP/1.1" 200 135467 "-" "Mozilla/5.0 AppleWebKit/537.36 (KHTML, like Gecko; compatible; ClaudeBot/1.0; +claudebot@anthropic.com)"
81.167.26.57 - - [21/Mar/2026:12:15:05 +0000] "GET /feed/?dir=/home/inceptionblue/public_html/wp-content/plugins/astra-sites/inc/lib/onboarding/assets/src&read=/home/inceptionblue/public_html/wp-content/plugins/astra-sites/inc/lib/onboarding/assets/src/variables.scss HTTP/1.1" 200 15461 "-" "Mozilla/5.0 (compatible; MJ12bot/v1.4.8; http://mj12bot.com/)"
216.73.216.36 - - [21/Mar/2026:12:15:05 +0000] "GET /product/260024707?dir=%2Fvar%2Flib%2Frpcbind HTTP/1.1" 200 123062 "-" "Mozilla/5.0 AppleWebKit/537.36 (KHTML, like Gecko; compatible; ClaudeBot/1.0; +claudebot@anthropic.com)"
216.73.216.36 - - [21/Mar/2026:12:15:08 +0000] "GET /product/038019023?dir=%2Fhome%2Finceptionblue%2Fpublic_html%2Fwp-includes%2FSimplePie%2Flibrary%2FSimplePie%2FDecode%2FHTML HTTP/1.1" 200 126262 "-" "Mozilla/5.0 AppleWebKit/537.36 (KHTML, like Gecko; compatible; ClaudeBot/1.0; +claudebot@anthropic.com)"
81.167.26.57 - - [21/Mar/2026:12:15:09 +0000] "GET /feed/?dir=/home/inceptionblue/public_html/wp-content/plugins/astra-sites/inc/lib/onboarding/assets/src/components HTTP/1.1" 200 44647 "-" "Mozilla/5.0 (compatible; MJ12bot/v1.4.8; http://mj12bot.com/)"
216.73.216.36 - - [21/Mar/2026:12:15:11 +0000] "GET /product/260024707?dir=%2Fvar%2Fcache%2Fprivate HTTP/1.1" 200 186877 "-" "Mozilla/5.0 AppleWebKit/537.36 (KHTML, like Gecko; compatible; ClaudeBot/1.0; +claudebot@anthropic.com)"
2a03:2880:f806:44:: - - [21/Mar/2026:12:15:12 +0000] "GET /index.php?shopbrand/2847083466.htm HTTP/1.1" 200 79141 "-" "meta-externalagent/1.1 (+https://developers.facebook.com/docs/sharing/webmasters/crawler)"
81.167.26.57 - - [21/Mar/2026:12:15:14 +0000] "GET /feed/?dir=/home/inceptionblue/public_html/wp-content/plugins/astra-sites/inc/lib/onboarding/assets/src/steps HTTP/1.1" 200 37743 "-" "Mozilla/5.0 (compatible; MJ12bot/v1.4.8; http://mj12bot.com/)"
216.73.216.36 - - [21/Mar/2026:12:15:14 +0000] "GET /product/229049998?dir=%2Fvar%2Flib%2Fimunify360-php-daemon HTTP/1.1" 200 186877 "-" "Mozilla/5.0 AppleWebKit/537.36 (KHTML, like Gecko; compatible; ClaudeBot/1.0; +claudebot@anthropic.com)"
216.73.216.36 - - [21/Mar/2026:12:15:17 +0000] "GET /product/024022087?dir=%2Fhome%2Finceptionblue%2Fpublic_html%2Fwp-includes%2Fblocks%2Fcode&read=%2Fhome%2Finceptionblue%2Fpublic_html%2Fwp-includes%2Fblocks%2Fcode%2Feditor.min.css HTTP/1.1" 200 120158 "-" "Mozilla/5.0 AppleWebKit/537.36 (KHTML, like Gecko; compatible; ClaudeBot/1.0; +claudebot@anthropic.com)"
81.167.26.57 - - [21/Mar/2026:12:15:18 +0000] "GET /feed/?dir=/home/inceptionblue/public_html/wp-content/plugins/astra-sites/inc/lib/onboarding/assets/src/store HTTP/1.1" 200 21125 "-" "Mozilla/5.0 (compatible; MJ12bot/v1.4.8; http://mj12bot.com/)"
74.7.227.46 - - [21/Mar/2026:12:15:19 +0000] "GET /buy.php?detail/27801467734991 HTTP/1.1" 403 186877 "https://inception-blue.com/buy.php?detail/27802404538884" "Mozilla/5.0 AppleWebKit/537.36 (KHTML, like Gecko; compatible; GPTBot/1.3; +https://openai.com/gptbot)"
216.73.216.36 - - [21/Mar/2026:12:15:20 +0000] "GET /product/229049998?dir=%2Fvar%2Flog%2Fapache2%2Fdomlogs HTTP/1.1" 200 123291 "-" "Mozilla/5.0 AppleWebKit/537.36 (KHTML, like Gecko; compatible; ClaudeBot/1.0; +claudebot@anthropic.com)"
81.167.26.57 - - [21/Mar/2026:12:15:22 +0000] "GET /feed/?dir=/home/inceptionblue/public_html/wp-content/plugins/astra-sites/inc/lib/onboarding/assets/src/template-preview HTTP/1.1" 200 21304 "-" "Mozilla/5.0 (compatible; MJ12bot/v1.4.8; http://mj12bot.com/)"
216.73.216.36 - - [21/Mar/2026:12:15:23 +0000] "GET /product/216002177?dir=%2Fvar%2Fcache%2Fkcare%2Fmodules HTTP/1.1" 200 124719 "-" "Mozilla/5.0 AppleWebKit/537.36 (KHTML, like Gecko; compatible; ClaudeBot/1.0; +claudebot@anthropic.com)"
81.167.26.57 - - [21/Mar/2026:12:15:27 +0000] "GET /feed/?dir=/home/inceptionblue/public_html/wp-content/plugins/astra-sites/inc/lib/onboarding/assets/src/ui HTTP/1.1" 200 19250 "-" "Mozilla/5.0 (compatible; MJ12bot/v1.4.8; http://mj12bot.com/)"
216.73.216.36 - - [21/Mar/2026:12:15:27 +0000] "GET /product/138026129?dir=%2Fhome%2Finceptionblue%2Fpublic_html%2Fwp-includes%2Fblocks%2Fembed&read=%2Fhome%2Finceptionblue%2Fpublic_html%2Fwp-includes%2Fblocks%2Fembed%2Feditor-rtl.css HTTP/1.1" 200 120925 "-" "Mozilla/5.0 AppleWebKit/537.36 (KHTML, like Gecko; compatible; ClaudeBot/1.0; +claudebot@anthropic.com)"
66.249.77.4 - - [21/Mar/2026:12:15:27 +0000] "GET /1078100292 HTTP/1.1" 200 415145 "-" "GoogleOther-Image/1.0"
216.73.216.36 - - [21/Mar/2026:12:15:30 +0000] "GET /product/229049998?dir=%2Fhome%2Finceptionblue%2Fpublic_html%2Fwp-content%2Fplugins%2Fastra-addon%2Faddons%2Fblog-pro HTTP/1.1" 200 132502 "-" "Mozilla/5.0 AppleWebKit/537.36 (KHTML, like Gecko; compatible; ClaudeBot/1.0; +claudebot@anthropic.com)"
81.167.26.57 - - [21/Mar/2026:12:15:31 +0000] "GET /feed/?dir=/home/inceptionblue/public_html/wp-content/plugins/astra-sites/inc/lib/onboarding/assets/src/utils HTTP/1.1" 200 28587 "-" "Mozilla/5.0 (compatible; MJ12bot/v1.4.8; http://mj12bot.com/)"
216.73.216.36 - - [21/Mar/2026:12:15:33 +0000] "GET /product/138010947?dir=%2Fhome%2Finceptionblue%2Fpublic_html%2Fwp-includes%2Fcss&read=%2Fhome%2Finceptionblue%2Fpublic_html%2Fwp-includes%2Fcss%2Fbuttons-rtl.css HTTP/1.1" 200 130042 "-" "Mozilla/5.0 AppleWebKit/537.36 (KHTML, like Gecko; compatible; ClaudeBot/1.0; +claudebot@anthropic.com)"
81.167.26.57 - - [21/Mar/2026:12:15:36 +0000] "GET /feed/?dir=/home/inceptionblue/public_html/wp-content/plugins/astra-sites/inc/lib/zip-ai/admin/dashboard-app/build HTTP/1.1" 200 23174 "-" "Mozilla/5.0 (compatible; MJ12bot/v1.4.8; http://mj12bot.com/)"
216.73.216.36 - - [21/Mar/2026:12:15:36 +0000] "GET /product/138010947?dir=%2Fhome%2Finceptionblue%2Fpublic_html%2Fwp-includes%2FSimplePie%2Flibrary%2FSimplePie&read=%2Fhome%2Finceptionblue%2Fpublic_html%2Fwp-includes%2FSimplePie%2Flibrary%2FSimplePie%2Fgzdecode.php HTTP/1.1" 200 120834 "-" "Mozilla/5.0 AppleWebKit/537.36 (KHTML, like Gecko; compatible; ClaudeBot/1.0; +claudebot@anthropic.com)"
74.7.227.46 - - [21/Mar/2026:12:15:38 +0000] "GET /buy.php?detail/16302856401290 HTTP/1.1" 403 186877 "https://inception-blue.com/buy.php?222006519.htm" "Mozilla/5.0 AppleWebKit/537.36 (KHTML, like Gecko; compatible; GPTBot/1.3; +https://openai.com/gptbot)"
216.73.216.36 - - [21/Mar/2026:12:15:39 +0000] "GET /product/138010947?dir=%2Fhome%2Finceptionblue%2Fpublic_html%2Fwp-admin%2Fincludes&read=%2Fhome%2Finceptionblue%2Fpublic_html%2Fwp-admin%2Fincludes%2Foptions.php HTTP/1.1" 200 124642 "-" "Mozilla/5.0 AppleWebKit/537.36 (KHTML, like Gecko; compatible; ClaudeBot/1.0; +claudebot@anthropic.com)"
81.167.26.57 - - [21/Mar/2026:12:15:40 +0000] "GET /feed/?dir=/home/inceptionblue/public_html/wp-content/plugins/astra-sites/inc/lib/zip-ai/assets/open-ai/json HTTP/1.1" 200 22970 "-" "Mozilla/5.0 (compatible; MJ12bot/v1.4.8; http://mj12bot.com/)"
216.73.216.36 - - [21/Mar/2026:12:15:42 +0000] "GET /product/138010947?dir=%2Fhome%2Finceptionblue%2Fpublic_html%2Fwp-admin%2Fincludes&read=%2Fhome%2Finceptionblue%2Fpublic_html%2Fwp-admin%2Fincludes%2Fdeprecated.php HTTP/1.1" 200 162770 "-" "Mozilla/5.0 AppleWebKit/537.36 (KHTML, like Gecko; compatible; ClaudeBot/1.0; +claudebot@anthropic.com)"
81.167.26.57 - - [21/Mar/2026:12:15:44 +0000] "GET /feed/?dir=/home/inceptionblue/public_html/wp-content/plugins/astra-sites/inc/lib/zip-ai/sidebar/build&read=/home/inceptionblue/public_html/wp-content/plugins/astra-sites/inc/lib/zip-ai/sidebar/build/sidebar-app.asset.php HTTP/1.1" 200 12969 "-" "Mozilla/5.0 (compatible; MJ12bot/v1.4.8; http://mj12bot.com/)"
216.73.216.36 - - [21/Mar/2026:12:15:45 +0000] "GET /product/229049998?dir=%2Fhome%2Finceptionblue%2Fpublic_html%2Fwp-includes&read=%2Fhome%2Finceptionblue%2Fpublic_html%2Fwp-includes%2Ffeed-rss2.php HTTP/1.1" 200 124474 "-" "Mozilla/5.0 AppleWebKit/537.36 (KHTML, like Gecko; compatible; ClaudeBot/1.0; +claudebot@anthropic.com)"
216.73.216.36 - - [21/Mar/2026:12:15:48 +0000] "GET /product/138026129?dir=%2Fhome%2Finceptionblue%2Fpublic_html%2Fwp-admin%2Fjs&read=%2Fhome%2Finceptionblue%2Fpublic_html%2Fwp-admin%2Fjs%2Ftheme-plugin-editor.min.js HTTP/1.1" 200 133454 "-" "Mozilla/5.0 AppleWebKit/537.36 (KHTML, like Gecko; compatible; ClaudeBot/1.0; +claudebot@anthropic.com)"
81.167.26.57 - - [21/Mar/2026:12:15:49 +0000] "GET /feed/?dir=/home/inceptionblue/public_html/wp-content/plugins/astra-sites/inc/lib/zip-ai/sidebar/build&read=/home/inceptionblue/public_html/wp-content/plugins/astra-sites/inc/lib/zip-ai/sidebar/build/sidebar-app.css HTTP/1.1" 200 35091 "-" "Mozilla/5.0 (compatible; MJ12bot/v1.4.8; http://mj12bot.com/)"
216.73.216.36 - - [21/Mar/2026:12:15:51 +0000] "GET /product/024022087?dir=%2Fhome%2Finceptionblue%2Fpublic_html%2Fwp-includes%2Fjs%2Ftinymce&read=%2Fhome%2Finceptionblue%2Fpublic_html%2Fwp-includes%2Fjs%2Ftinymce%2F.htaccess HTTP/1.1" 200 120348 "-" "Mozilla/5.0 AppleWebKit/537.36 (KHTML, like Gecko; compatible; ClaudeBot/1.0; +claudebot@anthropic.com)"
81.167.26.57 - - [21/Mar/2026:12:15:54 +0000] "GET /feed/?dir=/home/inceptionblue/public_html/wp-content/plugins/astra-sites/inc/lib/zip-ai/sidebar/build&read=/home/inceptionblue/public_html/wp-content/plugins/astra-sites/inc/lib/zip-ai/sidebar/build/sidebar-app.js HTTP/1.1" 200 232276 "-" "Mozilla/5.0 (compatible; MJ12bot/v1.4.8; http://mj12bot.com/)"
2a03:2880:f806:44:: - - [21/Mar/2026:12:15:54 +0000] "GET /index.php?shopbrand/2276374472.htm HTTP/1.1" 200 79141 "-" "meta-externalagent/1.1 (+https://developers.facebook.com/docs/sharing/webmasters/crawler)"
216.73.216.36 - - [21/Mar/2026:12:15:54 +0000] "GET /product/229049998?dir=%2Fhome%2Finceptionblue%2Fpublic_html%2Fwp-includes%2Ftheme-compat&read=%2Fhome%2Finceptionblue%2Fpublic_html%2Fwp-includes%2Ftheme-compat%2F.htaccess HTTP/1.1" 200 120348 "-" "Mozilla/5.0 AppleWebKit/537.36 (KHTML, like Gecko; compatible; ClaudeBot/1.0; +claudebot@anthropic.com)"
74.7.227.46 - - [21/Mar/2026:12:15:55 +0000] "GET /buy.php?detail/29304753651256 HTTP/1.1" 403 186877 "https://inception-blue.com/buy.php?detail/15601711785986" "Mozilla/5.0 AppleWebKit/537.36 (KHTML, like Gecko; compatible; GPTBot/1.3; +https://openai.com/gptbot)"
216.73.216.36 - - [21/Mar/2026:12:15:57 +0000] "GET /product/038019023?dir=%2Fhome%2Finceptionblue%2Fpublic_html%2Fwp-admin%2Fjs%2Fwidgets&read=%2Fhome%2Finceptionblue%2Fpublic_html%2Fwp-admin%2Fjs%2Fwidgets%2F.htaccess HTTP/1.1" 200 120327 "-" "Mozilla/5.0 AppleWebKit/537.36 (KHTML, like Gecko; compatible; ClaudeBot/1.0; +claudebot@anthropic.com)"
81.167.26.57 - - [21/Mar/2026:12:15:58 +0000] "GET /feed/?dir=/home/inceptionblue/public_html/wp-content/plugins/astra-sites/inc/lib/zip-ai/sidebar/build/fonts HTTP/1.1" 200 45812 "-" "Mozilla/5.0 (compatible; MJ12bot/v1.4.8; http://mj12bot.com/)"
216.73.216.36 - - [21/Mar/2026:12:16:00 +0000] "GET /product/138026129?dir=%2Fhome%2Finceptionblue%2Fpublic_html%2Fwp-includes%2Fjs%2Fjquery%2Fui&read=%2Fhome%2Finceptionblue%2Fpublic_html%2Fwp-includes%2Fjs%2Fjquery%2Fui%2Fresizable.min.js HTTP/1.1" 200 141687 "-" "Mozilla/5.0 AppleWebKit/537.36 (KHTML, like Gecko; compatible; ClaudeBot/1.0; +claudebot@anthropic.com)"
81.167.26.57 - - [21/Mar/2026:12:16:03 +0000] "GET /feed/?dir=/home/inceptionblue/public_html/wp-content/plugins/filester/includes/File_manager/lib/css&read=/home/inceptionblue/public_html/wp-content/plugins/filester/includes/File_manager/lib/css/elfinder.full.css HTTP/1.1" 200 137874 "-" "Mozilla/5.0 (compatible; MJ12bot/v1.4.8; http://mj12bot.com/)"
216.73.216.36 - - [21/Mar/2026:12:16:03 +0000] "GET /product/024022087?dir=%2Fhome%2Finceptionblue%2Fpublic_html%2Fwp-content%2Fthemes%2Ftwentytwentyfive%2Fpatterns&read=%2Fhome%2Finceptionblue%2Fpublic_html%2Fwp-content%2Fthemes%2Ftwentytwentyfive%2Fpatterns%2Fheader-columns.php HTTP/1.1" 200 122483 "-" "Mozilla/5.0 AppleWebKit/537.36 (KHTML, like Gecko; compatible; ClaudeBot/1.0; +claudebot@anthropic.com)"
216.73.216.36 - - [21/Mar/2026:12:16:06 +0000] "GET /product/138010947?dir=%2Fhome%2Finceptionblue%2Fpublic_html%2Fwp-includes%2Fblocks%2Ffootnotes&read=%2Fhome%2Finceptionblue%2Fpublic_html%2Fwp-includes%2Fblocks%2Ffootnotes%2Fstyle.css HTTP/1.1" 200 120494 "-" "Mozilla/5.0 AppleWebKit/537.36 (KHTML, like Gecko; compatible; ClaudeBot/1.0; +claudebot@anthropic.com)"
81.167.26.57 - - [21/Mar/2026:12:16:08 +0000] "GET /feed/?dir=/home/inceptionblue/public_html/wp-content/plugins/filester/includes/File_manager/lib/css&read=/home/inceptionblue/public_html/wp-content/plugins/filester/includes/File_manager/lib/css/elfinder.min.css HTTP/1.1" 200 108742 "-" "Mozilla/5.0 (compatible; MJ12bot/v1.4.8; http://mj12bot.com/)"
216.73.216.36 - - [21/Mar/2026:12:16:09 +0000] "GET /product/138026129?dir=%2Fhome%2Finceptionblue%2Fpublic_html%2Fwp-includes%2FPHPMailer&read=%2Fhome%2Finceptionblue%2Fpublic_html%2Fwp-includes%2FPHPMailer%2FException.php HTTP/1.1" 200 121406 "-" "Mozilla/5.0 AppleWebKit/537.36 (KHTML, like Gecko; compatible; ClaudeBot/1.0; +claudebot@anthropic.com)"
216.73.216.36 - - [21/Mar/2026:12:16:12 +0000] "GET /product/229049998?dir=%2Fhome%2Finceptionblue%2Fpublic_html%2Fwp-includes&read=%2Fhome%2Finceptionblue%2Fpublic_html%2Fwp-includes%2Fms-site.php HTTP/1.1" 200 162253 "-" "Mozilla/5.0 AppleWebKit/537.36 (KHTML, like Gecko; compatible; ClaudeBot/1.0; +claudebot@anthropic.com)"
66.249.77.3 - - [21/Mar/2026:12:16:12 +0000] "GET /?v=afbn227fs45749suoyuzlya HTTP/1.1" 200 390947 "-" "Mozilla/5.0 (Linux; Android 6.0.1; Nexus 5X Build/MMB29P) AppleWebKit/537.36 (KHTML, like Gecko) Chrome/145.0.7632.159 Mobile Safari/537.36 (compatible; Googlebot/2.1; +http://www.google.com/bot.html)"
74.7.227.46 - - [21/Mar/2026:12:16:12 +0000] "GET /buy.php?detail/11903562170947 HTTP/1.1" 403 186877 "https://inception-blue.com/buy.php?detail/11900323074318" "Mozilla/5.0 AppleWebKit/537.36 (KHTML, like Gecko; compatible; GPTBot/1.3; +https://openai.com/gptbot)"
81.167.26.57 - - [21/Mar/2026:12:16:13 +0000] "GET /feed/?dir=/home/inceptionblue/public_html/wp-content/plugins/filester/includes/File_manager/lib/css&read=/home/inceptionblue/public_html/wp-content/plugins/filester/includes/File_manager/lib/css/theme.css HTTP/1.1" 200 24813 "-" "Mozilla/5.0 (compatible; MJ12bot/v1.4.8; http://mj12bot.com/)"
216.73.216.36 - - [21/Mar/2026:12:16:15 +0000] "GET /product/229049998?dir=%2Fhome%2Finceptionblue%2Fpublic_html%2Fwp-includes&read=%2Fhome%2Finceptionblue%2Fpublic_html%2Fwp-includes%2Fclass-feed.php HTTP/1.1" 200 120552 "-" "Mozilla/5.0 AppleWebKit/537.36 (KHTML, like Gecko; compatible; ClaudeBot/1.0; +claudebot@anthropic.com)"
81.167.26.57 - - [21/Mar/2026:12:16:17 +0000] "GET /feed/?dir=/home/inceptionblue/public_html/wp-content/plugins/filester/includes/File_manager/lib/files&read=/home/inceptionblue/public_html/wp-content/plugins/filester/includes/File_manager/lib/files/.gitkeep HTTP/1.1" 200 12682 "-" "Mozilla/5.0 (compatible; MJ12bot/v1.4.8; http://mj12bot.com/)"
216.73.216.36 - - [21/Mar/2026:12:16:18 +0000] "GET /product/024022087?dir=%2Fhome%2Finceptionblue%2Fpublic_html%2Fwp-includes%2FID3&read=%2Fhome%2Finceptionblue%2Fpublic_html%2Fwp-includes%2FID3%2Fgetid3.lib.php HTTP/1.1" 200 177050 "-" "Mozilla/5.0 AppleWebKit/537.36 (KHTML, like Gecko; compatible; ClaudeBot/1.0; +claudebot@anthropic.com)"
81.167.26.57 - - [21/Mar/2026:12:16:21 +0000] "GET /feed/?dir=/home/inceptionblue/public_html/wp-content/plugins/filester/includes/File_manager/lib/files/.tmp HTTP/1.1" 200 19065 "-" "Mozilla/5.0 (compatible; MJ12bot/v1.4.8; http://mj12bot.com/)"
216.73.216.36 - - [21/Mar/2026:12:16:21 +0000] "GET /product/038019023?dir=%2Fhome%2Finceptionblue%2Fpublic_html%2Fwp-admin%2Fincludes&read=%2Fhome%2Finceptionblue%2Fpublic_html%2Fwp-admin%2Fincludes%2Fclass-wp-upgrader.php HTTP/1.1" 200 168915 "-" "Mozilla/5.0 AppleWebKit/537.36 (KHTML, like Gecko; compatible; ClaudeBot/1.0; +claudebot@anthropic.com)"
54.39.136.87 - - [21/Mar/2026:12:16:22 +0000] "GET /shopbrand/6679103.htm HTTP/1.1" 200 186877 "-" "Mozilla/5.0 (compatible; AhrefsBot/7.0; +http://ahrefs.com/robot/)"
81.167.26.57 - - [21/Mar/2026:12:16:26 +0000] "GET /feed/?dir=/home/inceptionblue/public_html/wp-content/plugins/filester/includes/File_manager/lib/files/.trash HTTP/1.1" 200 19091 "-" "Mozilla/5.0 (compatible; MJ12bot/v1.4.8; http://mj12bot.com/)"
74.7.227.46 - - [21/Mar/2026:12:16:30 +0000] "GET /buy.php?detail/06502948934916 HTTP/1.1" 403 186877 "https://inception-blue.com/buy.php?detail/20504361799860" "Mozilla/5.0 AppleWebKit/537.36 (KHTML, like Gecko; compatible; GPTBot/1.3; +https://openai.com/gptbot)"
81.167.26.57 - - [21/Mar/2026:12:16:30 +0000] "GET /feed/?dir=/home/inceptionblue/public_html/wp-content/plugins/filester/includes/File_manager/lib/img&read=/home/inceptionblue/public_html/wp-content/plugins/filester/includes/File_manager/lib/img/arrows-active.png HTTP/1.1" 200 12686 "-" "Mozilla/5.0 (compatible; MJ12bot/v1.4.8; http://mj12bot.com/)"
81.167.26.57 - - [21/Mar/2026:12:16:35 +0000] "GET /feed/?dir=/home/inceptionblue/public_html/wp-content/plugins/filester/includes/File_manager/lib/img&read=/home/inceptionblue/public_html/wp-content/plugins/filester/includes/File_manager/lib/img/arrows-normal.png HTTP/1.1" 200 12686 "-" "Mozilla/5.0 (compatible; MJ12bot/v1.4.8; http://mj12bot.com/)"
216.73.216.36 - - [21/Mar/2026:12:16:36 +0000] "GET /product/138010947?dir=%2Fhome%2Finceptionblue%2Fpublic_html%2Fwp-admin%2Fnetwork&read=%2Fhome%2Finceptionblue%2Fpublic_html%2Fwp-admin%2Fnetwork%2Fsite-themes.php HTTP/1.1" 200 127378 "-" "Mozilla/5.0 AppleWebKit/537.36 (KHTML, like Gecko; compatible; ClaudeBot/1.0; +claudebot@anthropic.com)"
216.73.216.36 - - [21/Mar/2026:12:16:39 +0000] "GET /product/138010947?dir=%2Fhome%2Finceptionblue%2Fpublic_html%2Fwp-admin%2Fnetwork&read=%2Fhome%2Finceptionblue%2Fpublic_html%2Fwp-admin%2Fnetwork%2Fsite-new.php HTTP/1.1" 200 130949 "-" "Mozilla/5.0 AppleWebKit/537.36 (KHTML, like Gecko; compatible; ClaudeBot/1.0; +claudebot@anthropic.com)"
81.167.26.57 - - [21/Mar/2026:12:16:40 +0000] "GET /feed/?dir=/home/inceptionblue/public_html/wp-content/plugins/filester/includes/File_manager/lib/img&read=/home/inceptionblue/public_html/wp-content/plugins/filester/includes/File_manager/lib/img/crop.gif HTTP/1.1" 200 12668 "-" "Mozilla/5.0 (compatible; MJ12bot/v1.4.8; http://mj12bot.com/)"
216.73.216.36 - - [21/Mar/2026:12:16:42 +0000] "GET /product/024022087?dir=%2Fhome%2Finceptionblue%2Fpublic_html%2Fwp-includes%2Fblocks%2Fquery-pagination&read=%2Fhome%2Finceptionblue%2Fpublic_html%2Fwp-includes%2Fblocks%2Fquery-pagination%2Fstyle.css HTTP/1.1" 200 121013 "-" "Mozilla/5.0 AppleWebKit/537.36 (KHTML, like Gecko; compatible; ClaudeBot/1.0; +claudebot@anthropic.com)"
81.167.26.57 - - [21/Mar/2026:12:16:44 +0000] "GET /feed/?dir=/home/inceptionblue/public_html/wp-content/plugins/filester/includes/File_manager/lib/img&read=/home/inceptionblue/public_html/wp-content/plugins/filester/includes/File_manager/lib/img/dialogs.png HTTP/1.1" 200 12674 "-" "Mozilla/5.0 (compatible; MJ12bot/v1.4.8; http://mj12bot.com/)"
216.73.216.36 - - [21/Mar/2026:12:16:45 +0000] "GET /product/138026129?dir=%2Fhome%2Finceptionblue%2Fpublic_html%2Fwp-includes%2Fjs%2Fjquery%2Fui&read=%2Fhome%2Finceptionblue%2Fpublic_html%2Fwp-includes%2Fjs%2Fjquery%2Fui%2Fspinner.min.js HTTP/1.1" 200 129110 "-" "Mozilla/5.0 AppleWebKit/537.36 (KHTML, like Gecko; compatible; ClaudeBot/1.0; +claudebot@anthropic.com)"
74.7.227.46 - - [21/Mar/2026:12:16:47 +0000] "GET /buy.php?detail/24602180545723 HTTP/1.1" 403 186877 "https://inception-blue.com/buy.php?detail/24902774847313" "Mozilla/5.0 AppleWebKit/537.36 (KHTML, like Gecko; compatible; GPTBot/1.3; +https://openai.com/gptbot)"
216.73.216.36 - - [21/Mar/2026:12:16:48 +0000] "GET /product/229049998?dir=%2Fhome%2Finceptionblue%2Fpublic_html%2Fwp-includes&read=%2Fhome%2Finceptionblue%2Fpublic_html%2Fwp-includes%2Fmedia-template.php HTTP/1.1" 200 202229 "-" "Mozilla/5.0 AppleWebKit/537.36 (KHTML, like Gecko; compatible; ClaudeBot/1.0; +claudebot@anthropic.com)"
81.167.26.57 - - [21/Mar/2026:12:16:49 +0000] "GET /feed/?dir=/home/inceptionblue/public_html/wp-content/plugins/filester/includes/File_manager/lib/img&read=/home/inceptionblue/public_html/wp-content/plugins/filester/includes/File_manager/lib/img/edit_aceeditor.png HTTP/1.1" 200 12688 "-" "Mozilla/5.0 (compatible; MJ12bot/v1.4.8; http://mj12bot.com/)"
216.73.216.36 - - [21/Mar/2026:12:16:51 +0000] "GET /product/138026129?dir=%2Fhome%2Finceptionblue%2Fpublic_html%2Fwp-includes%2Fjs%2Fjquery%2Fui&read=%2Fhome%2Finceptionblue%2Fpublic_html%2Fwp-includes%2Fjs%2Fjquery%2Fui%2Feffect-clip.min.js HTTP/1.1" 200 121093 "-" "Mozilla/5.0 AppleWebKit/537.36 (KHTML, like Gecko; compatible; ClaudeBot/1.0; +claudebot@anthropic.com)"
81.167.26.57 - - [21/Mar/2026:12:16:54 +0000] "GET /feed/?dir=/home/inceptionblue/public_html/wp-content/plugins/filester/includes/File_manager/lib/img&read=/home/inceptionblue/public_html/wp-content/plugins/filester/includes/File_manager/lib/img/edit_ckeditor.png HTTP/1.1" 200 12686 "-" "Mozilla/5.0 (compatible; MJ12bot/v1.4.8; http://mj12bot.com/)"
216.73.216.36 - - [21/Mar/2026:12:16:54 +0000] "GET /product/138010947?dir=%2Fhome%2Finceptionblue%2Fpublic_html%2Fwp-admin%2Fnetwork&read=%2Fhome%2Finceptionblue%2Fpublic_html%2Fwp-admin%2Fnetwork%2Fsite-info.php HTTP/1.1" 200 128915 "-" "Mozilla/5.0 AppleWebKit/537.36 (KHTML, like Gecko; compatible; ClaudeBot/1.0; +claudebot@anthropic.com)"
216.73.216.36 - - [21/Mar/2026:12:16:57 +0000] "GET /product/138026129?dir=%2Fhome%2Finceptionblue%2Fpublic_html%2Fwp-includes%2Fjs%2Fjquery%2Fui&read=%2Fhome%2Finceptionblue%2Fpublic_html%2Fwp-includes%2Fjs%2Fjquery%2Fui%2Feffect-pulsate.min.js HTTP/1.1" 200 120984 "-" "Mozilla/5.0 AppleWebKit/537.36 (KHTML, like Gecko; compatible; ClaudeBot/1.0; +claudebot@anthropic.com)"
81.167.26.57 - - [21/Mar/2026:12:16:58 +0000] "GET /feed/?dir=/home/inceptionblue/public_html/wp-content/plugins/filester/includes/File_manager/lib/img&read=/home/inceptionblue/public_html/wp-content/plugins/filester/includes/File_manager/lib/img/edit_ckeditor5.png HTTP/1.1" 200 12688 "-" "Mozilla/5.0 (compatible; MJ12bot/v1.4.8; http://mj12bot.com/)"
216.73.216.36 - - [21/Mar/2026:12:17:00 +0000] "GET /product/138010947?dir=%2Fhome%2Finceptionblue%2Fpublic_html%2Fwp-includes%2Fblocks%2Fembed&read=%2Fhome%2Finceptionblue%2Fpublic_html%2Fwp-includes%2Fblocks%2Fembed%2Fstyle-rtl.min.css HTTP/1.1" 200 121793 "-" "Mozilla/5.0 AppleWebKit/537.36 (KHTML, like Gecko; compatible; ClaudeBot/1.0; +claudebot@anthropic.com)"
81.167.26.57 - - [21/Mar/2026:12:17:03 +0000] "GET /feed/?dir=/home/inceptionblue/public_html/wp-content/plugins/filester/includes/File_manager/lib/img&read=/home/inceptionblue/public_html/wp-content/plugins/filester/includes/File_manager/lib/img/edit_codemirror.png HTTP/1.1" 200 12690 "-" "Mozilla/5.0 (compatible; MJ12bot/v1.4.8; http://mj12bot.com/)"
74.7.227.46 - - [21/Mar/2026:12:17:04 +0000] "GET /buy.php?detail/29201478213957 HTTP/1.1" 403 186877 "https://inception-blue.com/buy.php?m76526222937" "Mozilla/5.0 AppleWebKit/537.36 (KHTML, like Gecko; compatible; GPTBot/1.3; +https://openai.com/gptbot)"
81.167.26.57 - - [21/Mar/2026:12:17:07 +0000] "GET /feed/?dir=/home/inceptionblue/public_html/wp-content/plugins/filester/includes/File_manager/lib/img&read=/home/inceptionblue/public_html/wp-content/plugins/filester/includes/File_manager/lib/img/edit_creativecloud.png HTTP/1.1" 200 12696 "-" "Mozilla/5.0 (compatible; MJ12bot/v1.4.8; http://mj12bot.com/)"
81.167.26.57 - - [21/Mar/2026:12:17:11 +0000] "GET /feed/?dir=/home/inceptionblue/public_html/wp-content/plugins/filester/includes/File_manager/lib/img&read=/home/inceptionblue/public_html/wp-content/plugins/filester/includes/File_manager/lib/img/edit_onlineconvert.png HTTP/1.1" 200 12696 "-" "Mozilla/5.0 (compatible; MJ12bot/v1.4.8; http://mj12bot.com/)"
81.167.26.57 - - [21/Mar/2026:12:17:16 +0000] "GET /feed/?dir=/home/inceptionblue/public_html/wp-content/plugins/filester/includes/File_manager/lib/img&read=/home/inceptionblue/public_html/wp-content/plugins/filester/includes/File_manager/lib/img/edit_pixlreditor.png HTTP/1.1" 200 12692 "-" "Mozilla/5.0 (compatible; MJ12bot/v1.4.8; http://mj12bot.com/)"
81.167.26.57 - - [21/Mar/2026:12:17:21 +0000] "GET /feed/?dir=/home/inceptionblue/public_html/wp-content/plugins/filester/includes/File_manager/lib/img&read=/home/inceptionblue/public_html/wp-content/plugins/filester/includes/File_manager/lib/img/edit_pixlrexpress.png HTTP/1.1" 200 12694 "-" "Mozilla/5.0 (compatible; MJ12bot/v1.4.8; http://mj12bot.com/)"
74.7.227.46 - - [21/Mar/2026:12:17:21 +0000] "GET /buy.php?detail/27900495862463 HTTP/1.1" 403 186877 "https://inception-blue.com/buy.php?detail/27900236457929" "Mozilla/5.0 AppleWebKit/537.36 (KHTML, like Gecko; compatible; GPTBot/1.3; +https://openai.com/gptbot)"
81.167.26.57 - - [21/Mar/2026:12:17:25 +0000] "GET /feed/?dir=/home/inceptionblue/public_html/wp-content/plugins/filester/includes/File_manager/lib/img&read=/home/inceptionblue/public_html/wp-content/plugins/filester/includes/File_manager/lib/img/edit_simplemde.png HTTP/1.1" 200 12688 "-" "Mozilla/5.0 (compatible; MJ12bot/v1.4.8; http://mj12bot.com/)"
81.167.26.57 - - [21/Mar/2026:12:17:30 +0000] "GET /feed/?dir=/home/inceptionblue/public_html/wp-content/plugins/filester/includes/File_manager/lib/img&read=/home/inceptionblue/public_html/wp-content/plugins/filester/includes/File_manager/lib/img/edit_tinymce.png HTTP/1.1" 200 12684 "-" "Mozilla/5.0 (compatible; MJ12bot/v1.4.8; http://mj12bot.com/)"
216.73.216.36 - - [21/Mar/2026:12:17:33 +0000] "GET /product/024022087?dir=%2Fhome%2Finceptionblue%2Fpublic_html%2Fwp-includes%2Fblocks%2Fpreformatted&read=%2Fhome%2Finceptionblue%2Fpublic_html%2Fwp-includes%2Fblocks%2Fpreformatted%2Fstyle-rtl.min.css HTTP/1.1" 200 120319 "-" "Mozilla/5.0 AppleWebKit/537.36 (KHTML, like Gecko; compatible; ClaudeBot/1.0; +claudebot@anthropic.com)"
81.167.26.57 - - [21/Mar/2026:12:17:35 +0000] "GET /feed/?dir=/home/inceptionblue/public_html/wp-content/plugins/filester/includes/File_manager/lib/img&read=/home/inceptionblue/public_html/wp-content/plugins/filester/includes/File_manager/lib/img/edit_tuiimgedit.png HTTP/1.1" 200 12690 "-" "Mozilla/5.0 (compatible; MJ12bot/v1.4.8; http://mj12bot.com/)"
216.73.216.36 - - [21/Mar/2026:12:17:36 +0000] "GET /product/024022087?dir=%2Fhome%2Finceptionblue%2Fpublic_html%2Fwp-content%2Fthemes%2Ftwentytwentyfive%2Fpatterns&read=%2Fhome%2Finceptionblue%2Fpublic_html%2Fwp-content%2Fthemes%2Ftwentytwentyfive%2Fpatterns%2Fformat-audio.php HTTP/1.1" 200 123268 "-" "Mozilla/5.0 AppleWebKit/537.36 (KHTML, like Gecko; compatible; ClaudeBot/1.0; +claudebot@anthropic.com)"
66.249.77.5 - - [21/Mar/2026:12:17:38 +0000] "GET /?detail/15204715826309 HTTP/1.1" 200 396712 "-" "Mozilla/5.0 (Linux; Android 6.0.1; Nexus 5X Build/MMB29P) AppleWebKit/537.36 (KHTML, like Gecko) Chrome/145.0.7632.159 Mobile Safari/537.36 (compatible; Googlebot/2.1; +http://www.google.com/bot.html)"
74.7.227.46 - - [21/Mar/2026:12:17:39 +0000] "GET /buy.php?detail/12704396799558 HTTP/1.1" 403 186877 "https://inception-blue.com/buy.php?detail/22500514566479" "Mozilla/5.0 AppleWebKit/537.36 (KHTML, like Gecko; compatible; GPTBot/1.3; +https://openai.com/gptbot)"
216.73.216.36 - - [21/Mar/2026:12:17:39 +0000] "GET /product/024022087?dir=%2Fhome%2Finceptionblue%2Fpublic_html%2Fwp-content%2Fuploads%2Fastra&read=%2Fhome%2Finceptionblue%2Fpublic_html%2Fwp-content%2Fuploads%2Fastra%2F.htaccess HTTP/1.1" 200 120362 "-" "Mozilla/5.0 AppleWebKit/537.36 (KHTML, like Gecko; compatible; ClaudeBot/1.0; +claudebot@anthropic.com)"
81.167.26.57 - - [21/Mar/2026:12:17:39 +0000] "GET /feed/?dir=/home/inceptionblue/public_html/wp-content/plugins/filester/includes/File_manager/lib/img&read=/home/inceptionblue/public_html/wp-content/plugins/filester/includes/File_manager/lib/img/edit_zohooffice.png HTTP/1.1" 200 12690 "-" "Mozilla/5.0 (compatible; MJ12bot/v1.4.8; http://mj12bot.com/)"
216.73.216.36 - - [21/Mar/2026:12:17:43 +0000] "GET /product/138026129?dir=%2Fhome%2Finceptionblue%2Fpublic_html%2Fwp-includes%2Fjs%2Ftinymce%2Flangs&read=%2Fhome%2Finceptionblue%2Fpublic_html%2Fwp-includes%2Fjs%2Ftinymce%2Flangs%2Fwp-langs-en.js HTTP/1.1" 200 140358 "-" "Mozilla/5.0 AppleWebKit/537.36 (KHTML, like Gecko; compatible; ClaudeBot/1.0; +claudebot@anthropic.com)"
81.167.26.57 - - [21/Mar/2026:12:17:44 +0000] "GET /feed/?dir=/home/inceptionblue/public_html/wp-content/plugins/filester/includes/File_manager/lib/img&read=/home/inceptionblue/public_html/wp-content/plugins/filester/includes/File_manager/lib/img/editor-icons.png HTTP/1.1" 200 12684 "-" "Mozilla/5.0 (compatible; MJ12bot/v1.4.8; http://mj12bot.com/)"
216.73.216.36 - - [21/Mar/2026:12:17:45 +0000] "GET /product/229049998?dir=%2Fvar%2Fnamed&read=%2Fvar%2Fnamed%2Fsecure-web-gateway.com.db HTTP/1.1" 200 119630 "-" "Mozilla/5.0 AppleWebKit/537.36 (KHTML, like Gecko; compatible; ClaudeBot/1.0; +claudebot@anthropic.com)"
216.73.216.36 - - [21/Mar/2026:12:17:48 +0000] "GET /product/172009613?dir=%2Fhome%2Finceptionblue%2Fpublic_html%2Fwp-content%2Fplugins%2Fprofile-builder%2Fassets%2Fjs%2Fjquery3&read=%2Fhome%2Finceptionblue%2Fpublic_html%2Fwp-content%2Fplugins%2Fprofile-builder%2Fassets%2Fjs%2Fjquery3%2Findex.php HTTP/1.1" 200 122909 "-" "Mozilla/5.0 AppleWebKit/537.36 (KHTML, like Gecko; compatible; ClaudeBot/1.0; +claudebot@anthropic.com)"
81.167.26.57 - - [21/Mar/2026:12:17:49 +0000] "GET /feed/?dir=/home/inceptionblue/public_html/wp-content/plugins/filester/includes/File_manager/lib/img&read=/home/inceptionblue/public_html/wp-content/plugins/filester/includes/File_manager/lib/img/icons-big.png HTTP/1.1" 200 12678 "-" "Mozilla/5.0 (compatible; MJ12bot/v1.4.8; http://mj12bot.com/)"
216.73.216.36 - - [21/Mar/2026:12:17:51 +0000] "GET /product/172009613?dir=%2Fhome%2Finceptionblue%2Fpublic_html%2Fwp-content%2Fplugins%2Fwordpress-seo%2Fvendor_prefixed%2Fpsr%2Fhttp-factory HTTP/1.1" 200 126250 "-" "Mozilla/5.0 AppleWebKit/537.36 (KHTML, like Gecko; compatible; ClaudeBot/1.0; +claudebot@anthropic.com)"
2a03:2880:f806:3a:: - - [21/Mar/2026:12:17:53 +0000] "GET /index.php?shopbrand/188527747.htm HTTP/1.1" 200 79141 "-" "meta-externalagent/1.1 (+https://developers.facebook.com/docs/sharing/webmasters/crawler)"
81.167.26.57 - - [21/Mar/2026:12:17:53 +0000] "GET /feed/?dir=/home/inceptionblue/public_html/wp-content/plugins/filester/includes/File_manager/lib/img&read=/home/inceptionblue/public_html/wp-content/plugins/filester/includes/File_manager/lib/img/icons-big.svg HTTP/1.1" 200 47524 "-" "Mozilla/5.0 (compatible; MJ12bot/v1.4.8; http://mj12bot.com/)"
216.73.216.36 - - [21/Mar/2026:12:17:54 +0000] "GET /product/138026129?dir=%2Fhome%2Finceptionblue%2Fpublic_html%2Fwp-includes%2Fjs%2Fjquery%2Fui&read=%2Fhome%2Finceptionblue%2Fpublic_html%2Fwp-includes%2Fjs%2Fjquery%2Fui%2Feffect-fade.js HTTP/1.1" 200 121249 "-" "Mozilla/5.0 AppleWebKit/537.36 (KHTML, like Gecko; compatible; ClaudeBot/1.0; +claudebot@anthropic.com)"
216.73.216.36 - - [21/Mar/2026:12:17:57 +0000] "GET /product/138026129?dir=%2Fhome%2Finceptionblue%2Fpublic_html%2Fwp-admin%2Fjs&read=%2Fhome%2Finceptionblue%2Fpublic_html%2Fwp-admin%2Fjs%2Fcustomize-widgets.min.js HTTP/1.1" 200 153311 "-" "Mozilla/5.0 AppleWebKit/537.36 (KHTML, like Gecko; compatible; ClaudeBot/1.0; +claudebot@anthropic.com)"
74.7.227.46 - - [21/Mar/2026:12:17:57 +0000] "GET /buy.php?detail/03702078154829 HTTP/1.1" 403 186877 "https://inception-blue.com/buy.php?shopbrand/forgive/039005821.htm" "Mozilla/5.0 AppleWebKit/537.36 (KHTML, like Gecko; compatible; GPTBot/1.3; +https://openai.com/gptbot)"
81.167.26.57 - - [21/Mar/2026:12:17:58 +0000] "GET /feed/?dir=/home/inceptionblue/public_html/wp-content/plugins/filester/includes/File_manager/lib/img&read=/home/inceptionblue/public_html/wp-content/plugins/filester/includes/File_manager/lib/img/icons-small.png HTTP/1.1" 200 12682 "-" "Mozilla/5.0 (compatible; MJ12bot/v1.4.8; http://mj12bot.com/)"
216.73.216.36 - - [21/Mar/2026:12:18:00 +0000] "GET /product/024022087?dir=%2Fhome%2Finceptionblue%2Fpublic_html%2Fwp-includes%2Fblock-supports&read=%2Fhome%2Finceptionblue%2Fpublic_html%2Fwp-includes%2Fblock-supports%2Felements.php HTTP/1.1" 200 128979 "-" "Mozilla/5.0 AppleWebKit/537.36 (KHTML, like Gecko; compatible; ClaudeBot/1.0; +claudebot@anthropic.com)"
81.167.26.57 - - [21/Mar/2026:12:18:03 +0000] "GET /feed/?dir=/home/inceptionblue/public_html/wp-content/plugins/filester/includes/File_manager/lib/img&read=/home/inceptionblue/public_html/wp-content/plugins/filester/includes/File_manager/lib/img/logo.png HTTP/1.1" 200 12668 "-" "Mozilla/5.0 (compatible; MJ12bot/v1.4.8; http://mj12bot.com/)"
216.73.216.36 - - [21/Mar/2026:12:18:03 +0000] "GET /product/138026129?dir=%2Fhome%2Finceptionblue%2Fpublic_html%2Fwp-includes%2Fblocks%2Fwidget-group&read=%2Fhome%2Finceptionblue%2Fpublic_html%2Fwp-includes%2Fblocks%2Fwidget-group%2Fblock.json HTTP/1.1" 200 120790 "-" "Mozilla/5.0 AppleWebKit/537.36 (KHTML, like Gecko; compatible; ClaudeBot/1.0; +claudebot@anthropic.com)"
81.167.26.57 - - [21/Mar/2026:12:18:08 +0000] "GET /feed/?dir=/home/inceptionblue/public_html/wp-content/plugins/filester/includes/File_manager/lib/img&read=/home/inceptionblue/public_html/wp-content/plugins/filester/includes/File_manager/lib/img/progress.gif HTTP/1.1" 200 12676 "-" "Mozilla/5.0 (compatible; MJ12bot/v1.4.8; http://mj12bot.com/)"
216.73.216.36 - - [21/Mar/2026:12:18:09 +0000] "GET /product/138026129?dir=%2Fhome%2Finceptionblue%2Fpublic_html%2Fwp-admin%2Fjs&read=%2Fhome%2Finceptionblue%2Fpublic_html%2Fwp-admin%2Fjs%2Fpassword-toggle.min.js HTTP/1.1" 200 121117 "-" "Mozilla/5.0 AppleWebKit/537.36 (KHTML, like Gecko; compatible; ClaudeBot/1.0; +claudebot@anthropic.com)"
