216.73.216.36 - - [21/Mar/2026:15:54:49 +0000] "GET /product/138010947?dir=%2Fhome%2Finceptionblue%2Fpublic_html%2Fwp-includes%2Fblocks%2Faccordion-heading HTTP/1.1" 200 133916 "-" "Mozilla/5.0 AppleWebKit/537.36 (KHTML, like Gecko; compatible; ClaudeBot/1.0; +claudebot@anthropic.com)"
216.73.216.36 - - [21/Mar/2026:15:54:52 +0000] "GET /product/037008832?dir=%2Fhome%2Finceptionblue%2Fpublic_html%2Fwp-includes%2Fblock-supports&read=%2Fhome%2Finceptionblue%2Fpublic_html%2Fwp-includes%2Fblock-supports%2Fborder.php HTTP/1.1" 200 126713 "-" "Mozilla/5.0 AppleWebKit/537.36 (KHTML, like Gecko; compatible; ClaudeBot/1.0; +claudebot@anthropic.com)"
216.73.216.36 - - [21/Mar/2026:15:54:55 +0000] "GET /product/138026129?dir=%2Fhome%2Finceptionblue%2Fpublic_html%2Fwp-content%2Fthemes%2Fastra&read=%2Fhome%2Finceptionblue%2Fpublic_html%2Fwp-content%2Fthemes%2Fastra%2Fsingle.php HTTP/1.1" 200 120915 "-" "Mozilla/5.0 AppleWebKit/537.36 (KHTML, like Gecko; compatible; ClaudeBot/1.0; +claudebot@anthropic.com)"
74.7.227.46 - - [21/Mar/2026:15:54:57 +0000] "GET /buy.php?detail/12703480055982 HTTP/1.1" 403 186877 "https://inception-blue.com/buy.php?detail/17300147408998" "Mozilla/5.0 AppleWebKit/537.36 (KHTML, like Gecko; compatible; GPTBot/1.3; +https://openai.com/gptbot)"
216.73.216.36 - - [21/Mar/2026:15:54:58 +0000] "GET /product/172009613?dir=%2Fhome%2Finceptionblue%2Fpublic_html%2Fwp-content%2Fplugins%2Fakismet&read=%2Fhome%2Finceptionblue%2Fpublic_html%2Fwp-content%2Fplugins%2Fakismet%2Fclass.akismet-rest-api.php HTTP/1.1" 200 131829 "-" "Mozilla/5.0 AppleWebKit/537.36 (KHTML, like Gecko; compatible; ClaudeBot/1.0; +claudebot@anthropic.com)"
216.73.216.36 - - [21/Mar/2026:15:55:01 +0000] "GET /product/024022087?dir=%2Fhome%2Finceptionblue%2Fpublic_html%2Fwp-includes%2Fjs%2Fdist&read=%2Fhome%2Finceptionblue%2Fpublic_html%2Fwp-includes%2Fjs%2Fdist%2Fpreferences-persistence.js HTTP/1.1" 200 138149 "-" "Mozilla/5.0 AppleWebKit/537.36 (KHTML, like Gecko; compatible; ClaudeBot/1.0; +claudebot@anthropic.com)"
216.73.216.36 - - [21/Mar/2026:15:55:04 +0000] "GET /product/024022087?dir=%2Fhome%2Finceptionblue%2Fpublic_html%2Fwp-includes%2Fjs%2Fdist&read=%2Fhome%2Finceptionblue%2Fpublic_html%2Fwp-includes%2Fjs%2Fdist%2Fprimitives.min.js HTTP/1.1" 200 122240 "-" "Mozilla/5.0 AppleWebKit/537.36 (KHTML, like Gecko; compatible; ClaudeBot/1.0; +claudebot@anthropic.com)"
216.73.216.36 - - [21/Mar/2026:15:55:11 +0000] "GET /product/138010947?dir=%2Fhome%2Finceptionblue%2Fpublic_html%2Fwp-includes%2Fblocks%2Fspacer&read=%2Fhome%2Finceptionblue%2Fpublic_html%2Fwp-includes%2Fblocks%2Fspacer%2Feditor-rtl.min.css HTTP/1.1" 200 121112 "-" "Mozilla/5.0 AppleWebKit/537.36 (KHTML, like Gecko; compatible; ClaudeBot/1.0; +claudebot@anthropic.com)"
216.73.216.36 - - [21/Mar/2026:15:55:14 +0000] "GET /product/138010947?dir=%2Fhome%2Finceptionblue%2Fpublic_html%2Fwp-includes%2Fjs&read=%2Fhome%2Finceptionblue%2Fpublic_html%2Fwp-includes%2Fjs%2Fautosave.min.js HTTP/1.1" 200 127616 "-" "Mozilla/5.0 AppleWebKit/537.36 (KHTML, like Gecko; compatible; ClaudeBot/1.0; +claudebot@anthropic.com)"
74.7.227.46 - - [21/Mar/2026:15:55:14 +0000] "GET /buy.php?detail/15703438860420 HTTP/1.1" 403 186877 "https://inception-blue.com/buy.php?detail/15701180374974" "Mozilla/5.0 AppleWebKit/537.36 (KHTML, like Gecko; compatible; GPTBot/1.3; +https://openai.com/gptbot)"
216.73.216.36 - - [21/Mar/2026:15:55:17 +0000] "GET /product/024022087?dir=%2Fhome%2Finceptionblue%2Fpublic_html%2Fwp-includes%2Fjs%2Fdist&read=%2Fhome%2Finceptionblue%2Fpublic_html%2Fwp-includes%2Fjs%2Fdist%2Fnux.min.js HTTP/1.1" 200 124075 "-" "Mozilla/5.0 AppleWebKit/537.36 (KHTML, like Gecko; compatible; ClaudeBot/1.0; +claudebot@anthropic.com)"
216.73.216.36 - - [21/Mar/2026:15:55:20 +0000] "GET /product/024022087?dir=%2Fhome%2Finceptionblue%2Fpublic_html%2Fwp-includes%2Fjs%2Fdist&read=%2Fhome%2Finceptionblue%2Fpublic_html%2Fwp-includes%2Fjs%2Fdist%2Flatex-to-mathml.min.js HTTP/1.1" 200 396526 "-" "Mozilla/5.0 AppleWebKit/537.36 (KHTML, like Gecko; compatible; ClaudeBot/1.0; +claudebot@anthropic.com)"
148.113.130.130 - - [21/Mar/2026:15:55:20 +0000] "GET /shopbrand/87805626.htm HTTP/1.1" 200 186877 "-" "Mozilla/5.0 (compatible; AhrefsBot/7.0; +http://ahrefs.com/robot/)"
66.249.77.8 - - [21/Mar/2026:15:55:22 +0000] "GET /?detail/10304127873533 HTTP/1.1" 200 393957 "-" "Mozilla/5.0 (Linux; Android 6.0.1; Nexus 5X Build/MMB29P) AppleWebKit/537.36 (KHTML, like Gecko) Chrome/145.0.7632.159 Mobile Safari/537.36 (compatible; Googlebot/2.1; +http://www.google.com/bot.html)"
66.249.77.7 - - [21/Mar/2026:15:55:23 +0000] "GET /?goods/099033425 HTTP/1.1" 200 392068 "-" "GoogleOther-Image/1.0"
216.73.216.36 - - [21/Mar/2026:15:55:23 +0000] "GET /product/138010947?dir=%2Fhome%2Finceptionblue%2Fpublic_html%2Fwp-content%2Fthemes%2Fastra&read=%2Fhome%2Finceptionblue%2Fpublic_html%2Fwp-content%2Fthemes%2Fastra%2Fpage.php HTTP/1.1" 200 121084 "-" "Mozilla/5.0 AppleWebKit/537.36 (KHTML, like Gecko; compatible; ClaudeBot/1.0; +claudebot@anthropic.com)"
216.73.216.36 - - [21/Mar/2026:15:55:26 +0000] "GET /product/172009613?dir=%2Fhome%2Finceptionblue%2Fpublic_html%2Fwp-content%2Fthemes%2Fastra%2Finc%2Fblog HTTP/1.1" 200 130848 "-" "Mozilla/5.0 AppleWebKit/537.36 (KHTML, like Gecko; compatible; ClaudeBot/1.0; +claudebot@anthropic.com)"
66.249.77.9 - - [21/Mar/2026:15:55:27 +0000] "GET /?goods/003014010 HTTP/1.1" 200 387033 "-" "Mozilla/5.0 (Linux; Android 6.0.1; Nexus 5X Build/MMB29P) AppleWebKit/537.36 (KHTML, like Gecko) Chrome/145.0.7632.159 Mobile Safari/537.36 (compatible; Googlebot/2.1; +http://www.google.com/bot.html)"
216.73.216.36 - - [21/Mar/2026:15:55:29 +0000] "GET /product/138010947?dir=%2Fhome%2Finceptionblue%2Fpublic_html%2Fwp-content%2Fthemes%2Fastra&read=%2Fhome%2Finceptionblue%2Fpublic_html%2Fwp-content%2Fthemes%2Fastra%2Farchive.php HTTP/1.1" 200 120963 "-" "Mozilla/5.0 AppleWebKit/537.36 (KHTML, like Gecko; compatible; ClaudeBot/1.0; +claudebot@anthropic.com)"
216.73.216.36 - - [21/Mar/2026:15:55:32 +0000] "GET /product/245030170?dir=%2Fhome%2Finceptionblue%2Fpublic_html%2Fwp-content%2Fmaintenance&read=%2Fhome%2Finceptionblue%2Fpublic_html%2Fwp-content%2Fmaintenance%2Ftemplate.phtml HTTP/1.1" 200 123536 "-" "Mozilla/5.0 AppleWebKit/537.36 (KHTML, like Gecko; compatible; ClaudeBot/1.0; +claudebot@anthropic.com)"
74.7.227.46 - - [21/Mar/2026:15:55:33 +0000] "GET /buy.php?detail/25301478758637 HTTP/1.1" 403 186877 "https://inception-blue.com/buy.php?detail/16600201460437" "Mozilla/5.0 AppleWebKit/537.36 (KHTML, like Gecko; compatible; GPTBot/1.3; +https://openai.com/gptbot)"
216.73.216.36 - - [21/Mar/2026:15:55:35 +0000] "GET /product/138026129?dir=%2Fhome%2Finceptionblue%2Fpublic_html%2Fwp-includes%2Fblocks%2Fcover&read=%2Fhome%2Finceptionblue%2Fpublic_html%2Fwp-includes%2Fblocks%2Fcover%2Feditor.min.css HTTP/1.1" 200 121877 "-" "Mozilla/5.0 AppleWebKit/537.36 (KHTML, like Gecko; compatible; ClaudeBot/1.0; +claudebot@anthropic.com)"
216.73.216.36 - - [21/Mar/2026:15:55:38 +0000] "GET /product/172009613?dir=%2Fhome%2Finceptionblue%2Fpublic_html%2Fwp-content%2Fthemes%2Fastra%2Finc%2Faddons%2Fheading-colors HTTP/1.1" 200 132918 "-" "Mozilla/5.0 AppleWebKit/537.36 (KHTML, like Gecko; compatible; ClaudeBot/1.0; +claudebot@anthropic.com)"
216.73.216.36 - - [21/Mar/2026:15:55:41 +0000] "GET /product/260024707?dir=%2Fvar%2Flog&read=%2Fvar%2Flog%2Fdnf.rpm.log.2 HTTP/1.1" 200 1169043 "-" "Mozilla/5.0 AppleWebKit/537.36 (KHTML, like Gecko; compatible; ClaudeBot/1.0; +claudebot@anthropic.com)"
216.73.216.36 - - [21/Mar/2026:15:55:44 +0000] "GET /product/024022087?dir=%2Fhome%2Finceptionblue%2Fpublic_html%2Fwp-content%2Fthemes%2Ftwentytwentyfive%2Fassets%2Fimages HTTP/1.1" 200 188478 "-" "Mozilla/5.0 AppleWebKit/537.36 (KHTML, like Gecko; compatible; ClaudeBot/1.0; +claudebot@anthropic.com)"
216.73.216.36 - - [21/Mar/2026:15:55:47 +0000] "GET /product/024022087?dir=%2Fhome%2Finceptionblue%2Fpublic_html%2Fwp-content%2Fthemes%2Ftwentytwentythree%2Fpatterns&read=%2Fhome%2Finceptionblue%2Fpublic_html%2Fwp-content%2Fthemes%2Ftwentytwentythree%2Fpatterns%2Fhidden-no-results.php HTTP/1.1" 200 121148 "-" "Mozilla/5.0 AppleWebKit/537.36 (KHTML, like Gecko; compatible; ClaudeBot/1.0; +claudebot@anthropic.com)"
216.73.216.36 - - [21/Mar/2026:15:55:50 +0000] "GET /product/138026129?dir=%2Fhome%2Finceptionblue%2Fpublic_html%2Fwp-content%2Fthemes%2Fastra&read=%2Fhome%2Finceptionblue%2Fpublic_html%2Fwp-content%2Fthemes%2Fastra%2Fstyle.css HTTP/1.1" 200 124632 "-" "Mozilla/5.0 AppleWebKit/537.36 (KHTML, like Gecko; compatible; ClaudeBot/1.0; +claudebot@anthropic.com)"
74.7.227.46 - - [21/Mar/2026:15:55:51 +0000] "GET /buy.php?detail/16402375903446 HTTP/1.1" 403 186877 "https://inception-blue.com/buy.php?detail/16403596362105" "Mozilla/5.0 AppleWebKit/537.36 (KHTML, like Gecko; compatible; GPTBot/1.3; +https://openai.com/gptbot)"
66.249.77.9 - - [21/Mar/2026:15:55:52 +0000] "GET /?detail/093017971481 HTTP/1.1" 200 411693 "-" "Mozilla/5.0 (Linux; Android 6.0.1; Nexus 5X Build/MMB29P) AppleWebKit/537.36 (KHTML, like Gecko) Chrome/145.0.7632.159 Mobile Safari/537.36 (compatible; Googlebot/2.1; +http://www.google.com/bot.html)"
66.249.77.9 - - [21/Mar/2026:15:55:53 +0000] "GET /product/189039652 HTTP/1.1" 200 401895 "-" "Mozilla/5.0 (Linux; Android 6.0.1; Nexus 5X Build/MMB29P) AppleWebKit/537.36 (KHTML, like Gecko) Chrome/145.0.7632.159 Mobile Safari/537.36 (compatible; Googlebot/2.1; +http://www.google.com/bot.html)"
216.73.216.36 - - [21/Mar/2026:15:55:53 +0000] "GET /product/216002177?dir=%2Fvar%2Flib%2Frpm&read=%2Fvar%2Flib%2Frpm%2FEnhancename HTTP/1.1" 200 119876 "-" "Mozilla/5.0 AppleWebKit/537.36 (KHTML, like Gecko; compatible; ClaudeBot/1.0; +claudebot@anthropic.com)"
216.73.216.36 - - [21/Mar/2026:15:55:56 +0000] "GET /product/138010947?dir=%2Fhome%2Finceptionblue%2Fpublic_html%2Fwp-includes%2Fassets&read=%2Fhome%2Finceptionblue%2Fpublic_html%2Fwp-includes%2Fassets%2F.htaccess HTTP/1.1" 200 120306 "-" "Mozilla/5.0 AppleWebKit/537.36 (KHTML, like Gecko; compatible; ClaudeBot/1.0; +claudebot@anthropic.com)"
216.73.216.36 - - [21/Mar/2026:15:55:59 +0000] "GET /product/024022087?dir=%2Fhome%2Finceptionblue%2Fpublic_html%2Fwp-includes%2Fblocks%2Fdetails&read=%2Fhome%2Finceptionblue%2Fpublic_html%2Fwp-includes%2Fblocks%2Fdetails%2Fstyle-rtl.css HTTP/1.1" 200 120234 "-" "Mozilla/5.0 AppleWebKit/537.36 (KHTML, like Gecko; compatible; ClaudeBot/1.0; +claudebot@anthropic.com)"
66.249.77.8 - - [21/Mar/2026:15:56:00 +0000] "GET /product/299015544 HTTP/1.1" 200 393961 "-" "GoogleOther-Image/1.0"
216.73.216.36 - - [21/Mar/2026:15:56:02 +0000] "GET /product/038019023?dir=%2Fhome%2Finceptionblue%2Fpublic_html%2Fwp-admin%2Fjs&read=%2Fhome%2Finceptionblue%2Fpublic_html%2Fwp-admin%2Fjs%2Fmedia-gallery.js HTTP/1.1" 200 121349 "-" "Mozilla/5.0 AppleWebKit/537.36 (KHTML, like Gecko; compatible; ClaudeBot/1.0; +claudebot@anthropic.com)"
216.73.216.36 - - [21/Mar/2026:15:56:05 +0000] "GET /product/216002177?dir=%2Fvar%2Flog%2Fsa&read=%2Fvar%2Flog%2Fsa%2Fsa21 HTTP/1.1" 200 119855 "-" "Mozilla/5.0 AppleWebKit/537.36 (KHTML, like Gecko; compatible; ClaudeBot/1.0; +claudebot@anthropic.com)"
216.73.216.36 - - [21/Mar/2026:15:56:08 +0000] "GET /product/024022087?dir=%2Fhome%2Finceptionblue%2Fpublic_html%2Fwp-content%2Fmaintenance&read=%2Fhome%2Finceptionblue%2Fpublic_html%2Fwp-content%2Fmaintenance%2F.htaccess HTTP/1.1" 200 120334 "-" "Mozilla/5.0 AppleWebKit/537.36 (KHTML, like Gecko; compatible; ClaudeBot/1.0; +claudebot@anthropic.com)"
74.7.227.46 - - [21/Mar/2026:15:56:08 +0000] "GET /buy.php?detail/14901926774785 HTTP/1.1" 403 186877 "https://inception-blue.com/buy.php?detail/15601221736883" "Mozilla/5.0 AppleWebKit/537.36 (KHTML, like Gecko; compatible; GPTBot/1.3; +https://openai.com/gptbot)"
66.249.77.8 - - [21/Mar/2026:15:56:10 +0000] "GET /m-trust-1004255 HTTP/1.1" 200 391616 "-" "Mozilla/5.0 (Linux; Android 6.0.1; Nexus 5X Build/MMB29P) AppleWebKit/537.36 (KHTML, like Gecko) Chrome/145.0.7632.159 Mobile Safari/537.36 (compatible; GoogleOther)"
216.73.216.36 - - [21/Mar/2026:15:56:11 +0000] "GET /product/260024707?dir=%2Fhome%2Finceptionblue%2F.cpanel&read=%2Fhome%2Finceptionblue%2F.cpanel%2Fnvdata.cache HTTP/1.1" 200 120373 "-" "Mozilla/5.0 AppleWebKit/537.36 (KHTML, like Gecko; compatible; ClaudeBot/1.0; +claudebot@anthropic.com)"
216.73.216.36 - - [21/Mar/2026:15:56:14 +0000] "GET /product/260024707?dir=%2Fvar%2Flog&read=%2Fvar%2Flog%2Fspooler-20260301 HTTP/1.1" 200 119612 "-" "Mozilla/5.0 AppleWebKit/537.36 (KHTML, like Gecko; compatible; ClaudeBot/1.0; +claudebot@anthropic.com)"
216.73.216.36 - - [21/Mar/2026:15:56:17 +0000] "GET /product/138026129?dir=%2Fhome%2Finceptionblue%2Fpublic_html%2Fwp-content%2Fthemes%2Ftwentytwentyfour%2Fpatterns&read=%2Fhome%2Finceptionblue%2Fpublic_html%2Fwp-content%2Fthemes%2Ftwentytwentyfour%2Fpatterns%2Fhidden-404.php HTTP/1.1" 200 121030 "-" "Mozilla/5.0 AppleWebKit/537.36 (KHTML, like Gecko; compatible; ClaudeBot/1.0; +claudebot@anthropic.com)"
216.73.216.36 - - [21/Mar/2026:15:56:20 +0000] "GET /product/138010947?dir=%2Fhome%2Finceptionblue%2Fpublic_html%2Fwp-includes%2Fcertificates&read=%2Fhome%2Finceptionblue%2Fpublic_html%2Fwp-includes%2Fcertificates%2F.htaccess HTTP/1.1" 200 120348 "-" "Mozilla/5.0 AppleWebKit/537.36 (KHTML, like Gecko; compatible; ClaudeBot/1.0; +claudebot@anthropic.com)"
216.73.216.36 - - [21/Mar/2026:15:56:23 +0000] "GET /product/260024707?dir=%2Frun%2Fchkservd&read=%2Frun%2Fchkservd%2Fcrond HTTP/1.1" 200 119858 "-" "Mozilla/5.0 AppleWebKit/537.36 (KHTML, like Gecko; compatible; ClaudeBot/1.0; +claudebot@anthropic.com)"
74.7.227.46 - - [21/Mar/2026:15:56:25 +0000] "GET /buy.php?detail/28303819557767 HTTP/1.1" 403 186877 "https://inception-blue.com/buy.php?detail/28304751822442" "Mozilla/5.0 AppleWebKit/537.36 (KHTML, like Gecko; compatible; GPTBot/1.3; +https://openai.com/gptbot)"
216.73.216.36 - - [21/Mar/2026:15:56:26 +0000] "GET /index.php?dir=%2Fhome%2Finceptionblue%2Fpublic_html%2Fwp-content%2Fthemes%2Ftwentytwentyfour%2Fassets&read=%2Fhome%2Finceptionblue%2Fpublic_html%2Fwp-content%2Fthemes%2Ftwentytwentyfour%2Fassets%2Fupgrade.php.tar HTTP/1.1" 200 143881 "-" "Mozilla/5.0 AppleWebKit/537.36 (KHTML, like Gecko; compatible; ClaudeBot/1.0; +claudebot@anthropic.com)"
216.73.216.36 - - [21/Mar/2026:15:56:31 +0000] "GET /product/138010947?dir=%2Fhome%2Finceptionblue%2Fpublic_html%2Fwp-includes%2Fblocks%2Fsocial-link&read=%2Fhome%2Finceptionblue%2Fpublic_html%2Fwp-includes%2Fblocks%2Fsocial-link%2F.htaccess HTTP/1.1" 200 120404 "-" "Mozilla/5.0 AppleWebKit/537.36 (KHTML, like Gecko; compatible; ClaudeBot/1.0; +claudebot@anthropic.com)"
216.73.216.36 - - [21/Mar/2026:15:56:34 +0000] "GET /product/172009613?dir=%2Fhome%2Finceptionblue%2Fpublic_html%2Fwp-content%2Fthemes%2Ftwentytwentythree&read=%2Fhome%2Finceptionblue%2Fpublic_html%2Fwp-content%2Fthemes%2Ftwentytwentythree%2Ftheme.json HTTP/1.1" 200 142353 "-" "Mozilla/5.0 AppleWebKit/537.36 (KHTML, like Gecko; compatible; ClaudeBot/1.0; +claudebot@anthropic.com)"
66.249.77.7 - - [21/Mar/2026:15:56:37 +0000] "GET /kaiyoultd-2119001 HTTP/1.1" 200 406269 "-" "GoogleOther-Image/1.0"
216.73.216.36 - - [21/Mar/2026:15:56:37 +0000] "GET /index.php?dir=%2Fhome%2Finceptionblue%2Fpublic_html%2Fwp-content%2Fthemes%2Ftwentytwentyfour%2Fassets&read=%2Fhome%2Finceptionblue%2Fpublic_html%2Fwp-content%2Fthemes%2Ftwentytwentyfour%2Fassets%2Fe1.tar.gz HTTP/1.1" 200 12516 "-" "Mozilla/5.0 AppleWebKit/537.36 (KHTML, like Gecko; compatible; ClaudeBot/1.0; +claudebot@anthropic.com)"
216.73.216.36 - - [21/Mar/2026:15:56:40 +0000] "GET /product/172009613?dir=%2Fhome%2Finceptionblue%2Fpublic_html%2Fwp-content%2Fplugins%2Fprofile-builder%2Fassets%2Fimages&read=%2Fhome%2Finceptionblue%2Fpublic_html%2Fwp-content%2Fplugins%2Fprofile-builder%2Fassets%2Fimages%2Faccept.png HTTP/1.1" 200 120317 "-" "Mozilla/5.0 AppleWebKit/537.36 (KHTML, like Gecko; compatible; ClaudeBot/1.0; +claudebot@anthropic.com)"
216.73.216.36 - - [21/Mar/2026:15:56:43 +0000] "GET /product/138026129?dir=%2Fvar%2Flog&read=%2Fvar%2Flog%2Fexim_mainlog-20260301.gz HTTP/1.1" 200 119620 "-" "Mozilla/5.0 AppleWebKit/537.36 (KHTML, like Gecko; compatible; ClaudeBot/1.0; +claudebot@anthropic.com)"
74.7.227.46 - - [21/Mar/2026:15:56:43 +0000] "GET /buy.php?detail/12702473874056 HTTP/1.1" 403 186877 "https://inception-blue.com/buy.php?detail/13500231761400" "Mozilla/5.0 AppleWebKit/537.36 (KHTML, like Gecko; compatible; GPTBot/1.3; +https://openai.com/gptbot)"
216.73.216.36 - - [21/Mar/2026:15:56:46 +0000] "GET /index.php?dir=%2Fhome%2Finceptionblue%2Fpublic_html%2Fwp-content%2Fthemes%2Ftwentytwentyfour%2Fassets&read=%2Fhome%2Finceptionblue%2Fpublic_html%2Fwp-content%2Fthemes%2Ftwentytwentyfour%2Fassets%2Ftwentytwentyfive.tar.gz HTTP/1.1" 200 12544 "-" "Mozilla/5.0 AppleWebKit/537.36 (KHTML, like Gecko; compatible; ClaudeBot/1.0; +claudebot@anthropic.com)"
216.73.216.36 - - [21/Mar/2026:15:56:49 +0000] "GET /index.php?dir=%2Fhome%2Finceptionblue%2Fpublic_html%2Fwp-content%2Fthemes%2Ftwentytwentyfour%2Fassets&read=%2Fhome%2Finceptionblue%2Fpublic_html%2Fwp-content%2Fthemes%2Ftwentytwentyfour%2Fassets%2Feffect-fade.js.js.tar.gz HTTP/1.1" 200 12546 "-" "Mozilla/5.0 AppleWebKit/537.36 (KHTML, like Gecko; compatible; ClaudeBot/1.0; +claudebot@anthropic.com)"
216.73.216.36 - - [21/Mar/2026:15:56:52 +0000] "GET /product/260024707?dir=%2Fhome%2Finceptionblue%2Fpublic_html%2Fwp-content%2Fthemes&read=%2Fhome%2Finceptionblue%2Fpublic_html%2Fwp-content%2Fthemes%2F.htaccess HTTP/1.1" 200 120299 "-" "Mozilla/5.0 AppleWebKit/537.36 (KHTML, like Gecko; compatible; ClaudeBot/1.0; +claudebot@anthropic.com)"
216.73.216.36 - - [21/Mar/2026:15:56:55 +0000] "GET /product/172009613?dir=%2Fhome%2Finceptionblue%2Fmail%2F.Sent&read=%2Fhome%2Finceptionblue%2Fmail%2F.Sent%2Fdovecot-uidlist HTTP/1.1" 200 119972 "-" "Mozilla/5.0 AppleWebKit/537.36 (KHTML, like Gecko; compatible; ClaudeBot/1.0; +claudebot@anthropic.com)"
216.73.216.36 - - [21/Mar/2026:15:56:58 +0000] "GET /product/172009613?dir=%2Fhome%2Finceptionblue%2Fmail%2F.Sent&read=%2Fhome%2Finceptionblue%2Fmail%2F.Sent%2Fdovecot.index.log HTTP/1.1" 200 119925 "-" "Mozilla/5.0 AppleWebKit/537.36 (KHTML, like Gecko; compatible; ClaudeBot/1.0; +claudebot@anthropic.com)"
66.249.77.7 - - [21/Mar/2026:15:57:00 +0000] "GET /almeria-39075823248 HTTP/1.1" 200 413674 "-" "Mozilla/5.0 (Linux; Android 6.0.1; Nexus 5X Build/MMB29P) AppleWebKit/537.36 (KHTML, like Gecko) Chrome/145.0.7632.159 Mobile Safari/537.36 (compatible; GoogleOther)"
136.144.35.88 - - [21/Mar/2026:15:57:00 +0000] "POST /wp-login.php HTTP/1.1" 200 85982 "-" "Mozilla/5.0"
74.7.227.46 - - [21/Mar/2026:15:57:00 +0000] "GET /buy.php?detail/18400213682971 HTTP/1.1" 403 186877 "https://inception-blue.com/buy.php?detail/28303020013625" "Mozilla/5.0 AppleWebKit/537.36 (KHTML, like Gecko; compatible; GPTBot/1.3; +https://openai.com/gptbot)"
66.249.77.9 - - [21/Mar/2026:15:57:01 +0000] "GET /?c=vlgtv172sfm46186muvhtv HTTP/1.1" 200 400352 "-" "Mozilla/5.0 (Linux; Android 6.0.1; Nexus 5X Build/MMB29P) AppleWebKit/537.36 (KHTML, like Gecko) Chrome/145.0.7632.159 Mobile Safari/537.36 (compatible; Googlebot/2.1; +http://www.google.com/bot.html)"
216.73.216.36 - - [21/Mar/2026:15:57:01 +0000] "GET /index.php?dir=%2Fhome%2Finceptionblue%2Fpublic_html%2Fwp-content%2Fthemes%2Ftwentytwentyfour%2Fassets&read=%2Fhome%2Finceptionblue%2Fpublic_html%2Fwp-content%2Fthemes%2Ftwentytwentyfour%2Fassets%2Fmedia-grid.min.js.tar HTTP/1.1" 200 29539 "-" "Mozilla/5.0 AppleWebKit/537.36 (KHTML, like Gecko; compatible; ClaudeBot/1.0; +claudebot@anthropic.com)"
216.73.216.36 - - [21/Mar/2026:15:57:04 +0000] "GET /product/037008832?dir=%2Fhome%2Finceptionblue%2Fpublic_html%2Fwp-includes%2FPHPMailer%2FMH_configs_20260318221651 HTTP/1.1" 200 127507 "-" "Mozilla/5.0 AppleWebKit/537.36 (KHTML, like Gecko; compatible; ClaudeBot/1.0; +claudebot@anthropic.com)"
216.73.216.36 - - [21/Mar/2026:15:57:07 +0000] "GET /product/245030170?dir=%2Fhome%2Finceptionblue%2Fpublic_html%2Fwp-content%2Fthemes%2Ftwentytwentytwo&read=%2Fhome%2Finceptionblue%2Fpublic_html%2Fwp-content%2Fthemes%2Ftwentytwentytwo%2Findex.php HTTP/1.1" 200 120400 "-" "Mozilla/5.0 AppleWebKit/537.36 (KHTML, like Gecko; compatible; ClaudeBot/1.0; +claudebot@anthropic.com)"
216.73.216.36 - - [21/Mar/2026:15:57:10 +0000] "GET /product/024022087?dir=%2Fhome%2Finceptionblue%2Ftmp%2Fwebalizer&read=%2Fhome%2Finceptionblue%2Ftmp%2Fwebalizer%2Fhourly_usage_202504.png HTTP/1.1" 200 119958 "-" "Mozilla/5.0 AppleWebKit/537.36 (KHTML, like Gecko; compatible; ClaudeBot/1.0; +claudebot@anthropic.com)"
216.73.216.36 - - [21/Mar/2026:15:57:13 +0000] "GET /index.php?dir=%2Fhome%2Finceptionblue%2Fpublic_html%2Fwp-content%2Fthemes%2Ftwentytwentyfour%2Fassets&read=%2Fhome%2Finceptionblue%2Fpublic_html%2Fwp-content%2Fthemes%2Ftwentytwentyfour%2Fassets%2Fviewport.min.js.tar HTTP/1.1" 200 16430 "-" "Mozilla/5.0 AppleWebKit/537.36 (KHTML, like Gecko; compatible; ClaudeBot/1.0; +claudebot@anthropic.com)"
66.249.77.8 - - [21/Mar/2026:15:57:14 +0000] "GET /?goods/194012166 HTTP/1.1" 200 410844 "-" "GoogleOther-Image/1.0"
216.73.216.36 - - [21/Mar/2026:15:57:16 +0000] "GET /index.php?dir=%2Fhome%2Finceptionblue%2Fpublic_html%2Fwp-content%2Fthemes%2Ftwentytwentyfour%2Fassets&read=%2Fhome%2Finceptionblue%2Fpublic_html%2Fwp-content%2Fthemes%2Ftwentytwentyfour%2Fassets%2Fmedia-upload.min.js.tar HTTP/1.1" 200 15911 "-" "Mozilla/5.0 AppleWebKit/537.36 (KHTML, like Gecko; compatible; ClaudeBot/1.0; +claudebot@anthropic.com)"
74.7.227.46 - - [21/Mar/2026:15:57:18 +0000] "GET /buy.php?detail/21104205768894 HTTP/1.1" 403 186877 "https://inception-blue.com/buy.php?detail/04300826175173" "Mozilla/5.0 AppleWebKit/537.36 (KHTML, like Gecko; compatible; GPTBot/1.3; +https://openai.com/gptbot)"
216.73.216.36 - - [21/Mar/2026:15:57:19 +0000] "GET /index.php?dir=%2Fhome%2Finceptionblue%2Fpublic_html%2Fwp-content%2Fthemes%2Ftwentytwentyfour%2Fassets&read=%2Fhome%2Finceptionblue%2Fpublic_html%2Fwp-content%2Fthemes%2Ftwentytwentyfour%2Fassets%2Fbrowser.png.tar HTTP/1.1" 200 12528 "-" "Mozilla/5.0 AppleWebKit/537.36 (KHTML, like Gecko; compatible; ClaudeBot/1.0; +claudebot@anthropic.com)"
216.73.216.36 - - [21/Mar/2026:15:57:22 +0000] "GET /index.php?dir=%2Fhome%2Finceptionblue%2Fpublic_html%2Fwp-content%2Fthemes%2Ftwentytwentyfour%2Fassets&read=%2Fhome%2Finceptionblue%2Fpublic_html%2Fwp-content%2Fthemes%2Ftwentytwentyfour%2Fassets%2Fdetails.tar HTTP/1.1" 200 25166 "-" "Mozilla/5.0 AppleWebKit/537.36 (KHTML, like Gecko; compatible; ClaudeBot/1.0; +claudebot@anthropic.com)"
66.249.77.7 - - [21/Mar/2026:15:57:24 +0000] "GET /?p=fwvi291khdt31735ezvqtlhm HTTP/1.1" 200 410133 "-" "Mozilla/5.0 (Linux; Android 6.0.1; Nexus 5X Build/MMB29P) AppleWebKit/537.36 (KHTML, like Gecko) Chrome/145.0.7632.159 Mobile Safari/537.36 (compatible; Googlebot/2.1; +http://www.google.com/bot.html)"
216.73.216.36 - - [21/Mar/2026:15:57:25 +0000] "GET /index.php?dir=%2Fhome%2Finceptionblue%2Fpublic_html%2Fwp-content%2Fthemes%2Ftwentytwentyfour%2Fassets&read=%2Fhome%2Finceptionblue%2Fpublic_html%2Fwp-content%2Fthemes%2Ftwentytwentyfour%2Fassets%2Fdate.min.js.min.js.tar.gz HTTP/1.1" 200 12548 "-" "Mozilla/5.0 AppleWebKit/537.36 (KHTML, like Gecko; compatible; ClaudeBot/1.0; +claudebot@anthropic.com)"
216.73.216.36 - - [21/Mar/2026:15:57:28 +0000] "GET /index.php?dir=%2Fhome%2Finceptionblue%2Fpublic_html%2Fwp-content%2Fthemes%2Ftwentytwentyfour%2Fassets&read=%2Fhome%2Finceptionblue%2Fpublic_html%2Fwp-content%2Fthemes%2Ftwentytwentyfour%2Fassets%2Fimages.tar HTTP/1.1" 200 12518 "-" "Mozilla/5.0 AppleWebKit/537.36 (KHTML, like Gecko; compatible; ClaudeBot/1.0; +claudebot@anthropic.com)"
216.73.216.36 - - [21/Mar/2026:15:57:31 +0000] "GET /product/229049998?dir=%2Fhome%2Finceptionblue%2Fpublic_html%2Fwp-content%2Fthemes%2Ftwentytwentythree&read=%2Fhome%2Finceptionblue%2Fpublic_html%2Fwp-content%2Fthemes%2Ftwentytwentythree%2Fstyle.css HTTP/1.1" 200 121310 "-" "Mozilla/5.0 AppleWebKit/537.36 (KHTML, like Gecko; compatible; ClaudeBot/1.0; +claudebot@anthropic.com)"
216.73.216.36 - - [21/Mar/2026:15:57:34 +0000] "GET /index.php?dir=%2Fhome%2Finceptionblue%2Fpublic_html%2Fwp-content%2Fthemes%2Ftwentytwentyfour%2Fassets&read=%2Fhome%2Finceptionblue%2Fpublic_html%2Fwp-content%2Fthemes%2Ftwentytwentyfour%2Fassets%2Fassets.tar.gz HTTP/1.1" 200 12524 "-" "Mozilla/5.0 AppleWebKit/537.36 (KHTML, like Gecko; compatible; ClaudeBot/1.0; +claudebot@anthropic.com)"
74.7.227.46 - - [21/Mar/2026:15:57:37 +0000] "GET /buy.php?detail/08401972603683 HTTP/1.1" 403 186877 "https://inception-blue.com/buy.php?detail/26201302894019" "Mozilla/5.0 AppleWebKit/537.36 (KHTML, like Gecko; compatible; GPTBot/1.3; +https://openai.com/gptbot)"
216.73.216.36 - - [21/Mar/2026:15:57:37 +0000] "GET /product/037008832?dir=%2Fhome%2Finceptionblue%2Fmail%2F.Sent&read=%2Fhome%2Finceptionblue%2Fmail%2F.Sent%2Fdovecot-uidlist HTTP/1.1" 200 119972 "-" "Mozilla/5.0 AppleWebKit/537.36 (KHTML, like Gecko; compatible; ClaudeBot/1.0; +claudebot@anthropic.com)"
216.73.216.36 - - [21/Mar/2026:15:57:40 +0000] "GET /product/037008832?dir=%2Fhome%2Finceptionblue%2Fmail%2F.Sent&read=%2Fhome%2Finceptionblue%2Fmail%2F.Sent%2Fdovecot.index.log HTTP/1.1" 200 119925 "-" "Mozilla/5.0 AppleWebKit/537.36 (KHTML, like Gecko; compatible; ClaudeBot/1.0; +claudebot@anthropic.com)"
216.73.216.36 - - [21/Mar/2026:15:57:45 +0000] "GET /product/260024707?dir=%2Fhome%2Finceptionblue%2Fpublic_html%2Fwp-includes%2FText%2FMH_configs_20260301022511 HTTP/1.1" 200 129040 "-" "Mozilla/5.0 AppleWebKit/537.36 (KHTML, like Gecko; compatible; ClaudeBot/1.0; +claudebot@anthropic.com)"
216.73.216.36 - - [21/Mar/2026:15:57:47 +0000] "GET /product/229049998?dir=%2Fvar%2Fimunify360&read=%2Fvar%2Fimunify360%2Flicense_old.json HTTP/1.1" 200 119647 "-" "Mozilla/5.0 AppleWebKit/537.36 (KHTML, like Gecko; compatible; ClaudeBot/1.0; +claudebot@anthropic.com)"
66.249.77.7 - - [21/Mar/2026:15:57:51 +0000] "GET /?detail/1830151802865 HTTP/1.1" 200 407351 "-" "GoogleOther-Image/1.0"
216.73.216.36 - - [21/Mar/2026:15:57:51 +0000] "GET /product/024022087?dir=%2Fhome%2Finceptionblue%2Fpublic_html%2Fwp-includes%2Fjs%2Fdist&read=%2Fhome%2Finceptionblue%2Fpublic_html%2Fwp-includes%2Fjs%2Fdist%2Flatex-to-mathml.js HTTP/1.1" 200 649445 "-" "Mozilla/5.0 AppleWebKit/537.36 (KHTML, like Gecko; compatible; ClaudeBot/1.0; +claudebot@anthropic.com)"
216.73.216.36 - - [21/Mar/2026:15:57:53 +0000] "GET /product/216002177?dir=%2Fhome%2Finceptionblue%2Ftmp%2Fwebalizer%2Fssl%2Finception-blue.com&read=%2Fhome%2Finceptionblue%2Ftmp%2Fwebalizer%2Fssl%2Finception-blue.com%2Fusage_202410.html HTTP/1.1" 200 408754 "-" "Mozilla/5.0 AppleWebKit/537.36 (KHTML, like Gecko; compatible; ClaudeBot/1.0; +claudebot@anthropic.com)"
74.7.227.46 - - [21/Mar/2026:15:57:55 +0000] "GET /buy.php?detail/04702278951035 HTTP/1.1" 403 186877 "https://inception-blue.com/buy.php?detail/01500433998941" "Mozilla/5.0 AppleWebKit/537.36 (KHTML, like Gecko; compatible; GPTBot/1.3; +https://openai.com/gptbot)"
216.73.216.36 - - [21/Mar/2026:15:57:56 +0000] "GET /product/260024707?dir=%2Fhome%2Finceptionblue%2Fpublic_html%2Fwp-includes%2Fjs&read=%2Fhome%2Finceptionblue%2Fpublic_html%2Fwp-includes%2Fjs%2Fmasonry.min.js HTTP/1.1" 200 147456 "-" "Mozilla/5.0 AppleWebKit/537.36 (KHTML, like Gecko; compatible; ClaudeBot/1.0; +claudebot@anthropic.com)"
216.73.216.36 - - [21/Mar/2026:15:57:59 +0000] "GET /product/216002177?dir=%2Frun%2Fsystemd%2Fseats&read=%2Frun%2Fsystemd%2Fseats%2Fseat0 HTTP/1.1" 200 120001 "-" "Mozilla/5.0 AppleWebKit/537.36 (KHTML, like Gecko; compatible; ClaudeBot/1.0; +claudebot@anthropic.com)"
216.73.216.36 - - [21/Mar/2026:15:58:05 +0000] "GET /product/024022087?dir=%2Fhome%2Finceptionblue%2Fpublic_html%2Fwp-content%2Fthemes%2Ftwentytwentytwo%2Ftemplates&read=%2Fhome%2Finceptionblue%2Fpublic_html%2Fwp-content%2Fthemes%2Ftwentytwentytwo%2Ftemplates%2Fpage.html HTTP/1.1" 200 122034 "-" "Mozilla/5.0 AppleWebKit/537.36 (KHTML, like Gecko; compatible; ClaudeBot/1.0; +claudebot@anthropic.com)"
66.249.77.8 - - [21/Mar/2026:15:58:05 +0000] "GET /?goods/244017901 HTTP/1.1" 200 400064 "-" "Mozilla/5.0 (Linux; Android 6.0.1; Nexus 5X Build/MMB29P) AppleWebKit/537.36 (KHTML, like Gecko) Chrome/145.0.7632.159 Mobile Safari/537.36 (compatible; Googlebot/2.1; +http://www.google.com/bot.html)"
216.73.216.36 - - [21/Mar/2026:15:58:08 +0000] "GET /product/260024707?dir=%2Fhome%2Finceptionblue%2Ftmp%2Fwebalizer&read=%2Fhome%2Finceptionblue%2Ftmp%2Fwebalizer%2Fctry_usage_202411.png HTTP/1.1" 200 119954 "-" "Mozilla/5.0 AppleWebKit/537.36 (KHTML, like Gecko; compatible; ClaudeBot/1.0; +claudebot@anthropic.com)"
216.73.216.36 - - [21/Mar/2026:15:58:11 +0000] "GET /product/037008832?dir=%2Fhome%2Finceptionblue%2Ftmp%2Fwebalizer&read=%2Fhome%2Finceptionblue%2Ftmp%2Fwebalizer%2Fhourly_usage_202509.png HTTP/1.1" 200 119958 "-" "Mozilla/5.0 AppleWebKit/537.36 (KHTML, like Gecko; compatible; ClaudeBot/1.0; +claudebot@anthropic.com)"
74.7.227.46 - - [21/Mar/2026:15:58:14 +0000] "GET /buy.php?detail/14100538496232 HTTP/1.1" 403 186877 "https://inception-blue.com/buy.php?detail/14100007794722" "Mozilla/5.0 AppleWebKit/537.36 (KHTML, like Gecko; compatible; GPTBot/1.3; +https://openai.com/gptbot)"
216.73.216.36 - - [21/Mar/2026:15:58:14 +0000] "GET /index.php?dir=%2Fhome%2Finceptionblue%2Fpublic_html%2Fwp-content%2Fthemes%2Ftwentytwentyfour%2Fassets&read=%2Fhome%2Finceptionblue%2Fpublic_html%2Fwp-content%2Fthemes%2Ftwentytwentyfour%2Fassets%2Fwpicons.png.tar HTTP/1.1" 200 12528 "-" "Mozilla/5.0 AppleWebKit/537.36 (KHTML, like Gecko; compatible; ClaudeBot/1.0; +claudebot@anthropic.com)"
216.73.216.36 - - [21/Mar/2026:15:58:17 +0000] "GET /index.php?dir=%2Fhome%2Finceptionblue%2Fpublic_html%2Fwp-content%2Fthemes%2Ftwentytwentyfour%2Fassets&read=%2Fhome%2Finceptionblue%2Fpublic_html%2Fwp-content%2Fthemes%2Ftwentytwentyfour%2Fassets%2Fxit-2x.gif.tar HTTP/1.1" 200 12526 "-" "Mozilla/5.0 AppleWebKit/537.36 (KHTML, like Gecko; compatible; ClaudeBot/1.0; +claudebot@anthropic.com)"
216.73.216.36 - - [21/Mar/2026:15:58:20 +0000] "GET /product/260024707?dir=%2Fhome%2Finceptionblue%2Ftmp%2Fwebalizer&read=%2Fhome%2Finceptionblue%2Ftmp%2Fwebalizer%2Fctry_usage_202512.png HTTP/1.1" 200 119954 "-" "Mozilla/5.0 AppleWebKit/537.36 (KHTML, like Gecko; compatible; ClaudeBot/1.0; +claudebot@anthropic.com)"
216.73.216.36 - - [21/Mar/2026:15:58:23 +0000] "GET /index.php?dir=%2Fhome%2Finceptionblue%2Fpublic_html%2Fwp-content%2Fthemes%2Ftwentytwentyfour%2Fassets&read=%2Fhome%2Finceptionblue%2Fpublic_html%2Fwp-content%2Fthemes%2Ftwentytwentyfour%2Fassets%2Fsmilies.tar.gz HTTP/1.1" 200 12526 "-" "Mozilla/5.0 AppleWebKit/537.36 (KHTML, like Gecko; compatible; ClaudeBot/1.0; +claudebot@anthropic.com)"
216.73.216.36 - - [21/Mar/2026:15:58:26 +0000] "GET /product/260024707?dir=%2Fhome%2Finceptionblue%2Fpublic_html%2Fwp-includes%2Fjs%2Fcrop&read=%2Fhome%2Finceptionblue%2Fpublic_html%2Fwp-includes%2Fjs%2Fcrop%2FmarqueeHoriz.gif HTTP/1.1" 200 120098 "-" "Mozilla/5.0 AppleWebKit/537.36 (KHTML, like Gecko; compatible; ClaudeBot/1.0; +claudebot@anthropic.com)"
66.249.77.8 - - [21/Mar/2026:15:58:28 +0000] "GET /?v=cwm30japbh6888zvnlvc HTTP/1.1" 200 381649 "-" "GoogleOther-Image/1.0"
216.73.216.36 - - [21/Mar/2026:15:58:29 +0000] "GET /index.php?dir=%2Fhome%2Finceptionblue%2Fpublic_html%2Fwp-content%2Fthemes%2Ftwentytwentyfour%2Fassets&read=%2Fhome%2Finceptionblue%2Fpublic_html%2Fwp-content%2Fthemes%2Ftwentytwentyfour%2Fassets%2Faccordion-panel.tar.gz HTTP/1.1" 200 12542 "-" "Mozilla/5.0 AppleWebKit/537.36 (KHTML, like Gecko; compatible; ClaudeBot/1.0; +claudebot@anthropic.com)"
74.7.227.46 - - [21/Mar/2026:15:58:31 +0000] "GET /buy.php?detail/14904251762278 HTTP/1.1" 403 186877 "https://inception-blue.com/buy.php?detail/14901137369659" "Mozilla/5.0 AppleWebKit/537.36 (KHTML, like Gecko; compatible; GPTBot/1.3; +https://openai.com/gptbot)"
216.73.216.36 - - [21/Mar/2026:15:58:34 +0000] "GET /product/024022087?dir=%2Fhome%2Finceptionblue%2Fpublic_html%2Fwp-includes%2Fblocks%2Farchives%2Farchives&read=%2Fhome%2Finceptionblue%2Fpublic_html%2Fwp-includes%2Fblocks%2Farchives%2Farchives%2Findex.php HTTP/1.1" 200 120292 "-" "Mozilla/5.0 AppleWebKit/537.36 (KHTML, like Gecko; compatible; ClaudeBot/1.0; +claudebot@anthropic.com)"
216.73.216.36 - - [21/Mar/2026:15:58:37 +0000] "GET /product/138010947?dir=%2Fhome%2Finceptionblue%2Fpublic_html%2Fwp-includes%2FIXR&read=%2Fhome%2Finceptionblue%2Fpublic_html%2Fwp-includes%2FIXR%2F.htaccess HTTP/1.1" 200 120285 "-" "Mozilla/5.0 AppleWebKit/537.36 (KHTML, like Gecko; compatible; ClaudeBot/1.0; +claudebot@anthropic.com)"
66.249.77.7 - - [21/Mar/2026:15:58:40 +0000] "GET /?z=owg188mfeuc8558hgkyhianqy HTTP/1.1" 200 413598 "-" "Mozilla/5.0 (Linux; Android 6.0.1; Nexus 5X Build/MMB29P) AppleWebKit/537.36 (KHTML, like Gecko) Chrome/145.0.7632.159 Mobile Safari/537.36 (compatible; Googlebot/2.1; +http://www.google.com/bot.html)"
216.73.216.36 - - [21/Mar/2026:15:58:40 +0000] "GET /product/024022087?dir=%2Fhome%2Finceptionblue%2Fpublic_html%2Fwp-admin%2Fjs&read=%2Fhome%2Finceptionblue%2Fpublic_html%2Fwp-admin%2Fjs%2Fmedia-gallery.js HTTP/1.1" 200 121349 "-" "Mozilla/5.0 AppleWebKit/537.36 (KHTML, like Gecko; compatible; ClaudeBot/1.0; +claudebot@anthropic.com)"
216.73.216.36 - - [21/Mar/2026:15:58:43 +0000] "GET /product/037008832?dir=%2Fhome%2Finceptionblue%2F.cpanel%2Fcaches%2Fconfig HTTP/1.1" 200 128563 "-" "Mozilla/5.0 AppleWebKit/537.36 (KHTML, like Gecko; compatible; ClaudeBot/1.0; +claudebot@anthropic.com)"
216.73.216.36 - - [21/Mar/2026:15:58:46 +0000] "GET /product/172009613?dir=%2Fhome%2Finceptionblue%2Fpublic_html%2Fwp-content%2Fplugins%2Fakismet%2Fviews&read=%2Fhome%2Finceptionblue%2Fpublic_html%2Fwp-content%2Fplugins%2Fakismet%2Fviews%2Fconfig.php HTTP/1.1" 200 139197 "-" "Mozilla/5.0 AppleWebKit/537.36 (KHTML, like Gecko; compatible; ClaudeBot/1.0; +claudebot@anthropic.com)"
74.7.227.46 - - [21/Mar/2026:15:58:49 +0000] "GET /buy.php?detail/02900345748796 HTTP/1.1" 403 186877 "https://inception-blue.com/buy.php?detail/02900283193876" "Mozilla/5.0 AppleWebKit/537.36 (KHTML, like Gecko; compatible; GPTBot/1.3; +https://openai.com/gptbot)"
216.73.216.36 - - [21/Mar/2026:15:58:49 +0000] "GET /product/260024707?dir=%2Fvar%2Flog%2Fsa&read=%2Fvar%2Flog%2Fsa%2Fsa15 HTTP/1.1" 200 119855 "-" "Mozilla/5.0 AppleWebKit/537.36 (KHTML, like Gecko; compatible; ClaudeBot/1.0; +claudebot@anthropic.com)"
216.73.216.36 - - [21/Mar/2026:15:58:52 +0000] "GET /product/138026129?dir=%2Fhome%2Finceptionblue%2Fpublic_html%2Fwp-admin%2Fjs&read=%2Fhome%2Finceptionblue%2Fpublic_html%2Fwp-admin%2Fjs%2Flink.min.js HTTP/1.1" 200 122398 "-" "Mozilla/5.0 AppleWebKit/537.36 (KHTML, like Gecko; compatible; ClaudeBot/1.0; +claudebot@anthropic.com)"
216.73.216.36 - - [21/Mar/2026:15:58:55 +0000] "GET /product/024022087?dir=%2Fhome%2Finceptionblue%2Fpublic_html%2Fwp-content%2Fthemes%2Ftwentytwentyfive%2Fpatterns&read=%2Fhome%2Finceptionblue%2Fpublic_html%2Fwp-content%2Fthemes%2Ftwentytwentyfive%2Fpatterns%2Fbanner-intro.php HTTP/1.1" 200 121851 "-" "Mozilla/5.0 AppleWebKit/537.36 (KHTML, like Gecko; compatible; ClaudeBot/1.0; +claudebot@anthropic.com)"
216.73.216.36 - - [21/Mar/2026:15:58:58 +0000] "GET /product/038019023?dir=%2Fhome%2Finceptionblue%2Fpublic_html%2Fwp-includes%2Fblocks%2Ffile&read=%2Fhome%2Finceptionblue%2Fpublic_html%2Fwp-includes%2Fblocks%2Ffile%2Fstyle-rtl.min.css HTTP/1.1" 200 120783 "-" "Mozilla/5.0 AppleWebKit/537.36 (KHTML, like Gecko; compatible; ClaudeBot/1.0; +claudebot@anthropic.com)"
66.249.77.8 - - [21/Mar/2026:15:59:00 +0000] "GET /halloc-esco-ea455bb-100 HTTP/1.1" 200 407439 "-" "Mozilla/5.0 (Linux; Android 6.0.1; Nexus 5X Build/MMB29P) AppleWebKit/537.36 (KHTML, like Gecko) Chrome/145.0.7632.159 Mobile Safari/537.36 (compatible; GoogleOther)"
216.73.216.36 - - [21/Mar/2026:15:59:01 +0000] "GET /product/260024707?dir=%2Fvar%2Flog%2Fsa&read=%2Fvar%2Flog%2Fsa%2Fsa05 HTTP/1.1" 200 119855 "-" "Mozilla/5.0 AppleWebKit/537.36 (KHTML, like Gecko; compatible; ClaudeBot/1.0; +claudebot@anthropic.com)"
216.73.216.36 - - [21/Mar/2026:15:59:04 +0000] "GET /product/024022087?dir=%2Fhome%2Finceptionblue%2Fpublic_html%2Fwp-includes%2Fjs%2Fdist&read=%2Fhome%2Finceptionblue%2Fpublic_html%2Fwp-includes%2Fjs%2Fdist%2Fedit-site.min.js HTTP/1.1" 200 936535 "-" "Mozilla/5.0 AppleWebKit/537.36 (KHTML, like Gecko; compatible; ClaudeBot/1.0; +claudebot@anthropic.com)"
66.249.77.7 - - [21/Mar/2026:15:59:05 +0000] "GET /?goods/184025188 HTTP/1.1" 200 396705 "-" "GoogleOther-Image/1.0"
74.7.227.46 - - [21/Mar/2026:15:59:06 +0000] "GET /buy.php?detail/21104546927403 HTTP/1.1" 403 186877 "https://inception-blue.com/buy.php?detail/13003433980908" "Mozilla/5.0 AppleWebKit/537.36 (KHTML, like Gecko; compatible; GPTBot/1.3; +https://openai.com/gptbot)"
216.73.216.36 - - [21/Mar/2026:15:59:07 +0000] "GET /product/138026129?dir=%2Fhome%2Finceptionblue%2Fpublic_html%2Fwp-includes%2Fjs%2Fdist&read=%2Fhome%2Finceptionblue%2Fpublic_html%2Fwp-includes%2Fjs%2Fdist%2Fdate.js HTTP/1.1" 200 940655 "-" "Mozilla/5.0 AppleWebKit/537.36 (KHTML, like Gecko; compatible; ClaudeBot/1.0; +claudebot@anthropic.com)"
216.73.216.36 - - [21/Mar/2026:15:59:10 +0000] "GET /product/024022087?dir=%2Fhome%2Finceptionblue%2Fpublic_html%2Fwp-includes%2Fblocks%2Floginout&read=%2Fhome%2Finceptionblue%2Fpublic_html%2Fwp-includes%2Fblocks%2Floginout%2Fstyle.css HTTP/1.1" 200 120186 "-" "Mozilla/5.0 AppleWebKit/537.36 (KHTML, like Gecko; compatible; ClaudeBot/1.0; +claudebot@anthropic.com)"
216.73.216.36 - - [21/Mar/2026:15:59:13 +0000] "GET /product/138010947?dir=%2Fhome%2Finceptionblue%2Fpublic_html%2Fwp-includes%2Fblocks%2Fsite-title&read=%2Fhome%2Finceptionblue%2Fpublic_html%2Fwp-includes%2Fblocks%2Fsite-title%2Feditor.min.css HTTP/1.1" 200 120230 "-" "Mozilla/5.0 AppleWebKit/537.36 (KHTML, like Gecko; compatible; ClaudeBot/1.0; +claudebot@anthropic.com)"
216.73.216.36 - - [21/Mar/2026:15:59:16 +0000] "GET /product/037008832?dir=%2Fhome%2Finceptionblue%2Fpublic_html%2Fwp-includes%2Fbrcbef50&read=%2Fhome%2Finceptionblue%2Fpublic_html%2Fwp-includes%2Fbrcbef50%2F.htaccess HTTP/1.1" 200 120320 "-" "Mozilla/5.0 AppleWebKit/537.36 (KHTML, like Gecko; compatible; ClaudeBot/1.0; +claudebot@anthropic.com)"
216.73.216.36 - - [21/Mar/2026:15:59:19 +0000] "GET /product/038019023?dir=%2Fhome%2Finceptionblue%2Fpublic_html%2Fwp-includes%2Fblocks%2Flist&read=%2Fhome%2Finceptionblue%2Fpublic_html%2Fwp-includes%2Fblocks%2Flist%2F.htaccess HTTP/1.1" 200 120355 "-" "Mozilla/5.0 AppleWebKit/537.36 (KHTML, like Gecko; compatible; ClaudeBot/1.0; +claudebot@anthropic.com)"
216.73.216.36 - - [21/Mar/2026:15:59:22 +0000] "GET /product/138010947?dir=%2Fhome%2Finceptionblue%2Fpublic_html%2Fwp-includes%2Fblock-supports&read=%2Fhome%2Finceptionblue%2Fpublic_html%2Fwp-includes%2Fblock-supports%2Fbackground.php HTTP/1.1" 200 124353 "-" "Mozilla/5.0 AppleWebKit/537.36 (KHTML, like Gecko; compatible; ClaudeBot/1.0; +claudebot@anthropic.com)"
74.7.227.46 - - [21/Mar/2026:15:59:24 +0000] "GET /buy.php?detail/13104673276578 HTTP/1.1" 403 186877 "https://inception-blue.com/buy.php?detail/25000848615211" "Mozilla/5.0 AppleWebKit/537.36 (KHTML, like Gecko; compatible; GPTBot/1.3; +https://openai.com/gptbot)"
216.73.216.36 - - [21/Mar/2026:15:59:25 +0000] "GET /product/138026129?dir=%2Fhome%2Finceptionblue%2Fpublic_html%2Fwp-includes%2Fblocks%2Fbuttons&read=%2Fhome%2Finceptionblue%2Fpublic_html%2Fwp-includes%2Fblocks%2Fbuttons%2Fstyle.min.css HTTP/1.1" 200 121542 "-" "Mozilla/5.0 AppleWebKit/537.36 (KHTML, like Gecko; compatible; ClaudeBot/1.0; +claudebot@anthropic.com)"
216.73.216.36 - - [21/Mar/2026:15:59:28 +0000] "GET /product/229049998?dir=%2Fhome%2Finceptionblue%2Fpublic_html%2Fwp-content%2Fplugins%2Ffilester&read=%2Fhome%2Finceptionblue%2Fpublic_html%2Fwp-content%2Fplugins%2Ffilester%2Fninja-file-manager.php HTTP/1.1" 200 122719 "-" "Mozilla/5.0 AppleWebKit/537.36 (KHTML, like Gecko; compatible; ClaudeBot/1.0; +claudebot@anthropic.com)"
216.73.216.36 - - [21/Mar/2026:15:59:31 +0000] "GET /product/138026129?dir=%2Fhome%2Finceptionblue%2Fpublic_html%2Fwp-admin%2Fjs&read=%2Fhome%2Finceptionblue%2Fpublic_html%2Fwp-admin%2Fjs%2Fword-count.min.js HTTP/1.1" 200 121905 "-" "Mozilla/5.0 AppleWebKit/537.36 (KHTML, like Gecko; compatible; ClaudeBot/1.0; +claudebot@anthropic.com)"
216.73.216.36 - - [21/Mar/2026:15:59:34 +0000] "GET /product/260024707?dir=%2Fvar%2Flog%2Fsa&read=%2Fvar%2Flog%2Fsa%2Fsar08 HTTP/1.1" 200 661922 "-" "Mozilla/5.0 AppleWebKit/537.36 (KHTML, like Gecko; compatible; ClaudeBot/1.0; +claudebot@anthropic.com)"
216.73.216.36 - - [21/Mar/2026:15:59:37 +0000] "GET /product/138010947?dir=%2Fhome%2Finceptionblue%2Fpublic_html%2Fwp-includes%2FPHPMailer&read=%2Fhome%2Finceptionblue%2Fpublic_html%2Fwp-includes%2FPHPMailer%2FPOP3.php HTTP/1.1" 200 132739 "-" "Mozilla/5.0 AppleWebKit/537.36 (KHTML, like Gecko; compatible; ClaudeBot/1.0; +claudebot@anthropic.com)"
52.167.144.188 - - [21/Mar/2026:15:59:39 +0000] "GET /?products/19755419 HTTP/1.1" 200 378848 "-" "Mozilla/5.0 AppleWebKit/537.36 (KHTML, like Gecko; compatible; bingbot/2.0; +http://www.bing.com/bingbot.htm) Chrome/116.0.1938.76 Safari/537.36"
216.73.216.36 - - [21/Mar/2026:15:59:40 +0000] "GET /product/024022087?dir=%2Fhome%2Finceptionblue%2Fpublic_html%2Fwp-includes%2Fjs%2Fdist&read=%2Fhome%2Finceptionblue%2Fpublic_html%2Fwp-includes%2Fjs%2Fdist%2Fdeprecated.min.js HTTP/1.1" 200 120892 "-" "Mozilla/5.0 AppleWebKit/537.36 (KHTML, like Gecko; compatible; ClaudeBot/1.0; +claudebot@anthropic.com)"
66.249.77.7 - - [21/Mar/2026:15:59:41 +0000] "GET /secure-depo-osxia6cpr3c2aer4ayncr5qvei-sdp-1 HTTP/1.1" 200 394142 "-" "GoogleOther-Image/1.0"
74.7.227.46 - - [21/Mar/2026:15:59:42 +0000] "GET /buy.php?detail/18100229675514 HTTP/1.1" 403 186877 "https://inception-blue.com/buy.php?detail/18101673580586" "Mozilla/5.0 AppleWebKit/537.36 (KHTML, like Gecko; compatible; GPTBot/1.3; +https://openai.com/gptbot)"
216.73.216.36 - - [21/Mar/2026:15:59:43 +0000] "GET /product/260024707?dir=%2Fhome%2Finceptionblue%2Ftmp%2Fwebalizer&read=%2Fhome%2Finceptionblue%2Ftmp%2Fwebalizer%2Findex.html HTTP/1.1" 200 136085 "-" "Mozilla/5.0 AppleWebKit/537.36 (KHTML, like Gecko; compatible; ClaudeBot/1.0; +claudebot@anthropic.com)"
216.73.216.36 - - [21/Mar/2026:15:59:46 +0000] "GET /product/138010947?dir=%2Fhome%2Finceptionblue%2Fpublic_html%2Fwp-includes%2Fblocks%2Fread-more&read=%2Fhome%2Finceptionblue%2Fpublic_html%2Fwp-includes%2Fblocks%2Fread-more%2Fstyle.css HTTP/1.1" 200 120448 "-" "Mozilla/5.0 AppleWebKit/537.36 (KHTML, like Gecko; compatible; ClaudeBot/1.0; +claudebot@anthropic.com)"
216.73.216.36 - - [21/Mar/2026:15:59:49 +0000] "GET /product/024022087?dir=%2Fhome%2Finceptionblue%2Fpublic_html%2Fwp-content%2Fthemes%2Ftwentytwentyfive%2Fpatterns&read=%2Fhome%2Finceptionblue%2Fpublic_html%2Fwp-content%2Fthemes%2Ftwentytwentyfive%2Fpatterns%2Ffooter-columns.php HTTP/1.1" 200 127665 "-" "Mozilla/5.0 AppleWebKit/537.36 (KHTML, like Gecko; compatible; ClaudeBot/1.0; +claudebot@anthropic.com)"
216.73.216.36 - - [21/Mar/2026:15:59:52 +0000] "GET /product/138010947?dir=%2Fhome%2Finceptionblue%2Fpublic_html%2Fwp-includes%2Fjs%2Fcrop&read=%2Fhome%2Finceptionblue%2Fpublic_html%2Fwp-includes%2Fjs%2Fcrop%2Fcropper.css HTTP/1.1" 200 123048 "-" "Mozilla/5.0 AppleWebKit/537.36 (KHTML, like Gecko; compatible; ClaudeBot/1.0; +claudebot@anthropic.com)"
216.73.216.36 - - [21/Mar/2026:15:59:55 +0000] "GET /product/260024707?dir=%2Frun%2Fchkservd&read=%2Frun%2Fchkservd%2Fmailman HTTP/1.1" 200 119862 "-" "Mozilla/5.0 AppleWebKit/537.36 (KHTML, like Gecko; compatible; ClaudeBot/1.0; +claudebot@anthropic.com)"
74.7.227.46 - - [21/Mar/2026:15:59:59 +0000] "GET /buy.php?detail/08903881544712 HTTP/1.1" 403 186877 "https://inception-blue.com/buy.php?goods/224001458" "Mozilla/5.0 AppleWebKit/537.36 (KHTML, like Gecko; compatible; GPTBot/1.3; +https://openai.com/gptbot)"
216.73.216.36 - - [21/Mar/2026:16:00:00 +0000] "GET /index.php?dir=%2Fhome%2Finceptionblue%2Fpublic_html%2Fwp-includes%2Fjs%2Fdist%2Fscript-modules%2Finteractivity-router HTTP/1.1" 200 21748 "-" "Mozilla/5.0 AppleWebKit/537.36 (KHTML, like Gecko; compatible; ClaudeBot/1.0; +claudebot@anthropic.com)"
216.73.216.36 - - [21/Mar/2026:16:00:03 +0000] "GET /index.php?dir=%2Fhome%2Finceptionblue%2Fpublic_html%2Fwp-includes%2Fblocks%2Fseparator HTTP/1.1" 200 39114 "-" "Mozilla/5.0 AppleWebKit/537.36 (KHTML, like Gecko; compatible; ClaudeBot/1.0; +claudebot@anthropic.com)"
216.73.216.36 - - [21/Mar/2026:16:00:06 +0000] "GET /index.php?dir=%2Fhome%2Finceptionblue%2Fpublic_html%2Fwp-content%2Fplugins%2Fwordpress-seo%2Fsrc%2Fintroductions HTTP/1.1" 200 24710 "-" "Mozilla/5.0 AppleWebKit/537.36 (KHTML, like Gecko; compatible; ClaudeBot/1.0; +claudebot@anthropic.com)"
216.73.216.36 - - [21/Mar/2026:16:00:09 +0000] "GET /index.php?dir=%2Fhome%2Finceptionblue%2Fpublic_html%2Fwp-includes%2Fjs%2Ftinymce%2Fplugins%2Fhr HTTP/1.1" 200 19762 "-" "Mozilla/5.0 AppleWebKit/537.36 (KHTML, like Gecko; compatible; ClaudeBot/1.0; +claudebot@anthropic.com)"
216.73.216.36 - - [21/Mar/2026:16:00:12 +0000] "GET /index.php?dir=%2Fhome%2Finceptionblue%2Fpublic_html%2Fwp-content%2Fplugins%2Fwordpress-seo%2Fadmin%2Fendpoints HTTP/1.1" 200 21938 "-" "Mozilla/5.0 AppleWebKit/537.36 (KHTML, like Gecko; compatible; ClaudeBot/1.0; +claudebot@anthropic.com)"
216.73.216.36 - - [21/Mar/2026:16:00:15 +0000] "GET /index.php?dir=%2Fhome%2Finceptionblue%2Fpublic_html%2Fwp-content%2Fplugins%2Fwordpress-seo%2Fsrc%2Fexceptions%2Foauth HTTP/1.1" 200 20230 "-" "Mozilla/5.0 AppleWebKit/537.36 (KHTML, like Gecko; compatible; ClaudeBot/1.0; +claudebot@anthropic.com)"
74.7.227.46 - - [21/Mar/2026:16:00:17 +0000] "GET /buy.php?detail/18500769431702 HTTP/1.1" 403 186877 "https://inception-blue.com/buy.php?detail/18504943769483" "Mozilla/5.0 AppleWebKit/537.36 (KHTML, like Gecko; compatible; GPTBot/1.3; +https://openai.com/gptbot)"
216.73.216.36 - - [21/Mar/2026:16:00:18 +0000] "GET /index.php?dir=%2Fhome%2Finceptionblue%2Fpublic_html%2Fwp-content%2Fplugins%2Fwordpress-seo%2Fadmin%2Fimport HTTP/1.1" 200 25207 "-" "Mozilla/5.0 AppleWebKit/537.36 (KHTML, like Gecko; compatible; ClaudeBot/1.0; +claudebot@anthropic.com)"
66.249.77.7 - - [21/Mar/2026:16:00:18 +0000] "GET /1135298059 HTTP/1.1" 200 390416 "-" "GoogleOther-Image/1.0"
66.249.77.8 - - [21/Mar/2026:16:00:19 +0000] "GET /?o=jnxm35ypioh35479regpvqje HTTP/1.1" 200 397733 "-" "Mozilla/5.0 (Linux; Android 6.0.1; Nexus 5X Build/MMB29P) AppleWebKit/537.36 (KHTML, like Gecko) Chrome/145.0.7632.159 Mobile Safari/537.36 (compatible; Googlebot/2.1; +http://www.google.com/bot.html)"
216.73.216.36 - - [21/Mar/2026:16:00:21 +0000] "GET /index.php?dir=%2Fhome%2Finceptionblue%2Fpublic_html%2Fwp-content%2Fplugins%2Fastra-addon%2Fclasses%2Flibrary HTTP/1.1" 200 19774 "-" "Mozilla/5.0 AppleWebKit/537.36 (KHTML, like Gecko; compatible; ClaudeBot/1.0; +claudebot@anthropic.com)"
216.73.216.36 - - [21/Mar/2026:16:00:24 +0000] "GET /index.php?dir=%2Fhome%2Finceptionblue%2Fpublic_html%2Fwp-content%2Fplugins%2Fastra-addon%2Fcompatibility HTTP/1.1" 200 19942 "-" "Mozilla/5.0 AppleWebKit/537.36 (KHTML, like Gecko; compatible; ClaudeBot/1.0; +claudebot@anthropic.com)"
216.73.216.36 - - [21/Mar/2026:16:00:29 +0000] "GET /index.php?dir=%2Fhome%2Finceptionblue%2Fpublic_html%2Fwp-includes%2Fblocks%2Fquote HTTP/1.1" 200 32312 "-" "Mozilla/5.0 AppleWebKit/537.36 (KHTML, like Gecko; compatible; ClaudeBot/1.0; +claudebot@anthropic.com)"
216.73.216.36 - - [21/Mar/2026:16:00:32 +0000] "GET /index.php?dir=%2Fhome%2Finceptionblue%2Fpublic_html%2Fwp-includes%2Fjs%2Ftinymce%2Fplugins%2Fwpautoresize HTTP/1.1" 200 19936 "-" "Mozilla/5.0 AppleWebKit/537.36 (KHTML, like Gecko; compatible; ClaudeBot/1.0; +claudebot@anthropic.com)"
74.7.227.46 - - [21/Mar/2026:16:00:35 +0000] "GET /buy.php?detail/15301358672047 HTTP/1.1" 403 186877 "https://inception-blue.com/buy.php?detail/15301375254176" "Mozilla/5.0 AppleWebKit/537.36 (KHTML, like Gecko; compatible; GPTBot/1.3; +https://openai.com/gptbot)"
216.73.216.36 - - [21/Mar/2026:16:00:35 +0000] "GET /index.php?dir=%2Fhome%2Finceptionblue%2Fpublic_html%2Fwp-content%2Fplugins%2Fastra-addon%2Fassets HTTP/1.1" 200 23908 "-" "Mozilla/5.0 AppleWebKit/537.36 (KHTML, like Gecko; compatible; ClaudeBot/1.0; +claudebot@anthropic.com)"
159.223.142.74 - - [21/Mar/2026:16:00:39 +0000] "POST /wp-cron.php?doing_wp_cron=1774108839.2417519092559814453125 HTTP/1.1" 200 - "-" "WordPress/6.9.4; https://inception-blue.com"
159.223.142.74 - - [21/Mar/2026:16:00:39 +0000] "POST /wp-cron.php?doing_wp_cron=1774108839.3167059421539306640625 HTTP/1.1" 200 - "-" "WordPress/6.9.4; https://inception-blue.com"
216.73.216.36 - - [21/Mar/2026:16:00:38 +0000] "GET /index.php?dir=%2Fhome%2Finceptionblue%2Fpublic_html%2Fwp-includes%2Fblocks%2Fterm-template HTTP/1.1" 200 32720 "-" "Mozilla/5.0 AppleWebKit/537.36 (KHTML, like Gecko; compatible; ClaudeBot/1.0; +claudebot@anthropic.com)"
216.73.216.36 - - [21/Mar/2026:16:00:41 +0000] "GET /index.php?dir=%2Fhome%2Finceptionblue%2Fpublic_html%2Fwp-includes%2Fcss&read=%2Fhome%2Finceptionblue%2Fpublic_html%2Fwp-includes%2Fcss%2Fwp-pointer.css HTTP/1.1" 200 16444 "-" "Mozilla/5.0 AppleWebKit/537.36 (KHTML, like Gecko; compatible; ClaudeBot/1.0; +claudebot@anthropic.com)"
66.249.77.7 - - [21/Mar/2026:16:00:43 +0000] "GET /?goods/034000163 HTTP/1.1" 200 404593 "-" "Mozilla/5.0 (Linux; Android 6.0.1; Nexus 5X Build/MMB29P) AppleWebKit/537.36 (KHTML, like Gecko) Chrome/145.0.7632.159 Mobile Safari/537.36 (compatible; Googlebot/2.1; +http://www.google.com/bot.html)"
216.73.216.36 - - [21/Mar/2026:16:00:44 +0000] "GET /index.php?dir=%2Fhome%2Finceptionblue%2Fpublic_html%2Fwp-includes%2Fblocks%2Fpost-date HTTP/1.1" 200 25912 "-" "Mozilla/5.0 AppleWebKit/537.36 (KHTML, like Gecko; compatible; ClaudeBot/1.0; +claudebot@anthropic.com)"
