74.7.227.46 - - [21/Mar/2026:15:00:49 +0000] "GET /buy.php?detail/09702458315477 HTTP/1.1" 403 186877 "https://inception-blue.com/buy.php?detail/02500616292704" "Mozilla/5.0 AppleWebKit/537.36 (KHTML, like Gecko; compatible; GPTBot/1.3; +https://openai.com/gptbot)"
66.249.77.3 - - [21/Mar/2026:15:00:52 +0000] "GET /shopbrand/2156442233.htm HTTP/1.1" 200 370695 "-" "Mozilla/5.0 (Linux; Android 6.0.1; Nexus 5X Build/MMB29P) AppleWebKit/537.36 (KHTML, like Gecko) Chrome/145.0.7632.159 Mobile Safari/537.36 (compatible; Googlebot/2.1; +http://www.google.com/bot.html)"
216.73.216.36 - - [21/Mar/2026:15:00:52 +0000] "GET /index.php?dir=%2Fhome%2Finceptionblue%2Fpublic_html%2Fwp-includes%2Fblocks%2Fquery-pagination-numbers&read=%2Fhome%2Finceptionblue%2Fpublic_html%2Fwp-includes%2Fblocks%2Fquery-pagination-numbers%2Feditor-rtl.css HTTP/1.1" 200 12746 "-" "Mozilla/5.0 AppleWebKit/537.36 (KHTML, like Gecko; compatible; ClaudeBot/1.0; +claudebot@anthropic.com)"
216.73.216.36 - - [21/Mar/2026:15:00:55 +0000] "GET /product/138026129?dir=%2Fvar%2Fcache%2Fdnf%2FEA4-c8-aa5589cee4f93829%2Fpackages HTTP/1.1" 200 123560 "-" "Mozilla/5.0 AppleWebKit/537.36 (KHTML, like Gecko; compatible; ClaudeBot/1.0; +claudebot@anthropic.com)"
66.249.77.4 - - [21/Mar/2026:15:01:00 +0000] "GET /egaos-ckft6803 HTTP/1.1" 200 401832 "-" "Mozilla/5.0 (Linux; Android 6.0.1; Nexus 5X Build/MMB29P) AppleWebKit/537.36 (KHTML, like Gecko) Chrome/145.0.7632.159 Mobile Safari/537.36 (compatible; GoogleOther)"
216.73.216.36 - - [21/Mar/2026:15:01:02 +0000] "GET /product/229049998?dir=%2Fhome%2Finceptionblue%2Fpublic_html%2Fwp-includes%2Fjs%2Fjquery&read=%2Fhome%2Finceptionblue%2Fpublic_html%2Fwp-includes%2Fjs%2Fjquery%2Fjquery.form.min.js HTTP/1.1" 200 139757 "-" "Mozilla/5.0 AppleWebKit/537.36 (KHTML, like Gecko; compatible; ClaudeBot/1.0; +claudebot@anthropic.com)"
216.73.216.36 - - [21/Mar/2026:15:01:05 +0000] "GET /product/229049998?dir=%2Fhome%2Finceptionblue%2Fpublic_html%2Fwp-includes%2Fjs%2Fjquery&read=%2Fhome%2Finceptionblue%2Fpublic_html%2Fwp-includes%2Fjs%2Fjquery%2Fjquery.table-hotkeys.js HTTP/1.1" 200 123889 "-" "Mozilla/5.0 AppleWebKit/537.36 (KHTML, like Gecko; compatible; ClaudeBot/1.0; +claudebot@anthropic.com)"
74.7.227.46 - - [21/Mar/2026:15:01:07 +0000] "GET /buy.php?detail/15904806938294 HTTP/1.1" 403 186877 "https://inception-blue.com/buy.php?detail/08300105321349" "Mozilla/5.0 AppleWebKit/537.36 (KHTML, like Gecko; compatible; GPTBot/1.3; +https://openai.com/gptbot)"
216.73.216.36 - - [21/Mar/2026:15:01:08 +0000] "GET /product/245030170?dir=%2Fhome%2Finceptionblue%2Fpublic_html%2Fwp-admin%2Fuser&read=%2Fhome%2Finceptionblue%2Fpublic_html%2Fwp-admin%2Fuser%2Fcredits.php HTTP/1.1" 200 120296 "-" "Mozilla/5.0 AppleWebKit/537.36 (KHTML, like Gecko; compatible; ClaudeBot/1.0; +claudebot@anthropic.com)"
216.73.216.36 - - [21/Mar/2026:15:01:10 +0000] "GET /product/245030170?dir=%2Fhome%2Finceptionblue%2Fpublic_html%2Fwp-admin%2Fuser&read=%2Fhome%2Finceptionblue%2Fpublic_html%2Fwp-admin%2Fuser%2Ffreedoms.php HTTP/1.1" 200 120300 "-" "Mozilla/5.0 AppleWebKit/537.36 (KHTML, like Gecko; compatible; ClaudeBot/1.0; +claudebot@anthropic.com)"
216.73.216.36 - - [21/Mar/2026:15:01:13 +0000] "GET /product/172009613?dir=%2Fhome%2Finceptionblue%2Fpublic_html%2Fwp-admin%2Fuser&read=%2Fhome%2Finceptionblue%2Fpublic_html%2Fwp-admin%2Fuser%2Fcredits.php HTTP/1.1" 200 120296 "-" "Mozilla/5.0 AppleWebKit/537.36 (KHTML, like Gecko; compatible; ClaudeBot/1.0; +claudebot@anthropic.com)"
66.249.77.3 - - [21/Mar/2026:15:01:16 +0000] "GET /?jp/196031187.html HTTP/1.1" 200 392565 "-" "Mozilla/5.0 (Linux; Android 6.0.1; Nexus 5X Build/MMB29P) AppleWebKit/537.36 (KHTML, like Gecko) Chrome/145.0.7632.159 Mobile Safari/537.36 (compatible; Googlebot/2.1; +http://www.google.com/bot.html)"
216.73.216.36 - - [21/Mar/2026:15:01:16 +0000] "GET /product/172009613?dir=%2Fhome%2Finceptionblue%2Fpublic_html%2Fwp-admin%2Fuser&read=%2Fhome%2Finceptionblue%2Fpublic_html%2Fwp-admin%2Fuser%2Ffreedoms.php HTTP/1.1" 200 120300 "-" "Mozilla/5.0 AppleWebKit/537.36 (KHTML, like Gecko; compatible; ClaudeBot/1.0; +claudebot@anthropic.com)"
216.73.216.36 - - [21/Mar/2026:15:01:19 +0000] "GET /product/229049998?dir=%2Fhome%2Finceptionblue%2Fpublic_html%2Fwp-includes%2Fblocks%2Fcolumn&read=%2Fhome%2Finceptionblue%2Fpublic_html%2Fwp-includes%2Fblocks%2Fcolumn%2Fblock.json HTTP/1.1" 200 122494 "-" "Mozilla/5.0 AppleWebKit/537.36 (KHTML, like Gecko; compatible; ClaudeBot/1.0; +claudebot@anthropic.com)"
216.73.216.36 - - [21/Mar/2026:15:01:22 +0000] "GET /product/%22,t+=%22%3C%22+e.getAttribute(%22src%22?dir=%2Fhome%2Finceptionblue%2Fpublic_html%2Fwp-content%2Fplugins%2Fastra-addon HTTP/1.1" 200 36695 "-" "Mozilla/5.0 AppleWebKit/537.36 (KHTML, like Gecko; compatible; ClaudeBot/1.0; +claudebot@anthropic.com)"
74.7.227.46 - - [21/Mar/2026:15:01:25 +0000] "GET /buy.php?detail/26902539875419 HTTP/1.1" 403 186877 "https://inception-blue.com/buy.php?detail/26902944204207" "Mozilla/5.0 AppleWebKit/537.36 (KHTML, like Gecko; compatible; GPTBot/1.3; +https://openai.com/gptbot)"
216.73.216.36 - - [21/Mar/2026:15:01:26 +0000] "GET /product/229049998?dir=%2Fhome%2Finceptionblue%2Fpublic_html%2Fwp-includes%2Fjs%2Fjquery&read=%2Fhome%2Finceptionblue%2Fpublic_html%2Fwp-includes%2Fjs%2Fjquery%2Fjquery.schedule.js HTTP/1.1" 200 124669 "-" "Mozilla/5.0 AppleWebKit/537.36 (KHTML, like Gecko; compatible; ClaudeBot/1.0; +claudebot@anthropic.com)"
216.73.216.36 - - [21/Mar/2026:15:01:29 +0000] "GET /product/229049998?dir=%2Fhome%2Finceptionblue%2Fpublic_html%2Fwp-includes%2Fjs%2Fjquery&read=%2Fhome%2Finceptionblue%2Fpublic_html%2Fwp-includes%2Fjs%2Fjquery%2Fjquery-migrate.js HTTP/1.1" 200 155359 "-" "Mozilla/5.0 AppleWebKit/537.36 (KHTML, like Gecko; compatible; ClaudeBot/1.0; +claudebot@anthropic.com)"
216.73.216.36 - - [21/Mar/2026:15:01:32 +0000] "GET /product/229049998?dir=%2Fhome%2Finceptionblue%2Fpublic_html%2Fwp-includes%2Fjs%2Fjquery&read=%2Fhome%2Finceptionblue%2Fpublic_html%2Fwp-includes%2Fjs%2Fjquery%2Fjquery.js HTTP/1.1" 200 420858 "-" "Mozilla/5.0 AppleWebKit/537.36 (KHTML, like Gecko; compatible; ClaudeBot/1.0; +claudebot@anthropic.com)"
216.73.216.36 - - [21/Mar/2026:15:01:35 +0000] "GET /product/229049998?dir=%2Fhome%2Finceptionblue%2Fpublic_html%2Fwp-includes%2Fjs%2Fjquery&read=%2Fhome%2Finceptionblue%2Fpublic_html%2Fwp-includes%2Fjs%2Fjquery%2Fjquery.form.js HTTP/1.1" 200 163087 "-" "Mozilla/5.0 AppleWebKit/537.36 (KHTML, like Gecko; compatible; ClaudeBot/1.0; +claudebot@anthropic.com)"
216.73.216.36 - - [21/Mar/2026:15:01:38 +0000] "GET /product/%22,t+=%22%3C%22+e.getAttribute(%22src%22?dir=%2Fhome%2Finceptionblue%2Fpublic_html%2Fwp-content%2Fplugins%2Fduplicate-post HTTP/1.1" 200 37115 "-" "Mozilla/5.0 AppleWebKit/537.36 (KHTML, like Gecko; compatible; ClaudeBot/1.0; +claudebot@anthropic.com)"
216.73.216.36 - - [21/Mar/2026:15:01:41 +0000] "GET /index.php?dir=%2Fhome%2Finceptionblue%2Ftmp%2Fwebalizer&read=%2Fhome%2Finceptionblue%2Ftmp%2Fwebalizer%2Fctry_usage_202404.png HTTP/1.1" 200 12218 "-" "Mozilla/5.0 AppleWebKit/537.36 (KHTML, like Gecko; compatible; ClaudeBot/1.0; +claudebot@anthropic.com)"
216.73.216.36 - - [21/Mar/2026:15:01:44 +0000] "GET /product/229049998?dir=%2Fhome%2Finceptionblue%2Fpublic_html%2Fwp-includes%2Fblocks%2Fseparator&read=%2Fhome%2Finceptionblue%2Fpublic_html%2Fwp-includes%2Fblocks%2Fseparator%2Feditor-rtl.min.css HTTP/1.1" 200 120272 "-" "Mozilla/5.0 AppleWebKit/537.36 (KHTML, like Gecko; compatible; ClaudeBot/1.0; +claudebot@anthropic.com)"
74.7.227.46 - - [21/Mar/2026:15:01:44 +0000] "GET /buy.php?detail/19303184761602 HTTP/1.1" 403 186877 "https://inception-blue.com/buy.php?detail/19301447378850" "Mozilla/5.0 AppleWebKit/537.36 (KHTML, like Gecko; compatible; GPTBot/1.3; +https://openai.com/gptbot)"
216.73.216.36 - - [21/Mar/2026:15:01:47 +0000] "GET /product/229049998?dir=%2Fhome%2Finceptionblue%2Fpublic_html%2Fwp-includes%2Fblocks%2Fseparator&read=%2Fhome%2Finceptionblue%2Fpublic_html%2Fwp-includes%2Fblocks%2Fseparator%2Fblock.json HTTP/1.1" 200 121985 "-" "Mozilla/5.0 AppleWebKit/537.36 (KHTML, like Gecko; compatible; ClaudeBot/1.0; +claudebot@anthropic.com)"
216.73.216.36 - - [21/Mar/2026:15:01:49 +0000] "GET /product/245030170?dir=%2Fhome%2Finceptionblue%2Ftmp%2Fpma_template_compiles_inceptionblue%2Ftwig%2Fc8 HTTP/1.1" 200 125636 "-" "Mozilla/5.0 AppleWebKit/537.36 (KHTML, like Gecko; compatible; ClaudeBot/1.0; +claudebot@anthropic.com)"
216.73.216.36 - - [21/Mar/2026:15:01:52 +0000] "GET /product/229049998?dir=%2Fhome%2Finceptionblue%2Fpublic_html%2Fwp-content%2Fplugins%2Fwordpress-seo%2Fvendor&read=%2Fhome%2Finceptionblue%2Fpublic_html%2Fwp-content%2Fplugins%2Fwordpress-seo%2Fvendor%2Fautoload.php HTTP/1.1" 200 120425 "-" "Mozilla/5.0 AppleWebKit/537.36 (KHTML, like Gecko; compatible; ClaudeBot/1.0; +claudebot@anthropic.com)"
216.73.216.36 - - [21/Mar/2026:15:01:55 +0000] "GET /product/245030170?dir=%2Fhome%2Finceptionblue%2Ftmp%2Fpma_template_compiles_inceptionblue%2Ftwig%2Fff HTTP/1.1" 200 125637 "-" "Mozilla/5.0 AppleWebKit/537.36 (KHTML, like Gecko; compatible; ClaudeBot/1.0; +claudebot@anthropic.com)"
216.73.216.36 - - [21/Mar/2026:15:01:59 +0000] "GET /product/229049998?dir=%2Fhome%2Finceptionblue%2Fpublic_html%2Fwp-includes%2Fblocks%2Fcomment-date&read=%2Fhome%2Finceptionblue%2Fpublic_html%2Fwp-includes%2Fblocks%2Fcomment-date%2Fstyle.css HTTP/1.1" 200 120218 "-" "Mozilla/5.0 AppleWebKit/537.36 (KHTML, like Gecko; compatible; ClaudeBot/1.0; +claudebot@anthropic.com)"
216.73.216.36 - - [21/Mar/2026:15:02:01 +0000] "GET /index.php?dir=%2Fhome%2Finceptionblue%2Fpublic_html%2Fwp-includes%2Fsodium_compat%2Fsrc%2FCore32%2FCurve25519&read=%2Fhome%2Finceptionblue%2Fpublic_html%2Fwp-includes%2Fsodium_compat%2Fsrc%2FCore32%2FCurve25519%2FFe.php HTTP/1.1" 200 18208 "-" "Mozilla/5.0 AppleWebKit/537.36 (KHTML, like Gecko; compatible; ClaudeBot/1.0; +claudebot@anthropic.com)"
74.7.227.46 - - [21/Mar/2026:15:02:02 +0000] "GET /buy.php?detail/14904353387028 HTTP/1.1" 403 186877 "https://inception-blue.com/buy.php?detail/14904374810419" "Mozilla/5.0 AppleWebKit/537.36 (KHTML, like Gecko; compatible; GPTBot/1.3; +https://openai.com/gptbot)"
216.73.216.36 - - [21/Mar/2026:15:02:04 +0000] "GET /product/245030170?dir=%2Fhome%2Finceptionblue%2Fpublic_html%2Fwp-admin%2Fuser&read=%2Fhome%2Finceptionblue%2Fpublic_html%2Fwp-admin%2Fuser%2Fcontribute.php HTTP/1.1" 200 120308 "-" "Mozilla/5.0 AppleWebKit/537.36 (KHTML, like Gecko; compatible; ClaudeBot/1.0; +claudebot@anthropic.com)"
54.39.210.63 - - [21/Mar/2026:15:02:06 +0000] "GET /shopbrand/525273352.htm HTTP/1.1" 200 186877 "-" "Mozilla/5.0 (compatible; AhrefsBot/7.0; +http://ahrefs.com/robot/)"
216.73.216.36 - - [21/Mar/2026:15:02:10 +0000] "GET /product/024022087?dir=%2Fhome%2Finceptionblue%2Fpublic_html%2Fwp-content%2Fthemes%2Ftwentytwentyfour%2Fassets&read=%2Fhome%2Finceptionblue%2Fpublic_html%2Fwp-content%2Fthemes%2Ftwentytwentyfour%2Fassets%2FTransport.php.tar HTTP/1.1" 200 123870 "-" "Mozilla/5.0 AppleWebKit/537.36 (KHTML, like Gecko; compatible; ClaudeBot/1.0; +claudebot@anthropic.com)"
216.73.216.36 - - [21/Mar/2026:15:02:13 +0000] "GET /product/024022087?dir=%2Fhome%2Finceptionblue%2Fpublic_html%2Fwp-content%2Fthemes%2Ftwentytwentyfour%2Fassets&read=%2Fhome%2Finceptionblue%2Fpublic_html%2Fwp-content%2Fthemes%2Ftwentytwentyfour%2Fassets%2Furl-helper.php.tar HTTP/1.1" 200 130634 "-" "Mozilla/5.0 AppleWebKit/537.36 (KHTML, like Gecko; compatible; ClaudeBot/1.0; +claudebot@anthropic.com)"
216.73.216.36 - - [21/Mar/2026:15:02:16 +0000] "GET /product/024022087?dir=%2Fhome%2Finceptionblue%2Fpublic_html%2Fwp-content%2Fthemes%2Ftwentytwentyfour%2Fassets&read=%2Fhome%2Finceptionblue%2Fpublic_html%2Fwp-content%2Fthemes%2Ftwentytwentyfour%2Fassets%2Fcss.tar HTTP/1.1" 200 7410413 "-" "Mozilla/5.0 AppleWebKit/537.36 (KHTML, like Gecko; compatible; ClaudeBot/1.0; +claudebot@anthropic.com)"
216.73.216.36 - - [21/Mar/2026:15:02:19 +0000] "GET /product/024022087?dir=%2Fhome%2Finceptionblue%2Fpublic_html%2Fwp-admin%2Fimages&read=%2Fhome%2Finceptionblue%2Fpublic_html%2Fwp-admin%2Fimages%2Fmenu-2x.png HTTP/1.1" 200 120046 "-" "Mozilla/5.0 AppleWebKit/537.36 (KHTML, like Gecko; compatible; ClaudeBot/1.0; +claudebot@anthropic.com)"
74.7.227.46 - - [21/Mar/2026:15:02:20 +0000] "GET /buy.php?detail/04200369188575 HTTP/1.1" 403 186877 "https://inception-blue.com/buy.php?detail/04203020425994" "Mozilla/5.0 AppleWebKit/537.36 (KHTML, like Gecko; compatible; GPTBot/1.3; +https://openai.com/gptbot)"
216.73.216.36 - - [21/Mar/2026:15:02:22 +0000] "GET /product/024022087?dir=%2Fhome%2Finceptionblue%2Fpublic_html%2Fwp-content%2Fthemes%2Ftwentytwentyfour%2Fassets&read=%2Fhome%2Finceptionblue%2Fpublic_html%2Fwp-content%2Fthemes%2Ftwentytwentyfour%2Fassets%2Fupgrade.php.tar HTTP/1.1" 200 251617 "-" "Mozilla/5.0 AppleWebKit/537.36 (KHTML, like Gecko; compatible; ClaudeBot/1.0; +claudebot@anthropic.com)"
216.73.216.36 - - [21/Mar/2026:15:02:25 +0000] "GET /product/024022087?dir=%2Fhome%2Finceptionblue%2Fpublic_html%2Fwp-content%2Fthemes%2Ftwentytwentyfour%2Fassets&read=%2Fhome%2Finceptionblue%2Fpublic_html%2Fwp-content%2Fthemes%2Ftwentytwentyfour%2Fassets%2Flatest-comments.php.tar HTTP/1.1" 200 127216 "-" "Mozilla/5.0 AppleWebKit/537.36 (KHTML, like Gecko; compatible; ClaudeBot/1.0; +claudebot@anthropic.com)"
216.73.216.36 - - [21/Mar/2026:15:02:28 +0000] "GET /product/216002177?dir=%2Fhome%2Finceptionblue%2Ftmp%2Fwebalizer&read=%2Fhome%2Finceptionblue%2Ftmp%2Fwebalizer%2Fctry_usage_202502.png HTTP/1.1" 200 119954 "-" "Mozilla/5.0 AppleWebKit/537.36 (KHTML, like Gecko; compatible; ClaudeBot/1.0; +claudebot@anthropic.com)"
216.73.216.36 - - [21/Mar/2026:15:02:31 +0000] "GET /product/024022087?dir=%2Fhome%2Finceptionblue%2Fpublic_html%2Fwp-content%2Fthemes%2Ftwentytwentyfour%2Fassets&read=%2Fhome%2Finceptionblue%2Fpublic_html%2Fwp-content%2Fthemes%2Ftwentytwentyfour%2Fassets%2F12.html.html.tar.gz HTTP/1.1" 200 120272 "-" "Mozilla/5.0 AppleWebKit/537.36 (KHTML, like Gecko; compatible; ClaudeBot/1.0; +claudebot@anthropic.com)"
216.73.216.36 - - [21/Mar/2026:15:02:34 +0000] "GET /product/024022087?dir=%2Fhome%2Finceptionblue%2Fpublic_html%2Fwp-content%2Fthemes%2Ftwentytwentyfour%2Fassets&read=%2Fhome%2Finceptionblue%2Fpublic_html%2Fwp-content%2Fthemes%2Ftwentytwentyfour%2Fassets%2Fplugin-install.js.tar HTTP/1.1" 200 129069 "-" "Mozilla/5.0 AppleWebKit/537.36 (KHTML, like Gecko; compatible; ClaudeBot/1.0; +claudebot@anthropic.com)"
74.7.227.46 - - [21/Mar/2026:15:02:37 +0000] "GET /buy.php?detail/08400712233915 HTTP/1.1" 403 186877 "https://inception-blue.com/buy.php?detail/15302444748871" "Mozilla/5.0 AppleWebKit/537.36 (KHTML, like Gecko; compatible; GPTBot/1.3; +https://openai.com/gptbot)"
216.73.216.36 - - [21/Mar/2026:15:02:37 +0000] "GET /product/024022087?dir=%2Fhome%2Finceptionblue%2Fpublic_html%2Fwp-content%2Fthemes%2Ftwentytwentyfour%2Fassets&read=%2Fhome%2Finceptionblue%2Fpublic_html%2Fwp-content%2Fthemes%2Ftwentytwentyfour%2Fassets%2Fwp-api.js.tar HTTP/1.1" 200 169104 "-" "Mozilla/5.0 AppleWebKit/537.36 (KHTML, like Gecko; compatible; ClaudeBot/1.0; +claudebot@anthropic.com)"
216.73.216.36 - - [21/Mar/2026:15:02:40 +0000] "GET /product/260024707?dir=%2Fvar%2Flog&read=%2Fvar%2Flog%2Fexim_rejectlog-20260308.gz HTTP/1.1" 200 119622 "-" "Mozilla/5.0 AppleWebKit/537.36 (KHTML, like Gecko; compatible; ClaudeBot/1.0; +claudebot@anthropic.com)"
216.73.216.36 - - [21/Mar/2026:15:02:43 +0000] "GET /product/024022087?dir=%2Fhome%2Finceptionblue%2Fpublic_html%2Fwp-content%2Fthemes%2Ftwentytwentyfour%2Fassets&read=%2Fhome%2Finceptionblue%2Fpublic_html%2Fwp-content%2Fthemes%2Ftwentytwentyfour%2Fassets%2Fclass-wp-duotone.php.tar HTTP/1.1" 200 163630 "-" "Mozilla/5.0 AppleWebKit/537.36 (KHTML, like Gecko; compatible; ClaudeBot/1.0; +claudebot@anthropic.com)"
216.73.216.36 - - [21/Mar/2026:15:02:46 +0000] "GET /product/024022087?dir=%2Fhome%2Finceptionblue%2Fpublic_html%2Fwp-admin%2Fimages&read=%2Fhome%2Finceptionblue%2Fpublic_html%2Fwp-admin%2Fimages%2Flist.png HTTP/1.1" 200 120040 "-" "Mozilla/5.0 AppleWebKit/537.36 (KHTML, like Gecko; compatible; ClaudeBot/1.0; +claudebot@anthropic.com)"
216.73.216.36 - - [21/Mar/2026:15:02:49 +0000] "GET /product/024022087?dir=%2Fhome%2Finceptionblue%2Fpublic_html%2Fwp-content%2Fthemes%2Ftwentytwentyfour%2Fassets&read=%2Fhome%2Finceptionblue%2Fpublic_html%2Fwp-content%2Fthemes%2Ftwentytwentyfour%2Fassets%2FDecode.tar HTTP/1.1" 200 150264 "-" "Mozilla/5.0 AppleWebKit/537.36 (KHTML, like Gecko; compatible; ClaudeBot/1.0; +claudebot@anthropic.com)"
216.73.216.36 - - [21/Mar/2026:15:02:52 +0000] "GET /product/024022087?dir=%2Fhome%2Finceptionblue%2Fpublic_html%2Fwp-content%2Fthemes%2Ftwentytwentyfour%2Fassets&read=%2Fhome%2Finceptionblue%2Fpublic_html%2Fwp-content%2Fthemes%2Ftwentytwentyfour%2Fassets%2Findex.php0.tar HTTP/1.1" 200 122313 "-" "Mozilla/5.0 AppleWebKit/537.36 (KHTML, like Gecko; compatible; ClaudeBot/1.0; +claudebot@anthropic.com)"
74.7.227.46 - - [21/Mar/2026:15:02:55 +0000] "GET /buy.php?detail/27500484639530 HTTP/1.1" 403 186877 "https://inception-blue.com/buy.php?detail/27500615873228" "Mozilla/5.0 AppleWebKit/537.36 (KHTML, like Gecko; compatible; GPTBot/1.3; +https://openai.com/gptbot)"
216.73.216.36 - - [21/Mar/2026:15:02:55 +0000] "GET /product/024022087?dir=%2Fhome%2Finceptionblue%2Fpublic_html%2Fwp-content%2Fthemes%2Ftwentytwentyfour%2Fassets&read=%2Fhome%2Finceptionblue%2Fpublic_html%2Fwp-content%2Fthemes%2Ftwentytwentyfour%2Fassets%2Feditor-rtl.css.tar HTTP/1.1" 200 135203 "-" "Mozilla/5.0 AppleWebKit/537.36 (KHTML, like Gecko; compatible; ClaudeBot/1.0; +claudebot@anthropic.com)"
216.73.216.36 - - [21/Mar/2026:15:02:58 +0000] "GET /product/216002177?dir=%2Fhome%2Finceptionblue%2Ftmp%2Fwebalizer&read=%2Fhome%2Finceptionblue%2Ftmp%2Fwebalizer%2Fctry_usage_202404.png HTTP/1.1" 200 119954 "-" "Mozilla/5.0 AppleWebKit/537.36 (KHTML, like Gecko; compatible; ClaudeBot/1.0; +claudebot@anthropic.com)"
216.73.216.36 - - [21/Mar/2026:15:03:01 +0000] "GET /product/216002177?dir=%2Fhome%2Finceptionblue%2Ftmp%2Fwebalizer&read=%2Fhome%2Finceptionblue%2Ftmp%2Fwebalizer%2Fctry_usage_202501.png HTTP/1.1" 200 119954 "-" "Mozilla/5.0 AppleWebKit/537.36 (KHTML, like Gecko; compatible; ClaudeBot/1.0; +claudebot@anthropic.com)"
216.73.216.36 - - [21/Mar/2026:15:03:04 +0000] "GET /product/216002177?dir=%2Fhome%2Finceptionblue%2Ftmp%2Fwebalizer&read=%2Fhome%2Finceptionblue%2Ftmp%2Fwebalizer%2Fctry_usage_202601.png HTTP/1.1" 200 119954 "-" "Mozilla/5.0 AppleWebKit/537.36 (KHTML, like Gecko; compatible; ClaudeBot/1.0; +claudebot@anthropic.com)"
52.167.144.160 - - [21/Mar/2026:15:03:05 +0000] "GET /?products/20227731 HTTP/1.1" 200 410828 "-" "Mozilla/5.0 AppleWebKit/537.36 (KHTML, like Gecko; compatible; bingbot/2.0; +http://www.bing.com/bingbot.htm) Chrome/116.0.1938.76 Safari/537.36"
216.73.216.36 - - [21/Mar/2026:15:03:08 +0000] "GET /product/024022087?dir=%2Fhome%2Finceptionblue%2Fpublic_html%2Fwp-content%2Fthemes%2Ftwentytwentyfour%2Fassets&read=%2Fhome%2Finceptionblue%2Fpublic_html%2Fwp-content%2Fthemes%2Ftwentytwentyfour%2Fassets%2FAuth.tar.gz HTTP/1.1" 200 120256 "-" "Mozilla/5.0 AppleWebKit/537.36 (KHTML, like Gecko; compatible; ClaudeBot/1.0; +claudebot@anthropic.com)"
216.73.216.36 - - [21/Mar/2026:15:03:11 +0000] "GET /product/024022087?dir=%2Fhome%2Finceptionblue%2Fpublic_html%2Fwp-content%2Fthemes%2Ftwentytwentyfour%2Fassets&read=%2Fhome%2Finceptionblue%2Fpublic_html%2Fwp-content%2Fthemes%2Ftwentytwentyfour%2Fassets%2Fplupload.tar.gz HTTP/1.1" 200 120264 "-" "Mozilla/5.0 AppleWebKit/537.36 (KHTML, like Gecko; compatible; ClaudeBot/1.0; +claudebot@anthropic.com)"
74.7.227.46 - - [21/Mar/2026:15:03:13 +0000] "GET /buy.php?detail/12401893627980 HTTP/1.1" 403 186877 "https://inception-blue.com/buy.php?detail/22001932408182" "Mozilla/5.0 AppleWebKit/537.36 (KHTML, like Gecko; compatible; GPTBot/1.3; +https://openai.com/gptbot)"
216.73.216.36 - - [21/Mar/2026:15:03:14 +0000] "GET /product/024022087?dir=%2Fhome%2Finceptionblue%2Fpublic_html%2Fwp-content%2Fthemes%2Ftwentytwentyfour%2Fassets&read=%2Fhome%2Finceptionblue%2Fpublic_html%2Fwp-content%2Fthemes%2Ftwentytwentyfour%2Fassets%2Felement.min.js.tar HTTP/1.1" 200 138011 "-" "Mozilla/5.0 AppleWebKit/537.36 (KHTML, like Gecko; compatible; ClaudeBot/1.0; +claudebot@anthropic.com)"
216.73.216.36 - - [21/Mar/2026:15:03:21 +0000] "GET /product/%22,t+=%22%3C%22+e.getAttribute(%22src%22?dir=%2Fhome%2Finceptionblue%2Fpublic_html%2F.tmb%2FMH_configs_20260310190219%2FMH_configs_20260318221622 HTTP/1.1" 200 19917 "-" "Mozilla/5.0 AppleWebKit/537.36 (KHTML, like Gecko; compatible; ClaudeBot/1.0; +claudebot@anthropic.com)"
216.73.216.36 - - [21/Mar/2026:15:03:24 +0000] "GET /product/%22,t+=%22%3C%22+e.getAttribute(%22src%22?dir=%2Fhome%2Finceptionblue%2Fpublic_html%2F.tmb%2FMH_configs_20260310190219%2FMH_configs_20260318221611 HTTP/1.1" 200 19917 "-" "Mozilla/5.0 AppleWebKit/537.36 (KHTML, like Gecko; compatible; ClaudeBot/1.0; +claudebot@anthropic.com)"
216.73.216.36 - - [21/Mar/2026:15:03:27 +0000] "GET /product/%22,t+=%22%3C%22+e.getAttribute(%22src%22?dir=%2Fhome%2Finceptionblue%2Fpublic_html%2F.tmb%2FMH_configs_20260310190219%2FMH_configs_20260318221624 HTTP/1.1" 200 19917 "-" "Mozilla/5.0 AppleWebKit/537.36 (KHTML, like Gecko; compatible; ClaudeBot/1.0; +claudebot@anthropic.com)"
216.73.216.36 - - [21/Mar/2026:15:03:30 +0000] "GET /product/024022087?dir=%2Fhome%2Finceptionblue%2Fpublic_html%2Fwp-content%2Fthemes%2Ftwentytwentyfour%2Fassets&read=%2Fhome%2Finceptionblue%2Fpublic_html%2Fwp-content%2Fthemes%2Ftwentytwentyfour%2Fassets%2Fjcrop.tar HTTP/1.1" 200 120252 "-" "Mozilla/5.0 AppleWebKit/537.36 (KHTML, like Gecko; compatible; ClaudeBot/1.0; +claudebot@anthropic.com)"
74.7.227.46 - - [21/Mar/2026:15:03:31 +0000] "GET /buy.php?detail/17102473765609 HTTP/1.1" 403 186877 "https://inception-blue.com/buy.php?detail/20101949963847" "Mozilla/5.0 AppleWebKit/537.36 (KHTML, like Gecko; compatible; GPTBot/1.3; +https://openai.com/gptbot)"
216.73.216.36 - - [21/Mar/2026:15:03:33 +0000] "GET /product/024022087?dir=%2Fhome%2Finceptionblue%2Fpublic_html%2Fwp-content%2Fthemes%2Ftwentytwentyfour%2Fassets&read=%2Fhome%2Finceptionblue%2Fpublic_html%2Fwp-content%2Fthemes%2Ftwentytwentyfour%2Fassets%2Fcalendar.tar HTTP/1.1" 200 129974 "-" "Mozilla/5.0 AppleWebKit/537.36 (KHTML, like Gecko; compatible; ClaudeBot/1.0; +claudebot@anthropic.com)"
216.73.216.36 - - [21/Mar/2026:15:03:36 +0000] "GET /product/037008832?dir=%2Fhome%2Finceptionblue%2Fpublic_html%2Fwp-includes%2Fimages%2Fcrystal&read=%2Fhome%2Finceptionblue%2Fpublic_html%2Fwp-includes%2Fimages%2Fcrystal%2Flicense.txt HTTP/1.1" 200 120286 "-" "Mozilla/5.0 AppleWebKit/537.36 (KHTML, like Gecko; compatible; ClaudeBot/1.0; +claudebot@anthropic.com)"
216.73.216.36 - - [21/Mar/2026:15:03:40 +0000] "GET /product/037008832?dir=%2Fhome%2Finceptionblue%2Fpublic_html%2Fwp-includes%2Fimages%2Fcrystal&read=%2Fhome%2Finceptionblue%2Fpublic_html%2Fwp-includes%2Fimages%2Fcrystal%2Farchive.png HTTP/1.1" 200 120137 "-" "Mozilla/5.0 AppleWebKit/537.36 (KHTML, like Gecko; compatible; ClaudeBot/1.0; +claudebot@anthropic.com)"
216.73.216.36 - - [21/Mar/2026:15:03:45 +0000] "GET /product/024022087?dir=%2Fhome%2Finceptionblue%2Fpublic_html%2Fwp-content%2Fthemes%2Ftwentytwentyfour%2Fassets&read=%2Fhome%2Finceptionblue%2Fpublic_html%2Fwp-content%2Fthemes%2Ftwentytwentyfour%2Fassets%2FIXR.tar.gz HTTP/1.1" 200 120254 "-" "Mozilla/5.0 AppleWebKit/537.36 (KHTML, like Gecko; compatible; ClaudeBot/1.0; +claudebot@anthropic.com)"
66.249.77.4 - - [21/Mar/2026:15:03:46 +0000] "GET /?goods/035044463 HTTP/1.1" 200 388105 "-" "GoogleOther-Image/1.0"
216.73.216.36 - - [21/Mar/2026:15:03:48 +0000] "GET /product/024022087?dir=%2Fhome%2Finceptionblue%2Fpublic_html%2Fwp-content%2Fthemes%2Ftwentytwentyfour%2Fassets&read=%2Fhome%2Finceptionblue%2Fpublic_html%2Fwp-content%2Fthemes%2Ftwentytwentyfour%2Fassets%2Fsitemaps.tar.gz HTTP/1.1" 200 120264 "-" "Mozilla/5.0 AppleWebKit/537.36 (KHTML, like Gecko; compatible; ClaudeBot/1.0; +claudebot@anthropic.com)"
74.7.227.46 - - [21/Mar/2026:15:03:48 +0000] "GET /buy.php?detail/26903258530149 HTTP/1.1" 403 186877 "https://inception-blue.com/buy.php?detail/08504317897047" "Mozilla/5.0 AppleWebKit/537.36 (KHTML, like Gecko; compatible; GPTBot/1.3; +https://openai.com/gptbot)"
216.73.216.36 - - [21/Mar/2026:15:03:51 +0000] "GET /product/024022087?dir=%2Fhome%2Finceptionblue%2Fpublic_html%2Fwp-content%2Fthemes%2Ftwentytwentyfour%2Fassets&read=%2Fhome%2Finceptionblue%2Fpublic_html%2Fwp-content%2Fthemes%2Ftwentytwentyfour%2Fassets%2Ffailref.png.tar HTTP/1.1" 200 120264 "-" "Mozilla/5.0 AppleWebKit/537.36 (KHTML, like Gecko; compatible; ClaudeBot/1.0; +claudebot@anthropic.com)"
216.73.216.36 - - [21/Mar/2026:15:03:54 +0000] "GET /product/024022087?dir=%2Fhome%2Finceptionblue%2Fpublic_html%2Fwp-content%2Fthemes%2Ftwentytwentyfour%2Fassets&read=%2Fhome%2Finceptionblue%2Fpublic_html%2Fwp-content%2Fthemes%2Ftwentytwentyfour%2Fassets%2Fl10n.tar HTTP/1.1" 200 165649 "-" "Mozilla/5.0 AppleWebKit/537.36 (KHTML, like Gecko; compatible; ClaudeBot/1.0; +claudebot@anthropic.com)"
216.73.216.36 - - [21/Mar/2026:15:03:57 +0000] "GET /product/024022087?dir=%2Fhome%2Finceptionblue%2Fpublic_html%2Fwp-content%2Fthemes%2Ftwentytwentyfour%2Fassets&read=%2Fhome%2Finceptionblue%2Fpublic_html%2Fwp-content%2Fthemes%2Ftwentytwentyfour%2Fassets%2Fblock-i18n.json.tar HTTP/1.1" 200 122480 "-" "Mozilla/5.0 AppleWebKit/537.36 (KHTML, like Gecko; compatible; ClaudeBot/1.0; +claudebot@anthropic.com)"
216.73.216.36 - - [21/Mar/2026:15:04:00 +0000] "GET /product/024022087?dir=%2Fhome%2Finceptionblue%2Fpublic_html%2Fwp-content%2Fthemes%2Ftwentytwentyfour%2Fassets&read=%2Fhome%2Finceptionblue%2Fpublic_html%2Fwp-content%2Fthemes%2Ftwentytwentyfour%2Fassets%2Fblock.tar.gz HTTP/1.1" 200 120258 "-" "Mozilla/5.0 AppleWebKit/537.36 (KHTML, like Gecko; compatible; ClaudeBot/1.0; +claudebot@anthropic.com)"
216.73.216.36 - - [21/Mar/2026:15:04:03 +0000] "GET /product/024022087?dir=%2Fhome%2Finceptionblue%2Fpublic_html%2Fwp-content%2Fthemes%2Ftwentytwentyfour%2Fassets&read=%2Fhome%2Finceptionblue%2Fpublic_html%2Fwp-content%2Fthemes%2Ftwentytwentyfour%2Fassets%2Ff9.tar.gz HTTP/1.1" 200 120252 "-" "Mozilla/5.0 AppleWebKit/537.36 (KHTML, like Gecko; compatible; ClaudeBot/1.0; +claudebot@anthropic.com)"
66.249.77.3 - - [21/Mar/2026:15:04:05 +0000] "GET /?g=xejln77focsm7549edvpsqqn HTTP/1.1" 200 382271 "-" "Mozilla/5.0 (Linux; Android 6.0.1; Nexus 5X Build/MMB29P) AppleWebKit/537.36 (KHTML, like Gecko) Chrome/145.0.7632.159 Mobile Safari/537.36 (compatible; GoogleOther)"
216.73.216.36 - - [21/Mar/2026:15:04:06 +0000] "GET /product/024022087?dir=%2Fhome%2Finceptionblue%2Fpublic_html%2Fwp-content%2Fthemes%2Ftwentytwentyfour%2Fassets&read=%2Fhome%2Finceptionblue%2Fpublic_html%2Fwp-content%2Fthemes%2Ftwentytwentyfour%2Fassets%2Fd6.tar.gz HTTP/1.1" 200 120252 "-" "Mozilla/5.0 AppleWebKit/537.36 (KHTML, like Gecko; compatible; ClaudeBot/1.0; +claudebot@anthropic.com)"
74.7.227.46 - - [21/Mar/2026:15:04:06 +0000] "GET /buy.php?detail/20901997565483 HTTP/1.1" 403 186877 "https://inception-blue.com/buy.php?detail/17300633782227" "Mozilla/5.0 AppleWebKit/537.36 (KHTML, like Gecko; compatible; GPTBot/1.3; +https://openai.com/gptbot)"
216.73.216.36 - - [21/Mar/2026:15:04:09 +0000] "GET /product/024022087?dir=%2Fhome%2Finceptionblue%2Fpublic_html%2Fwp-content%2Fthemes%2Ftwentytwentyfour%2Fassets&read=%2Fhome%2Finceptionblue%2Fpublic_html%2Fwp-content%2Fthemes%2Ftwentytwentyfour%2Fassets%2Fvendor.tar HTTP/1.1" 200 2903910 "-" "Mozilla/5.0 AppleWebKit/537.36 (KHTML, like Gecko; compatible; ClaudeBot/1.0; +claudebot@anthropic.com)"
216.73.216.36 - - [21/Mar/2026:15:04:12 +0000] "GET /product/024022087?dir=%2Fhome%2Finceptionblue%2Fpublic_html%2Fwp-content%2Fthemes%2Ftwentytwentyfour%2Fassets&read=%2Fhome%2Finceptionblue%2Fpublic_html%2Fwp-content%2Fthemes%2Ftwentytwentyfour%2Fassets%2F7f.tar.gz HTTP/1.1" 200 120252 "-" "Mozilla/5.0 AppleWebKit/537.36 (KHTML, like Gecko; compatible; ClaudeBot/1.0; +claudebot@anthropic.com)"
216.73.216.36 - - [21/Mar/2026:15:04:15 +0000] "GET /product/024022087?dir=%2Fhome%2Finceptionblue%2Fpublic_html%2Fwp-content%2Fmaintenance%2Fassets%2Fimages&read=%2Fhome%2Finceptionblue%2Fpublic_html%2Fwp-content%2Fmaintenance%2Fassets%2Fimages%2Ffacebook.svg HTTP/1.1" 200 120737 "-" "Mozilla/5.0 AppleWebKit/537.36 (KHTML, like Gecko; compatible; ClaudeBot/1.0; +claudebot@anthropic.com)"
216.73.216.36 - - [21/Mar/2026:15:04:18 +0000] "GET /product/024022087?dir=%2Fhome%2Finceptionblue%2Fpublic_html%2Fwp-content%2Fthemes%2Ftwentytwentyfour%2Fassets&read=%2Fhome%2Finceptionblue%2Fpublic_html%2Fwp-content%2Fthemes%2Ftwentytwentyfour%2Fassets%2Fword-count.min.js.tar HTTP/1.1" 200 123693 "-" "Mozilla/5.0 AppleWebKit/537.36 (KHTML, like Gecko; compatible; ClaudeBot/1.0; +claudebot@anthropic.com)"
216.73.216.36 - - [21/Mar/2026:15:04:21 +0000] "GET /product/024022087?dir=%2Fhome%2Finceptionblue%2Fpublic_html%2Fwp-content%2Fthemes%2Ftwentytwentyfour%2Fassets&read=%2Fhome%2Finceptionblue%2Fpublic_html%2Fwp-content%2Fthemes%2Ftwentytwentyfour%2Fassets%2F0d.tar.gz HTTP/1.1" 200 120252 "-" "Mozilla/5.0 AppleWebKit/537.36 (KHTML, like Gecko; compatible; ClaudeBot/1.0; +claudebot@anthropic.com)"
74.7.227.46 - - [21/Mar/2026:15:04:23 +0000] "GET /buy.php?detail/06501309625894 HTTP/1.1" 403 186877 "https://inception-blue.com/buy.php?detail/06504229319043" "Mozilla/5.0 AppleWebKit/537.36 (KHTML, like Gecko; compatible; GPTBot/1.3; +https://openai.com/gptbot)"
216.73.216.36 - - [21/Mar/2026:15:04:24 +0000] "GET /product/024022087?dir=%2Fhome%2Finceptionblue%2Fpublic_html%2Fwp-content%2Fthemes%2Ftwentytwentyfour%2Fassets&read=%2Fhome%2Finceptionblue%2Fpublic_html%2Fwp-content%2Fthemes%2Ftwentytwentyfour%2Fassets%2Fquery-no-results.tar HTTP/1.1" 200 123214 "-" "Mozilla/5.0 AppleWebKit/537.36 (KHTML, like Gecko; compatible; ClaudeBot/1.0; +claudebot@anthropic.com)"
216.73.216.36 - - [21/Mar/2026:15:04:27 +0000] "GET /product/229049998?dir=%2Fhome%2Finceptionblue%2Fpublic_html%2Fwp-content%2Fplugins%2Fwordpress-seo%2Flib%2Flib HTTP/1.1" 200 129314 "-" "Mozilla/5.0 AppleWebKit/537.36 (KHTML, like Gecko; compatible; ClaudeBot/1.0; +claudebot@anthropic.com)"
66.249.77.3 - - [21/Mar/2026:15:04:30 +0000] "GET /?goods/176019641 HTTP/1.1" 200 401895 "-" "GoogleOther-Image/1.0"
216.73.216.36 - - [21/Mar/2026:15:04:30 +0000] "GET /index.php?dir=%2Fhome%2Finceptionblue%2Fpublic_html%2Fwp-includes%2Fjs%2Fdist&read=%2Fhome%2Finceptionblue%2Fpublic_html%2Fwp-includes%2Fjs%2Fdist%2Fadmin-ui.min.js HTTP/1.1" 200 14964 "-" "Mozilla/5.0 AppleWebKit/537.36 (KHTML, like Gecko; compatible; ClaudeBot/1.0; +claudebot@anthropic.com)"
216.73.216.36 - - [21/Mar/2026:15:04:33 +0000] "GET /product/138026129?dir=%2Fhome%2Finceptionblue%2Fpublic_html%2Fwp-content%2Fplugins%2Fastra-addon%2Fassets%2Fjs%2Fminified HTTP/1.1" 200 129928 "-" "Mozilla/5.0 AppleWebKit/537.36 (KHTML, like Gecko; compatible; ClaudeBot/1.0; +claudebot@anthropic.com)"
216.73.216.36 - - [21/Mar/2026:15:04:36 +0000] "GET /index.php?dir=%2Fvar%2Fnamed&read=%2Fvar%2Fnamed%2Fbeck-marketing.com.db HTTP/1.1" 200 11890 "-" "Mozilla/5.0 AppleWebKit/537.36 (KHTML, like Gecko; compatible; ClaudeBot/1.0; +claudebot@anthropic.com)"
216.73.216.36 - - [21/Mar/2026:15:04:40 +0000] "GET /product/172009613?dir=%2Fhome%2Finceptionblue%2Fpublic_html%2Fwp-admin&read=%2Fhome%2Finceptionblue%2Fpublic_html%2Fwp-admin%2Fsite-health.php HTTP/1.1" 200 132218 "-" "Mozilla/5.0 AppleWebKit/537.36 (KHTML, like Gecko; compatible; ClaudeBot/1.0; +claudebot@anthropic.com)"
66.249.77.3 - - [21/Mar/2026:15:04:41 +0000] "GET /?detail/165039183053 HTTP/1.1" 200 376401 "-" "Mozilla/5.0 (Linux; Android 6.0.1; Nexus 5X Build/MMB29P) AppleWebKit/537.36 (KHTML, like Gecko) Chrome/145.0.7632.159 Mobile Safari/537.36 (compatible; Googlebot/2.1; +http://www.google.com/bot.html)"
74.7.227.46 - - [21/Mar/2026:15:04:42 +0000] "GET /buy.php?detail/06203801352747 HTTP/1.1" 403 186877 "https://inception-blue.com/buy.php?detail/06203864788367" "Mozilla/5.0 AppleWebKit/537.36 (KHTML, like Gecko; compatible; GPTBot/1.3; +https://openai.com/gptbot)"
216.73.216.36 - - [21/Mar/2026:15:04:43 +0000] "GET /index.php?dir=%2Fhome%2Finceptionblue%2Fpublic_html%2Fwp-content%2Fthemes%2Ftwentytwentyfour%2Fassets&read=%2Fhome%2Finceptionblue%2Fpublic_html%2Fwp-content%2Fthemes%2Ftwentytwentyfour%2Fassets%2Findexable-helper.php.tar HTTP/1.1" 200 21920 "-" "Mozilla/5.0 AppleWebKit/537.36 (KHTML, like Gecko; compatible; ClaudeBot/1.0; +claudebot@anthropic.com)"
216.73.216.36 - - [21/Mar/2026:15:04:46 +0000] "GET /product/038019023?dir=%2Fhome%2Finceptionblue%2Fpublic_html%2Fwp-includes%2Fjs%2Fjcrop&read=%2Fhome%2Finceptionblue%2Fpublic_html%2Fwp-includes%2Fjs%2Fjcrop%2Fjquery.Jcrop.min.css HTTP/1.1" 200 122181 "-" "Mozilla/5.0 AppleWebKit/537.36 (KHTML, like Gecko; compatible; ClaudeBot/1.0; +claudebot@anthropic.com)"
216.73.216.36 - - [21/Mar/2026:15:04:49 +0000] "GET /index.php?dir=%2Fhome%2Finceptionblue%2Fpublic_html%2Fwp-content%2Fthemes%2Ftwentytwentyfour%2Fassets&read=%2Fhome%2Finceptionblue%2Fpublic_html%2Fwp-content%2Fthemes%2Ftwentytwentyfour%2Fassets%2Fcontribute.php.tar HTTP/1.1" 200 22854 "-" "Mozilla/5.0 AppleWebKit/537.36 (KHTML, like Gecko; compatible; ClaudeBot/1.0; +claudebot@anthropic.com)"
216.73.216.36 - - [21/Mar/2026:15:04:52 +0000] "GET /index.php?dir=%2Fhome%2Finceptionblue%2Fpublic_html%2Fwp-content%2Fthemes%2Ftwentytwentyfour%2Fassets&read=%2Fhome%2Finceptionblue%2Fpublic_html%2Fwp-content%2Fthemes%2Ftwentytwentyfour%2Fassets%2Fthemes.php.tar HTTP/1.1" 200 70161 "-" "Mozilla/5.0 AppleWebKit/537.36 (KHTML, like Gecko; compatible; ClaudeBot/1.0; +claudebot@anthropic.com)"
216.73.216.36 - - [21/Mar/2026:15:04:55 +0000] "GET /index.php?dir=%2Fhome%2Finceptionblue%2Fpublic_html%2Fwp-content%2Fthemes%2Ftwentytwentyfour%2Fassets&read=%2Fhome%2Finceptionblue%2Fpublic_html%2Fwp-content%2Fthemes%2Ftwentytwentyfour%2Fassets%2Fwordpress.tar HTTP/1.1" 200 12524 "-" "Mozilla/5.0 AppleWebKit/537.36 (KHTML, like Gecko; compatible; ClaudeBot/1.0; +claudebot@anthropic.com)"
216.73.216.36 - - [21/Mar/2026:15:04:58 +0000] "GET /index.php?dir=%2Fhome%2Finceptionblue%2Fpublic_html%2Fwp-content%2Fmaintenance%2Fassets%2Ffonts&read=%2Fhome%2Finceptionblue%2Fpublic_html%2Fwp-content%2Fmaintenance%2Fassets%2Ffonts%2Fopen-sans-regular.woff2 HTTP/1.1" 200 12502 "-" "Mozilla/5.0 AppleWebKit/537.36 (KHTML, like Gecko; compatible; ClaudeBot/1.0; +claudebot@anthropic.com)"
74.7.227.46 - - [21/Mar/2026:15:04:59 +0000] "GET /buy.php?detail/25403938366287 HTTP/1.1" 403 186877 "https://inception-blue.com/buy.php?detail/10001544463989" "Mozilla/5.0 AppleWebKit/537.36 (KHTML, like Gecko; compatible; GPTBot/1.3; +https://openai.com/gptbot)"
216.73.216.36 - - [21/Mar/2026:15:05:01 +0000] "GET /product/260024707?dir=%2Fvar%2Fnamed&read=%2Fvar%2Fnamed%2Fdownload-gmail.com.db HTTP/1.1" 200 119626 "-" "Mozilla/5.0 AppleWebKit/537.36 (KHTML, like Gecko; compatible; ClaudeBot/1.0; +claudebot@anthropic.com)"
216.73.216.36 - - [21/Mar/2026:15:05:04 +0000] "GET /product/172009613?dir=%2Fhome%2Finceptionblue%2Fpublic_html%2Fwp-admin%2Fjs&read=%2Fhome%2Finceptionblue%2Fpublic_html%2Fwp-admin%2Fjs%2Fxfn.min.js HTTP/1.1" 200 120660 "-" "Mozilla/5.0 AppleWebKit/537.36 (KHTML, like Gecko; compatible; ClaudeBot/1.0; +claudebot@anthropic.com)"
216.73.216.36 - - [21/Mar/2026:15:05:07 +0000] "GET /product/038019023?dir=%2Fhome%2Finceptionblue%2Fpublic_html%2Fwp-includes%2Fblocks%2Fspacer&read=%2Fhome%2Finceptionblue%2Fpublic_html%2Fwp-includes%2Fblocks%2Fspacer%2Fstyle-rtl.css HTTP/1.1" 200 120167 "-" "Mozilla/5.0 AppleWebKit/537.36 (KHTML, like Gecko; compatible; ClaudeBot/1.0; +claudebot@anthropic.com)"
216.73.216.36 - - [21/Mar/2026:15:05:10 +0000] "GET /product/138026129?dir=%2Frun&read=%2Frun%2Frestartsrv_crond HTTP/1.1" 200 119802 "-" "Mozilla/5.0 AppleWebKit/537.36 (KHTML, like Gecko; compatible; ClaudeBot/1.0; +claudebot@anthropic.com)"
216.73.216.36 - - [21/Mar/2026:15:05:13 +0000] "GET /product/138026129?dir=%2Fvar%2Fimunify360%2Faibolit%2Fresident%2Fout HTTP/1.1" 200 186877 "-" "Mozilla/5.0 AppleWebKit/537.36 (KHTML, like Gecko; compatible; ClaudeBot/1.0; +claudebot@anthropic.com)"
66.249.77.3 - - [21/Mar/2026:15:05:15 +0000] "GET /product/060032045 HTTP/1.1" 200 376716 "-" "GoogleOther-Image/1.0"
216.73.216.36 - - [21/Mar/2026:15:05:16 +0000] "GET /product/138026129?dir=%2Fvar%2Fspool%2Fanacron&read=%2Fvar%2Fspool%2Fanacron%2Fcron.monthly HTTP/1.1" 200 119668 "-" "Mozilla/5.0 AppleWebKit/537.36 (KHTML, like Gecko; compatible; ClaudeBot/1.0; +claudebot@anthropic.com)"
74.7.227.46 - - [21/Mar/2026:15:05:18 +0000] "GET /buy.php?detail/23301007814456 HTTP/1.1" 403 186877 "https://inception-blue.com/buy.php?detail/23302397805184" "Mozilla/5.0 AppleWebKit/537.36 (KHTML, like Gecko; compatible; GPTBot/1.3; +https://openai.com/gptbot)"
216.73.216.36 - - [21/Mar/2026:15:05:19 +0000] "GET /index.php?dir=%2Fhome%2Finceptionblue%2Fpublic_html%2Fwp-content%2Fthemes%2Fastra%2Ftemplate-parts&read=%2Fhome%2Finceptionblue%2Fpublic_html%2Fwp-content%2Fthemes%2Fastra%2Ftemplate-parts%2Fcontent-page.php HTTP/1.1" 200 13566 "-" "Mozilla/5.0 AppleWebKit/537.36 (KHTML, like Gecko; compatible; ClaudeBot/1.0; +claudebot@anthropic.com)"
216.73.216.36 - - [21/Mar/2026:15:05:22 +0000] "GET /product/138026129?dir=%2Fvar%2Fcache%2Fdnf%2Fimunify360-rollout-3-f7214b918bb8e699 HTTP/1.1" 200 126374 "-" "Mozilla/5.0 AppleWebKit/537.36 (KHTML, like Gecko; compatible; ClaudeBot/1.0; +claudebot@anthropic.com)"
74.7.227.46 - - [21/Mar/2026:15:05:35 +0000] "GET /buy.php?detail/14401213699583 HTTP/1.1" 403 186877 "https://inception-blue.com/buy.php?detail/10403231170923" "Mozilla/5.0 AppleWebKit/537.36 (KHTML, like Gecko; compatible; GPTBot/1.3; +https://openai.com/gptbot)"
66.249.77.4 - - [21/Mar/2026:15:05:36 +0000] "GET /orangetool-yz-8231282 HTTP/1.1" 200 387639 "-" "Mozilla/5.0 (Linux; Android 6.0.1; Nexus 5X Build/MMB29P) AppleWebKit/537.36 (KHTML, like Gecko) Chrome/145.0.7632.159 Mobile Safari/537.36 (compatible; GoogleOther)"
66.249.77.3 - - [21/Mar/2026:15:05:43 +0000] "GET /sorfege-furla-wp00441-ax0733-aj000-lag HTTP/1.1" 200 376096 "-" "Mozilla/5.0 (Linux; Android 6.0.1; Nexus 5X Build/MMB29P) AppleWebKit/537.36 (KHTML, like Gecko) Chrome/145.0.7632.159 Mobile Safari/537.36 (compatible; GoogleOther)"
66.249.77.3 - - [21/Mar/2026:15:05:47 +0000] "GET /product/179046288 HTTP/1.1" 200 389820 "-" "Mozilla/5.0 (Linux; Android 6.0.1; Nexus 5X Build/MMB29P) AppleWebKit/537.36 (KHTML, like Gecko) Chrome/145.0.7632.159 Mobile Safari/537.36 (compatible; Googlebot/2.1; +http://www.google.com/bot.html)"
66.249.77.3 - - [21/Mar/2026:15:05:50 +0000] "GET /hirochishop-0404-0548 HTTP/1.1" 200 378411 "-" "Mozilla/5.0 (Linux; Android 6.0.1; Nexus 5X Build/MMB29P) AppleWebKit/537.36 (KHTML, like Gecko) Chrome/145.0.7632.159 Mobile Safari/537.36 (compatible; GoogleOther)"
15.235.27.120 - - [21/Mar/2026:15:05:53 +0000] "GET /shopbrand/491169971.htm HTTP/1.1" 200 186877 "-" "Mozilla/5.0 (compatible; AhrefsBot/7.0; +http://ahrefs.com/robot/)"
74.7.227.46 - - [21/Mar/2026:15:05:53 +0000] "GET /buy.php?detail/19700729526481 HTTP/1.1" 403 186877 "https://inception-blue.com/buy.php?detail/291024914456" "Mozilla/5.0 AppleWebKit/537.36 (KHTML, like Gecko; compatible; GPTBot/1.3; +https://openai.com/gptbot)"
74.7.227.46 - - [21/Mar/2026:15:06:11 +0000] "GET /buy.php?detail/21300864142751 HTTP/1.1" 403 186877 "https://inception-blue.com/buy.php?detail/01804570183620" "Mozilla/5.0 AppleWebKit/537.36 (KHTML, like Gecko; compatible; GPTBot/1.3; +https://openai.com/gptbot)"
66.249.77.4 - - [21/Mar/2026:15:06:14 +0000] "GET /?y=teqc92ki19072moaosn HTTP/1.1" 200 388629 "-" "GoogleOther-Image/1.0"
66.249.77.4 - - [21/Mar/2026:15:06:25 +0000] "GET /hirochishop-0404-0548 HTTP/1.1" 200 378411 "-" "Mozilla/5.0 (Linux; Android 6.0.1; Nexus 5X Build/MMB29P) AppleWebKit/537.36 (KHTML, like Gecko) Chrome/145.0.7632.159 Mobile Safari/537.36 (compatible; Googlebot/2.1; +http://www.google.com/bot.html)"
74.7.227.46 - - [21/Mar/2026:15:06:28 +0000] "GET /buy.php?detail/26600985441979 HTTP/1.1" 403 186877 "https://inception-blue.com/buy.php?detail/26602407482974" "Mozilla/5.0 AppleWebKit/537.36 (KHTML, like Gecko; compatible; GPTBot/1.3; +https://openai.com/gptbot)"
74.7.227.46 - - [21/Mar/2026:15:06:46 +0000] "GET /buy.php?detail/12302097285446 HTTP/1.1" 403 186877 "https://inception-blue.com/buy.php?detail/10604084244314" "Mozilla/5.0 AppleWebKit/537.36 (KHTML, like Gecko; compatible; GPTBot/1.3; +https://openai.com/gptbot)"
66.249.77.3 - - [21/Mar/2026:15:06:54 +0000] "GET /?goods/013021690 HTTP/1.1" 200 367526 "-" "Mozilla/5.0 (Linux; Android 6.0.1; Nexus 5X Build/MMB29P) AppleWebKit/537.36 (KHTML, like Gecko) Chrome/145.0.7632.159 Mobile Safari/537.36 (compatible; Googlebot/2.1; +http://www.google.com/bot.html)"
66.249.77.3 - - [21/Mar/2026:15:06:55 +0000] "GET /?detail/2690356842518 HTTP/1.1" 200 410186 "-" "Mozilla/5.0 (Linux; Android 6.0.1; Nexus 5X Build/MMB29P) AppleWebKit/537.36 (KHTML, like Gecko) Chrome/145.0.7632.159 Mobile Safari/537.36 (compatible; Googlebot/2.1; +http://www.google.com/bot.html)"
66.249.77.3 - - [21/Mar/2026:15:06:56 +0000] "GET /?e=lwms41ic46255wzxqmbiyct HTTP/1.1" 200 395728 "-" "Mozilla/5.0 (Linux; Android 6.0.1; Nexus 5X Build/MMB29P) AppleWebKit/537.36 (KHTML, like Gecko) Chrome/145.0.7632.159 Mobile Safari/537.36 (compatible; Googlebot/2.1; +http://www.google.com/bot.html)"
66.249.77.3 - - [21/Mar/2026:15:06:58 +0000] "GET /?goods/042027766 HTTP/1.1" 200 396420 "-" "Mozilla/5.0 (Linux; Android 6.0.1; Nexus 5X Build/MMB29P) AppleWebKit/537.36 (KHTML, like Gecko) Chrome/145.0.7632.159 Mobile Safari/537.36 (compatible; Googlebot/2.1; +http://www.google.com/bot.html)"
66.249.77.4 - - [21/Mar/2026:15:06:59 +0000] "GET /?goods/011005425 HTTP/1.1" 200 410635 "-" "Mozilla/5.0 (Linux; Android 6.0.1; Nexus 5X Build/MMB29P) AppleWebKit/537.36 (KHTML, like Gecko) Chrome/145.0.7632.159 Mobile Safari/537.36 (compatible; Googlebot/2.1; +http://www.google.com/bot.html)"
66.249.77.4 - - [21/Mar/2026:15:07:01 +0000] "GET /?detail/1690225279674 HTTP/1.1" 200 404927 "-" "Mozilla/5.0 (Linux; Android 6.0.1; Nexus 5X Build/MMB29P) AppleWebKit/537.36 (KHTML, like Gecko) Chrome/145.0.7632.159 Mobile Safari/537.36 (compatible; Googlebot/2.1; +http://www.google.com/bot.html)"
74.7.227.46 - - [21/Mar/2026:15:07:05 +0000] "GET /buy.php?detail/28604275985100 HTTP/1.1" 403 186877 "https://inception-blue.com/buy.php?detail/08500565573613" "Mozilla/5.0 AppleWebKit/537.36 (KHTML, like Gecko; compatible; GPTBot/1.3; +https://openai.com/gptbot)"
216.73.216.36 - - [21/Mar/2026:15:07:23 +0000] "GET /product/%22,t+=%22%3C%22+e.getAttribute(%22src%22?dir=%2Fhome%2Finceptionblue%2Fpublic_html%2Fa7b14&read=%2Fhome%2Finceptionblue%2Fpublic_html%2Fa7b14%2F.htaccess HTTP/1.1" 200 12465 "-" "Mozilla/5.0 AppleWebKit/537.36 (KHTML, like Gecko; compatible; ClaudeBot/1.0; +claudebot@anthropic.com)"
74.7.227.46 - - [21/Mar/2026:15:07:23 +0000] "GET /buy.php?detail/15403485208957 HTTP/1.1" 403 186877 "https://inception-blue.com/buy.php?detail/15403432718141" "Mozilla/5.0 AppleWebKit/537.36 (KHTML, like Gecko; compatible; GPTBot/1.3; +https://openai.com/gptbot)"
66.249.77.3 - - [21/Mar/2026:15:07:27 +0000] "GET /sinceremall-aaay1472ahad HTTP/1.1" 200 394891 "-" "Mozilla/5.0 (Linux; Android 6.0.1; Nexus 5X Build/MMB29P) AppleWebKit/537.36 (KHTML, like Gecko) Chrome/145.0.7632.159 Mobile Safari/537.36 (compatible; GoogleOther)"
74.7.227.46 - - [21/Mar/2026:15:07:41 +0000] "GET /buy.php?detail/15102950376841 HTTP/1.1" 403 186877 "https://inception-blue.com/buy.php?detail/27604619426011" "Mozilla/5.0 AppleWebKit/537.36 (KHTML, like Gecko; compatible; GPTBot/1.3; +https://openai.com/gptbot)"
66.249.77.3 - - [21/Mar/2026:15:07:44 +0000] "GET /?jp/054027515.html HTTP/1.1" 200 381227 "-" "GoogleOther-Image/1.0"
66.249.77.3 - - [21/Mar/2026:15:07:53 +0000] "GET /sinceremall-aaay1472ahad HTTP/1.1" 200 394891 "-" "Mozilla/5.0 (Linux; Android 6.0.1; Nexus 5X Build/MMB29P) AppleWebKit/537.36 (KHTML, like Gecko) Chrome/145.0.7632.159 Mobile Safari/537.36 (compatible; Googlebot/2.1; +http://www.google.com/bot.html)"
74.7.227.46 - - [21/Mar/2026:15:07:58 +0000] "GET /buy.php?detail/19801795349728 HTTP/1.1" 403 186877 "https://inception-blue.com/buy.php?detail/26504202762088" "Mozilla/5.0 AppleWebKit/537.36 (KHTML, like Gecko; compatible; GPTBot/1.3; +https://openai.com/gptbot)"
66.249.77.5 - - [21/Mar/2026:15:08:05 +0000] "GET /?detail/2690356842518 HTTP/1.1" 200 410186 "-" "Mozilla/5.0 (Linux; Android 6.0.1; Nexus 5X Build/MMB29P) AppleWebKit/537.36 (KHTML, like Gecko) Chrome/145.0.7632.159 Mobile Safari/537.36 (compatible; Googlebot/2.1; +http://www.google.com/bot.html)"
74.7.227.46 - - [21/Mar/2026:15:08:17 +0000] "GET /buy.php?detail/24103321997683 HTTP/1.1" 403 186877 "https://inception-blue.com/buy.php?detail/06502159933053" "Mozilla/5.0 AppleWebKit/537.36 (KHTML, like Gecko; compatible; GPTBot/1.3; +https://openai.com/gptbot)"
74.7.227.46 - - [21/Mar/2026:15:08:34 +0000] "GET /buy.php?detail/22404669187758 HTTP/1.1" 403 186877 "https://inception-blue.com/buy.php?detail/22900001005698" "Mozilla/5.0 AppleWebKit/537.36 (KHTML, like Gecko; compatible; GPTBot/1.3; +https://openai.com/gptbot)"
74.7.227.46 - - [21/Mar/2026:15:08:52 +0000] "GET /buy.php?detail/23304729580865 HTTP/1.1" 403 186877 "https://inception-blue.com/buy.php?goods/233047295" "Mozilla/5.0 AppleWebKit/537.36 (KHTML, like Gecko; compatible; GPTBot/1.3; +https://openai.com/gptbot)"
74.7.227.46 - - [21/Mar/2026:15:09:09 +0000] "GET /buy.php?detail/16802690347508 HTTP/1.1" 403 186877 "https://inception-blue.com/buy.php?detail/03104892927619" "Mozilla/5.0 AppleWebKit/537.36 (KHTML, like Gecko; compatible; GPTBot/1.3; +https://openai.com/gptbot)"
66.249.77.4 - - [21/Mar/2026:15:09:13 +0000] "GET /?jp/130021001.html HTTP/1.1" 200 392325 "-" "GoogleOther-Image/1.0"
74.7.227.46 - - [21/Mar/2026:15:09:28 +0000] "GET /buy.php?detail/07802865150497 HTTP/1.1" 403 186877 "https://inception-blue.com/buy.php?detail/18400018849742" "Mozilla/5.0 AppleWebKit/537.36 (KHTML, like Gecko; compatible; GPTBot/1.3; +https://openai.com/gptbot)"
54.39.6.80 - - [21/Mar/2026:15:09:32 +0000] "GET /shopbrand/48170500.htm HTTP/1.1" 200 186877 "-" "Mozilla/5.0 (compatible; AhrefsBot/7.0; +http://ahrefs.com/robot/)"
216.73.216.36 - - [21/Mar/2026:15:09:39 +0000] "GET /product/%22,t+=%22%3C%22+e.getAttribute(%22src%22?dir=%2Fhome%2Finceptionblue%2Fpublic_html%2Fa7b14&read=%2Fhome%2Finceptionblue%2Fpublic_html%2Fa7b14%2Findex.php HTTP/1.1" 200 13435 "-" "Mozilla/5.0 AppleWebKit/537.36 (KHTML, like Gecko; compatible; ClaudeBot/1.0; +claudebot@anthropic.com)"
74.7.227.46 - - [21/Mar/2026:15:09:45 +0000] "GET /buy.php?detail/17803269685197 HTTP/1.1" 403 186877 "https://inception-blue.com/buy.php?detail/03103880432984" "Mozilla/5.0 AppleWebKit/537.36 (KHTML, like Gecko; compatible; GPTBot/1.3; +https://openai.com/gptbot)"
74.7.227.46 - - [21/Mar/2026:15:10:03 +0000] "GET /buy.php?detail/12400785716965 HTTP/1.1" 403 186877 "https://inception-blue.com/buy.php?detail/21100809724174" "Mozilla/5.0 AppleWebKit/537.36 (KHTML, like Gecko; compatible; GPTBot/1.3; +https://openai.com/gptbot)"
66.249.77.4 - - [21/Mar/2026:15:10:15 +0000] "GET /hitomi-cl-ciba-a-op-8 HTTP/1.1" 200 400935 "-" "Mozilla/5.0 (Linux; Android 6.0.1; Nexus 5X Build/MMB29P) AppleWebKit/537.36 (KHTML, like Gecko) Chrome/145.0.7632.159 Mobile Safari/537.36 (compatible; GoogleOther)"
66.249.77.3 - - [21/Mar/2026:15:10:20 +0000] "GET /?jp/208029687.html HTTP/1.1" 200 404260 "-" "Mozilla/5.0 (Linux; Android 6.0.1; Nexus 5X Build/MMB29P) AppleWebKit/537.36 (KHTML, like Gecko) Chrome/145.0.7632.159 Mobile Safari/537.36 (compatible; Googlebot/2.1; +http://www.google.com/bot.html)"
74.7.227.46 - - [21/Mar/2026:15:10:20 +0000] "GET /buy.php?detail/14503678068275 HTTP/1.1" 403 186877 "https://inception-blue.com/buy.php?detail/25001003036556" "Mozilla/5.0 AppleWebKit/537.36 (KHTML, like Gecko; compatible; GPTBot/1.3; +https://openai.com/gptbot)"
74.7.227.46 - - [21/Mar/2026:15:10:38 +0000] "GET /buy.php?detail/14302197258092 HTTP/1.1" 403 186877 "https://inception-blue.com/buy.php?143036444.htm" "Mozilla/5.0 AppleWebKit/537.36 (KHTML, like Gecko; compatible; GPTBot/1.3; +https://openai.com/gptbot)"
74.7.227.46 - - [21/Mar/2026:15:10:56 +0000] "GET /buy.php?detail/20104406531728 HTTP/1.1" 403 186877 "https://inception-blue.com/buy.php?detail/12401055547209" "Mozilla/5.0 AppleWebKit/537.36 (KHTML, like Gecko; compatible; GPTBot/1.3; +https://openai.com/gptbot)"
66.249.77.5 - - [21/Mar/2026:15:11:00 +0000] "GET /product/295001884 HTTP/1.1" 200 387090 "-" "Mozilla/5.0 (Linux; Android 6.0.1; Nexus 5X Build/MMB29P) AppleWebKit/537.36 (KHTML, like Gecko) Chrome/145.0.7632.159 Mobile Safari/537.36 (compatible; Googlebot/2.1; +http://www.google.com/bot.html)"
74.7.227.46 - - [21/Mar/2026:15:11:13 +0000] "GET /buy.php?detail/26603789234120 HTTP/1.1" 403 186877 "https://inception-blue.com/buy.php?detail/08700248488490" "Mozilla/5.0 AppleWebKit/537.36 (KHTML, like Gecko; compatible; GPTBot/1.3; +https://openai.com/gptbot)"
66.249.77.3 - - [21/Mar/2026:15:11:30 +0000] "GET /?jp/208029687.html HTTP/1.1" 200 404260 "-" "Mozilla/5.0 (Linux; Android 6.0.1; Nexus 5X Build/MMB29P) AppleWebKit/537.36 (KHTML, like Gecko) Chrome/145.0.7632.159 Mobile Safari/537.36 (compatible; Googlebot/2.1; +http://www.google.com/bot.html)"
74.7.227.46 - - [21/Mar/2026:15:11:32 +0000] "GET /buy.php?detail/27500164560978 HTTP/1.1" 403 186877 "https://inception-blue.com/buy.php?shopbrand/blast/275015989.htm" "Mozilla/5.0 AppleWebKit/537.36 (KHTML, like Gecko; compatible; GPTBot/1.3; +https://openai.com/gptbot)"
66.249.77.3 - - [21/Mar/2026:15:11:43 +0000] "GET /?jp/043017188.html HTTP/1.1" 200 371264 "-" "GoogleOther-Image/1.0"
