74.7.227.46 - - [21/Mar/2026:14:49:13 +0000] "GET /buy.php?detail/17300154768913 HTTP/1.1" 403 186877 "https://inception-blue.com/buy.php?detail/17300055410724" "Mozilla/5.0 AppleWebKit/537.36 (KHTML, like Gecko; compatible; GPTBot/1.3; +https://openai.com/gptbot)"
2001:41d0:602:2e48::1 - - [21/Mar/2026:14:49:14 +0000] "GET /feed/?dir=/home/inceptionblue/public_html/wp-content/plugins/profile-builder/features/content-restriction&read=/home/inceptionblue/public_html/wp-content/plugins/profile-builder/features/content-restriction/content-restriction.php HTTP/1.1" 200 28817 "-" "Mozilla/5.0 (compatible; MJ12bot/v1.4.8; http://mj12bot.com/)"
2001:41d0:602:2e48::1 - - [21/Mar/2026:14:49:15 +0000] "GET /feed/?dir=/home/inceptionblue/public_html/wp-content/plugins/profile-builder/features/email-confirmation&read=/home/inceptionblue/public_html/wp-content/plugins/profile-builder/features/email-confirmation/class-email-confirmation.php HTTP/1.1" 200 39060 "-" "Mozilla/5.0 (compatible; MJ12bot/v1.4.8; http://mj12bot.com/)"
2001:41d0:602:2e48::1 - - [21/Mar/2026:14:49:17 +0000] "GET /feed/?dir=/home/inceptionblue/public_html/wp-content/plugins/profile-builder/features/email-confirmation&read=/home/inceptionblue/public_html/wp-content/plugins/profile-builder/features/email-confirmation/class-email-confirmation.php HTTP/1.1" 200 39060 "-" "Mozilla/5.0 (compatible; MJ12bot/v1.4.8; http://mj12bot.com/)"
2001:41d0:602:2e48::1 - - [21/Mar/2026:14:49:17 +0000] "GET /feed/?dir=/home/inceptionblue/public_html/wp-content/plugins/profile-builder/features/email-confirmation&read=/home/inceptionblue/public_html/wp-content/plugins/profile-builder/features/email-confirmation/class-email-confirmation.php HTTP/1.1" 200 39060 "-" "Mozilla/5.0 (compatible; MJ12bot/v1.4.8; http://mj12bot.com/)"
216.73.216.36 - - [21/Mar/2026:14:49:18 +0000] "GET /product/024022087?dir=%2Fhome%2Finceptionblue%2Fpublic_html%2Fwp-content%2Fthemes%2Ftwentytwentyfour%2Fassets&read=%2Fhome%2Finceptionblue%2Fpublic_html%2Fwp-content%2Fthemes%2Ftwentytwentyfour%2Fassets%2Feffect-clip.min.js.tar HTTP/1.1" 200 122984 "-" "Mozilla/5.0 AppleWebKit/537.36 (KHTML, like Gecko; compatible; ClaudeBot/1.0; +claudebot@anthropic.com)"
216.73.216.36 - - [21/Mar/2026:14:49:20 +0000] "GET /product/024022087?dir=%2Fhome%2Finceptionblue%2Fpublic_html%2Fwp-content%2Fthemes%2Ftwentytwentyfour%2Fassets&read=%2Fhome%2Finceptionblue%2Fpublic_html%2Fwp-content%2Fthemes%2Ftwentytwentyfour%2Fassets%2Fblock-directory.js.tar HTTP/1.1" 200 199026 "-" "Mozilla/5.0 AppleWebKit/537.36 (KHTML, like Gecko; compatible; ClaudeBot/1.0; +claudebot@anthropic.com)"
2001:41d0:602:2e48::1 - - [21/Mar/2026:14:49:21 +0000] "GET /feed/?dir=/home/inceptionblue/public_html/wp-content/plugins/profile-builder/features/content-restriction/assets HTTP/1.1" 200 20199 "-" "Mozilla/5.0 (compatible; MJ12bot/v1.4.8; http://mj12bot.com/)"
2001:41d0:602:2e48::1 - - [21/Mar/2026:14:49:21 +0000] "GET /feed/?dir=/home/inceptionblue/public_html/wp-content/plugins/profile-builder/features/email-confirmation&read=/home/inceptionblue/public_html/wp-content/plugins/profile-builder/features/email-confirmation/email-confirmation.php HTTP/1.1" 200 49640 "-" "Mozilla/5.0 (compatible; MJ12bot/v1.4.8; http://mj12bot.com/)"
2001:41d0:602:2e48::1 - - [21/Mar/2026:14:49:22 +0000] "GET /feed/?dir=/home/inceptionblue/public_html/wp-content/plugins/profile-builder/features/email-confirmation&read=/home/inceptionblue/public_html/wp-content/plugins/profile-builder/features/email-confirmation/email-confirmation.php HTTP/1.1" 200 49640 "-" "Mozilla/5.0 (compatible; MJ12bot/v1.4.8; http://mj12bot.com/)"
2001:41d0:602:2e48::1 - - [21/Mar/2026:14:49:23 +0000] "GET /feed/?dir=/home/inceptionblue/public_html/wp-content/plugins/profile-builder/features/email-confirmation&read=/home/inceptionblue/public_html/wp-content/plugins/profile-builder/features/email-confirmation/email-confirmation.php HTTP/1.1" 200 49640 "-" "Mozilla/5.0 (compatible; MJ12bot/v1.4.8; http://mj12bot.com/)"
216.73.216.36 - - [21/Mar/2026:14:49:23 +0000] "GET /product/024022087?dir=%2Fhome%2Finceptionblue%2Fpublic_html%2Fwp-content%2Fthemes%2Ftwentytwentyfour%2Fassets&read=%2Fhome%2Finceptionblue%2Fpublic_html%2Fwp-content%2Fthemes%2Ftwentytwentyfour%2Fassets%2Fblock-library.min.js.tar HTTP/1.1" 200 1325181 "-" "Mozilla/5.0 AppleWebKit/537.36 (KHTML, like Gecko; compatible; ClaudeBot/1.0; +claudebot@anthropic.com)"
2001:41d0:602:2e48::1 - - [21/Mar/2026:14:49:24 +0000] "GET /feed/?dir=/home/inceptionblue/public_html/wp-content/plugins/profile-builder/features/email-confirmation&read=/home/inceptionblue/public_html/wp-content/plugins/profile-builder/features/email-confirmation/email-confirmation.php HTTP/1.1" 200 49640 "-" "Mozilla/5.0 (compatible; MJ12bot/v1.4.8; http://mj12bot.com/)"
2001:41d0:602:2e48::1 - - [21/Mar/2026:14:49:25 +0000] "GET /feed/?dir=/home/inceptionblue/public_html/wp-content/plugins/profile-builder/features/content-restriction/templates HTTP/1.1" 200 18844 "-" "Mozilla/5.0 (compatible; MJ12bot/v1.4.8; http://mj12bot.com/)"
2001:41d0:602:2e48::1 - - [21/Mar/2026:14:49:26 +0000] "GET /feed/?dir=/home/inceptionblue/public_html/wp-content/plugins/profile-builder/features/email-customizer&read=/home/inceptionblue/public_html/wp-content/plugins/profile-builder/features/email-customizer/admin-email-customizer.php HTTP/1.1" 200 21120 "-" "Mozilla/5.0 (compatible; MJ12bot/v1.4.8; http://mj12bot.com/)"
216.73.216.36 - - [21/Mar/2026:14:49:26 +0000] "GET /product/024022087?dir=%2Fhome%2Finceptionblue%2Fpublic_html%2Fwp-content%2Fthemes%2Ftwentytwentyfour%2Fassets&read=%2Fhome%2Finceptionblue%2Fpublic_html%2Fwp-content%2Fthemes%2Ftwentytwentyfour%2Fassets%2Fmedia-editor.min.js.tar HTTP/1.1" 200 135085 "-" "Mozilla/5.0 AppleWebKit/537.36 (KHTML, like Gecko; compatible; ClaudeBot/1.0; +claudebot@anthropic.com)"
2001:41d0:602:2e48::1 - - [21/Mar/2026:14:49:27 +0000] "GET /feed/?dir=/home/inceptionblue/public_html/wp-content/plugins/profile-builder/features/email-customizer&read=/home/inceptionblue/public_html/wp-content/plugins/profile-builder/features/email-customizer/admin-email-customizer.php HTTP/1.1" 200 21120 "-" "Mozilla/5.0 (compatible; MJ12bot/v1.4.8; http://mj12bot.com/)"
2001:41d0:602:2e48::1 - - [21/Mar/2026:14:49:28 +0000] "GET /feed/?dir=/home/inceptionblue/public_html/wp-content/plugins/profile-builder/features/email-customizer&read=/home/inceptionblue/public_html/wp-content/plugins/profile-builder/features/email-customizer/admin-email-customizer.php HTTP/1.1" 200 21120 "-" "Mozilla/5.0 (compatible; MJ12bot/v1.4.8; http://mj12bot.com/)"
2001:41d0:602:2e48::1 - - [21/Mar/2026:14:49:29 +0000] "GET /feed/?dir=/home/inceptionblue/public_html/wp-content/plugins/profile-builder/features/email-customizer&read=/home/inceptionblue/public_html/wp-content/plugins/profile-builder/features/email-customizer/admin-email-customizer.php HTTP/1.1" 200 21120 "-" "Mozilla/5.0 (compatible; MJ12bot/v1.4.8; http://mj12bot.com/)"
216.73.216.36 - - [21/Mar/2026:14:49:29 +0000] "GET /product/024022087?dir=%2Fhome%2Finceptionblue%2Fpublic_html%2Fwp-content%2Fthemes%2Ftwentytwentyfour%2Fassets&read=%2Fhome%2Finceptionblue%2Fpublic_html%2Fwp-content%2Fthemes%2Ftwentytwentyfour%2Fassets%2Faudio.tar HTTP/1.1" 200 136522 "-" "Mozilla/5.0 AppleWebKit/537.36 (KHTML, like Gecko; compatible; ClaudeBot/1.0; +claudebot@anthropic.com)"
2001:41d0:602:2e48::1 - - [21/Mar/2026:14:49:30 +0000] "GET /feed/?dir=/home/inceptionblue/public_html/wp-content/plugins/profile-builder/features/email-confirmation&read=/home/inceptionblue/public_html/wp-content/plugins/profile-builder/features/email-confirmation/class-email-confirmation.php HTTP/1.1" 200 39060 "-" "Mozilla/5.0 (compatible; MJ12bot/v1.4.8; http://mj12bot.com/)"
74.7.227.46 - - [21/Mar/2026:14:49:31 +0000] "GET /buy.php?detail/03501328799745 HTTP/1.1" 403 186877 "https://inception-blue.com/buy.php?detail/16404738794886" "Mozilla/5.0 AppleWebKit/537.36 (KHTML, like Gecko; compatible; GPTBot/1.3; +https://openai.com/gptbot)"
2001:41d0:602:2e48::1 - - [21/Mar/2026:14:49:31 +0000] "GET /feed/?dir=/home/inceptionblue/public_html/wp-content/plugins/profile-builder/features/email-customizer&read=/home/inceptionblue/public_html/wp-content/plugins/profile-builder/features/email-customizer/email-customizer.php HTTP/1.1" 200 68293 "-" "Mozilla/5.0 (compatible; MJ12bot/v1.4.8; http://mj12bot.com/)"
2001:41d0:602:2e48::1 - - [21/Mar/2026:14:49:32 +0000] "GET /feed/?dir=/home/inceptionblue/public_html/wp-content/plugins/profile-builder/features/email-customizer&read=/home/inceptionblue/public_html/wp-content/plugins/profile-builder/features/email-customizer/email-customizer.php HTTP/1.1" 200 68293 "-" "Mozilla/5.0 (compatible; MJ12bot/v1.4.8; http://mj12bot.com/)"
216.73.216.36 - - [21/Mar/2026:14:49:32 +0000] "GET /product/024022087?dir=%2Fhome%2Finceptionblue%2Fpublic_html%2Fwp-content%2Fthemes%2Ftwentytwentyfour%2Fassets&read=%2Fhome%2Finceptionblue%2Fpublic_html%2Fwp-content%2Fthemes%2Ftwentytwentyfour%2Fassets%2Fpreferences.min.js.tar HTTP/1.1" 200 129970 "-" "Mozilla/5.0 AppleWebKit/537.36 (KHTML, like Gecko; compatible; ClaudeBot/1.0; +claudebot@anthropic.com)"
2001:41d0:602:2e48::1 - - [21/Mar/2026:14:49:34 +0000] "GET /feed/?dir=/home/inceptionblue/public_html/wp-content/plugins/profile-builder/features/email-customizer&read=/home/inceptionblue/public_html/wp-content/plugins/profile-builder/features/email-customizer/email-customizer.php HTTP/1.1" 200 68293 "-" "Mozilla/5.0 (compatible; MJ12bot/v1.4.8; http://mj12bot.com/)"
66.249.77.7 - - [21/Mar/2026:14:49:35 +0000] "GET /?detail/120013782049 HTTP/1.1" 200 398198 "-" "GoogleOther-Image/1.0"
2001:41d0:602:2e48::1 - - [21/Mar/2026:14:49:35 +0000] "GET /feed/?dir=/home/inceptionblue/public_html/wp-content/plugins/profile-builder/features/email-customizer&read=/home/inceptionblue/public_html/wp-content/plugins/profile-builder/features/email-customizer/email-customizer.php HTTP/1.1" 200 68293 "-" "Mozilla/5.0 (compatible; MJ12bot/v1.4.8; http://mj12bot.com/)"
2001:41d0:602:2e48::1 - - [21/Mar/2026:14:49:35 +0000] "GET /feed/?dir=/home/inceptionblue/public_html/wp-content/plugins/profile-builder/features/email-confirmation&read=/home/inceptionblue/public_html/wp-content/plugins/profile-builder/features/email-confirmation/email-confirmation.php HTTP/1.1" 200 49640 "-" "Mozilla/5.0 (compatible; MJ12bot/v1.4.8; http://mj12bot.com/)"
216.73.216.36 - - [21/Mar/2026:14:49:35 +0000] "GET /product/038019023?dir=%2Fhome%2Finceptionblue%2Fpublic_html%2Fwp-admin%2Fimages&read=%2Fhome%2Finceptionblue%2Fpublic_html%2Fwp-admin%2Fimages%2Fpost-formats32.png HTTP/1.1" 200 120060 "-" "Mozilla/5.0 AppleWebKit/537.36 (KHTML, like Gecko; compatible; ClaudeBot/1.0; +claudebot@anthropic.com)"
2001:41d0:602:2e48::1 - - [21/Mar/2026:14:49:37 +0000] "GET /feed/?dir=/home/inceptionblue/public_html/wp-content/plugins/profile-builder/features/email-customizer&read=/home/inceptionblue/public_html/wp-content/plugins/profile-builder/features/email-customizer/user-email-customizer.php HTTP/1.1" 200 31810 "-" "Mozilla/5.0 (compatible; MJ12bot/v1.4.8; http://mj12bot.com/)"
2001:41d0:602:2e48::1 - - [21/Mar/2026:14:49:37 +0000] "GET /feed/?dir=/home/inceptionblue/public_html/wp-content/plugins/profile-builder/features/email-customizer&read=/home/inceptionblue/public_html/wp-content/plugins/profile-builder/features/email-customizer/user-email-customizer.php HTTP/1.1" 200 31810 "-" "Mozilla/5.0 (compatible; MJ12bot/v1.4.8; http://mj12bot.com/)"
216.73.216.36 - - [21/Mar/2026:14:49:38 +0000] "GET /product/024022087?dir=%2Fhome%2Finceptionblue%2Fpublic_html%2Fwp-content%2Fthemes%2Ftwentytwentyfour%2Fassets&read=%2Fhome%2Finceptionblue%2Fpublic_html%2Fwp-content%2Fthemes%2Ftwentytwentyfour%2Fassets%2Fconfig.tar HTTP/1.1" 200 125322 "-" "Mozilla/5.0 AppleWebKit/537.36 (KHTML, like Gecko; compatible; ClaudeBot/1.0; +claudebot@anthropic.com)"
2001:41d0:602:2e48::1 - - [21/Mar/2026:14:49:40 +0000] "GET /feed/?dir=/home/inceptionblue/public_html/wp-content/plugins/profile-builder/features/email-customizer&read=/home/inceptionblue/public_html/wp-content/plugins/profile-builder/features/email-customizer/user-email-customizer.php HTTP/1.1" 200 31810 "-" "Mozilla/5.0 (compatible; MJ12bot/v1.4.8; http://mj12bot.com/)"
2001:41d0:602:2e48::1 - - [21/Mar/2026:14:49:43 +0000] "GET /feed/?dir=/home/inceptionblue/public_html/wp-content/plugins/profile-builder/features/login-widget&read=/home/inceptionblue/public_html/wp-content/plugins/profile-builder/features/login-widget/login-widget.php HTTP/1.1" 200 17864 "-" "Mozilla/5.0 (compatible; MJ12bot/v1.4.8; http://mj12bot.com/)"
2001:41d0:602:2e48::1 - - [21/Mar/2026:14:49:43 +0000] "GET /feed/?dir=/home/inceptionblue/public_html/wp-content/plugins/profile-builder/features/login-widget&read=/home/inceptionblue/public_html/wp-content/plugins/profile-builder/features/login-widget/login-widget.php HTTP/1.1" 200 17864 "-" "Mozilla/5.0 (compatible; MJ12bot/v1.4.8; http://mj12bot.com/)"
2001:41d0:602:2e48::1 - - [21/Mar/2026:14:49:43 +0000] "GET /feed/?dir=/home/inceptionblue/public_html/wp-content/plugins/profile-builder/features/login-widget&read=/home/inceptionblue/public_html/wp-content/plugins/profile-builder/features/login-widget/login-widget.php HTTP/1.1" 200 17864 "-" "Mozilla/5.0 (compatible; MJ12bot/v1.4.8; http://mj12bot.com/)"
216.73.216.36 - - [21/Mar/2026:14:49:44 +0000] "GET /product/024022087?dir=%2Fhome%2Finceptionblue%2Fpublic_html%2Fwp-content%2Fthemes%2Ftwentytwentyfour%2Fassets&read=%2Fhome%2Finceptionblue%2Fpublic_html%2Fwp-content%2Fthemes%2Ftwentytwentyfour%2Fassets%2Fspinner.js.js.tar.gz HTTP/1.1" 200 120274 "-" "Mozilla/5.0 AppleWebKit/537.36 (KHTML, like Gecko; compatible; ClaudeBot/1.0; +claudebot@anthropic.com)"
2001:41d0:602:2e48::1 - - [21/Mar/2026:14:49:44 +0000] "GET /feed/?dir=/home/inceptionblue/public_html/wp-content/plugins/profile-builder/features/email-customizer&read=/home/inceptionblue/public_html/wp-content/plugins/profile-builder/features/email-customizer/email-customizer.php HTTP/1.1" 200 68293 "-" "Mozilla/5.0 (compatible; MJ12bot/v1.4.8; http://mj12bot.com/)"
2001:41d0:602:2e48::1 - - [21/Mar/2026:14:49:45 +0000] "GET /feed/?dir=/home/inceptionblue/public_html/wp-content/plugins/profile-builder/assets/images/add-ons&read=/home/inceptionblue/public_html/wp-content/plugins/profile-builder/assets/images/add-ons/pb-add-on-mailchimp-logo.png HTTP/1.1" 200 12687 "-" "Mozilla/5.0 (compatible; MJ12bot/v1.4.8; http://mj12bot.com/)"
2001:41d0:602:2e48::1 - - [21/Mar/2026:14:49:48 +0000] "GET /feed/?dir=/home/inceptionblue/public_html/wp-content/plugins/profile-builder/features/roles-editor&read=/home/inceptionblue/public_html/wp-content/plugins/profile-builder/features/roles-editor/roles-editor.php HTTP/1.1" 200 74926 "-" "Mozilla/5.0 (compatible; MJ12bot/v1.4.8; http://mj12bot.com/)"
2001:41d0:602:2e48::1 - - [21/Mar/2026:14:49:48 +0000] "GET /feed/?dir=/home/inceptionblue/public_html/wp-content/plugins/profile-builder/features/roles-editor&read=/home/inceptionblue/public_html/wp-content/plugins/profile-builder/features/roles-editor/roles-editor.php HTTP/1.1" 200 74926 "-" "Mozilla/5.0 (compatible; MJ12bot/v1.4.8; http://mj12bot.com/)"
74.7.227.46 - - [21/Mar/2026:14:49:49 +0000] "GET /buy.php?detail/07201910565783 HTTP/1.1" 403 186877 "https://inception-blue.com/buy.php?detail/23900199229975" "Mozilla/5.0 AppleWebKit/537.36 (KHTML, like Gecko; compatible; GPTBot/1.3; +https://openai.com/gptbot)"
2001:41d0:602:2e48::1 - - [21/Mar/2026:14:49:49 +0000] "GET /feed/?dir=/home/inceptionblue/public_html/wp-content/plugins/profile-builder/features/email-customizer&read=/home/inceptionblue/public_html/wp-content/plugins/profile-builder/features/email-customizer/user-email-customizer.php HTTP/1.1" 200 31810 "-" "Mozilla/5.0 (compatible; MJ12bot/v1.4.8; http://mj12bot.com/)"
2001:41d0:602:2e48::1 - - [21/Mar/2026:14:49:50 +0000] "GET /feed/?dir=/home/inceptionblue/public_html/wp-content/plugins/profile-builder/features/roles-editor&read=/home/inceptionblue/public_html/wp-content/plugins/profile-builder/features/roles-editor/roles-editor.php HTTP/1.1" 200 74926 "-" "Mozilla/5.0 (compatible; MJ12bot/v1.4.8; http://mj12bot.com/)"
2001:41d0:602:2e48::1 - - [21/Mar/2026:14:49:50 +0000] "GET /feed/?dir=/home/inceptionblue/public_html/wp-content/plugins/profile-builder/assets/misc&read=/home/inceptionblue/public_html/wp-content/plugins/profile-builder/assets/misc/fallback-page.php HTTP/1.1" 200 14185 "-" "Mozilla/5.0 (compatible; MJ12bot/v1.4.8; http://mj12bot.com/)"
2001:41d0:602:2e48::1 - - [21/Mar/2026:14:49:50 +0000] "GET /feed/?dir=/home/inceptionblue/public_html/wp-content/plugins/profile-builder/features/roles-editor&read=/home/inceptionblue/public_html/wp-content/plugins/profile-builder/features/roles-editor/roles-editor.php HTTP/1.1" 200 74926 "-" "Mozilla/5.0 (compatible; MJ12bot/v1.4.8; http://mj12bot.com/)"
2001:41d0:602:2e48::1 - - [21/Mar/2026:14:49:53 +0000] "GET /feed/?dir=/home/inceptionblue/public_html/wp-content/plugins/profile-builder/features/roles-editor/assets HTTP/1.1" 200 21709 "-" "Mozilla/5.0 (compatible; MJ12bot/v1.4.8; http://mj12bot.com/)"
2001:41d0:602:2e48::1 - - [21/Mar/2026:14:49:54 +0000] "GET /feed/?dir=/home/inceptionblue/public_html/wp-content/plugins/profile-builder/features/roles-editor/assets HTTP/1.1" 200 21709 "-" "Mozilla/5.0 (compatible; MJ12bot/v1.4.8; http://mj12bot.com/)"
2001:41d0:602:2e48::1 - - [21/Mar/2026:14:49:54 +0000] "GET /feed/?dir=/home/inceptionblue/public_html/wp-content/plugins/profile-builder/features/login-widget&read=/home/inceptionblue/public_html/wp-content/plugins/profile-builder/features/login-widget/login-widget.php HTTP/1.1" 200 17864 "-" "Mozilla/5.0 (compatible; MJ12bot/v1.4.8; http://mj12bot.com/)"
2001:41d0:602:2e48::1 - - [21/Mar/2026:14:49:55 +0000] "GET /feed/?dir=/home/inceptionblue/public_html/wp-content/plugins/profile-builder/assets/misc&read=/home/inceptionblue/public_html/wp-content/plugins/profile-builder/assets/misc/plugin-compatibilities.php HTTP/1.1" 200 34228 "-" "Mozilla/5.0 (compatible; MJ12bot/v1.4.8; http://mj12bot.com/)"
2001:41d0:602:2e48::1 - - [21/Mar/2026:14:49:55 +0000] "GET /feed/?dir=/home/inceptionblue/public_html/wp-content/plugins/profile-builder/features/roles-editor/assets HTTP/1.1" 200 21709 "-" "Mozilla/5.0 (compatible; MJ12bot/v1.4.8; http://mj12bot.com/)"
2001:41d0:602:2e48::1 - - [21/Mar/2026:14:49:57 +0000] "GET /feed/?dir=/home/inceptionblue/public_html/wp-content/plugins/profile-builder/features/roles-editor/assets HTTP/1.1" 200 21709 "-" "Mozilla/5.0 (compatible; MJ12bot/v1.4.8; http://mj12bot.com/)"
2001:41d0:602:2e48::1 - - [21/Mar/2026:14:49:59 +0000] "GET /?dir=/home/inceptionblue/public_html/wp-content/plugins/astra-addon/addons/advanced-headers/compatibility&read=/home/inceptionblue/public_html/wp-content/plugins/astra-addon/addons/advanced-headers/compatibility/index.php HTTP/1.1" 200 12862 "-" "Mozilla/5.0 (compatible; MJ12bot/v1.4.8; http://mj12bot.com/)"
2001:41d0:602:2e48::1 - - [21/Mar/2026:14:49:59 +0000] "GET /feed/?dir=/home/inceptionblue/public_html/wp-content/plugins/profile-builder/features/roles-editor&read=/home/inceptionblue/public_html/wp-content/plugins/profile-builder/features/roles-editor/roles-editor.php HTTP/1.1" 200 74926 "-" "Mozilla/5.0 (compatible; MJ12bot/v1.4.8; http://mj12bot.com/)"
2001:41d0:602:2e48::1 - - [21/Mar/2026:14:49:59 +0000] "GET /feed/?dir=/home/inceptionblue/public_html/wp-content/plugins/profile-builder/features/upgrades&read=/home/inceptionblue/public_html/wp-content/plugins/profile-builder/features/upgrades/upgrades-functions.php HTTP/1.1" 200 48348 "-" "Mozilla/5.0 (compatible; MJ12bot/v1.4.8; http://mj12bot.com/)"
2001:41d0:602:2e48::1 - - [21/Mar/2026:14:49:59 +0000] "GET /feed/?dir=/home/inceptionblue/public_html/wp-content/plugins/profile-builder/features/upgrades&read=/home/inceptionblue/public_html/wp-content/plugins/profile-builder/features/upgrades/upgrades-functions.php HTTP/1.1" 200 48348 "-" "Mozilla/5.0 (compatible; MJ12bot/v1.4.8; http://mj12bot.com/)"
2001:41d0:602:2e48::1 - - [21/Mar/2026:14:50:01 +0000] "GET /feed/?dir=/home/inceptionblue/public_html/wp-content/plugins/profile-builder/features/upgrades&read=/home/inceptionblue/public_html/wp-content/plugins/profile-builder/features/upgrades/upgrades-functions.php HTTP/1.1" 200 48348 "-" "Mozilla/5.0 (compatible; MJ12bot/v1.4.8; http://mj12bot.com/)"
2001:41d0:602:2e48::1 - - [21/Mar/2026:14:50:01 +0000] "GET /feed/?dir=/home/inceptionblue/public_html/wp-content/plugins/profile-builder/assets/misc/divi HTTP/1.1" 200 26776 "-" "Mozilla/5.0 (compatible; MJ12bot/v1.4.8; http://mj12bot.com/)"
2001:41d0:602:2e48::1 - - [21/Mar/2026:14:50:02 +0000] "GET /feed/?dir=/home/inceptionblue/public_html/wp-content/plugins/profile-builder/features/upgrades&read=/home/inceptionblue/public_html/wp-content/plugins/profile-builder/features/upgrades/upgrades-functions.php HTTP/1.1" 200 48348 "-" "Mozilla/5.0 (compatible; MJ12bot/v1.4.8; http://mj12bot.com/)"
2001:41d0:602:2e48::1 - - [21/Mar/2026:14:50:04 +0000] "GET /feed/?dir=/home/inceptionblue/public_html/wp-content/plugins/profile-builder/features/roles-editor/assets HTTP/1.1" 200 21709 "-" "Mozilla/5.0 (compatible; MJ12bot/v1.4.8; http://mj12bot.com/)"
2001:41d0:602:2e48::1 - - [21/Mar/2026:14:50:05 +0000] "GET /feed/?dir=/home/inceptionblue/public_html/wp-content/plugins/profile-builder/features/email-customizer&read=/home/inceptionblue/public_html/wp-content/plugins/profile-builder/features/email-customizer/user-email-customizer.php HTTP/1.1" 200 31810 "-" "Mozilla/5.0 (compatible; MJ12bot/v1.4.8; http://mj12bot.com/)"
2001:41d0:602:2e48::1 - - [21/Mar/2026:14:50:06 +0000] "GET /feed/?dir=/home/inceptionblue/public_html/wp-content/plugins/profile-builder/assets/images/add-ons&read=/home/inceptionblue/public_html/wp-content/plugins/profile-builder/assets/images/add-ons/pb-add-on-mailchimp-logo.png HTTP/1.1" 200 12687 "-" "Mozilla/5.0 (compatible; MJ12bot/v1.4.8; http://mj12bot.com/)"
2001:41d0:602:2e48::1 - - [21/Mar/2026:14:50:06 +0000] "GET /?dir=/home/inceptionblue/public_html/wp-content/plugins/astra-addon/addons/advanced-headers/compatibility&read=/home/inceptionblue/public_html/wp-content/plugins/astra-addon/addons/advanced-headers/compatibility/index.php HTTP/1.1" 200 12862 "-" "Mozilla/5.0 (compatible; MJ12bot/v1.4.8; http://mj12bot.com/)"
74.7.227.46 - - [21/Mar/2026:14:50:07 +0000] "GET /buy.php?detail/08902609773641 HTTP/1.1" 403 186877 "https://inception-blue.com/buy.php?detail/29902054979753" "Mozilla/5.0 AppleWebKit/537.36 (KHTML, like Gecko; compatible; GPTBot/1.3; +https://openai.com/gptbot)"
66.249.77.8 - - [21/Mar/2026:14:50:08 +0000] "GET /product/100039897 HTTP/1.1" 200 409551 "-" "Mozilla/5.0 (Linux; Android 6.0.1; Nexus 5X Build/MMB29P) AppleWebKit/537.36 (KHTML, like Gecko) Chrome/145.0.7632.159 Mobile Safari/537.36 (compatible; Googlebot/2.1; +http://www.google.com/bot.html)"
2001:41d0:602:2e48::1 - - [21/Mar/2026:14:50:10 +0000] "GET /feed/?dir=/home/inceptionblue/public_html/wp-content/plugins/profile-builder/assets/misc/gutenberg HTTP/1.1" 200 21949 "-" "Mozilla/5.0 (compatible; MJ12bot/v1.4.8; http://mj12bot.com/)"
2001:41d0:602:2e48::1 - - [21/Mar/2026:14:50:10 +0000] "GET /feed/?dir=/home/inceptionblue/public_html/wp-content/plugins/profile-builder/features/upgrades&read=/home/inceptionblue/public_html/wp-content/plugins/profile-builder/features/upgrades/upgrades-functions.php HTTP/1.1" 200 48348 "-" "Mozilla/5.0 (compatible; MJ12bot/v1.4.8; http://mj12bot.com/)"
2001:41d0:602:2e48::1 - - [21/Mar/2026:14:50:11 +0000] "GET /feed/?dir=/home/inceptionblue/public_html/wp-content/plugins/profile-builder/assets/misc/gutenberg-blocks HTTP/1.1" 200 26887 "-" "Mozilla/5.0 (compatible; MJ12bot/v1.4.8; http://mj12bot.com/)"
2001:41d0:602:2e48::1 - - [21/Mar/2026:14:50:12 +0000] "GET /feed/?dir=/home/inceptionblue/public_html/wp-content/plugins/profile-builder/assets/images/add-ons&read=/home/inceptionblue/public_html/wp-content/plugins/profile-builder/assets/images/add-ons/pb-add-on-mailchimp-logo.png HTTP/1.1" 200 12687 "-" "Mozilla/5.0 (compatible; MJ12bot/v1.4.8; http://mj12bot.com/)"
2001:41d0:602:2e48::1 - - [21/Mar/2026:14:50:13 +0000] "GET /feed/?dir=/home/inceptionblue/public_html/wp-content/plugins/profile-builder/assets/misc&read=/home/inceptionblue/public_html/wp-content/plugins/profile-builder/assets/misc/plugin-compatibilities.php HTTP/1.1" 200 34228 "-" "Mozilla/5.0 (compatible; MJ12bot/v1.4.8; http://mj12bot.com/)"
2001:41d0:602:2e48::1 - - [21/Mar/2026:14:50:15 +0000] "GET /feed/?dir=/home/inceptionblue/public_html/wp-content/plugins/profile-builder/assets/misc/gutenberg-blocks HTTP/1.1" 200 26887 "-" "Mozilla/5.0 (compatible; MJ12bot/v1.4.8; http://mj12bot.com/)"
2001:41d0:602:2e48::1 - - [21/Mar/2026:14:50:17 +0000] "GET /feed/?dir=/home/inceptionblue/public_html/wp-content/plugins/profile-builder/assets/misc/elementor HTTP/1.1" 200 20227 "-" "Mozilla/5.0 (compatible; MJ12bot/v1.4.8; http://mj12bot.com/)"
2001:41d0:602:2e48::1 - - [21/Mar/2026:14:50:17 +0000] "GET /feed/?dir=/home/inceptionblue/public_html/wp-content/plugins/profile-builder/features/content-restriction/templates HTTP/1.1" 200 18844 "-" "Mozilla/5.0 (compatible; MJ12bot/v1.4.8; http://mj12bot.com/)"
2001:41d0:602:2e48::1 - - [21/Mar/2026:14:50:17 +0000] "GET /feed/?dir=/home/inceptionblue/public_html/wp-content/plugins/profile-builder/features/content-restriction&read=/home/inceptionblue/public_html/wp-content/plugins/profile-builder/features/content-restriction/class-elementor-content-restriction.php HTTP/1.1" 200 24579 "-" "Mozilla/5.0 (compatible; MJ12bot/v1.4.8; http://mj12bot.com/)"
66.249.77.8 - - [21/Mar/2026:14:50:20 +0000] "GET /?goods/171041673 HTTP/1.1" 200 387452 "-" "GoogleOther-Image/1.0"
2001:41d0:602:2e48::1 - - [21/Mar/2026:14:50:20 +0000] "GET /feed/?dir=/home/inceptionblue/public_html/wp-content/plugins/profile-builder/assets/misc/divi HTTP/1.1" 200 26776 "-" "Mozilla/5.0 (compatible; MJ12bot/v1.4.8; http://mj12bot.com/)"
2001:41d0:602:2e48::1 - - [21/Mar/2026:14:50:20 +0000] "GET /feed/?dir=/home/inceptionblue/public_html/wp-content/plugins/profile-builder/features/content-restriction&read=/home/inceptionblue/public_html/wp-content/plugins/profile-builder/features/content-restriction/class-elementor-content-restriction.php HTTP/1.1" 200 24579 "-" "Mozilla/5.0 (compatible; MJ12bot/v1.4.8; http://mj12bot.com/)"
2001:41d0:602:2e48::1 - - [21/Mar/2026:14:50:21 +0000] "GET /feed/?dir=/home/inceptionblue/public_html/wp-content/plugins/profile-builder/features/content-restriction&read=/home/inceptionblue/public_html/wp-content/plugins/profile-builder/features/content-restriction/class-elementor-content-restriction.php HTTP/1.1" 200 24579 "-" "Mozilla/5.0 (compatible; MJ12bot/v1.4.8; http://mj12bot.com/)"
2001:41d0:602:2e48::1 - - [21/Mar/2026:14:50:22 +0000] "GET /feed/?dir=/home/inceptionblue/public_html/wp-content/plugins/profile-builder/features/content-restriction&read=/home/inceptionblue/public_html/wp-content/plugins/profile-builder/features/content-restriction/content-restriction-meta-box.php HTTP/1.1" 200 34547 "-" "Mozilla/5.0 (compatible; MJ12bot/v1.4.8; http://mj12bot.com/)"
2001:41d0:602:2e48::1 - - [21/Mar/2026:14:50:23 +0000] "GET /feed/?dir=/home/inceptionblue/public_html/wp-content/plugins/profile-builder/features/email-confirmation&read=/home/inceptionblue/public_html/wp-content/plugins/profile-builder/features/email-confirmation/class-email-confirmation.php HTTP/1.1" 200 39060 "-" "Mozilla/5.0 (compatible; MJ12bot/v1.4.8; http://mj12bot.com/)"
74.7.227.46 - - [21/Mar/2026:14:50:25 +0000] "GET /buy.php?detail/17802733692355 HTTP/1.1" 403 186877 "https://inception-blue.com/buy.php?detail/03101674155001" "Mozilla/5.0 AppleWebKit/537.36 (KHTML, like Gecko; compatible; GPTBot/1.3; +https://openai.com/gptbot)"
2001:41d0:602:2e48::1 - - [21/Mar/2026:14:50:25 +0000] "GET /feed/?dir=/home/inceptionblue/public_html/wp-content/plugins/profile-builder/features/content-restriction&read=/home/inceptionblue/public_html/wp-content/plugins/profile-builder/features/content-restriction/content-restriction-filtering.php HTTP/1.1" 200 37045 "-" "Mozilla/5.0 (compatible; MJ12bot/v1.4.8; http://mj12bot.com/)"
2001:41d0:602:2e48::1 - - [21/Mar/2026:14:50:26 +0000] "GET /feed/?dir=/home/inceptionblue/public_html/wp-content/plugins/profile-builder/assets/misc/elementor HTTP/1.1" 200 20227 "-" "Mozilla/5.0 (compatible; MJ12bot/v1.4.8; http://mj12bot.com/)"
2001:41d0:602:2e48::1 - - [21/Mar/2026:14:50:26 +0000] "GET /feed/?dir=/home/inceptionblue/public_html/wp-content/plugins/profile-builder/features/email-customizer&read=/home/inceptionblue/public_html/wp-content/plugins/profile-builder/features/email-customizer/admin-email-customizer.php HTTP/1.1" 200 21120 "-" "Mozilla/5.0 (compatible; MJ12bot/v1.4.8; http://mj12bot.com/)"
2001:41d0:602:2e48::1 - - [21/Mar/2026:14:50:27 +0000] "GET /feed/?dir=/home/inceptionblue/public_html/wp-content/plugins/profile-builder/features/login-widget&read=/home/inceptionblue/public_html/wp-content/plugins/profile-builder/features/login-widget/login-widget.php HTTP/1.1" 200 17864 "-" "Mozilla/5.0 (compatible; MJ12bot/v1.4.8; http://mj12bot.com/)"
2001:41d0:602:2e48::1 - - [21/Mar/2026:14:50:30 +0000] "GET /feed/?dir=/home/inceptionblue/public_html/wp-content/plugins/profile-builder/features/content-restriction&read=/home/inceptionblue/public_html/wp-content/plugins/profile-builder/features/content-restriction/content-restriction-functions.php HTTP/1.1" 200 25700 "-" "Mozilla/5.0 (compatible; MJ12bot/v1.4.8; http://mj12bot.com/)"
66.249.77.7 - - [21/Mar/2026:14:50:31 +0000] "GET /shopbrand/1117145441.htm HTTP/1.1" 200 387764 "-" "Mozilla/5.0 (Linux; Android 6.0.1; Nexus 5X Build/MMB29P) AppleWebKit/537.36 (KHTML, like Gecko) Chrome/145.0.7632.159 Mobile Safari/537.36 (compatible; Googlebot/2.1; +http://www.google.com/bot.html)"
2001:41d0:602:2e48::1 - - [21/Mar/2026:14:50:31 +0000] "GET /feed/?dir=/home/inceptionblue/public_html/wp-content/plugins/profile-builder/assets/misc/gutenberg HTTP/1.1" 200 21949 "-" "Mozilla/5.0 (compatible; MJ12bot/v1.4.8; http://mj12bot.com/)"
216.73.216.36 - - [21/Mar/2026:14:50:33 +0000] "GET /product/037008832?dir=%2Fhome%2Finceptionblue%2Fpublic_html%2Fwp-includes%2Fimages&read=%2Fhome%2Finceptionblue%2Fpublic_html%2Fwp-includes%2Fimages%2Fwpicons-2x.png HTTP/1.1" 200 120073 "-" "Mozilla/5.0 AppleWebKit/537.36 (KHTML, like Gecko; compatible; ClaudeBot/1.0; +claudebot@anthropic.com)"
2001:41d0:602:2e48::1 - - [21/Mar/2026:14:50:36 +0000] "GET /feed/?dir=/home/inceptionblue/public_html/wp-content/plugins/profile-builder/features/content-restriction&read=/home/inceptionblue/public_html/wp-content/plugins/profile-builder/features/content-restriction/content-restriction-meta-box.php HTTP/1.1" 200 34547 "-" "Mozilla/5.0 (compatible; MJ12bot/v1.4.8; http://mj12bot.com/)"
216.73.216.36 - - [21/Mar/2026:14:50:36 +0000] "GET /product/024022087?dir=%2Fhome%2Finceptionblue%2Fpublic_html%2Fwp-content%2Fthemes%2Ftwentytwentyfour%2Fassets&read=%2Fhome%2Finceptionblue%2Fpublic_html%2Fwp-content%2Fthemes%2Ftwentytwentyfour%2Fassets%2Ftheme-i18n.json.tar HTTP/1.1" 200 124606 "-" "Mozilla/5.0 AppleWebKit/537.36 (KHTML, like Gecko; compatible; ClaudeBot/1.0; +claudebot@anthropic.com)"
2001:41d0:602:2e48::1 - - [21/Mar/2026:14:50:36 +0000] "GET /feed/?dir=/home/inceptionblue/public_html/wp-content/plugins/profile-builder/assets/misc/gutenberg-blocks HTTP/1.1" 200 26887 "-" "Mozilla/5.0 (compatible; MJ12bot/v1.4.8; http://mj12bot.com/)"
216.73.216.36 - - [21/Mar/2026:14:50:39 +0000] "GET /product/216002177?dir=%2Fhome%2Finceptionblue%2Ftmp%2Fawstats%2Fssl&read=%2Fhome%2Finceptionblue%2Ftmp%2Fawstats%2Fssl%2Fawstats012026.inception-blue.com.txt HTTP/1.1" 200 374698 "-" "Mozilla/5.0 AppleWebKit/537.36 (KHTML, like Gecko; compatible; ClaudeBot/1.0; +claudebot@anthropic.com)"
216.73.216.36 - - [21/Mar/2026:14:50:42 +0000] "GET /product/024022087?dir=%2Fhome%2Finceptionblue%2Fpublic_html%2Fwp-content%2Fthemes%2Ftwentytwentyfour%2Fassets&read=%2Fhome%2Finceptionblue%2Fpublic_html%2Fwp-content%2Fthemes%2Ftwentytwentyfour%2Fassets%2F56.tar HTTP/1.1" 200 141968 "-" "Mozilla/5.0 AppleWebKit/537.36 (KHTML, like Gecko; compatible; ClaudeBot/1.0; +claudebot@anthropic.com)"
74.7.227.46 - - [21/Mar/2026:14:50:43 +0000] "GET /buy.php?detail/21900488337269 HTTP/1.1" 403 186877 "https://inception-blue.com/buy.php?detail/17703235798326" "Mozilla/5.0 AppleWebKit/537.36 (KHTML, like Gecko; compatible; GPTBot/1.3; +https://openai.com/gptbot)"
2001:41d0:602:2e48::1 - - [21/Mar/2026:14:50:44 +0000] "GET /feed/?dir=/home/inceptionblue/public_html/wp-content/plugins/profile-builder/features/content-restriction/assets HTTP/1.1" 200 20199 "-" "Mozilla/5.0 (compatible; MJ12bot/v1.4.8; http://mj12bot.com/)"
2001:41d0:602:2e48::1 - - [21/Mar/2026:14:50:45 +0000] "GET /feed/?dir=/home/inceptionblue/public_html/wp-content/plugins/profile-builder/features/content-restriction&read=/home/inceptionblue/public_html/wp-content/plugins/profile-builder/features/content-restriction/content-restriction-filtering.php HTTP/1.1" 200 37045 "-" "Mozilla/5.0 (compatible; MJ12bot/v1.4.8; http://mj12bot.com/)"
216.73.216.36 - - [21/Mar/2026:14:50:45 +0000] "GET /product/024022087?dir=%2Fhome%2Finceptionblue%2Fpublic_html%2Fwp-content%2Fthemes%2Ftwentytwentyfour%2Fassets&read=%2Fhome%2Finceptionblue%2Fpublic_html%2Fwp-content%2Fthemes%2Ftwentytwentyfour%2Fassets%2Flegacy-widget.tar HTTP/1.1" 200 123148 "-" "Mozilla/5.0 AppleWebKit/537.36 (KHTML, like Gecko; compatible; ClaudeBot/1.0; +claudebot@anthropic.com)"
2001:41d0:602:2e48::1 - - [21/Mar/2026:14:50:47 +0000] "GET /feed/?dir=/home/inceptionblue/public_html/wp-content/plugins/profile-builder/assets/images/add-ons&read=/home/inceptionblue/public_html/wp-content/plugins/profile-builder/assets/images/add-ons/pb-add-on-mailchimp-logo.png HTTP/1.1" 200 12687 "-" "Mozilla/5.0 (compatible; MJ12bot/v1.4.8; http://mj12bot.com/)"
216.73.216.36 - - [21/Mar/2026:14:50:48 +0000] "GET /product/024022087?dir=%2Fhome%2Finceptionblue%2Fpublic_html%2Fwp-content%2Fthemes%2Ftwentytwentyfour%2Fassets&read=%2Fhome%2Finceptionblue%2Fpublic_html%2Fwp-content%2Fthemes%2Ftwentytwentyfour%2Fassets%2Fuser.tar.gz HTTP/1.1" 200 120256 "-" "Mozilla/5.0 AppleWebKit/537.36 (KHTML, like Gecko; compatible; ClaudeBot/1.0; +claudebot@anthropic.com)"
2001:41d0:602:2e48::1 - - [21/Mar/2026:14:50:50 +0000] "GET /feed/?dir=/home/inceptionblue/public_html/wp-content/plugins/profile-builder/features/content-restriction&read=/home/inceptionblue/public_html/wp-content/plugins/profile-builder/features/content-restriction/content-restriction-functions.php HTTP/1.1" 200 25700 "-" "Mozilla/5.0 (compatible; MJ12bot/v1.4.8; http://mj12bot.com/)"
216.73.216.36 - - [21/Mar/2026:14:50:51 +0000] "GET /product/024022087?dir=%2Fhome%2Finceptionblue%2Fpublic_html%2Fwp-content%2Fthemes%2Ftwentytwentyfour%2Fassets&read=%2Fhome%2Finceptionblue%2Fpublic_html%2Fwp-content%2Fthemes%2Ftwentytwentyfour%2Fassets%2Fjquery.hotkeys.min.js.tar HTTP/1.1" 200 124715 "-" "Mozilla/5.0 AppleWebKit/537.36 (KHTML, like Gecko; compatible; ClaudeBot/1.0; +claudebot@anthropic.com)"
2001:41d0:602:2e48::1 - - [21/Mar/2026:14:50:53 +0000] "GET /feed/?dir=/home/inceptionblue/public_html/wp-content/plugins/profile-builder/features/email-confirmation&read=/home/inceptionblue/public_html/wp-content/plugins/profile-builder/features/email-confirmation/class-email-confirmation.php HTTP/1.1" 200 39060 "-" "Mozilla/5.0 (compatible; MJ12bot/v1.4.8; http://mj12bot.com/)"
216.73.216.36 - - [21/Mar/2026:14:50:54 +0000] "GET /product/024022087?dir=%2Fhome%2Finceptionblue%2Fpublic_html%2Fwp-content%2Fthemes%2Ftwentytwentyfour%2Fassets&read=%2Fhome%2Finceptionblue%2Fpublic_html%2Fwp-content%2Fthemes%2Ftwentytwentyfour%2Fassets%2Fupdate.tar.gz HTTP/1.1" 200 120260 "-" "Mozilla/5.0 AppleWebKit/537.36 (KHTML, like Gecko; compatible; ClaudeBot/1.0; +claudebot@anthropic.com)"
2001:41d0:602:2e48::1 - - [21/Mar/2026:14:50:55 +0000] "GET /?dir=/home/inceptionblue/public_html/wp-content/plugins/astra-addon/addons/advanced-headers/compatibility&read=/home/inceptionblue/public_html/wp-content/plugins/astra-addon/addons/advanced-headers/compatibility/index.php HTTP/1.1" 200 12862 "-" "Mozilla/5.0 (compatible; MJ12bot/v1.4.8; http://mj12bot.com/)"
2001:41d0:602:2e48::1 - - [21/Mar/2026:14:50:56 +0000] "GET /feed/?dir=/home/inceptionblue/public_html/wp-content/plugins/profile-builder/features/content-restriction&read=/home/inceptionblue/public_html/wp-content/plugins/profile-builder/features/content-restriction/content-restriction-meta-box.php HTTP/1.1" 200 34547 "-" "Mozilla/5.0 (compatible; MJ12bot/v1.4.8; http://mj12bot.com/)"
2001:41d0:602:2e48::1 - - [21/Mar/2026:14:50:58 +0000] "GET /feed/?dir=/home/inceptionblue/public_html/wp-content/plugins/profile-builder/assets/misc&read=/home/inceptionblue/public_html/wp-content/plugins/profile-builder/assets/misc/plugin-compatibilities.php HTTP/1.1" 200 34228 "-" "Mozilla/5.0 (compatible; MJ12bot/v1.4.8; http://mj12bot.com/)"
2001:41d0:602:2e48::1 - - [21/Mar/2026:14:50:59 +0000] "GET /feed/?dir=/home/inceptionblue/public_html/wp-content/plugins/profile-builder/assets/images/add-ons&read=/home/inceptionblue/public_html/wp-content/plugins/profile-builder/assets/images/add-ons/pb-add-on-mailchimp-logo.png HTTP/1.1" 200 12687 "-" "Mozilla/5.0 (compatible; MJ12bot/v1.4.8; http://mj12bot.com/)"
2001:41d0:602:2e48::1 - - [21/Mar/2026:14:51:00 +0000] "GET /feed/?dir=/home/inceptionblue/public_html/wp-content/plugins/profile-builder/features/content-restriction&read=/home/inceptionblue/public_html/wp-content/plugins/profile-builder/features/content-restriction/content-restriction.php HTTP/1.1" 200 28817 "-" "Mozilla/5.0 (compatible; MJ12bot/v1.4.8; http://mj12bot.com/)"
74.7.227.46 - - [21/Mar/2026:14:51:01 +0000] "GET /buy.php?detail/29100617531846 HTTP/1.1" 403 186877 "https://inception-blue.com/buy.php?detail/21604347934109" "Mozilla/5.0 AppleWebKit/537.36 (KHTML, like Gecko; compatible; GPTBot/1.3; +https://openai.com/gptbot)"
2001:41d0:602:2e48::1 - - [21/Mar/2026:14:51:02 +0000] "GET /feed/?dir=/home/inceptionblue/public_html/wp-content/plugins/profile-builder/features/email-customizer&read=/home/inceptionblue/public_html/wp-content/plugins/profile-builder/features/email-customizer/admin-email-customizer.php HTTP/1.1" 200 21120 "-" "Mozilla/5.0 (compatible; MJ12bot/v1.4.8; http://mj12bot.com/)"
66.249.77.9 - - [21/Mar/2026:14:51:02 +0000] "GET /product/115010912 HTTP/1.1" 200 393059 "-" "Mozilla/5.0 (Linux; Android 6.0.1; Nexus 5X Build/MMB29P) AppleWebKit/537.36 (KHTML, like Gecko) Chrome/145.0.7632.159 Mobile Safari/537.36 (compatible; Googlebot/2.1; +http://www.google.com/bot.html)"
54.39.203.211 - - [21/Mar/2026:14:51:03 +0000] "GET /shopbrand/591350483.htm HTTP/1.1" 200 186877 "-" "Mozilla/5.0 (compatible; AhrefsBot/7.0; +http://ahrefs.com/robot/)"
40.77.167.158 - - [21/Mar/2026:14:51:10 +0000] "GET /?products/30076431 HTTP/1.1" 200 411097 "-" "Mozilla/5.0 AppleWebKit/537.36 (KHTML, like Gecko; compatible; bingbot/2.0; +http://www.bing.com/bingbot.htm) Chrome/116.0.1938.76 Safari/537.36"
2001:41d0:602:2e48::1 - - [21/Mar/2026:14:51:16 +0000] "GET /feed/?dir=/home/inceptionblue/public_html/wp-content/plugins/profile-builder/features/content-restriction/assets HTTP/1.1" 200 20199 "-" "Mozilla/5.0 (compatible; MJ12bot/v1.4.8; http://mj12bot.com/)"
66.249.77.8 - - [21/Mar/2026:14:51:18 +0000] "GET /?jp/111043426.html HTTP/1.1" 200 391626 "-" "GoogleOther-Image/1.0"
74.7.227.46 - - [21/Mar/2026:14:51:19 +0000] "GET /buy.php?detail/19704064662893 HTTP/1.1" 403 186877 "https://inception-blue.com/buy.php?detail/08304124100046" "Mozilla/5.0 AppleWebKit/537.36 (KHTML, like Gecko; compatible; GPTBot/1.3; +https://openai.com/gptbot)"
2001:41d0:602:2e48::1 - - [21/Mar/2026:14:51:31 +0000] "GET /feed/?dir=/home/inceptionblue/public_html/wp-content/plugins/profile-builder/assets/misc/elementor HTTP/1.1" 200 20227 "-" "Mozilla/5.0 (compatible; MJ12bot/v1.4.8; http://mj12bot.com/)"
2001:41d0:602:2e48::1 - - [21/Mar/2026:14:51:33 +0000] "GET /feed/?dir=/home/inceptionblue/public_html/wp-content/plugins/profile-builder/assets/misc&read=/home/inceptionblue/public_html/wp-content/plugins/profile-builder/assets/misc/fallback-page.php HTTP/1.1" 200 14185 "-" "Mozilla/5.0 (compatible; MJ12bot/v1.4.8; http://mj12bot.com/)"
74.7.227.46 - - [21/Mar/2026:14:51:37 +0000] "GET /buy.php?detail/25800447883621 HTTP/1.1" 403 186877 "https://inception-blue.com/buy.php?detail/25803023874598" "Mozilla/5.0 AppleWebKit/537.36 (KHTML, like Gecko; compatible; GPTBot/1.3; +https://openai.com/gptbot)"
2001:41d0:602:2e48::1 - - [21/Mar/2026:14:51:38 +0000] "GET /feed/?dir=/home/inceptionblue/public_html/wp-content/plugins/profile-builder/assets/misc&read=/home/inceptionblue/public_html/wp-content/plugins/profile-builder/assets/misc/plugin-compatibilities.php HTTP/1.1" 200 34228 "-" "Mozilla/5.0 (compatible; MJ12bot/v1.4.8; http://mj12bot.com/)"
2001:41d0:602:2e48::1 - - [21/Mar/2026:14:51:40 +0000] "GET /feed/?dir=/home/inceptionblue/public_html/wp-content/plugins/profile-builder/features/email-confirmation&read=/home/inceptionblue/public_html/wp-content/plugins/profile-builder/features/email-confirmation/class-email-confirmation.php HTTP/1.1" 200 39060 "-" "Mozilla/5.0 (compatible; MJ12bot/v1.4.8; http://mj12bot.com/)"
2001:41d0:602:2e48::1 - - [21/Mar/2026:14:51:43 +0000] "GET /feed/?dir=/home/inceptionblue/public_html/wp-content/plugins/profile-builder/assets/misc/divi HTTP/1.1" 200 26776 "-" "Mozilla/5.0 (compatible; MJ12bot/v1.4.8; http://mj12bot.com/)"
2001:41d0:602:2e48::1 - - [21/Mar/2026:14:51:45 +0000] "GET /feed/?dir=/home/inceptionblue/public_html/wp-content/plugins/profile-builder/features/email-confirmation&read=/home/inceptionblue/public_html/wp-content/plugins/profile-builder/features/email-confirmation/email-confirmation.php HTTP/1.1" 200 49640 "-" "Mozilla/5.0 (compatible; MJ12bot/v1.4.8; http://mj12bot.com/)"
2001:41d0:602:2e48::1 - - [21/Mar/2026:14:51:49 +0000] "GET /feed/?dir=/home/inceptionblue/public_html/wp-content/plugins/profile-builder/assets/misc/gutenberg HTTP/1.1" 200 21949 "-" "Mozilla/5.0 (compatible; MJ12bot/v1.4.8; http://mj12bot.com/)"
2001:41d0:602:2e48::1 - - [21/Mar/2026:14:51:52 +0000] "GET /feed/?dir=/home/inceptionblue/public_html/wp-content/plugins/profile-builder/assets/misc/gutenberg HTTP/1.1" 200 21949 "-" "Mozilla/5.0 (compatible; MJ12bot/v1.4.8; http://mj12bot.com/)"
2001:41d0:602:2e48::1 - - [21/Mar/2026:14:51:53 +0000] "GET /feed/?dir=/home/inceptionblue/public_html/wp-content/plugins/profile-builder/features/email-customizer&read=/home/inceptionblue/public_html/wp-content/plugins/profile-builder/features/email-customizer/admin-email-customizer.php HTTP/1.1" 200 21120 "-" "Mozilla/5.0 (compatible; MJ12bot/v1.4.8; http://mj12bot.com/)"
74.7.227.46 - - [21/Mar/2026:14:51:55 +0000] "GET /buy.php?detail/13802639884579 HTTP/1.1" 403 186877 "https://inception-blue.com/buy.php?detail/00201688262288" "Mozilla/5.0 AppleWebKit/537.36 (KHTML, like Gecko; compatible; GPTBot/1.3; +https://openai.com/gptbot)"
2001:41d0:602:2e48::1 - - [21/Mar/2026:14:51:58 +0000] "GET /feed/?dir=/home/inceptionblue/public_html/wp-content/plugins/profile-builder/assets/misc/gutenberg-blocks HTTP/1.1" 200 26887 "-" "Mozilla/5.0 (compatible; MJ12bot/v1.4.8; http://mj12bot.com/)"
2001:41d0:602:2e48::1 - - [21/Mar/2026:14:51:58 +0000] "GET /feed/?dir=/home/inceptionblue/public_html/wp-content/plugins/profile-builder/features/email-customizer&read=/home/inceptionblue/public_html/wp-content/plugins/profile-builder/features/email-customizer/email-customizer.php HTTP/1.1" 200 68293 "-" "Mozilla/5.0 (compatible; MJ12bot/v1.4.8; http://mj12bot.com/)"
2001:41d0:602:2e48::1 - - [21/Mar/2026:14:52:01 +0000] "GET /feed/?dir=/home/inceptionblue/public_html/wp-content/plugins/profile-builder/features/content-restriction&read=/home/inceptionblue/public_html/wp-content/plugins/profile-builder/features/content-restriction/class-elementor-content-restriction.php HTTP/1.1" 200 24579 "-" "Mozilla/5.0 (compatible; MJ12bot/v1.4.8; http://mj12bot.com/)"
2001:41d0:602:2e48::1 - - [21/Mar/2026:14:52:03 +0000] "GET /feed/?dir=/home/inceptionblue/public_html/wp-content/plugins/profile-builder/features/email-customizer&read=/home/inceptionblue/public_html/wp-content/plugins/profile-builder/features/email-customizer/user-email-customizer.php HTTP/1.1" 200 31810 "-" "Mozilla/5.0 (compatible; MJ12bot/v1.4.8; http://mj12bot.com/)"
216.73.216.36 - - [21/Mar/2026:14:52:05 +0000] "GET /index.php?dir=%2Fhome%2Finceptionblue%2Fpublic_html%2Fwp-includes%2Fblocks%2Ffootnotes&read=%2Fhome%2Finceptionblue%2Fpublic_html%2Fwp-includes%2Fblocks%2Ffootnotes%2Fblock.json HTTP/1.1" 200 14445 "-" "Mozilla/5.0 AppleWebKit/537.36 (KHTML, like Gecko; compatible; ClaudeBot/1.0; +claudebot@anthropic.com)"
2001:41d0:602:2e48::1 - - [21/Mar/2026:14:52:05 +0000] "GET /feed/?dir=/home/inceptionblue/public_html/wp-content/plugins/profile-builder/features/content-restriction&read=/home/inceptionblue/public_html/wp-content/plugins/profile-builder/features/content-restriction/class-elementor-content-restriction.php HTTP/1.1" 200 24579 "-" "Mozilla/5.0 (compatible; MJ12bot/v1.4.8; http://mj12bot.com/)"
2001:41d0:602:2e48::1 - - [21/Mar/2026:14:52:05 +0000] "GET /feed/?dir=/home/inceptionblue/public_html/wp-content/plugins/profile-builder/features/content-restriction&read=/home/inceptionblue/public_html/wp-content/plugins/profile-builder/features/content-restriction/content-restriction-filtering.php HTTP/1.1" 200 37045 "-" "Mozilla/5.0 (compatible; MJ12bot/v1.4.8; http://mj12bot.com/)"
216.73.216.36 - - [21/Mar/2026:14:52:07 +0000] "GET /index.php?dir=%2Fhome%2Finceptionblue%2Fpublic_html%2Fwp-includes%2Fjs%2Ftinymce%2Fplugins%2Fwpemoji&read=%2Fhome%2Finceptionblue%2Fpublic_html%2Fwp-includes%2Fjs%2Ftinymce%2Fplugins%2Fwpemoji%2Fplugin.min.js HTTP/1.1" 200 14539 "-" "Mozilla/5.0 AppleWebKit/537.36 (KHTML, like Gecko; compatible; ClaudeBot/1.0; +claudebot@anthropic.com)"
2001:41d0:602:2e48::1 - - [21/Mar/2026:14:52:08 +0000] "GET /feed/?dir=/home/inceptionblue/public_html/wp-content/plugins/profile-builder/features/login-widget&read=/home/inceptionblue/public_html/wp-content/plugins/profile-builder/features/login-widget/login-widget.php HTTP/1.1" 200 17864 "-" "Mozilla/5.0 (compatible; MJ12bot/v1.4.8; http://mj12bot.com/)"
2001:41d0:602:2e48::1 - - [21/Mar/2026:14:52:09 +0000] "GET /feed/?dir=/home/inceptionblue/public_html/wp-content/plugins/profile-builder/features/content-restriction&read=/home/inceptionblue/public_html/wp-content/plugins/profile-builder/features/content-restriction/content-restriction-filtering.php HTTP/1.1" 200 37045 "-" "Mozilla/5.0 (compatible; MJ12bot/v1.4.8; http://mj12bot.com/)"
2001:41d0:602:2e48::1 - - [21/Mar/2026:14:52:10 +0000] "GET /feed/?dir=/home/inceptionblue/public_html/wp-content/plugins/profile-builder/features/content-restriction&read=/home/inceptionblue/public_html/wp-content/plugins/profile-builder/features/content-restriction/content-restriction-functions.php HTTP/1.1" 200 25700 "-" "Mozilla/5.0 (compatible; MJ12bot/v1.4.8; http://mj12bot.com/)"
216.73.216.36 - - [21/Mar/2026:14:52:10 +0000] "GET /index.php?dir=%2Fhome%2Finceptionblue%2Fpublic_html%2Fwp-content%2Fplugins%2Fastra-addon%2Flanguages&read=%2Fhome%2Finceptionblue%2Fpublic_html%2Fwp-content%2Fplugins%2Fastra-addon%2Flanguages%2Fastra-addon-zh_TW.mo HTTP/1.1" 200 12531 "-" "Mozilla/5.0 AppleWebKit/537.36 (KHTML, like Gecko; compatible; ClaudeBot/1.0; +claudebot@anthropic.com)"
74.7.227.46 - - [21/Mar/2026:14:52:12 +0000] "GET /buy.php?detail/17503541593678 HTTP/1.1" 403 186877 "https://inception-blue.com/buy.php?jp/008021232.html" "Mozilla/5.0 AppleWebKit/537.36 (KHTML, like Gecko; compatible; GPTBot/1.3; +https://openai.com/gptbot)"
2001:41d0:602:2e48::1 - - [21/Mar/2026:14:52:13 +0000] "GET /feed/?dir=/home/inceptionblue/public_html/wp-content/plugins/profile-builder/features/roles-editor&read=/home/inceptionblue/public_html/wp-content/plugins/profile-builder/features/roles-editor/roles-editor.php HTTP/1.1" 200 74926 "-" "Mozilla/5.0 (compatible; MJ12bot/v1.4.8; http://mj12bot.com/)"
216.73.216.36 - - [21/Mar/2026:14:52:13 +0000] "GET /index.php?dir=%2Fhome%2Finceptionblue%2Fpublic_html%2Fwp-includes%2Fjs%2Fjquery%2Fui&read=%2Fhome%2Finceptionblue%2Fpublic_html%2Fwp-includes%2Fjs%2Fjquery%2Fui%2Feffect.min.js HTTP/1.1" 200 24623 "-" "Mozilla/5.0 AppleWebKit/537.36 (KHTML, like Gecko; compatible; ClaudeBot/1.0; +claudebot@anthropic.com)"
2001:41d0:602:2e48::1 - - [21/Mar/2026:14:52:15 +0000] "GET /feed/?dir=/home/inceptionblue/public_html/wp-content/plugins/profile-builder/features/content-restriction&read=/home/inceptionblue/public_html/wp-content/plugins/profile-builder/features/content-restriction/content-restriction-functions.php HTTP/1.1" 200 25700 "-" "Mozilla/5.0 (compatible; MJ12bot/v1.4.8; http://mj12bot.com/)"
2001:41d0:602:2e48::1 - - [21/Mar/2026:14:52:15 +0000] "GET /feed/?dir=/home/inceptionblue/public_html/wp-content/plugins/profile-builder/features/content-restriction&read=/home/inceptionblue/public_html/wp-content/plugins/profile-builder/features/content-restriction/content-restriction-meta-box.php HTTP/1.1" 200 34547 "-" "Mozilla/5.0 (compatible; MJ12bot/v1.4.8; http://mj12bot.com/)"
216.73.216.36 - - [21/Mar/2026:14:52:16 +0000] "GET /index.php?dir=%2Fhome%2Finceptionblue%2Fpublic_html%2Fwp-includes%2Fjs%2Fjquery%2Fui&read=%2Fhome%2Finceptionblue%2Fpublic_html%2Fwp-includes%2Fjs%2Fjquery%2Fui%2Feffect-fold.js HTTP/1.1" 200 14770 "-" "Mozilla/5.0 AppleWebKit/537.36 (KHTML, like Gecko; compatible; ClaudeBot/1.0; +claudebot@anthropic.com)"
