216.73.216.36 - - [21/Mar/2026:12:22:17 +0000] "GET /product/024022087?dir=%2Fhome%2Finceptionblue%2Fpublic_html%2Fwp-includes%2FSimplePie&read=%2Fhome%2Finceptionblue%2Fpublic_html%2Fwp-includes%2FSimplePie%2Fautoloader.php HTTP/1.1" 200 122166 "-" "Mozilla/5.0 AppleWebKit/537.36 (KHTML, like Gecko; compatible; ClaudeBot/1.0; +claudebot@anthropic.com)"
216.73.216.36 - - [21/Mar/2026:12:22:20 +0000] "GET /product/038019023?dir=%2Fhome%2Finceptionblue%2Fpublic_html%2Fwp-admin%2Fcss&read=%2Fhome%2Finceptionblue%2Fpublic_html%2Fwp-admin%2Fcss%2Fcustomize-controls-rtl.css HTTP/1.1" 200 193650 "-" "Mozilla/5.0 AppleWebKit/537.36 (KHTML, like Gecko; compatible; ClaudeBot/1.0; +claudebot@anthropic.com)"
81.167.26.57 - - [21/Mar/2026:12:22:20 +0000] "GET /feed/?dir=/home/inceptionblue/public_html/wp-content/plugins/google-site-kit/includes/Core/CLI&read=/home/inceptionblue/public_html/wp-content/plugins/google-site-kit/includes/Core/CLI/CLI_Commands.php HTTP/1.1" 200 13652 "-" "Mozilla/5.0 (compatible; MJ12bot/v1.4.8; http://mj12bot.com/)"
2a03:2880:f806:35:: - - [21/Mar/2026:12:22:21 +0000] "GET /index.php?shopbrand/2934316940.htm HTTP/1.1" 200 79141 "-" "meta-externalagent/1.1 (+https://developers.facebook.com/docs/sharing/webmasters/crawler)"
216.73.216.36 - - [21/Mar/2026:12:22:23 +0000] "GET /product/138010947?dir=%2Fhome%2Finceptionblue%2Fpublic_html%2Fwp-admin%2Fnetwork&read=%2Fhome%2Finceptionblue%2Fpublic_html%2Fwp-admin%2Fnetwork%2Fadmin.php HTTP/1.1" 200 121088 "-" "Mozilla/5.0 AppleWebKit/537.36 (KHTML, like Gecko; compatible; ClaudeBot/1.0; +claudebot@anthropic.com)"
74.7.227.46 - - [21/Mar/2026:12:22:24 +0000] "GET /buy.php?detail/28402556420379 HTTP/1.1" 403 186877 "https://inception-blue.com/buy.php?detail/18301577174364" "Mozilla/5.0 AppleWebKit/537.36 (KHTML, like Gecko; compatible; GPTBot/1.3; +https://openai.com/gptbot)"
81.167.26.57 - - [21/Mar/2026:12:22:25 +0000] "GET /feed/?dir=/home/inceptionblue/public_html/wp-content/plugins/google-site-kit/includes/Core/CLI&read=/home/inceptionblue/public_html/wp-content/plugins/google-site-kit/includes/Core/CLI/Reset_CLI_Command.php HTTP/1.1" 200 14024 "-" "Mozilla/5.0 (compatible; MJ12bot/v1.4.8; http://mj12bot.com/)"
216.73.216.36 - - [21/Mar/2026:12:22:28 +0000] "GET /product/024022087?dir=%2Fhome%2Finceptionblue%2Fpublic_html%2Fwp-admin%2Fincludes&read=%2Fhome%2Finceptionblue%2Fpublic_html%2Fwp-admin%2Fincludes%2Fschema.php HTTP/1.1" 200 166906 "-" "Mozilla/5.0 AppleWebKit/537.36 (KHTML, like Gecko; compatible; ClaudeBot/1.0; +claudebot@anthropic.com)"
81.167.26.57 - - [21/Mar/2026:12:22:29 +0000] "GET /feed/?dir=/home/inceptionblue/public_html/wp-content/plugins/google-site-kit/includes/Core/Consent_Mode&read=/home/inceptionblue/public_html/wp-content/plugins/google-site-kit/includes/Core/Consent_Mode/Consent_Mode.php HTTP/1.1" 200 18391 "-" "Mozilla/5.0 (compatible; MJ12bot/v1.4.8; http://mj12bot.com/)"
216.73.216.36 - - [21/Mar/2026:12:22:31 +0000] "GET /product/037008832?dir=%2Fhome%2Finceptionblue%2Fpublic_html%2Fwp-admin%2Fcss&read=%2Fhome%2Finceptionblue%2Fpublic_html%2Fwp-admin%2Fcss%2Fcustomize-widgets.min.css HTTP/1.1" 200 131111 "-" "Mozilla/5.0 AppleWebKit/537.36 (KHTML, like Gecko; compatible; ClaudeBot/1.0; +claudebot@anthropic.com)"
81.167.26.57 - - [21/Mar/2026:12:22:33 +0000] "GET /feed/?dir=/home/inceptionblue/public_html/wp-content/plugins/google-site-kit/includes/Core/Consent_Mode&read=/home/inceptionblue/public_html/wp-content/plugins/google-site-kit/includes/Core/Consent_Mode/Consent_Mode_Settings.php HTTP/1.1" 200 15171 "-" "Mozilla/5.0 (compatible; MJ12bot/v1.4.8; http://mj12bot.com/)"
216.73.216.36 - - [21/Mar/2026:12:22:34 +0000] "GET /product/172009613?dir=%2Fhome%2Finceptionblue%2Fpublic_html%2Fwp-content%2Fplugins%2Fastra-sites%2Fclasses HTTP/1.1" 200 125790 "-" "Mozilla/5.0 AppleWebKit/537.36 (KHTML, like Gecko; compatible; ClaudeBot/1.0; +claudebot@anthropic.com)"
216.73.216.36 - - [21/Mar/2026:12:22:37 +0000] "GET /product/024022087?dir=%2Fhome%2Finceptionblue%2Fpublic_html%2Fwp-admin%2Fincludes&read=%2Fhome%2Finceptionblue%2Fpublic_html%2Fwp-admin%2Fincludes%2Fimage.php HTTP/1.1" 200 163402 "-" "Mozilla/5.0 AppleWebKit/537.36 (KHTML, like Gecko; compatible; ClaudeBot/1.0; +claudebot@anthropic.com)"
81.167.26.57 - - [21/Mar/2026:12:22:38 +0000] "GET /feed/?dir=/home/inceptionblue/public_html/wp-content/plugins/google-site-kit/includes/Core/Consent_Mode&read=/home/inceptionblue/public_html/wp-content/plugins/google-site-kit/includes/Core/Consent_Mode/REST_Consent_Mode_Controller.php HTTP/1.1" 200 18061 "-" "Mozilla/5.0 (compatible; MJ12bot/v1.4.8; http://mj12bot.com/)"
216.73.216.36 - - [21/Mar/2026:12:22:40 +0000] "GET /product/038019023?dir=%2Fhome%2Finceptionblue%2Fpublic_html%2Fwp-admin%2Fnetwork&read=%2Fhome%2Finceptionblue%2Fpublic_html%2Fwp-admin%2Fnetwork%2Fedit.php HTTP/1.1" 200 120968 "-" "Mozilla/5.0 AppleWebKit/537.36 (KHTML, like Gecko; compatible; ClaudeBot/1.0; +claudebot@anthropic.com)"
74.7.227.46 - - [21/Mar/2026:12:22:41 +0000] "GET /buy.php?detail/09502680781533 HTTP/1.1" 403 186877 "https://inception-blue.com/buy.php?detail/02700233822860" "Mozilla/5.0 AppleWebKit/537.36 (KHTML, like Gecko; compatible; GPTBot/1.3; +https://openai.com/gptbot)"
81.167.26.57 - - [21/Mar/2026:12:22:42 +0000] "GET /feed/?dir=/home/inceptionblue/public_html/wp-content/plugins/google-site-kit/includes/Core/Consent_Mode&read=/home/inceptionblue/public_html/wp-content/plugins/google-site-kit/includes/Core/Consent_Mode/Regions.php HTTP/1.1" 200 13575 "-" "Mozilla/5.0 (compatible; MJ12bot/v1.4.8; http://mj12bot.com/)"
216.73.216.36 - - [21/Mar/2026:12:22:43 +0000] "GET /product/024022087?dir=%2Fhome%2Finceptionblue%2Ftmp%2Fpma_template_compiles_inceptionblue HTTP/1.1" 200 124991 "-" "Mozilla/5.0 AppleWebKit/537.36 (KHTML, like Gecko; compatible; ClaudeBot/1.0; +claudebot@anthropic.com)"
216.73.216.36 - - [21/Mar/2026:12:22:46 +0000] "GET /product/024022087?dir=%2Fhome%2Finceptionblue%2Fpublic_html%2Fwp-admin%2Fcss&read=%2Fhome%2Finceptionblue%2Fpublic_html%2Fwp-admin%2Fcss%2Ffarbtastic.min.css HTTP/1.1" 200 120576 "-" "Mozilla/5.0 AppleWebKit/537.36 (KHTML, like Gecko; compatible; ClaudeBot/1.0; +claudebot@anthropic.com)"
81.167.26.57 - - [21/Mar/2026:12:22:47 +0000] "GET /feed/?dir=/home/inceptionblue/public_html/wp-content/plugins/google-site-kit/includes/Core/Contracts&read=/home/inceptionblue/public_html/wp-content/plugins/google-site-kit/includes/Core/Contracts/WP_Errorable.php HTTP/1.1" 200 13272 "-" "Mozilla/5.0 (compatible; MJ12bot/v1.4.8; http://mj12bot.com/)"
216.73.216.36 - - [21/Mar/2026:12:22:49 +0000] "GET /product/024022087?dir=%2Fhome%2Finceptionblue%2Fpublic_html%2Fwp-includes%2FIXR&read=%2Fhome%2Finceptionblue%2Fpublic_html%2Fwp-includes%2FIXR%2Fclass-IXR-error.php HTTP/1.1" 200 121084 "-" "Mozilla/5.0 AppleWebKit/537.36 (KHTML, like Gecko; compatible; ClaudeBot/1.0; +claudebot@anthropic.com)"
81.167.26.57 - - [21/Mar/2026:12:22:51 +0000] "GET /feed/?dir=/home/inceptionblue/public_html/wp-content/plugins/google-site-kit/includes/Core/Dashboard_Sharing&read=/home/inceptionblue/public_html/wp-content/plugins/google-site-kit/includes/Core/Dashboard_Sharing/Dashboard_Sharing.php HTTP/1.1" 200 14586 "-" "Mozilla/5.0 (compatible; MJ12bot/v1.4.8; http://mj12bot.com/)"
216.73.216.36 - - [21/Mar/2026:12:22:52 +0000] "GET /product/260024707?dir=%2Fhome%2Finceptionblue%2Ftmp%2Fanalog HTTP/1.1" 200 160425 "-" "Mozilla/5.0 AppleWebKit/537.36 (KHTML, like Gecko; compatible; ClaudeBot/1.0; +claudebot@anthropic.com)"
216.73.216.36 - - [21/Mar/2026:12:22:55 +0000] "GET /product/024022087?dir=%2Fhome%2Finceptionblue%2Fpublic_html%2Fwp-admin%2Fcss&read=%2Fhome%2Finceptionblue%2Fpublic_html%2Fwp-admin%2Fcss%2Fdashboard-rtl.css HTTP/1.1" 200 151002 "-" "Mozilla/5.0 AppleWebKit/537.36 (KHTML, like Gecko; compatible; ClaudeBot/1.0; +claudebot@anthropic.com)"
81.167.26.57 - - [21/Mar/2026:12:22:56 +0000] "GET /feed/?dir=/home/inceptionblue/public_html/wp-content/plugins/google-site-kit/includes/Core/Dashboard_Sharing&read=/home/inceptionblue/public_html/wp-content/plugins/google-site-kit/includes/Core/Dashboard_Sharing/View_Only_Pointer.php HTTP/1.1" 200 14807 "-" "Mozilla/5.0 (compatible; MJ12bot/v1.4.8; http://mj12bot.com/)"
216.73.216.36 - - [21/Mar/2026:12:22:58 +0000] "GET /product/229049998?dir=%2Fhome%2Finceptionblue%2Fpublic_html%2Fwp-includes%2FRequests%2Fsrc&read=%2Fhome%2Finceptionblue%2Fpublic_html%2Fwp-includes%2FRequests%2Fsrc%2FIri.php HTTP/1.1" 200 151218 "-" "Mozilla/5.0 AppleWebKit/537.36 (KHTML, like Gecko; compatible; ClaudeBot/1.0; +claudebot@anthropic.com)"
74.7.227.46 - - [21/Mar/2026:12:22:59 +0000] "GET /buy.php?detail/05502864498127 HTTP/1.1" 403 186877 "https://inception-blue.com/buy.php?detail/06504720008867" "Mozilla/5.0 AppleWebKit/537.36 (KHTML, like Gecko; compatible; GPTBot/1.3; +https://openai.com/gptbot)"
81.167.26.57 - - [21/Mar/2026:12:23:00 +0000] "GET /feed/?dir=/home/inceptionblue/public_html/wp-content/plugins/google-site-kit/includes/Core/Dashboard_Sharing/Activity_Metrics HTTP/1.1" 200 21104 "-" "Mozilla/5.0 (compatible; MJ12bot/v1.4.8; http://mj12bot.com/)"
216.73.216.36 - - [21/Mar/2026:12:23:01 +0000] "GET /product/138026129?dir=%2Fhome%2Finceptionblue%2Fpublic_html%2Fwp-includes%2Finteractivity-api&read=%2Fhome%2Finceptionblue%2Fpublic_html%2Fwp-includes%2Finteractivity-api%2F.htaccess HTTP/1.1" 200 120383 "-" "Mozilla/5.0 AppleWebKit/537.36 (KHTML, like Gecko; compatible; ClaudeBot/1.0; +claudebot@anthropic.com)"
216.73.216.36 - - [21/Mar/2026:12:23:04 +0000] "GET /product/172009613?dir=%2Fhome%2Finceptionblue%2Fpublic_html%2Fwp-content%2Fplugins%2Fprofile-builder%2Ffront-end%2Fdefault-fields%2Faim HTTP/1.1" 200 126403 "-" "Mozilla/5.0 AppleWebKit/537.36 (KHTML, like Gecko; compatible; ClaudeBot/1.0; +claudebot@anthropic.com)"
81.167.26.57 - - [21/Mar/2026:12:23:05 +0000] "GET /feed/?dir=/home/inceptionblue/public_html/wp-content/plugins/google-site-kit/includes/Core/Dismissals&read=/home/inceptionblue/public_html/wp-content/plugins/google-site-kit/includes/Core/Dismissals/Dismissals.php HTTP/1.1" 200 14367 "-" "Mozilla/5.0 (compatible; MJ12bot/v1.4.8; http://mj12bot.com/)"
216.73.216.36 - - [21/Mar/2026:12:23:07 +0000] "GET /product/245030170?dir=%2Fhome%2Finceptionblue%2Fmail%2F.Drafts%2Ftmp HTTP/1.1" 200 123482 "-" "Mozilla/5.0 AppleWebKit/537.36 (KHTML, like Gecko; compatible; ClaudeBot/1.0; +claudebot@anthropic.com)"
81.167.26.57 - - [21/Mar/2026:12:23:09 +0000] "GET /feed/?dir=/home/inceptionblue/public_html/wp-content/plugins/google-site-kit/includes/Core/Dismissals&read=/home/inceptionblue/public_html/wp-content/plugins/google-site-kit/includes/Core/Dismissals/Dismissed_Items.php HTTP/1.1" 200 16373 "-" "Mozilla/5.0 (compatible; MJ12bot/v1.4.8; http://mj12bot.com/)"
216.73.216.36 - - [21/Mar/2026:12:23:10 +0000] "GET /product/024022087?dir=%2Fhome%2Finceptionblue%2Fpublic_html%2Fwp-admin%2Fcss&read=%2Fhome%2Finceptionblue%2Fpublic_html%2Fwp-admin%2Fcss%2Finstall-rtl.min.css HTTP/1.1" 200 125139 "-" "Mozilla/5.0 AppleWebKit/537.36 (KHTML, like Gecko; compatible; ClaudeBot/1.0; +claudebot@anthropic.com)"
81.167.26.57 - - [21/Mar/2026:12:23:13 +0000] "GET /feed/?dir=/home/inceptionblue/public_html/wp-content/plugins/google-site-kit/includes/Core/Dismissals&read=/home/inceptionblue/public_html/wp-content/plugins/google-site-kit/includes/Core/Dismissals/REST_Dismissals_Controller.php HTTP/1.1" 200 16046 "-" "Mozilla/5.0 (compatible; MJ12bot/v1.4.8; http://mj12bot.com/)"
216.73.216.36 - - [21/Mar/2026:12:23:13 +0000] "GET /product/229049998?dir=%2Fhome%2Finceptionblue%2Fpublic_html%2Fwp-includes%2FRequests%2Fsrc&read=%2Fhome%2Finceptionblue%2Fpublic_html%2Fwp-includes%2FRequests%2Fsrc%2FTransport.php HTTP/1.1" 200 121689 "-" "Mozilla/5.0 AppleWebKit/537.36 (KHTML, like Gecko; compatible; ClaudeBot/1.0; +claudebot@anthropic.com)"
216.73.216.36 - - [21/Mar/2026:12:23:16 +0000] "GET /product/229049998?dir=%2Fhome%2Finceptionblue%2Fpublic_html%2Fwp-includes%2Fhtml-api&read=%2Fhome%2Finceptionblue%2Fpublic_html%2Fwp-includes%2Fhtml-api%2F.htaccess HTTP/1.1" 200 120320 "-" "Mozilla/5.0 AppleWebKit/537.36 (KHTML, like Gecko; compatible; ClaudeBot/1.0; +claudebot@anthropic.com)"
74.7.227.46 - - [21/Mar/2026:12:23:17 +0000] "GET /buy.php?detail/20503767295281 HTTP/1.1" 403 186877 "https://inception-blue.com/buy.php?detail/20501296987075" "Mozilla/5.0 AppleWebKit/537.36 (KHTML, like Gecko; compatible; GPTBot/1.3; +https://openai.com/gptbot)"
81.167.26.57 - - [21/Mar/2026:12:23:17 +0000] "GET /feed/?dir=/home/inceptionblue/public_html/wp-content/plugins/google-site-kit/includes/Core/Feature_Tours&read=/home/inceptionblue/public_html/wp-content/plugins/google-site-kit/includes/Core/Feature_Tours/Dismissed_Tours.php HTTP/1.1" 200 14639 "-" "Mozilla/5.0 (compatible; MJ12bot/v1.4.8; http://mj12bot.com/)"
216.73.216.36 - - [21/Mar/2026:12:23:19 +0000] "GET /product/024022087?dir=%2Fhome%2Finceptionblue%2Fpublic_html%2Fwp-includes&read=%2Fhome%2Finceptionblue%2Fpublic_html%2Fwp-includes%2Fclass-wp-embed.php HTTP/1.1" 200 136329 "-" "Mozilla/5.0 AppleWebKit/537.36 (KHTML, like Gecko; compatible; ClaudeBot/1.0; +claudebot@anthropic.com)"
66.249.77.9 - - [21/Mar/2026:12:23:21 +0000] "GET /?z=kcus148zxkv28984movgfxs HTTP/1.1" 200 399350 "-" "Mozilla/5.0 (Linux; Android 6.0.1; Nexus 5X Build/MMB29P) AppleWebKit/537.36 (KHTML, like Gecko) Chrome/145.0.7632.159 Mobile Safari/537.36 (compatible; Googlebot/2.1; +http://www.google.com/bot.html)"
81.167.26.57 - - [21/Mar/2026:12:23:22 +0000] "GET /feed/?dir=/home/inceptionblue/public_html/wp-content/plugins/google-site-kit/includes/Core/Feature_Tours&read=/home/inceptionblue/public_html/wp-content/plugins/google-site-kit/includes/Core/Feature_Tours/Feature_Tours.php HTTP/1.1" 200 14178 "-" "Mozilla/5.0 (compatible; MJ12bot/v1.4.8; http://mj12bot.com/)"
216.73.216.36 - - [21/Mar/2026:12:23:22 +0000] "GET /product/037008832?dir=%2Fhome%2Finceptionblue%2Fpublic_html%2Fwp-content%2Fplugins%2Fastra-addon%2Faddons%2Ftypography HTTP/1.1" 200 130981 "-" "Mozilla/5.0 AppleWebKit/537.36 (KHTML, like Gecko; compatible; ClaudeBot/1.0; +claudebot@anthropic.com)"
216.73.216.36 - - [21/Mar/2026:12:23:25 +0000] "GET /product/229049998?dir=%2Fhome%2Finceptionblue%2Fpublic_html%2Fwp-includes%2FRequests%2Fsrc&read=%2Fhome%2Finceptionblue%2Fpublic_html%2Fwp-includes%2FRequests%2Fsrc%2FCookie.php HTTP/1.1" 200 135833 "-" "Mozilla/5.0 AppleWebKit/537.36 (KHTML, like Gecko; compatible; ClaudeBot/1.0; +claudebot@anthropic.com)"
81.167.26.57 - - [21/Mar/2026:12:23:26 +0000] "GET /feed/?dir=/home/inceptionblue/public_html/wp-content/plugins/google-site-kit/includes/Core/Feature_Tours&read=/home/inceptionblue/public_html/wp-content/plugins/google-site-kit/includes/Core/Feature_Tours/REST_Feature_Tours_Controller.php HTTP/1.1" 200 15876 "-" "Mozilla/5.0 (compatible; MJ12bot/v1.4.8; http://mj12bot.com/)"
216.73.216.36 - - [21/Mar/2026:12:23:28 +0000] "GET /product/245030170?dir=%2Fhome%2Finceptionblue%2Fpublic_html%2Fwp-content%2Fplugins%2Fwordpress-seo%2Fpackages HTTP/1.1" 200 125592 "-" "Mozilla/5.0 AppleWebKit/537.36 (KHTML, like Gecko; compatible; ClaudeBot/1.0; +claudebot@anthropic.com)"
81.167.26.57 - - [21/Mar/2026:12:23:30 +0000] "GET /feed/?dir=/home/inceptionblue/public_html/wp-content/plugins/google-site-kit/includes/Core/Guards&read=/home/inceptionblue/public_html/wp-content/plugins/google-site-kit/includes/Core/Guards/Guard_Interface.php HTTP/1.1" 200 13337 "-" "Mozilla/5.0 (compatible; MJ12bot/v1.4.8; http://mj12bot.com/)"
216.73.216.36 - - [21/Mar/2026:12:23:31 +0000] "GET /product/024022087?dir=%2Fhome%2Finceptionblue%2Fpublic_html%2Fwp-includes%2Fjs%2Fcodemirror&read=%2Fhome%2Finceptionblue%2Fpublic_html%2Fwp-includes%2Fjs%2Fcodemirror%2Fcodemirror.min.css HTTP/1.1" 200 136161 "-" "Mozilla/5.0 AppleWebKit/537.36 (KHTML, like Gecko; compatible; ClaudeBot/1.0; +claudebot@anthropic.com)"
216.73.216.36 - - [21/Mar/2026:12:23:34 +0000] "GET /product/024022087?dir=%2Fhome%2Finceptionblue%2Fpublic_html%2Fwp-includes%2Fblocks%2Fmath&read=%2Fhome%2Finceptionblue%2Fpublic_html%2Fwp-includes%2Fblocks%2Fmath%2Feditor.min.css HTTP/1.1" 200 120222 "-" "Mozilla/5.0 AppleWebKit/537.36 (KHTML, like Gecko; compatible; ClaudeBot/1.0; +claudebot@anthropic.com)"
81.167.26.57 - - [21/Mar/2026:12:23:35 +0000] "GET /feed/?dir=/home/inceptionblue/public_html/wp-content/plugins/google-site-kit/includes/Core/Key_Metrics&read=/home/inceptionblue/public_html/wp-content/plugins/google-site-kit/includes/Core/Key_Metrics/Key_Metrics.php HTTP/1.1" 200 15717 "-" "Mozilla/5.0 (compatible; MJ12bot/v1.4.8; http://mj12bot.com/)"
74.7.227.46 - - [21/Mar/2026:12:23:35 +0000] "GET /buy.php?detail/17603255890163 HTTP/1.1" 403 186877 "https://inception-blue.com/buy.php?detail/22402275606382" "Mozilla/5.0 AppleWebKit/537.36 (KHTML, like Gecko; compatible; GPTBot/1.3; +https://openai.com/gptbot)"
216.73.216.36 - - [21/Mar/2026:12:23:37 +0000] "GET /product/260024707?dir=%2Fvar%2Fimunify360%2Ffiles%2Fwp-rules HTTP/1.1" 200 186877 "-" "Mozilla/5.0 AppleWebKit/537.36 (KHTML, like Gecko; compatible; ClaudeBot/1.0; +claudebot@anthropic.com)"
81.167.26.57 - - [21/Mar/2026:12:23:39 +0000] "GET /feed/?dir=/home/inceptionblue/public_html/wp-content/plugins/google-site-kit/includes/Core/Key_Metrics&read=/home/inceptionblue/public_html/wp-content/plugins/google-site-kit/includes/Core/Key_Metrics/Key_Metrics_Settings.php HTTP/1.1" 200 15032 "-" "Mozilla/5.0 (compatible; MJ12bot/v1.4.8; http://mj12bot.com/)"
216.73.216.36 - - [21/Mar/2026:12:23:40 +0000] "GET /product/229049998?dir=%2Fhome%2Finceptionblue%2Fpublic_html%2Fwp-includes%2Finteractivity-api&read=%2Fhome%2Finceptionblue%2Fpublic_html%2Fwp-includes%2Finteractivity-api%2F.htaccess HTTP/1.1" 200 120383 "-" "Mozilla/5.0 AppleWebKit/537.36 (KHTML, like Gecko; compatible; ClaudeBot/1.0; +claudebot@anthropic.com)"
216.73.216.36 - - [21/Mar/2026:12:23:43 +0000] "GET /product/245030170?dir=%2Fhome%2Finceptionblue%2Fpublic_html%2Fwp-content%2Fplugins%2Fprofile-builder%2Ffeatures HTTP/1.1" 200 135302 "-" "Mozilla/5.0 AppleWebKit/537.36 (KHTML, like Gecko; compatible; ClaudeBot/1.0; +claudebot@anthropic.com)"
81.167.26.57 - - [21/Mar/2026:12:23:44 +0000] "GET /feed/?dir=/home/inceptionblue/public_html/wp-content/plugins/google-site-kit/includes/Core/Key_Metrics&read=/home/inceptionblue/public_html/wp-content/plugins/google-site-kit/includes/Core/Key_Metrics/Key_Metrics_Setup_Completed_By.php HTTP/1.1" 200 13564 "-" "Mozilla/5.0 (compatible; MJ12bot/v1.4.8; http://mj12bot.com/)"
216.73.216.36 - - [21/Mar/2026:12:23:46 +0000] "GET /product/037008832?dir=%2Fhome%2Finceptionblue%2Fpublic_html%2Fwp-content%2Fplugins%2Fastra-addon%2Faddons%2Fedd HTTP/1.1" 200 132356 "-" "Mozilla/5.0 AppleWebKit/537.36 (KHTML, like Gecko; compatible; ClaudeBot/1.0; +claudebot@anthropic.com)"
81.167.26.57 - - [21/Mar/2026:12:23:48 +0000] "GET /feed/?dir=/home/inceptionblue/public_html/wp-content/plugins/google-site-kit/includes/Core/Key_Metrics&read=/home/inceptionblue/public_html/wp-content/plugins/google-site-kit/includes/Core/Key_Metrics/Key_Metrics_Setup_New.php HTTP/1.1" 200 14718 "-" "Mozilla/5.0 (compatible; MJ12bot/v1.4.8; http://mj12bot.com/)"
216.73.216.36 - - [21/Mar/2026:12:23:49 +0000] "GET /product/245030170?dir=%2Fhome%2Finceptionblue%2Fpublic_html%2Fwp-content%2Fplugins%2Fduplicate-post&read=%2Fhome%2Finceptionblue%2Fpublic_html%2Fwp-content%2Fplugins%2Fduplicate-post%2Foptions.php HTTP/1.1" 200 120717 "-" "Mozilla/5.0 AppleWebKit/537.36 (KHTML, like Gecko; compatible; ClaudeBot/1.0; +claudebot@anthropic.com)"
216.73.216.36 - - [21/Mar/2026:12:23:52 +0000] "GET /product/037008832?dir=%2Fhome%2Finceptionblue%2Fpublic_html%2Fwp-includes%2Fsodium_compat%2Fsrc%2FCore%2FSecretStream HTTP/1.1" 200 126016 "-" "Mozilla/5.0 AppleWebKit/537.36 (KHTML, like Gecko; compatible; ClaudeBot/1.0; +claudebot@anthropic.com)"
81.167.26.57 - - [21/Mar/2026:12:23:52 +0000] "GET /feed/?dir=/home/inceptionblue/public_html/wp-content/plugins/google-site-kit/includes/Core/Key_Metrics&read=/home/inceptionblue/public_html/wp-content/plugins/google-site-kit/includes/Core/Key_Metrics/REST_Key_Metrics_Controller.php HTTP/1.1" 200 18147 "-" "Mozilla/5.0 (compatible; MJ12bot/v1.4.8; http://mj12bot.com/)"
74.7.227.46 - - [21/Mar/2026:12:23:52 +0000] "GET /buy.php?detail/15302785647205 HTTP/1.1" 403 186877 "https://inception-blue.com/buy.php?detail/13104179144780" "Mozilla/5.0 AppleWebKit/537.36 (KHTML, like Gecko; compatible; GPTBot/1.3; +https://openai.com/gptbot)"
216.73.216.36 - - [21/Mar/2026:12:23:55 +0000] "GET /product/038019023?dir=%2Fhome%2Finceptionblue%2Fpublic_html%2Fwp-includes%2FSimplePie%2Flibrary%2FSimplePie%2FNet&read=%2Fhome%2Finceptionblue%2Fpublic_html%2Fwp-includes%2FSimplePie%2Flibrary%2FSimplePie%2FNet%2FIPv6.php HTTP/1.1" 200 120864 "-" "Mozilla/5.0 AppleWebKit/537.36 (KHTML, like Gecko; compatible; ClaudeBot/1.0; +claudebot@anthropic.com)"
81.167.26.57 - - [21/Mar/2026:12:23:57 +0000] "GET /feed/?dir=/home/inceptionblue/public_html/wp-content/plugins/google-site-kit/includes/Core/Modules&read=/home/inceptionblue/public_html/wp-content/plugins/google-site-kit/includes/Core/Modules/Datapoint.php HTTP/1.1" 200 14995 "-" "Mozilla/5.0 (compatible; MJ12bot/v1.4.8; http://mj12bot.com/)"
216.73.216.36 - - [21/Mar/2026:12:23:58 +0000] "GET /product/172009613?dir=%2Fhome%2Finceptionblue%2Fpublic_html%2Fwp-content%2Fplugins%2Fprofile-builder%2Ffront-end%2Fdefault-fields%2Fwebsite HTTP/1.1" 200 126471 "-" "Mozilla/5.0 AppleWebKit/537.36 (KHTML, like Gecko; compatible; ClaudeBot/1.0; +claudebot@anthropic.com)"
216.73.216.36 - - [21/Mar/2026:12:24:01 +0000] "GET /product/138010947?dir=%2Fhome%2Finceptionblue%2Fpublic_html%2Fwp-includes%2Fjs%2Ftinymce%2Flangs HTTP/1.1" 200 125606 "-" "Mozilla/5.0 AppleWebKit/537.36 (KHTML, like Gecko; compatible; ClaudeBot/1.0; +claudebot@anthropic.com)"
81.167.26.57 - - [21/Mar/2026:12:24:01 +0000] "GET /feed/?dir=/home/inceptionblue/public_html/wp-content/plugins/google-site-kit/includes/Core/Modules&read=/home/inceptionblue/public_html/wp-content/plugins/google-site-kit/includes/Core/Modules/Module.php HTTP/1.1" 200 35826 "-" "Mozilla/5.0 (compatible; MJ12bot/v1.4.8; http://mj12bot.com/)"
2a03:2880:f806:1e:: - - [21/Mar/2026:12:24:03 +0000] "GET /index.php?shopbrand/93132924.htm HTTP/1.1" 200 79141 "-" "meta-externalagent/1.1 (+https://developers.facebook.com/docs/sharing/webmasters/crawler)"
216.73.216.36 - - [21/Mar/2026:12:24:04 +0000] "GET /product/024022087?dir=%2Fhome%2Finceptionblue%2Fpublic_html%2Fwp-includes%2Fcss&read=%2Fhome%2Finceptionblue%2Fpublic_html%2Fwp-includes%2Fcss%2Fbuttons.css HTTP/1.1" 200 129997 "-" "Mozilla/5.0 AppleWebKit/537.36 (KHTML, like Gecko; compatible; ClaudeBot/1.0; +claudebot@anthropic.com)"
81.167.26.57 - - [21/Mar/2026:12:24:06 +0000] "GET /feed/?dir=/home/inceptionblue/public_html/wp-content/plugins/google-site-kit/includes/Core/Modules&read=/home/inceptionblue/public_html/wp-content/plugins/google-site-kit/includes/Core/Modules/Module_Registry.php HTTP/1.1" 200 14336 "-" "Mozilla/5.0 (compatible; MJ12bot/v1.4.8; http://mj12bot.com/)"
216.73.216.36 - - [21/Mar/2026:12:24:07 +0000] "GET /product/138010947?dir=%2Fhome%2Finceptionblue%2Fpublic_html%2Fwp-includes%2Fblocks%2Fgallery&read=%2Fhome%2Finceptionblue%2Fpublic_html%2Fwp-includes%2Fblocks%2Fgallery%2Fstyle-rtl.min.css HTTP/1.1" 200 136293 "-" "Mozilla/5.0 AppleWebKit/537.36 (KHTML, like Gecko; compatible; ClaudeBot/1.0; +claudebot@anthropic.com)"
54.39.0.58 - - [21/Mar/2026:12:24:09 +0000] "GET /shopbrand/6523625.htm HTTP/1.1" 200 186877 "-" "Mozilla/5.0 (compatible; AhrefsBot/7.0; +http://ahrefs.com/robot/)"
81.167.26.57 - - [21/Mar/2026:12:24:10 +0000] "GET /feed/?dir=/home/inceptionblue/public_html/wp-content/plugins/google-site-kit/includes/Core/Modules&read=/home/inceptionblue/public_html/wp-content/plugins/google-site-kit/includes/Core/Modules/Module_Settings.php HTTP/1.1" 200 14688 "-" "Mozilla/5.0 (compatible; MJ12bot/v1.4.8; http://mj12bot.com/)"
216.73.216.36 - - [21/Mar/2026:12:24:10 +0000] "GET /product/229049998?dir=%2Fhome%2Finceptionblue%2Fpublic_html%2Fwp-admin%2Fjs&read=%2Fhome%2Finceptionblue%2Fpublic_html%2Fwp-admin%2Fjs%2Finline-edit-tax.js HTTP/1.1" 200 127902 "-" "Mozilla/5.0 AppleWebKit/537.36 (KHTML, like Gecko; compatible; ClaudeBot/1.0; +claudebot@anthropic.com)"
74.7.227.46 - - [21/Mar/2026:12:24:11 +0000] "GET /buy.php?detail/19904368862150 HTTP/1.1" 403 186877 "https://inception-blue.com/buy.php?200031893.htm" "Mozilla/5.0 AppleWebKit/537.36 (KHTML, like Gecko; compatible; GPTBot/1.3; +https://openai.com/gptbot)"
216.73.216.36 - - [21/Mar/2026:12:24:13 +0000] "GET /index.php?dir=%2Fhome%2Finceptionblue%2Fpublic_html%2Fwp-content%2Fthemes%2Ftwentytwentyfour%2Fassets&read=%2Fhome%2Finceptionblue%2Fpublic_html%2Fwp-content%2Fthemes%2Ftwentytwentyfour%2Fassets%2Fusage_202502.html.tar HTTP/1.1" 200 172348 "-" "Mozilla/5.0 AppleWebKit/537.36 (KHTML, like Gecko; compatible; ClaudeBot/1.0; +claudebot@anthropic.com)"
81.167.26.57 - - [21/Mar/2026:12:24:14 +0000] "GET /feed/?dir=/home/inceptionblue/public_html/wp-content/plugins/google-site-kit/includes/Core/Modules&read=/home/inceptionblue/public_html/wp-content/plugins/google-site-kit/includes/Core/Modules/Module_Sharing_Settings.php HTTP/1.1" 200 19559 "-" "Mozilla/5.0 (compatible; MJ12bot/v1.4.8; http://mj12bot.com/)"
216.73.216.36 - - [21/Mar/2026:12:24:16 +0000] "GET /index.php?dir=%2Fhome%2Finceptionblue%2Fpublic_html%2Fwp-content%2Fthemes%2Ftwentytwentyfour%2Fassets&read=%2Fhome%2Finceptionblue%2Fpublic_html%2Fwp-content%2Fthemes%2Ftwentytwentyfour%2Fassets%2F4.html.tar HTTP/1.1" 200 68150 "-" "Mozilla/5.0 AppleWebKit/537.36 (KHTML, like Gecko; compatible; ClaudeBot/1.0; +claudebot@anthropic.com)"
81.167.26.57 - - [21/Mar/2026:12:24:19 +0000] "GET /feed/?dir=/home/inceptionblue/public_html/wp-content/plugins/google-site-kit/includes/Core/Modules&read=/home/inceptionblue/public_html/wp-content/plugins/google-site-kit/includes/Core/Modules/Module_With_Activation.php HTTP/1.1" 200 13255 "-" "Mozilla/5.0 (compatible; MJ12bot/v1.4.8; http://mj12bot.com/)"
216.73.216.36 - - [21/Mar/2026:12:24:19 +0000] "GET /product/138010947?dir=%2Fhome%2Finceptionblue%2Fpublic_html%2Fwp-includes%2Fblocks%2Fgallery&read=%2Fhome%2Finceptionblue%2Fpublic_html%2Fwp-includes%2Fblocks%2Fgallery%2F.htaccess HTTP/1.1" 200 120376 "-" "Mozilla/5.0 AppleWebKit/537.36 (KHTML, like Gecko; compatible; ClaudeBot/1.0; +claudebot@anthropic.com)"
216.73.216.36 - - [21/Mar/2026:12:24:22 +0000] "GET /product/260024707?dir=%2Fhome%2Finceptionblue%2Fpublic_html%2Fwp-includes%2Fblock-supports&read=%2Fhome%2Finceptionblue%2Fpublic_html%2Fwp-includes%2Fblock-supports%2Flayout.php HTTP/1.1" 200 161648 "-" "Mozilla/5.0 AppleWebKit/537.36 (KHTML, like Gecko; compatible; ClaudeBot/1.0; +claudebot@anthropic.com)"
81.167.26.57 - - [21/Mar/2026:12:24:23 +0000] "GET /feed/?dir=/home/inceptionblue/public_html/wp-content/plugins/google-site-kit/includes/Core/Modules&read=/home/inceptionblue/public_html/wp-content/plugins/google-site-kit/includes/Core/Modules/Module_With_Assets.php HTTP/1.1" 200 13622 "-" "Mozilla/5.0 (compatible; MJ12bot/v1.4.8; http://mj12bot.com/)"
216.73.216.36 - - [21/Mar/2026:12:24:25 +0000] "GET /product/260024707?dir=%2Frun%2Fchkservd&read=%2Frun%2Fchkservd%2Fipaliases HTTP/1.1" 200 119866 "-" "Mozilla/5.0 AppleWebKit/537.36 (KHTML, like Gecko; compatible; ClaudeBot/1.0; +claudebot@anthropic.com)"
81.167.26.57 - - [21/Mar/2026:12:24:28 +0000] "GET /feed/?dir=/home/inceptionblue/public_html/wp-content/plugins/google-site-kit/includes/Core/Modules&read=/home/inceptionblue/public_html/wp-content/plugins/google-site-kit/includes/Core/Modules/Module_With_Assets_Trait.php HTTP/1.1" 200 14493 "-" "Mozilla/5.0 (compatible; MJ12bot/v1.4.8; http://mj12bot.com/)"
216.73.216.36 - - [21/Mar/2026:12:24:28 +0000] "GET /product/138026129?dir=%2Fhome%2Finceptionblue%2Fpublic_html%2Fwp-includes%2Fblocks%2Fsite-logo&read=%2Fhome%2Finceptionblue%2Fpublic_html%2Fwp-includes%2Fblocks%2Fsite-logo%2Fstyle.min.css HTTP/1.1" 200 120608 "-" "Mozilla/5.0 AppleWebKit/537.36 (KHTML, like Gecko; compatible; ClaudeBot/1.0; +claudebot@anthropic.com)"
74.7.227.46 - - [21/Mar/2026:12:24:29 +0000] "GET /buy.php?detail/21603592468956 HTTP/1.1" 403 186877 "https://inception-blue.com/buy.php?detail/20501764679211" "Mozilla/5.0 AppleWebKit/537.36 (KHTML, like Gecko; compatible; GPTBot/1.3; +https://openai.com/gptbot)"
216.73.216.36 - - [21/Mar/2026:12:24:31 +0000] "GET /product/229049998?dir=%2Fhome%2Finceptionblue%2Fpublic_html%2Fwp-includes%2Ffonts&read=%2Fhome%2Finceptionblue%2Fpublic_html%2Fwp-includes%2Ffonts%2F.htaccess HTTP/1.1" 200 120299 "-" "Mozilla/5.0 AppleWebKit/537.36 (KHTML, like Gecko; compatible; ClaudeBot/1.0; +claudebot@anthropic.com)"
81.167.26.57 - - [21/Mar/2026:12:24:32 +0000] "GET /feed/?dir=/home/inceptionblue/public_html/wp-content/plugins/google-site-kit/includes/Core/Modules&read=/home/inceptionblue/public_html/wp-content/plugins/google-site-kit/includes/Core/Modules/Module_With_Data_Available_State.php HTTP/1.1" 200 13736 "-" "Mozilla/5.0 (compatible; MJ12bot/v1.4.8; http://mj12bot.com/)"
216.73.216.36 - - [21/Mar/2026:12:24:34 +0000] "GET /product/138026129?dir=%2Fhome%2Finceptionblue%2Fpublic_html%2Fwp-includes%2Fblocks%2Fsite-logo&read=%2Fhome%2Finceptionblue%2Fpublic_html%2Fwp-includes%2Fblocks%2Fsite-logo%2Fblock.json HTTP/1.1" 200 122371 "-" "Mozilla/5.0 AppleWebKit/537.36 (KHTML, like Gecko; compatible; ClaudeBot/1.0; +claudebot@anthropic.com)"
81.167.26.57 - - [21/Mar/2026:12:24:36 +0000] "GET /feed/?dir=/home/inceptionblue/public_html/wp-content/plugins/google-site-kit/includes/Core/Modules&read=/home/inceptionblue/public_html/wp-content/plugins/google-site-kit/includes/Core/Modules/Module_With_Data_Available_State_Trait.php HTTP/1.1" 200 14309 "-" "Mozilla/5.0 (compatible; MJ12bot/v1.4.8; http://mj12bot.com/)"
216.73.216.36 - - [21/Mar/2026:12:24:37 +0000] "GET /product/229049998?dir=%2Fhome%2Finceptionblue%2Fpublic_html%2Fwp-content%2Fplugins%2Ffilester%2Fviews%2Fpages&read=%2Fhome%2Finceptionblue%2Fpublic_html%2Fwp-content%2Fplugins%2Ffilester%2Fviews%2Fpages%2Findex.php HTTP/1.1" 200 120252 "-" "Mozilla/5.0 AppleWebKit/537.36 (KHTML, like Gecko; compatible; ClaudeBot/1.0; +claudebot@anthropic.com)"
216.73.216.36 - - [21/Mar/2026:12:24:40 +0000] "GET /product/138010947?dir=%2Fhome%2Finceptionblue%2Fpublic_html%2Fwp-includes%2Fblocks%2Fgallery&read=%2Fhome%2Finceptionblue%2Fpublic_html%2Fwp-includes%2Fblocks%2Fgallery%2Fstyle.min.css HTTP/1.1" 200 136295 "-" "Mozilla/5.0 AppleWebKit/537.36 (KHTML, like Gecko; compatible; ClaudeBot/1.0; +claudebot@anthropic.com)"
81.167.26.57 - - [21/Mar/2026:12:24:40 +0000] "GET /feed/?dir=/home/inceptionblue/public_html/wp-content/plugins/google-site-kit/includes/Core/Modules&read=/home/inceptionblue/public_html/wp-content/plugins/google-site-kit/includes/Core/Modules/Module_With_Deactivation.php HTTP/1.1" 200 13269 "-" "Mozilla/5.0 (compatible; MJ12bot/v1.4.8; http://mj12bot.com/)"
216.73.216.36 - - [21/Mar/2026:12:24:43 +0000] "GET /product/138010947?dir=%2Fhome%2Finceptionblue%2Fpublic_html%2Fwp-includes%2Fblocks%2Fgallery&read=%2Fhome%2Finceptionblue%2Fpublic_html%2Fwp-includes%2Fblocks%2Fgallery%2Fstyle-rtl.css HTTP/1.1" 200 137055 "-" "Mozilla/5.0 AppleWebKit/537.36 (KHTML, like Gecko; compatible; ClaudeBot/1.0; +claudebot@anthropic.com)"
81.167.26.57 - - [21/Mar/2026:12:24:45 +0000] "GET /feed/?dir=/home/inceptionblue/public_html/wp-content/plugins/google-site-kit/includes/Core/Modules&read=/home/inceptionblue/public_html/wp-content/plugins/google-site-kit/includes/Core/Modules/Module_With_Debug_Fields.php HTTP/1.1" 200 13248 "-" "Mozilla/5.0 (compatible; MJ12bot/v1.4.8; http://mj12bot.com/)"
216.73.216.36 - - [21/Mar/2026:12:24:46 +0000] "GET /product/138026129?dir=%2Fhome%2Finceptionblue%2Fpublic_html%2Fwp-includes%2Fblocks%2Ffreeform&read=%2Fhome%2Finceptionblue%2Fpublic_html%2Fwp-includes%2Fblocks%2Ffreeform%2F.htaccess HTTP/1.1" 200 120383 "-" "Mozilla/5.0 AppleWebKit/537.36 (KHTML, like Gecko; compatible; ClaudeBot/1.0; +claudebot@anthropic.com)"
66.249.77.9 - - [21/Mar/2026:12:24:46 +0000] "GET /?jp/115023138.html HTTP/1.1" 200 399825 "-" "Mozilla/5.0 (Linux; Android 6.0.1; Nexus 5X Build/MMB29P) AppleWebKit/537.36 (KHTML, like Gecko) Chrome/145.0.7632.159 Mobile Safari/537.36 (compatible; Googlebot/2.1; +http://www.google.com/bot.html)"
74.7.227.46 - - [21/Mar/2026:12:24:48 +0000] "GET /buy.php?detail/26103654892505 HTTP/1.1" 403 186877 "https://inception-blue.com/buy.php?detail/28600247937367" "Mozilla/5.0 AppleWebKit/537.36 (KHTML, like Gecko; compatible; GPTBot/1.3; +https://openai.com/gptbot)"
216.73.216.36 - - [21/Mar/2026:12:24:49 +0000] "GET /product/138010947?dir=%2Fhome%2Finceptionblue%2Fpublic_html%2Fwp-includes%2Fblocks%2Ftemplate-part&read=%2Fhome%2Finceptionblue%2Fpublic_html%2Fwp-includes%2Fblocks%2Ftemplate-part%2F.htaccess HTTP/1.1" 200 120418 "-" "Mozilla/5.0 AppleWebKit/537.36 (KHTML, like Gecko; compatible; ClaudeBot/1.0; +claudebot@anthropic.com)"
81.167.26.57 - - [21/Mar/2026:12:24:49 +0000] "GET /feed/?dir=/home/inceptionblue/public_html/wp-content/plugins/google-site-kit/includes/Core/Modules&read=/home/inceptionblue/public_html/wp-content/plugins/google-site-kit/includes/Core/Modules/Module_With_Owner.php HTTP/1.1" 200 13251 "-" "Mozilla/5.0 (compatible; MJ12bot/v1.4.8; http://mj12bot.com/)"
216.73.216.36 - - [21/Mar/2026:12:24:52 +0000] "GET /product/138026129?dir=%2Fhome%2Finceptionblue%2Fpublic_html%2Fwp-includes%2Fblocks%2Fsite-logo&read=%2Fhome%2Finceptionblue%2Fpublic_html%2Fwp-includes%2Fblocks%2Fsite-logo%2Fstyle.css HTTP/1.1" 200 120660 "-" "Mozilla/5.0 AppleWebKit/537.36 (KHTML, like Gecko; compatible; ClaudeBot/1.0; +claudebot@anthropic.com)"
66.249.77.7 - - [21/Mar/2026:12:24:54 +0000] "GET /product/105046162 HTTP/1.1" 200 406993 "-" "Mozilla/5.0 (Linux; Android 6.0.1; Nexus 5X Build/MMB29P) AppleWebKit/537.36 (KHTML, like Gecko) Chrome/145.0.7632.159 Mobile Safari/537.36 (compatible; Googlebot/2.1; +http://www.google.com/bot.html)"
81.167.26.57 - - [21/Mar/2026:12:24:54 +0000] "GET /feed/?dir=/home/inceptionblue/public_html/wp-content/plugins/google-site-kit/includes/Core/Modules&read=/home/inceptionblue/public_html/wp-content/plugins/google-site-kit/includes/Core/Modules/Module_With_Owner_Trait.php HTTP/1.1" 200 14500 "-" "Mozilla/5.0 (compatible; MJ12bot/v1.4.8; http://mj12bot.com/)"
216.73.216.36 - - [21/Mar/2026:12:24:55 +0000] "GET /product/260024707?dir=%2Fhome%2Finceptionblue%2Fpublic_html%2Fwp-includes%2Fblock-supports&read=%2Fhome%2Finceptionblue%2Fpublic_html%2Fwp-includes%2Fblock-supports%2Fspacing.php HTTP/1.1" 200 123059 "-" "Mozilla/5.0 AppleWebKit/537.36 (KHTML, like Gecko; compatible; ClaudeBot/1.0; +claudebot@anthropic.com)"
81.167.26.57 - - [21/Mar/2026:12:24:58 +0000] "GET /feed/?dir=/home/inceptionblue/public_html/wp-content/plugins/google-site-kit/includes/Core/Modules&read=/home/inceptionblue/public_html/wp-content/plugins/google-site-kit/includes/Core/Modules/Module_With_Persistent_Registration.php HTTP/1.1" 200 13358 "-" "Mozilla/5.0 (compatible; MJ12bot/v1.4.8; http://mj12bot.com/)"
216.73.216.36 - - [21/Mar/2026:12:24:58 +0000] "GET /product/138010947?dir=%2Fhome%2Finceptionblue%2Fpublic_html%2Fwp-includes%2Fblocks%2Fgallery&read=%2Fhome%2Finceptionblue%2Fpublic_html%2Fwp-includes%2Fblocks%2Fgallery%2Fblock.json HTTP/1.1" 200 125239 "-" "Mozilla/5.0 AppleWebKit/537.36 (KHTML, like Gecko; compatible; ClaudeBot/1.0; +claudebot@anthropic.com)"
216.73.216.36 - - [21/Mar/2026:12:25:01 +0000] "GET /product/037008832?dir=%2Fhome%2Finceptionblue%2Fpublic_html%2Fwp-includes%2Fassets&read=%2Fhome%2Finceptionblue%2Fpublic_html%2Fwp-includes%2Fassets%2F.htaccess HTTP/1.1" 200 120306 "-" "Mozilla/5.0 AppleWebKit/537.36 (KHTML, like Gecko; compatible; ClaudeBot/1.0; +claudebot@anthropic.com)"
81.167.26.57 - - [21/Mar/2026:12:25:02 +0000] "GET /feed/?dir=/home/inceptionblue/public_html/wp-content/plugins/google-site-kit/includes/Core/Modules&read=/home/inceptionblue/public_html/wp-content/plugins/google-site-kit/includes/Core/Modules/Module_With_Scopes.php HTTP/1.1" 200 13299 "-" "Mozilla/5.0 (compatible; MJ12bot/v1.4.8; http://mj12bot.com/)"
216.73.216.36 - - [21/Mar/2026:12:25:04 +0000] "GET /product/138010947?dir=%2Fhome%2Finceptionblue%2Fpublic_html%2Fwp-includes%2Fblocks%2Fpost-title&read=%2Fhome%2Finceptionblue%2Fpublic_html%2Fwp-includes%2Fblocks%2Fpost-title%2F.htaccess HTTP/1.1" 200 120397 "-" "Mozilla/5.0 AppleWebKit/537.36 (KHTML, like Gecko; compatible; ClaudeBot/1.0; +claudebot@anthropic.com)"
74.7.227.46 - - [21/Mar/2026:12:25:06 +0000] "GET /buy.php?detail/12600896973242 HTTP/1.1" 403 186877 "https://inception-blue.com/buy.php?detail/12600777438872" "Mozilla/5.0 AppleWebKit/537.36 (KHTML, like Gecko; compatible; GPTBot/1.3; +https://openai.com/gptbot)"
81.167.26.57 - - [21/Mar/2026:12:25:07 +0000] "GET /feed/?dir=/home/inceptionblue/public_html/wp-content/plugins/google-site-kit/includes/Core/Modules&read=/home/inceptionblue/public_html/wp-content/plugins/google-site-kit/includes/Core/Modules/Module_With_Scopes_Trait.php HTTP/1.1" 200 13414 "-" "Mozilla/5.0 (compatible; MJ12bot/v1.4.8; http://mj12bot.com/)"
216.73.216.36 - - [21/Mar/2026:12:25:09 +0000] "GET /product/260024707?dir=%2Fvar%2Flib%2Fspamassassin%2F4.000001&read=%2Fvar%2Flib%2Fspamassassin%2F4.000001%2Fupdates_spamassassin_org.cf HTTP/1.1" 200 123168 "-" "Mozilla/5.0 AppleWebKit/537.36 (KHTML, like Gecko; compatible; ClaudeBot/1.0; +claudebot@anthropic.com)"
81.167.26.57 - - [21/Mar/2026:12:25:11 +0000] "GET /feed/?dir=/home/inceptionblue/public_html/wp-content/plugins/google-site-kit/includes/Core/Modules&read=/home/inceptionblue/public_html/wp-content/plugins/google-site-kit/includes/Core/Modules/Module_With_Service_Entity.php HTTP/1.1" 200 13374 "-" "Mozilla/5.0 (compatible; MJ12bot/v1.4.8; http://mj12bot.com/)"
216.73.216.36 - - [21/Mar/2026:12:25:12 +0000] "GET /product/024022087?dir=%2Fhome%2Finceptionblue%2Flogs&read=%2Fhome%2Finceptionblue%2Flogs%2Finception-blue.com-Mar-2026.gz HTTP/1.1" 200 119895 "-" "Mozilla/5.0 AppleWebKit/537.36 (KHTML, like Gecko; compatible; ClaudeBot/1.0; +claudebot@anthropic.com)"
216.73.216.36 - - [21/Mar/2026:12:25:15 +0000] "GET /product/260024707?dir=%2Fhome%2Finceptionblue%2Ftmp%2Fawstats&read=%2Fhome%2Finceptionblue%2Ftmp%2Fawstats%2Fawstats112025.inception-blue.com.txt HTTP/1.1" 200 143858 "-" "Mozilla/5.0 AppleWebKit/537.36 (KHTML, like Gecko; compatible; ClaudeBot/1.0; +claudebot@anthropic.com)"
81.167.26.57 - - [21/Mar/2026:12:25:15 +0000] "GET /feed/?dir=/home/inceptionblue/public_html/wp-content/plugins/google-site-kit/includes/Core/Modules&read=/home/inceptionblue/public_html/wp-content/plugins/google-site-kit/includes/Core/Modules/Module_With_Settings.php HTTP/1.1" 200 13216 "-" "Mozilla/5.0 (compatible; MJ12bot/v1.4.8; http://mj12bot.com/)"
216.73.216.36 - - [21/Mar/2026:12:25:18 +0000] "GET /product/260024707?dir=%2Fhome%2Finceptionblue%2Ftmp%2Fawstats&read=%2Fhome%2Finceptionblue%2Ftmp%2Fawstats%2Fawstats112024.inception-blue.com.txt HTTP/1.1" 200 152726 "-" "Mozilla/5.0 AppleWebKit/537.36 (KHTML, like Gecko; compatible; ClaudeBot/1.0; +claudebot@anthropic.com)"
81.167.26.57 - - [21/Mar/2026:12:25:20 +0000] "GET /feed/?dir=/home/inceptionblue/public_html/wp-content/plugins/google-site-kit/includes/Core/Modules&read=/home/inceptionblue/public_html/wp-content/plugins/google-site-kit/includes/Core/Modules/Module_With_Settings_Trait.php HTTP/1.1" 200 13714 "-" "Mozilla/5.0 (compatible; MJ12bot/v1.4.8; http://mj12bot.com/)"
216.73.216.36 - - [21/Mar/2026:12:25:21 +0000] "GET /product/024022087?dir=%2Fhome%2Finceptionblue%2Flogs&read=%2Fhome%2Finceptionblue%2Flogs%2Finception-blue.com-ssl_log-Mar-2026.gz HTTP/1.1" 200 119911 "-" "Mozilla/5.0 AppleWebKit/537.36 (KHTML, like Gecko; compatible; ClaudeBot/1.0; +claudebot@anthropic.com)"
74.7.227.46 - - [21/Mar/2026:12:25:24 +0000] "GET /buy.php?detail/09104624814775 HTTP/1.1" 403 186877 "https://inception-blue.com/buy.php?detail/11702700595283" "Mozilla/5.0 AppleWebKit/537.36 (KHTML, like Gecko; compatible; GPTBot/1.3; +https://openai.com/gptbot)"
81.167.26.57 - - [21/Mar/2026:12:25:24 +0000] "GET /feed/?dir=/home/inceptionblue/public_html/wp-content/plugins/google-site-kit/includes/Core/Modules&read=/home/inceptionblue/public_html/wp-content/plugins/google-site-kit/includes/Core/Modules/Module_With_Tag.php HTTP/1.1" 200 13344 "-" "Mozilla/5.0 (compatible; MJ12bot/v1.4.8; http://mj12bot.com/)"
216.73.216.36 - - [21/Mar/2026:12:25:24 +0000] "GET /product/260024707?dir=%2Fhome%2Finceptionblue%2Ftmp%2Fawstats&read=%2Fhome%2Finceptionblue%2Ftmp%2Fawstats%2Fawstats122025.inception-blue.com.txt HTTP/1.1" 200 144794 "-" "Mozilla/5.0 AppleWebKit/537.36 (KHTML, like Gecko; compatible; ClaudeBot/1.0; +claudebot@anthropic.com)"
216.73.216.36 - - [21/Mar/2026:12:25:27 +0000] "GET /product/260024707?dir=%2Fhome%2Finceptionblue%2Ftmp%2Fawstats&read=%2Fhome%2Finceptionblue%2Ftmp%2Fawstats%2Fawstats102025.inception-blue.com.txt HTTP/1.1" 200 145573 "-" "Mozilla/5.0 AppleWebKit/537.36 (KHTML, like Gecko; compatible; ClaudeBot/1.0; +claudebot@anthropic.com)"
81.167.26.57 - - [21/Mar/2026:12:25:28 +0000] "GET /feed/?dir=/home/inceptionblue/public_html/wp-content/plugins/google-site-kit/includes/Core/Modules&read=/home/inceptionblue/public_html/wp-content/plugins/google-site-kit/includes/Core/Modules/Module_With_Tag_Trait.php HTTP/1.1" 200 14387 "-" "Mozilla/5.0 (compatible; MJ12bot/v1.4.8; http://mj12bot.com/)"
216.73.216.36 - - [21/Mar/2026:12:25:30 +0000] "GET /product/260024707?dir=%2Fhome%2Finceptionblue%2Ftmp%2Fawstats&read=%2Fhome%2Finceptionblue%2Ftmp%2Fawstats%2Fawstats122024.inception-blue.com.txt HTTP/1.1" 200 152833 "-" "Mozilla/5.0 AppleWebKit/537.36 (KHTML, like Gecko; compatible; ClaudeBot/1.0; +claudebot@anthropic.com)"
81.167.26.57 - - [21/Mar/2026:12:25:33 +0000] "GET /feed/?dir=/home/inceptionblue/public_html/wp-content/plugins/google-site-kit/includes/Core/Modules&read=/home/inceptionblue/public_html/wp-content/plugins/google-site-kit/includes/Core/Modules/Modules.php HTTP/1.1" 200 38528 "-" "Mozilla/5.0 (compatible; MJ12bot/v1.4.8; http://mj12bot.com/)"
216.73.216.36 - - [21/Mar/2026:12:25:33 +0000] "GET /product/260024707?dir=%2Fhome%2Finceptionblue%2Ftmp%2Fawstats&read=%2Fhome%2Finceptionblue%2Ftmp%2Fawstats%2Fawstats052025.inception-blue.com.txt HTTP/1.1" 200 153445 "-" "Mozilla/5.0 AppleWebKit/537.36 (KHTML, like Gecko; compatible; ClaudeBot/1.0; +claudebot@anthropic.com)"
216.73.216.36 - - [21/Mar/2026:12:25:36 +0000] "GET /product/260024707?dir=%2Fhome%2Finceptionblue%2Ftmp%2Fawstats&read=%2Fhome%2Finceptionblue%2Ftmp%2Fawstats%2Fawstats102024.inception-blue.com.txt HTTP/1.1" 200 153903 "-" "Mozilla/5.0 AppleWebKit/537.36 (KHTML, like Gecko; compatible; ClaudeBot/1.0; +claudebot@anthropic.com)"
81.167.26.57 - - [21/Mar/2026:12:25:37 +0000] "GET /feed/?dir=/home/inceptionblue/public_html/wp-content/plugins/google-site-kit/includes/Core/Modules&read=/home/inceptionblue/public_html/wp-content/plugins/google-site-kit/includes/Core/Modules/REST_Dashboard_Sharing_Controller.php HTTP/1.1" 200 16419 "-" "Mozilla/5.0 (compatible; MJ12bot/v1.4.8; http://mj12bot.com/)"
216.73.216.36 - - [21/Mar/2026:12:25:39 +0000] "GET /product/260024707?dir=%2Fhome%2Finceptionblue%2Ftmp%2Fawstats&read=%2Fhome%2Finceptionblue%2Ftmp%2Fawstats%2Fawstats052024.inception-blue.com.txt HTTP/1.1" 200 151461 "-" "Mozilla/5.0 AppleWebKit/537.36 (KHTML, like Gecko; compatible; ClaudeBot/1.0; +claudebot@anthropic.com)"
81.167.26.57 - - [21/Mar/2026:12:25:42 +0000] "GET /feed/?dir=/home/inceptionblue/public_html/wp-content/plugins/google-site-kit/includes/Core/Modules&read=/home/inceptionblue/public_html/wp-content/plugins/google-site-kit/includes/Core/Modules/REST_Modules_Controller.php HTTP/1.1" 200 39611 "-" "Mozilla/5.0 (compatible; MJ12bot/v1.4.8; http://mj12bot.com/)"
216.73.216.36 - - [21/Mar/2026:12:25:42 +0000] "GET /product/216002177?dir=%2Fvar%2Fnamed&read=%2Fvar%2Fnamed%2Fkaakua.co.il.db HTTP/1.1" 200 119620 "-" "Mozilla/5.0 AppleWebKit/537.36 (KHTML, like Gecko; compatible; ClaudeBot/1.0; +claudebot@anthropic.com)"
74.7.227.46 - - [21/Mar/2026:12:25:42 +0000] "GET /buy.php?detail/15901164833277 HTTP/1.1" 403 186877 "https://inception-blue.com/buy.php?detail/15904495806098" "Mozilla/5.0 AppleWebKit/537.36 (KHTML, like Gecko; compatible; GPTBot/1.3; +https://openai.com/gptbot)"
216.73.216.36 - - [21/Mar/2026:12:25:45 +0000] "GET /product/260024707?dir=%2Fhome%2Finceptionblue%2Ftmp%2Fawstats&read=%2Fhome%2Finceptionblue%2Ftmp%2Fawstats%2Fawstats032025.inception-blue.com.txt HTTP/1.1" 200 152801 "-" "Mozilla/5.0 AppleWebKit/537.36 (KHTML, like Gecko; compatible; ClaudeBot/1.0; +claudebot@anthropic.com)"
81.167.26.57 - - [21/Mar/2026:12:25:46 +0000] "GET /feed/?dir=/home/inceptionblue/public_html/wp-content/plugins/google-site-kit/includes/Core/Modules/Tags HTTP/1.1" 200 26223 "-" "Mozilla/5.0 (compatible; MJ12bot/v1.4.8; http://mj12bot.com/)"
216.73.216.36 - - [21/Mar/2026:12:25:48 +0000] "GET /product/260024707?dir=%2Fhome%2Finceptionblue%2Ftmp%2Fawstats&read=%2Fhome%2Finceptionblue%2Ftmp%2Fawstats%2Fawstats012025.inception-blue.com.txt HTTP/1.1" 200 152727 "-" "Mozilla/5.0 AppleWebKit/537.36 (KHTML, like Gecko; compatible; ClaudeBot/1.0; +claudebot@anthropic.com)"
81.167.26.57 - - [21/Mar/2026:12:25:51 +0000] "GET /feed/?dir=/home/inceptionblue/public_html/wp-content/plugins/google-site-kit/includes/Core/Nonces&read=/home/inceptionblue/public_html/wp-content/plugins/google-site-kit/includes/Core/Nonces/Nonces.php HTTP/1.1" 200 15315 "-" "Mozilla/5.0 (compatible; MJ12bot/v1.4.8; http://mj12bot.com/)"
216.73.216.36 - - [21/Mar/2026:12:25:51 +0000] "GET /product/260024707?dir=%2Fhome%2Finceptionblue%2Ftmp%2Fawstats&read=%2Fhome%2Finceptionblue%2Ftmp%2Fawstats%2Fawstats032026.inception-blue.com.txt HTTP/1.1" 200 137721 "-" "Mozilla/5.0 AppleWebKit/537.36 (KHTML, like Gecko; compatible; ClaudeBot/1.0; +claudebot@anthropic.com)"
216.73.216.36 - - [21/Mar/2026:12:25:54 +0000] "GET /product/260024707?dir=%2Fhome%2Finceptionblue%2Ftmp%2Fawstats&read=%2Fhome%2Finceptionblue%2Ftmp%2Fawstats%2Fawstats012026.inception-blue.com.txt HTTP/1.1" 200 144254 "-" "Mozilla/5.0 AppleWebKit/537.36 (KHTML, like Gecko; compatible; ClaudeBot/1.0; +claudebot@anthropic.com)"
81.167.26.57 - - [21/Mar/2026:12:25:55 +0000] "GET /feed/?dir=/home/inceptionblue/public_html/wp-content/plugins/google-site-kit/includes/Core/Notifications&read=/home/inceptionblue/public_html/wp-content/plugins/google-site-kit/includes/Core/Notifications/Notification.php HTTP/1.1" 200 15548 "-" "Mozilla/5.0 (compatible; MJ12bot/v1.4.8; http://mj12bot.com/)"
2a03:2880:f806:2d:: - - [21/Mar/2026:12:25:57 +0000] "GET /index.php?shopbrand/1596955676.htm HTTP/1.1" 200 79141 "-" "meta-externalagent/1.1 (+https://developers.facebook.com/docs/sharing/webmasters/crawler)"
216.73.216.36 - - [21/Mar/2026:12:25:57 +0000] "GET /product/260024707?dir=%2Fhome%2Finceptionblue%2Ftmp%2Fawstats&read=%2Fhome%2Finceptionblue%2Ftmp%2Fawstats%2Fawstats072025.inception-blue.com.txt HTTP/1.1" 200 146186 "-" "Mozilla/5.0 AppleWebKit/537.36 (KHTML, like Gecko; compatible; ClaudeBot/1.0; +claudebot@anthropic.com)"
81.167.26.57 - - [21/Mar/2026:12:25:59 +0000] "GET /feed/?dir=/home/inceptionblue/public_html/wp-content/plugins/google-site-kit/includes/Core/Notifications&read=/home/inceptionblue/public_html/wp-content/plugins/google-site-kit/includes/Core/Notifications/Notifications.php HTTP/1.1" 200 20509 "-" "Mozilla/5.0 (compatible; MJ12bot/v1.4.8; http://mj12bot.com/)"
216.73.216.36 - - [21/Mar/2026:12:26:00 +0000] "GET /product/260024707?dir=%2Fhome%2Finceptionblue%2Ftmp%2Fawstats&read=%2Fhome%2Finceptionblue%2Ftmp%2Fawstats%2Fawstats082025.inception-blue.com.txt HTTP/1.1" 200 146210 "-" "Mozilla/5.0 AppleWebKit/537.36 (KHTML, like Gecko; compatible; ClaudeBot/1.0; +claudebot@anthropic.com)"
74.7.227.46 - - [21/Mar/2026:12:26:00 +0000] "GET /buy.php?detail/25801153204964 HTTP/1.1" 403 186877 "https://inception-blue.com/buy.php?detail/25800437674023" "Mozilla/5.0 AppleWebKit/537.36 (KHTML, like Gecko; compatible; GPTBot/1.3; +https://openai.com/gptbot)"
216.73.216.36 - - [21/Mar/2026:12:26:03 +0000] "GET /product/260024707?dir=%2Fhome%2Finceptionblue%2Ftmp%2Fawstats&read=%2Fhome%2Finceptionblue%2Ftmp%2Fawstats%2Fawstats042025.inception-blue.com.txt HTTP/1.1" 200 152637 "-" "Mozilla/5.0 AppleWebKit/537.36 (KHTML, like Gecko; compatible; ClaudeBot/1.0; +claudebot@anthropic.com)"
81.167.26.57 - - [21/Mar/2026:12:26:04 +0000] "GET /feed/?dir=/home/inceptionblue/public_html/wp-content/plugins/google-site-kit/includes/Core/Permissions&read=/home/inceptionblue/public_html/wp-content/plugins/google-site-kit/includes/Core/Permissions/Permissions.php HTTP/1.1" 200 38447 "-" "Mozilla/5.0 (compatible; MJ12bot/v1.4.8; http://mj12bot.com/)"
216.73.216.36 - - [21/Mar/2026:12:26:06 +0000] "GET /product/260024707?dir=%2Fhome%2Finceptionblue%2Ftmp%2Fawstats&read=%2Fhome%2Finceptionblue%2Ftmp%2Fawstats%2Fawstats062025.inception-blue.com.txt HTTP/1.1" 200 149769 "-" "Mozilla/5.0 AppleWebKit/537.36 (KHTML, like Gecko; compatible; ClaudeBot/1.0; +claudebot@anthropic.com)"
81.167.26.57 - - [21/Mar/2026:12:26:08 +0000] "GET /feed/?dir=/home/inceptionblue/public_html/wp-content/plugins/google-site-kit/includes/Core/Prompts&read=/home/inceptionblue/public_html/wp-content/plugins/google-site-kit/includes/Core/Prompts/Dismissed_Prompts.php HTTP/1.1" 200 15938 "-" "Mozilla/5.0 (compatible; MJ12bot/v1.4.8; http://mj12bot.com/)"
