74.7.227.46 - - [21/Mar/2026:13:42:54 +0000] "GET /buy.php?detail/28901447053123 HTTP/1.1" 403 186877 "https://inception-blue.com/buy.php?detail/09602406353899" "Mozilla/5.0 AppleWebKit/537.36 (KHTML, like Gecko; compatible; GPTBot/1.3; +https://openai.com/gptbot)"
66.249.77.8 - - [21/Mar/2026:13:42:55 +0000] "GET /72628991 HTTP/1.1" 200 390165 "-" "Mozilla/5.0 (Linux; Android 6.0.1; Nexus 5X Build/MMB29P) AppleWebKit/537.36 (KHTML, like Gecko) Chrome/146.0.7680.153 Mobile Safari/537.36 (compatible; Googlebot/2.1; +http://www.google.com/bot.html)"
66.249.77.11 - - [21/Mar/2026:13:42:56 +0000] "GET /972461228 HTTP/1.1" 200 397338 "-" "Mozilla/5.0 (Linux; Android 6.0.1; Nexus 5X Build/MMB29P) AppleWebKit/537.36 (KHTML, like Gecko) Chrome/146.0.7680.153 Mobile Safari/537.36 (compatible; Googlebot/2.1; +http://www.google.com/bot.html)"
66.249.77.9 - - [21/Mar/2026:13:42:57 +0000] "GET /43063780 HTTP/1.1" 200 384487 "-" "Mozilla/5.0 (Linux; Android 6.0.1; Nexus 5X Build/MMB29P) AppleWebKit/537.36 (KHTML, like Gecko) Chrome/146.0.7680.153 Mobile Safari/537.36 (compatible; Googlebot/2.1; +http://www.google.com/bot.html)"
66.249.77.9 - - [21/Mar/2026:13:42:58 +0000] "GET /892568553 HTTP/1.1" 200 396040 "-" "Mozilla/5.0 (Linux; Android 6.0.1; Nexus 5X Build/MMB29P) AppleWebKit/537.36 (KHTML, like Gecko) Chrome/146.0.7680.153 Mobile Safari/537.36 (compatible; Googlebot/2.1; +http://www.google.com/bot.html)"
66.249.77.7 - - [21/Mar/2026:13:42:59 +0000] "GET /5685331 HTTP/1.1" 200 390223 "-" "Mozilla/5.0 (Linux; Android 6.0.1; Nexus 5X Build/MMB29P) AppleWebKit/537.36 (KHTML, like Gecko) Chrome/146.0.7680.153 Mobile Safari/537.36 (compatible; Googlebot/2.1; +http://www.google.com/bot.html)"
66.249.77.11 - - [21/Mar/2026:13:43:00 +0000] "GET /513714654 HTTP/1.1" 200 403949 "-" "Mozilla/5.0 (Linux; Android 6.0.1; Nexus 5X Build/MMB29P) AppleWebKit/537.36 (KHTML, like Gecko) Chrome/146.0.7680.153 Mobile Safari/537.36 (compatible; Googlebot/2.1; +http://www.google.com/bot.html)"
66.249.77.12 - - [21/Mar/2026:13:43:01 +0000] "GET /7811853 HTTP/1.1" 200 387123 "-" "Mozilla/5.0 (Linux; Android 6.0.1; Nexus 5X Build/MMB29P) AppleWebKit/537.36 (KHTML, like Gecko) Chrome/146.0.7680.153 Mobile Safari/537.36 (compatible; Googlebot/2.1; +http://www.google.com/bot.html)"
66.249.77.8 - - [21/Mar/2026:13:43:02 +0000] "GET /6904284 HTTP/1.1" 200 412910 "-" "Mozilla/5.0 (Linux; Android 6.0.1; Nexus 5X Build/MMB29P) AppleWebKit/537.36 (KHTML, like Gecko) Chrome/146.0.7680.153 Mobile Safari/537.36 (compatible; Googlebot/2.1; +http://www.google.com/bot.html)"
66.249.77.9 - - [21/Mar/2026:13:43:03 +0000] "GET /318599084 HTTP/1.1" 200 383812 "-" "Mozilla/5.0 (Linux; Android 6.0.1; Nexus 5X Build/MMB29P) AppleWebKit/537.36 (KHTML, like Gecko) Chrome/146.0.7680.153 Mobile Safari/537.36 (compatible; Googlebot/2.1; +http://www.google.com/bot.html)"
66.249.77.9 - - [21/Mar/2026:13:43:04 +0000] "GET /6926397 HTTP/1.1" 200 389394 "-" "Mozilla/5.0 (Linux; Android 6.0.1; Nexus 5X Build/MMB29P) AppleWebKit/537.36 (KHTML, like Gecko) Chrome/146.0.7680.153 Mobile Safari/537.36 (compatible; Googlebot/2.1; +http://www.google.com/bot.html)"
66.249.77.8 - - [21/Mar/2026:13:43:05 +0000] "GET /125251915 HTTP/1.1" 200 408546 "-" "Mozilla/5.0 (Linux; Android 6.0.1; Nexus 5X Build/MMB29P) AppleWebKit/537.36 (KHTML, like Gecko) Chrome/146.0.7680.153 Mobile Safari/537.36 (compatible; Googlebot/2.1; +http://www.google.com/bot.html)"
66.249.77.8 - - [21/Mar/2026:13:43:06 +0000] "GET /846398257 HTTP/1.1" 200 404122 "-" "Mozilla/5.0 (Linux; Android 6.0.1; Nexus 5X Build/MMB29P) AppleWebKit/537.36 (KHTML, like Gecko) Chrome/146.0.7680.153 Mobile Safari/537.36 (compatible; Googlebot/2.1; +http://www.google.com/bot.html)"
66.249.77.7 - - [21/Mar/2026:13:43:07 +0000] "GET /17871279 HTTP/1.1" 200 404321 "-" "Mozilla/5.0 (Linux; Android 6.0.1; Nexus 5X Build/MMB29P) AppleWebKit/537.36 (KHTML, like Gecko) Chrome/146.0.7680.153 Mobile Safari/537.36 (compatible; Googlebot/2.1; +http://www.google.com/bot.html)"
66.249.77.8 - - [21/Mar/2026:13:43:08 +0000] "GET /4026251 HTTP/1.1" 200 389511 "-" "Mozilla/5.0 (Linux; Android 6.0.1; Nexus 5X Build/MMB29P) AppleWebKit/537.36 (KHTML, like Gecko) Chrome/146.0.7680.153 Mobile Safari/537.36 (compatible; Googlebot/2.1; +http://www.google.com/bot.html)"
66.249.77.9 - - [21/Mar/2026:13:43:09 +0000] "GET /9753351 HTTP/1.1" 200 365814 "-" "Mozilla/5.0 (Linux; Android 6.0.1; Nexus 5X Build/MMB29P) AppleWebKit/537.36 (KHTML, like Gecko) Chrome/146.0.7680.153 Mobile Safari/537.36 (compatible; Googlebot/2.1; +http://www.google.com/bot.html)"
66.249.77.8 - - [21/Mar/2026:13:43:10 +0000] "GET /24326822 HTTP/1.1" 200 390863 "-" "Mozilla/5.0 (Linux; Android 6.0.1; Nexus 5X Build/MMB29P) AppleWebKit/537.36 (KHTML, like Gecko) Chrome/146.0.7680.153 Mobile Safari/537.36 (compatible; Googlebot/2.1; +http://www.google.com/bot.html)"
66.249.77.7 - - [21/Mar/2026:13:43:11 +0000] "GET /614029078 HTTP/1.1" 200 388890 "-" "Mozilla/5.0 (Linux; Android 6.0.1; Nexus 5X Build/MMB29P) AppleWebKit/537.36 (KHTML, like Gecko) Chrome/146.0.7680.153 Mobile Safari/537.36 (compatible; Googlebot/2.1; +http://www.google.com/bot.html)"
66.249.77.9 - - [21/Mar/2026:13:43:12 +0000] "GET /875685446 HTTP/1.1" 200 390719 "-" "Mozilla/5.0 (Linux; Android 6.0.1; Nexus 5X Build/MMB29P) AppleWebKit/537.36 (KHTML, like Gecko) Chrome/146.0.7680.153 Mobile Safari/537.36 (compatible; Googlebot/2.1; +http://www.google.com/bot.html)"
74.7.227.46 - - [21/Mar/2026:13:43:12 +0000] "GET /buy.php?detail/17202890451134 HTTP/1.1" 403 186877 "https://inception-blue.com/buy.php?detail/04500147791975" "Mozilla/5.0 AppleWebKit/537.36 (KHTML, like Gecko; compatible; GPTBot/1.3; +https://openai.com/gptbot)"
66.249.77.7 - - [21/Mar/2026:13:43:13 +0000] "GET /7306135 HTTP/1.1" 200 385022 "-" "Mozilla/5.0 (Linux; Android 6.0.1; Nexus 5X Build/MMB29P) AppleWebKit/537.36 (KHTML, like Gecko) Chrome/146.0.7680.153 Mobile Safari/537.36 (compatible; Googlebot/2.1; +http://www.google.com/bot.html)"
66.249.77.9 - - [21/Mar/2026:13:43:14 +0000] "GET /86945903 HTTP/1.1" 200 376237 "-" "Mozilla/5.0 (Linux; Android 6.0.1; Nexus 5X Build/MMB29P) AppleWebKit/537.36 (KHTML, like Gecko) Chrome/146.0.7680.153 Mobile Safari/537.36 (compatible; Googlebot/2.1; +http://www.google.com/bot.html)"
66.249.77.8 - - [21/Mar/2026:13:43:15 +0000] "GET /2606265 HTTP/1.1" 200 387094 "-" "Mozilla/5.0 (Linux; Android 6.0.1; Nexus 5X Build/MMB29P) AppleWebKit/537.36 (KHTML, like Gecko) Chrome/146.0.7680.153 Mobile Safari/537.36 (compatible; Googlebot/2.1; +http://www.google.com/bot.html)"
66.249.77.7 - - [21/Mar/2026:13:43:16 +0000] "GET /sundrug-4955872597737 HTTP/1.1" 200 402279 "-" "GoogleOther-Image/1.0"
66.249.77.8 - - [21/Mar/2026:13:43:17 +0000] "GET /7083374 HTTP/1.1" 200 369128 "-" "Mozilla/5.0 (Linux; Android 6.0.1; Nexus 5X Build/MMB29P) AppleWebKit/537.36 (KHTML, like Gecko) Chrome/146.0.7680.153 Mobile Safari/537.36 (compatible; Googlebot/2.1; +http://www.google.com/bot.html)"
66.249.77.9 - - [21/Mar/2026:13:43:18 +0000] "GET /27070701 HTTP/1.1" 200 392540 "-" "Mozilla/5.0 (Linux; Android 6.0.1; Nexus 5X Build/MMB29P) AppleWebKit/537.36 (KHTML, like Gecko) Chrome/146.0.7680.153 Mobile Safari/537.36 (compatible; Googlebot/2.1; +http://www.google.com/bot.html)"
66.249.77.9 - - [21/Mar/2026:13:43:19 +0000] "GET /5647860 HTTP/1.1" 200 380199 "-" "Mozilla/5.0 (Linux; Android 6.0.1; Nexus 5X Build/MMB29P) AppleWebKit/537.36 (KHTML, like Gecko) Chrome/146.0.7680.153 Mobile Safari/537.36 (compatible; Googlebot/2.1; +http://www.google.com/bot.html)"
66.249.77.7 - - [21/Mar/2026:13:43:20 +0000] "GET /727281819 HTTP/1.1" 200 394797 "-" "Mozilla/5.0 (Linux; Android 6.0.1; Nexus 5X Build/MMB29P) AppleWebKit/537.36 (KHTML, like Gecko) Chrome/146.0.7680.153 Mobile Safari/537.36 (compatible; Googlebot/2.1; +http://www.google.com/bot.html)"
66.249.77.8 - - [21/Mar/2026:13:43:21 +0000] "GET /29880016 HTTP/1.1" 200 395692 "-" "Mozilla/5.0 (Linux; Android 6.0.1; Nexus 5X Build/MMB29P) AppleWebKit/537.36 (KHTML, like Gecko) Chrome/146.0.7680.153 Mobile Safari/537.36 (compatible; Googlebot/2.1; +http://www.google.com/bot.html)"
66.249.77.11 - - [21/Mar/2026:13:43:22 +0000] "GET /317930200 HTTP/1.1" 200 382347 "-" "Mozilla/5.0 (Linux; Android 6.0.1; Nexus 5X Build/MMB29P) AppleWebKit/537.36 (KHTML, like Gecko) Chrome/146.0.7680.153 Mobile Safari/537.36 (compatible; Googlebot/2.1; +http://www.google.com/bot.html)"
66.249.77.9 - - [21/Mar/2026:13:43:23 +0000] "GET /18888104 HTTP/1.1" 200 411138 "-" "Mozilla/5.0 (Linux; Android 6.0.1; Nexus 5X Build/MMB29P) AppleWebKit/537.36 (KHTML, like Gecko) Chrome/146.0.7680.153 Mobile Safari/537.36 (compatible; Googlebot/2.1; +http://www.google.com/bot.html)"
66.249.77.8 - - [21/Mar/2026:13:43:24 +0000] "GET /736218659 HTTP/1.1" 200 408537 "-" "Mozilla/5.0 (Linux; Android 6.0.1; Nexus 5X Build/MMB29P) AppleWebKit/537.36 (KHTML, like Gecko) Chrome/146.0.7680.153 Mobile Safari/537.36 (compatible; Googlebot/2.1; +http://www.google.com/bot.html)"
66.249.77.7 - - [21/Mar/2026:13:43:25 +0000] "GET /12798764 HTTP/1.1" 200 406764 "-" "Mozilla/5.0 (Linux; Android 6.0.1; Nexus 5X Build/MMB29P) AppleWebKit/537.36 (KHTML, like Gecko) Chrome/146.0.7680.153 Mobile Safari/537.36 (compatible; Googlebot/2.1; +http://www.google.com/bot.html)"
66.249.77.10 - - [21/Mar/2026:13:43:26 +0000] "GET /483977457 HTTP/1.1" 200 382575 "-" "Mozilla/5.0 (Linux; Android 6.0.1; Nexus 5X Build/MMB29P) AppleWebKit/537.36 (KHTML, like Gecko) Chrome/146.0.7680.153 Mobile Safari/537.36 (compatible; Googlebot/2.1; +http://www.google.com/bot.html)"
66.249.77.11 - - [21/Mar/2026:13:43:27 +0000] "GET /71645806 HTTP/1.1" 200 377539 "-" "Mozilla/5.0 (Linux; Android 6.0.1; Nexus 5X Build/MMB29P) AppleWebKit/537.36 (KHTML, like Gecko) Chrome/146.0.7680.153 Mobile Safari/537.36 (compatible; Googlebot/2.1; +http://www.google.com/bot.html)"
66.249.77.12 - - [21/Mar/2026:13:43:28 +0000] "GET /541648323 HTTP/1.1" 200 375242 "-" "Mozilla/5.0 (Linux; Android 6.0.1; Nexus 5X Build/MMB29P) AppleWebKit/537.36 (KHTML, like Gecko) Chrome/146.0.7680.153 Mobile Safari/537.36 (compatible; Googlebot/2.1; +http://www.google.com/bot.html)"
66.249.77.11 - - [21/Mar/2026:13:43:29 +0000] "GET /1935743 HTTP/1.1" 200 387423 "-" "Mozilla/5.0 (Linux; Android 6.0.1; Nexus 5X Build/MMB29P) AppleWebKit/537.36 (KHTML, like Gecko) Chrome/146.0.7680.153 Mobile Safari/537.36 (compatible; Googlebot/2.1; +http://www.google.com/bot.html)"
66.249.77.9 - - [21/Mar/2026:13:43:30 +0000] "GET /pw/ HTTP/1.1" 200 387218 "-" "Mozilla/5.0 (Linux; Android 6.0.1; Nexus 5X Build/MMB29P) AppleWebKit/537.36 (KHTML, like Gecko) Chrome/146.0.7680.153 Mobile Safari/537.36 (compatible; Googlebot/2.1; +http://www.google.com/bot.html)"
74.7.227.46 - - [21/Mar/2026:13:43:30 +0000] "GET /buy.php?detail/21200239695548 HTTP/1.1" 403 186877 "https://inception-blue.com/buy.php?detail/22300516982893" "Mozilla/5.0 AppleWebKit/537.36 (KHTML, like Gecko; compatible; GPTBot/1.3; +https://openai.com/gptbot)"
66.249.77.11 - - [21/Mar/2026:13:43:31 +0000] "GET /55227127 HTTP/1.1" 200 400212 "-" "Mozilla/5.0 (Linux; Android 6.0.1; Nexus 5X Build/MMB29P) AppleWebKit/537.36 (KHTML, like Gecko) Chrome/146.0.7680.153 Mobile Safari/537.36 (compatible; Googlebot/2.1; +http://www.google.com/bot.html)"
66.249.77.13 - - [21/Mar/2026:13:43:32 +0000] "GET /692632758 HTTP/1.1" 200 393658 "-" "Mozilla/5.0 (Linux; Android 6.0.1; Nexus 5X Build/MMB29P) AppleWebKit/537.36 (KHTML, like Gecko) Chrome/146.0.7680.153 Mobile Safari/537.36 (compatible; Googlebot/2.1; +http://www.google.com/bot.html)"
66.249.77.11 - - [21/Mar/2026:13:43:33 +0000] "GET /4085512 HTTP/1.1" 200 390399 "-" "Mozilla/5.0 (Linux; Android 6.0.1; Nexus 5X Build/MMB29P) AppleWebKit/537.36 (KHTML, like Gecko) Chrome/146.0.7680.153 Mobile Safari/537.36 (compatible; Googlebot/2.1; +http://www.google.com/bot.html)"
66.249.77.13 - - [21/Mar/2026:13:43:34 +0000] "GET /57961046 HTTP/1.1" 200 369190 "-" "Mozilla/5.0 (Linux; Android 6.0.1; Nexus 5X Build/MMB29P) AppleWebKit/537.36 (KHTML, like Gecko) Chrome/146.0.7680.153 Mobile Safari/537.36 (compatible; Googlebot/2.1; +http://www.google.com/bot.html)"
66.249.77.11 - - [21/Mar/2026:13:43:35 +0000] "GET /730025165 HTTP/1.1" 200 373246 "-" "Mozilla/5.0 (Linux; Android 6.0.1; Nexus 5X Build/MMB29P) AppleWebKit/537.36 (KHTML, like Gecko) Chrome/146.0.7680.153 Mobile Safari/537.36 (compatible; Googlebot/2.1; +http://www.google.com/bot.html)"
66.249.77.8 - - [21/Mar/2026:13:43:36 +0000] "GET /791801430 HTTP/1.1" 200 393127 "-" "Mozilla/5.0 (Linux; Android 6.0.1; Nexus 5X Build/MMB29P) AppleWebKit/537.36 (KHTML, like Gecko) Chrome/146.0.7680.153 Mobile Safari/537.36 (compatible; Googlebot/2.1; +http://www.google.com/bot.html)"
66.249.77.1 - - [21/Mar/2026:13:43:37 +0000] "GET /589437255 HTTP/1.1" 200 412694 "-" "Mozilla/5.0 (Linux; Android 6.0.1; Nexus 5X Build/MMB29P) AppleWebKit/537.36 (KHTML, like Gecko) Chrome/146.0.7680.153 Mobile Safari/537.36 (compatible; Googlebot/2.1; +http://www.google.com/bot.html)"
66.249.77.8 - - [21/Mar/2026:13:43:38 +0000] "GET /291907746 HTTP/1.1" 200 383085 "-" "Mozilla/5.0 (Linux; Android 6.0.1; Nexus 5X Build/MMB29P) AppleWebKit/537.36 (KHTML, like Gecko) Chrome/146.0.7680.153 Mobile Safari/537.36 (compatible; Googlebot/2.1; +http://www.google.com/bot.html)"
66.249.77.13 - - [21/Mar/2026:13:43:39 +0000] "GET /22460300 HTTP/1.1" 200 390548 "-" "Mozilla/5.0 (Linux; Android 6.0.1; Nexus 5X Build/MMB29P) AppleWebKit/537.36 (KHTML, like Gecko) Chrome/146.0.7680.153 Mobile Safari/537.36 (compatible; Googlebot/2.1; +http://www.google.com/bot.html)"
66.249.77.13 - - [21/Mar/2026:13:43:40 +0000] "GET /87082966 HTTP/1.1" 200 385337 "-" "Mozilla/5.0 (Linux; Android 6.0.1; Nexus 5X Build/MMB29P) AppleWebKit/537.36 (KHTML, like Gecko) Chrome/146.0.7680.153 Mobile Safari/537.36 (compatible; Googlebot/2.1; +http://www.google.com/bot.html)"
74.7.227.46 - - [21/Mar/2026:13:43:48 +0000] "GET /buy.php?detail/18303886042745 HTTP/1.1" 403 186877 "https://inception-blue.com/buy.php?detail/06600145935808" "Mozilla/5.0 AppleWebKit/537.36 (KHTML, like Gecko; compatible; GPTBot/1.3; +https://openai.com/gptbot)"
66.249.77.13 - - [21/Mar/2026:13:44:00 +0000] "GET /?detail/2320337779839 HTTP/1.1" 200 408777 "-" "Mozilla/5.0 (Linux; Android 6.0.1; Nexus 5X Build/MMB29P) AppleWebKit/537.36 (KHTML, like Gecko) Chrome/145.0.7632.159 Mobile Safari/537.36 (compatible; GoogleOther)"
74.7.227.46 - - [21/Mar/2026:13:44:05 +0000] "GET /buy.php?detail/21600247955443 HTTP/1.1" 403 186877 "https://inception-blue.com/buy.php?detail/21601620524898" "Mozilla/5.0 AppleWebKit/537.36 (KHTML, like Gecko; compatible; GPTBot/1.3; +https://openai.com/gptbot)"
216.73.216.36 - - [21/Mar/2026:13:44:09 +0000] "GET /product/229049998?dir=%2Fvar%2Fnamed&read=%2Fvar%2Fnamed%2Fserver.isorus.org.db HTTP/1.1" 200 119625 "-" "Mozilla/5.0 AppleWebKit/537.36 (KHTML, like Gecko; compatible; ClaudeBot/1.0; +claudebot@anthropic.com)"
66.249.77.11 - - [21/Mar/2026:13:44:10 +0000] "GET /?b=alv190mtpu40188bfjflp HTTP/1.1" 200 412816 "-" "Mozilla/5.0 (Linux; Android 6.0.1; Nexus 5X Build/MMB29P) AppleWebKit/537.36 (KHTML, like Gecko) Chrome/145.0.7632.159 Mobile Safari/537.36 (compatible; Googlebot/2.1; +http://www.google.com/bot.html)"
216.73.216.36 - - [21/Mar/2026:13:44:12 +0000] "GET /product/024022087?dir=%2Fhome%2Finceptionblue%2Fpublic_html%2Fwp-includes%2Fblocks%2Fquery-pagination&read=%2Fhome%2Finceptionblue%2Fpublic_html%2Fwp-includes%2Fblocks%2Fquery-pagination%2Fblock.json HTTP/1.1" 200 122487 "-" "Mozilla/5.0 AppleWebKit/537.36 (KHTML, like Gecko; compatible; ClaudeBot/1.0; +claudebot@anthropic.com)"
3.220.148.166 - - [21/Mar/2026:13:44:18 +0000] "GET /lets-dive/?dir=/home/inceptionblue/public_html/wp-content/plugins/google-site-kit/third-party/google HTTP/1.1" 200 170199 "-" "Mozilla/5.0 AppleWebKit/537.36 (KHTML, like Gecko; compatible; Amazonbot/0.1; +https://developer.amazon.com/support/amazonbot) Chrome/119.0.6045.214 Safari/537.36"
66.249.77.9 - - [21/Mar/2026:13:44:22 +0000] "GET /akibaoo-r-hm001940491 HTTP/1.1" 200 407232 "-" "GoogleOther-Image/1.0"
100.27.153.9 - - [21/Mar/2026:13:44:23 +0000] "GET /author/scott/?dir=/home/inceptionblue/.cpanel/caches HTTP/1.1" 200 138825 "-" "Mozilla/5.0 AppleWebKit/537.36 (KHTML, like Gecko; compatible; Amazonbot/0.1; +https://developer.amazon.com/support/amazonbot) Chrome/119.0.6045.214 Safari/537.36"
74.7.227.46 - - [21/Mar/2026:13:44:23 +0000] "GET /buy.php?detail/22603916978365 HTTP/1.1" 403 186877 "https://inception-blue.com/buy.php?detail/26401371886642" "Mozilla/5.0 AppleWebKit/537.36 (KHTML, like Gecko; compatible; GPTBot/1.3; +https://openai.com/gptbot)"
54.84.169.196 - - [21/Mar/2026:13:44:26 +0000] "GET /lets-dive/?dir=/home/inceptionblue/public_html/wp-content/plugins/duplicate-post/src/watchers HTTP/1.1" 200 174294 "-" "Mozilla/5.0 AppleWebKit/537.36 (KHTML, like Gecko; compatible; Amazonbot/0.1; +https://developer.amazon.com/support/amazonbot) Chrome/119.0.6045.214 Safari/537.36"
3.94.156.104 - - [21/Mar/2026:13:44:29 +0000] "GET /author/scott/?dir=/home/inceptionblue/public_html/wp-content/plugins/google-site-kit/dist/assets/css HTTP/1.1" 200 142993 "-" "Mozilla/5.0 AppleWebKit/537.36 (KHTML, like Gecko; compatible; Amazonbot/0.1; +https://developer.amazon.com/support/amazonbot) Chrome/119.0.6045.214 Safari/537.36"
15.235.27.197 - - [21/Mar/2026:13:44:30 +0000] "GET /shopbrand/97954845.htm HTTP/1.1" 200 186877 "-" "Mozilla/5.0 (compatible; AhrefsBot/7.0; +http://ahrefs.com/robot/)"
50.16.248.61 - - [21/Mar/2026:13:44:33 +0000] "GET /2024/04/01/hello-world/?dir=/home/inceptionblue/public_html/wp-includes/IXR/MH_configs_20260301022514 HTTP/1.1" 200 146357 "-" "Mozilla/5.0 AppleWebKit/537.36 (KHTML, like Gecko; compatible; Amazonbot/0.1; +https://developer.amazon.com/support/amazonbot) Chrome/119.0.6045.214 Safari/537.36"
44.196.118.6 - - [21/Mar/2026:13:44:40 +0000] "GET /author/scott/?dir=/home/inceptionblue/public_html/wp-content/plugins/google-site-kit/includes/Core/Util&read=/home/inceptionblue/public_html/wp-content/plugins/google-site-kit/includes/Core/Util/Migration_1_3_0.php HTTP/1.1" 200 136206 "-" "Mozilla/5.0 AppleWebKit/537.36 (KHTML, like Gecko; compatible; Amazonbot/0.1; +https://developer.amazon.com/support/amazonbot) Chrome/119.0.6045.214 Safari/537.36"
74.7.227.46 - - [21/Mar/2026:13:44:41 +0000] "GET /buy.php?detail/13701924679780 HTTP/1.1" 403 186877 "https://inception-blue.com/buy.php?detail/06100034391904" "Mozilla/5.0 AppleWebKit/537.36 (KHTML, like Gecko; compatible; GPTBot/1.3; +https://openai.com/gptbot)"
18.211.148.239 - - [21/Mar/2026:13:44:42 +0000] "GET /author/scott/?dir=/home/inceptionblue/public_html/wp-content/plugins/filester/includes/File_manager/lib&read=/home/inceptionblue/public_html/wp-content/plugins/filester/includes/File_manager/lib/README.md HTTP/1.1" 200 143896 "-" "Mozilla/5.0 AppleWebKit/537.36 (KHTML, like Gecko; compatible; Amazonbot/0.1; +https://developer.amazon.com/support/amazonbot) Chrome/119.0.6045.214 Safari/537.36"
3.227.180.70 - - [21/Mar/2026:13:44:48 +0000] "GET /author/scott/?dir=/home/inceptionblue/public_html/wp-content/plugins/profile-builder/features/upgrades&read=/home/inceptionblue/public_html/wp-content/plugins/profile-builder/features/upgrades/upgrades.php HTTP/1.1" 200 147104 "-" "Mozilla/5.0 AppleWebKit/537.36 (KHTML, like Gecko; compatible; Amazonbot/0.1; +https://developer.amazon.com/support/amazonbot) Chrome/119.0.6045.214 Safari/537.36"
52.3.26.180 - - [21/Mar/2026:13:44:50 +0000] "GET /author/scott/?dir=/home/inceptionblue/public_html/wp-content/plugins/wordpress-seo/css/dist&read=/home/inceptionblue/public_html/wp-content/plugins/wordpress-seo/css/dist/alerts-2230-rtl.css HTTP/1.1" 200 133486 "-" "Mozilla/5.0 AppleWebKit/537.36 (KHTML, like Gecko; compatible; Amazonbot/0.1; +https://developer.amazon.com/support/amazonbot) Chrome/119.0.6045.214 Safari/537.36"
44.207.69.106 - - [21/Mar/2026:13:44:53 +0000] "GET /author/scott/?dir=/home/inceptionblue/public_html/wp-content/plugins/wordpress-seo/src/analytics/domain&read=/home/inceptionblue/public_html/wp-content/plugins/wordpress-seo/src/analytics/domain/missing-indexable-count.php HTTP/1.1" 200 134377 "-" "Mozilla/5.0 AppleWebKit/537.36 (KHTML, like Gecko; compatible; Amazonbot/0.1; +https://developer.amazon.com/support/amazonbot) Chrome/119.0.6045.214 Safari/537.36"
66.249.77.9 - - [21/Mar/2026:13:44:54 +0000] "GET /?goods/013021690 HTTP/1.1" 200 367526 "-" "Mozilla/5.0 (Linux; Android 6.0.1; Nexus 5X Build/MMB29P) AppleWebKit/537.36 (KHTML, like Gecko) Chrome/145.0.7632.159 Mobile Safari/537.36 (compatible; GoogleOther)"
3.232.39.98 - - [21/Mar/2026:13:44:59 +0000] "GET /author/scott/?dir=/home/inceptionblue/public_html/wp-content/plugins/wordpress-seo/src/exceptions/indexable&read=/home/inceptionblue/public_html/wp-content/plugins/wordpress-seo/src/exceptions/indexable/invalid-term-exception.php HTTP/1.1" 200 133880 "-" "Mozilla/5.0 AppleWebKit/537.36 (KHTML, like Gecko; compatible; Amazonbot/0.1; +https://developer.amazon.com/support/amazonbot) Chrome/119.0.6045.214 Safari/537.36"
74.7.227.46 - - [21/Mar/2026:13:44:59 +0000] "GET /buy.php?detail/17700163542594 HTTP/1.1" 403 186877 "https://inception-blue.com/buy.php?detail/16000801337937" "Mozilla/5.0 AppleWebKit/537.36 (KHTML, like Gecko; compatible; GPTBot/1.3; +https://openai.com/gptbot)"
98.83.10.183 - - [21/Mar/2026:13:45:03 +0000] "GET /author/scott/?dir=/home/inceptionblue/public_html/wp-content/plugins/astra-sites/inc/json&read=/home/inceptionblue/public_html/wp-content/plugins/astra-sites/inc/json/astra-sites-and-pages-page-4.json HTTP/1.1" 200 234733 "-" "Mozilla/5.0 AppleWebKit/537.36 (KHTML, like Gecko; compatible; Amazonbot/0.1; +https://developer.amazon.com/support/amazonbot) Chrome/119.0.6045.214 Safari/537.36"
52.3.26.180 - - [21/Mar/2026:13:45:05 +0000] "GET /author/scott/?dir=/home/inceptionblue/public_html/wp-content/plugins/wordpress-seo/css/dist&read=/home/inceptionblue/public_html/wp-content/plugins/wordpress-seo/css/dist/modal-2230-rtl.css HTTP/1.1" 200 141609 "-" "Mozilla/5.0 AppleWebKit/537.36 (KHTML, like Gecko; compatible; Amazonbot/0.1; +https://developer.amazon.com/support/amazonbot) Chrome/119.0.6045.214 Safari/537.36"
52.22.87.224 - - [21/Mar/2026:13:45:11 +0000] "GET /author/scott/?dir=/home/inceptionblue/public_html/wp-content/plugins/astra-addon/addons/woocommerce/classes&read=/home/inceptionblue/public_html/wp-content/plugins/astra-addon/addons/woocommerce/classes/class-astra-woocommerce-panels-and-sections.php HTTP/1.1" 200 134853 "-" "Mozilla/5.0 AppleWebKit/537.36 (KHTML, like Gecko; compatible; Amazonbot/0.1; +https://developer.amazon.com/support/amazonbot) Chrome/119.0.6045.214 Safari/537.36"
98.82.66.172 - - [21/Mar/2026:13:45:14 +0000] "GET /author/scott/?dir=/home/inceptionblue/public_html/wp-content/plugins/wordpress-seo/src/actions/indexing&read=/home/inceptionblue/public_html/wp-content/plugins/wordpress-seo/src/actions/indexing/indexable-indexing-complete-action.php HTTP/1.1" 200 133856 "-" "Mozilla/5.0 AppleWebKit/537.36 (KHTML, like Gecko; compatible; Amazonbot/0.1; +https://developer.amazon.com/support/amazonbot) Chrome/119.0.6045.214 Safari/537.36"
34.225.243.131 - - [21/Mar/2026:13:45:17 +0000] "GET /wp-json/wp/v2/users/1?dir=/home/inceptionblue/public_html/.tmb HTTP/1.1" 200 33383 "-" "Mozilla/5.0 AppleWebKit/537.36 (KHTML, like Gecko; compatible; Amazonbot/0.1; +https://developer.amazon.com/support/amazonbot) Chrome/119.0.6045.214 Safari/537.36"
66.249.77.8 - - [21/Mar/2026:13:45:17 +0000] "GET /?goods/082009946 HTTP/1.1" 200 387985 "-" "Mozilla/5.0 (Linux; Android 6.0.1; Nexus 5X Build/MMB29P) AppleWebKit/537.36 (KHTML, like Gecko) Chrome/145.0.7632.159 Mobile Safari/537.36 (compatible; Googlebot/2.1; +http://www.google.com/bot.html)"
74.7.227.46 - - [21/Mar/2026:13:45:18 +0000] "GET /buy.php?detail/16104275603815 HTTP/1.1" 403 186877 "https://inception-blue.com/buy.php?detail/16104510196885" "Mozilla/5.0 AppleWebKit/537.36 (KHTML, like Gecko; compatible; GPTBot/1.3; +https://openai.com/gptbot)"
66.249.77.9 - - [21/Mar/2026:13:45:18 +0000] "GET /?n=nth207rf32477gktlita HTTP/1.1" 200 397242 "-" "Mozilla/5.0 (Linux; Android 6.0.1; Nexus 5X Build/MMB29P) AppleWebKit/537.36 (KHTML, like Gecko) Chrome/145.0.7632.159 Mobile Safari/537.36 (compatible; Googlebot/2.1; +http://www.google.com/bot.html)"
98.82.39.241 - - [21/Mar/2026:13:45:22 +0000] "GET /logined/?dir=/run&read=/run/restartsrv_exim HTTP/1.1" 200 128489 "-" "Mozilla/5.0 AppleWebKit/537.36 (KHTML, like Gecko; compatible; Amazonbot/0.1; +https://developer.amazon.com/support/amazonbot) Chrome/119.0.6045.214 Safari/537.36"
66.249.77.7 - - [21/Mar/2026:13:45:24 +0000] "GET /?detail/11800902130598 HTTP/1.1" 200 389981 "-" "Mozilla/5.0 (Linux; Android 6.0.1; Nexus 5X Build/MMB29P) AppleWebKit/537.36 (KHTML, like Gecko) Chrome/145.0.7632.159 Mobile Safari/537.36 (compatible; GoogleOther)"
54.147.238.89 - - [21/Mar/2026:13:45:25 +0000] "GET /lets-dive/?dir=/home/inceptionblue/public_html&read=/home/inceptionblue/public_html/buy.php HTTP/1.1" 200 160891 "-" "Mozilla/5.0 AppleWebKit/537.36 (KHTML, like Gecko; compatible; Amazonbot/0.1; +https://developer.amazon.com/support/amazonbot) Chrome/119.0.6045.214 Safari/537.36"
34.233.114.237 - - [21/Mar/2026:13:45:31 +0000] "GET /logined/?dir=/run&read=/run/restartsrv_cpsrvd HTTP/1.1" 200 128501 "-" "Mozilla/5.0 AppleWebKit/537.36 (KHTML, like Gecko; compatible; Amazonbot/0.1; +https://developer.amazon.com/support/amazonbot) Chrome/119.0.6045.214 Safari/537.36"
3.221.244.28 - - [21/Mar/2026:13:45:34 +0000] "GET /logined/?dir=/home/inceptionblue/public_html/wp-content/themes/astra/inc/compatibility HTTP/1.1" 200 176305 "-" "Mozilla/5.0 AppleWebKit/537.36 (KHTML, like Gecko; compatible; Amazonbot/0.1; +https://developer.amazon.com/support/amazonbot) Chrome/119.0.6045.214 Safari/537.36"
74.7.227.46 - - [21/Mar/2026:13:45:35 +0000] "GET /buy.php?detail/01504586773199 HTTP/1.1" 403 186877 "https://inception-blue.com/buy.php?detail/16202126264929" "Mozilla/5.0 AppleWebKit/537.36 (KHTML, like Gecko; compatible; GPTBot/1.3; +https://openai.com/gptbot)"
3.230.69.161 - - [21/Mar/2026:13:45:37 +0000] "GET /wp-json/wp/v2/users/1?dir=/home/inceptionblue/public_html/MH_configs_20260128024630 HTTP/1.1" 200 38878 "-" "Mozilla/5.0 AppleWebKit/537.36 (KHTML, like Gecko; compatible; Amazonbot/0.1; +https://developer.amazon.com/support/amazonbot) Chrome/119.0.6045.214 Safari/537.36"
18.204.152.114 - - [21/Mar/2026:13:45:44 +0000] "GET /logined/?dir=/home/inceptionblue/public_html/wp-includes/images/media&read=/home/inceptionblue/public_html/wp-includes/images/media/spreadsheet.svg HTTP/1.1" 200 129794 "-" "Mozilla/5.0 AppleWebKit/537.36 (KHTML, like Gecko; compatible; Amazonbot/0.1; +https://developer.amazon.com/support/amazonbot) Chrome/119.0.6045.214 Safari/537.36"
54.164.106.236 - - [21/Mar/2026:13:45:46 +0000] "GET /2024/04/01/hello-world/?dir=/home/inceptionblue/public_html/wp-content/plugins/astra-sites HTTP/1.1" 200 170229 "-" "Mozilla/5.0 AppleWebKit/537.36 (KHTML, like Gecko; compatible; Amazonbot/0.1; +https://developer.amazon.com/support/amazonbot) Chrome/119.0.6045.214 Safari/537.36"
54.162.69.192 - - [21/Mar/2026:13:45:50 +0000] "GET /2024/04/01/hello-world/?dir=/home/inceptionblue/public_html/wp-includes/customize&read=/home/inceptionblue/public_html/wp-includes/customize/class-wp-customize-site-icon-control.php HTTP/1.1" 200 145181 "-" "Mozilla/5.0 AppleWebKit/537.36 (KHTML, like Gecko; compatible; Amazonbot/0.1; +https://developer.amazon.com/support/amazonbot) Chrome/119.0.6045.214 Safari/537.36"
66.249.77.7 - - [21/Mar/2026:13:45:51 +0000] "GET /shopbrand/1876692649.htm HTTP/1.1" 200 397799 "-" "Mozilla/5.0 (Linux; Android 6.0.1; Nexus 5X Build/MMB29P) AppleWebKit/537.36 (KHTML, like Gecko) Chrome/145.0.7632.159 Mobile Safari/537.36 (compatible; Googlebot/2.1; +http://www.google.com/bot.html)"
74.7.227.46 - - [21/Mar/2026:13:45:52 +0000] "GET /buy.php?detail/13904026347531 HTTP/1.1" 403 186877 "https://inception-blue.com/buy.php?detail/29503123129838" "Mozilla/5.0 AppleWebKit/537.36 (KHTML, like Gecko; compatible; GPTBot/1.3; +https://openai.com/gptbot)"
54.84.147.79 - - [21/Mar/2026:13:45:53 +0000] "GET /2024/04/01/hello-world/?dir=/home/inceptionblue/public_html/wp-includes/customize&read=/home/inceptionblue/public_html/wp-includes/customize/class-wp-customize-cropped-image-control.php HTTP/1.1" 200 140691 "-" "Mozilla/5.0 AppleWebKit/537.36 (KHTML, like Gecko; compatible; Amazonbot/0.1; +https://developer.amazon.com/support/amazonbot) Chrome/119.0.6045.214 Safari/537.36"
35.174.253.85 - - [21/Mar/2026:13:45:58 +0000] "GET /2024/04/01/hello-world/?dir=/home/inceptionblue/.trash&read=/home/inceptionblue/.trash/.trash_restore HTTP/1.1" 200 138968 "-" "Mozilla/5.0 AppleWebKit/537.36 (KHTML, like Gecko; compatible; Amazonbot/0.1; +https://developer.amazon.com/support/amazonbot) Chrome/119.0.6045.214 Safari/537.36"
66.249.77.7 - - [21/Mar/2026:13:45:59 +0000] "GET /everything-mart-21a693-1 HTTP/1.1" 200 389458 "-" "Mozilla/5.0 (Linux; Android 6.0.1; Nexus 5X Build/MMB29P) AppleWebKit/537.36 (KHTML, like Gecko) Chrome/145.0.7632.159 Mobile Safari/537.36 (compatible; GoogleOther)"
66.249.77.7 - - [21/Mar/2026:13:46:06 +0000] "GET /jordan23-4_93131951-1 HTTP/1.1" 200 412530 "-" "GoogleOther-Image/1.0"
74.7.227.46 - - [21/Mar/2026:13:46:10 +0000] "GET /buy.php?detail/15501685639743 HTTP/1.1" 403 186876 "https://inception-blue.com/buy.php?detail/27500834154940" "Mozilla/5.0 AppleWebKit/537.36 (KHTML, like Gecko; compatible; GPTBot/1.3; +https://openai.com/gptbot)"
66.249.77.7 - - [21/Mar/2026:13:46:26 +0000] "GET /first34-trusco-5631068 HTTP/1.1" 200 373711 "-" "GoogleOther-Image/1.0"
74.7.227.46 - - [21/Mar/2026:13:46:28 +0000] "GET /buy.php?detail/29701806458774 HTTP/1.1" 403 186876 "https://inception-blue.com/buy.php?detail/06501017419205" "Mozilla/5.0 AppleWebKit/537.36 (KHTML, like Gecko; compatible; GPTBot/1.3; +https://openai.com/gptbot)"
74.7.227.46 - - [21/Mar/2026:13:46:46 +0000] "GET /buy.php?detail/15302976045663 HTTP/1.1" 403 186877 "https://inception-blue.com/buy.php?detail/15301956335967" "Mozilla/5.0 AppleWebKit/537.36 (KHTML, like Gecko; compatible; GPTBot/1.3; +https://openai.com/gptbot)"
74.7.227.46 - - [21/Mar/2026:13:47:05 +0000] "GET /buy.php?detail/12402860550497 HTTP/1.1" 403 186877 "https://inception-blue.com/buy.php?detail/23300498518025" "Mozilla/5.0 AppleWebKit/537.36 (KHTML, like Gecko; compatible; GPTBot/1.3; +https://openai.com/gptbot)"
74.7.227.46 - - [21/Mar/2026:13:47:23 +0000] "GET /buy.php?detail/26303185120469 HTTP/1.1" 403 186877 "https://inception-blue.com/buy.php?detail/01400648290002" "Mozilla/5.0 AppleWebKit/537.36 (KHTML, like Gecko; compatible; GPTBot/1.3; +https://openai.com/gptbot)"
66.249.77.8 - - [21/Mar/2026:13:47:29 +0000] "GET /daishinshop-313-107172 HTTP/1.1" 200 379103 "-" "GoogleOther-Image/1.0"
74.7.227.46 - - [21/Mar/2026:13:47:41 +0000] "GET /buy.php?detail/01500829324174 HTTP/1.1" 403 186877 "https://inception-blue.com/buy.php?detail/01500237029274" "Mozilla/5.0 AppleWebKit/537.36 (KHTML, like Gecko; compatible; GPTBot/1.3; +https://openai.com/gptbot)"
66.249.77.7 - - [21/Mar/2026:13:47:44 +0000] "GET /?n=obnf6clkw37826kpnpxy HTTP/1.1" 200 394079 "-" "Mozilla/5.0 (Linux; Android 6.0.1; Nexus 5X Build/MMB29P) AppleWebKit/537.36 (KHTML, like Gecko) Chrome/145.0.7632.159 Mobile Safari/537.36 (compatible; Googlebot/2.1; +http://www.google.com/bot.html)"
66.249.77.8 - - [21/Mar/2026:13:47:45 +0000] "GET /shopbrand/1620634775.htm HTTP/1.1" 200 376183 "-" "Mozilla/5.0 (Linux; Android 6.0.1; Nexus 5X Build/MMB29P) AppleWebKit/537.36 (KHTML, like Gecko) Chrome/145.0.7632.159 Mobile Safari/537.36 (compatible; Googlebot/2.1; +http://www.google.com/bot.html)"
74.7.227.46 - - [21/Mar/2026:13:47:59 +0000] "GET /buy.php?detail/11902326280564 HTTP/1.1" 403 186877 "https://inception-blue.com/buy.php?detail/2620281133601" "Mozilla/5.0 AppleWebKit/537.36 (KHTML, like Gecko; compatible; GPTBot/1.3; +https://openai.com/gptbot)"
74.7.227.46 - - [21/Mar/2026:13:48:17 +0000] "GET /buy.php?detail/15904970273462 HTTP/1.1" 403 186877 "https://inception-blue.com/buy.php?detail/14902203098177" "Mozilla/5.0 AppleWebKit/537.36 (KHTML, like Gecko; compatible; GPTBot/1.3; +https://openai.com/gptbot)"
66.249.77.8 - - [21/Mar/2026:13:48:25 +0000] "GET /?i=hlnuh83fhds13477kgjnqrxew HTTP/1.1" 200 375168 "-" "Mozilla/5.0 (Linux; Android 6.0.1; Nexus 5X Build/MMB29P) AppleWebKit/537.36 (KHTML, like Gecko) Chrome/145.0.7632.159 Mobile Safari/537.36 (compatible; Googlebot/2.1; +http://www.google.com/bot.html)"
74.7.227.46 - - [21/Mar/2026:13:48:35 +0000] "GET /buy.php?detail/22100156472387 HTTP/1.1" 403 186877 "https://inception-blue.com/buy.php?detail/22103677775708" "Mozilla/5.0 AppleWebKit/537.36 (KHTML, like Gecko; compatible; GPTBot/1.3; +https://openai.com/gptbot)"
216.73.216.36 - - [21/Mar/2026:13:48:35 +0000] "GET /product/024022087?dir=%2Fhome%2Finceptionblue%2Fpublic_html%2Fwp-includes%2FSimplePie%2Fsrc&read=%2Fhome%2Finceptionblue%2Fpublic_html%2Fwp-includes%2FSimplePie%2Fsrc%2FSource.php HTTP/1.1" 200 144575 "-" "Mozilla/5.0 AppleWebKit/537.36 (KHTML, like Gecko; compatible; ClaudeBot/1.0; +claudebot@anthropic.com)"
216.73.216.36 - - [21/Mar/2026:13:48:38 +0000] "GET /product/038019023?dir=%2Fhome%2Finceptionblue%2Fpublic_html%2Fwp-includes%2FSimplePie%2Fsrc%2FXML%2FDeclaration HTTP/1.1" 200 125934 "-" "Mozilla/5.0 AppleWebKit/537.36 (KHTML, like Gecko; compatible; ClaudeBot/1.0; +claudebot@anthropic.com)"
216.73.216.36 - - [21/Mar/2026:13:48:41 +0000] "GET /product/216002177?dir=%2Fvar%2Fcache%2FlibX11%2Fcompose HTTP/1.1" 200 123250 "-" "Mozilla/5.0 AppleWebKit/537.36 (KHTML, like Gecko; compatible; ClaudeBot/1.0; +claudebot@anthropic.com)"
216.73.216.36 - - [21/Mar/2026:13:48:44 +0000] "GET /product/024022087?dir=%2Fhome%2Finceptionblue%2Fpublic_html%2Fwp-includes%2Fjs%2Ftinymce%2Futils HTTP/1.1" 200 130575 "-" "Mozilla/5.0 AppleWebKit/537.36 (KHTML, like Gecko; compatible; ClaudeBot/1.0; +claudebot@anthropic.com)"
216.73.216.36 - - [21/Mar/2026:13:48:47 +0000] "GET /product/260024707?dir=%2Fvar%2Fcache%2Fman%2Fda HTTP/1.1" 200 126011 "-" "Mozilla/5.0 AppleWebKit/537.36 (KHTML, like Gecko; compatible; ClaudeBot/1.0; +claudebot@anthropic.com)"
216.73.216.36 - - [21/Mar/2026:13:48:50 +0000] "GET /product/024022087?dir=%2Fhome%2Finceptionblue%2Fpublic_html%2Fwp-content%2Fplugins%2Fduplicate-post HTTP/1.1" 200 144851 "-" "Mozilla/5.0 AppleWebKit/537.36 (KHTML, like Gecko; compatible; ClaudeBot/1.0; +claudebot@anthropic.com)"
74.7.227.46 - - [21/Mar/2026:13:48:52 +0000] "GET /buy.php?detail/20104729457369 HTTP/1.1" 403 186877 "https://inception-blue.com/buy.php?detail/11900359145953" "Mozilla/5.0 AppleWebKit/537.36 (KHTML, like Gecko; compatible; GPTBot/1.3; +https://openai.com/gptbot)"
216.73.216.36 - - [21/Mar/2026:13:48:53 +0000] "GET /product/172009613?dir=%2Fhome%2Finceptionblue%2Fpublic_html%2Fwp-content%2Fplugins%2Fastra-addon%2Fadmin%2Fadmin&read=%2Fhome%2Finceptionblue%2Fpublic_html%2Fwp-content%2Fplugins%2Fastra-addon%2Fadmin%2Fadmin%2Fcache.php HTTP/1.1" 200 125951 "-" "Mozilla/5.0 AppleWebKit/537.36 (KHTML, like Gecko; compatible; ClaudeBot/1.0; +claudebot@anthropic.com)"
216.73.216.36 - - [21/Mar/2026:13:48:56 +0000] "GET /product/216002177?dir=%2Fvar%2Fcache%2Fkcare&read=%2Fvar%2Fcache%2Fkcare%2Fkernel_patch_level.json HTTP/1.1" 200 120127 "-" "Mozilla/5.0 AppleWebKit/537.36 (KHTML, like Gecko; compatible; ClaudeBot/1.0; +claudebot@anthropic.com)"
216.73.216.36 - - [21/Mar/2026:13:48:59 +0000] "GET /product/229049998?dir=%2Fhome%2Finceptionblue%2Fpublic_html%2Fwp-includes%2FRequests%2Fsrc%2FUtility HTTP/1.1" 200 129119 "-" "Mozilla/5.0 AppleWebKit/537.36 (KHTML, like Gecko; compatible; ClaudeBot/1.0; +claudebot@anthropic.com)"
216.73.216.36 - - [21/Mar/2026:13:49:02 +0000] "GET /product/216002177?dir=%2Fvar%2Fcache%2Fman%2Fcs HTTP/1.1" 200 126011 "-" "Mozilla/5.0 AppleWebKit/537.36 (KHTML, like Gecko; compatible; ClaudeBot/1.0; +claudebot@anthropic.com)"
216.73.216.36 - - [21/Mar/2026:13:49:05 +0000] "GET /product/024022087?dir=%2Fhome%2Finceptionblue%2Fpublic_html%2Fwp-includes%2FSimplePie%2Fsrc%2FCache&read=%2Fhome%2Finceptionblue%2Fpublic_html%2Fwp-includes%2FSimplePie%2Fsrc%2FCache%2FBaseDataCache.php HTTP/1.1" 200 123854 "-" "Mozilla/5.0 AppleWebKit/537.36 (KHTML, like Gecko; compatible; ClaudeBot/1.0; +claudebot@anthropic.com)"
216.73.216.36 - - [21/Mar/2026:13:49:08 +0000] "GET /product/229049998?dir=%2Fvar%2Flib%2Fmisc HTTP/1.1" 200 123036 "-" "Mozilla/5.0 AppleWebKit/537.36 (KHTML, like Gecko; compatible; ClaudeBot/1.0; +claudebot@anthropic.com)"
74.7.227.46 - - [21/Mar/2026:13:49:10 +0000] "GET /buy.php?detail/29501843790572 HTTP/1.1" 403 186877 "https://inception-blue.com/buy.php?detail/18002564598490" "Mozilla/5.0 AppleWebKit/537.36 (KHTML, like Gecko; compatible; GPTBot/1.3; +https://openai.com/gptbot)"
216.73.216.36 - - [21/Mar/2026:13:49:11 +0000] "GET /product/138026129?dir=%2Fhome%2Finceptionblue%2Fpublic_html%2Fwp-includes%2Fblocks%2Fshortcode HTTP/1.1" 200 133666 "-" "Mozilla/5.0 AppleWebKit/537.36 (KHTML, like Gecko; compatible; ClaudeBot/1.0; +claudebot@anthropic.com)"
66.249.77.8 - - [21/Mar/2026:13:49:12 +0000] "GET /mro-tonton-sa049034449 HTTP/1.1" 200 400829 "-" "GoogleOther-Image/1.0"
216.73.216.36 - - [21/Mar/2026:13:49:14 +0000] "GET /product/172009613?dir=%2Fvar%2Flog%2Fapache2%2Fdomlogs HTTP/1.1" 200 123291 "-" "Mozilla/5.0 AppleWebKit/537.36 (KHTML, like Gecko; compatible; ClaudeBot/1.0; +claudebot@anthropic.com)"
216.73.216.36 - - [21/Mar/2026:13:49:17 +0000] "GET /product/229049998?dir=%2Fvar%2Flib%2Fsystemd HTTP/1.1" 200 129836 "-" "Mozilla/5.0 AppleWebKit/537.36 (KHTML, like Gecko; compatible; ClaudeBot/1.0; +claudebot@anthropic.com)"
216.73.216.36 - - [21/Mar/2026:13:49:20 +0000] "GET /product/245030170?dir=%2Fvar%2Flog%2Fapache2%2Fdomlogs HTTP/1.1" 200 123291 "-" "Mozilla/5.0 AppleWebKit/537.36 (KHTML, like Gecko; compatible; ClaudeBot/1.0; +claudebot@anthropic.com)"
74.7.227.46 - - [21/Mar/2026:13:49:28 +0000] "GET /buy.php?detail/12903441487607 HTTP/1.1" 403 186877 "https://inception-blue.com/buy.php?detail/12901931034707" "Mozilla/5.0 AppleWebKit/537.36 (KHTML, like Gecko; compatible; GPTBot/1.3; +https://openai.com/gptbot)"
66.249.77.8 - - [21/Mar/2026:13:49:33 +0000] "GET /first34-asone-61-6164-62 HTTP/1.1" 200 373717 "-" "GoogleOther-Image/1.0"
74.7.227.46 - - [21/Mar/2026:13:49:46 +0000] "GET /buy.php?detail/21102989757164 HTTP/1.1" 403 186877 "https://inception-blue.com/buy.php?detail/08501985057957" "Mozilla/5.0 AppleWebKit/537.36 (KHTML, like Gecko; compatible; GPTBot/1.3; +https://openai.com/gptbot)"
66.249.77.7 - - [21/Mar/2026:13:49:54 +0000] "GET /mujica-felice-b0009rsybq HTTP/1.1" 200 409019 "-" "GoogleOther-Image/1.0"
66.249.77.7 - - [21/Mar/2026:13:49:56 +0000] "GET /?detail/192032411514 HTTP/1.1" 200 404888 "-" "Mozilla/5.0 (Linux; Android 6.0.1; Nexus 5X Build/MMB29P) AppleWebKit/537.36 (KHTML, like Gecko) Chrome/145.0.7632.159 Mobile Safari/537.36 (compatible; Googlebot/2.1; +http://www.google.com/bot.html)"
74.7.227.46 - - [21/Mar/2026:13:50:05 +0000] "GET /buy.php?detail/13802426740892 HTTP/1.1" 403 186877 "https://inception-blue.com/buy.php?detail/13802120213780" "Mozilla/5.0 AppleWebKit/537.36 (KHTML, like Gecko; compatible; GPTBot/1.3; +https://openai.com/gptbot)"
216.73.216.36 - - [21/Mar/2026:13:50:08 +0000] "GET /product/245030170?dir=%2Fhome%2Finceptionblue%2Fpublic_html%2Fwp-includes%2Finteractivity-api HTTP/1.1" 200 132105 "-" "Mozilla/5.0 AppleWebKit/537.36 (KHTML, like Gecko; compatible; ClaudeBot/1.0; +claudebot@anthropic.com)"
216.73.216.36 - - [21/Mar/2026:13:50:11 +0000] "GET /product/229049998?dir=%2Fhome%2Finceptionblue%2Fpublic_html%2Fwp-content%2Fplugins%2Fduplicate-post%2Fsrc&read=%2Fhome%2Finceptionblue%2Fpublic_html%2Fwp-content%2Fplugins%2Fduplicate-post%2Fsrc%2Futils.php HTTP/1.1" 200 126773 "-" "Mozilla/5.0 AppleWebKit/537.36 (KHTML, like Gecko; compatible; ClaudeBot/1.0; +claudebot@anthropic.com)"
216.73.216.36 - - [21/Mar/2026:13:50:14 +0000] "GET /product/229049998?dir=%2Fhome%2Finceptionblue%2Fpublic_html%2Fwp-content%2Fplugins%2Fastra-addon%2Fadmin HTTP/1.1" 200 136589 "-" "Mozilla/5.0 AppleWebKit/537.36 (KHTML, like Gecko; compatible; ClaudeBot/1.0; +claudebot@anthropic.com)"
66.249.77.7 - - [21/Mar/2026:13:50:16 +0000] "GET /skymarketplus-b000lcr596 HTTP/1.1" 200 411091 "-" "GoogleOther-Image/1.0"
216.73.216.36 - - [21/Mar/2026:13:50:17 +0000] "GET /product/038019023?dir=%2Fhome%2Finceptionblue%2F.cpanel%2Fea-php-cli HTTP/1.1" 200 124767 "-" "Mozilla/5.0 AppleWebKit/537.36 (KHTML, like Gecko; compatible; ClaudeBot/1.0; +claudebot@anthropic.com)"
216.73.216.36 - - [21/Mar/2026:13:50:20 +0000] "GET /product/229049998?dir=%2Fvar%2Fspool%2Fmail HTTP/1.1" 200 123054 "-" "Mozilla/5.0 AppleWebKit/537.36 (KHTML, like Gecko; compatible; ClaudeBot/1.0; +claudebot@anthropic.com)"
216.73.216.36 - - [21/Mar/2026:13:50:23 +0000] "GET /product/138026129?dir=%2Fhome%2Finceptionblue%2Fpublic_html%2Fwp-includes%2Fjs%2Fdist%2Fscript-modules%2Fblock-editor%2Futils HTTP/1.1" 200 128115 "-" "Mozilla/5.0 AppleWebKit/537.36 (KHTML, like Gecko; compatible; ClaudeBot/1.0; +claudebot@anthropic.com)"
74.7.227.46 - - [21/Mar/2026:13:50:23 +0000] "GET /buy.php?detail/10804405629235 HTTP/1.1" 403 186877 "https://inception-blue.com/buy.php?goods/204024034" "Mozilla/5.0 AppleWebKit/537.36 (KHTML, like Gecko; compatible; GPTBot/1.3; +https://openai.com/gptbot)"
66.249.77.8 - - [21/Mar/2026:13:50:36 +0000] "GET /?z=zqup136psy27598hlbzfzsjg HTTP/1.1" 200 391881 "-" "Mozilla/5.0 (Linux; Android 6.0.1; Nexus 5X Build/MMB29P) AppleWebKit/537.36 (KHTML, like Gecko) Chrome/145.0.7632.159 Mobile Safari/537.36 (compatible; GoogleOther)"
66.249.77.7 - - [21/Mar/2026:13:50:41 +0000] "GET /?detail/1710389042163 HTTP/1.1" 200 391939 "-" "Mozilla/5.0 (Linux; Android 6.0.1; Nexus 5X Build/MMB29P) AppleWebKit/537.36 (KHTML, like Gecko) Chrome/145.0.7632.159 Mobile Safari/537.36 (compatible; GoogleOther)"
74.7.227.46 - - [21/Mar/2026:13:50:42 +0000] "GET /buy.php?detail/22801576299337 HTTP/1.1" 403 186877 "https://inception-blue.com/buy.php?goods/228016939" "Mozilla/5.0 AppleWebKit/537.36 (KHTML, like Gecko; compatible; GPTBot/1.3; +https://openai.com/gptbot)"
66.249.77.7 - - [21/Mar/2026:13:50:46 +0000] "GET /guruguru-ds-bftd-540 HTTP/1.1" 200 407173 "-" "Mozilla/5.0 (Linux; Android 6.0.1; Nexus 5X Build/MMB29P) AppleWebKit/537.36 (KHTML, like Gecko) Chrome/145.0.7632.159 Mobile Safari/537.36 (compatible; GoogleOther)"
74.7.227.46 - - [21/Mar/2026:13:51:00 +0000] "GET /buy.php?detail/27001693898794 HTTP/1.1" 403 186877 "https://inception-blue.com/buy.php?detail/29803648974929" "Mozilla/5.0 AppleWebKit/537.36 (KHTML, like Gecko; compatible; GPTBot/1.3; +https://openai.com/gptbot)"
66.249.77.8 - - [21/Mar/2026:13:51:07 +0000] "GET /guruguru-ds-bftd-540 HTTP/1.1" 200 407173 "-" "Mozilla/5.0 (Linux; Android 6.0.1; Nexus 5X Build/MMB29P) AppleWebKit/537.36 (KHTML, like Gecko) Chrome/145.0.7632.159 Mobile Safari/537.36 (compatible; Googlebot/2.1; +http://www.google.com/bot.html)"
216.73.216.36 - - [21/Mar/2026:13:51:17 +0000] "GET /product/260024707?dir=%2Frun&read=%2Frun%2Fdnsadmin.pid HTTP/1.1" 200 119798 "-" "Mozilla/5.0 AppleWebKit/537.36 (KHTML, like Gecko; compatible; ClaudeBot/1.0; +claudebot@anthropic.com)"
74.7.227.46 - - [21/Mar/2026:13:51:17 +0000] "GET /buy.php?detail/19601367802775 HTTP/1.1" 403 186877 "https://inception-blue.com/buy.php?detail/12000048837786" "Mozilla/5.0 AppleWebKit/537.36 (KHTML, like Gecko; compatible; GPTBot/1.3; +https://openai.com/gptbot)"
66.249.77.7 - - [21/Mar/2026:13:51:18 +0000] "GET /first34-asone-64-8927-60 HTTP/1.1" 200 373717 "-" "GoogleOther-Image/1.0"
216.73.216.36 - - [21/Mar/2026:13:51:20 +0000] "GET /product/037008832?dir=%2Fhome%2Finceptionblue%2Fpublic_html%2Fwp-content%2Fplugins%2Fastra-addon%2Fastra-addon HTTP/1.1" 200 130897 "-" "Mozilla/5.0 AppleWebKit/537.36 (KHTML, like Gecko; compatible; ClaudeBot/1.0; +claudebot@anthropic.com)"
216.73.216.36 - - [21/Mar/2026:13:51:23 +0000] "GET /product/260024707?dir=%2Fvar%2Fspool%2Fat HTTP/1.1" 200 186877 "-" "Mozilla/5.0 AppleWebKit/537.36 (KHTML, like Gecko; compatible; ClaudeBot/1.0; +claudebot@anthropic.com)"
216.73.216.36 - - [21/Mar/2026:13:51:26 +0000] "GET /product/229049998?dir=%2Fhome%2Finceptionblue%2Fpublic_html%2Fwp-content%2Fplugins%2Fduplicate-post%2Fcompat HTTP/1.1" 200 127518 "-" "Mozilla/5.0 AppleWebKit/537.36 (KHTML, like Gecko; compatible; ClaudeBot/1.0; +claudebot@anthropic.com)"
216.73.216.36 - - [21/Mar/2026:13:51:29 +0000] "GET /product/260024707?dir=%2Fvar%2Fcache%2FlibX11 HTTP/1.1" 200 124371 "-" "Mozilla/5.0 AppleWebKit/537.36 (KHTML, like Gecko; compatible; ClaudeBot/1.0; +claudebot@anthropic.com)"
216.73.216.36 - - [21/Mar/2026:13:51:32 +0000] "GET /product/229049998?dir=%2Fhome%2Finceptionblue%2Fpublic_html%2Fwp-content%2Fplugins%2Fastra-addon%2Faddons%2Fmobile-header%2Fclasses HTTP/1.1" 200 133409 "-" "Mozilla/5.0 AppleWebKit/537.36 (KHTML, like Gecko; compatible; ClaudeBot/1.0; +claudebot@anthropic.com)"
74.7.227.46 - - [21/Mar/2026:13:51:35 +0000] "GET /buy.php?detail/13802487852996 HTTP/1.1" 403 186877 "https://inception-blue.com/buy.php?detail/14702022798285" "Mozilla/5.0 AppleWebKit/537.36 (KHTML, like Gecko; compatible; GPTBot/1.3; +https://openai.com/gptbot)"
216.73.216.36 - - [21/Mar/2026:13:51:35 +0000] "GET /product/037008832?dir=%2Fhome%2Finceptionblue%2Fpublic_html%2Fwp-includes%2Fblock-patterns HTTP/1.1" 200 138636 "-" "Mozilla/5.0 AppleWebKit/537.36 (KHTML, like Gecko; compatible; ClaudeBot/1.0; +claudebot@anthropic.com)"
216.73.216.36 - - [21/Mar/2026:13:51:38 +0000] "GET /product/038019023?dir=%2Fhome%2Finceptionblue%2Fpublic_html%2Fwp-includes%2Fblocks%2Fmissing HTTP/1.1" 200 127024 "-" "Mozilla/5.0 AppleWebKit/537.36 (KHTML, like Gecko; compatible; ClaudeBot/1.0; +claudebot@anthropic.com)"
216.73.216.36 - - [21/Mar/2026:13:51:41 +0000] "GET /product/024022087?dir=%2Fhome%2Finceptionblue%2Fpublic_html%2Fwp-includes%2Fcss&read=%2Fhome%2Finceptionblue%2Fpublic_html%2Fwp-includes%2Fcss%2Fwp-pointer-rtl.min.css HTTP/1.1" 200 123405 "-" "Mozilla/5.0 AppleWebKit/537.36 (KHTML, like Gecko; compatible; ClaudeBot/1.0; +claudebot@anthropic.com)"
216.73.216.36 - - [21/Mar/2026:13:51:44 +0000] "GET /product/024022087?dir=%2Fhome%2Finceptionblue%2Fpublic_html%2Fwp-includes%2Fcss%2Fdist HTTP/1.1" 200 153738 "-" "Mozilla/5.0 AppleWebKit/537.36 (KHTML, like Gecko; compatible; ClaudeBot/1.0; +claudebot@anthropic.com)"
216.73.216.36 - - [21/Mar/2026:13:51:47 +0000] "GET /product/245030170?dir=%2Fhome%2Finceptionblue%2Fpublic_html%2Fwp-includes%2Fblock-patterns HTTP/1.1" 200 138636 "-" "Mozilla/5.0 AppleWebKit/537.36 (KHTML, like Gecko; compatible; ClaudeBot/1.0; +claudebot@anthropic.com)"
216.73.216.36 - - [21/Mar/2026:13:51:50 +0000] "GET /product/245030170?dir=%2Fhome%2Finceptionblue%2Fpublic_html%2Fwp-includes%2Fphp-compat HTTP/1.1" 200 126807 "-" "Mozilla/5.0 AppleWebKit/537.36 (KHTML, like Gecko; compatible; ClaudeBot/1.0; +claudebot@anthropic.com)"
74.7.227.46 - - [21/Mar/2026:13:51:52 +0000] "GET /buy.php?detail/28700674562316 HTTP/1.1" 403 186877 "https://inception-blue.com/buy.php?detail/04302154414912" "Mozilla/5.0 AppleWebKit/537.36 (KHTML, like Gecko; compatible; GPTBot/1.3; +https://openai.com/gptbot)"
216.73.216.36 - - [21/Mar/2026:13:51:53 +0000] "GET /product/172009613?dir=%2Fhome%2Finceptionblue%2Fpublic_html%2Fwp-content%2Fplugins%2Fastra-addon%2Fclasses%2Fcustomizer%2Fcontrols HTTP/1.1" 200 126468 "-" "Mozilla/5.0 AppleWebKit/537.36 (KHTML, like Gecko; compatible; ClaudeBot/1.0; +claudebot@anthropic.com)"
216.73.216.36 - - [21/Mar/2026:13:51:56 +0000] "GET /product/037008832?dir=%2Fhome%2Finceptionblue%2Fpublic_html%2Fwp-content%2Fplugins%2Fastra-addon%2Fclasses%2Fcompatibility HTTP/1.1" 200 145141 "-" "Mozilla/5.0 AppleWebKit/537.36 (KHTML, like Gecko; compatible; ClaudeBot/1.0; +claudebot@anthropic.com)"
216.73.216.36 - - [21/Mar/2026:13:51:59 +0000] "GET /product/245030170?dir=%2Fhome%2Finceptionblue%2Fpublic_html%2Fwp-includes%2FRequests%2Fsrc HTTP/1.1" 200 165048 "-" "Mozilla/5.0 AppleWebKit/537.36 (KHTML, like Gecko; compatible; ClaudeBot/1.0; +claudebot@anthropic.com)"
216.73.216.36 - - [21/Mar/2026:13:52:02 +0000] "GET /product/138026129?dir=%2Fhome%2Finceptionblue%2Fpublic_html%2Fwp-content%2Fplugins%2Fwordpress-seo%2Fsrc%2Fgenerated%2Fassets HTTP/1.1" 200 129821 "-" "Mozilla/5.0 AppleWebKit/537.36 (KHTML, like Gecko; compatible; ClaudeBot/1.0; +claudebot@anthropic.com)"
66.249.77.9 - - [21/Mar/2026:13:52:02 +0000] "GET /?q=ehplk120m21278kzcyajy HTTP/1.1" 200 385245 "-" "Mozilla/5.0 (Linux; Android 6.0.1; Nexus 5X Build/MMB29P) AppleWebKit/537.36 (KHTML, like Gecko) Chrome/145.0.7632.159 Mobile Safari/537.36 (compatible; Googlebot/2.1; +http://www.google.com/bot.html)"
74.7.227.46 - - [21/Mar/2026:13:52:09 +0000] "GET /buy.php?detail/12802473853049 HTTP/1.1" 403 186877 "https://inception-blue.com/buy.php?detail/12801873465323" "Mozilla/5.0 AppleWebKit/537.36 (KHTML, like Gecko; compatible; GPTBot/1.3; +https://openai.com/gptbot)"
216.73.216.36 - - [21/Mar/2026:13:52:15 +0000] "GET /product/024022087?dir=%2Fhome%2Finceptionblue%2Fpublic_html%2Fwp-admin%2Fcss%2Fcss&read=%2Fhome%2Finceptionblue%2Fpublic_html%2Fwp-admin%2Fcss%2Fcss%2F.htaccess HTTP/1.1" 200 120326 "-" "Mozilla/5.0 AppleWebKit/537.36 (KHTML, like Gecko; compatible; ClaudeBot/1.0; +claudebot@anthropic.com)"
216.73.216.36 - - [21/Mar/2026:13:52:17 +0000] "GET /product/260024707?dir=%2Fvar%2Fspool%2Flpd HTTP/1.1" 200 123045 "-" "Mozilla/5.0 AppleWebKit/537.36 (KHTML, like Gecko; compatible; ClaudeBot/1.0; +claudebot@anthropic.com)"
66.249.77.8 - - [21/Mar/2026:13:52:20 +0000] "GET /motoparts-bdhcb-14-l1-bk HTTP/1.1" 200 392173 "-" "GoogleOther-Image/1.0"
