2001:41d0:303:96d4::1 - - [21/Mar/2026:14:13:02 +0000] "GET /feed/?dir=/home/inceptionblue/public_html/wp-content/plugins/astra-sites/inc/lib/zip-ai/sidebar/build/fonts&read=/home/inceptionblue/public_html/wp-content/plugins/astra-sites/inc/lib/zip-ai/sidebar/build/fonts/courier-prime-400.7fb19a15.woff HTTP/1.1" 200 12798 "-" "Mozilla/5.0 (compatible; MJ12bot/v1.4.8; http://mj12bot.com/)"
216.73.216.36 - - [21/Mar/2026:14:13:02 +0000] "GET /product/229049998?dir=%2Fhome%2Finceptionblue%2Fpublic_html%2Fwp-content%2Fplugins%2Fastra-sites%2Finc%2Fimporters%2Fwxr-importer HTTP/1.1" 200 133825 "-" "Mozilla/5.0 AppleWebKit/537.36 (KHTML, like Gecko; compatible; ClaudeBot/1.0; +claudebot@anthropic.com)"
216.73.216.36 - - [21/Mar/2026:14:13:05 +0000] "GET /product/138010947?dir=%2Fhome%2Finceptionblue&read=%2Fhome%2Finceptionblue%2F.spamassassinenable HTTP/1.1" 200 119824 "-" "Mozilla/5.0 AppleWebKit/537.36 (KHTML, like Gecko; compatible; ClaudeBot/1.0; +claudebot@anthropic.com)"
2001:41d0:303:96d4::1 - - [21/Mar/2026:14:13:07 +0000] "GET /feed/?dir=/home/inceptionblue/public_html/wp-content/plugins/astra-sites/inc/lib/zip-ai/sidebar/build/fonts&read=/home/inceptionblue/public_html/wp-content/plugins/astra-sites/inc/lib/zip-ai/sidebar/build/fonts/courier-prime-400.9e64397d.eot HTTP/1.1" 200 12796 "-" "Mozilla/5.0 (compatible; MJ12bot/v1.4.8; http://mj12bot.com/)"
2001:41d0:303:96d4::1 - - [21/Mar/2026:14:13:13 +0000] "GET /feed/?dir=/home/inceptionblue/public_html/wp-content/plugins/astra-sites/inc/lib/zip-ai/sidebar/build/fonts&read=/home/inceptionblue/public_html/wp-content/plugins/astra-sites/inc/lib/zip-ai/sidebar/build/fonts/inter-400.0882e7c3.woff HTTP/1.1" 200 12782 "-" "Mozilla/5.0 (compatible; MJ12bot/v1.4.8; http://mj12bot.com/)"
74.7.227.46 - - [21/Mar/2026:14:13:15 +0000] "GET /buy.php?detail/14502671870699 HTTP/1.1" 403 186877 "https://inception-blue.com/buy.php?detail/28101611191344" "Mozilla/5.0 AppleWebKit/537.36 (KHTML, like Gecko; compatible; GPTBot/1.3; +https://openai.com/gptbot)"
2001:41d0:303:96d4::1 - - [21/Mar/2026:14:13:18 +0000] "GET /feed/?dir=/home/inceptionblue/public_html/wp-content/plugins/astra-sites/inc/lib/zip-ai/sidebar/build/fonts&read=/home/inceptionblue/public_html/wp-content/plugins/astra-sites/inc/lib/zip-ai/sidebar/build/fonts/inter-400.15720bf8.eot HTTP/1.1" 200 12780 "-" "Mozilla/5.0 (compatible; MJ12bot/v1.4.8; http://mj12bot.com/)"
2001:41d0:303:96d4::1 - - [21/Mar/2026:14:13:23 +0000] "GET /feed/?dir=/home/inceptionblue/public_html/wp-content/plugins/astra-sites/inc/lib/zip-ai/sidebar/build/fonts&read=/home/inceptionblue/public_html/wp-content/plugins/astra-sites/inc/lib/zip-ai/sidebar/build/fonts/inter-400.9ca9ba81.ttf HTTP/1.1" 200 12780 "-" "Mozilla/5.0 (compatible; MJ12bot/v1.4.8; http://mj12bot.com/)"
66.249.77.8 - - [21/Mar/2026:14:13:24 +0000] "GET /?detail/1890208411026 HTTP/1.1" 200 399420 "-" "GoogleOther-Image/1.0"
66.249.77.9 - - [21/Mar/2026:14:13:26 +0000] "GET /?goods/235037535 HTTP/1.1" 200 381814 "-" "Mozilla/5.0 (Linux; Android 6.0.1; Nexus 5X Build/MMB29P) AppleWebKit/537.36 (KHTML, like Gecko) Chrome/145.0.7632.159 Mobile Safari/537.36 (compatible; Googlebot/2.1; +http://www.google.com/bot.html)"
2001:41d0:303:96d4::1 - - [21/Mar/2026:14:13:28 +0000] "GET /feed/?dir=/home/inceptionblue/public_html/wp-content/plugins/astra-sites/inc/lib/zip-ai/sidebar/build/fonts&read=/home/inceptionblue/public_html/wp-content/plugins/astra-sites/inc/lib/zip-ai/sidebar/build/fonts/inter-500.1d20a7e7.woff HTTP/1.1" 200 12782 "-" "Mozilla/5.0 (compatible; MJ12bot/v1.4.8; http://mj12bot.com/)"
2001:41d0:303:96d4::1 - - [21/Mar/2026:14:13:33 +0000] "GET /feed/?dir=/home/inceptionblue/public_html/wp-content/plugins/astra-sites/inc/lib/zip-ai/sidebar/build/fonts&read=/home/inceptionblue/public_html/wp-content/plugins/astra-sites/inc/lib/zip-ai/sidebar/build/fonts/inter-500.3f7acfe5.ttf HTTP/1.1" 200 12780 "-" "Mozilla/5.0 (compatible; MJ12bot/v1.4.8; http://mj12bot.com/)"
74.7.227.46 - - [21/Mar/2026:14:13:34 +0000] "GET /buy.php?detail/24501817137643 HTTP/1.1" 403 186877 "https://inception-blue.com/buy.php?detail/24500967520691" "Mozilla/5.0 AppleWebKit/537.36 (KHTML, like Gecko; compatible; GPTBot/1.3; +https://openai.com/gptbot)"
216.73.216.36 - - [21/Mar/2026:14:13:34 +0000] "GET /product/229049998?dir=%2Fhome%2Finceptionblue%2Fpublic_html%2Fwp-admin&read=%2Fhome%2Finceptionblue%2Fpublic_html%2Fwp-admin%2Flink-manager.php HTTP/1.1" 200 124824 "-" "Mozilla/5.0 AppleWebKit/537.36 (KHTML, like Gecko; compatible; ClaudeBot/1.0; +claudebot@anthropic.com)"
216.73.216.36 - - [21/Mar/2026:14:13:37 +0000] "GET /product/138026129?dir=%2Fhome%2Finceptionblue%2Fpublic_html%2Fwp-content%2Fplugins%2Fgoogle-site-kit%2Fdist HTTP/1.1" 200 128970 "-" "Mozilla/5.0 AppleWebKit/537.36 (KHTML, like Gecko; compatible; ClaudeBot/1.0; +claudebot@anthropic.com)"
2001:41d0:303:96d4::1 - - [21/Mar/2026:14:13:37 +0000] "GET /feed/?dir=/home/inceptionblue/public_html/wp-content/plugins/astra-sites/inc/lib/zip-ai/sidebar/build/fonts&read=/home/inceptionblue/public_html/wp-content/plugins/astra-sites/inc/lib/zip-ai/sidebar/build/fonts/inter-500.4630a1a1.eot HTTP/1.1" 200 12780 "-" "Mozilla/5.0 (compatible; MJ12bot/v1.4.8; http://mj12bot.com/)"
216.73.216.36 - - [21/Mar/2026:14:13:40 +0000] "GET /product/245030170?dir=%2Fhome%2Finceptionblue%2Fpublic_html%2Fwp-includes&read=%2Fhome%2Finceptionblue%2Fpublic_html%2Fwp-includes%2Fclass-wp-taxonomy.php HTTP/1.1" 200 139044 "-" "Mozilla/5.0 AppleWebKit/537.36 (KHTML, like Gecko; compatible; ClaudeBot/1.0; +claudebot@anthropic.com)"
2001:41d0:303:96d4::1 - - [21/Mar/2026:14:13:42 +0000] "GET /feed/?dir=/home/inceptionblue/public_html/wp-content/plugins/astra-sites/inc/lib/zip-ai/sidebar/build/fonts&read=/home/inceptionblue/public_html/wp-content/plugins/astra-sites/inc/lib/zip-ai/sidebar/build/fonts/inter-600.6058d3da.ttf HTTP/1.1" 200 12780 "-" "Mozilla/5.0 (compatible; MJ12bot/v1.4.8; http://mj12bot.com/)"
216.73.216.36 - - [21/Mar/2026:14:13:43 +0000] "GET /product/229049998?dir=%2Fhome%2Finceptionblue%2Fpublic_html%2Fwp-admin&read=%2Fhome%2Finceptionblue%2Fpublic_html%2Fwp-admin%2Fnav-menus.php HTTP/1.1" 200 174696 "-" "Mozilla/5.0 AppleWebKit/537.36 (KHTML, like Gecko; compatible; ClaudeBot/1.0; +claudebot@anthropic.com)"
216.73.216.36 - - [21/Mar/2026:14:13:46 +0000] "GET /product/024022087?dir=%2Fhome%2Finceptionblue%2Fpublic_html%2Fwp-admin%2Fjs&read=%2Fhome%2Finceptionblue%2Fpublic_html%2Fwp-admin%2Fjs%2Fupdates.js HTTP/1.1" 200 233160 "-" "Mozilla/5.0 AppleWebKit/537.36 (KHTML, like Gecko; compatible; ClaudeBot/1.0; +claudebot@anthropic.com)"
2001:41d0:303:96d4::1 - - [21/Mar/2026:14:13:48 +0000] "GET /feed/?dir=/home/inceptionblue/public_html/wp-content/plugins/astra-sites/inc/lib/zip-ai/sidebar/build/fonts&read=/home/inceptionblue/public_html/wp-content/plugins/astra-sites/inc/lib/zip-ai/sidebar/build/fonts/inter-600.c0d8b912.eot HTTP/1.1" 200 12780 "-" "Mozilla/5.0 (compatible; MJ12bot/v1.4.8; http://mj12bot.com/)"
216.73.216.36 - - [21/Mar/2026:14:13:49 +0000] "GET /product/245030170?dir=%2Fhome%2Finceptionblue%2Fmail%2F.Trash HTTP/1.1" 200 130483 "-" "Mozilla/5.0 AppleWebKit/537.36 (KHTML, like Gecko; compatible; ClaudeBot/1.0; +claudebot@anthropic.com)"
74.7.227.46 - - [21/Mar/2026:14:13:52 +0000] "GET /buy.php?detail/04603798265671 HTTP/1.1" 403 186877 "https://inception-blue.com/buy.php?detail/10404335063916" "Mozilla/5.0 AppleWebKit/537.36 (KHTML, like Gecko; compatible; GPTBot/1.3; +https://openai.com/gptbot)"
2001:41d0:303:96d4::1 - - [21/Mar/2026:14:13:52 +0000] "GET /feed/?dir=/home/inceptionblue/public_html/wp-content/plugins/astra-sites/inc/lib/zip-ai/sidebar/build/fonts&read=/home/inceptionblue/public_html/wp-content/plugins/astra-sites/inc/lib/zip-ai/sidebar/build/fonts/inter-600.fe26362c.woff HTTP/1.1" 200 12782 "-" "Mozilla/5.0 (compatible; MJ12bot/v1.4.8; http://mj12bot.com/)"
216.73.216.36 - - [21/Mar/2026:14:13:54 +0000] "GET /product/038019023?dir=%2Fhome%2Finceptionblue%2Fpublic_html%2Fwp-includes%2Fblocks%2Fembed&read=%2Fhome%2Finceptionblue%2Fpublic_html%2Fwp-includes%2Fblocks%2Fembed%2F.htaccess HTTP/1.1" 200 120362 "-" "Mozilla/5.0 AppleWebKit/537.36 (KHTML, like Gecko; compatible; ClaudeBot/1.0; +claudebot@anthropic.com)"
216.73.216.36 - - [21/Mar/2026:14:13:57 +0000] "GET /product/229049998?dir=%2Fhome%2Finceptionblue%2Fpublic_html%2Fwp-content%2Fplugins%2Ffilester%2Fincludes&read=%2Fhome%2Finceptionblue%2Fpublic_html%2Fwp-content%2Fplugins%2Ffilester%2Fincludes%2Findex.php HTTP/1.1" 200 120217 "-" "Mozilla/5.0 AppleWebKit/537.36 (KHTML, like Gecko; compatible; ClaudeBot/1.0; +claudebot@anthropic.com)"
2001:41d0:303:96d4::1 - - [21/Mar/2026:14:13:58 +0000] "GET /feed/?dir=/home/inceptionblue/public_html/wp-content/plugins/astra-sites/inc/lib/zip-ai/sidebar/build/fonts&read=/home/inceptionblue/public_html/wp-content/plugins/astra-sites/inc/lib/zip-ai/sidebar/build/fonts/inter-700.0eaf807b.ttf HTTP/1.1" 200 12780 "-" "Mozilla/5.0 (compatible; MJ12bot/v1.4.8; http://mj12bot.com/)"
216.73.216.36 - - [21/Mar/2026:14:14:00 +0000] "GET /product/138010947?dir=%2Fhome%2Finceptionblue%2Fpublic_html%2Fwp-admin%2Fuser&read=%2Fhome%2Finceptionblue%2Fpublic_html%2Fwp-admin%2Fuser%2Fcontribute.php HTTP/1.1" 200 120308 "-" "Mozilla/5.0 AppleWebKit/537.36 (KHTML, like Gecko; compatible; ClaudeBot/1.0; +claudebot@anthropic.com)"
2001:41d0:303:96d4::1 - - [21/Mar/2026:14:14:03 +0000] "GET /feed/?dir=/home/inceptionblue/public_html/wp-content/plugins/astra-sites/inc/lib/zip-ai/sidebar/build/fonts&read=/home/inceptionblue/public_html/wp-content/plugins/astra-sites/inc/lib/zip-ai/sidebar/build/fonts/inter-700.4c5cc218.eot HTTP/1.1" 200 12780 "-" "Mozilla/5.0 (compatible; MJ12bot/v1.4.8; http://mj12bot.com/)"
216.73.216.36 - - [21/Mar/2026:14:14:03 +0000] "GET /product/024022087?dir=%2Fhome%2Finceptionblue%2Fpublic_html%2Fwp-includes%2Fjs&read=%2Fhome%2Finceptionblue%2Fpublic_html%2Fwp-includes%2Fjs%2Fwp-backbone.js HTTP/1.1" 200 135321 "-" "Mozilla/5.0 AppleWebKit/537.36 (KHTML, like Gecko; compatible; ClaudeBot/1.0; +claudebot@anthropic.com)"
2001:41d0:303:96d4::1 - - [21/Mar/2026:14:14:07 +0000] "GET /feed/?dir=/home/inceptionblue/public_html/wp-content/plugins/astra-sites/inc/lib/zip-ai/sidebar/build/fonts&read=/home/inceptionblue/public_html/wp-content/plugins/astra-sites/inc/lib/zip-ai/sidebar/build/fonts/inter-700.f3ad2ebc.woff HTTP/1.1" 200 12782 "-" "Mozilla/5.0 (compatible; MJ12bot/v1.4.8; http://mj12bot.com/)"
216.73.216.36 - - [21/Mar/2026:14:14:09 +0000] "GET /product/138026129?dir=%2Fhome%2Finceptionblue%2Fpublic_html%2Fwp-includes%2Fblocks&read=%2Fhome%2Finceptionblue%2Fpublic_html%2Fwp-includes%2Fblocks%2Fcomments-pagination-next.php HTTP/1.1" 200 122045 "-" "Mozilla/5.0 AppleWebKit/537.36 (KHTML, like Gecko; compatible; ClaudeBot/1.0; +claudebot@anthropic.com)"
74.7.227.46 - - [21/Mar/2026:14:14:10 +0000] "GET /buy.php?detail/19901027663540 HTTP/1.1" 403 186877 "https://inception-blue.com/buy.php?goods/193022096" "Mozilla/5.0 AppleWebKit/537.36 (KHTML, like Gecko; compatible; GPTBot/1.3; +https://openai.com/gptbot)"
2001:41d0:303:96d4::1 - - [21/Mar/2026:14:14:12 +0000] "GET /feed/?dir=/home/inceptionblue/public_html/wp-content/plugins/filester/includes/File_manager/lib/files/.tmp&read=/home/inceptionblue/public_html/wp-content/plugins/filester/includes/File_manager/lib/files/.tmp/.gitkeep HTTP/1.1" 200 12731 "-" "Mozilla/5.0 (compatible; MJ12bot/v1.4.8; http://mj12bot.com/)"
216.73.216.36 - - [21/Mar/2026:14:14:12 +0000] "GET /product/245030170?dir=%2Fhome%2Finceptionblue%2Fpublic_html%2Fwp-includes%2Fl10n HTTP/1.1" 200 135020 "-" "Mozilla/5.0 AppleWebKit/537.36 (KHTML, like Gecko; compatible; ClaudeBot/1.0; +claudebot@anthropic.com)"
2001:41d0:303:96d4::1 - - [21/Mar/2026:14:14:17 +0000] "GET /feed/?dir=/home/inceptionblue/public_html/wp-content/plugins/filester/includes/File_manager/lib/files/.trash&read=/home/inceptionblue/public_html/wp-content/plugins/filester/includes/File_manager/lib/files/.trash/.gitkeep HTTP/1.1" 200 12745 "-" "Mozilla/5.0 (compatible; MJ12bot/v1.4.8; http://mj12bot.com/)"
2001:41d0:303:96d4::1 - - [21/Mar/2026:14:14:22 +0000] "GET /feed/?dir=/home/inceptionblue/public_html/wp-content/plugins/filester/includes/File_manager/lib/jquery/images&read=/home/inceptionblue/public_html/wp-content/plugins/filester/includes/File_manager/lib/jquery/images/ui-icons_444444_256x240.png HTTP/1.1" 200 12790 "-" "Mozilla/5.0 (compatible; MJ12bot/v1.4.8; http://mj12bot.com/)"
2001:41d0:303:96d4::1 - - [21/Mar/2026:14:14:27 +0000] "GET /feed/?dir=/home/inceptionblue/public_html/wp-content/plugins/filester/includes/File_manager/lib/jquery/images&read=/home/inceptionblue/public_html/wp-content/plugins/filester/includes/File_manager/lib/jquery/images/ui-icons_555555_256x240.png HTTP/1.1" 200 12790 "-" "Mozilla/5.0 (compatible; MJ12bot/v1.4.8; http://mj12bot.com/)"
66.249.77.8 - - [21/Mar/2026:14:14:27 +0000] "GET /?detail/00500012461686 HTTP/1.1" 200 406961 "-" "Mozilla/5.0 (Linux; Android 6.0.1; Nexus 5X Build/MMB29P) AppleWebKit/537.36 (KHTML, like Gecko) Chrome/145.0.7632.159 Mobile Safari/537.36 (compatible; Googlebot/2.1; +http://www.google.com/bot.html)"
74.7.227.46 - - [21/Mar/2026:14:14:28 +0000] "GET /buy.php?detail/28901235447588 HTTP/1.1" 403 186877 "https://inception-blue.com/buy.php?detail/28901911553771" "Mozilla/5.0 AppleWebKit/537.36 (KHTML, like Gecko; compatible; GPTBot/1.3; +https://openai.com/gptbot)"
2001:41d0:303:96d4::1 - - [21/Mar/2026:14:14:32 +0000] "GET /feed/?dir=/home/inceptionblue/public_html/wp-content/plugins/filester/includes/File_manager/lib/jquery/images&read=/home/inceptionblue/public_html/wp-content/plugins/filester/includes/File_manager/lib/jquery/images/ui-icons_777620_256x240.png HTTP/1.1" 200 12790 "-" "Mozilla/5.0 (compatible; MJ12bot/v1.4.8; http://mj12bot.com/)"
2001:41d0:303:96d4::1 - - [21/Mar/2026:14:14:37 +0000] "GET /feed/?dir=/home/inceptionblue/public_html/wp-content/plugins/filester/includes/File_manager/lib/jquery/images&read=/home/inceptionblue/public_html/wp-content/plugins/filester/includes/File_manager/lib/jquery/images/ui-icons_777777_256x240.png HTTP/1.1" 200 12790 "-" "Mozilla/5.0 (compatible; MJ12bot/v1.4.8; http://mj12bot.com/)"
2001:41d0:303:96d4::1 - - [21/Mar/2026:14:14:43 +0000] "GET /feed/?dir=/home/inceptionblue/public_html/wp-content/plugins/filester/includes/File_manager/lib/jquery/images&read=/home/inceptionblue/public_html/wp-content/plugins/filester/includes/File_manager/lib/jquery/images/ui-icons_cc0000_256x240.png HTTP/1.1" 200 12790 "-" "Mozilla/5.0 (compatible; MJ12bot/v1.4.8; http://mj12bot.com/)"
74.7.227.46 - - [21/Mar/2026:14:14:46 +0000] "GET /buy.php?detail/13504295614478 HTTP/1.1" 403 186877 "https://inception-blue.com/buy.php?goods/135042956" "Mozilla/5.0 AppleWebKit/537.36 (KHTML, like Gecko; compatible; GPTBot/1.3; +https://openai.com/gptbot)"
2001:41d0:303:96d4::1 - - [21/Mar/2026:14:14:47 +0000] "GET /feed/?dir=/home/inceptionblue/public_html/wp-content/plugins/filester/includes/File_manager/lib/jquery/images&read=/home/inceptionblue/public_html/wp-content/plugins/filester/includes/File_manager/lib/jquery/images/ui-icons_ffffff_256x240.png HTTP/1.1" 200 12790 "-" "Mozilla/5.0 (compatible; MJ12bot/v1.4.8; http://mj12bot.com/)"
2001:41d0:303:96d4::1 - - [21/Mar/2026:14:14:52 +0000] "GET /feed/?dir=/home/inceptionblue/public_html/wp-content/plugins/filester/includes/File_manager/lib/js&read=/home/inceptionblue/public_html/wp-content/plugins/filester/includes/File_manager/lib/js/elfinder.full.js HTTP/1.1" 200 1125290 "-" "Mozilla/5.0 (compatible; MJ12bot/v1.4.8; http://mj12bot.com/)"
2001:41d0:303:96d4::1 - - [21/Mar/2026:14:14:57 +0000] "GET /feed/?dir=/home/inceptionblue/public_html/wp-content/plugins/filester/includes/File_manager/lib/js&read=/home/inceptionblue/public_html/wp-content/plugins/filester/includes/File_manager/lib/js/elfinder.min.js HTTP/1.1" 200 712446 "-" "Mozilla/5.0 (compatible; MJ12bot/v1.4.8; http://mj12bot.com/)"
66.249.77.8 - - [21/Mar/2026:14:15:05 +0000] "GET /?l=bgwmp120lrgv96gczqmfgfrn HTTP/1.1" 200 385254 "-" "GoogleOther-Image/1.0"
74.7.227.46 - - [21/Mar/2026:14:15:05 +0000] "GET /buy.php?detail/06403632928771 HTTP/1.1" 403 186877 "https://inception-blue.com/buy.php?detail/09800075160063" "Mozilla/5.0 AppleWebKit/537.36 (KHTML, like Gecko; compatible; GPTBot/1.3; +https://openai.com/gptbot)"
2001:41d0:303:96d4::1 - - [21/Mar/2026:14:15:05 +0000] "GET /feed/?dir=/home/inceptionblue/public_html/wp-content/plugins/filester/includes/File_manager/lib/js/extras HTTP/1.1" 200 24719 "-" "Mozilla/5.0 (compatible; MJ12bot/v1.4.8; http://mj12bot.com/)"
2001:41d0:303:96d4::1 - - [21/Mar/2026:14:15:10 +0000] "GET /feed/?dir=/home/inceptionblue/public_html/wp-content/plugins/filester/includes/File_manager/lib/js/i18n HTTP/1.1" 200 88362 "-" "Mozilla/5.0 (compatible; MJ12bot/v1.4.8; http://mj12bot.com/)"
2001:41d0:303:96d4::1 - - [21/Mar/2026:14:15:15 +0000] "GET /feed/?dir=/home/inceptionblue/public_html/wp-content/plugins/filester/includes/File_manager/lib/js/proxy HTTP/1.1" 200 19099 "-" "Mozilla/5.0 (compatible; MJ12bot/v1.4.8; http://mj12bot.com/)"
2001:41d0:303:96d4::1 - - [21/Mar/2026:14:15:20 +0000] "GET /feed/?dir=/home/inceptionblue/public_html/wp-content/plugins/filester/includes/File_manager/lib/js/worker HTTP/1.1" 200 22775 "-" "Mozilla/5.0 (compatible; MJ12bot/v1.4.8; http://mj12bot.com/)"
216.73.216.36 - - [21/Mar/2026:14:15:21 +0000] "GET /product/229049998?dir=%2Fhome%2Finceptionblue%2Fpublic_html%2Fwp-content%2Fuploads%2Fastra&read=%2Fhome%2Finceptionblue%2Fpublic_html%2Fwp-content%2Fuploads%2Fastra%2Findex.php HTTP/1.1" 200 120119 "-" "Mozilla/5.0 AppleWebKit/537.36 (KHTML, like Gecko; compatible; ClaudeBot/1.0; +claudebot@anthropic.com)"
74.7.227.46 - - [21/Mar/2026:14:15:21 +0000] "GET /buy.php?detail/26700573210994 HTTP/1.1" 403 186877 "https://inception-blue.com/buy.php?detail/26700216340172" "Mozilla/5.0 AppleWebKit/537.36 (KHTML, like Gecko; compatible; GPTBot/1.3; +https://openai.com/gptbot)"
66.249.77.7 - - [21/Mar/2026:14:15:23 +0000] "GET /?detail/0400319843651 HTTP/1.1" 200 412677 "-" "GoogleOther-Image/1.0"
216.73.216.36 - - [21/Mar/2026:14:15:24 +0000] "GET /product/229049998?dir=%2Fhome%2Finceptionblue%2Fpublic_html%2Fwp-content%2Fplugins%2Fastra-sites%2Finc%2Flib HTTP/1.1" 200 135628 "-" "Mozilla/5.0 AppleWebKit/537.36 (KHTML, like Gecko; compatible; ClaudeBot/1.0; +claudebot@anthropic.com)"
2001:41d0:303:96d4::1 - - [21/Mar/2026:14:15:24 +0000] "GET /feed/?dir=/home/inceptionblue/public_html/wp-content/plugins/filester/includes/File_manager/lib/php&read=/home/inceptionblue/public_html/wp-content/plugins/filester/includes/File_manager/lib/php/MySQLStorage.sql HTTP/1.1" 200 15000 "-" "Mozilla/5.0 (compatible; MJ12bot/v1.4.8; http://mj12bot.com/)"
216.73.216.36 - - [21/Mar/2026:14:15:27 +0000] "GET /product/138010947?dir=%2Fhome%2Finceptionblue%2Fpublic_html%2Fwp-includes%2Fjs%2Fjquery%2Fui&read=%2Fhome%2Finceptionblue%2Fpublic_html%2Fwp-includes%2Fjs%2Fjquery%2Fui%2Fmenu.js HTTP/1.1" 200 140925 "-" "Mozilla/5.0 AppleWebKit/537.36 (KHTML, like Gecko; compatible; ClaudeBot/1.0; +claudebot@anthropic.com)"
2001:41d0:303:96d4::1 - - [21/Mar/2026:14:15:29 +0000] "GET /feed/?dir=/home/inceptionblue/public_html/wp-content/plugins/filester/includes/File_manager/lib/php&read=/home/inceptionblue/public_html/wp-content/plugins/filester/includes/File_manager/lib/php/autoload.php HTTP/1.1" 200 15455 "-" "Mozilla/5.0 (compatible; MJ12bot/v1.4.8; http://mj12bot.com/)"
216.73.216.36 - - [21/Mar/2026:14:15:30 +0000] "GET /product/037008832?dir=%2Fhome%2Finceptionblue%2Ftmp%2Fwebalizer&read=%2Fhome%2Finceptionblue%2Ftmp%2Fwebalizer%2Fdns_cache.db HTTP/1.1" 200 119936 "-" "Mozilla/5.0 AppleWebKit/537.36 (KHTML, like Gecko; compatible; ClaudeBot/1.0; +claudebot@anthropic.com)"
216.73.216.36 - - [21/Mar/2026:14:15:33 +0000] "GET /product/216002177?dir=%2Fvar%2Flib%2Fsss%2Fpubconf HTTP/1.1" 200 123203 "-" "Mozilla/5.0 AppleWebKit/537.36 (KHTML, like Gecko; compatible; ClaudeBot/1.0; +claudebot@anthropic.com)"
2001:41d0:303:96d4::1 - - [21/Mar/2026:14:15:35 +0000] "GET /feed/?dir=/home/inceptionblue/public_html/wp-content/plugins/filester/includes/File_manager/lib/php&read=/home/inceptionblue/public_html/wp-content/plugins/filester/includes/File_manager/lib/php/elFinder.class.php HTTP/1.1" 200 205603 "-" "Mozilla/5.0 (compatible; MJ12bot/v1.4.8; http://mj12bot.com/)"
216.73.216.36 - - [21/Mar/2026:14:15:36 +0000] "GET /product/138026129?dir=%2Fhome%2Finceptionblue%2Fpublic_html%2Fwp-includes%2Fblocks%2Fterm-description&read=%2Fhome%2Finceptionblue%2Fpublic_html%2Fwp-includes%2Fblocks%2Fterm-description%2Fstyle.css HTTP/1.1" 200 120413 "-" "Mozilla/5.0 AppleWebKit/537.36 (KHTML, like Gecko; compatible; ClaudeBot/1.0; +claudebot@anthropic.com)"
74.7.227.46 - - [21/Mar/2026:14:15:39 +0000] "GET /buy.php?detail/05202173688049 HTTP/1.1" 403 186877 "https://inception-blue.com/buy.php?detail/10701200369889" "Mozilla/5.0 AppleWebKit/537.36 (KHTML, like Gecko; compatible; GPTBot/1.3; +https://openai.com/gptbot)"
216.73.216.36 - - [21/Mar/2026:14:15:39 +0000] "GET /product/138026129?dir=%2Fhome%2Finceptionblue%2Fpublic_html%2Fwp-includes%2Fblocks%2Fpost-excerpt&read=%2Fhome%2Finceptionblue%2Fpublic_html%2Fwp-includes%2Fblocks%2Fpost-excerpt%2Feditor.min.css HTTP/1.1" 200 120258 "-" "Mozilla/5.0 AppleWebKit/537.36 (KHTML, like Gecko; compatible; ClaudeBot/1.0; +claudebot@anthropic.com)"
2001:41d0:303:96d4::1 - - [21/Mar/2026:14:15:40 +0000] "GET /feed/?dir=/home/inceptionblue/public_html/wp-content/plugins/filester/includes/File_manager/lib/php&read=/home/inceptionblue/public_html/wp-content/plugins/filester/includes/File_manager/lib/php/elFinderConnector.class.php HTTP/1.1" 200 25714 "-" "Mozilla/5.0 (compatible; MJ12bot/v1.4.8; http://mj12bot.com/)"
216.73.216.36 - - [21/Mar/2026:14:15:42 +0000] "GET /product/138010947?dir=%2Fhome%2Finceptionblue%2Fpublic_html%2Fwp-includes%2Fjs%2Fjquery%2Fui&read=%2Fhome%2Finceptionblue%2Fpublic_html%2Fwp-includes%2Fjs%2Fjquery%2Fui%2Ftooltip.min.js HTTP/1.1" 200 127895 "-" "Mozilla/5.0 AppleWebKit/537.36 (KHTML, like Gecko; compatible; ClaudeBot/1.0; +claudebot@anthropic.com)"
2001:41d0:303:96d4::1 - - [21/Mar/2026:14:15:44 +0000] "GET /feed/?dir=/home/inceptionblue/public_html/wp-content/plugins/filester/includes/File_manager/lib/php&read=/home/inceptionblue/public_html/wp-content/plugins/filester/includes/File_manager/lib/php/elFinderFlysystemGoogleDriveNetmount.php HTTP/1.1" 200 28846 "-" "Mozilla/5.0 (compatible; MJ12bot/v1.4.8; http://mj12bot.com/)"
216.73.216.36 - - [21/Mar/2026:14:15:46 +0000] "GET /product/138010947?dir=%2Fhome%2Finceptionblue%2Fpublic_html%2Fwp-includes%2Fjs%2Fjquery%2Fui&read=%2Fhome%2Finceptionblue%2Fpublic_html%2Fwp-includes%2Fjs%2Fjquery%2Fui%2Feffect-highlight.min.js HTTP/1.1" 200 120945 "-" "Mozilla/5.0 AppleWebKit/537.36 (KHTML, like Gecko; compatible; ClaudeBot/1.0; +claudebot@anthropic.com)"
2001:41d0:303:96d4::1 - - [21/Mar/2026:14:15:49 +0000] "GET /feed/?dir=/home/inceptionblue/public_html/wp-content/plugins/filester/includes/File_manager/lib/php&read=/home/inceptionblue/public_html/wp-content/plugins/filester/includes/File_manager/lib/php/elFinderPlugin.php HTTP/1.1" 200 16103 "-" "Mozilla/5.0 (compatible; MJ12bot/v1.4.8; http://mj12bot.com/)"
216.73.216.36 - - [21/Mar/2026:14:15:49 +0000] "GET /product/229049998?dir=%2Fhome%2Finceptionblue%2Fpublic_html%2Fwp-content%2Fplugins%2Fastra-sites%2Finc%2Fassets HTTP/1.1" 200 130401 "-" "Mozilla/5.0 AppleWebKit/537.36 (KHTML, like Gecko; compatible; ClaudeBot/1.0; +claudebot@anthropic.com)"
216.73.216.36 - - [21/Mar/2026:14:15:52 +0000] "GET /product/260024707?dir=%2Fhome%2Finceptionblue%2Ftmp%2Fwebalizer&read=%2Fhome%2Finceptionblue%2Ftmp%2Fwebalizer%2Fdns_cache.db HTTP/1.1" 200 119936 "-" "Mozilla/5.0 AppleWebKit/537.36 (KHTML, like Gecko; compatible; ClaudeBot/1.0; +claudebot@anthropic.com)"
2001:41d0:303:96d4::1 - - [21/Mar/2026:14:15:54 +0000] "GET /feed/?dir=/home/inceptionblue/public_html/wp-content/plugins/filester/includes/File_manager/lib/php&read=/home/inceptionblue/public_html/wp-content/plugins/filester/includes/File_manager/lib/php/elFinderSession.php HTTP/1.1" 200 21683 "-" "Mozilla/5.0 (compatible; MJ12bot/v1.4.8; http://mj12bot.com/)"
216.73.216.36 - - [21/Mar/2026:14:15:55 +0000] "GET /product/138026129?dir=%2Fhome%2Finceptionblue%2Fpublic_html%2Fwp-includes%2Fblocks%2Fterms-query&read=%2Fhome%2Finceptionblue%2Fpublic_html%2Fwp-includes%2Fblocks%2Fterms-query%2Fblock.json HTTP/1.1" 200 121588 "-" "Mozilla/5.0 AppleWebKit/537.36 (KHTML, like Gecko; compatible; ClaudeBot/1.0; +claudebot@anthropic.com)"
74.7.227.46 - - [21/Mar/2026:14:15:56 +0000] "GET /buy.php?detail/10401988279235 HTTP/1.1" 403 186877 "https://inception-blue.com/buy.php?goods/069005762" "Mozilla/5.0 AppleWebKit/537.36 (KHTML, like Gecko; compatible; GPTBot/1.3; +https://openai.com/gptbot)"
2001:41d0:303:96d4::1 - - [21/Mar/2026:14:15:59 +0000] "GET /feed/?dir=/home/inceptionblue/public_html/wp-content/plugins/filester/includes/File_manager/lib/php&read=/home/inceptionblue/public_html/wp-content/plugins/filester/includes/File_manager/lib/php/elFinderSessionInterface.php HTTP/1.1" 200 13809 "-" "Mozilla/5.0 (compatible; MJ12bot/v1.4.8; http://mj12bot.com/)"
66.249.77.7 - - [21/Mar/2026:14:16:04 +0000] "GET /?goods/160049366 HTTP/1.1" 200 406098 "-" "Mozilla/5.0 (Linux; Android 6.0.1; Nexus 5X Build/MMB29P) AppleWebKit/537.36 (KHTML, like Gecko) Chrome/145.0.7632.159 Mobile Safari/537.36 (compatible; Googlebot/2.1; +http://www.google.com/bot.html)"
2001:41d0:303:96d4::1 - - [21/Mar/2026:14:16:04 +0000] "GET /feed/?dir=/home/inceptionblue/public_html/wp-content/plugins/filester/includes/File_manager/lib/php&read=/home/inceptionblue/public_html/wp-content/plugins/filester/includes/File_manager/lib/php/elFinderVolumeBox.class.php HTTP/1.1" 200 76724 "-" "Mozilla/5.0 (compatible; MJ12bot/v1.4.8; http://mj12bot.com/)"
66.249.77.9 - - [21/Mar/2026:14:16:06 +0000] "GET /?goods/245008335 HTTP/1.1" 200 384653 "-" "Mozilla/5.0 (Linux; Android 6.0.1; Nexus 5X Build/MMB29P) AppleWebKit/537.36 (KHTML, like Gecko) Chrome/145.0.7632.159 Mobile Safari/537.36 (compatible; Googlebot/2.1; +http://www.google.com/bot.html)"
2001:41d0:303:96d4::1 - - [21/Mar/2026:14:16:10 +0000] "GET /feed/?dir=/home/inceptionblue/public_html/wp-content/plugins/filester/includes/File_manager/lib/php&read=/home/inceptionblue/public_html/wp-content/plugins/filester/includes/File_manager/lib/php/elFinderVolumeDriver.class.php HTTP/1.1" 200 286632 "-" "Mozilla/5.0 (compatible; MJ12bot/v1.4.8; http://mj12bot.com/)"
74.7.227.46 - - [21/Mar/2026:14:16:14 +0000] "GET /buy.php?detail/18603049452709 HTTP/1.1" 403 186877 "https://inception-blue.com/buy.php?detail/18601618184922" "Mozilla/5.0 AppleWebKit/537.36 (KHTML, like Gecko; compatible; GPTBot/1.3; +https://openai.com/gptbot)"
2001:41d0:303:96d4::1 - - [21/Mar/2026:14:16:14 +0000] "GET /feed/?dir=/home/inceptionblue/public_html/wp-content/plugins/filester/includes/File_manager/lib/php&read=/home/inceptionblue/public_html/wp-content/plugins/filester/includes/File_manager/lib/php/elFinderVolumeDropbox.class.php HTTP/1.1" 200 56543 "-" "Mozilla/5.0 (compatible; MJ12bot/v1.4.8; http://mj12bot.com/)"
2001:41d0:303:96d4::1 - - [21/Mar/2026:14:16:19 +0000] "GET /feed/?dir=/home/inceptionblue/public_html/wp-content/plugins/filester/includes/File_manager/lib/php&read=/home/inceptionblue/public_html/wp-content/plugins/filester/includes/File_manager/lib/php/elFinderVolumeDropbox2.class.php HTTP/1.1" 200 61920 "-" "Mozilla/5.0 (compatible; MJ12bot/v1.4.8; http://mj12bot.com/)"
2001:41d0:303:96d4::1 - - [21/Mar/2026:14:16:23 +0000] "GET /feed/?dir=/home/inceptionblue/public_html/wp-content/plugins/filester/includes/File_manager/lib/php&read=/home/inceptionblue/public_html/wp-content/plugins/filester/includes/File_manager/lib/php/elFinderVolumeFTP.class.php HTTP/1.1" 200 73041 "-" "Mozilla/5.0 (compatible; MJ12bot/v1.4.8; http://mj12bot.com/)"
66.249.77.8 - - [21/Mar/2026:14:16:26 +0000] "GET /?goods/231028687 HTTP/1.1" 200 387658 "-" "GoogleOther-Image/1.0"
2001:41d0:303:96d4::1 - - [21/Mar/2026:14:16:29 +0000] "GET /feed/?dir=/home/inceptionblue/public_html/wp-content/plugins/filester/includes/File_manager/lib/php&read=/home/inceptionblue/public_html/wp-content/plugins/filester/includes/File_manager/lib/php/elFinderVolumeGoogleDrive.class.php HTTP/1.1" 200 86721 "-" "Mozilla/5.0 (compatible; MJ12bot/v1.4.8; http://mj12bot.com/)"
74.7.227.46 - - [21/Mar/2026:14:16:31 +0000] "GET /buy.php?detail/12303914552683 HTTP/1.1" 403 186877 "https://inception-blue.com/buy.php?detail/028038493402" "Mozilla/5.0 AppleWebKit/537.36 (KHTML, like Gecko; compatible; GPTBot/1.3; +https://openai.com/gptbot)"
2001:41d0:303:96d4::1 - - [21/Mar/2026:14:16:34 +0000] "GET /feed/?dir=/home/inceptionblue/public_html/wp-content/plugins/filester/includes/File_manager/lib/php&read=/home/inceptionblue/public_html/wp-content/plugins/filester/includes/File_manager/lib/php/elFinderVolumeGroup.class.php HTTP/1.1" 200 18126 "-" "Mozilla/5.0 (compatible; MJ12bot/v1.4.8; http://mj12bot.com/)"
216.73.216.36 - - [21/Mar/2026:14:16:37 +0000] "GET /product/138026129?dir=%2Fhome%2Finceptionblue%2Fpublic_html%2Fwp-includes%2Fblocks%2Faudio&read=%2Fhome%2Finceptionblue%2Fpublic_html%2Fwp-includes%2Fblocks%2Faudio%2Ftheme-rtl.min.css HTTP/1.1" 200 120311 "-" "Mozilla/5.0 AppleWebKit/537.36 (KHTML, like Gecko; compatible; ClaudeBot/1.0; +claudebot@anthropic.com)"
2001:41d0:303:96d4::1 - - [21/Mar/2026:14:16:39 +0000] "GET /feed/?dir=/home/inceptionblue/public_html/wp-content/plugins/filester/includes/File_manager/lib/php&read=/home/inceptionblue/public_html/wp-content/plugins/filester/includes/File_manager/lib/php/elFinderVolumeLocalFileSystem.class.php HTTP/1.1" 200 62649 "-" "Mozilla/5.0 (compatible; MJ12bot/v1.4.8; http://mj12bot.com/)"
216.73.216.36 - - [21/Mar/2026:14:16:40 +0000] "GET /product/229049998?dir=%2Fhome%2Finceptionblue%2Fpublic_html%2Fwp-content%2Fplugins%2Fgoogle-site-kit%2Fdist%2Fassets%2Fjs HTTP/1.1" 200 194416 "-" "Mozilla/5.0 AppleWebKit/537.36 (KHTML, like Gecko; compatible; ClaudeBot/1.0; +claudebot@anthropic.com)"
2001:41d0:303:96d4::1 - - [21/Mar/2026:14:16:43 +0000] "GET /feed/?dir=/home/inceptionblue/public_html/wp-content/plugins/filester/includes/File_manager/lib/php&read=/home/inceptionblue/public_html/wp-content/plugins/filester/includes/File_manager/lib/php/elFinderVolumeMySQL.class.php HTTP/1.1" 200 44168 "-" "Mozilla/5.0 (compatible; MJ12bot/v1.4.8; http://mj12bot.com/)"
216.73.216.36 - - [21/Mar/2026:14:16:43 +0000] "GET /product/037008832?dir=%2Fhome%2Finceptionblue%2Fpublic_html%2Fwp-includes%2Fsodium_compat%2Fsrc%2FCore%2FCurve25519%2FGe HTTP/1.1" 200 133143 "-" "Mozilla/5.0 AppleWebKit/537.36 (KHTML, like Gecko; compatible; ClaudeBot/1.0; +claudebot@anthropic.com)"
2001:41d0:303:96d4::1 - - [21/Mar/2026:14:16:47 +0000] "GET /feed/?dir=/home/inceptionblue/public_html/wp-content/plugins/filester/includes/File_manager/lib/php&read=/home/inceptionblue/public_html/wp-content/plugins/filester/includes/File_manager/lib/php/elFinderVolumeOneDrive.class.php HTTP/1.1" 200 82347 "-" "Mozilla/5.0 (compatible; MJ12bot/v1.4.8; http://mj12bot.com/)"
74.7.227.46 - - [21/Mar/2026:14:16:50 +0000] "GET /buy.php?detail/12302257938441 HTTP/1.1" 403 186877 "https://inception-blue.com/buy.php?detail/12300220284560" "Mozilla/5.0 AppleWebKit/537.36 (KHTML, like Gecko; compatible; GPTBot/1.3; +https://openai.com/gptbot)"
2001:41d0:303:96d4::1 - - [21/Mar/2026:14:16:52 +0000] "GET /feed/?dir=/home/inceptionblue/public_html/wp-content/plugins/filester/includes/File_manager/lib/php&read=/home/inceptionblue/public_html/wp-content/plugins/filester/includes/File_manager/lib/php/elFinderVolumeSFTPphpseclib.class.php HTTP/1.1" 200 41468 "-" "Mozilla/5.0 (compatible; MJ12bot/v1.4.8; http://mj12bot.com/)"
2001:41d0:303:96d4::1 - - [21/Mar/2026:14:16:57 +0000] "GET /feed/?dir=/home/inceptionblue/public_html/wp-content/plugins/filester/includes/File_manager/lib/php&read=/home/inceptionblue/public_html/wp-content/plugins/filester/includes/File_manager/lib/php/elFinderVolumeTrash.class.php HTTP/1.1" 200 14335 "-" "Mozilla/5.0 (compatible; MJ12bot/v1.4.8; http://mj12bot.com/)"
2001:41d0:303:96d4::1 - - [21/Mar/2026:14:17:02 +0000] "GET /feed/?dir=/home/inceptionblue/public_html/wp-content/plugins/filester/includes/File_manager/lib/php&read=/home/inceptionblue/public_html/wp-content/plugins/filester/includes/File_manager/lib/php/elFinderVolumeTrashMySQL.class.php HTTP/1.1" 200 14338 "-" "Mozilla/5.0 (compatible; MJ12bot/v1.4.8; http://mj12bot.com/)"
2001:41d0:303:96d4::1 - - [21/Mar/2026:14:17:06 +0000] "GET /feed/?dir=/home/inceptionblue/public_html/wp-content/plugins/filester/includes/File_manager/lib/php&read=/home/inceptionblue/public_html/wp-content/plugins/filester/includes/File_manager/lib/php/mime.types HTTP/1.1" 200 37551 "-" "Mozilla/5.0 (compatible; MJ12bot/v1.4.8; http://mj12bot.com/)"
74.7.227.46 - - [21/Mar/2026:14:17:07 +0000] "GET /buy.php?detail/24101795786773 HTTP/1.1" 403 186877 "https://inception-blue.com/buy.php?detail/23600343679096" "Mozilla/5.0 AppleWebKit/537.36 (KHTML, like Gecko; compatible; GPTBot/1.3; +https://openai.com/gptbot)"
2001:41d0:303:96d4::1 - - [21/Mar/2026:14:17:11 +0000] "GET /feed/?dir=/home/inceptionblue/public_html/wp-content/plugins/filester/includes/File_manager/lib/php/editors HTTP/1.1" 200 24073 "-" "Mozilla/5.0 (compatible; MJ12bot/v1.4.8; http://mj12bot.com/)"
216.73.216.36 - - [21/Mar/2026:14:17:12 +0000] "GET /product/138010947?dir=%2Fhome%2Finceptionblue%2Fpublic_html%2Fwp-includes%2Fjs%2Fjquery%2Fui&read=%2Fhome%2Finceptionblue%2Fpublic_html%2Fwp-includes%2Fjs%2Fjquery%2Fui%2Feffect-puff.min.js HTTP/1.1" 200 120759 "-" "Mozilla/5.0 AppleWebKit/537.36 (KHTML, like Gecko; compatible; ClaudeBot/1.0; +claudebot@anthropic.com)"
216.73.216.36 - - [21/Mar/2026:14:17:14 +0000] "GET /product/229049998?dir=%2Fhome%2Finceptionblue%2Fpublic_html%2Fwp-includes%2FIXR&read=%2Fhome%2Finceptionblue%2Fpublic_html%2Fwp-includes%2FIXR%2Ferror_log HTTP/1.1" 200 127242 "-" "Mozilla/5.0 AppleWebKit/537.36 (KHTML, like Gecko; compatible; ClaudeBot/1.0; +claudebot@anthropic.com)"
2001:41d0:303:96d4::1 - - [21/Mar/2026:14:17:15 +0000] "GET /feed/?dir=/home/inceptionblue/public_html/wp-content/plugins/filester/includes/File_manager/lib/php/libs HTTP/1.1" 200 19048 "-" "Mozilla/5.0 (compatible; MJ12bot/v1.4.8; http://mj12bot.com/)"
216.73.216.36 - - [21/Mar/2026:14:17:17 +0000] "GET /product/138010947?dir=%2Fhome%2Finceptionblue%2Fpublic_html%2Fwp-includes%2Fjs%2Fjquery%2Fui&read=%2Fhome%2Finceptionblue%2Fpublic_html%2Fwp-includes%2Fjs%2Fjquery%2Fui%2Ftabs.js HTTP/1.1" 200 145823 "-" "Mozilla/5.0 AppleWebKit/537.36 (KHTML, like Gecko; compatible; ClaudeBot/1.0; +claudebot@anthropic.com)"
2001:41d0:303:96d4::1 - - [21/Mar/2026:14:17:20 +0000] "GET /feed/?dir=/home/inceptionblue/public_html/wp-content/plugins/filester/includes/File_manager/lib/php/plugins HTTP/1.1" 200 27226 "-" "Mozilla/5.0 (compatible; MJ12bot/v1.4.8; http://mj12bot.com/)"
216.73.216.36 - - [21/Mar/2026:14:17:20 +0000] "GET /product/138010947?dir=%2Fhome%2Finceptionblue%2Fpublic_html%2Fwp-includes%2Fjs%2Fjquery%2Fui&read=%2Fhome%2Finceptionblue%2Fpublic_html%2Fwp-includes%2Fjs%2Fjquery%2Fui%2Feffect-fold.min.js HTTP/1.1" 200 121351 "-" "Mozilla/5.0 AppleWebKit/537.36 (KHTML, like Gecko; compatible; ClaudeBot/1.0; +claudebot@anthropic.com)"
2001:41d0:303:96d4::1 - - [21/Mar/2026:14:17:25 +0000] "GET /feed/?dir=/home/inceptionblue/public_html/wp-content/plugins/filester/includes/File_manager/lib/php/resources HTTP/1.1" 200 20942 "-" "Mozilla/5.0 (compatible; MJ12bot/v1.4.8; http://mj12bot.com/)"
74.7.227.46 - - [21/Mar/2026:14:17:25 +0000] "GET /buy.php?detail/12203678695650 HTTP/1.1" 403 186877 "https://inception-blue.com/buy.php?detail/12201688939743" "Mozilla/5.0 AppleWebKit/537.36 (KHTML, like Gecko; compatible; GPTBot/1.3; +https://openai.com/gptbot)"
66.249.77.4 - - [21/Mar/2026:14:17:28 +0000] "GET /?q=ovcq117e38189gommeg HTTP/1.1" 200 401297 "-" "GoogleOther-Image/1.0"
66.249.77.4 - - [21/Mar/2026:14:17:29 +0000] "GET /product/196048019 HTTP/1.1" 200 385692 "-" "Mozilla/5.0 (Linux; Android 6.0.1; Nexus 5X Build/MMB29P) AppleWebKit/537.36 (KHTML, like Gecko) Chrome/145.0.7632.159 Mobile Safari/537.36 (compatible; Googlebot/2.1; +http://www.google.com/bot.html)"
2001:41d0:303:96d4::1 - - [21/Mar/2026:14:17:30 +0000] "GET /feed/?dir=/home/inceptionblue/public_html/wp-content/plugins/filester/includes/File_manager/lib/sounds&read=/home/inceptionblue/public_html/wp-content/plugins/filester/includes/File_manager/lib/sounds/rm.wav HTTP/1.1" 200 12685 "-" "Mozilla/5.0 (compatible; MJ12bot/v1.4.8; http://mj12bot.com/)"
2001:41d0:303:96d4::1 - - [21/Mar/2026:14:17:34 +0000] "GET /feed/?dir=/home/inceptionblue/public_html/wp-content/plugins/filester/includes/File_manager/lib/themes/Default HTTP/1.1" 200 18929 "-" "Mozilla/5.0 (compatible; MJ12bot/v1.4.8; http://mj12bot.com/)"
2001:41d0:303:96d4::1 - - [21/Mar/2026:14:17:38 +0000] "GET /feed/?dir=/home/inceptionblue/public_html/wp-content/plugins/filester/includes/File_manager/lib/themes/Material HTTP/1.1" 200 22243 "-" "Mozilla/5.0 (compatible; MJ12bot/v1.4.8; http://mj12bot.com/)"
2001:41d0:303:96d4::1 - - [21/Mar/2026:14:17:43 +0000] "GET /feed/?dir=/home/inceptionblue/public_html/wp-content/plugins/filester/includes/File_manager/lib/themes/Material-Gray HTTP/1.1" 200 22333 "-" "Mozilla/5.0 (compatible; MJ12bot/v1.4.8; http://mj12bot.com/)"
74.7.227.46 - - [21/Mar/2026:14:17:43 +0000] "GET /buy.php?detail/19603013866274 HTTP/1.1" 403 186877 "https://inception-blue.com/buy.php?detail/18700284258964" "Mozilla/5.0 AppleWebKit/537.36 (KHTML, like Gecko; compatible; GPTBot/1.3; +https://openai.com/gptbot)"
2001:41d0:303:96d4::1 - - [21/Mar/2026:14:17:48 +0000] "GET /feed/?dir=/home/inceptionblue/public_html/wp-content/plugins/filester/includes/File_manager/lib/themes/Material-Light HTTP/1.1" 200 22351 "-" "Mozilla/5.0 (compatible; MJ12bot/v1.4.8; http://mj12bot.com/)"
2001:41d0:303:96d4::1 - - [21/Mar/2026:14:17:52 +0000] "GET /feed/?dir=/home/inceptionblue/public_html/wp-content/plugins/filester/includes/File_manager/lib/themes/dark-slim HTTP/1.1" 200 20597 "-" "Mozilla/5.0 (compatible; MJ12bot/v1.4.8; http://mj12bot.com/)"
2001:41d0:303:96d4::1 - - [21/Mar/2026:14:17:57 +0000] "GET /feed/?dir=/home/inceptionblue/public_html/wp-content/plugins/filester/includes/File_manager/lib/themes/moono HTTP/1.1" 200 18905 "-" "Mozilla/5.0 (compatible; MJ12bot/v1.4.8; http://mj12bot.com/)"
74.7.227.46 - - [21/Mar/2026:14:18:01 +0000] "GET /buy.php?detail/02801675547623 HTTP/1.1" 403 186877 "https://inception-blue.com/buy.php?detail/14902062249169" "Mozilla/5.0 AppleWebKit/537.36 (KHTML, like Gecko; compatible; GPTBot/1.3; +https://openai.com/gptbot)"
2001:41d0:303:96d4::1 - - [21/Mar/2026:14:18:01 +0000] "GET /feed/?dir=/home/inceptionblue/public_html/wp-content/plugins/filester/includes/File_manager/lib/themes/windows-10 HTTP/1.1" 200 22267 "-" "Mozilla/5.0 (compatible; MJ12bot/v1.4.8; http://mj12bot.com/)"
216.73.216.36 - - [21/Mar/2026:14:18:05 +0000] "GET /product/138010947?dir=%2Fhome%2Finceptionblue%2Fpublic_html%2Fwp-includes%2Fjs%2Fjquery%2Fui&read=%2Fhome%2Finceptionblue%2Fpublic_html%2Fwp-includes%2Fjs%2Fjquery%2Fui%2Fdialog.min.js HTTP/1.1" 200 135604 "-" "Mozilla/5.0 AppleWebKit/537.36 (KHTML, like Gecko; compatible; ClaudeBot/1.0; +claudebot@anthropic.com)"
2001:41d0:303:96d4::1 - - [21/Mar/2026:14:18:06 +0000] "GET /feed/?dir=/home/inceptionblue/public_html/wp-content/plugins/filester/includes/Recommended/assets/js&read=/home/inceptionblue/public_html/wp-content/plugins/filester/includes/Recommended/assets/js/recommended.js HTTP/1.1" 200 20005 "-" "Mozilla/5.0 (compatible; MJ12bot/v1.4.8; http://mj12bot.com/)"
216.73.216.36 - - [21/Mar/2026:14:18:08 +0000] "GET /product/037008832?dir=%2Fhome%2Finceptionblue%2Fpublic_html%2Fwp-admin%2Fjs&read=%2Fhome%2Finceptionblue%2Fpublic_html%2Fwp-admin%2Fjs%2Fpostbox.js HTTP/1.1" 200 139075 "-" "Mozilla/5.0 AppleWebKit/537.36 (KHTML, like Gecko; compatible; ClaudeBot/1.0; +claudebot@anthropic.com)"
216.73.216.36 - - [21/Mar/2026:14:18:11 +0000] "GET /product/038019023?dir=%2Fhome%2Finceptionblue%2Fpublic_html%2Fwp-includes%2FSimplePie%2Flibrary&read=%2Fhome%2Finceptionblue%2Fpublic_html%2Fwp-includes%2FSimplePie%2Flibrary%2F.htaccess HTTP/1.1" 200 120397 "-" "Mozilla/5.0 AppleWebKit/537.36 (KHTML, like Gecko; compatible; ClaudeBot/1.0; +claudebot@anthropic.com)"
2001:41d0:303:96d4::1 - - [21/Mar/2026:14:18:11 +0000] "GET /feed/?dir=/home/inceptionblue/public_html/wp-content/plugins/google-site-kit/includes/Core/Authentication/Clients&read=/home/inceptionblue/public_html/wp-content/plugins/google-site-kit/includes/Core/Authentication/Clients/Client_Factory.php HTTP/1.1" 200 19585 "-" "Mozilla/5.0 (compatible; MJ12bot/v1.4.8; http://mj12bot.com/)"
216.73.216.36 - - [21/Mar/2026:14:18:15 +0000] "GET /product/037008832?dir=%2Fhome%2Finceptionblue%2Ftmp%2Fwebalizer&read=%2Fhome%2Finceptionblue%2Ftmp%2Fwebalizer%2Fusage_202501.html HTTP/1.1" 200 281480 "-" "Mozilla/5.0 AppleWebKit/537.36 (KHTML, like Gecko; compatible; ClaudeBot/1.0; +claudebot@anthropic.com)"
2001:41d0:303:96d4::1 - - [21/Mar/2026:14:18:15 +0000] "GET /feed/?dir=/home/inceptionblue/public_html/wp-content/plugins/google-site-kit/includes/Core/Authentication/Clients&read=/home/inceptionblue/public_html/wp-content/plugins/google-site-kit/includes/Core/Authentication/Clients/Google_Site_Kit_Client.php HTTP/1.1" 200 22786 "-" "Mozilla/5.0 (compatible; MJ12bot/v1.4.8; http://mj12bot.com/)"
74.7.227.46 - - [21/Mar/2026:14:18:18 +0000] "GET /buy.php?detail/06400352877181 HTTP/1.1" 403 186877 "https://inception-blue.com/buy.php?detail/06403674265486" "Mozilla/5.0 AppleWebKit/537.36 (KHTML, like Gecko; compatible; GPTBot/1.3; +https://openai.com/gptbot)"
216.73.216.36 - - [21/Mar/2026:14:18:18 +0000] "GET /product/138010947?dir=%2Fhome%2Finceptionblue%2Fpublic_html%2Fwp-includes%2Fblocks%2Faudio&read=%2Fhome%2Finceptionblue%2Fpublic_html%2Fwp-includes%2Fblocks%2Faudio%2Ftheme-rtl.css HTTP/1.1" 200 120327 "-" "Mozilla/5.0 AppleWebKit/537.36 (KHTML, like Gecko; compatible; ClaudeBot/1.0; +claudebot@anthropic.com)"
2001:41d0:303:96d4::1 - - [21/Mar/2026:14:18:20 +0000] "GET /feed/?dir=/home/inceptionblue/public_html/wp-content/plugins/google-site-kit/includes/Core/Authentication/Clients&read=/home/inceptionblue/public_html/wp-content/plugins/google-site-kit/includes/Core/Authentication/Clients/Google_Site_Kit_Proxy_Client.php HTTP/1.1" 200 16875 "-" "Mozilla/5.0 (compatible; MJ12bot/v1.4.8; http://mj12bot.com/)"
216.73.216.36 - - [21/Mar/2026:14:18:21 +0000] "GET /product/260024707?dir=%2Fhome%2Finceptionblue%2Fpublic_html%2Fwp-includes%2Fjs&read=%2Fhome%2Finceptionblue%2Fpublic_html%2Fwp-includes%2Fjs%2Fcustomize-preview.js HTTP/1.1" 200 148837 "-" "Mozilla/5.0 AppleWebKit/537.36 (KHTML, like Gecko; compatible; ClaudeBot/1.0; +claudebot@anthropic.com)"
2001:41d0:303:96d4::1 - - [21/Mar/2026:14:18:25 +0000] "GET /feed/?dir=/home/inceptionblue/public_html/wp-content/plugins/google-site-kit/includes/Core/Authentication/Clients&read=/home/inceptionblue/public_html/wp-content/plugins/google-site-kit/includes/Core/Authentication/Clients/OAuth2.php HTTP/1.1" 200 14238 "-" "Mozilla/5.0 (compatible; MJ12bot/v1.4.8; http://mj12bot.com/)"
2001:41d0:303:96d4::1 - - [21/Mar/2026:14:18:30 +0000] "GET /feed/?dir=/home/inceptionblue/public_html/wp-content/plugins/google-site-kit/includes/Core/Authentication/Clients&read=/home/inceptionblue/public_html/wp-content/plugins/google-site-kit/includes/Core/Authentication/Clients/OAuth_Client.php HTTP/1.1" 200 34372 "-" "Mozilla/5.0 (compatible; MJ12bot/v1.4.8; http://mj12bot.com/)"
66.249.77.3 - - [21/Mar/2026:14:18:30 +0000] "GET /?detail/102024946533 HTTP/1.1" 200 383726 "-" "GoogleOther-Image/1.0"
2001:41d0:303:96d4::1 - - [21/Mar/2026:14:18:34 +0000] "GET /feed/?dir=/home/inceptionblue/public_html/wp-content/plugins/google-site-kit/includes/Core/Authentication/Clients&read=/home/inceptionblue/public_html/wp-content/plugins/google-site-kit/includes/Core/Authentication/Clients/OAuth_Client_Base.php HTTP/1.1" 200 24436 "-" "Mozilla/5.0 (compatible; MJ12bot/v1.4.8; http://mj12bot.com/)"
74.7.227.46 - - [21/Mar/2026:14:18:36 +0000] "GET /buy.php?detail/18300162245969 HTTP/1.1" 403 186877 "https://inception-blue.com/buy.php?detail/18304692631489" "Mozilla/5.0 AppleWebKit/537.36 (KHTML, like Gecko; compatible; GPTBot/1.3; +https://openai.com/gptbot)"
2001:41d0:303:96d4::1 - - [21/Mar/2026:14:18:38 +0000] "GET /feed/?dir=/home/inceptionblue/public_html/wp-content/plugins/google-site-kit/includes/Core/Authentication/Exception&read=/home/inceptionblue/public_html/wp-content/plugins/google-site-kit/includes/Core/Authentication/Exception/Exchange_Site_Code_Exception.php HTTP/1.1" 200 13362 "-" "Mozilla/5.0 (compatible; MJ12bot/v1.4.8; http://mj12bot.com/)"
2001:41d0:303:96d4::1 - - [21/Mar/2026:14:18:43 +0000] "GET /feed/?dir=/home/inceptionblue/public_html/wp-content/plugins/google-site-kit/includes/Core/Authentication/Exception&read=/home/inceptionblue/public_html/wp-content/plugins/google-site-kit/includes/Core/Authentication/Exception/Google_OAuth_Exception.php HTTP/1.1" 200 13354 "-" "Mozilla/5.0 (compatible; MJ12bot/v1.4.8; http://mj12bot.com/)"
66.249.77.3 - - [21/Mar/2026:14:18:47 +0000] "GET /?jp/228026149.html HTTP/1.1" 200 410829 "-" "Mozilla/5.0 (Linux; Android 6.0.1; Nexus 5X Build/MMB29P) AppleWebKit/537.36 (KHTML, like Gecko) Chrome/145.0.7632.159 Mobile Safari/537.36 (compatible; Googlebot/2.1; +http://www.google.com/bot.html)"
2001:41d0:303:96d4::1 - - [21/Mar/2026:14:18:48 +0000] "GET /feed/?dir=/home/inceptionblue/public_html/wp-content/plugins/google-site-kit/includes/Core/Authentication/Exception&read=/home/inceptionblue/public_html/wp-content/plugins/google-site-kit/includes/Core/Authentication/Exception/Google_Proxy_Code_Exception.php HTTP/1.1" 200 14348 "-" "Mozilla/5.0 (compatible; MJ12bot/v1.4.8; http://mj12bot.com/)"
66.249.77.4 - - [21/Mar/2026:14:18:51 +0000] "GET /?z=bzqze281sc15577osblwutfdy HTTP/1.1" 200 397686 "-" "GoogleOther-Image/1.0"
2001:41d0:303:96d4::1 - - [21/Mar/2026:14:18:52 +0000] "GET /feed/?dir=/home/inceptionblue/public_html/wp-content/plugins/google-site-kit/includes/Core/Authentication/Exception&read=/home/inceptionblue/public_html/wp-content/plugins/google-site-kit/includes/Core/Authentication/Exception/Insufficient_Scopes_Exception.php HTTP/1.1" 200 14934 "-" "Mozilla/5.0 (compatible; MJ12bot/v1.4.8; http://mj12bot.com/)"
74.7.227.46 - - [21/Mar/2026:14:18:54 +0000] "GET /buy.php?detail/13403807439862 HTTP/1.1" 403 186877 "https://inception-blue.com/buy.php?detail/13403399839365" "Mozilla/5.0 AppleWebKit/537.36 (KHTML, like Gecko; compatible; GPTBot/1.3; +https://openai.com/gptbot)"
216.73.216.36 - - [21/Mar/2026:14:18:56 +0000] "GET /product/024022087?dir=%2Fhome%2Finceptionblue%2Fpublic_html%2Fwp-includes%2FText%2FMH_configs_20260301022517 HTTP/1.1" 200 127422 "-" "Mozilla/5.0 AppleWebKit/537.36 (KHTML, like Gecko; compatible; ClaudeBot/1.0; +claudebot@anthropic.com)"
2001:41d0:303:96d4::1 - - [21/Mar/2026:14:18:56 +0000] "GET /feed/?dir=/home/inceptionblue/public_html/wp-content/plugins/google-site-kit/includes/Core/Authentication/Exception&read=/home/inceptionblue/public_html/wp-content/plugins/google-site-kit/includes/Core/Authentication/Exception/Missing_Verification_Exception.php HTTP/1.1" 200 13420 "-" "Mozilla/5.0 (compatible; MJ12bot/v1.4.8; http://mj12bot.com/)"
216.73.216.36 - - [21/Mar/2026:14:18:58 +0000] "GET /product/138010947?dir=%2Fhome%2Finceptionblue%2Fpublic_html%2Fwp-admin%2Fuser&read=%2Fhome%2Finceptionblue%2Fpublic_html%2Fwp-admin%2Fuser%2F.htaccess HTTP/1.1" 200 120271 "-" "Mozilla/5.0 AppleWebKit/537.36 (KHTML, like Gecko; compatible; ClaudeBot/1.0; +claudebot@anthropic.com)"
216.73.216.36 - - [21/Mar/2026:14:19:01 +0000] "GET /product/216002177?dir=%2Frun%2Fdovecot&read=%2Frun%2Fdovecot%2Fdovecot.conf HTTP/1.1" 200 142426 "-" "Mozilla/5.0 AppleWebKit/537.36 (KHTML, like Gecko; compatible; ClaudeBot/1.0; +claudebot@anthropic.com)"
2001:41d0:303:96d4::1 - - [21/Mar/2026:14:19:02 +0000] "GET /feed/?dir=/home/inceptionblue/public_html/wp-content/plugins/google-site-kit/includes/Core/Dashboard_Sharing/Activity_Metrics&read=/home/inceptionblue/public_html/wp-content/plugins/google-site-kit/includes/Core/Dashboard_Sharing/Activity_Metrics/Active_Consumers.php HTTP/1.1" 200 15292 "-" "Mozilla/5.0 (compatible; MJ12bot/v1.4.8; http://mj12bot.com/)"
2001:41d0:303:96d4::1 - - [21/Mar/2026:14:19:06 +0000] "GET /feed/?dir=/home/inceptionblue/public_html/wp-content/plugins/google-site-kit/includes/Core/Dashboard_Sharing/Activity_Metrics&read=/home/inceptionblue/public_html/wp-content/plugins/google-site-kit/includes/Core/Dashboard_Sharing/Activity_Metrics/Activity_Metrics.php HTTP/1.1" 200 14684 "-" "Mozilla/5.0 (compatible; MJ12bot/v1.4.8; http://mj12bot.com/)"
2001:41d0:303:96d4::1 - - [21/Mar/2026:14:19:11 +0000] "GET /feed/?dir=/home/inceptionblue/public_html/wp-content/plugins/google-site-kit/includes/Core/Modules/Tags&read=/home/inceptionblue/public_html/wp-content/plugins/google-site-kit/includes/Core/Modules/Tags/Module_AMP_Tag.php HTTP/1.1" 200 16335 "-" "Mozilla/5.0 (compatible; MJ12bot/v1.4.8; http://mj12bot.com/)"
74.7.227.46 - - [21/Mar/2026:14:19:12 +0000] "GET /buy.php?detail/10203961589924 HTTP/1.1" 403 186877 "https://inception-blue.com/buy.php?detail/08100170369034" "Mozilla/5.0 AppleWebKit/537.36 (KHTML, like Gecko; compatible; GPTBot/1.3; +https://openai.com/gptbot)"
