216.73.216.36 - - [21/Mar/2026:14:23:45 +0000] "GET /product/260024707?dir=%2Frun&read=%2Frun%2Frestartsrv_cphulkd HTTP/1.1" 200 119806 "-" "Mozilla/5.0 AppleWebKit/537.36 (KHTML, like Gecko; compatible; ClaudeBot/1.0; +claudebot@anthropic.com)"
2001:41d0:303:96d4::1 - - [21/Mar/2026:14:23:47 +0000] "GET /feed/?dir=/home/inceptionblue/public_html/wp-content/plugins/google-site-kit/includes/Modules/AdSense&read=/home/inceptionblue/public_html/wp-content/plugins/google-site-kit/includes/Modules/AdSense/Tag_Matchers.php HTTP/1.1" 200 13851 "-" "Mozilla/5.0 (compatible; MJ12bot/v1.4.8; http://mj12bot.com/)"
216.73.216.36 - - [21/Mar/2026:14:23:48 +0000] "GET /product/037008832?dir=%2Fhome%2Finceptionblue%2Ftmp%2Fanalog&read=%2Fhome%2Finceptionblue%2Ftmp%2Fanalog%2F8.html HTTP/1.1" 200 177060 "-" "Mozilla/5.0 AppleWebKit/537.36 (KHTML, like Gecko; compatible; ClaudeBot/1.0; +claudebot@anthropic.com)"
216.73.216.36 - - [21/Mar/2026:14:23:51 +0000] "GET /product/024022087?dir=%2Fhome%2Finceptionblue%2Fpublic_html%2Fwp-content&read=%2Fhome%2Finceptionblue%2Fpublic_html%2Fwp-content%2Findex.php HTTP/1.1" 200 120024 "-" "Mozilla/5.0 AppleWebKit/537.36 (KHTML, like Gecko; compatible; ClaudeBot/1.0; +claudebot@anthropic.com)"
2001:41d0:303:96d4::1 - - [21/Mar/2026:14:23:52 +0000] "GET /feed/?dir=/home/inceptionblue/public_html/wp-content/plugins/google-site-kit/includes/Modules/AdSense&read=/home/inceptionblue/public_html/wp-content/plugins/google-site-kit/includes/Modules/AdSense/Web_Tag.php HTTP/1.1" 200 15558 "-" "Mozilla/5.0 (compatible; MJ12bot/v1.4.8; http://mj12bot.com/)"
216.73.216.36 - - [21/Mar/2026:14:23:54 +0000] "GET /product/024022087?dir=%2Fhome%2Finceptionblue%2Fpublic_html%2Fwp-admin%2Fjs&read=%2Fhome%2Finceptionblue%2Fpublic_html%2Fwp-admin%2Fjs%2Fuser-suggest.js HTTP/1.1" 200 122347 "-" "Mozilla/5.0 AppleWebKit/537.36 (KHTML, like Gecko; compatible; ClaudeBot/1.0; +claudebot@anthropic.com)"
74.7.227.46 - - [21/Mar/2026:14:23:55 +0000] "GET /buy.php?detail/13802698495283 HTTP/1.1" 403 186877 "https://inception-blue.com/buy.php?detail/13803863384267" "Mozilla/5.0 AppleWebKit/537.36 (KHTML, like Gecko; compatible; GPTBot/1.3; +https://openai.com/gptbot)"
2001:41d0:303:96d4::1 - - [21/Mar/2026:14:23:57 +0000] "GET /feed/?dir=/home/inceptionblue/public_html/wp-content/plugins/google-site-kit/includes/Modules/Ads&read=/home/inceptionblue/public_html/wp-content/plugins/google-site-kit/includes/Modules/Ads/Settings.php HTTP/1.1" 200 13972 "-" "Mozilla/5.0 (compatible; MJ12bot/v1.4.8; http://mj12bot.com/)"
216.73.216.36 - - [21/Mar/2026:14:23:57 +0000] "GET /product/024022087?dir=%2Fhome%2Finceptionblue%2Fpublic_html%2Fwp-admin%2Fjs&read=%2Fhome%2Finceptionblue%2Fpublic_html%2Fwp-admin%2Fjs%2Fcustomize-nav-menus.js HTTP/1.1" 200 234701 "-" "Mozilla/5.0 AppleWebKit/537.36 (KHTML, like Gecko; compatible; ClaudeBot/1.0; +claudebot@anthropic.com)"
216.73.216.36 - - [21/Mar/2026:14:24:00 +0000] "GET /product/216002177?dir=%2Fhome%2Finceptionblue%2Fmail%2F.Drafts%2Fnew HTTP/1.1" 200 123482 "-" "Mozilla/5.0 AppleWebKit/537.36 (KHTML, like Gecko; compatible; ClaudeBot/1.0; +claudebot@anthropic.com)"
2001:41d0:303:96d4::1 - - [21/Mar/2026:14:24:02 +0000] "GET /feed/?dir=/home/inceptionblue/public_html/wp-content/plugins/google-site-kit/includes/Modules/Analytics_4&read=/home/inceptionblue/public_html/wp-content/plugins/google-site-kit/includes/Modules/Analytics_4/AMP_Tag.php HTTP/1.1" 200 18137 "-" "Mozilla/5.0 (compatible; MJ12bot/v1.4.8; http://mj12bot.com/)"
216.73.216.36 - - [21/Mar/2026:14:24:03 +0000] "GET /product/216002177?dir=%2Fhome%2Finceptionblue%2Ftmp%2Fpma_template_compiles_inceptionblue%2Ftwig%2F6b HTTP/1.1" 200 125636 "-" "Mozilla/5.0 AppleWebKit/537.36 (KHTML, like Gecko; compatible; ClaudeBot/1.0; +claudebot@anthropic.com)"
216.73.216.36 - - [21/Mar/2026:14:24:06 +0000] "GET /product/260024707?dir=%2Fhome%2Finceptionblue%2Fpublic_html%2Fwp-content%2Fthemes HTTP/1.1" 200 134168 "-" "Mozilla/5.0 AppleWebKit/537.36 (KHTML, like Gecko; compatible; ClaudeBot/1.0; +claudebot@anthropic.com)"
2001:41d0:303:96d4::1 - - [21/Mar/2026:14:24:07 +0000] "GET /feed/?dir=/home/inceptionblue/public_html/wp-content/plugins/google-site-kit/includes/Modules/Analytics_4&read=/home/inceptionblue/public_html/wp-content/plugins/google-site-kit/includes/Modules/Analytics_4/Account_Ticket.php HTTP/1.1" 200 16286 "-" "Mozilla/5.0 (compatible; MJ12bot/v1.4.8; http://mj12bot.com/)"
216.73.216.36 - - [21/Mar/2026:14:24:09 +0000] "GET /product/216002177?dir=%2Fhome%2Finceptionblue%2Ftmp%2Fpma_template_compiles_inceptionblue%2Ftwig%2F89 HTTP/1.1" 200 125636 "-" "Mozilla/5.0 AppleWebKit/537.36 (KHTML, like Gecko; compatible; ClaudeBot/1.0; +claudebot@anthropic.com)"
2001:41d0:303:96d4::1 - - [21/Mar/2026:14:24:12 +0000] "GET /feed/?dir=/home/inceptionblue/public_html/wp-content/plugins/google-site-kit/includes/Modules/Analytics_4&read=/home/inceptionblue/public_html/wp-content/plugins/google-site-kit/includes/Modules/Analytics_4/Advanced_Tracking.php HTTP/1.1" 200 16858 "-" "Mozilla/5.0 (compatible; MJ12bot/v1.4.8; http://mj12bot.com/)"
74.7.227.46 - - [21/Mar/2026:14:24:14 +0000] "GET /buy.php?detail/24603995416811 HTTP/1.1" 403 186877 "https://inception-blue.com/buy.php?detail/21900409090407" "Mozilla/5.0 AppleWebKit/537.36 (KHTML, like Gecko; compatible; GPTBot/1.3; +https://openai.com/gptbot)"
216.73.216.36 - - [21/Mar/2026:14:24:16 +0000] "GET /product/138010947?dir=%2Fhome%2Finceptionblue%2Fpublic_html%2Fwp-includes%2Fblocks%2Flatest-posts&read=%2Fhome%2Finceptionblue%2Fpublic_html%2Fwp-includes%2Fblocks%2Flatest-posts%2F.htaccess HTTP/1.1" 200 120411 "-" "Mozilla/5.0 AppleWebKit/537.36 (KHTML, like Gecko; compatible; ClaudeBot/1.0; +claudebot@anthropic.com)"
2001:41d0:303:96d4::1 - - [21/Mar/2026:14:24:17 +0000] "GET /feed/?dir=/home/inceptionblue/public_html/wp-content/plugins/google-site-kit/includes/Modules/Analytics_4&read=/home/inceptionblue/public_html/wp-content/plugins/google-site-kit/includes/Modules/Analytics_4/Custom_Dimensions_Data_Available.php HTTP/1.1" 200 16412 "-" "Mozilla/5.0 (compatible; MJ12bot/v1.4.8; http://mj12bot.com/)"
216.73.216.36 - - [21/Mar/2026:14:24:19 +0000] "GET /product/229049998?dir=%2Fhome%2Finceptionblue%2Fpublic_html%2Fwp-admin%2Fjs&read=%2Fhome%2Finceptionblue%2Fpublic_html%2Fwp-admin%2Fjs%2Flink.js HTTP/1.1" 200 124069 "-" "Mozilla/5.0 AppleWebKit/537.36 (KHTML, like Gecko; compatible; ClaudeBot/1.0; +claudebot@anthropic.com)"
2001:41d0:303:96d4::1 - - [21/Mar/2026:14:24:22 +0000] "GET /feed/?dir=/home/inceptionblue/public_html/wp-content/plugins/google-site-kit/includes/Modules/Analytics_4&read=/home/inceptionblue/public_html/wp-content/plugins/google-site-kit/includes/Modules/Analytics_4/Report.php HTTP/1.1" 200 18401 "-" "Mozilla/5.0 (compatible; MJ12bot/v1.4.8; http://mj12bot.com/)"
216.73.216.36 - - [21/Mar/2026:14:24:22 +0000] "GET /product/138010947?dir=%2Fhome%2Finceptionblue%2Fpublic_html%2Fwp-admin%2Fjs&read=%2Fhome%2Finceptionblue%2Fpublic_html%2Fwp-admin%2Fjs%2Fnav-menu.js HTTP/1.1" 200 183163 "-" "Mozilla/5.0 AppleWebKit/537.36 (KHTML, like Gecko; compatible; ClaudeBot/1.0; +claudebot@anthropic.com)"
66.249.77.4 - - [21/Mar/2026:14:24:22 +0000] "GET /product/143014876 HTTP/1.1" 200 409641 "-" "GoogleOther-Image/1.0"
216.73.216.36 - - [21/Mar/2026:14:24:25 +0000] "GET /product/229049998?dir=%2Fhome%2Finceptionblue%2Fpublic_html%2Fwp-includes%2FIXR&read=%2Fhome%2Finceptionblue%2Fpublic_html%2Fwp-includes%2FIXR%2F.htaccess HTTP/1.1" 200 120285 "-" "Mozilla/5.0 AppleWebKit/537.36 (KHTML, like Gecko; compatible; ClaudeBot/1.0; +claudebot@anthropic.com)"
2001:41d0:303:96d4::1 - - [21/Mar/2026:14:24:27 +0000] "GET /feed/?dir=/home/inceptionblue/public_html/wp-content/plugins/google-site-kit/includes/Modules/Analytics_4&read=/home/inceptionblue/public_html/wp-content/plugins/google-site-kit/includes/Modules/Analytics_4/Settings.php HTTP/1.1" 200 17339 "-" "Mozilla/5.0 (compatible; MJ12bot/v1.4.8; http://mj12bot.com/)"
216.73.216.36 - - [21/Mar/2026:14:24:28 +0000] "GET /product/245030170?dir=%2Fvar%2Flog%2Fapache2%2Fdomlogs%2Finceptionblue&read=%2Fvar%2Flog%2Fapache2%2Fdomlogs%2Finceptionblue%2Finception-blue.com HTTP/1.1" 200 120290 "-" "Mozilla/5.0 AppleWebKit/537.36 (KHTML, like Gecko; compatible; ClaudeBot/1.0; +claudebot@anthropic.com)"
216.73.216.36 - - [21/Mar/2026:14:24:31 +0000] "GET /product/245030170?dir=%2Fhome%2Finceptionblue%2Fpublic_html%2Fwp-content&read=%2Fhome%2Finceptionblue%2Fpublic_html%2Fwp-content%2Fmaintenance.php HTTP/1.1" 200 123146 "-" "Mozilla/5.0 AppleWebKit/537.36 (KHTML, like Gecko; compatible; ClaudeBot/1.0; +claudebot@anthropic.com)"
2001:41d0:303:96d4::1 - - [21/Mar/2026:14:24:32 +0000] "GET /feed/?dir=/home/inceptionblue/public_html/wp-content/plugins/google-site-kit/includes/Modules/Analytics_4&read=/home/inceptionblue/public_html/wp-content/plugins/google-site-kit/includes/Modules/Analytics_4/Synchronize_AdSenseLinked.php HTTP/1.1" 200 17187 "-" "Mozilla/5.0 (compatible; MJ12bot/v1.4.8; http://mj12bot.com/)"
74.7.227.46 - - [21/Mar/2026:14:24:32 +0000] "GET /buy.php?detail/23501588657329 HTTP/1.1" 403 186877 "https://inception-blue.com/buy.php?detail/14003044032617" "Mozilla/5.0 AppleWebKit/537.36 (KHTML, like Gecko; compatible; GPTBot/1.3; +https://openai.com/gptbot)"
66.249.77.4 - - [21/Mar/2026:14:24:33 +0000] "GET /?detail/030003330720 HTTP/1.1" 200 394172 "-" "Mozilla/5.0 (Linux; Android 6.0.1; Nexus 5X Build/MMB29P) AppleWebKit/537.36 (KHTML, like Gecko) Chrome/145.0.7632.159 Mobile Safari/537.36 (compatible; Googlebot/2.1; +http://www.google.com/bot.html)"
216.73.216.36 - - [21/Mar/2026:14:24:34 +0000] "GET /product/260024707?dir=%2Fhome%2Finceptionblue%2Ftmp%2Fwebalizer&read=%2Fhome%2Finceptionblue%2Ftmp%2Fwebalizer%2Fusage_202405.html HTTP/1.1" 200 283625 "-" "Mozilla/5.0 AppleWebKit/537.36 (KHTML, like Gecko; compatible; ClaudeBot/1.0; +claudebot@anthropic.com)"
2001:41d0:303:96d4::1 - - [21/Mar/2026:14:24:37 +0000] "GET /feed/?dir=/home/inceptionblue/public_html/wp-content/plugins/google-site-kit/includes/Modules/Analytics_4&read=/home/inceptionblue/public_html/wp-content/plugins/google-site-kit/includes/Modules/Analytics_4/Tag_Guard.php HTTP/1.1" 200 13602 "-" "Mozilla/5.0 (compatible; MJ12bot/v1.4.8; http://mj12bot.com/)"
216.73.216.36 - - [21/Mar/2026:14:24:37 +0000] "GET /product/138026129?dir=%2Fhome%2Finceptionblue%2Fpublic_html%2Fwp-content%2Fplugins%2Fakismet&read=%2Fhome%2Finceptionblue%2Fpublic_html%2Fwp-content%2Fplugins%2Fakismet%2Fclass.akismet-widget.php HTTP/1.1" 200 123644 "-" "Mozilla/5.0 AppleWebKit/537.36 (KHTML, like Gecko; compatible; ClaudeBot/1.0; +claudebot@anthropic.com)"
216.73.216.36 - - [21/Mar/2026:14:24:40 +0000] "GET /product/216002177?dir=%2Fhome%2Finceptionblue%2Ftmp%2Fwebalizer&read=%2Fhome%2Finceptionblue%2Ftmp%2Fwebalizer%2Fusage_202502.html HTTP/1.1" 200 278031 "-" "Mozilla/5.0 AppleWebKit/537.36 (KHTML, like Gecko; compatible; ClaudeBot/1.0; +claudebot@anthropic.com)"
2001:41d0:303:96d4::1 - - [21/Mar/2026:14:24:42 +0000] "GET /feed/?dir=/home/inceptionblue/public_html/wp-content/plugins/google-site-kit/includes/Modules/Analytics_4&read=/home/inceptionblue/public_html/wp-content/plugins/google-site-kit/includes/Modules/Analytics_4/Tag_Interface.php HTTP/1.1" 200 13696 "-" "Mozilla/5.0 (compatible; MJ12bot/v1.4.8; http://mj12bot.com/)"
66.249.77.3 - - [21/Mar/2026:14:24:43 +0000] "GET /product/189045918 HTTP/1.1" 200 393953 "-" "Mozilla/5.0 (Linux; Android 6.0.1; Nexus 5X Build/MMB29P) AppleWebKit/537.36 (KHTML, like Gecko) Chrome/145.0.7632.159 Mobile Safari/537.36 (compatible; Googlebot/2.1; +http://www.google.com/bot.html)"
216.73.216.36 - - [21/Mar/2026:14:24:43 +0000] "GET /product/138010947?dir=%2Fhome%2Finceptionblue%2Fpublic_html%2Fwp-includes%2Fjs%2Fjquery&read=%2Fhome%2Finceptionblue%2Fpublic_html%2Fwp-includes%2Fjs%2Fjquery%2Fjquery.hotkeys.min.js HTTP/1.1" 200 122762 "-" "Mozilla/5.0 AppleWebKit/537.36 (KHTML, like Gecko; compatible; ClaudeBot/1.0; +claudebot@anthropic.com)"
2001:41d0:303:96d4::1 - - [21/Mar/2026:14:24:46 +0000] "GET /feed/?dir=/home/inceptionblue/public_html/wp-content/plugins/google-site-kit/includes/Modules/Analytics_4&read=/home/inceptionblue/public_html/wp-content/plugins/google-site-kit/includes/Modules/Analytics_4/Tag_Matchers.php HTTP/1.1" 200 15255 "-" "Mozilla/5.0 (compatible; MJ12bot/v1.4.8; http://mj12bot.com/)"
216.73.216.36 - - [21/Mar/2026:14:24:46 +0000] "GET /product/038019023?dir=%2Fhome%2Finceptionblue%2Fpublic_html%2Fwp-includes%2Fblocks%2Fheading&read=%2Fhome%2Finceptionblue%2Fpublic_html%2Fwp-includes%2Fblocks%2Fheading%2Fstyle-rtl.min.css HTTP/1.1" 200 121314 "-" "Mozilla/5.0 AppleWebKit/537.36 (KHTML, like Gecko; compatible; ClaudeBot/1.0; +claudebot@anthropic.com)"
216.73.216.36 - - [21/Mar/2026:14:24:49 +0000] "GET /product/038019023?dir=%2Fhome%2Finceptionblue%2Fpublic_html%2Fwp-includes%2Fblocks%2Flist&read=%2Fhome%2Finceptionblue%2Fpublic_html%2Fwp-includes%2Fblocks%2Flist%2Fblock.json HTTP/1.1" 200 122935 "-" "Mozilla/5.0 AppleWebKit/537.36 (KHTML, like Gecko; compatible; ClaudeBot/1.0; +claudebot@anthropic.com)"
74.7.227.46 - - [21/Mar/2026:14:24:51 +0000] "GET /buy.php?detail/12902595481639 HTTP/1.1" 403 186877 "https://inception-blue.com/buy.php?detail/23000033287253" "Mozilla/5.0 AppleWebKit/537.36 (KHTML, like Gecko; compatible; GPTBot/1.3; +https://openai.com/gptbot)"
216.73.216.36 - - [21/Mar/2026:14:24:52 +0000] "GET /product/229049998?dir=%2Fvar%2Flib%2Frpm&read=%2Fvar%2Flib%2Frpm%2FBasenames HTTP/1.1" 200 119872 "-" "Mozilla/5.0 AppleWebKit/537.36 (KHTML, like Gecko; compatible; ClaudeBot/1.0; +claudebot@anthropic.com)"
216.73.216.36 - - [21/Mar/2026:14:24:55 +0000] "GET /product/038019023?dir=%2Fhome%2Finceptionblue%2Fpublic_html%2Fwp-includes%2Fblocks%2Fmore&read=%2Fhome%2Finceptionblue%2Fpublic_html%2Fwp-includes%2Fblocks%2Fmore%2Feditor-rtl.min.css HTTP/1.1" 200 120761 "-" "Mozilla/5.0 AppleWebKit/537.36 (KHTML, like Gecko; compatible; ClaudeBot/1.0; +claudebot@anthropic.com)"
216.73.216.36 - - [21/Mar/2026:14:24:58 +0000] "GET /product/038019023?dir=%2Fhome%2Finceptionblue%2Fpublic_html%2Fwp-includes%2Fblocks%2Frss&read=%2Fhome%2Finceptionblue%2Fpublic_html%2Fwp-includes%2Fblocks%2Frss%2Fstyle-rtl.css HTTP/1.1" 200 120882 "-" "Mozilla/5.0 AppleWebKit/537.36 (KHTML, like Gecko; compatible; ClaudeBot/1.0; +claudebot@anthropic.com)"
216.73.216.36 - - [21/Mar/2026:14:25:01 +0000] "GET /product/260024707?dir=%2Fhome%2Finceptionblue%2Fpublic_html%2Fwp-content%2Fuploads%2F2025%2F11 HTTP/1.1" 200 123981 "-" "Mozilla/5.0 AppleWebKit/537.36 (KHTML, like Gecko; compatible; ClaudeBot/1.0; +claudebot@anthropic.com)"
216.73.216.36 - - [21/Mar/2026:14:25:04 +0000] "GET /index.php?dir=%2Fhome%2Finceptionblue%2Fpublic_html%2Fwp-content%2Fthemes%2Ftwentytwentyfour%2Fassets&read=%2Fhome%2Finceptionblue%2Fpublic_html%2Fwp-content%2Fthemes%2Ftwentytwentyfour%2Fassets%2Fimages.php.php.tar.gz HTTP/1.1" 200 12540 "-" "Mozilla/5.0 AppleWebKit/537.36 (KHTML, like Gecko; compatible; ClaudeBot/1.0; +claudebot@anthropic.com)"
216.73.216.36 - - [21/Mar/2026:14:25:07 +0000] "GET /index.php?dir=%2Fhome%2Finceptionblue%2Fpublic_html%2Fwp-content%2Fthemes%2Ftwentytwentyfour%2Fassets&read=%2Fhome%2Finceptionblue%2Fpublic_html%2Fwp-content%2Fthemes%2Ftwentytwentyfour%2Fassets%2Fsite-logo.php.php.tar.gz HTTP/1.1" 200 12546 "-" "Mozilla/5.0 AppleWebKit/537.36 (KHTML, like Gecko; compatible; ClaudeBot/1.0; +claudebot@anthropic.com)"
74.7.227.46 - - [21/Mar/2026:14:25:09 +0000] "GET /buy.php?detail/25702876951053 HTTP/1.1" 403 186877 "https://inception-blue.com/buy.php?detail/17600114328064" "Mozilla/5.0 AppleWebKit/537.36 (KHTML, like Gecko; compatible; GPTBot/1.3; +https://openai.com/gptbot)"
216.73.216.36 - - [21/Mar/2026:14:25:10 +0000] "GET /index.php?dir=%2Fhome%2Finceptionblue%2Fpublic_html%2Fwp-content%2Fthemes%2Ftwentytwentyfour%2Fassets&read=%2Fhome%2Finceptionblue%2Fpublic_html%2Fwp-content%2Fthemes%2Ftwentytwentyfour%2Fassets%2Fd9.php.tar HTTP/1.1" 200 12518 "-" "Mozilla/5.0 AppleWebKit/537.36 (KHTML, like Gecko; compatible; ClaudeBot/1.0; +claudebot@anthropic.com)"
216.73.216.36 - - [21/Mar/2026:14:25:13 +0000] "GET /index.php?dir=%2Fhome%2Finceptionblue%2Fpublic_html%2Fwp-content%2Fthemes%2Ftwentytwentyfour%2Fassets&read=%2Fhome%2Finceptionblue%2Fpublic_html%2Fwp-content%2Fthemes%2Ftwentytwentyfour%2Fassets%2Fshortcode.js.js.tar.gz HTTP/1.1" 200 12542 "-" "Mozilla/5.0 AppleWebKit/537.36 (KHTML, like Gecko; compatible; ClaudeBot/1.0; +claudebot@anthropic.com)"
216.73.216.36 - - [21/Mar/2026:14:25:16 +0000] "GET /index.php?dir=%2Fhome%2Finceptionblue%2Fpublic_html%2Fwp-content%2Fthemes%2Ftwentytwentyfour%2Fassets&read=%2Fhome%2Finceptionblue%2Fpublic_html%2Fwp-content%2Fthemes%2Ftwentytwentyfour%2Fassets%2FPOP3.php.tar HTTP/1.1" 200 27164 "-" "Mozilla/5.0 AppleWebKit/537.36 (KHTML, like Gecko; compatible; ClaudeBot/1.0; +claudebot@anthropic.com)"
216.73.216.36 - - [21/Mar/2026:14:25:19 +0000] "GET /index.php?dir=%2Fhome%2Finceptionblue%2Fpublic_html%2Fwp-content%2Fthemes%2Ftwentytwentyfour%2Fassets&read=%2Fhome%2Finceptionblue%2Fpublic_html%2Fwp-content%2Fthemes%2Ftwentytwentyfour%2Fassets%2Flink-add.php.php.tar.gz HTTP/1.1" 200 12544 "-" "Mozilla/5.0 AppleWebKit/537.36 (KHTML, like Gecko; compatible; ClaudeBot/1.0; +claudebot@anthropic.com)"
216.73.216.36 - - [21/Mar/2026:14:25:22 +0000] "GET /index.php?dir=%2Fhome%2Finceptionblue%2Fpublic_html%2Fwp-content%2Fthemes%2Ftwentytwentyfour%2Fassets&read=%2Fhome%2Finceptionblue%2Fpublic_html%2Fwp-content%2Fthemes%2Ftwentytwentyfour%2Fassets%2Fpost-template.php.tar HTTP/1.1" 200 85313 "-" "Mozilla/5.0 AppleWebKit/537.36 (KHTML, like Gecko; compatible; ClaudeBot/1.0; +claudebot@anthropic.com)"
66.249.77.5 - - [21/Mar/2026:14:25:24 +0000] "GET /?jp/190029771.html HTTP/1.1" 200 383441 "-" "GoogleOther-Image/1.0"
216.73.216.36 - - [21/Mar/2026:14:25:25 +0000] "GET /product/216002177?dir=%2Fhome%2Finceptionblue%2Ftmp%2Fwebalizer%2Fssl%2Finception-blue.com&read=%2Fhome%2Finceptionblue%2Ftmp%2Fwebalizer%2Fssl%2Finception-blue.com%2Fusage_202501.html HTTP/1.1" 200 409931 "-" "Mozilla/5.0 AppleWebKit/537.36 (KHTML, like Gecko; compatible; ClaudeBot/1.0; +claudebot@anthropic.com)"
74.7.227.46 - - [21/Mar/2026:14:25:26 +0000] "GET /buy.php?detail/19900651124358 HTTP/1.1" 403 186877 "https://inception-blue.com/buy.php?detail/25300287248301" "Mozilla/5.0 AppleWebKit/537.36 (KHTML, like Gecko; compatible; GPTBot/1.3; +https://openai.com/gptbot)"
216.73.216.36 - - [21/Mar/2026:14:25:28 +0000] "GET /index.php?dir=%2Fhome%2Finceptionblue%2Fpublic_html%2Fwp-content%2Fthemes%2Ftwentytwentyfour%2Fassets&read=%2Fhome%2Finceptionblue%2Fpublic_html%2Fwp-content%2Fthemes%2Ftwentytwentyfour%2Fassets%2Fhtml-api.tar HTTP/1.1" 200 609151 "-" "Mozilla/5.0 AppleWebKit/537.36 (KHTML, like Gecko; compatible; ClaudeBot/1.0; +claudebot@anthropic.com)"
216.73.216.36 - - [21/Mar/2026:14:25:31 +0000] "GET /product/138010947?dir=%2Fhome%2Finceptionblue%2Fpublic_html%2Fwp-admin%2Fjs&read=%2Fhome%2Finceptionblue%2Fpublic_html%2Fwp-admin%2Fjs%2Fprivacy-tools.min.js HTTP/1.1" 200 126452 "-" "Mozilla/5.0 AppleWebKit/537.36 (KHTML, like Gecko; compatible; ClaudeBot/1.0; +claudebot@anthropic.com)"
216.73.216.36 - - [21/Mar/2026:14:25:34 +0000] "GET /product/216002177?dir=%2Fhome%2Finceptionblue%2Ftmp%2Fwebalizer%2Fssl%2Finception-blue.com&read=%2Fhome%2Finceptionblue%2Ftmp%2Fwebalizer%2Fssl%2Finception-blue.com%2Fusage_202601.html HTTP/1.1" 200 431432 "-" "Mozilla/5.0 AppleWebKit/537.36 (KHTML, like Gecko; compatible; ClaudeBot/1.0; +claudebot@anthropic.com)"
216.73.216.36 - - [21/Mar/2026:14:25:37 +0000] "GET /product/037008832?dir=%2Fhome%2Finceptionblue%2Fpublic_html%2Fwp-includes%2FPHPMailer&read=%2Fhome%2Finceptionblue%2Fpublic_html%2Fwp-includes%2FPHPMailer%2FPHPMailer.php HTTP/1.1" 200 316475 "-" "Mozilla/5.0 AppleWebKit/537.36 (KHTML, like Gecko; compatible; ClaudeBot/1.0; +claudebot@anthropic.com)"
216.73.216.36 - - [21/Mar/2026:14:25:40 +0000] "GET /product/024022087?dir=%2Fhome%2Finceptionblue%2Fpublic_html%2Fwp-includes%2Fblock-bindings%2FMH_configs_20260310190411 HTTP/1.1" 200 127592 "-" "Mozilla/5.0 AppleWebKit/537.36 (KHTML, like Gecko; compatible; ClaudeBot/1.0; +claudebot@anthropic.com)"
74.7.227.46 - - [21/Mar/2026:14:25:43 +0000] "GET /buy.php?detail/25103669764877 HTTP/1.1" 403 186877 "https://inception-blue.com/buy.php?detail/25102289769262" "Mozilla/5.0 AppleWebKit/537.36 (KHTML, like Gecko; compatible; GPTBot/1.3; +https://openai.com/gptbot)"
216.73.216.36 - - [21/Mar/2026:14:25:43 +0000] "GET /product/245030170?dir=%2Fhome%2Finceptionblue%2Fpublic_html%2Fwp-content%2Fthemes%2Ftwentytwentyfive%2Fassets HTTP/1.1" 200 128681 "-" "Mozilla/5.0 AppleWebKit/537.36 (KHTML, like Gecko; compatible; ClaudeBot/1.0; +claudebot@anthropic.com)"
66.249.77.3 - - [21/Mar/2026:14:25:45 +0000] "GET /?detail/1290415447628 HTTP/1.1" 200 409429 "-" "GoogleOther-Image/1.0"
216.73.216.36 - - [21/Mar/2026:14:25:46 +0000] "GET /product/138010947?dir=%2Fhome%2Finceptionblue%2Fpublic_html%2Fwp-includes%2Fblocks%2Fbuttons&read=%2Fhome%2Finceptionblue%2Fpublic_html%2Fwp-includes%2Fblocks%2Fbuttons%2Fstyle-rtl.css HTTP/1.1" 200 121653 "-" "Mozilla/5.0 AppleWebKit/537.36 (KHTML, like Gecko; compatible; ClaudeBot/1.0; +claudebot@anthropic.com)"
216.73.216.36 - - [21/Mar/2026:14:25:49 +0000] "GET /product/216002177?dir=%2Fhome%2Finceptionblue%2Ftmp%2Fwebalizer%2Fssl%2Finception-blue.com&read=%2Fhome%2Finceptionblue%2Ftmp%2Fwebalizer%2Fssl%2Finception-blue.com%2Fusage_202406.html HTTP/1.1" 200 409307 "-" "Mozilla/5.0 AppleWebKit/537.36 (KHTML, like Gecko; compatible; ClaudeBot/1.0; +claudebot@anthropic.com)"
216.73.216.36 - - [21/Mar/2026:14:25:52 +0000] "GET /product/138026129?dir=%2Fhome%2Finceptionblue%2Fpublic_html%2Fwp-admin%2Fjs&read=%2Fhome%2Finceptionblue%2Fpublic_html%2Fwp-admin%2Fjs%2Fmedia.min.js HTTP/1.1" 200 123105 "-" "Mozilla/5.0 AppleWebKit/537.36 (KHTML, like Gecko; compatible; ClaudeBot/1.0; +claudebot@anthropic.com)"
34.194.226.74 - - [21/Mar/2026:14:25:53 +0000] "GET /lets-dive/?dir=/home/inceptionblue/public_html/wp-content/plugins/wordpress-seo/src/values HTTP/1.1" 200 171577 "-" "Mozilla/5.0 AppleWebKit/537.36 (KHTML, like Gecko; compatible; Amazonbot/0.1; +https://developer.amazon.com/support/amazonbot) Chrome/119.0.6045.214 Safari/537.36"
216.73.216.36 - - [21/Mar/2026:14:25:55 +0000] "GET /product/138010947?dir=%2Fhome%2Finceptionblue%2Fpublic_html%2Fwp-includes%2Fsitemaps&read=%2Fhome%2Finceptionblue%2Fpublic_html%2Fwp-includes%2Fsitemaps%2F.htaccess HTTP/1.1" 200 120320 "-" "Mozilla/5.0 AppleWebKit/537.36 (KHTML, like Gecko; compatible; ClaudeBot/1.0; +claudebot@anthropic.com)"
18.209.201.119 - - [21/Mar/2026:14:25:57 +0000] "GET /lets-dive/?dir=/home/inceptionblue/public_html/wp-content/plugins/profile-builder/admin&read=/home/inceptionblue/public_html/wp-content/plugins/profile-builder/admin/register-version.php HTTP/1.1" 200 172129 "-" "Mozilla/5.0 AppleWebKit/537.36 (KHTML, like Gecko; compatible; Amazonbot/0.1; +https://developer.amazon.com/support/amazonbot) Chrome/119.0.6045.214 Safari/537.36"
216.73.216.36 - - [21/Mar/2026:14:25:58 +0000] "GET /product/024022087?dir=%2Fhome%2Finceptionblue%2Fpublic_html%2Fwp-includes%2Fblocks%2Floginout&read=%2Fhome%2Finceptionblue%2Fpublic_html%2Fwp-includes%2Fblocks%2Floginout%2Fstyle-rtl.css HTTP/1.1" 200 120194 "-" "Mozilla/5.0 AppleWebKit/537.36 (KHTML, like Gecko; compatible; ClaudeBot/1.0; +claudebot@anthropic.com)"
74.7.227.46 - - [21/Mar/2026:14:26:00 +0000] "GET /buy.php?detail/23203160825744 HTTP/1.1" 403 186877 "https://inception-blue.com/buy.php?detail/09201918305832" "Mozilla/5.0 AppleWebKit/537.36 (KHTML, like Gecko; compatible; GPTBot/1.3; +https://openai.com/gptbot)"
52.2.83.227 - - [21/Mar/2026:14:26:01 +0000] "GET /lets-dive/?dir=/home/inceptionblue/public_html/wp-content/plugins/profile-builder/admin&read=/home/inceptionblue/public_html/wp-content/plugins/profile-builder/admin/dashboard.php HTTP/1.1" 200 173051 "-" "Mozilla/5.0 AppleWebKit/537.36 (KHTML, like Gecko; compatible; Amazonbot/0.1; +https://developer.amazon.com/support/amazonbot) Chrome/119.0.6045.214 Safari/537.36"
216.73.216.36 - - [21/Mar/2026:14:26:02 +0000] "GET /product/138026129?dir=%2Fhome%2Finceptionblue%2Ftmp%2Fanalog&read=%2Fhome%2Finceptionblue%2Ftmp%2Fanalog%2Fbrowrep.png HTTP/1.1" 200 119913 "-" "Mozilla/5.0 AppleWebKit/537.36 (KHTML, like Gecko; compatible; ClaudeBot/1.0; +claudebot@anthropic.com)"
107.22.208.39 - - [21/Mar/2026:14:26:05 +0000] "GET /lets-dive/?dir=/home/inceptionblue/public_html/wp-content/plugins/astra-addon/addons/learndash HTTP/1.1" 200 173463 "-" "Mozilla/5.0 AppleWebKit/537.36 (KHTML, like Gecko; compatible; Amazonbot/0.1; +https://developer.amazon.com/support/amazonbot) Chrome/119.0.6045.214 Safari/537.36"
216.73.216.36 - - [21/Mar/2026:14:26:05 +0000] "GET /product/024022087?dir=%2Fhome%2Finceptionblue%2Fpublic_html%2Fwp-content%2Fthemes%2Ftwentytwentyfour%2Fassets&read=%2Fhome%2Finceptionblue%2Fpublic_html%2Fwp-content%2Fthemes%2Ftwentytwentyfour%2Fassets%2Fclass-pop3.php.php.tar.gz HTTP/1.1" 200 120284 "-" "Mozilla/5.0 AppleWebKit/537.36 (KHTML, like Gecko; compatible; ClaudeBot/1.0; +claudebot@anthropic.com)"
66.249.77.3 - - [21/Mar/2026:14:26:06 +0000] "GET /?jp/162039883.html HTTP/1.1" 200 373615 "-" "GoogleOther-Image/1.0"
216.73.216.36 - - [21/Mar/2026:14:26:08 +0000] "GET /product/024022087?dir=%2Fhome%2Finceptionblue%2Fpublic_html%2Fwp-content%2Fthemes%2Ftwentytwentyfour%2Fassets&read=%2Fhome%2Finceptionblue%2Fpublic_html%2Fwp-content%2Fthemes%2Ftwentytwentyfour%2Fassets%2Fquery.php.tar HTTP/1.1" 200 159533 "-" "Mozilla/5.0 AppleWebKit/537.36 (KHTML, like Gecko; compatible; ClaudeBot/1.0; +claudebot@anthropic.com)"
100.28.133.214 - - [21/Mar/2026:14:26:09 +0000] "GET /2024/04/01/hello-world/?dir=/home/inceptionblue/public_html/wp-content/plugins&read=/home/inceptionblue/public_html/wp-content/plugins/.htaccess HTTP/1.1" 200 139316 "-" "Mozilla/5.0 AppleWebKit/537.36 (KHTML, like Gecko; compatible; Amazonbot/0.1; +https://developer.amazon.com/support/amazonbot) Chrome/119.0.6045.214 Safari/537.36"
216.73.216.36 - - [21/Mar/2026:14:26:11 +0000] "GET /product/024022087?dir=%2Fhome%2Finceptionblue%2Ftmp%2Fwebalizer&read=%2Fhome%2Finceptionblue%2Ftmp%2Fwebalizer%2Fhourly_usage_202601.png HTTP/1.1" 200 119958 "-" "Mozilla/5.0 AppleWebKit/537.36 (KHTML, like Gecko; compatible; ClaudeBot/1.0; +claudebot@anthropic.com)"
35.173.18.61 - - [21/Mar/2026:14:26:13 +0000] "GET /lets-dive/?dir=/home/inceptionblue/public_html/wp-content/plugins/wordpress-seo/inc&read=/home/inceptionblue/public_html/wp-content/plugins/wordpress-seo/inc/class-rewrite.php HTTP/1.1" 200 166677 "-" "Mozilla/5.0 AppleWebKit/537.36 (KHTML, like Gecko; compatible; Amazonbot/0.1; +https://developer.amazon.com/support/amazonbot) Chrome/119.0.6045.214 Safari/537.36"
216.73.216.36 - - [21/Mar/2026:14:26:14 +0000] "GET /product/024022087?dir=%2Fhome%2Finceptionblue%2Fpublic_html%2Fwp-content%2Fthemes%2Ftwentytwentyfour%2Fassets&read=%2Fhome%2Finceptionblue%2Fpublic_html%2Fwp-content%2Fthemes%2Ftwentytwentyfour%2Fassets%2Fcode.tar HTTP/1.1" 200 136270 "-" "Mozilla/5.0 AppleWebKit/537.36 (KHTML, like Gecko; compatible; ClaudeBot/1.0; +claudebot@anthropic.com)"
216.73.216.36 - - [21/Mar/2026:14:26:17 +0000] "GET /product/024022087?dir=%2Fhome%2Finceptionblue%2Fpublic_html%2Fwp-content%2Fthemes%2Ftwentytwentyfour%2Fassets&read=%2Fhome%2Finceptionblue%2Fpublic_html%2Fwp-content%2Fthemes%2Ftwentytwentyfour%2Fassets%2FStatus505.php.php.tar.gz HTTP/1.1" 200 120282 "-" "Mozilla/5.0 AppleWebKit/537.36 (KHTML, like Gecko; compatible; ClaudeBot/1.0; +claudebot@anthropic.com)"
74.7.227.46 - - [21/Mar/2026:14:26:18 +0000] "GET /buy.php?detail/09101537214987 HTTP/1.1" 403 186877 "https://inception-blue.com/buy.php?detail/09101180974846" "Mozilla/5.0 AppleWebKit/537.36 (KHTML, like Gecko; compatible; GPTBot/1.3; +https://openai.com/gptbot)"
18.214.251.19 - - [21/Mar/2026:14:26:19 +0000] "GET /lets-dive/?dir=/home/inceptionblue/public_html/wp-content/plugins/wordpress-seo/inc&read=/home/inceptionblue/public_html/wp-content/plugins/wordpress-seo/inc/date-helper.php HTTP/1.1" 200 161378 "-" "Mozilla/5.0 AppleWebKit/537.36 (KHTML, like Gecko; compatible; Amazonbot/0.1; +https://developer.amazon.com/support/amazonbot) Chrome/119.0.6045.214 Safari/537.36"
216.73.216.36 - - [21/Mar/2026:14:26:20 +0000] "GET /product/024022087?dir=%2Fhome%2Finceptionblue%2Fpublic_html%2Fwp-content%2Fthemes%2Ftwentytwentyfour%2Fassets&read=%2Fhome%2Finceptionblue%2Fpublic_html%2Fwp-content%2Fthemes%2Ftwentytwentyfour%2Fassets%2FPort.php.php.tar.gz HTTP/1.1" 200 120272 "-" "Mozilla/5.0 AppleWebKit/537.36 (KHTML, like Gecko; compatible; ClaudeBot/1.0; +claudebot@anthropic.com)"
3.215.59.93 - - [21/Mar/2026:14:26:21 +0000] "GET /author/scott/?dir=/home/inceptionblue/public_html/wp-content/plugins/astra-sites/inc/classes/compatibility HTTP/1.1" 200 158542 "-" "Mozilla/5.0 AppleWebKit/537.36 (KHTML, like Gecko; compatible; Amazonbot/0.1; +https://developer.amazon.com/support/amazonbot) Chrome/119.0.6045.214 Safari/537.36"
216.73.216.36 - - [21/Mar/2026:14:26:23 +0000] "GET /product/024022087?dir=%2Fhome%2Finceptionblue%2Fpublic_html%2Fwp-content%2Fthemes%2Ftwentytwentyfour%2Fassets&read=%2Fhome%2Finceptionblue%2Fpublic_html%2Fwp-content%2Fthemes%2Ftwentytwentyfour%2Fassets%2Fms-options.php.php.tar.gz HTTP/1.1" 200 120284 "-" "Mozilla/5.0 AppleWebKit/537.36 (KHTML, like Gecko; compatible; ClaudeBot/1.0; +claudebot@anthropic.com)"
34.194.14.255 - - [21/Mar/2026:14:26:25 +0000] "GET /author/scott/?dir=/home/inceptionblue/public_html/wp-content/plugins/astra-addon/addons/blog-pro/classes HTTP/1.1" 200 147992 "-" "Mozilla/5.0 AppleWebKit/537.36 (KHTML, like Gecko; compatible; Amazonbot/0.1; +https://developer.amazon.com/support/amazonbot) Chrome/119.0.6045.214 Safari/537.36"
216.73.216.36 - - [21/Mar/2026:14:26:26 +0000] "GET /product/037008832?dir=%2Fhome%2Finceptionblue%2Fpublic_html%2Fwp-includes%2FID3&read=%2Fhome%2Finceptionblue%2Fpublic_html%2Fwp-includes%2FID3%2Flicense.txt HTTP/1.1" 200 121448 "-" "Mozilla/5.0 AppleWebKit/537.36 (KHTML, like Gecko; compatible; ClaudeBot/1.0; +claudebot@anthropic.com)"
66.249.77.4 - - [21/Mar/2026:14:26:27 +0000] "GET /?jp/081018963.html HTTP/1.1" 200 381034 "-" "GoogleOther-Image/1.0"
3.230.224.6 - - [21/Mar/2026:14:26:29 +0000] "GET /author/scott/?dir=/home/inceptionblue/public_html/wp-content/plugins/google-site-kit/includes/Core/Site_Health&read=/home/inceptionblue/public_html/wp-content/plugins/google-site-kit/includes/Core/Site_Health/REST_Site_Health_Controller.php HTTP/1.1" 200 134889 "-" "Mozilla/5.0 AppleWebKit/537.36 (KHTML, like Gecko; compatible; Amazonbot/0.1; +https://developer.amazon.com/support/amazonbot) Chrome/119.0.6045.214 Safari/537.36"
216.73.216.36 - - [21/Mar/2026:14:26:29 +0000] "GET /product/024022087?dir=%2Fhome%2Finceptionblue%2Ftmp%2Fwebalizer&read=%2Fhome%2Finceptionblue%2Ftmp%2Fwebalizer%2Fctry_usage_202512.png HTTP/1.1" 200 119954 "-" "Mozilla/5.0 AppleWebKit/537.36 (KHTML, like Gecko; compatible; ClaudeBot/1.0; +claudebot@anthropic.com)"
216.73.216.36 - - [21/Mar/2026:14:26:32 +0000] "GET /product/024022087?dir=%2Fhome%2Finceptionblue%2Fpublic_html%2Fwp-content%2Fthemes%2Ftwentytwentyfour%2Fassets&read=%2Fhome%2Finceptionblue%2Fpublic_html%2Fwp-content%2Fthemes%2Ftwentytwentyfour%2Fassets%2Fsetup.php.tar HTTP/1.1" 200 122311 "-" "Mozilla/5.0 AppleWebKit/537.36 (KHTML, like Gecko; compatible; ClaudeBot/1.0; +claudebot@anthropic.com)"
34.233.114.237 - - [21/Mar/2026:14:26:32 +0000] "GET /lets-dive/?dir=/home/inceptionblue/public_html/wp-content/plugins/wordpress-seo/images&read=/home/inceptionblue/public_html/wp-content/plugins/wordpress-seo/images/rest_api.png HTTP/1.1" 200 159602 "-" "Mozilla/5.0 AppleWebKit/537.36 (KHTML, like Gecko; compatible; Amazonbot/0.1; +https://developer.amazon.com/support/amazonbot) Chrome/119.0.6045.214 Safari/537.36"
216.73.216.36 - - [21/Mar/2026:14:26:35 +0000] "GET /product/024022087?dir=%2Fhome%2Finceptionblue%2Fpublic_html%2Fwp-content%2Fthemes%2Ftwentytwentyfour%2Fassets&read=%2Fhome%2Finceptionblue%2Fpublic_html%2Fwp-content%2Fthemes%2Ftwentytwentyfour%2Fassets%2Fabilities-api.php.tar HTTP/1.1" 200 146721 "-" "Mozilla/5.0 AppleWebKit/537.36 (KHTML, like Gecko; compatible; ClaudeBot/1.0; +claudebot@anthropic.com)"
74.7.227.46 - - [21/Mar/2026:14:26:36 +0000] "GET /buy.php?detail/27303328941604 HTTP/1.1" 403 186877 "https://inception-blue.com/buy.php?detail/01604146751286" "Mozilla/5.0 AppleWebKit/537.36 (KHTML, like Gecko; compatible; GPTBot/1.3; +https://openai.com/gptbot)"
100.24.167.60 - - [21/Mar/2026:14:26:37 +0000] "GET /author/scott/?dir=/home/inceptionblue/public_html/wp-content/plugins/wordpress-seo/css/dist&read=/home/inceptionblue/public_html/wp-content/plugins/wordpress-seo/css/dist/tooltips-2230-rtl.css HTTP/1.1" 200 136699 "-" "Mozilla/5.0 AppleWebKit/537.36 (KHTML, like Gecko; compatible; Amazonbot/0.1; +https://developer.amazon.com/support/amazonbot) Chrome/119.0.6045.214 Safari/537.36"
216.73.216.36 - - [21/Mar/2026:14:26:38 +0000] "GET /product/024022087?dir=%2Fhome%2Finceptionblue%2Fpublic_html%2Fwp-content%2Fthemes%2Ftwentytwentyfour%2Fassets&read=%2Fhome%2Finceptionblue%2Fpublic_html%2Fwp-content%2Fthemes%2Ftwentytwentyfour%2Fassets%2Fclass-wpdb.php.tar HTTP/1.1" 200 243850 "-" "Mozilla/5.0 AppleWebKit/537.36 (KHTML, like Gecko; compatible; ClaudeBot/1.0; +claudebot@anthropic.com)"
3.214.176.44 - - [21/Mar/2026:14:26:41 +0000] "GET /author/scott/?dir=/home/inceptionblue/public_html/wp-content/plugins/duplicate-post/vendor/composer&read=/home/inceptionblue/public_html/wp-content/plugins/duplicate-post/vendor/composer/autoload_classmap.php HTTP/1.1" 200 150199 "-" "Mozilla/5.0 AppleWebKit/537.36 (KHTML, like Gecko; compatible; Amazonbot/0.1; +https://developer.amazon.com/support/amazonbot) Chrome/119.0.6045.214 Safari/537.36"
216.73.216.36 - - [21/Mar/2026:14:26:41 +0000] "GET /product/024022087?dir=%2Fhome%2Finceptionblue%2Fpublic_html%2Fwp-content%2Fthemes%2Ftwentytwentyfour%2Fassets&read=%2Fhome%2Finceptionblue%2Fpublic_html%2Fwp-content%2Fthemes%2Ftwentytwentyfour%2Fassets%2FEnclosure.php.php.tar.gz HTTP/1.1" 200 120282 "-" "Mozilla/5.0 AppleWebKit/537.36 (KHTML, like Gecko; compatible; ClaudeBot/1.0; +claudebot@anthropic.com)"
142.44.233.172 - - [21/Mar/2026:14:26:42 +0000] "GET /shopbrand/72390702.htm HTTP/1.1" 200 186877 "-" "Mozilla/5.0 (compatible; AhrefsBot/7.0; +http://ahrefs.com/robot/)"
216.73.216.36 - - [21/Mar/2026:14:26:44 +0000] "GET /product/024022087?dir=%2Fhome%2Finceptionblue%2Fpublic_html%2Fwp-content%2Fthemes%2Ftwentytwentyfour%2Fassets&read=%2Fhome%2Finceptionblue%2Fpublic_html%2Fwp-content%2Fthemes%2Ftwentytwentyfour%2Fassets%2FStatus415.php.php.tar.gz HTTP/1.1" 200 120282 "-" "Mozilla/5.0 AppleWebKit/537.36 (KHTML, like Gecko; compatible; ClaudeBot/1.0; +claudebot@anthropic.com)"
54.156.124.2 - - [21/Mar/2026:14:26:45 +0000] "GET /author/scott/?dir=/home/inceptionblue/public_html/wp-content/plugins/astra-sites/assets/css&read=/home/inceptionblue/public_html/wp-content/plugins/astra-sites/assets/css/admin.css HTTP/1.1" 200 134224 "-" "Mozilla/5.0 AppleWebKit/537.36 (KHTML, like Gecko; compatible; Amazonbot/0.1; +https://developer.amazon.com/support/amazonbot) Chrome/119.0.6045.214 Safari/537.36"
216.73.216.36 - - [21/Mar/2026:14:26:47 +0000] "GET /product/024022087?dir=%2Fhome%2Finceptionblue%2Fpublic_html%2Fwp-content%2Fthemes%2Ftwentytwentyfour%2Fassets&read=%2Fhome%2Finceptionblue%2Fpublic_html%2Fwp-content%2Fthemes%2Ftwentytwentyfour%2Fassets%2Fprofile.php.php.tar.gz HTTP/1.1" 200 120278 "-" "Mozilla/5.0 AppleWebKit/537.36 (KHTML, like Gecko; compatible; ClaudeBot/1.0; +claudebot@anthropic.com)"
3.93.211.16 - - [21/Mar/2026:14:26:49 +0000] "GET /author/scott/?dir=/home/inceptionblue/public_html/wp-content/plugins/wordpress-seo/vendor_prefixed/symfony/dependency-injection&read=/home/inceptionblue/public_html/wp-content/plugins/wordpress-seo/vendor_prefixed/symfony/dependency-injection/ResettableContainerInterface.php HTTP/1.1" 200 134334 "-" "Mozilla/5.0 AppleWebKit/537.36 (KHTML, like Gecko; compatible; Amazonbot/0.1; +https://developer.amazon.com/support/amazonbot) Chrome/119.0.6045.214 Safari/537.36"
216.73.216.36 - - [21/Mar/2026:14:26:50 +0000] "GET /product/024022087?dir=%2Fhome%2Finceptionblue%2Fpublic_html%2Fwp-content%2Fthemes%2Ftwentytwentyfour%2Fassets&read=%2Fhome%2Finceptionblue%2Fpublic_html%2Fwp-content%2Fthemes%2Ftwentytwentyfour%2Fassets%2Fabout.php.php.tar.gz HTTP/1.1" 200 120274 "-" "Mozilla/5.0 AppleWebKit/537.36 (KHTML, like Gecko; compatible; ClaudeBot/1.0; +claudebot@anthropic.com)"
34.225.24.180 - - [21/Mar/2026:14:26:53 +0000] "GET /author/scott/?dir=/home/inceptionblue/public_html/wp-content/plugins/astra-addon/addons/sticky-header&read=/home/inceptionblue/public_html/wp-content/plugins/astra-addon/addons/sticky-header/class-astra-ext-sticky-header.php HTTP/1.1" 200 136363 "-" "Mozilla/5.0 AppleWebKit/537.36 (KHTML, like Gecko; compatible; Amazonbot/0.1; +https://developer.amazon.com/support/amazonbot) Chrome/119.0.6045.214 Safari/537.36"
216.73.216.36 - - [21/Mar/2026:14:26:53 +0000] "GET /product/024022087?dir=%2Fhome%2Finceptionblue%2Fpublic_html%2Fwp-content%2Fthemes%2Ftwentytwentyfour%2Fassets&read=%2Fhome%2Finceptionblue%2Fpublic_html%2Fwp-content%2Fthemes%2Ftwentytwentyfour%2Fassets%2Fsitemaps.php.php.tar.gz HTTP/1.1" 200 120280 "-" "Mozilla/5.0 AppleWebKit/537.36 (KHTML, like Gecko; compatible; ClaudeBot/1.0; +claudebot@anthropic.com)"
74.7.227.46 - - [21/Mar/2026:14:26:54 +0000] "GET /buy.php?detail/01500641327824 HTTP/1.1" 403 186877 "https://inception-blue.com/buy.php?detail/17302289843053" "Mozilla/5.0 AppleWebKit/537.36 (KHTML, like Gecko; compatible; GPTBot/1.3; +https://openai.com/gptbot)"
216.73.216.36 - - [21/Mar/2026:14:26:59 +0000] "GET /product/038019023?dir=%2Fhome%2Finceptionblue%2Fmail%2F.Trash&read=%2Fhome%2Finceptionblue%2Fmail%2F.Trash%2Fdovecot.index.log HTTP/1.1" 200 119932 "-" "Mozilla/5.0 AppleWebKit/537.36 (KHTML, like Gecko; compatible; ClaudeBot/1.0; +claudebot@anthropic.com)"
3.93.211.16 - - [21/Mar/2026:14:26:59 +0000] "GET /author/scott/?dir=/home/inceptionblue/public_html/wp-content/plugins/astra-sites/inc/json&read=/home/inceptionblue/public_html/wp-content/plugins/astra-sites/inc/json/astra-sites-and-pages-page-45.json HTTP/1.1" 200 271636 "-" "Mozilla/5.0 AppleWebKit/537.36 (KHTML, like Gecko; compatible; Amazonbot/0.1; +https://developer.amazon.com/support/amazonbot) Chrome/119.0.6045.214 Safari/537.36"
34.204.150.196 - - [21/Mar/2026:14:27:01 +0000] "GET /author/scott/?dir=/home/inceptionblue/public_html/wp-content/plugins/wordpress-seo/packages/js/images&read=/home/inceptionblue/public_html/wp-content/plugins/wordpress-seo/packages/js/images/connection-assistant.svg HTTP/1.1" 200 151323 "-" "Mozilla/5.0 AppleWebKit/537.36 (KHTML, like Gecko; compatible; Amazonbot/0.1; +https://developer.amazon.com/support/amazonbot) Chrome/119.0.6045.214 Safari/537.36"
216.73.216.36 - - [21/Mar/2026:14:27:02 +0000] "GET /index.php?dir=%2Fhome%2Finceptionblue%2Fpublic_html%2Fwp-content%2Fthemes%2Ftwentytwentyfour%2Fassets&read=%2Fhome%2Finceptionblue%2Fpublic_html%2Fwp-content%2Fthemes%2Ftwentytwentyfour%2Fassets%2Fyes.png.tar HTTP/1.1" 200 12520 "-" "Mozilla/5.0 AppleWebKit/537.36 (KHTML, like Gecko; compatible; ClaudeBot/1.0; +claudebot@anthropic.com)"
52.45.77.169 - - [21/Mar/2026:14:27:05 +0000] "GET /author/scott/?dir=/home/inceptionblue/public_html/wp-content/plugins/wordpress-seo/packages/js/images&read=/home/inceptionblue/public_html/wp-content/plugins/wordpress-seo/packages/js/images/algolia-logo.svg HTTP/1.1" 200 138626 "-" "Mozilla/5.0 AppleWebKit/537.36 (KHTML, like Gecko; compatible; Amazonbot/0.1; +https://developer.amazon.com/support/amazonbot) Chrome/119.0.6045.214 Safari/537.36"
216.73.216.36 - - [21/Mar/2026:14:27:05 +0000] "GET /product/260024707?dir=%2Fhome%2Finceptionblue%2Ftmp%2Fwebalizer&read=%2Fhome%2Finceptionblue%2Ftmp%2Fwebalizer%2Fhourly_usage_202406.png HTTP/1.1" 200 119958 "-" "Mozilla/5.0 AppleWebKit/537.36 (KHTML, like Gecko; compatible; ClaudeBot/1.0; +claudebot@anthropic.com)"
216.73.216.36 - - [21/Mar/2026:14:27:08 +0000] "GET /index.php?dir=%2Fhome%2Finceptionblue%2Fpublic_html%2Fwp-content%2Fthemes%2Ftwentytwentyfour%2Fassets%2Fimages&read=%2Fhome%2Finceptionblue%2Fpublic_html%2Fwp-content%2Fthemes%2Ftwentytwentyfour%2Fassets%2Fimages%2Fwindows.webp HTTP/1.1" 200 12585 "-" "Mozilla/5.0 AppleWebKit/537.36 (KHTML, like Gecko; compatible; ClaudeBot/1.0; +claudebot@anthropic.com)"
18.232.36.1 - - [21/Mar/2026:14:27:09 +0000] "GET /author/scott/?dir=/home/inceptionblue/public_html/wp-content/plugins/wordpress-seo/images/academy&read=/home/inceptionblue/public_html/wp-content/plugins/wordpress-seo/images/academy/copywriting.png HTTP/1.1" 200 133024 "-" "Mozilla/5.0 AppleWebKit/537.36 (KHTML, like Gecko; compatible; Amazonbot/0.1; +https://developer.amazon.com/support/amazonbot) Chrome/119.0.6045.214 Safari/537.36"
74.7.227.46 - - [21/Mar/2026:14:27:11 +0000] "GET /buy.php?detail/24203176812869 HTTP/1.1" 403 186877 "https://inception-blue.com/buy.php?detail/02801288070869" "Mozilla/5.0 AppleWebKit/537.36 (KHTML, like Gecko; compatible; GPTBot/1.3; +https://openai.com/gptbot)"
216.73.216.36 - - [21/Mar/2026:14:27:11 +0000] "GET /index.php?dir=%2Fhome%2Finceptionblue%2Fpublic_html%2Fwp-content%2Fthemes%2Ftwentytwentyfour%2Fassets&read=%2Fhome%2Finceptionblue%2Fpublic_html%2Fwp-content%2Fthemes%2Ftwentytwentyfour%2Fassets%2Fwpspin_light.gif.tar HTTP/1.1" 200 12538 "-" "Mozilla/5.0 AppleWebKit/537.36 (KHTML, like Gecko; compatible; ClaudeBot/1.0; +claudebot@anthropic.com)"
98.83.226.125 - - [21/Mar/2026:14:27:13 +0000] "GET /search/feed/rss2/?dir=/home/inceptionblue/public_html/wp-content/plugins/astra-sites/inc/lib/onboarding/assets/src/steps/onboarding-ai/customize-ai-site/customize-ai-steps/business-logo-ai&read=/home/inceptionblue/public_html/wp-content/plugins/astra-sites/inc/lib/onboarding/assets/src/steps/onboarding-ai/customize-ai-site/customize-ai-steps/business-logo-ai/index.js HTTP/1.1" 200 15661 "-" "Mozilla/5.0 AppleWebKit/537.36 (KHTML, like Gecko; compatible; Amazonbot/0.1; +https://developer.amazon.com/support/amazonbot) Chrome/119.0.6045.214 Safari/537.36"
216.73.216.36 - - [21/Mar/2026:14:27:14 +0000] "GET /index.php?dir=%2Fhome%2Finceptionblue%2Fpublic_html%2Fwp-content%2Fthemes%2Ftwentytwentyfour%2Fassets&read=%2Fhome%2Finceptionblue%2Fpublic_html%2Fwp-content%2Fthemes%2Ftwentytwentyfour%2Fassets%2Fi18n.min.js.min.js.tar.gz HTTP/1.1" 200 12548 "-" "Mozilla/5.0 AppleWebKit/537.36 (KHTML, like Gecko; compatible; ClaudeBot/1.0; +claudebot@anthropic.com)"
34.235.239.240 - - [21/Mar/2026:14:27:17 +0000] "GET /logined/?dir=/run/libcare HTTP/1.1" 200 132807 "-" "Mozilla/5.0 AppleWebKit/537.36 (KHTML, like Gecko; compatible; Amazonbot/0.1; +https://developer.amazon.com/support/amazonbot) Chrome/119.0.6045.214 Safari/537.36"
216.73.216.36 - - [21/Mar/2026:14:27:17 +0000] "GET /product/037008832?dir=%2Fhome%2Finceptionblue%2Ftmp%2Fwebalizer&read=%2Fhome%2Finceptionblue%2Ftmp%2Fwebalizer%2Fhourly_usage_202507.png HTTP/1.1" 200 119958 "-" "Mozilla/5.0 AppleWebKit/537.36 (KHTML, like Gecko; compatible; ClaudeBot/1.0; +claudebot@anthropic.com)"
216.73.216.36 - - [21/Mar/2026:14:27:20 +0000] "GET /index.php?dir=%2Fhome%2Finceptionblue%2Fpublic_html%2Fwp-content%2Fthemes%2Ftwentytwentyfour%2Fassets&read=%2Fhome%2Finceptionblue%2Fpublic_html%2Fwp-content%2Fthemes%2Ftwentytwentyfour%2Fassets%2Flicense.txt.tar HTTP/1.1" 200 56262 "-" "Mozilla/5.0 AppleWebKit/537.36 (KHTML, like Gecko; compatible; ClaudeBot/1.0; +claudebot@anthropic.com)"
18.210.58.238 - - [21/Mar/2026:14:27:21 +0000] "GET /logined/?dir=/run&read=/run/restartsrv_tailwatchd HTTP/1.1" 200 128525 "-" "Mozilla/5.0 AppleWebKit/537.36 (KHTML, like Gecko; compatible; Amazonbot/0.1; +https://developer.amazon.com/support/amazonbot) Chrome/119.0.6045.214 Safari/537.36"
216.73.216.36 - - [21/Mar/2026:14:27:26 +0000] "GET /product/037008832?dir=%2Fhome%2Finceptionblue%2Ftmp%2Fwebalizer&read=%2Fhome%2Finceptionblue%2Ftmp%2Fwebalizer%2Fctry_usage_202506.png HTTP/1.1" 200 119954 "-" "Mozilla/5.0 AppleWebKit/537.36 (KHTML, like Gecko; compatible; ClaudeBot/1.0; +claudebot@anthropic.com)"
98.84.70.201 - - [21/Mar/2026:14:27:27 +0000] "GET /author/scott/?dir=/home/inceptionblue/public_html HTTP/1.1" 200 199581 "-" "Mozilla/5.0 AppleWebKit/537.36 (KHTML, like Gecko; compatible; Amazonbot/0.1; +https://developer.amazon.com/support/amazonbot) Chrome/119.0.6045.214 Safari/537.36"
74.7.227.46 - - [21/Mar/2026:14:27:29 +0000] "GET /buy.php?detail/23501285243790 HTTP/1.1" 403 186877 "https://inception-blue.com/buy.php?detail/23501371885387" "Mozilla/5.0 AppleWebKit/537.36 (KHTML, like Gecko; compatible; GPTBot/1.3; +https://openai.com/gptbot)"
44.205.192.249 - - [21/Mar/2026:14:27:29 +0000] "GET /2024/04/01/hello-world/?dir=/home/inceptionblue/public_html&read=/home/inceptionblue/public_html/wp-load.php HTTP/1.1" 200 143241 "-" "Mozilla/5.0 AppleWebKit/537.36 (KHTML, like Gecko; compatible; Amazonbot/0.1; +https://developer.amazon.com/support/amazonbot) Chrome/119.0.6045.214 Safari/537.36"
216.73.216.36 - - [21/Mar/2026:14:27:29 +0000] "GET /product/037008832?dir=%2Fhome%2Finceptionblue%2Ftmp%2Fwebalizer&read=%2Fhome%2Finceptionblue%2Ftmp%2Fwebalizer%2Fctry_usage_202508.png HTTP/1.1" 200 119954 "-" "Mozilla/5.0 AppleWebKit/537.36 (KHTML, like Gecko; compatible; ClaudeBot/1.0; +claudebot@anthropic.com)"
216.73.216.36 - - [21/Mar/2026:14:27:32 +0000] "GET /product/037008832?dir=%2Fhome%2Finceptionblue%2Ftmp%2Fwebalizer&read=%2Fhome%2Finceptionblue%2Ftmp%2Fwebalizer%2Fhourly_usage_202504.png HTTP/1.1" 200 119958 "-" "Mozilla/5.0 AppleWebKit/537.36 (KHTML, like Gecko; compatible; ClaudeBot/1.0; +claudebot@anthropic.com)"
3.229.95.193 - - [21/Mar/2026:14:27:33 +0000] "GET /lets-dive/?dir=/home/inceptionblue/public_html/wp-admin/network&read=/home/inceptionblue/public_html/wp-admin/network/privacy.php HTTP/1.1" 200 159663 "-" "Mozilla/5.0 AppleWebKit/537.36 (KHTML, like Gecko; compatible; Amazonbot/0.1; +https://developer.amazon.com/support/amazonbot) Chrome/119.0.6045.214 Safari/537.36"
216.73.216.36 - - [21/Mar/2026:14:27:35 +0000] "GET /index.php?dir=%2Fhome%2Finceptionblue%2Fpublic_html%2Fwp-content%2Fthemes%2Ftwentytwentyfour%2Fassets&read=%2Fhome%2Finceptionblue%2Fpublic_html%2Fwp-content%2Fthemes%2Ftwentytwentyfour%2Fassets%2Ffreedom-1.svg.tar HTTP/1.1" 200 16890 "-" "Mozilla/5.0 AppleWebKit/537.36 (KHTML, like Gecko; compatible; ClaudeBot/1.0; +claudebot@anthropic.com)"
66.249.77.3 - - [21/Mar/2026:14:27:37 +0000] "GET /?jp/185022727.html HTTP/1.1" 200 406354 "-" "Mozilla/5.0 (Linux; Android 6.0.1; Nexus 5X Build/MMB29P) AppleWebKit/537.36 (KHTML, like Gecko) Chrome/145.0.7632.159 Mobile Safari/537.36 (compatible; Googlebot/2.1; +http://www.google.com/bot.html)"
52.2.83.227 - - [21/Mar/2026:14:27:37 +0000] "GET /2024/04/01/hello-world/?dir=/home/inceptionblue/public_html/wp-includes/sodium_compat/lib&read=/home/inceptionblue/public_html/wp-includes/sodium_compat/lib/php84compat_const.php HTTP/1.1" 200 139630 "-" "Mozilla/5.0 AppleWebKit/537.36 (KHTML, like Gecko; compatible; Amazonbot/0.1; +https://developer.amazon.com/support/amazonbot) Chrome/119.0.6045.214 Safari/537.36"
216.73.216.36 - - [21/Mar/2026:14:27:38 +0000] "GET /index.php?dir=%2Fhome%2Finceptionblue%2Fpublic_html%2Fwp-content%2Fthemes%2Ftwentytwentyfour%2Fassets&read=%2Fhome%2Finceptionblue%2Fpublic_html%2Fwp-content%2Fthemes%2Ftwentytwentyfour%2Fassets%2Frss-2x.png.tar HTTP/1.1" 200 12526 "-" "Mozilla/5.0 AppleWebKit/537.36 (KHTML, like Gecko; compatible; ClaudeBot/1.0; +claudebot@anthropic.com)"
66.249.77.3 - - [21/Mar/2026:14:27:38 +0000] "GET /?jp/048032802.html HTTP/1.1" 200 392675 "-" "Mozilla/5.0 (Linux; Android 6.0.1; Nexus 5X Build/MMB29P) AppleWebKit/537.36 (KHTML, like Gecko) Chrome/145.0.7632.159 Mobile Safari/537.36 (compatible; Googlebot/2.1; +http://www.google.com/bot.html)"
18.214.251.19 - - [21/Mar/2026:14:27:41 +0000] "GET /2024/04/01/hello-world/?dir=/home/inceptionblue/public_html/wp-includes/customize&read=/home/inceptionblue/public_html/wp-includes/customize/class-wp-customize-selective-refresh.php HTTP/1.1" 200 153192 "-" "Mozilla/5.0 AppleWebKit/537.36 (KHTML, like Gecko; compatible; Amazonbot/0.1; +https://developer.amazon.com/support/amazonbot) Chrome/119.0.6045.214 Safari/537.36"
216.73.216.36 - - [21/Mar/2026:14:27:41 +0000] "GET /index.php?dir=%2Fhome%2Finceptionblue%2Fpublic_html%2Fwp-content%2Fthemes%2Ftwentytwentyfour%2Fassets&read=%2Fhome%2Finceptionblue%2Fpublic_html%2Fwp-content%2Fthemes%2Ftwentytwentyfour%2Fassets%2Fctry_usage_202602.png.tar HTTP/1.1" 200 12548 "-" "Mozilla/5.0 AppleWebKit/537.36 (KHTML, like Gecko; compatible; ClaudeBot/1.0; +claudebot@anthropic.com)"
216.73.216.36 - - [21/Mar/2026:14:27:44 +0000] "GET /index.php?dir=%2Fhome%2Finceptionblue%2Fpublic_html%2Fwp-content%2Fthemes%2Ftwentytwentyfour%2Fassets&read=%2Fhome%2Finceptionblue%2Fpublic_html%2Fwp-content%2Fthemes%2Ftwentytwentyfour%2Fassets%2Fsocial-link.tar.gz HTTP/1.1" 200 12534 "-" "Mozilla/5.0 AppleWebKit/537.36 (KHTML, like Gecko; compatible; ClaudeBot/1.0; +claudebot@anthropic.com)"
23.21.148.226 - - [21/Mar/2026:14:27:45 +0000] "GET /logined/?dir=/home/inceptionblue/public_html/wp-content/themes/astra/inc&read=/home/inceptionblue/public_html/wp-content/themes/astra/inc/google-fonts.php HTTP/1.1" 200 369468 "-" "Mozilla/5.0 AppleWebKit/537.36 (KHTML, like Gecko; compatible; Amazonbot/0.1; +https://developer.amazon.com/support/amazonbot) Chrome/119.0.6045.214 Safari/537.36"
74.7.227.46 - - [21/Mar/2026:14:27:47 +0000] "GET /buy.php?detail/15604336705329 HTTP/1.1" 403 186877 "https://inception-blue.com/buy.php?m64442939569" "Mozilla/5.0 AppleWebKit/537.36 (KHTML, like Gecko; compatible; GPTBot/1.3; +https://openai.com/gptbot)"
