[
MAINHACK SHELL
]
Mail Test
BC
Config Scan
HOME
Create...
New File
New Folder
Viewing / Editing File: inception-blue.com-ssl_log
File is not writable. Editing disabled.
74.7.241.28 - - [20/Mar/2026:12:00:30 +0000] "GET /buy.php?detail/19003960130590 HTTP/1.1" 200 155996 "https://inception-blue.com/buy.php?detail/04901121937517" "Mozilla/5.0 AppleWebKit/537.36 (KHTML, like Gecko; compatible; GPTBot/1.3; +https://openai.com/gptbot)"
216.73.216.36 - - [20/Mar/2026:12:00:32 +0000] "GET /product/138026129?dir=%2Fhome%2Finceptionblue%2Fpublic_html%2Fwp-includes%2Fwidgets HTTP/1.1" 200 160081 "-" "Mozilla/5.0 AppleWebKit/537.36 (KHTML, like Gecko; compatible; ClaudeBot/1.0; +claudebot@anthropic.com)"
74.7.241.28 - - [20/Mar/2026:12:00:34 +0000] "GET /buy.php?detail/06803036032845 HTTP/1.1" 200 159221 "https://inception-blue.com/buy.php?detail/04901121937517" "Mozilla/5.0 AppleWebKit/537.36 (KHTML, like Gecko; compatible; GPTBot/1.3; +https://openai.com/gptbot)"
216.73.216.36 - - [20/Mar/2026:12:00:35 +0000] "GET /product/229049998?dir=%2Fhome%2Finceptionblue%2Fpublic_html%2Fwp-admin%2Fcss&read=%2Fhome%2Finceptionblue%2Fpublic_html%2Fwp-admin%2Fcss%2Fedit-rtl.css HTTP/1.1" 200 158975 "-" "Mozilla/5.0 AppleWebKit/537.36 (KHTML, like Gecko; compatible; ClaudeBot/1.0; +claudebot@anthropic.com)"
216.73.216.36 - - [20/Mar/2026:12:00:38 +0000] "GET /product/138026129?dir=%2Fhome%2Finceptionblue%2Fpublic_html%2Fwp-includes%2FSimplePie%2Fsrc&read=%2Fhome%2Finceptionblue%2Fpublic_html%2Fwp-includes%2FSimplePie%2Fsrc%2FRegistry.php HTTP/1.1" 200 128402 "-" "Mozilla/5.0 AppleWebKit/537.36 (KHTML, like Gecko; compatible; ClaudeBot/1.0; +claudebot@anthropic.com)"
74.7.241.28 - - [20/Mar/2026:12:00:37 +0000] "GET /buy.php?jp/185035793.html HTTP/1.1" 200 156828 "https://inception-blue.com/buy.php?detail/19401249358995" "Mozilla/5.0 AppleWebKit/537.36 (KHTML, like Gecko; compatible; GPTBot/1.3; +https://openai.com/gptbot)"
216.73.216.36 - - [20/Mar/2026:12:00:41 +0000] "GET /product/138026129?dir=%2Fhome%2Finceptionblue%2Fpublic_html%2Fwp-admin%2Fcss&read=%2Fhome%2Finceptionblue%2Fpublic_html%2Fwp-admin%2Fcss%2Fwidgets.css HTTP/1.1" 200 137768 "-" "Mozilla/5.0 AppleWebKit/537.36 (KHTML, like Gecko; compatible; ClaudeBot/1.0; +claudebot@anthropic.com)"
74.7.241.28 - - [20/Mar/2026:12:00:40 +0000] "GET /buy.php?detail/12400424192608 HTTP/1.1" 200 155015 "https://inception-blue.com/buy.php?detail/18301594356240" "Mozilla/5.0 AppleWebKit/537.36 (KHTML, like Gecko; compatible; GPTBot/1.3; +https://openai.com/gptbot)"
216.73.216.36 - - [20/Mar/2026:12:00:44 +0000] "GET /product/138026129?dir=%2Fhome%2Finceptionblue%2Fpublic_html%2Fwp-admin%2Fcss&read=%2Fhome%2Finceptionblue%2Fpublic_html%2Fwp-admin%2Fcss%2Fcommon.css HTTP/1.1" 200 199152 "-" "Mozilla/5.0 AppleWebKit/537.36 (KHTML, like Gecko; compatible; ClaudeBot/1.0; +claudebot@anthropic.com)"
74.7.241.28 - - [20/Mar/2026:12:00:43 +0000] "GET /buy.php?detail/24002952265469 HTTP/1.1" 200 153374 "https://inception-blue.com/buy.php?detail/24303514918266" "Mozilla/5.0 AppleWebKit/537.36 (KHTML, like Gecko; compatible; GPTBot/1.3; +https://openai.com/gptbot)"
216.73.216.36 - - [20/Mar/2026:12:00:47 +0000] "GET /product/138026129?dir=%2Fhome%2Finceptionblue%2Fpublic_html%2Fwp-includes%2FSimplePie%2Fsrc&read=%2Fhome%2Finceptionblue%2Fpublic_html%2Fwp-includes%2FSimplePie%2Fsrc%2FMisc.php HTTP/1.1" 200 194514 "-" "Mozilla/5.0 AppleWebKit/537.36 (KHTML, like Gecko; compatible; ClaudeBot/1.0; +claudebot@anthropic.com)"
74.7.241.28 - - [20/Mar/2026:12:00:46 +0000] "GET /buy.php?detail/07200488040880 HTTP/1.1" 200 146644 "https://inception-blue.com/buy.php?detail/08901253721442" "Mozilla/5.0 AppleWebKit/537.36 (KHTML, like Gecko; compatible; GPTBot/1.3; +https://openai.com/gptbot)"
216.73.216.36 - - [20/Mar/2026:12:00:50 +0000] "GET /product/138026129?dir=%2Fhome%2Finceptionblue%2Fpublic_html%2Fwp-includes%2FSimplePie%2Fsrc&read=%2Fhome%2Finceptionblue%2Fpublic_html%2Fwp-includes%2FSimplePie%2Fsrc%2FRegistryAware.php HTTP/1.1" 200 120592 "-" "Mozilla/5.0 AppleWebKit/537.36 (KHTML, like Gecko; compatible; ClaudeBot/1.0; +claudebot@anthropic.com)"
74.7.241.28 - - [20/Mar/2026:12:00:49 +0000] "GET /buy.php?shopbrand/tap/136046630.htm HTTP/1.1" 200 152391 "https://inception-blue.com/buy.php?m54799399902" "Mozilla/5.0 AppleWebKit/537.36 (KHTML, like Gecko; compatible; GPTBot/1.3; +https://openai.com/gptbot)"
216.73.216.36 - - [20/Mar/2026:12:00:53 +0000] "GET /product/229049998?dir=%2Fhome%2Finceptionblue%2Fpublic_html%2Fwp-admin%2Fcss&read=%2Fhome%2Finceptionblue%2Fpublic_html%2Fwp-admin%2Fcss%2Fedit.min.css HTTP/1.1" 200 150661 "-" "Mozilla/5.0 AppleWebKit/537.36 (KHTML, like Gecko; compatible; ClaudeBot/1.0; +claudebot@anthropic.com)"
74.7.241.28 - - [20/Mar/2026:12:00:53 +0000] "GET /buy.php?detail/28301486692789 HTTP/1.1" 200 159283 "https://inception-blue.com/buy.php?goods/283001887" "Mozilla/5.0 AppleWebKit/537.36 (KHTML, like Gecko; compatible; GPTBot/1.3; +https://openai.com/gptbot)"
216.73.216.36 - - [20/Mar/2026:12:00:56 +0000] "GET /product/138010947?dir=%2Fhome%2Finceptionblue%2Fpublic_html%2Fwp-admin%2Fcss&read=%2Fhome%2Finceptionblue%2Fpublic_html%2Fwp-admin%2Fcss%2Fedit.css HTTP/1.1" 200 158924 "-" "Mozilla/5.0 AppleWebKit/537.36 (KHTML, like Gecko; compatible; ClaudeBot/1.0; +claudebot@anthropic.com)"
74.7.241.28 - - [20/Mar/2026:12:00:56 +0000] "GET /buy.php?jp/107042730.html HTTP/1.1" 200 157199 "https://inception-blue.com/buy.php?detail/13104219912283" "Mozilla/5.0 AppleWebKit/537.36 (KHTML, like Gecko; compatible; GPTBot/1.3; +https://openai.com/gptbot)"
216.73.216.36 - - [20/Mar/2026:12:00:59 +0000] "GET /product/138026129?dir=%2Fhome%2Finceptionblue%2Fpublic_html%2Fwp-includes%2FSimplePie%2Fsrc&read=%2Fhome%2Finceptionblue%2Fpublic_html%2Fwp-includes%2FSimplePie%2Fsrc%2FEnclosure.php HTTP/1.1" 200 153500 "-" "Mozilla/5.0 AppleWebKit/537.36 (KHTML, like Gecko; compatible; ClaudeBot/1.0; +claudebot@anthropic.com)"
74.7.241.28 - - [20/Mar/2026:12:00:59 +0000] "GET /buy.php?detail/27201773735116 HTTP/1.1" 200 154946 "https://inception-blue.com/buy.php?detail/23500939947554" "Mozilla/5.0 AppleWebKit/537.36 (KHTML, like Gecko; compatible; GPTBot/1.3; +https://openai.com/gptbot)"
216.73.216.36 - - [20/Mar/2026:12:01:02 +0000] "GET /product/138026129?dir=%2Fhome%2Finceptionblue%2Fpublic_html%2Fwp-includes%2FRequests%2Fsrc&read=%2Fhome%2Finceptionblue%2Fpublic_html%2Fwp-includes%2FRequests%2Fsrc%2FAutoload.php HTTP/1.1" 200 129690 "-" "Mozilla/5.0 AppleWebKit/537.36 (KHTML, like Gecko; compatible; ClaudeBot/1.0; +claudebot@anthropic.com)"
74.7.241.28 - - [20/Mar/2026:12:01:02 +0000] "GET /buy.php?detail/24802901269294 HTTP/1.1" 200 155228 "https://inception-blue.com/buy.php?detail/02900237917336" "Mozilla/5.0 AppleWebKit/537.36 (KHTML, like Gecko; compatible; GPTBot/1.3; +https://openai.com/gptbot)"
216.73.216.36 - - [20/Mar/2026:12:01:05 +0000] "GET /product/138026129?dir=%2Fhome%2Finceptionblue%2Fpublic_html%2Fwp-includes%2FRequests%2Fsrc&read=%2Fhome%2Finceptionblue%2Fpublic_html%2Fwp-includes%2FRequests%2Fsrc%2FPort.php HTTP/1.1" 200 121645 "-" "Mozilla/5.0 AppleWebKit/537.36 (KHTML, like Gecko; compatible; ClaudeBot/1.0; +claudebot@anthropic.com)"
74.7.241.28 - - [20/Mar/2026:12:01:05 +0000] "GET /buy.php?detail/18004863571163 HTTP/1.1" 200 165853 "https://inception-blue.com/buy.php?detail/19003960130590" "Mozilla/5.0 AppleWebKit/537.36 (KHTML, like Gecko; compatible; GPTBot/1.3; +https://openai.com/gptbot)"
74.7.241.28 - - [20/Mar/2026:12:01:08 +0000] "GET /buy.php?detail/08501045300458 HTTP/1.1" 200 159465 "https://inception-blue.com/buy.php?detail/19003960130590" "Mozilla/5.0 AppleWebKit/537.36 (KHTML, like Gecko; compatible; GPTBot/1.3; +https://openai.com/gptbot)"
216.73.216.36 - - [20/Mar/2026:12:01:12 +0000] "GET /product/138026129?dir=%2Fhome%2Finceptionblue%2Fpublic_html%2Fwp-admin%2Fmaint HTTP/1.1" 200 126663 "-" "Mozilla/5.0 AppleWebKit/537.36 (KHTML, like Gecko; compatible; ClaudeBot/1.0; +claudebot@anthropic.com)"
74.7.241.28 - - [20/Mar/2026:12:01:11 +0000] "GET /buy.php?detail/13102283290525 HTTP/1.1" 200 152263 "https://inception-blue.com/buy.php?detail/13104219912283" "Mozilla/5.0 AppleWebKit/537.36 (KHTML, like Gecko; compatible; GPTBot/1.3; +https://openai.com/gptbot)"
216.73.216.36 - - [20/Mar/2026:12:01:15 +0000] "GET /product/138026129?dir=%2Fhome%2Finceptionblue%2Fpublic_html%2Fwp-includes%2Fcss&read=%2Fhome%2Finceptionblue%2Fpublic_html%2Fwp-includes%2Fcss%2Fadmin-bar.min.css HTTP/1.1" 200 141157 "-" "Mozilla/5.0 AppleWebKit/537.36 (KHTML, like Gecko; compatible; ClaudeBot/1.0; +claudebot@anthropic.com)"
74.7.241.28 - - [20/Mar/2026:12:01:15 +0000] "GET /buy.php?detail/12402127728828 HTTP/1.1" 200 152145 "https://inception-blue.com/buy.php?detail/12400424192608" "Mozilla/5.0 AppleWebKit/537.36 (KHTML, like Gecko; compatible; GPTBot/1.3; +https://openai.com/gptbot)"
216.73.216.36 - - [20/Mar/2026:12:01:18 +0000] "GET /product/229049998?dir=%2Fhome%2Finceptionblue%2Fpublic_html%2Fwp-admin&read=%2Fhome%2Finceptionblue%2Fpublic_html%2Fwp-admin%2Fedit-form-comment.php HTTP/1.1" 200 131039 "-" "Mozilla/5.0 AppleWebKit/537.36 (KHTML, like Gecko; compatible; ClaudeBot/1.0; +claudebot@anthropic.com)"
74.7.241.28 - - [20/Mar/2026:12:01:18 +0000] "GET /buy.php?detail/12402567756372 HTTP/1.1" 200 157150 "https://inception-blue.com/buy.php?detail/12400424192608" "Mozilla/5.0 AppleWebKit/537.36 (KHTML, like Gecko; compatible; GPTBot/1.3; +https://openai.com/gptbot)"
216.73.216.36 - - [20/Mar/2026:12:01:21 +0000] "GET /product/138010947?dir=%2Fhome%2Finceptionblue%2Fpublic_html%2Fwp-admin&read=%2Fhome%2Finceptionblue%2Fpublic_html%2Fwp-admin%2Fedit-comments.php HTTP/1.1" 200 136051 "-" "Mozilla/5.0 AppleWebKit/537.36 (KHTML, like Gecko; compatible; ClaudeBot/1.0; +claudebot@anthropic.com)"
74.7.241.28 - - [20/Mar/2026:12:01:21 +0000] "GET /buy.php?detail/28602192333697 HTTP/1.1" 200 153189 "https://inception-blue.com/buy.php?detail/07200488040880" "Mozilla/5.0 AppleWebKit/537.36 (KHTML, like Gecko; compatible; GPTBot/1.3; +https://openai.com/gptbot)"
216.73.216.36 - - [20/Mar/2026:12:01:24 +0000] "GET /product/138026129?dir=%2Fhome%2Finceptionblue%2Fpublic_html%2Fwp-admin%2Fcss&read=%2Fhome%2Finceptionblue%2Fpublic_html%2Fwp-admin%2Fcss%2Frevisions.css HTTP/1.1" 200 130915 "-" "Mozilla/5.0 AppleWebKit/537.36 (KHTML, like Gecko; compatible; ClaudeBot/1.0; +claudebot@anthropic.com)"
159.223.142.74 - - [20/Mar/2026:12:01:25 +0000] "POST /wp-cron.php?doing_wp_cron=1774008085.1097009181976318359375 HTTP/1.1" 403 185482 "-" "WordPress/6.9.4; https://inception-blue.com"
74.7.241.28 - - [20/Mar/2026:12:01:24 +0000] "GET /buy.php?detail/06800596356489 HTTP/1.1" 200 155258 "https://inception-blue.com/buy.php?detail/06803036032845" "Mozilla/5.0 AppleWebKit/537.36 (KHTML, like Gecko; compatible; GPTBot/1.3; +https://openai.com/gptbot)"
216.73.216.36 - - [20/Mar/2026:12:01:27 +0000] "GET /product/138026129?dir=%2Fhome%2Finceptionblue%2Fpublic_html%2Fwp-includes%2Fcss&read=%2Fhome%2Finceptionblue%2Fpublic_html%2Fwp-includes%2Fcss%2Fadmin-bar-rtl.css HTTP/1.1" 200 145774 "-" "Mozilla/5.0 AppleWebKit/537.36 (KHTML, like Gecko; compatible; ClaudeBot/1.0; +claudebot@anthropic.com)"
74.7.241.28 - - [20/Mar/2026:12:01:27 +0000] "GET /buy.php?detail/23703265800936 HTTP/1.1" 200 152245 "https://inception-blue.com/buy.php?detail/28301486692789" "Mozilla/5.0 AppleWebKit/537.36 (KHTML, like Gecko; compatible; GPTBot/1.3; +https://openai.com/gptbot)"
216.73.216.36 - - [20/Mar/2026:12:01:30 +0000] "GET /product/138010947?dir=%2Fhome%2Finceptionblue%2Fpublic_html%2Fwp-admin%2Fcss&read=%2Fhome%2Finceptionblue%2Fpublic_html%2Fwp-admin%2Fcss%2Fedit-rtl.min.css HTTP/1.1" 200 150677 "-" "Mozilla/5.0 AppleWebKit/537.36 (KHTML, like Gecko; compatible; ClaudeBot/1.0; +claudebot@anthropic.com)"
74.7.241.28 - - [20/Mar/2026:12:01:30 +0000] "GET /buy.php?goods/107046754 HTTP/1.1" 200 153617 "https://inception-blue.com/buy.php?jp/107042730.html" "Mozilla/5.0 AppleWebKit/537.36 (KHTML, like Gecko; compatible; GPTBot/1.3; +https://openai.com/gptbot)"
216.73.216.36 - - [20/Mar/2026:12:01:33 +0000] "GET /product/138026129?dir=%2Fhome%2Finceptionblue%2Fpublic_html%2Fwp-admin%2Fcss&read=%2Fhome%2Finceptionblue%2Fpublic_html%2Fwp-admin%2Fcss%2Fwidgets-rtl.min.css HTTP/1.1" 200 134513 "-" "Mozilla/5.0 AppleWebKit/537.36 (KHTML, like Gecko; compatible; ClaudeBot/1.0; +claudebot@anthropic.com)"
74.7.241.28 - - [20/Mar/2026:12:01:33 +0000] "GET /buy.php?detail/27202427115824 HTTP/1.1" 200 158267 "https://inception-blue.com/buy.php?detail/27201773735116" "Mozilla/5.0 AppleWebKit/537.36 (KHTML, like Gecko; compatible; GPTBot/1.3; +https://openai.com/gptbot)"
216.73.216.36 - - [20/Mar/2026:12:01:36 +0000] "GET /product/229049998?dir=%2Fhome%2Finceptionblue%2Fpublic_html%2Fwp-admin%2Fincludes&read=%2Fhome%2Finceptionblue%2Fpublic_html%2Fwp-admin%2Fincludes%2Fclass-wp-screen.php HTTP/1.1" 200 159790 "-" "Mozilla/5.0 AppleWebKit/537.36 (KHTML, like Gecko; compatible; ClaudeBot/1.0; +claudebot@anthropic.com)"
74.7.241.28 - - [20/Mar/2026:12:01:37 +0000] "GET /buy.php?m39181340597 HTTP/1.1" 200 158568 "https://inception-blue.com/buy.php?detail/24802901269294" "Mozilla/5.0 AppleWebKit/537.36 (KHTML, like Gecko; compatible; GPTBot/1.3; +https://openai.com/gptbot)"
216.73.216.36 - - [20/Mar/2026:12:01:39 +0000] "GET /product/138026129?dir=%2Fhome%2Finceptionblue%2Fpublic_html%2Fwp-includes%2Fcss&read=%2Fhome%2Finceptionblue%2Fpublic_html%2Fwp-includes%2Fcss%2Feditor-rtl.css HTTP/1.1" 200 154544 "-" "Mozilla/5.0 AppleWebKit/537.36 (KHTML, like Gecko; compatible; ClaudeBot/1.0; +claudebot@anthropic.com)"
74.7.241.28 - - [20/Mar/2026:12:01:40 +0000] "GET /buy.php?detail/10704686048988 HTTP/1.1" 200 153727 "https://inception-blue.com/buy.php?jp/107042730.html" "Mozilla/5.0 AppleWebKit/537.36 (KHTML, like Gecko; compatible; GPTBot/1.3; +https://openai.com/gptbot)"
216.73.216.36 - - [20/Mar/2026:12:01:42 +0000] "GET /product/138026129?dir=%2Fhome%2Finceptionblue%2Ftmp%2Fawstats HTTP/1.1" 200 164899 "-" "Mozilla/5.0 AppleWebKit/537.36 (KHTML, like Gecko; compatible; ClaudeBot/1.0; +claudebot@anthropic.com)"
216.73.216.36 - - [20/Mar/2026:12:01:45 +0000] "GET /product/138010947?dir=%2Fhome%2Finceptionblue%2Fpublic_html%2Fwp-admin%2Fcss&read=%2Fhome%2Finceptionblue%2Fpublic_html%2Fwp-admin%2Fcss%2Fcommon.min.css HTTP/1.1" 200 179993 "-" "Mozilla/5.0 AppleWebKit/537.36 (KHTML, like Gecko; compatible; ClaudeBot/1.0; +claudebot@anthropic.com)"
74.7.241.28 - - [20/Mar/2026:12:01:43 +0000] "GET /buy.php?detail/08501770896087 HTTP/1.1" 200 159819 "https://inception-blue.com/buy.php?detail/08501045300458" "Mozilla/5.0 AppleWebKit/537.36 (KHTML, like Gecko; compatible; GPTBot/1.3; +https://openai.com/gptbot)"
74.7.241.28 - - [20/Mar/2026:12:01:46 +0000] "GET /buy.php?detail/15103315234971 HTTP/1.1" 200 154940 "https://inception-blue.com/buy.php?detail/24802901269294" "Mozilla/5.0 AppleWebKit/537.36 (KHTML, like Gecko; compatible; GPTBot/1.3; +https://openai.com/gptbot)"
216.73.216.36 - - [20/Mar/2026:12:01:48 +0000] "GET /product/138026129?dir=%2Fhome%2Finceptionblue%2Fpublic_html%2Fwp-includes%2Fcss&read=%2Fhome%2Finceptionblue%2Fpublic_html%2Fwp-includes%2Fcss%2Fcustomize-preview-rtl.css HTTP/1.1" 200 123743 "-" "Mozilla/5.0 AppleWebKit/537.36 (KHTML, like Gecko; compatible; ClaudeBot/1.0; +claudebot@anthropic.com)"
74.7.241.28 - - [20/Mar/2026:12:01:49 +0000] "GET /buy.php?detail/02204260435304 HTTP/1.1" 200 157118 "https://inception-blue.com/buy.php?detail/12402127728828" "Mozilla/5.0 AppleWebKit/537.36 (KHTML, like Gecko; compatible; GPTBot/1.3; +https://openai.com/gptbot)"
216.73.216.36 - - [20/Mar/2026:12:01:51 +0000] "GET /product/138010947?dir=%2Fhome%2Finceptionblue%2Fpublic_html%2Fwp-admin%2Fcss&read=%2Fhome%2Finceptionblue%2Fpublic_html%2Fwp-admin%2Fcss%2Fwidgets-rtl.css HTTP/1.1" 200 137813 "-" "Mozilla/5.0 AppleWebKit/537.36 (KHTML, like Gecko; compatible; ClaudeBot/1.0; +claudebot@anthropic.com)"
216.73.216.36 - - [20/Mar/2026:12:01:54 +0000] "GET /product/138010947?dir=%2Fhome%2Finceptionblue%2Fpublic_html%2Fwp-admin%2Fcss&read=%2Fhome%2Finceptionblue%2Fpublic_html%2Fwp-admin%2Fcss%2Fwidgets.min.css HTTP/1.1" 200 134503 "-" "Mozilla/5.0 AppleWebKit/537.36 (KHTML, like Gecko; compatible; ClaudeBot/1.0; +claudebot@anthropic.com)"
74.7.241.28 - - [20/Mar/2026:12:01:52 +0000] "GET /buy.php?detail/18301644230939 HTTP/1.1" 200 154445 "https://inception-blue.com/buy.php?detail/12402127728828" "Mozilla/5.0 AppleWebKit/537.36 (KHTML, like Gecko; compatible; GPTBot/1.3; +https://openai.com/gptbot)"
66.249.77.8 - - [20/Mar/2026:12:01:56 +0000] "GET /e-hakaru-m1ds2k-vibra-y147548 HTTP/1.1" 200 377498 "-" "Mozilla/5.0 (Linux; Android 6.0.1; Nexus 5X Build/MMB29P) AppleWebKit/537.36 (KHTML, like Gecko) Chrome/145.0.7632.159 Mobile Safari/537.36 (compatible; GoogleOther)"
216.73.216.36 - - [20/Mar/2026:12:01:57 +0000] "GET /product/138026129?dir=%2Fhome%2Finceptionblue%2Fpublic_html%2Fwp-includes%2Fcss&read=%2Fhome%2Finceptionblue%2Fpublic_html%2Fwp-includes%2Fcss%2Fcustomize-preview.min.css HTTP/1.1" 200 122944 "-" "Mozilla/5.0 AppleWebKit/537.36 (KHTML, like Gecko; compatible; ClaudeBot/1.0; +claudebot@anthropic.com)"
74.7.241.28 - - [20/Mar/2026:12:01:55 +0000] "GET /buy.php?detail/29002614724059 HTTP/1.1" 200 149679 "https://inception-blue.com/buy.php?detail/13104219912283" "Mozilla/5.0 AppleWebKit/537.36 (KHTML, like Gecko; compatible; GPTBot/1.3; +https://openai.com/gptbot)"
54.39.6.104 - - [20/Mar/2026:12:01:57 +0000] "GET /shopbrand/3940736087.htm HTTP/1.1" 200 185482 "-" "Mozilla/5.0 (compatible; AhrefsBot/7.0; +http://ahrefs.com/robot/)"
66.249.77.9 - - [20/Mar/2026:12:02:00 +0000] "GET /?t=qnx287vf49709bykwqsek HTTP/1.1" 200 380191 "-" "Mozilla/5.0 (Linux; Android 6.0.1; Nexus 5X Build/MMB29P) AppleWebKit/537.36 (KHTML, like Gecko) Chrome/145.0.7632.159 Mobile Safari/537.36 (compatible; GoogleOther)"
74.7.241.28 - - [20/Mar/2026:12:01:58 +0000] "GET /buy.php?detail/14000621806863 HTTP/1.1" 200 151959 "https://inception-blue.com/buy.php?detail/06800596356489" "Mozilla/5.0 AppleWebKit/537.36 (KHTML, like Gecko; compatible; GPTBot/1.3; +https://openai.com/gptbot)"
216.73.216.36 - - [20/Mar/2026:12:02:00 +0000] "GET /product/229049998?dir=%2Fhome%2Finceptionblue%2Fpublic_html%2Fwp-admin%2Fcss&read=%2Fhome%2Finceptionblue%2Fpublic_html%2Fwp-admin%2Fcss%2Frevisions.css HTTP/1.1" 200 130915 "-" "Mozilla/5.0 AppleWebKit/537.36 (KHTML, like Gecko; compatible; ClaudeBot/1.0; +claudebot@anthropic.com)"
66.249.77.9 - - [20/Mar/2026:12:02:03 +0000] "GET /?z=ishe246qwn38582rgciaemwio HTTP/1.1" 200 395263 "-" "Mozilla/5.0 (Linux; Android 6.0.1; Nexus 5X Build/MMB29P) AppleWebKit/537.36 (KHTML, like Gecko) Chrome/145.0.7632.159 Mobile Safari/537.36 (compatible; GoogleOther)"
216.73.216.36 - - [20/Mar/2026:12:02:03 +0000] "GET /product/229049998?dir=%2Fhome%2Finceptionblue%2Fpublic_html%2Fwp-admin%2Fcss&read=%2Fhome%2Finceptionblue%2Fpublic_html%2Fwp-admin%2Fcss%2Fwidgets-rtl.min.css HTTP/1.1" 200 134513 "-" "Mozilla/5.0 AppleWebKit/537.36 (KHTML, like Gecko; compatible; ClaudeBot/1.0; +claudebot@anthropic.com)"
74.7.241.28 - - [20/Mar/2026:12:02:02 +0000] "GET /buy.php?detail/2370128239098 HTTP/1.1" 200 152258 "https://inception-blue.com/buy.php?detail/23703265800936" "Mozilla/5.0 AppleWebKit/537.36 (KHTML, like Gecko; compatible; GPTBot/1.3; +https://openai.com/gptbot)"
216.73.216.36 - - [20/Mar/2026:12:02:06 +0000] "GET /product/138026129?dir=%2Fhome%2Finceptionblue%2Fpublic_html%2Fwp-content%2Fuploads%2Fastra HTTP/1.1" 200 126983 "-" "Mozilla/5.0 AppleWebKit/537.36 (KHTML, like Gecko; compatible; ClaudeBot/1.0; +claudebot@anthropic.com)"
217.216.89.72 - - [20/Mar/2026:12:02:06 +0000] "GET /wp-login.php HTTP/1.1" 200 84587 "-" "Mozilla/5.0 (Windows NT 6.3; WOW64) AppleWebKit/537.36 (KHTML, like Gecko) Chrome/66.0.3359.139 Safari/537.36"
74.7.241.28 - - [20/Mar/2026:12:02:05 +0000] "GET /buy.php?detail/06800191610152 HTTP/1.1" 200 154017 "https://inception-blue.com/buy.php?detail/06800596356489" "Mozilla/5.0 AppleWebKit/537.36 (KHTML, like Gecko; compatible; GPTBot/1.3; +https://openai.com/gptbot)"
217.216.89.72 - - [20/Mar/2026:12:02:08 +0000] "POST /wp-login.php HTTP/1.1" 200 84899 "https://inception-blue.com/wp-login.php" "Mozilla/5.0 (Windows NT 6.3; WOW64) AppleWebKit/537.36 (KHTML, like Gecko) Chrome/66.0.3359.139 Safari/537.36"
66.249.77.7 - - [20/Mar/2026:12:02:09 +0000] "GET /rcmdin-hg-mb-5164s3301-1 HTTP/1.1" 200 407252 "-" "Mozilla/5.0 (Linux; Android 6.0.1; Nexus 5X Build/MMB29P) AppleWebKit/537.36 (KHTML, like Gecko) Chrome/145.0.7632.159 Mobile Safari/537.36 (compatible; GoogleOther)"
216.73.216.36 - - [20/Mar/2026:12:02:09 +0000] "GET /product/229049998?dir=%2Fhome%2Finceptionblue%2Fpublic_html%2Fwp-admin%2Fincludes&read=%2Fhome%2Finceptionblue%2Fpublic_html%2Fwp-admin%2Fincludes%2Ftheme-install.php HTTP/1.1" 200 128167 "-" "Mozilla/5.0 AppleWebKit/537.36 (KHTML, like Gecko; compatible; ClaudeBot/1.0; +claudebot@anthropic.com)"
74.7.241.28 - - [20/Mar/2026:12:02:08 +0000] "GET /buy.php?detail/10701166107242 HTTP/1.1" 200 154572 "https://inception-blue.com/buy.php?goods/107046754" "Mozilla/5.0 AppleWebKit/537.36 (KHTML, like Gecko; compatible; GPTBot/1.3; +https://openai.com/gptbot)"
216.73.216.36 - - [20/Mar/2026:12:02:12 +0000] "GET /product/138026129?dir=%2Fhome%2Finceptionblue%2Fpublic_html%2Fwp-includes%2Fcss&read=%2Fhome%2Finceptionblue%2Fpublic_html%2Fwp-includes%2Fcss%2Fwp-embed-template.min.css HTTP/1.1" 200 127096 "-" "Mozilla/5.0 AppleWebKit/537.36 (KHTML, like Gecko; compatible; ClaudeBot/1.0; +claudebot@anthropic.com)"
74.7.241.28 - - [20/Mar/2026:12:02:11 +0000] "GET /buy.php?shopbrand/discuss/247039401.htm HTTP/1.1" 200 163386 "https://inception-blue.com/buy.php?m39181340597" "Mozilla/5.0 AppleWebKit/537.36 (KHTML, like Gecko; compatible; GPTBot/1.3; +https://openai.com/gptbot)"
216.73.216.36 - - [20/Mar/2026:12:02:15 +0000] "GET /product/229049998?dir=%2Fhome%2Finceptionblue%2Fpublic_html%2Fwp-admin%2Fincludes&read=%2Fhome%2Finceptionblue%2Fpublic_html%2Fwp-admin%2Fincludes%2Fwidgets.php HTTP/1.1" 200 132466 "-" "Mozilla/5.0 AppleWebKit/537.36 (KHTML, like Gecko; compatible; ClaudeBot/1.0; +claudebot@anthropic.com)"
74.7.241.28 - - [20/Mar/2026:12:02:14 +0000] "GET /buy.php?detail/01603739119119 HTTP/1.1" 200 146455 "https://inception-blue.com/buy.php?detail/06800596356489" "Mozilla/5.0 AppleWebKit/537.36 (KHTML, like Gecko; compatible; GPTBot/1.3; +https://openai.com/gptbot)"
66.249.77.7 - - [20/Mar/2026:12:02:17 +0000] "GET /?jp/172034931.html HTTP/1.1" 200 394277 "-" "Mozilla/5.0 (Linux; Android 6.0.1; Nexus 5X Build/MMB29P) AppleWebKit/537.36 (KHTML, like Gecko) Chrome/145.0.7632.159 Mobile Safari/537.36 (compatible; Googlebot/2.1; +http://www.google.com/bot.html)"
216.73.216.36 - - [20/Mar/2026:12:02:18 +0000] "GET /product/138026129?dir=%2Fhome%2Finceptionblue%2Fpublic_html%2Fwp-admin%2Fcss&read=%2Fhome%2Finceptionblue%2Fpublic_html%2Fwp-admin%2Fcss%2Fcustomize-widgets-rtl.min.css HTTP/1.1" 200 131121 "-" "Mozilla/5.0 AppleWebKit/537.36 (KHTML, like Gecko; compatible; ClaudeBot/1.0; +claudebot@anthropic.com)"
74.7.241.28 - - [20/Mar/2026:12:02:17 +0000] "GET /buy.php?detail/27202452159412 HTTP/1.1" 200 153530 "https://inception-blue.com/buy.php?detail/27202427115824" "Mozilla/5.0 AppleWebKit/537.36 (KHTML, like Gecko; compatible; GPTBot/1.3; +https://openai.com/gptbot)"
66.249.77.7 - - [20/Mar/2026:12:02:21 +0000] "GET /?t=qnx287vf49709bykwqsek HTTP/1.1" 200 380191 "-" "Mozilla/5.0 (Linux; Android 6.0.1; Nexus 5X Build/MMB29P) AppleWebKit/537.36 (KHTML, like Gecko) Chrome/145.0.7632.159 Mobile Safari/537.36 (compatible; Googlebot/2.1; +http://www.google.com/bot.html)"
216.73.216.36 - - [20/Mar/2026:12:02:21 +0000] "GET /product/229049998?dir=%2Fhome%2Finceptionblue%2Fpublic_html%2Fwp-admin%2Fincludes&read=%2Fhome%2Finceptionblue%2Fpublic_html%2Fwp-admin%2Fincludes%2Fnetwork.php HTTP/1.1" 200 150892 "-" "Mozilla/5.0 AppleWebKit/537.36 (KHTML, like Gecko; compatible; ClaudeBot/1.0; +claudebot@anthropic.com)"
74.7.241.28 - - [20/Mar/2026:12:02:20 +0000] "GET /buy.php?detail/06800188454074 HTTP/1.1" 200 161265 "https://inception-blue.com/buy.php?detail/06800596356489" "Mozilla/5.0 AppleWebKit/537.36 (KHTML, like Gecko; compatible; GPTBot/1.3; +https://openai.com/gptbot)"
216.73.216.36 - - [20/Mar/2026:12:02:24 +0000] "GET /product/229049998?dir=%2Fhome%2Finceptionblue%2Fpublic_html%2Fwp-admin%2Fincludes&read=%2Fhome%2Finceptionblue%2Fpublic_html%2Fwp-admin%2Fincludes%2Fmisc.php HTTP/1.1" 200 167926 "-" "Mozilla/5.0 AppleWebKit/537.36 (KHTML, like Gecko; compatible; ClaudeBot/1.0; +claudebot@anthropic.com)"
159.223.142.74 - - [20/Mar/2026:12:02:25 +0000] "POST /wp-cron.php?doing_wp_cron=1774008145.2046289443969726562500 HTTP/1.1" 403 185482 "-" "WordPress/6.9.4; https://inception-blue.com"
74.7.241.28 - - [20/Mar/2026:12:02:24 +0000] "GET /buy.php?detail/06800188228948 HTTP/1.1" 200 171736 "https://inception-blue.com/buy.php?detail/06800596356489" "Mozilla/5.0 AppleWebKit/537.36 (KHTML, like Gecko; compatible; GPTBot/1.3; +https://openai.com/gptbot)"
216.73.216.36 - - [20/Mar/2026:12:02:27 +0000] "GET /product/229049998?dir=%2Fhome%2Finceptionblue%2Fpublic_html%2Fwp-admin%2Fincludes&read=%2Fhome%2Finceptionblue%2Fpublic_html%2Fwp-admin%2Fincludes%2Fcomment.php HTTP/1.1" 200 126480 "-" "Mozilla/5.0 AppleWebKit/537.36 (KHTML, like Gecko; compatible; ClaudeBot/1.0; +claudebot@anthropic.com)"
74.7.241.28 - - [20/Mar/2026:12:02:27 +0000] "GET /buy.php?detail/04201613939912 HTTP/1.1" 200 153087 "https://inception-blue.com/buy.php?detail/18301644230939" "Mozilla/5.0 AppleWebKit/537.36 (KHTML, like Gecko; compatible; GPTBot/1.3; +https://openai.com/gptbot)"
216.73.216.36 - - [20/Mar/2026:12:02:30 +0000] "GET /product/138026129?dir=%2Fhome%2Finceptionblue%2Fpublic_html%2Fwp-includes%2FSimplePie%2Fsrc&read=%2Fhome%2Finceptionblue%2Fpublic_html%2Fwp-includes%2FSimplePie%2Fsrc%2FCredit.php HTTP/1.1" 200 122310 "-" "Mozilla/5.0 AppleWebKit/537.36 (KHTML, like Gecko; compatible; ClaudeBot/1.0; +claudebot@anthropic.com)"
74.7.241.28 - - [20/Mar/2026:12:02:30 +0000] "GET /buy.php?detail/11101918990807 HTTP/1.1" 200 158864 "https://inception-blue.com/buy.php?detail/13102283290525" "Mozilla/5.0 AppleWebKit/537.36 (KHTML, like Gecko; compatible; GPTBot/1.3; +https://openai.com/gptbot)"
50.62.181.149 - - [20/Mar/2026:12:02:32 +0000] "GET /wp-login.php HTTP/1.1" 200 84586 "-" "Mozilla/5.0 (Windows NT 6.3; WOW64; Trident/7.0; TAJB; rv:11.0) like Gecko"
216.73.216.36 - - [20/Mar/2026:12:02:33 +0000] "GET /product/138010947?dir=%2Fhome%2Finceptionblue%2Fpublic_html%2Fwp-admin%2Fcss&read=%2Fhome%2Finceptionblue%2Fpublic_html%2Fwp-admin%2Fcss%2Fcustomize-widgets-rtl.css HTTP/1.1" 200 134941 "-" "Mozilla/5.0 AppleWebKit/537.36 (KHTML, like Gecko; compatible; ClaudeBot/1.0; +claudebot@anthropic.com)"
50.62.181.149 - - [20/Mar/2026:12:02:33 +0000] "POST /wp-login.php HTTP/1.1" 200 84898 "https://inception-blue.com/wp-login.php" "Mozilla/5.0 (Windows NT 6.3; WOW64; Trident/7.0; TAJB; rv:11.0) like Gecko"
74.7.241.28 - - [20/Mar/2026:12:02:33 +0000] "GET /buy.php?detail/26801972504097 HTTP/1.1" 200 159605 "https://inception-blue.com/buy.php?detail/14000621806863" "Mozilla/5.0 AppleWebKit/537.36 (KHTML, like Gecko; compatible; GPTBot/1.3; +https://openai.com/gptbot)"
74.7.241.28 - - [20/Mar/2026:12:02:36 +0000] "GET /buy.php?detail/23700039313551 HTTP/1.1" 200 153147 "https://inception-blue.com/buy.php?detail/2370128239098" "Mozilla/5.0 AppleWebKit/537.36 (KHTML, like Gecko; compatible; GPTBot/1.3; +https://openai.com/gptbot)"
216.73.216.36 - - [20/Mar/2026:12:02:39 +0000] "GET /product/229049998?dir=%2Fhome%2Finceptionblue%2Fpublic_html%2Fwp-admin%2Fcss&read=%2Fhome%2Finceptionblue%2Fpublic_html%2Fwp-admin%2Fcss%2Fmedia.min.css HTTP/1.1" 200 142165 "-" "Mozilla/5.0 AppleWebKit/537.36 (KHTML, like Gecko; compatible; ClaudeBot/1.0; +claudebot@anthropic.com)"
74.7.241.28 - - [20/Mar/2026:12:02:39 +0000] "GET /buy.php?detail/23700044963169 HTTP/1.1" 200 153684 "https://inception-blue.com/buy.php?detail/2370128239098" "Mozilla/5.0 AppleWebKit/537.36 (KHTML, like Gecko; compatible; GPTBot/1.3; +https://openai.com/gptbot)"
66.249.77.8 - - [20/Mar/2026:12:02:42 +0000] "GET /product/112023835 HTTP/1.1" 200 391483 "-" "Mozilla/5.0 (Linux; Android 6.0.1; Nexus 5X Build/MMB29P) AppleWebKit/537.36 (KHTML, like Gecko) Chrome/145.0.7632.159 Mobile Safari/537.36 (compatible; Googlebot/2.1; +http://www.google.com/bot.html)"
216.73.216.36 - - [20/Mar/2026:12:02:42 +0000] "GET /product/229049998?dir=%2Fhome%2Finceptionblue%2Fpublic_html%2Fwp-admin%2Fcss&read=%2Fhome%2Finceptionblue%2Fpublic_html%2Fwp-admin%2Fcss%2Fmedia-rtl.css HTTP/1.1" 200 147523 "-" "Mozilla/5.0 AppleWebKit/537.36 (KHTML, like Gecko; compatible; ClaudeBot/1.0; +claudebot@anthropic.com)"
74.7.241.28 - - [20/Mar/2026:12:02:42 +0000] "GET /buy.php?detail/26701776270164 HTTP/1.1" 200 160248 "https://inception-blue.com/buy.php?detail/10701166107242" "Mozilla/5.0 AppleWebKit/537.36 (KHTML, like Gecko; compatible; GPTBot/1.3; +https://openai.com/gptbot)"
216.73.216.36 - - [20/Mar/2026:12:02:45 +0000] "GET /product/229049998?dir=%2Fhome%2Finceptionblue%2Fpublic_html%2Fwp-admin&read=%2Fhome%2Finceptionblue%2Fpublic_html%2Fwp-admin%2Fimport.php HTTP/1.1" 200 128407 "-" "Mozilla/5.0 AppleWebKit/537.36 (KHTML, like Gecko; compatible; ClaudeBot/1.0; +claudebot@anthropic.com)"
74.7.241.28 - - [20/Mar/2026:12:02:45 +0000] "GET /buy.php?shopbrand/error/281001045.htm HTTP/1.1" 200 155976 "https://inception-blue.com/buy.php?shopbrand/discuss/247039401.htm" "Mozilla/5.0 AppleWebKit/537.36 (KHTML, like Gecko; compatible; GPTBot/1.3; +https://openai.com/gptbot)"
216.73.216.36 - - [20/Mar/2026:12:02:48 +0000] "GET /product/138010947?dir=%2Fhome%2Finceptionblue%2Fpublic_html%2Fwp-admin&read=%2Fhome%2Finceptionblue%2Fpublic_html%2Fwp-admin%2Fcustomize.php HTTP/1.1" 200 133011 "-" "Mozilla/5.0 AppleWebKit/537.36 (KHTML, like Gecko; compatible; ClaudeBot/1.0; +claudebot@anthropic.com)"
74.7.241.28 - - [20/Mar/2026:12:02:48 +0000] "GET /buy.php?detail/10303971523584 HTTP/1.1" 200 163418 "https://inception-blue.com/buy.php?detail/10704686048988" "Mozilla/5.0 AppleWebKit/537.36 (KHTML, like Gecko; compatible; GPTBot/1.3; +https://openai.com/gptbot)"
216.73.216.36 - - [20/Mar/2026:12:02:51 +0000] "GET /product/138010947?dir=%2Fhome%2Finceptionblue%2Fpublic_html%2Fwp-admin&read=%2Fhome%2Finceptionblue%2Fpublic_html%2Fwp-admin%2Fcomment.php HTTP/1.1" 200 132789 "-" "Mozilla/5.0 AppleWebKit/537.36 (KHTML, like Gecko; compatible; ClaudeBot/1.0; +claudebot@anthropic.com)"
74.7.241.28 - - [20/Mar/2026:12:02:51 +0000] "GET /buy.php?detail/28801477830097 HTTP/1.1" 200 162311 "https://inception-blue.com/buy.php?detail/01603739119119" "Mozilla/5.0 AppleWebKit/537.36 (KHTML, like Gecko; compatible; GPTBot/1.3; +https://openai.com/gptbot)"
216.73.216.36 - - [20/Mar/2026:12:02:54 +0000] "GET /product/138010947?dir=%2Fhome%2Finceptionblue%2Fpublic_html%2Fwp-admin&read=%2Fhome%2Finceptionblue%2Fpublic_html%2Fwp-admin%2Ftheme-install.php HTTP/1.1" 200 148477 "-" "Mozilla/5.0 AppleWebKit/537.36 (KHTML, like Gecko; compatible; ClaudeBot/1.0; +claudebot@anthropic.com)"
216.73.216.36 - - [20/Mar/2026:12:02:57 +0000] "GET /product/229049998?dir=%2Fhome%2Finceptionblue%2Fpublic_html%2Fwp-admin&read=%2Fhome%2Finceptionblue%2Fpublic_html%2Fwp-admin%2Fpost.php HTTP/1.1" 200 130470 "-" "Mozilla/5.0 AppleWebKit/537.36 (KHTML, like Gecko; compatible; ClaudeBot/1.0; +claudebot@anthropic.com)"
74.7.241.28 - - [20/Mar/2026:12:02:55 +0000] "GET /buy.php?073000940.htm HTTP/1.1" 200 169324 "https://inception-blue.com/buy.php?m39181340597" "Mozilla/5.0 AppleWebKit/537.36 (KHTML, like Gecko; compatible; GPTBot/1.3; +https://openai.com/gptbot)"
74.7.241.28 - - [20/Mar/2026:12:02:58 +0000] "GET /buy.php?goods/119036875 HTTP/1.1" 200 165016 "https://inception-blue.com/buy.php?detail/06800188228948" "Mozilla/5.0 AppleWebKit/537.36 (KHTML, like Gecko; compatible; GPTBot/1.3; +https://openai.com/gptbot)"
216.73.216.36 - - [20/Mar/2026:12:03:00 +0000] "GET /product/138026129?dir=%2Fhome%2Finceptionblue%2Fpublic_html%2Fwp-includes%2FSimplePie%2Flibrary&read=%2Fhome%2Finceptionblue%2Fpublic_html%2Fwp-includes%2FSimplePie%2Flibrary%2FSimplePie.php HTTP/1.1" 200 135548 "-" "Mozilla/5.0 AppleWebKit/537.36 (KHTML, like Gecko; compatible; ClaudeBot/1.0; +claudebot@anthropic.com)"
74.7.241.28 - - [20/Mar/2026:12:03:01 +0000] "GET /buy.php?detail/20600482685393 HTTP/1.1" 200 164371 "https://inception-blue.com/buy.php?detail/04201613939912" "Mozilla/5.0 AppleWebKit/537.36 (KHTML, like Gecko; compatible; GPTBot/1.3; +https://openai.com/gptbot)"
216.73.216.36 - - [20/Mar/2026:12:03:03 +0000] "GET /product/138026129?dir=%2Fhome%2Finceptionblue%2Fpublic_html%2Fwp-admin%2Fcss&read=%2Fhome%2Finceptionblue%2Fpublic_html%2Fwp-admin%2Fcss%2Fcustomize-nav-menus.min.css HTTP/1.1" 200 138628 "-" "Mozilla/5.0 AppleWebKit/537.36 (KHTML, like Gecko; compatible; ClaudeBot/1.0; +claudebot@anthropic.com)"
216.73.216.36 - - [20/Mar/2026:12:03:06 +0000] "GET /product/138010947?dir=%2Fhome%2Finceptionblue%2Fpublic_html%2Fwp-admin&read=%2Fhome%2Finceptionblue%2Fpublic_html%2Fwp-admin%2Fexport-personal-data.php HTTP/1.1" 200 129195 "-" "Mozilla/5.0 AppleWebKit/537.36 (KHTML, like Gecko; compatible; ClaudeBot/1.0; +claudebot@anthropic.com)"
74.7.241.28 - - [20/Mar/2026:12:03:04 +0000] "GET /buy.php?detail/21104049078844 HTTP/1.1" 200 157419 "https://inception-blue.com/buy.php?detail/11101918990807" "Mozilla/5.0 AppleWebKit/537.36 (KHTML, like Gecko; compatible; GPTBot/1.3; +https://openai.com/gptbot)"
74.7.241.28 - - [20/Mar/2026:12:03:07 +0000] "GET /buy.php?detail/28000437675813 HTTP/1.1" 200 155203 "https://inception-blue.com/buy.php?detail/26801972504097" "Mozilla/5.0 AppleWebKit/537.36 (KHTML, like Gecko; compatible; GPTBot/1.3; +https://openai.com/gptbot)"
216.73.216.36 - - [20/Mar/2026:12:03:09 +0000] "GET /product/229049998?dir=%2Fhome%2Finceptionblue%2Fpublic_html%2Fwp-admin%2Fcss&read=%2Fhome%2Finceptionblue%2Fpublic_html%2Fwp-admin%2Fcss%2Fdeprecated-media.css HTTP/1.1" 200 126698 "-" "Mozilla/5.0 AppleWebKit/537.36 (KHTML, like Gecko; compatible; ClaudeBot/1.0; +claudebot@anthropic.com)"
74.7.241.28 - - [20/Mar/2026:12:03:10 +0000] "GET /buy.php?detail/17203394432414 HTTP/1.1" 200 150478 "https://inception-blue.com/buy.php?detail/26801972504097" "Mozilla/5.0 AppleWebKit/537.36 (KHTML, like Gecko; compatible; GPTBot/1.3; +https://openai.com/gptbot)"
216.73.216.36 - - [20/Mar/2026:12:03:12 +0000] "GET /product/138026129?dir=%2Fhome%2Finceptionblue%2Fpublic_html%2Fwp-includes%2FIXR&read=%2Fhome%2Finceptionblue%2Fpublic_html%2Fwp-includes%2FIXR%2Fclass-IXR-value.php HTTP/1.1" 200 124164 "-" "Mozilla/5.0 AppleWebKit/537.36 (KHTML, like Gecko; compatible; ClaudeBot/1.0; +claudebot@anthropic.com)"
216.73.216.36 - - [20/Mar/2026:12:03:15 +0000] "GET /product/229049998?dir=%2Fhome%2Finceptionblue%2Fpublic_html%2Fwp-admin&read=%2Fhome%2Finceptionblue%2Fpublic_html%2Fwp-admin%2Fms-edit.php HTTP/1.1" 200 120202 "-" "Mozilla/5.0 AppleWebKit/537.36 (KHTML, like Gecko; compatible; ClaudeBot/1.0; +claudebot@anthropic.com)"
74.7.241.28 - - [20/Mar/2026:12:03:14 +0000] "GET /buy.php?m51846077756 HTTP/1.1" 200 154454 "https://inception-blue.com/buy.php?detail/15103315234971" "Mozilla/5.0 AppleWebKit/537.36 (KHTML, like Gecko; compatible; GPTBot/1.3; +https://openai.com/gptbot)"
216.73.216.36 - - [20/Mar/2026:12:03:18 +0000] "GET /product/138026129?dir=%2Fhome%2Finceptionblue%2Ftmp%2Fpma_template_compiles_inceptionblue HTTP/1.1" 200 124991 "-" "Mozilla/5.0 AppleWebKit/537.36 (KHTML, like Gecko; compatible; ClaudeBot/1.0; +claudebot@anthropic.com)"
74.7.241.28 - - [20/Mar/2026:12:03:17 +0000] "GET /buy.php?detail/05302106240024 HTTP/1.1" 200 163716 "https://inception-blue.com/buy.php?detail/26701776270164" "Mozilla/5.0 AppleWebKit/537.36 (KHTML, like Gecko; compatible; GPTBot/1.3; +https://openai.com/gptbot)"
216.73.216.36 - - [20/Mar/2026:12:03:21 +0000] "GET /product/138026129?dir=%2Fhome%2Finceptionblue%2Fpublic_html%2Fwp-includes%2Fblock-patterns&read=%2Fhome%2Finceptionblue%2Fpublic_html%2Fwp-includes%2Fblock-patterns%2F.htaccess HTTP/1.1" 200 120362 "-" "Mozilla/5.0 AppleWebKit/537.36 (KHTML, like Gecko; compatible; ClaudeBot/1.0; +claudebot@anthropic.com)"
74.7.241.28 - - [20/Mar/2026:12:03:20 +0000] "GET /buy.php?detail/26700251264976 HTTP/1.1" 200 158163 "https://inception-blue.com/buy.php?detail/26701776270164" "Mozilla/5.0 AppleWebKit/537.36 (KHTML, like Gecko; compatible; GPTBot/1.3; +https://openai.com/gptbot)"
216.73.216.36 - - [20/Mar/2026:12:03:24 +0000] "GET /product/138026129?dir=%2Fhome%2Finceptionblue%2Fpublic_html%2Fwp-includes%2Fassets HTTP/1.1" 200 143247 "-" "Mozilla/5.0 AppleWebKit/537.36 (KHTML, like Gecko; compatible; ClaudeBot/1.0; +claudebot@anthropic.com)"
74.7.241.28 - - [20/Mar/2026:12:03:23 +0000] "GET /buy.php?detail/01603174402206 HTTP/1.1" 200 154417 "https://inception-blue.com/buy.php?detail/10303971523584" "Mozilla/5.0 AppleWebKit/537.36 (KHTML, like Gecko; compatible; GPTBot/1.3; +https://openai.com/gptbot)"
74.7.241.28 - - [20/Mar/2026:12:03:26 +0000] "GET /buy.php?detail/26800552446223 HTTP/1.1" 200 163863 "https://inception-blue.com/buy.php?detail/28801477830097" "Mozilla/5.0 AppleWebKit/537.36 (KHTML, like Gecko; compatible; GPTBot/1.3; +https://openai.com/gptbot)"
216.73.216.36 - - [20/Mar/2026:12:03:27 +0000] "GET /product/138026129?dir=%2Fhome%2Finceptionblue%2Fpublic_html%2Fwp-includes&read=%2Fhome%2Finceptionblue%2Fpublic_html%2Fwp-includes%2Fclass-wp-user.php HTTP/1.1" 200 143666 "-" "Mozilla/5.0 AppleWebKit/537.36 (KHTML, like Gecko; compatible; ClaudeBot/1.0; +claudebot@anthropic.com)"
159.223.142.74 - - [20/Mar/2026:12:03:28 +0000] "POST /wp-cron.php?doing_wp_cron=1774008208.2825870513916015625000 HTTP/1.1" 403 185482 "-" "WordPress/6.9.4; https://inception-blue.com"
216.73.216.36 - - [20/Mar/2026:12:03:30 +0000] "GET /product/138010947?dir=%2Fhome%2Finceptionblue%2Fpublic_html%2Fwp-admin%2Fcss&read=%2Fhome%2Finceptionblue%2Fpublic_html%2Fwp-admin%2Fcss%2Fcustomize-nav-menus.css HTTP/1.1" 200 142635 "-" "Mozilla/5.0 AppleWebKit/537.36 (KHTML, like Gecko; compatible; ClaudeBot/1.0; +claudebot@anthropic.com)"
74.7.241.28 - - [20/Mar/2026:12:03:30 +0000] "GET /buy.php?073000912.htm HTTP/1.1" 200 158757 "https://inception-blue.com/buy.php?m39181340597" "Mozilla/5.0 AppleWebKit/537.36 (KHTML, like Gecko; compatible; GPTBot/1.3; +https://openai.com/gptbot)"
216.73.216.36 - - [20/Mar/2026:12:03:33 +0000] "GET /product/229049998?dir=%2Fhome%2Finceptionblue%2Fpublic_html%2Fwp-admin&read=%2Fhome%2Finceptionblue%2Fpublic_html%2Fwp-admin%2Fsite-editor.php HTTP/1.1" 200 132825 "-" "Mozilla/5.0 AppleWebKit/537.36 (KHTML, like Gecko; compatible; ClaudeBot/1.0; +claudebot@anthropic.com)"
74.7.241.28 - - [20/Mar/2026:12:03:33 +0000] "GET /buy.php?detail/11900346866666 HTTP/1.1" 200 155220 "https://inception-blue.com/buy.php?goods/119036875" "Mozilla/5.0 AppleWebKit/537.36 (KHTML, like Gecko; compatible; GPTBot/1.3; +https://openai.com/gptbot)"
216.73.216.36 - - [20/Mar/2026:12:03:36 +0000] "GET /product/138026129?dir=%2Fhome%2Finceptionblue%2Fpublic_html%2Fwp-includes%2Fcss&read=%2Fhome%2Finceptionblue%2Fpublic_html%2Fwp-includes%2Fcss%2Fdashicons.css HTTP/1.1" 200 185956 "-" "Mozilla/5.0 AppleWebKit/537.36 (KHTML, like Gecko; compatible; ClaudeBot/1.0; +claudebot@anthropic.com)"
74.7.241.28 - - [20/Mar/2026:12:03:36 +0000] "GET /buy.php?detail/206017961708 HTTP/1.1" 200 155938 "https://inception-blue.com/buy.php?detail/20600482685393" "Mozilla/5.0 AppleWebKit/537.36 (KHTML, like Gecko; compatible; GPTBot/1.3; +https://openai.com/gptbot)"
216.73.216.36 - - [20/Mar/2026:12:03:39 +0000] "GET /product/138010947?dir=%2Fhome%2Finceptionblue%2Fpublic_html%2Fwp-admin&read=%2Fhome%2Finceptionblue%2Fpublic_html%2Fwp-admin%2Fusers.php HTTP/1.1" 200 146160 "-" "Mozilla/5.0 AppleWebKit/537.36 (KHTML, like Gecko; compatible; ClaudeBot/1.0; +claudebot@anthropic.com)"
74.7.241.28 - - [20/Mar/2026:12:03:39 +0000] "GET /buy.php?detail/21101324821454 HTTP/1.1" 200 155056 "https://inception-blue.com/buy.php?detail/21104049078844" "Mozilla/5.0 AppleWebKit/537.36 (KHTML, like Gecko; compatible; GPTBot/1.3; +https://openai.com/gptbot)"
216.73.216.36 - - [20/Mar/2026:12:03:42 +0000] "GET /product/229049998?dir=%2Fhome%2Finceptionblue%2Fpublic_html%2Fwp-admin%2Fcss&read=%2Fhome%2Finceptionblue%2Fpublic_html%2Fwp-admin%2Fcss%2Fcustomize-nav-menus.min.css HTTP/1.1" 200 138628 "-" "Mozilla/5.0 AppleWebKit/537.36 (KHTML, like Gecko; compatible; ClaudeBot/1.0; +claudebot@anthropic.com)"
74.7.241.28 - - [20/Mar/2026:12:03:42 +0000] "GET /buy.php?detail/28000709082643 HTTP/1.1" 200 156472 "https://inception-blue.com/buy.php?detail/28000437675813" "Mozilla/5.0 AppleWebKit/537.36 (KHTML, like Gecko; compatible; GPTBot/1.3; +https://openai.com/gptbot)"
216.73.216.36 - - [20/Mar/2026:12:03:45 +0000] "GET /product/138026129?dir=%2Fhome%2Finceptionblue%2Fpublic_html%2Fwp-admin&read=%2Fhome%2Finceptionblue%2Fpublic_html%2Fwp-admin%2Fmenu.php HTTP/1.1" 200 138399 "-" "Mozilla/5.0 AppleWebKit/537.36 (KHTML, like Gecko; compatible; ClaudeBot/1.0; +claudebot@anthropic.com)"
74.7.241.28 - - [20/Mar/2026:12:03:46 +0000] "GET /buy.php?detail/21000055192528 HTTP/1.1" 200 149415 "https://inception-blue.com/buy.php?detail/28000437675813" "Mozilla/5.0 AppleWebKit/537.36 (KHTML, like Gecko; compatible; GPTBot/1.3; +https://openai.com/gptbot)"
216.73.216.36 - - [20/Mar/2026:12:03:48 +0000] "GET /product/138010947?dir=%2Fhome%2Finceptionblue%2Fpublic_html%2Fwp-admin%2Fmaint HTTP/1.1" 200 126663 "-" "Mozilla/5.0 AppleWebKit/537.36 (KHTML, like Gecko; compatible; ClaudeBot/1.0; +claudebot@anthropic.com)"
74.7.241.28 - - [20/Mar/2026:12:03:49 +0000] "GET /buy.php?detail/02303094192750 HTTP/1.1" 200 156451 "https://inception-blue.com/buy.php?detail/17203394432414" "Mozilla/5.0 AppleWebKit/537.36 (KHTML, like Gecko; compatible; GPTBot/1.3; +https://openai.com/gptbot)"
216.73.216.36 - - [20/Mar/2026:12:03:51 +0000] "GET /product/138026129?dir=%2Fhome%2Finceptionblue%2Fpublic_html%2Fwp-admin&read=%2Fhome%2Finceptionblue%2Fpublic_html%2Fwp-admin%2Fwidgets-form.php HTTP/1.1" 200 142293 "-" "Mozilla/5.0 AppleWebKit/537.36 (KHTML, like Gecko; compatible; ClaudeBot/1.0; +claudebot@anthropic.com)"
74.7.241.28 - - [20/Mar/2026:12:03:52 +0000] "GET /buy.php?goods/069020863 HTTP/1.1" 200 161102 "https://inception-blue.com/buy.php?detail/05302106240024" "Mozilla/5.0 AppleWebKit/537.36 (KHTML, like Gecko; compatible; GPTBot/1.3; +https://openai.com/gptbot)"
216.73.216.36 - - [20/Mar/2026:12:03:54 +0000] "GET /product/138026129?dir=%2Fhome%2Finceptionblue%2Fpublic_html%2Fwp-includes&read=%2Fhome%2Finceptionblue%2Fpublic_html%2Fwp-includes%2Fsession.php HTTP/1.1" 200 120265 "-" "Mozilla/5.0 AppleWebKit/537.36 (KHTML, like Gecko; compatible; ClaudeBot/1.0; +claudebot@anthropic.com)"
74.7.241.28 - - [20/Mar/2026:12:03:55 +0000] "GET /buy.php?detail/22301517711229 HTTP/1.1" 200 152161 "https://inception-blue.com/buy.php?detail/26700251264976" "Mozilla/5.0 AppleWebKit/537.36 (KHTML, like Gecko; compatible; GPTBot/1.3; +https://openai.com/gptbot)"
216.73.216.36 - - [20/Mar/2026:12:03:57 +0000] "GET /product/138026129?dir=%2Fhome%2Finceptionblue%2Fpublic_html%2Fwp-includes&read=%2Fhome%2Finceptionblue%2Fpublic_html%2Fwp-includes%2Ftheme-previews.php HTTP/1.1" 200 122974 "-" "Mozilla/5.0 AppleWebKit/537.36 (KHTML, like Gecko; compatible; ClaudeBot/1.0; +claudebot@anthropic.com)"
74.7.241.28 - - [20/Mar/2026:12:03:58 +0000] "GET /buy.php?detail/26700516920657 HTTP/1.1" 200 155672 "https://inception-blue.com/buy.php?detail/26700251264976" "Mozilla/5.0 AppleWebKit/537.36 (KHTML, like Gecko; compatible; GPTBot/1.3; +https://openai.com/gptbot)"
216.73.216.36 - - [20/Mar/2026:12:04:00 +0000] "GET /product/138026129?dir=%2Fhome%2Finceptionblue%2Fpublic_html%2Fwp-includes&read=%2Fhome%2Finceptionblue%2Fpublic_html%2Fwp-includes%2Fclass-wp.php HTTP/1.1" 200 147210 "-" "Mozilla/5.0 AppleWebKit/537.36 (KHTML, like Gecko; compatible; ClaudeBot/1.0; +claudebot@anthropic.com)"
216.73.216.36 - - [20/Mar/2026:12:04:03 +0000] "GET /product/229049998?dir=%2Fhome%2Finceptionblue%2Fpublic_html%2Fwp-admin&read=%2Fhome%2Finceptionblue%2Fpublic_html%2Fwp-admin%2Fcustom-background.php HTTP/1.1" 200 120495 "-" "Mozilla/5.0 AppleWebKit/537.36 (KHTML, like Gecko; compatible; ClaudeBot/1.0; +claudebot@anthropic.com)"
74.7.241.28 - - [20/Mar/2026:12:04:01 +0000] "GET /buy.php?detail/22502676942929 HTTP/1.1" 200 153036 "https://inception-blue.com/buy.php?detail/26800552446223" "Mozilla/5.0 AppleWebKit/537.36 (KHTML, like Gecko; compatible; GPTBot/1.3; +https://openai.com/gptbot)"
216.73.216.36 - - [20/Mar/2026:12:04:06 +0000] "GET /product/138026129?dir=%2Fhome%2Finceptionblue%2Fpublic_html%2Fwp-admin%2Fcss&read=%2Fhome%2Finceptionblue%2Fpublic_html%2Fwp-admin%2Fcss%2Ffarbtastic-rtl.min.css HTTP/1.1" 200 120585 "-" "Mozilla/5.0 AppleWebKit/537.36 (KHTML, like Gecko; compatible; ClaudeBot/1.0; +claudebot@anthropic.com)"
74.7.241.28 - - [20/Mar/2026:12:04:04 +0000] "GET /buy.php?detail/05301784414774 HTTP/1.1" 200 157270 "https://inception-blue.com/buy.php?detail/05302106240024" "Mozilla/5.0 AppleWebKit/537.36 (KHTML, like Gecko; compatible; GPTBot/1.3; +https://openai.com/gptbot)"
74.7.241.28 - - [20/Mar/2026:12:04:07 +0000] "GET /buy.php?detail/13103465048282 HTTP/1.1" 200 153034 "https://inception-blue.com/buy.php?detail/11900346866666" "Mozilla/5.0 AppleWebKit/537.36 (KHTML, like Gecko; compatible; GPTBot/1.3; +https://openai.com/gptbot)"
216.73.216.36 - - [20/Mar/2026:12:04:10 +0000] "GET /product/229049998?dir=%2Fhome%2Finceptionblue%2Fpublic_html%2Fwp-admin%2Fcss&read=%2Fhome%2Finceptionblue%2Fpublic_html%2Fwp-admin%2Fcss%2Fsite-health.css HTTP/1.1" 200 126565 "-" "Mozilla/5.0 AppleWebKit/537.36 (KHTML, like Gecko; compatible; ClaudeBot/1.0; +claudebot@anthropic.com)"
74.7.241.28 - - [20/Mar/2026:12:04:11 +0000] "GET /buy.php?detail/11900837403817 HTTP/1.1" 200 163391 "https://inception-blue.com/buy.php?detail/11900346866666" "Mozilla/5.0 AppleWebKit/537.36 (KHTML, like Gecko; compatible; GPTBot/1.3; +https://openai.com/gptbot)"
216.73.216.36 - - [20/Mar/2026:12:04:13 +0000] "GET /product/229049998?dir=%2Fhome%2Finceptionblue%2Fpublic_html%2Fwp-admin%2Fincludes&read=%2Fhome%2Finceptionblue%2Fpublic_html%2Fwp-admin%2Fincludes%2Fajax-actions.php HTTP/1.1" 200 275851 "-" "Mozilla/5.0 AppleWebKit/537.36 (KHTML, like Gecko; compatible; ClaudeBot/1.0; +claudebot@anthropic.com)"
74.7.241.28 - - [20/Mar/2026:12:04:14 +0000] "GET /buy.php?detail/11803137927232 HTTP/1.1" 200 144309 "https://inception-blue.com/buy.php?detail/26700251264976" "Mozilla/5.0 AppleWebKit/537.36 (KHTML, like Gecko; compatible; GPTBot/1.3; +https://openai.com/gptbot)"
216.73.216.36 - - [20/Mar/2026:12:04:16 +0000] "GET /product/138026129?dir=%2Fhome%2Finceptionblue%2Fpublic_html%2Fwp-content%2Fplugins%2Fastra-addon&read=%2Fhome%2Finceptionblue%2Fpublic_html%2Fwp-content%2Fplugins%2Fastra-addon%2Freadme.txt HTTP/1.1" 200 124397 "-" "Mozilla/5.0 AppleWebKit/537.36 (KHTML, like Gecko; compatible; ClaudeBot/1.0; +claudebot@anthropic.com)"
74.7.241.28 - - [20/Mar/2026:12:04:17 +0000] "GET /buy.php?detail/19804697489246 HTTP/1.1" 200 147081 "https://inception-blue.com/buy.php?detail/28000709082643" "Mozilla/5.0 AppleWebKit/537.36 (KHTML, like Gecko; compatible; GPTBot/1.3; +https://openai.com/gptbot)"
216.73.216.36 - - [20/Mar/2026:12:04:19 +0000] "GET /product/229049998?dir=%2Fhome%2Finceptionblue%2Fpublic_html%2Fcgi-bin&read=%2Fhome%2Finceptionblue%2Fpublic_html%2Fcgi-bin%2F.htaccess HTTP/1.1" 200 120215 "-" "Mozilla/5.0 AppleWebKit/537.36 (KHTML, like Gecko; compatible; ClaudeBot/1.0; +claudebot@anthropic.com)"
74.7.241.28 - - [20/Mar/2026:12:04:20 +0000] "GET /buy.php?detail/18400741270562 HTTP/1.1" 200 159864 "https://inception-blue.com/buy.php?detail/17203394432414" "Mozilla/5.0 AppleWebKit/537.36 (KHTML, like Gecko; compatible; GPTBot/1.3; +https://openai.com/gptbot)"
216.73.216.36 - - [20/Mar/2026:12:04:22 +0000] "GET /product/138026129?dir=%2Fhome%2Finceptionblue%2Fpublic_html%2Fwp-includes%2FIXR&read=%2Fhome%2Finceptionblue%2Fpublic_html%2Fwp-includes%2FIXR%2Ferror_log HTTP/1.1" 200 127242 "-" "Mozilla/5.0 AppleWebKit/537.36 (KHTML, like Gecko; compatible; ClaudeBot/1.0; +claudebot@anthropic.com)"
74.7.241.28 - - [20/Mar/2026:12:04:23 +0000] "GET /buy.php?detail/14000286215973 HTTP/1.1" 200 159617 "https://inception-blue.com/buy.php?detail/02303094192750" "Mozilla/5.0 AppleWebKit/537.36 (KHTML, like Gecko; compatible; GPTBot/1.3; +https://openai.com/gptbot)"
74.7.241.28 - - [20/Mar/2026:12:04:27 +0000] "GET /buy.php?detail/28004116084997 HTTP/1.1" 200 155739 "https://inception-blue.com/buy.php?detail/28000709082643" "Mozilla/5.0 AppleWebKit/537.36 (KHTML, like Gecko; compatible; GPTBot/1.3; +https://openai.com/gptbot)"
216.73.216.36 - - [20/Mar/2026:12:04:29 +0000] "GET /product/138010947?dir=%2Fhome%2Finceptionblue%2Fpublic_html%2Fwp-admin%2Fcss&read=%2Fhome%2Finceptionblue%2Fpublic_html%2Fwp-admin%2Fcss%2Fabout-rtl.css HTTP/1.1" 200 163236 "-" "Mozilla/5.0 AppleWebKit/537.36 (KHTML, like Gecko; compatible; ClaudeBot/1.0; +claudebot@anthropic.com)"
74.7.241.28 - - [20/Mar/2026:12:04:30 +0000] "GET /buy.php?detail/22000466626279 HTTP/1.1" 200 151507 "https://inception-blue.com/buy.php?detail/22301517711229" "Mozilla/5.0 AppleWebKit/537.36 (KHTML, like Gecko; compatible; GPTBot/1.3; +https://openai.com/gptbot)"
159.223.142.74 - - [20/Mar/2026:12:04:33 +0000] "POST /wp-cron.php?doing_wp_cron=1774008270.1427359580993652343750 HTTP/1.1" 403 185482 "-" "WordPress/6.9.4; https://inception-blue.com"
216.73.216.36 - - [20/Mar/2026:12:04:34 +0000] "GET /product/229049998?dir=%2Fhome%2Finceptionblue HTTP/1.1" 200 157941 "-" "Mozilla/5.0 AppleWebKit/537.36 (KHTML, like Gecko; compatible; ClaudeBot/1.0; +claudebot@anthropic.com)"
