74.7.241.28 - - [19/Mar/2026:15:12:55 +0000] "GET /buy.php?detail/25302646514292 HTTP/1.1" 200 158103 "https://inception-blue.com/buy.php?detail/03400303873287" "Mozilla/5.0 AppleWebKit/537.36 (KHTML, like Gecko; compatible; GPTBot/1.3; +https://openai.com/gptbot)"
74.7.241.28 - - [19/Mar/2026:15:12:58 +0000] "GET /buy.php?257025444.htm HTTP/1.1" 200 156782 "https://inception-blue.com/buy.php?m25551947399" "Mozilla/5.0 AppleWebKit/537.36 (KHTML, like Gecko; compatible; GPTBot/1.3; +https://openai.com/gptbot)"
66.249.77.7 - - [19/Mar/2026:15:13:00 +0000] "GET /25479928 HTTP/1.1" 200 303604 "-" "Mozilla/5.0 (Linux; Android 6.0.1; Nexus 5X Build/MMB29P) AppleWebKit/537.36 (KHTML, like Gecko) Chrome/145.0.7632.159 Mobile Safari/537.36 (compatible; Googlebot/2.1; +http://www.google.com/bot.html)"
74.7.241.28 - - [19/Mar/2026:15:13:01 +0000] "GET /buy.php?detail/19101926325935 HTTP/1.1" 200 156493 "https://inception-blue.com/buy.php?detail/27701516499552" "Mozilla/5.0 AppleWebKit/537.36 (KHTML, like Gecko; compatible; GPTBot/1.3; +https://openai.com/gptbot)"
74.7.241.28 - - [19/Mar/2026:15:13:05 +0000] "GET /buy.php?jp/259007460.html HTTP/1.1" 200 159671 "https://inception-blue.com/buy.php?detail/25900413756410" "Mozilla/5.0 AppleWebKit/537.36 (KHTML, like Gecko; compatible; GPTBot/1.3; +https://openai.com/gptbot)"
74.7.241.28 - - [19/Mar/2026:15:13:08 +0000] "GET /buy.php?detail/18304154842016 HTTP/1.1" 200 172110 "https://inception-blue.com/buy.php?detail/27701516499552" "Mozilla/5.0 AppleWebKit/537.36 (KHTML, like Gecko; compatible; GPTBot/1.3; +https://openai.com/gptbot)"
74.7.241.28 - - [19/Mar/2026:15:13:11 +0000] "GET /buy.php?050007577.htm HTTP/1.1" 200 154302 "https://inception-blue.com/buy.php?m94298521115" "Mozilla/5.0 AppleWebKit/537.36 (KHTML, like Gecko; compatible; GPTBot/1.3; +https://openai.com/gptbot)"
74.7.241.28 - - [19/Mar/2026:15:13:14 +0000] "GET /buy.php?039000060.htm HTTP/1.1" 200 155056 "https://inception-blue.com/buy.php?m66444170873" "Mozilla/5.0 AppleWebKit/537.36 (KHTML, like Gecko; compatible; GPTBot/1.3; +https://openai.com/gptbot)"
74.7.241.28 - - [19/Mar/2026:15:13:17 +0000] "GET /buy.php?detail/22604693987655 HTTP/1.1" 200 166856 "https://inception-blue.com/buy.php?detail/25903412417801" "Mozilla/5.0 AppleWebKit/537.36 (KHTML, like Gecko; compatible; GPTBot/1.3; +https://openai.com/gptbot)"
74.7.241.28 - - [19/Mar/2026:15:13:20 +0000] "GET /buy.php?detail/17602452984720 HTTP/1.1" 200 151560 "https://inception-blue.com/buy.php?goods/026035402" "Mozilla/5.0 AppleWebKit/537.36 (KHTML, like Gecko; compatible; GPTBot/1.3; +https://openai.com/gptbot)"
74.7.241.28 - - [19/Mar/2026:15:13:23 +0000] "GET /buy.php?detail/07104893921695 HTTP/1.1" 200 151637 "https://inception-blue.com/buy.php?detail/10601150664180" "Mozilla/5.0 AppleWebKit/537.36 (KHTML, like Gecko; compatible; GPTBot/1.3; +https://openai.com/gptbot)"
74.7.241.28 - - [19/Mar/2026:15:13:26 +0000] "GET /buy.php?151025550.htm HTTP/1.1" 200 154501 "https://inception-blue.com/buy.php?m22267844437" "Mozilla/5.0 AppleWebKit/537.36 (KHTML, like Gecko; compatible; GPTBot/1.3; +https://openai.com/gptbot)"
74.7.241.28 - - [19/Mar/2026:15:13:29 +0000] "GET /buy.php?detail/23601442069795 HTTP/1.1" 200 154786 "https://inception-blue.com/buy.php?detail/23601554350303" "Mozilla/5.0 AppleWebKit/537.36 (KHTML, like Gecko; compatible; GPTBot/1.3; +https://openai.com/gptbot)"
74.7.241.28 - - [19/Mar/2026:15:13:32 +0000] "GET /buy.php?detail/17102873694214 HTTP/1.1" 200 154209 "https://inception-blue.com/buy.php?detail/14001141575867" "Mozilla/5.0 AppleWebKit/537.36 (KHTML, like Gecko; compatible; GPTBot/1.3; +https://openai.com/gptbot)"
74.7.241.28 - - [19/Mar/2026:15:13:36 +0000] "GET /buy.php?detail/19103118698431 HTTP/1.1" 200 156163 "https://inception-blue.com/buy.php?detail/19101926325935" "Mozilla/5.0 AppleWebKit/537.36 (KHTML, like Gecko; compatible; GPTBot/1.3; +https://openai.com/gptbot)"
74.7.241.28 - - [19/Mar/2026:15:13:39 +0000] "GET /buy.php?goods/259006075 HTTP/1.1" 200 157503 "https://inception-blue.com/buy.php?jp/259007460.html" "Mozilla/5.0 AppleWebKit/537.36 (KHTML, like Gecko; compatible; GPTBot/1.3; +https://openai.com/gptbot)"
74.7.241.28 - - [19/Mar/2026:15:13:42 +0000] "GET /buy.php?m68394673851 HTTP/1.1" 200 150239 "https://inception-blue.com/buy.php?detail/18304154842016" "Mozilla/5.0 AppleWebKit/537.36 (KHTML, like Gecko; compatible; GPTBot/1.3; +https://openai.com/gptbot)"
74.7.241.28 - - [19/Mar/2026:15:13:45 +0000] "GET /buy.php?detail/15601244425707 HTTP/1.1" 200 156582 "https://inception-blue.com/buy.php?jp/259007460.html" "Mozilla/5.0 AppleWebKit/537.36 (KHTML, like Gecko; compatible; GPTBot/1.3; +https://openai.com/gptbot)"
74.7.241.28 - - [19/Mar/2026:15:13:48 +0000] "GET /buy.php?shopbrand/sanction/015004775.htm HTTP/1.1" 200 163167 "https://inception-blue.com/buy.php?039000060.htm" "Mozilla/5.0 AppleWebKit/537.36 (KHTML, like Gecko; compatible; GPTBot/1.3; +https://openai.com/gptbot)"
66.249.77.7 - - [19/Mar/2026:15:13:50 +0000] "GET /97151232 HTTP/1.1" 200 305712 "-" "Mozilla/5.0 (Linux; Android 6.0.1; Nexus 5X Build/MMB29P) AppleWebKit/537.36 (KHTML, like Gecko) Chrome/145.0.7632.159 Mobile Safari/537.36 (compatible; Googlebot/2.1; +http://www.google.com/bot.html)"
74.7.241.28 - - [19/Mar/2026:15:13:51 +0000] "GET /buy.php?detail/04700568606059 HTTP/1.1" 200 144723 "https://inception-blue.com/buy.php?jp/259007460.html" "Mozilla/5.0 AppleWebKit/537.36 (KHTML, like Gecko; compatible; GPTBot/1.3; +https://openai.com/gptbot)"
74.7.241.28 - - [19/Mar/2026:15:13:54 +0000] "GET /buy.php?detail/17603124348331 HTTP/1.1" 200 153613 "https://inception-blue.com/buy.php?detail/17602452984720" "Mozilla/5.0 AppleWebKit/537.36 (KHTML, like Gecko; compatible; GPTBot/1.3; +https://openai.com/gptbot)"
74.7.241.28 - - [19/Mar/2026:15:13:57 +0000] "GET /buy.php?detail/26902699712553 HTTP/1.1" 200 161233 "https://inception-blue.com/buy.php?detail/22604693987655" "Mozilla/5.0 AppleWebKit/537.36 (KHTML, like Gecko; compatible; GPTBot/1.3; +https://openai.com/gptbot)"
74.7.241.28 - - [19/Mar/2026:15:14:00 +0000] "GET /buy.php?detail/07704116345586 HTTP/1.1" 200 154443 "https://inception-blue.com/buy.php?detail/19101926325935" "Mozilla/5.0 AppleWebKit/537.36 (KHTML, like Gecko; compatible; GPTBot/1.3; +https://openai.com/gptbot)"
74.7.241.28 - - [19/Mar/2026:15:14:04 +0000] "GET /buy.php?detail/23601949195290 HTTP/1.1" 200 154009 "https://inception-blue.com/buy.php?detail/23601442069795" "Mozilla/5.0 AppleWebKit/537.36 (KHTML, like Gecko; compatible; GPTBot/1.3; +https://openai.com/gptbot)"
74.7.241.28 - - [19/Mar/2026:15:14:07 +0000] "GET /buy.php?m14662740433 HTTP/1.1" 200 153269 "https://inception-blue.com/buy.php?detail/17102873694214" "Mozilla/5.0 AppleWebKit/537.36 (KHTML, like Gecko; compatible; GPTBot/1.3; +https://openai.com/gptbot)"
74.7.241.28 - - [19/Mar/2026:15:14:10 +0000] "GET /buy.php?shopbrand/gentleman/011000571.htm HTTP/1.1" 200 153201 "https://inception-blue.com/buy.php?m14662740433" "Mozilla/5.0 AppleWebKit/537.36 (KHTML, like Gecko; compatible; GPTBot/1.3; +https://openai.com/gptbot)"
74.7.241.28 - - [19/Mar/2026:15:14:13 +0000] "GET /buy.php?detail/01103303661199 HTTP/1.1" 200 160898 "https://inception-blue.com/buy.php?detail/17102873694214" "Mozilla/5.0 AppleWebKit/537.36 (KHTML, like Gecko; compatible; GPTBot/1.3; +https://openai.com/gptbot)"
74.7.241.28 - - [19/Mar/2026:15:14:16 +0000] "GET /buy.php?detail/17104721332360 HTTP/1.1" 200 153169 "https://inception-blue.com/buy.php?detail/17102873694214" "Mozilla/5.0 AppleWebKit/537.36 (KHTML, like Gecko; compatible; GPTBot/1.3; +https://openai.com/gptbot)"
74.7.241.28 - - [19/Mar/2026:15:14:19 +0000] "GET /buy.php?m62806855540 HTTP/1.1" 200 147447 "https://inception-blue.com/buy.php?detail/22604693987655" "Mozilla/5.0 AppleWebKit/537.36 (KHTML, like Gecko; compatible; GPTBot/1.3; +https://openai.com/gptbot)"
74.7.241.28 - - [19/Mar/2026:15:14:22 +0000] "GET /buy.php?detail/06403269935827 HTTP/1.1" 200 159167 "https://inception-blue.com/buy.php?detail/100002189617" "Mozilla/5.0 AppleWebKit/537.36 (KHTML, like Gecko; compatible; GPTBot/1.3; +https://openai.com/gptbot)"
74.7.241.28 - - [19/Mar/2026:15:14:26 +0000] "GET /buy.php?200010887.htm HTTP/1.1" 200 147329 "https://inception-blue.com/buy.php?shopbrand/sanction/015004775.htm" "Mozilla/5.0 AppleWebKit/537.36 (KHTML, like Gecko; compatible; GPTBot/1.3; +https://openai.com/gptbot)"
74.7.241.28 - - [19/Mar/2026:15:14:29 +0000] "GET /buy.php?detail/25302376749139 HTTP/1.1" 200 154474 "https://inception-blue.com/buy.php?detail/06502657740625" "Mozilla/5.0 AppleWebKit/537.36 (KHTML, like Gecko; compatible; GPTBot/1.3; +https://openai.com/gptbot)"
74.7.241.28 - - [19/Mar/2026:15:14:33 +0000] "GET /buy.php?detail/17604784447707 HTTP/1.1" 200 151729 "https://inception-blue.com/buy.php?detail/17603124348331" "Mozilla/5.0 AppleWebKit/537.36 (KHTML, like Gecko; compatible; GPTBot/1.3; +https://openai.com/gptbot)"
74.7.241.28 - - [19/Mar/2026:15:14:36 +0000] "GET /buy.php?detail/05602789490168 HTTP/1.1" 200 156220 "https://inception-blue.com/buy.php?detail/22800877038646" "Mozilla/5.0 AppleWebKit/537.36 (KHTML, like Gecko; compatible; GPTBot/1.3; +https://openai.com/gptbot)"
74.7.241.28 - - [19/Mar/2026:15:14:40 +0000] "GET /buy.php?detail/26702205791033 HTTP/1.1" 200 161137 "https://inception-blue.com/buy.php?detail/07704116345586" "Mozilla/5.0 AppleWebKit/537.36 (KHTML, like Gecko; compatible; GPTBot/1.3; +https://openai.com/gptbot)"
66.249.77.8 - - [19/Mar/2026:15:14:42 +0000] "GET /158210726 HTTP/1.1" 200 328295 "-" "Mozilla/5.0 (Linux; Android 6.0.1; Nexus 5X Build/MMB29P) AppleWebKit/537.36 (KHTML, like Gecko) Chrome/145.0.7632.159 Mobile Safari/537.36 (compatible; Googlebot/2.1; +http://www.google.com/bot.html)"
74.7.241.28 - - [19/Mar/2026:15:14:43 +0000] "GET /buy.php?detail/20504517814524 HTTP/1.1" 200 155839 "https://inception-blue.com/buy.php?detail/07704116345586" "Mozilla/5.0 AppleWebKit/537.36 (KHTML, like Gecko; compatible; GPTBot/1.3; +https://openai.com/gptbot)"
74.7.241.28 - - [19/Mar/2026:15:14:46 +0000] "GET /buy.php?detail/04703886455961 HTTP/1.1" 200 142715 "https://inception-blue.com/buy.php?m14662740433" "Mozilla/5.0 AppleWebKit/537.36 (KHTML, like Gecko; compatible; GPTBot/1.3; +https://openai.com/gptbot)"
74.7.241.28 - - [19/Mar/2026:15:14:49 +0000] "GET /buy.php?detail/24100953706423 HTTP/1.1" 200 162106 "https://inception-blue.com/buy.php?jp/241007188.html" "Mozilla/5.0 AppleWebKit/537.36 (KHTML, like Gecko; compatible; GPTBot/1.3; +https://openai.com/gptbot)"
74.7.241.28 - - [19/Mar/2026:15:14:52 +0000] "GET /buy.php?detail/08400816310821 HTTP/1.1" 200 148288 "https://inception-blue.com/buy.php?detail/17104721332360" "Mozilla/5.0 AppleWebKit/537.36 (KHTML, like Gecko; compatible; GPTBot/1.3; +https://openai.com/gptbot)"
74.7.241.28 - - [19/Mar/2026:15:14:55 +0000] "GET /buy.php?m18206652227 HTTP/1.1" 200 165290 "https://inception-blue.com/buy.php?detail/17104721332360" "Mozilla/5.0 AppleWebKit/537.36 (KHTML, like Gecko; compatible; GPTBot/1.3; +https://openai.com/gptbot)"
74.7.241.28 - - [19/Mar/2026:15:14:58 +0000] "GET /buy.php?detail/06401465367784 HTTP/1.1" 200 155048 "https://inception-blue.com/buy.php?detail/06403269935827" "Mozilla/5.0 AppleWebKit/537.36 (KHTML, like Gecko; compatible; GPTBot/1.3; +https://openai.com/gptbot)"
74.7.241.28 - - [19/Mar/2026:15:15:02 +0000] "GET /buy.php?detail/07103035077591 HTTP/1.1" 200 169555 "https://inception-blue.com/buy.php?200010887.htm" "Mozilla/5.0 AppleWebKit/537.36 (KHTML, like Gecko; compatible; GPTBot/1.3; +https://openai.com/gptbot)"
74.7.241.28 - - [19/Mar/2026:15:15:05 +0000] "GET /buy.php?detail/25300086961280 HTTP/1.1" 200 153654 "https://inception-blue.com/buy.php?detail/25302376749139" "Mozilla/5.0 AppleWebKit/537.36 (KHTML, like Gecko; compatible; GPTBot/1.3; +https://openai.com/gptbot)"
74.7.241.28 - - [19/Mar/2026:15:15:08 +0000] "GET /buy.php?detail/25300084218793 HTTP/1.1" 200 154022 "https://inception-blue.com/buy.php?detail/25302376749139" "Mozilla/5.0 AppleWebKit/537.36 (KHTML, like Gecko; compatible; GPTBot/1.3; +https://openai.com/gptbot)"
74.7.241.28 - - [19/Mar/2026:15:15:11 +0000] "GET /buy.php?detail/05004557289238 HTTP/1.1" 200 161160 "https://inception-blue.com/buy.php?detail/05602789490168" "Mozilla/5.0 AppleWebKit/537.36 (KHTML, like Gecko; compatible; GPTBot/1.3; +https://openai.com/gptbot)"
74.7.241.28 - - [19/Mar/2026:15:15:14 +0000] "GET /buy.php?detail/26700209740042 HTTP/1.1" 200 156030 "https://inception-blue.com/buy.php?detail/26702205791033" "Mozilla/5.0 AppleWebKit/537.36 (KHTML, like Gecko; compatible; GPTBot/1.3; +https://openai.com/gptbot)"
74.7.241.28 - - [19/Mar/2026:15:15:17 +0000] "GET /buy.php?detail/26700023192127 HTTP/1.1" 200 160703 "https://inception-blue.com/buy.php?detail/26702205791033" "Mozilla/5.0 AppleWebKit/537.36 (KHTML, like Gecko; compatible; GPTBot/1.3; +https://openai.com/gptbot)"
74.7.241.28 - - [19/Mar/2026:15:15:21 +0000] "GET /buy.php?detail/20500346661484 HTTP/1.1" 200 154609 "https://inception-blue.com/buy.php?detail/20504517814524" "Mozilla/5.0 AppleWebKit/537.36 (KHTML, like Gecko; compatible; GPTBot/1.3; +https://openai.com/gptbot)"
74.7.241.28 - - [19/Mar/2026:15:15:24 +0000] "GET /buy.php?detail/10700737051159 HTTP/1.1" 200 162842 "https://inception-blue.com/buy.php?detail/20504517814524" "Mozilla/5.0 AppleWebKit/537.36 (KHTML, like Gecko; compatible; GPTBot/1.3; +https://openai.com/gptbot)"
74.7.241.28 - - [19/Mar/2026:15:15:27 +0000] "GET /buy.php?detail/22804449832100 HTTP/1.1" 200 154336 "https://inception-blue.com/buy.php?detail/08400816310821" "Mozilla/5.0 AppleWebKit/537.36 (KHTML, like Gecko; compatible; GPTBot/1.3; +https://openai.com/gptbot)"
66.249.77.3 - - [19/Mar/2026:15:15:30 +0000] "GET /2808407 HTTP/1.1" 200 305784 "-" "Mozilla/5.0 (Linux; Android 6.0.1; Nexus 5X Build/MMB29P) AppleWebKit/537.36 (KHTML, like Gecko) Chrome/145.0.7632.159 Mobile Safari/537.36 (compatible; Googlebot/2.1; +http://www.google.com/bot.html)"
74.7.241.28 - - [19/Mar/2026:15:15:30 +0000] "GET /buy.php?detail/05200003680275 HTTP/1.1" 200 154785 "https://inception-blue.com/buy.php?detail/24100953706423" "Mozilla/5.0 AppleWebKit/537.36 (KHTML, like Gecko; compatible; GPTBot/1.3; +https://openai.com/gptbot)"
74.7.241.28 - - [19/Mar/2026:15:15:33 +0000] "GET /buy.php?goods/064014653 HTTP/1.1" 200 154987 "https://inception-blue.com/buy.php?detail/06401465367784" "Mozilla/5.0 AppleWebKit/537.36 (KHTML, like Gecko; compatible; GPTBot/1.3; +https://openai.com/gptbot)"
74.7.241.28 - - [19/Mar/2026:15:15:37 +0000] "GET /buy.php?detail/10303507621810 HTTP/1.1" 200 153027 "https://inception-blue.com/buy.php?detail/08400816310821" "Mozilla/5.0 AppleWebKit/537.36 (KHTML, like Gecko; compatible; GPTBot/1.3; +https://openai.com/gptbot)"
74.7.241.28 - - [19/Mar/2026:15:15:40 +0000] "GET /buy.php?detail/06401322694019 HTTP/1.1" 200 151979 "https://inception-blue.com/buy.php?detail/06401465367784" "Mozilla/5.0 AppleWebKit/537.36 (KHTML, like Gecko; compatible; GPTBot/1.3; +https://openai.com/gptbot)"
74.7.241.28 - - [19/Mar/2026:15:15:43 +0000] "GET /buy.php?detail/2580198169429 HTTP/1.1" 200 152873 "https://inception-blue.com/buy.php?detail/25300084218793" "Mozilla/5.0 AppleWebKit/537.36 (KHTML, like Gecko; compatible; GPTBot/1.3; +https://openai.com/gptbot)"
74.7.241.28 - - [19/Mar/2026:15:15:47 +0000] "GET /buy.php?detail/19303225018391 HTTP/1.1" 200 158707 "https://inception-blue.com/buy.php?detail/24100953706423" "Mozilla/5.0 AppleWebKit/537.36 (KHTML, like Gecko; compatible; GPTBot/1.3; +https://openai.com/gptbot)"
74.7.241.28 - - [19/Mar/2026:15:15:50 +0000] "GET /buy.php?detail/14401272478919 HTTP/1.1" 200 149256 "https://inception-blue.com/buy.php?detail/08400816310821" "Mozilla/5.0 AppleWebKit/537.36 (KHTML, like Gecko; compatible; GPTBot/1.3; +https://openai.com/gptbot)"
74.7.241.28 - - [19/Mar/2026:15:15:53 +0000] "GET /buy.php?detail/12403373100818 HTTP/1.1" 200 162631 "https://inception-blue.com/buy.php?detail/25300086961280" "Mozilla/5.0 AppleWebKit/537.36 (KHTML, like Gecko; compatible; GPTBot/1.3; +https://openai.com/gptbot)"
74.7.241.28 - - [19/Mar/2026:15:15:56 +0000] "GET /buy.php?detail/16604977014281 HTTP/1.1" 200 152789 "https://inception-blue.com/buy.php?detail/25300086961280" "Mozilla/5.0 AppleWebKit/537.36 (KHTML, like Gecko; compatible; GPTBot/1.3; +https://openai.com/gptbot)"
74.7.241.28 - - [19/Mar/2026:15:15:59 +0000] "GET /buy.php?detail/07100237726578 HTTP/1.1" 200 158829 "https://inception-blue.com/buy.php?detail/07103035077591" "Mozilla/5.0 AppleWebKit/537.36 (KHTML, like Gecko; compatible; GPTBot/1.3; +https://openai.com/gptbot)"
74.7.241.28 - - [19/Mar/2026:15:16:02 +0000] "GET /buy.php?jp/079047296.html HTTP/1.1" 200 152121 "https://inception-blue.com/buy.php?detail/22804449832100" "Mozilla/5.0 AppleWebKit/537.36 (KHTML, like Gecko; compatible; GPTBot/1.3; +https://openai.com/gptbot)"
74.7.241.28 - - [19/Mar/2026:15:16:05 +0000] "GET /buy.php?detail/22800667482255 HTTP/1.1" 200 156569 "https://inception-blue.com/buy.php?detail/22804449832100" "Mozilla/5.0 AppleWebKit/537.36 (KHTML, like Gecko; compatible; GPTBot/1.3; +https://openai.com/gptbot)"
74.7.241.28 - - [19/Mar/2026:15:16:09 +0000] "GET /buy.php?detail/22800885755436 HTTP/1.1" 200 154773 "https://inception-blue.com/buy.php?detail/22804449832100" "Mozilla/5.0 AppleWebKit/537.36 (KHTML, like Gecko; compatible; GPTBot/1.3; +https://openai.com/gptbot)"
74.7.241.28 - - [19/Mar/2026:15:16:12 +0000] "GET /buy.php?detail/29201580329768 HTTP/1.1" 200 173129 "https://inception-blue.com/buy.php?detail/05602789490168" "Mozilla/5.0 AppleWebKit/537.36 (KHTML, like Gecko; compatible; GPTBot/1.3; +https://openai.com/gptbot)"
74.7.241.28 - - [19/Mar/2026:15:16:15 +0000] "GET /buy.php?detail/15900020889621 HTTP/1.1" 200 154921 "https://inception-blue.com/buy.php?detail/06401322694019" "Mozilla/5.0 AppleWebKit/537.36 (KHTML, like Gecko; compatible; GPTBot/1.3; +https://openai.com/gptbot)"
74.7.241.28 - - [19/Mar/2026:15:16:18 +0000] "GET /buy.php?detail/14200390730420 HTTP/1.1" 200 156625 "https://inception-blue.com/buy.php?detail/06401322694019" "Mozilla/5.0 AppleWebKit/537.36 (KHTML, like Gecko; compatible; GPTBot/1.3; +https://openai.com/gptbot)"
66.249.77.4 - - [19/Mar/2026:15:16:20 +0000] "GET /618280875 HTTP/1.1" 200 331338 "-" "Mozilla/5.0 (Linux; Android 6.0.1; Nexus 5X Build/MMB29P) AppleWebKit/537.36 (KHTML, like Gecko) Chrome/145.0.7632.159 Mobile Safari/537.36 (compatible; Googlebot/2.1; +http://www.google.com/bot.html)"
74.7.241.28 - - [19/Mar/2026:15:16:21 +0000] "GET /buy.php?m36003147779 HTTP/1.1" 200 147678 "https://inception-blue.com/buy.php?detail/22804449832100" "Mozilla/5.0 AppleWebKit/537.36 (KHTML, like Gecko; compatible; GPTBot/1.3; +https://openai.com/gptbot)"
74.7.241.28 - - [19/Mar/2026:15:16:24 +0000] "GET /buy.php?detail/12500373339454 HTTP/1.1" 200 158516 "https://inception-blue.com/buy.php?detail/14401272478919" "Mozilla/5.0 AppleWebKit/537.36 (KHTML, like Gecko; compatible; GPTBot/1.3; +https://openai.com/gptbot)"
74.7.241.28 - - [19/Mar/2026:15:16:27 +0000] "GET /buy.php?detail/20602276754007 HTTP/1.1" 200 155054 "https://inception-blue.com/buy.php?detail/12403373100818" "Mozilla/5.0 AppleWebKit/537.36 (KHTML, like Gecko; compatible; GPTBot/1.3; +https://openai.com/gptbot)"
74.7.241.28 - - [19/Mar/2026:15:16:31 +0000] "GET /buy.php?m26663821877 HTTP/1.1" 200 144088 "https://inception-blue.com/buy.php?detail/04703886455961" "Mozilla/5.0 AppleWebKit/537.36 (KHTML, like Gecko; compatible; GPTBot/1.3; +https://openai.com/gptbot)"
74.7.241.28 - - [19/Mar/2026:15:16:34 +0000] "GET /buy.php?detail/13604579595572 HTTP/1.1" 200 170326 "https://inception-blue.com/buy.php?detail/07100237726578" "Mozilla/5.0 AppleWebKit/537.36 (KHTML, like Gecko; compatible; GPTBot/1.3; +https://openai.com/gptbot)"
74.7.241.28 - - [19/Mar/2026:15:16:37 +0000] "GET /buy.php?m89495532008 HTTP/1.1" 200 158529 "https://inception-blue.com/buy.php?jp/079047296.html" "Mozilla/5.0 AppleWebKit/537.36 (KHTML, like Gecko; compatible; GPTBot/1.3; +https://openai.com/gptbot)"
74.7.241.28 - - [19/Mar/2026:15:16:40 +0000] "GET /buy.php?detail/27204451425729 HTTP/1.1" 200 160411 "https://inception-blue.com/buy.php?detail/22800667482255" "Mozilla/5.0 AppleWebKit/537.36 (KHTML, like Gecko; compatible; GPTBot/1.3; +https://openai.com/gptbot)"
74.7.241.28 - - [19/Mar/2026:15:16:43 +0000] "GET /buy.php?detail/1570226378083 HTTP/1.1" 200 168444 "https://inception-blue.com/buy.php?detail/22800885755436" "Mozilla/5.0 AppleWebKit/537.36 (KHTML, like Gecko; compatible; GPTBot/1.3; +https://openai.com/gptbot)"
74.7.241.28 - - [19/Mar/2026:15:16:46 +0000] "GET /buy.php?detail/27002457357389 HTTP/1.1" 200 162920 "https://inception-blue.com/buy.php?detail/07100237726578" "Mozilla/5.0 AppleWebKit/537.36 (KHTML, like Gecko; compatible; GPTBot/1.3; +https://openai.com/gptbot)"
74.7.241.28 - - [19/Mar/2026:15:16:49 +0000] "GET /buy.php?detail/15901119737791 HTTP/1.1" 200 156723 "https://inception-blue.com/buy.php?detail/15900020889621" "Mozilla/5.0 AppleWebKit/537.36 (KHTML, like Gecko; compatible; GPTBot/1.3; +https://openai.com/gptbot)"
74.7.241.28 - - [19/Mar/2026:15:16:53 +0000] "GET /buy.php?detail/03403744071753 HTTP/1.1" 200 164141 "https://inception-blue.com/buy.php?detail/14200390730420" "Mozilla/5.0 AppleWebKit/537.36 (KHTML, like Gecko; compatible; GPTBot/1.3; +https://openai.com/gptbot)"
74.7.241.28 - - [19/Mar/2026:15:16:56 +0000] "GET /buy.php?detail/14102391319072 HTTP/1.1" 200 154380 "https://inception-blue.com/buy.php?detail/22800667482255" "Mozilla/5.0 AppleWebKit/537.36 (KHTML, like Gecko; compatible; GPTBot/1.3; +https://openai.com/gptbot)"
74.7.241.28 - - [19/Mar/2026:15:16:59 +0000] "GET /buy.php?detail/14201281755338 HTTP/1.1" 200 165818 "https://inception-blue.com/buy.php?detail/14200390730420" "Mozilla/5.0 AppleWebKit/537.36 (KHTML, like Gecko; compatible; GPTBot/1.3; +https://openai.com/gptbot)"
74.7.241.28 - - [19/Mar/2026:15:17:02 +0000] "GET /buy.php?detail/12504009452875 HTTP/1.1" 200 154418 "https://inception-blue.com/buy.php?detail/20602276754007" "Mozilla/5.0 AppleWebKit/537.36 (KHTML, like Gecko; compatible; GPTBot/1.3; +https://openai.com/gptbot)"
74.7.241.28 - - [19/Mar/2026:15:17:05 +0000] "GET /buy.php?m81114167079 HTTP/1.1" 200 154722 "https://inception-blue.com/buy.php?detail/25302376749139" "Mozilla/5.0 AppleWebKit/537.36 (KHTML, like Gecko; compatible; GPTBot/1.3; +https://openai.com/gptbot)"
66.249.77.4 - - [19/Mar/2026:15:17:10 +0000] "GET /236586844 HTTP/1.1" 200 311224 "-" "Mozilla/5.0 (Linux; Android 6.0.1; Nexus 5X Build/MMB29P) AppleWebKit/537.36 (KHTML, like Gecko) Chrome/145.0.7632.159 Mobile Safari/537.36 (compatible; Googlebot/2.1; +http://www.google.com/bot.html)"
74.7.241.28 - - [19/Mar/2026:15:17:09 +0000] "GET /buy.php?detail/13601745609145 HTTP/1.1" 200 156492 "https://inception-blue.com/buy.php?detail/13604579595572" "Mozilla/5.0 AppleWebKit/537.36 (KHTML, like Gecko; compatible; GPTBot/1.3; +https://openai.com/gptbot)"
74.7.241.28 - - [19/Mar/2026:15:17:12 +0000] "GET /buy.php?039000874.htm HTTP/1.1" 200 149756 "https://inception-blue.com/buy.php?m36003147779" "Mozilla/5.0 AppleWebKit/537.36 (KHTML, like Gecko; compatible; GPTBot/1.3; +https://openai.com/gptbot)"
74.7.241.28 - - [19/Mar/2026:15:17:15 +0000] "GET /buy.php?detail/27200611010051 HTTP/1.1" 200 168086 "https://inception-blue.com/buy.php?detail/27204451425729" "Mozilla/5.0 AppleWebKit/537.36 (KHTML, like Gecko; compatible; GPTBot/1.3; +https://openai.com/gptbot)"
74.7.241.28 - - [19/Mar/2026:15:17:18 +0000] "GET /buy.php?detail/05702360696090 HTTP/1.1" 200 152843 "https://inception-blue.com/buy.php?detail/1570226378083" "Mozilla/5.0 AppleWebKit/537.36 (KHTML, like Gecko; compatible; GPTBot/1.3; +https://openai.com/gptbot)"
74.7.241.28 - - [19/Mar/2026:15:17:21 +0000] "GET /buy.php?detail/23201892643726 HTTP/1.1" 200 163314 "https://inception-blue.com/buy.php?detail/27002457357389" "Mozilla/5.0 AppleWebKit/537.36 (KHTML, like Gecko; compatible; GPTBot/1.3; +https://openai.com/gptbot)"
74.7.241.28 - - [19/Mar/2026:15:17:24 +0000] "GET /buy.php?detail/27201272508508 HTTP/1.1" 200 155221 "https://inception-blue.com/buy.php?detail/27204451425729" "Mozilla/5.0 AppleWebKit/537.36 (KHTML, like Gecko; compatible; GPTBot/1.3; +https://openai.com/gptbot)"
74.7.241.28 - - [19/Mar/2026:15:17:27 +0000] "GET /buy.php?m81478533337 HTTP/1.1" 200 155143 "https://inception-blue.com/buy.php?detail/15901119737791" "Mozilla/5.0 AppleWebKit/537.36 (KHTML, like Gecko; compatible; GPTBot/1.3; +https://openai.com/gptbot)"
74.7.241.28 - - [19/Mar/2026:15:17:31 +0000] "GET /buy.php?detail/14100008897090 HTTP/1.1" 200 165825 "https://inception-blue.com/buy.php?detail/14102391319072" "Mozilla/5.0 AppleWebKit/537.36 (KHTML, like Gecko; compatible; GPTBot/1.3; +https://openai.com/gptbot)"
74.7.241.28 - - [19/Mar/2026:15:17:34 +0000] "GET /buy.php?detail/14201207315711 HTTP/1.1" 200 160415 "https://inception-blue.com/buy.php?detail/14201281755338" "Mozilla/5.0 AppleWebKit/537.36 (KHTML, like Gecko; compatible; GPTBot/1.3; +https://openai.com/gptbot)"
74.7.241.28 - - [19/Mar/2026:15:17:37 +0000] "GET /buy.php?detail/03002174984416 HTTP/1.1" 200 161440 "https://inception-blue.com/buy.php?detail/14102391319072" "Mozilla/5.0 AppleWebKit/537.36 (KHTML, like Gecko; compatible; GPTBot/1.3; +https://openai.com/gptbot)"
74.7.241.28 - - [19/Mar/2026:15:17:40 +0000] "GET /buy.php?252003777.htm HTTP/1.1" 200 154761 "https://inception-blue.com/buy.php?m81114167079" "Mozilla/5.0 AppleWebKit/537.36 (KHTML, like Gecko; compatible; GPTBot/1.3; +https://openai.com/gptbot)"
74.7.241.28 - - [19/Mar/2026:15:17:43 +0000] "GET /buy.php?047000254.htm HTTP/1.1" 200 144060 "https://inception-blue.com/buy.php?m26663821877" "Mozilla/5.0 AppleWebKit/537.36 (KHTML, like Gecko; compatible; GPTBot/1.3; +https://openai.com/gptbot)"
74.7.241.28 - - [19/Mar/2026:15:17:46 +0000] "GET /buy.php?detail/25300148494623 HTTP/1.1" 200 151812 "https://inception-blue.com/buy.php?detail/25302376749139" "Mozilla/5.0 AppleWebKit/537.36 (KHTML, like Gecko; compatible; GPTBot/1.3; +https://openai.com/gptbot)"
74.7.241.28 - - [19/Mar/2026:15:17:49 +0000] "GET /buy.php?detail/27201722270186 HTTP/1.1" 200 159577 "https://inception-blue.com/buy.php?detail/27200611010051" "Mozilla/5.0 AppleWebKit/537.36 (KHTML, like Gecko; compatible; GPTBot/1.3; +https://openai.com/gptbot)"
74.7.241.28 - - [19/Mar/2026:15:17:52 +0000] "GET /buy.php?detail/06202111530649 HTTP/1.1" 200 165577 "https://inception-blue.com/buy.php?detail/05702360696090" "Mozilla/5.0 AppleWebKit/537.36 (KHTML, like Gecko; compatible; GPTBot/1.3; +https://openai.com/gptbot)"
74.7.241.28 - - [19/Mar/2026:15:17:55 +0000] "GET /buy.php?detail/03100486006549 HTTP/1.1" 200 149876 "https://inception-blue.com/buy.php?detail/23201892643726" "Mozilla/5.0 AppleWebKit/537.36 (KHTML, like Gecko; compatible; GPTBot/1.3; +https://openai.com/gptbot)"
74.7.241.28 - - [19/Mar/2026:15:17:59 +0000] "GET /buy.php?jp/272016764.html HTTP/1.1" 200 165568 "https://inception-blue.com/buy.php?detail/27201272508508" "Mozilla/5.0 AppleWebKit/537.36 (KHTML, like Gecko; compatible; GPTBot/1.3; +https://openai.com/gptbot)"
66.249.77.4 - - [19/Mar/2026:15:18:00 +0000] "GET /269618551 HTTP/1.1" 200 310699 "-" "Mozilla/5.0 (Linux; Android 6.0.1; Nexus 5X Build/MMB29P) AppleWebKit/537.36 (KHTML, like Gecko) Chrome/145.0.7632.159 Mobile Safari/537.36 (compatible; Googlebot/2.1; +http://www.google.com/bot.html)"
74.7.241.28 - - [19/Mar/2026:15:18:02 +0000] "GET /buy.php?detail/27201725105076 HTTP/1.1" 200 159168 "https://inception-blue.com/buy.php?detail/27200611010051" "Mozilla/5.0 AppleWebKit/537.36 (KHTML, like Gecko; compatible; GPTBot/1.3; +https://openai.com/gptbot)"
74.7.241.28 - - [19/Mar/2026:15:18:05 +0000] "GET /buy.php?jp/272017251.html HTTP/1.1" 200 159129 "https://inception-blue.com/buy.php?detail/27201725105076" "Mozilla/5.0 AppleWebKit/537.36 (KHTML, like Gecko; compatible; GPTBot/1.3; +https://openai.com/gptbot)"
74.7.241.28 - - [19/Mar/2026:15:18:08 +0000] "GET /buy.php?detail/29304895603222 HTTP/1.1" 200 148849 "https://inception-blue.com/buy.php?detail/14100008897090" "Mozilla/5.0 AppleWebKit/537.36 (KHTML, like Gecko; compatible; GPTBot/1.3; +https://openai.com/gptbot)"
74.7.241.28 - - [19/Mar/2026:15:18:11 +0000] "GET /buy.php?detail/01502064725802 HTTP/1.1" 200 154776 "https://inception-blue.com/buy.php?m81478533337" "Mozilla/5.0 AppleWebKit/537.36 (KHTML, like Gecko; compatible; GPTBot/1.3; +https://openai.com/gptbot)"
74.7.241.28 - - [19/Mar/2026:15:18:14 +0000] "GET /buy.php?detail/14203710820061 HTTP/1.1" 200 155174 "https://inception-blue.com/buy.php?detail/14201207315711" "Mozilla/5.0 AppleWebKit/537.36 (KHTML, like Gecko; compatible; GPTBot/1.3; +https://openai.com/gptbot)"
74.7.241.28 - - [19/Mar/2026:15:18:18 +0000] "GET /buy.php?detail/14202180859308 HTTP/1.1" 200 159525 "https://inception-blue.com/buy.php?detail/14201207315711" "Mozilla/5.0 AppleWebKit/537.36 (KHTML, like Gecko; compatible; GPTBot/1.3; +https://openai.com/gptbot)"
74.7.241.28 - - [19/Mar/2026:15:18:21 +0000] "GET /buy.php?detail/14100207473565 HTTP/1.1" 200 154281 "https://inception-blue.com/buy.php?detail/14100008897090" "Mozilla/5.0 AppleWebKit/537.36 (KHTML, like Gecko; compatible; GPTBot/1.3; +https://openai.com/gptbot)"
74.7.241.28 - - [19/Mar/2026:15:18:24 +0000] "GET /buy.php?252000503.htm HTTP/1.1" 200 155426 "https://inception-blue.com/buy.php?252003777.htm" "Mozilla/5.0 AppleWebKit/537.36 (KHTML, like Gecko; compatible; GPTBot/1.3; +https://openai.com/gptbot)"
74.7.241.28 - - [19/Mar/2026:15:18:27 +0000] "GET /buy.php?detail/27202153556991 HTTP/1.1" 200 156784 "https://inception-blue.com/buy.php?detail/27201722270186" "Mozilla/5.0 AppleWebKit/537.36 (KHTML, like Gecko; compatible; GPTBot/1.3; +https://openai.com/gptbot)"
103.124.93.101 - - [19/Mar/2026:15:18:28 +0000] "GET /wp-login.php HTTP/1.1" 200 84588 "-" "Mozilla/4.0 (compatible; MSIE 7.0; Windows NT 10.0; Win64; x64; Trident/7.0; .NET4.0C; .NET4.0E; .NET CLR 2.0.50727; .NET CLR 3.0.30729; .NET CLR 3.5.30729)"
159.223.142.74 - - [19/Mar/2026:15:18:29 +0000] "POST /wp-cron.php?doing_wp_cron=1773933509.4232470989227294921875 HTTP/1.1" 404 185483 "-" "WordPress/6.9.4; https://inception-blue.com"
74.7.241.28 - - [19/Mar/2026:15:18:30 +0000] "GET /buy.php?detail/27100211429274 HTTP/1.1" 200 159114 "https://inception-blue.com/buy.php?detail/06202111530649" "Mozilla/5.0 AppleWebKit/537.36 (KHTML, like Gecko; compatible; GPTBot/1.3; +https://openai.com/gptbot)"
103.124.93.101 - - [19/Mar/2026:15:18:33 +0000] "POST /wp-login.php HTTP/1.1" 200 84837 "https://inception-blue.com/wp-login.php" "Mozilla/4.0 (compatible; MSIE 7.0; Windows NT 10.0; Win64; x64; Trident/7.0; .NET4.0C; .NET4.0E; .NET CLR 2.0.50727; .NET CLR 3.0.30729; .NET CLR 3.5.30729)"
74.7.241.28 - - [19/Mar/2026:15:18:33 +0000] "GET /buy.php?detail/06202734533166 HTTP/1.1" 200 155729 "https://inception-blue.com/buy.php?detail/06202111530649" "Mozilla/5.0 AppleWebKit/537.36 (KHTML, like Gecko; compatible; GPTBot/1.3; +https://openai.com/gptbot)"
74.7.241.28 - - [19/Mar/2026:15:18:36 +0000] "GET /buy.php?detail/29503154866784 HTTP/1.1" 200 156887 "https://inception-blue.com/buy.php?detail/03002174984416" "Mozilla/5.0 AppleWebKit/537.36 (KHTML, like Gecko; compatible; GPTBot/1.3; +https://openai.com/gptbot)"
74.7.241.28 - - [19/Mar/2026:15:18:39 +0000] "GET /buy.php?detail/21900194485122 HTTP/1.1" 200 155625 "https://inception-blue.com/buy.php?jp/272017251.html" "Mozilla/5.0 AppleWebKit/537.36 (KHTML, like Gecko; compatible; GPTBot/1.3; +https://openai.com/gptbot)"
74.7.241.28 - - [19/Mar/2026:15:18:43 +0000] "GET /buy.php?jp/196042257.html HTTP/1.1" 200 158049 "https://inception-blue.com/buy.php?detail/29304895603222" "Mozilla/5.0 AppleWebKit/537.36 (KHTML, like Gecko; compatible; GPTBot/1.3; +https://openai.com/gptbot)"
74.7.241.28 - - [19/Mar/2026:15:18:46 +0000] "GET /buy.php?detail/01804101315852 HTTP/1.1" 200 153073 "https://inception-blue.com/buy.php?detail/29304895603222" "Mozilla/5.0 AppleWebKit/537.36 (KHTML, like Gecko; compatible; GPTBot/1.3; +https://openai.com/gptbot)"
66.249.77.5 - - [19/Mar/2026:15:18:50 +0000] "GET /59941967 HTTP/1.1" 200 301349 "-" "Mozilla/5.0 (Linux; Android 6.0.1; Nexus 5X Build/MMB29P) AppleWebKit/537.36 (KHTML, like Gecko) Chrome/145.0.7632.159 Mobile Safari/537.36 (compatible; Googlebot/2.1; +http://www.google.com/bot.html)"
74.7.241.28 - - [19/Mar/2026:15:18:49 +0000] "GET /buy.php?detail/049022571851 HTTP/1.1" 200 156024 "https://inception-blue.com/buy.php?detail/14203710820061" "Mozilla/5.0 AppleWebKit/537.36 (KHTML, like Gecko; compatible; GPTBot/1.3; +https://openai.com/gptbot)"
45.227.253.15 - - [19/Mar/2026:15:18:52 +0000] "GET /wp-includes/Text/MH_configs_20260301022511/MH_configs_20260301022511/index.php?of=1 HTTP/1.1" 200 5879 "-" "Mozilla/5.0 (Windows NT 10.0; Win64; x64) AppleWebKit/537.36 (KHTML, like Gecko) Chrome/85.0.4183.83 Safari/537.35"
74.7.241.28 - - [19/Mar/2026:15:18:52 +0000] "GET /buy.php?detail/14200101229398 HTTP/1.1" 200 155016 "https://inception-blue.com/buy.php?detail/14202180859308" "Mozilla/5.0 AppleWebKit/537.36 (KHTML, like Gecko; compatible; GPTBot/1.3; +https://openai.com/gptbot)"
74.7.241.28 - - [19/Mar/2026:15:18:55 +0000] "GET /buy.php?detail/24203543525007 HTTP/1.1" 200 153026 "https://inception-blue.com/buy.php?detail/27201725105076" "Mozilla/5.0 AppleWebKit/537.36 (KHTML, like Gecko; compatible; GPTBot/1.3; +https://openai.com/gptbot)"
74.7.241.28 - - [19/Mar/2026:15:18:58 +0000] "GET /buy.php?detail/27201676090090 HTTP/1.1" 200 160421 "https://inception-blue.com/buy.php?jp/272017251.html" "Mozilla/5.0 AppleWebKit/537.36 (KHTML, like Gecko; compatible; GPTBot/1.3; +https://openai.com/gptbot)"
74.7.241.28 - - [19/Mar/2026:15:19:01 +0000] "GET /buy.php?detail/29001574209127 HTTP/1.1" 200 166980 "https://inception-blue.com/buy.php?detail/14100207473565" "Mozilla/5.0 AppleWebKit/537.36 (KHTML, like Gecko; compatible; GPTBot/1.3; +https://openai.com/gptbot)"
74.7.241.28 - - [19/Mar/2026:15:19:05 +0000] "GET /buy.php?detail/13001971876980 HTTP/1.1" 200 158503 "https://inception-blue.com/buy.php?detail/01502064725802" "Mozilla/5.0 AppleWebKit/537.36 (KHTML, like Gecko; compatible; GPTBot/1.3; +https://openai.com/gptbot)"
74.7.241.28 - - [19/Mar/2026:15:19:08 +0000] "GET /buy.php?detail/18002798972253 HTTP/1.1" 200 144211 "https://inception-blue.com/buy.php?jp/272017251.html" "Mozilla/5.0 AppleWebKit/537.36 (KHTML, like Gecko; compatible; GPTBot/1.3; +https://openai.com/gptbot)"
74.7.241.28 - - [19/Mar/2026:15:19:11 +0000] "GET /buy.php?detail/19202704106631 HTTP/1.1" 200 154481 "https://inception-blue.com/buy.php?detail/27100211429274" "Mozilla/5.0 AppleWebKit/537.36 (KHTML, like Gecko; compatible; GPTBot/1.3; +https://openai.com/gptbot)"
74.7.241.28 - - [19/Mar/2026:15:19:14 +0000] "GET /buy.php?detail/21002933701003 HTTP/1.1" 200 144730 "https://inception-blue.com/buy.php?detail/21900194485122" "Mozilla/5.0 AppleWebKit/537.36 (KHTML, like Gecko; compatible; GPTBot/1.3; +https://openai.com/gptbot)"
74.7.241.28 - - [19/Mar/2026:15:19:17 +0000] "GET /buy.php?detail/21901986384488 HTTP/1.1" 200 152485 "https://inception-blue.com/buy.php?detail/21900194485122" "Mozilla/5.0 AppleWebKit/537.36 (KHTML, like Gecko; compatible; GPTBot/1.3; +https://openai.com/gptbot)"
74.7.241.28 - - [19/Mar/2026:15:19:21 +0000] "GET /buy.php?detail/00202340199072 HTTP/1.1" 200 165440 "https://inception-blue.com/buy.php?detail/01804101315852" "Mozilla/5.0 AppleWebKit/537.36 (KHTML, like Gecko; compatible; GPTBot/1.3; +https://openai.com/gptbot)"
74.7.241.28 - - [19/Mar/2026:15:19:24 +0000] "GET /buy.php?detail/26501706157134 HTTP/1.1" 200 156326 "https://inception-blue.com/buy.php?detail/01804101315852" "Mozilla/5.0 AppleWebKit/537.36 (KHTML, like Gecko; compatible; GPTBot/1.3; +https://openai.com/gptbot)"
74.7.241.28 - - [19/Mar/2026:15:19:27 +0000] "GET /buy.php?detail/07900432801419 HTTP/1.1" 200 156405 "https://inception-blue.com/buy.php?detail/06202734533166" "Mozilla/5.0 AppleWebKit/537.36 (KHTML, like Gecko; compatible; GPTBot/1.3; +https://openai.com/gptbot)"
74.7.241.28 - - [19/Mar/2026:15:19:30 +0000] "GET /buy.php?detail/24200016378130 HTTP/1.1" 200 154177 "https://inception-blue.com/buy.php?detail/24203543525007" "Mozilla/5.0 AppleWebKit/537.36 (KHTML, like Gecko; compatible; GPTBot/1.3; +https://openai.com/gptbot)"
74.7.241.28 - - [19/Mar/2026:15:19:33 +0000] "GET /buy.php?detail/17103374114166 HTTP/1.1" 200 156192 "https://inception-blue.com/buy.php?detail/27201676090090" "Mozilla/5.0 AppleWebKit/537.36 (KHTML, like Gecko; compatible; GPTBot/1.3; +https://openai.com/gptbot)"
74.7.241.28 - - [19/Mar/2026:15:19:36 +0000] "GET /buy.php?detail/06404632755338 HTTP/1.1" 200 156465 "https://inception-blue.com/buy.php?detail/24203543525007" "Mozilla/5.0 AppleWebKit/537.36 (KHTML, like Gecko; compatible; GPTBot/1.3; +https://openai.com/gptbot)"
66.249.77.3 - - [19/Mar/2026:15:19:40 +0000] "GET /46550835 HTTP/1.1" 200 351619 "-" "Mozilla/5.0 (Linux; Android 6.0.1; Nexus 5X Build/MMB29P) AppleWebKit/537.36 (KHTML, like Gecko) Chrome/145.0.7632.159 Mobile Safari/537.36 (compatible; Googlebot/2.1; +http://www.google.com/bot.html)"
74.7.241.28 - - [19/Mar/2026:15:19:39 +0000] "GET /buy.php?m30999107023 HTTP/1.1" 200 153749 "https://inception-blue.com/buy.php?detail/29304895603222" "Mozilla/5.0 AppleWebKit/537.36 (KHTML, like Gecko; compatible; GPTBot/1.3; +https://openai.com/gptbot)"
74.7.241.28 - - [19/Mar/2026:15:19:42 +0000] "GET /buy.php?252001999.htm HTTP/1.1" 200 152973 "https://inception-blue.com/buy.php?252000503.htm" "Mozilla/5.0 AppleWebKit/537.36 (KHTML, like Gecko; compatible; GPTBot/1.3; +https://openai.com/gptbot)"
74.7.241.28 - - [19/Mar/2026:15:19:45 +0000] "GET /buy.php?070004637.htm HTTP/1.1" 200 165337 "https://inception-blue.com/buy.php?252003777.htm" "Mozilla/5.0 AppleWebKit/537.36 (KHTML, like Gecko; compatible; GPTBot/1.3; +https://openai.com/gptbot)"
74.7.241.28 - - [19/Mar/2026:15:19:49 +0000] "GET /buy.php?detail/20500217191556 HTTP/1.1" 200 161605 "https://inception-blue.com/buy.php?detail/21002933701003" "Mozilla/5.0 AppleWebKit/537.36 (KHTML, like Gecko; compatible; GPTBot/1.3; +https://openai.com/gptbot)"
74.7.241.28 - - [19/Mar/2026:15:19:52 +0000] "GET /buy.php?jp/091030931.html HTTP/1.1" 200 156834 "https://inception-blue.com/buy.php?detail/21901986384488" "Mozilla/5.0 AppleWebKit/537.36 (KHTML, like Gecko; compatible; GPTBot/1.3; +https://openai.com/gptbot)"
74.7.241.28 - - [19/Mar/2026:15:19:55 +0000] "GET /buy.php?jp/038040441.html HTTP/1.1" 200 152670 "https://inception-blue.com/buy.php?detail/21901986384488" "Mozilla/5.0 AppleWebKit/537.36 (KHTML, like Gecko; compatible; GPTBot/1.3; +https://openai.com/gptbot)"
20.150.153.72 - - [19/Mar/2026:15:19:57 +0000] "GET /le_connector/connector.php?encode=no HTTP/1.1" 404 185482 "-" "Mozilla/5.0 (X11; Linux x86_64; rv:128.0) Gecko/20100101 Firefox/128.0"
159.223.142.74 - - [19/Mar/2026:15:19:58 +0000] "POST /wp-cron.php?doing_wp_cron=1773933598.5298600196838378906250 HTTP/1.1" 403 185482 "-" "WordPress/6.9.4; https://inception-blue.com"
74.7.241.28 - - [19/Mar/2026:15:19:58 +0000] "GET /buy.php?detail/21901759333467 HTTP/1.1" 200 154267 "https://inception-blue.com/buy.php?detail/21901986384488" "Mozilla/5.0 AppleWebKit/537.36 (KHTML, like Gecko; compatible; GPTBot/1.3; +https://openai.com/gptbot)"
74.7.241.28 - - [19/Mar/2026:15:20:01 +0000] "GET /buy.php?detail/00403276518503 HTTP/1.1" 200 155189 "https://inception-blue.com/buy.php?detail/07900432801419" "Mozilla/5.0 AppleWebKit/537.36 (KHTML, like Gecko; compatible; GPTBot/1.3; +https://openai.com/gptbot)"
74.7.241.28 - - [19/Mar/2026:15:20:05 +0000] "GET /buy.php?detail/11504853001564 HTTP/1.1" 200 156190 "https://inception-blue.com/buy.php?detail/24200016378130" "Mozilla/5.0 AppleWebKit/537.36 (KHTML, like Gecko; compatible; GPTBot/1.3; +https://openai.com/gptbot)"
62.210.185.4 - - [19/Mar/2026:15:20:08 +0000] "GET /wp-login.php HTTP/1.1" 200 84587 "-" "Mozilla/4.0 (compatible; MSIE 7.0; Windows NT 10.0; Win64; x64; Trident/7.0; .NET4.0C; .NET4.0E; .NET CLR 2.0.50727; .NET CLR 3.0.30729; .NET CLR 3.5.30729)"
74.7.241.28 - - [19/Mar/2026:15:20:08 +0000] "GET /buy.php?detail/05901701093543 HTTP/1.1" 200 154295 "https://inception-blue.com/buy.php?detail/17103374114166" "Mozilla/5.0 AppleWebKit/537.36 (KHTML, like Gecko; compatible; GPTBot/1.3; +https://openai.com/gptbot)"
62.210.185.4 - - [19/Mar/2026:15:20:09 +0000] "POST /wp-login.php HTTP/1.1" 200 84836 "https://inception-blue.com/wp-login.php" "Mozilla/4.0 (compatible; MSIE 7.0; Windows NT 10.0; Win64; x64; Trident/7.0; .NET4.0C; .NET4.0E; .NET CLR 2.0.50727; .NET CLR 3.0.30729; .NET CLR 3.5.30729)"
74.7.241.28 - - [19/Mar/2026:15:20:11 +0000] "GET /buy.php?detail/17401295709674 HTTP/1.1" 200 153813 "https://inception-blue.com/buy.php?detail/07900432801419" "Mozilla/5.0 AppleWebKit/537.36 (KHTML, like Gecko; compatible; GPTBot/1.3; +https://openai.com/gptbot)"
74.7.241.28 - - [19/Mar/2026:15:20:14 +0000] "GET /buy.php?detail/27800151984500 HTTP/1.1" 200 153668 "https://inception-blue.com/buy.php?detail/24200016378130" "Mozilla/5.0 AppleWebKit/537.36 (KHTML, like Gecko; compatible; GPTBot/1.3; +https://openai.com/gptbot)"
74.7.241.28 - - [19/Mar/2026:15:20:17 +0000] "GET /buy.php?detail/02204215303771 HTTP/1.1" 200 160166 "https://inception-blue.com/buy.php?detail/26501706157134" "Mozilla/5.0 AppleWebKit/537.36 (KHTML, like Gecko; compatible; GPTBot/1.3; +https://openai.com/gptbot)"
74.7.241.28 - - [19/Mar/2026:15:20:20 +0000] "GET /buy.php?detail/25004606916271 HTTP/1.1" 200 168663 "https://inception-blue.com/buy.php?detail/24200016378130" "Mozilla/5.0 AppleWebKit/537.36 (KHTML, like Gecko; compatible; GPTBot/1.3; +https://openai.com/gptbot)"
74.7.241.28 - - [19/Mar/2026:15:20:24 +0000] "GET /buy.php?detail/05500623378396 HTTP/1.1" 200 158417 "https://inception-blue.com/buy.php?detail/00202340199072" "Mozilla/5.0 AppleWebKit/537.36 (KHTML, like Gecko; compatible; GPTBot/1.3; +https://openai.com/gptbot)"
45.227.253.15 - - [19/Mar/2026:15:20:25 +0000] "GET /wp-includes/blocks/archives/archives/index.php?of=1 HTTP/1.1" 200 5660 "-" "Mozilla/5.0 (Macintosh; Intel Mac OS X 10.15; rv:103.0) Gecko/20100101 Firefox/102.0"
74.7.241.28 - - [19/Mar/2026:15:20:27 +0000] "GET /buy.php?m14483599921 HTTP/1.1" 200 152456 "https://inception-blue.com/buy.php?detail/06404632755338" "Mozilla/5.0 AppleWebKit/537.36 (KHTML, like Gecko; compatible; GPTBot/1.3; +https://openai.com/gptbot)"
74.7.241.28 - - [19/Mar/2026:15:20:30 +0000] "GET /buy.php?detail/03801319008034 HTTP/1.1" 200 152965 "https://inception-blue.com/buy.php?jp/038040441.html" "Mozilla/5.0 AppleWebKit/537.36 (KHTML, like Gecko; compatible; GPTBot/1.3; +https://openai.com/gptbot)"
66.249.77.4 - - [19/Mar/2026:15:20:30 +0000] "GET /963158653 HTTP/1.1" 200 302003 "-" "Mozilla/5.0 (Linux; Android 6.0.1; Nexus 5X Build/MMB29P) AppleWebKit/537.36 (KHTML, like Gecko) Chrome/145.0.7632.159 Mobile Safari/537.36 (compatible; Googlebot/2.1; +http://www.google.com/bot.html)"
74.7.241.28 - - [19/Mar/2026:15:20:33 +0000] "GET /buy.php?detail/14501680286161 HTTP/1.1" 200 150076 "https://inception-blue.com/buy.php?detail/21901759333467" "Mozilla/5.0 AppleWebKit/537.36 (KHTML, like Gecko; compatible; GPTBot/1.3; +https://openai.com/gptbot)"
74.7.241.28 - - [19/Mar/2026:15:20:36 +0000] "GET /buy.php?detail/20200334472908 HTTP/1.1" 200 158416 "https://inception-blue.com/buy.php?detail/21901759333467" "Mozilla/5.0 AppleWebKit/537.36 (KHTML, like Gecko; compatible; GPTBot/1.3; +https://openai.com/gptbot)"
74.7.241.28 - - [19/Mar/2026:15:20:39 +0000] "GET /buy.php?detail/21901175201497 HTTP/1.1" 200 153939 "https://inception-blue.com/buy.php?detail/21901759333467" "Mozilla/5.0 AppleWebKit/537.36 (KHTML, like Gecko; compatible; GPTBot/1.3; +https://openai.com/gptbot)"
74.7.241.28 - - [19/Mar/2026:15:20:42 +0000] "GET /buy.php?detail/21901268970869 HTTP/1.1" 200 162139 "https://inception-blue.com/buy.php?detail/21901759333467" "Mozilla/5.0 AppleWebKit/537.36 (KHTML, like Gecko; compatible; GPTBot/1.3; +https://openai.com/gptbot)"
45.227.253.15 - - [19/Mar/2026:15:20:46 +0000] "GET /wp-admin/wp-admin/index.php?of=1 HTTP/1.1" 200 5624 "-" "Mozilla/5.0 (Macintosh; Intel Mac OS X 10.15; rv:80.0) Gecko/20100101 Firefox/80.0"
45.227.253.15 - - [19/Mar/2026:15:20:46 +0000] "GET /wp-admin/js/js/index.php?of=1 HTTP/1.1" 200 6391 "-" "Mozilla/5.0 (Windows NT 10.0; Win64; x64) AppleWebKit/537.36 (KHTML, like Gecko) Chrome/76.0.3800 Safari/537.36 Edg/76.0.140.6"
74.7.241.28 - - [19/Mar/2026:15:20:45 +0000] "GET /buy.php?detail/17201554703175 HTTP/1.1" 200 162403 "https://inception-blue.com/buy.php?detail/17401295709674" "Mozilla/5.0 AppleWebKit/537.36 (KHTML, like Gecko; compatible; GPTBot/1.3; +https://openai.com/gptbot)"
74.7.241.28 - - [19/Mar/2026:15:20:48 +0000] "GET /buy.php?148019333.htm HTTP/1.1" 200 153968 "https://inception-blue.com/buy.php?m81478533337" "Mozilla/5.0 AppleWebKit/537.36 (KHTML, like Gecko; compatible; GPTBot/1.3; +https://openai.com/gptbot)"
66.249.77.3 - - [19/Mar/2026:15:20:52 +0000] "GET /robots.txt HTTP/1.1" 304 - "-" "Mozilla/5.0 (compatible; Googlebot/2.1; +http://www.google.com/bot.html)"
74.7.241.28 - - [19/Mar/2026:15:20:52 +0000] "GET /buy.php?detail/01504961927669 HTTP/1.1" 200 154703 "https://inception-blue.com/buy.php?detail/02204215303771" "Mozilla/5.0 AppleWebKit/537.36 (KHTML, like Gecko; compatible; GPTBot/1.3; +https://openai.com/gptbot)"
74.7.241.28 - - [19/Mar/2026:15:20:55 +0000] "GET /buy.php?252000357.htm HTTP/1.1" 200 154969 "https://inception-blue.com/buy.php?252003777.htm" "Mozilla/5.0 AppleWebKit/537.36 (KHTML, like Gecko; compatible; GPTBot/1.3; +https://openai.com/gptbot)"
74.7.241.28 - - [19/Mar/2026:15:20:58 +0000] "GET /buy.php?detail/11902151827529 HTTP/1.1" 200 153092 "https://inception-blue.com/buy.php?detail/05500623378396" "Mozilla/5.0 AppleWebKit/537.36 (KHTML, like Gecko; compatible; GPTBot/1.3; +https://openai.com/gptbot)"
74.7.241.28 - - [19/Mar/2026:15:21:01 +0000] "GET /buy.php?094000281.htm HTTP/1.1" 200 154601 "https://inception-blue.com/buy.php?m14483599921" "Mozilla/5.0 AppleWebKit/537.36 (KHTML, like Gecko; compatible; GPTBot/1.3; +https://openai.com/gptbot)"
74.7.241.28 - - [19/Mar/2026:15:21:04 +0000] "GET /buy.php?detail/21304868119745 HTTP/1.1" 200 157548 "https://inception-blue.com/buy.php?detail/01804101315852" "Mozilla/5.0 AppleWebKit/537.36 (KHTML, like Gecko; compatible; GPTBot/1.3; +https://openai.com/gptbot)"
74.7.241.28 - - [19/Mar/2026:15:21:08 +0000] "GET /buy.php?jp/213048681.html HTTP/1.1" 200 157481 "https://inception-blue.com/buy.php?detail/21304868119745" "Mozilla/5.0 AppleWebKit/537.36 (KHTML, like Gecko; compatible; GPTBot/1.3; +https://openai.com/gptbot)"
74.7.241.28 - - [19/Mar/2026:15:21:11 +0000] "GET /buy.php?detail/03801391665720 HTTP/1.1" 200 153386 "https://inception-blue.com/buy.php?jp/038040441.html" "Mozilla/5.0 AppleWebKit/537.36 (KHTML, like Gecko; compatible; GPTBot/1.3; +https://openai.com/gptbot)"
74.7.241.28 - - [19/Mar/2026:15:21:14 +0000] "GET /buy.php?detail/20703847063936 HTTP/1.1" 200 166260 "https://inception-blue.com/buy.php?detail/20200334472908" "Mozilla/5.0 AppleWebKit/537.36 (KHTML, like Gecko; compatible; GPTBot/1.3; +https://openai.com/gptbot)"
74.7.241.28 - - [19/Mar/2026:15:21:17 +0000] "GET /buy.php?detail/20200812656977 HTTP/1.1" 200 154267 "https://inception-blue.com/buy.php?detail/20200334472908" "Mozilla/5.0 AppleWebKit/537.36 (KHTML, like Gecko; compatible; GPTBot/1.3; +https://openai.com/gptbot)"
74.7.241.28 - - [19/Mar/2026:15:21:20 +0000] "GET /buy.php?detail/16401848783964 HTTP/1.1" 200 162548 "https://inception-blue.com/buy.php?detail/21901268970869" "Mozilla/5.0 AppleWebKit/537.36 (KHTML, like Gecko; compatible; GPTBot/1.3; +https://openai.com/gptbot)"
66.249.77.3 - - [19/Mar/2026:15:21:20 +0000] "GET /38842114 HTTP/1.1" 200 311833 "-" "Mozilla/5.0 (Linux; Android 6.0.1; Nexus 5X Build/MMB29P) AppleWebKit/537.36 (KHTML, like Gecko) Chrome/145.0.7632.159 Mobile Safari/537.36 (compatible; Googlebot/2.1; +http://www.google.com/bot.html)"
74.7.241.28 - - [19/Mar/2026:15:21:23 +0000] "GET /buy.php?detail/23500654353284 HTTP/1.1" 200 154691 "https://inception-blue.com/buy.php?detail/17201554703175" "Mozilla/5.0 AppleWebKit/537.36 (KHTML, like Gecko; compatible; GPTBot/1.3; +https://openai.com/gptbot)"
45.227.253.15 - - [19/Mar/2026:15:21:25 +0000] "GET /MH_configs_20260202195324/MH_configs_20260318221640/MH_configs_20260318221640/index.php?of=1 HTTP/1.1" 200 5866 "-" "Mozilla/5.0 (Macintosh; Intel Mac OS X 10.15; rv:103.0) Gecko/20100101 Firefox/103.0"
74.7.241.28 - - [19/Mar/2026:15:21:26 +0000] "GET /buy.php?jp/210032626.html HTTP/1.1" 200 154876 "https://inception-blue.com/buy.php?148019333.htm" "Mozilla/5.0 AppleWebKit/537.36 (KHTML, like Gecko; compatible; GPTBot/1.3; +https://openai.com/gptbot)"
74.7.241.28 - - [19/Mar/2026:15:21:30 +0000] "GET /buy.php?detail/01502385944800 HTTP/1.1" 200 159229 "https://inception-blue.com/buy.php?detail/01504961927669" "Mozilla/5.0 AppleWebKit/537.36 (KHTML, like Gecko; compatible; GPTBot/1.3; +https://openai.com/gptbot)"
74.7.241.28 - - [19/Mar/2026:15:21:33 +0000] "GET /buy.php?detail/20503901872498 HTTP/1.1" 200 162228 "https://inception-blue.com/buy.php?detail/20500217191556" "Mozilla/5.0 AppleWebKit/537.36 (KHTML, like Gecko; compatible; GPTBot/1.3; +https://openai.com/gptbot)"
74.7.241.28 - - [19/Mar/2026:15:21:36 +0000] "GET /buy.php?detail/18700430195869 HTTP/1.1" 200 154118 "https://inception-blue.com/buy.php?detail/18700645161090" "Mozilla/5.0 AppleWebKit/537.36 (KHTML, like Gecko; compatible; GPTBot/1.3; +https://openai.com/gptbot)"
