74.7.241.28 - - [19/Mar/2026:12:32:51 +0000] "GET /buy.php?detail/04803924688086 HTTP/1.1" 200 165072 "https://inception-blue.com/buy.php?152011103.htm" "Mozilla/5.0 AppleWebKit/537.36 (KHTML, like Gecko; compatible; GPTBot/1.3; +https://openai.com/gptbot)"
2a02:c207:3018:3597::1 - - [19/Mar/2026:12:32:53 +0000] "GET /comments/feed/?dir=%2Fvar%2Fcache%2Fman%2Fda&read=%2Fvar%2Fcache%2Fman%2Fda%2Findex.db HTTP/1.1" 200 13907 "-" "Mozilla/5.0 (compatible; MJ12bot/v1.4.8; http://mj12bot.com/)"
74.7.241.28 - - [19/Mar/2026:12:32:54 +0000] "GET /buy.php?detail/12700298174658 HTTP/1.1" 200 159991 "https://inception-blue.com/buy.php?detail/12703465683854" "Mozilla/5.0 AppleWebKit/537.36 (KHTML, like Gecko; compatible; GPTBot/1.3; +https://openai.com/gptbot)"
2a02:c207:3018:3597::1 - - [19/Mar/2026:12:32:58 +0000] "GET /comments/feed/?dir=/var/cache/man/de&read=/var/cache/man/de/CACHEDIR.TAG HTTP/1.1" 301 12380 "-" "Mozilla/5.0 (compatible; MJ12bot/v1.4.8; http://mj12bot.com/)"
74.7.241.28 - - [19/Mar/2026:12:32:58 +0000] "GET /buy.php?detail/29402055580545 HTTP/1.1" 200 161597 "https://inception-blue.com/buy.php?detail/19400278277020" "Mozilla/5.0 AppleWebKit/537.36 (KHTML, like Gecko; compatible; GPTBot/1.3; +https://openai.com/gptbot)"
2a02:c207:3018:3597::1 - - [19/Mar/2026:12:33:02 +0000] "GET /comments/feed/?dir=%2Fvar%2Fcache%2Fman%2Fde&read=%2Fvar%2Fcache%2Fman%2Fde%2FCACHEDIR.TAG HTTP/1.1" 200 14109 "-" "Mozilla/5.0 (compatible; MJ12bot/v1.4.8; http://mj12bot.com/)"
66.249.77.4 - - [19/Mar/2026:12:33:01 +0000] "GET /?u=xzefl83lz25089msdjdb HTTP/1.1" 200 334581 "-" "Mozilla/5.0 (Linux; Android 6.0.1; Nexus 5X Build/MMB29P) AppleWebKit/537.36 (KHTML, like Gecko) Chrome/145.0.7632.159 Mobile Safari/537.36 (compatible; Googlebot/2.1; +http://www.google.com/bot.html)"
74.7.241.28 - - [19/Mar/2026:12:33:01 +0000] "GET /buy.php?detail/27104752128933 HTTP/1.1" 200 167127 "https://inception-blue.com/buy.php?detail/17604568250886" "Mozilla/5.0 AppleWebKit/537.36 (KHTML, like Gecko; compatible; GPTBot/1.3; +https://openai.com/gptbot)"
74.7.241.28 - - [19/Mar/2026:12:33:04 +0000] "GET /buy.php?detail/03902991134111 HTTP/1.1" 200 155914 "https://inception-blue.com/buy.php?detail/27600262568140" "Mozilla/5.0 AppleWebKit/537.36 (KHTML, like Gecko; compatible; GPTBot/1.3; +https://openai.com/gptbot)"
2a02:c207:3018:3597::1 - - [19/Mar/2026:12:33:07 +0000] "GET /comments/feed/?dir=/var/cache/man/de&read=/var/cache/man/de/index.db HTTP/1.1" 301 12183 "-" "Mozilla/5.0 (compatible; MJ12bot/v1.4.8; http://mj12bot.com/)"
74.7.241.28 - - [19/Mar/2026:12:33:07 +0000] "GET /buy.php?detail/27600461868219 HTTP/1.1" 200 161816 "https://inception-blue.com/buy.php?detail/27600262568140" "Mozilla/5.0 AppleWebKit/537.36 (KHTML, like Gecko; compatible; GPTBot/1.3; +https://openai.com/gptbot)"
2a02:c207:3018:3597::1 - - [19/Mar/2026:12:33:11 +0000] "GET /comments/feed/?dir=%2Fvar%2Fcache%2Fman%2Fde&read=%2Fvar%2Fcache%2Fman%2Fde%2Findex.db HTTP/1.1" 200 13907 "-" "Mozilla/5.0 (compatible; MJ12bot/v1.4.8; http://mj12bot.com/)"
74.7.241.28 - - [19/Mar/2026:12:33:10 +0000] "GET /buy.php?detail/03301979879121 HTTP/1.1" 200 154388 "https://inception-blue.com/buy.php?detail/21800395669559" "Mozilla/5.0 AppleWebKit/537.36 (KHTML, like Gecko; compatible; GPTBot/1.3; +https://openai.com/gptbot)"
176.65.132.19 - - [19/Mar/2026:12:33:14 +0000] "GET /wp-login.php HTTP/1.1" 200 84588 "https://wordpress.org/" "Mozilla/5.0 (Macintosh; Intel Mac OS X 10_15_7; rv:121.0) Gecko/20100101 Firefox/121.0"
74.7.241.28 - - [19/Mar/2026:12:33:14 +0000] "GET /buy.php?detail/21804159800701 HTTP/1.1" 200 154991 "https://inception-blue.com/buy.php?detail/21800395669559" "Mozilla/5.0 AppleWebKit/537.36 (KHTML, like Gecko; compatible; GPTBot/1.3; +https://openai.com/gptbot)"
176.65.132.19 - - [19/Mar/2026:12:33:15 +0000] "GET /wp-login.php HTTP/1.1" 200 84587 "https://www.google.com/search?q=wordpress" "Mozilla/5.0 (Windows NT 10.0; Win64; x64) AppleWebKit/537.36 (KHTML, like Gecko) Chrome/121.0.0.0 Safari/537.36"
176.65.132.19 - - [19/Mar/2026:12:33:17 +0000] "GET /wp-admin/ HTTP/1.1" 200 11 "https://www.bing.com/" "Mozilla/5.0 (Macintosh; Intel Mac OS X 10_15_7; rv:120.0) Gecko/20100101 Firefox/120.0"
2a02:c207:3018:3597::1 - - [19/Mar/2026:12:33:16 +0000] "GET /comments/feed/?dir=/var/cache/man/es&read=/var/cache/man/es/CACHEDIR.TAG HTTP/1.1" 200 12381 "-" "Mozilla/5.0 (compatible; MJ12bot/v1.4.8; http://mj12bot.com/)"
74.7.241.28 - - [19/Mar/2026:12:33:17 +0000] "GET /buy.php?detail/16701943546272 HTTP/1.1" 200 158808 "https://inception-blue.com/buy.php?detail/16702210289489" "Mozilla/5.0 AppleWebKit/537.36 (KHTML, like Gecko; compatible; GPTBot/1.3; +https://openai.com/gptbot)"
2a02:c207:3018:3597::1 - - [19/Mar/2026:12:33:21 +0000] "GET /comments/feed/?dir=/var/cache/man/es&read=/var/cache/man/es/index.db HTTP/1.1" 301 12183 "-" "Mozilla/5.0 (compatible; MJ12bot/v1.4.8; http://mj12bot.com/)"
74.7.241.28 - - [19/Mar/2026:12:33:20 +0000] "GET /buy.php?detail/22704937658117 HTTP/1.1" 200 150332 "https://inception-blue.com/buy.php?detail/08001465361427" "Mozilla/5.0 AppleWebKit/537.36 (KHTML, like Gecko; compatible; GPTBot/1.3; +https://openai.com/gptbot)"
74.7.241.28 - - [19/Mar/2026:12:33:23 +0000] "GET /buy.php?detail/12603843697941 HTTP/1.1" 200 160077 "https://inception-blue.com/buy.php?goods/067030998" "Mozilla/5.0 AppleWebKit/537.36 (KHTML, like Gecko; compatible; GPTBot/1.3; +https://openai.com/gptbot)"
2a02:c207:3018:3597::1 - - [19/Mar/2026:12:33:25 +0000] "GET /comments/feed/?dir=%2Fvar%2Fcache%2Fman%2Fes&read=%2Fvar%2Fcache%2Fman%2Fes%2Findex.db HTTP/1.1" 200 13907 "-" "Mozilla/5.0 (compatible; MJ12bot/v1.4.8; http://mj12bot.com/)"
74.7.241.28 - - [19/Mar/2026:12:33:26 +0000] "GET /buy.php?detail/05403378461955 HTTP/1.1" 200 153404 "https://inception-blue.com/buy.php?detail/21100107303052" "Mozilla/5.0 AppleWebKit/537.36 (KHTML, like Gecko; compatible; GPTBot/1.3; +https://openai.com/gptbot)"
2a02:c207:3018:3597::1 - - [19/Mar/2026:12:33:30 +0000] "GET /comments/feed/?dir=/var/cache/man/fr&read=/var/cache/man/fr/CACHEDIR.TAG HTTP/1.1" 301 12381 "-" "Mozilla/5.0 (compatible; MJ12bot/v1.4.8; http://mj12bot.com/)"
74.7.241.28 - - [19/Mar/2026:12:33:29 +0000] "GET /buy.php?detail/25501869379774 HTTP/1.1" 200 161121 "https://inception-blue.com/buy.php?detail/25501326485773" "Mozilla/5.0 AppleWebKit/537.36 (KHTML, like Gecko; compatible; GPTBot/1.3; +https://openai.com/gptbot)"
74.7.241.28 - - [19/Mar/2026:12:33:32 +0000] "GET /buy.php?detail/28400999049697 HTTP/1.1" 200 150308 "https://inception-blue.com/buy.php?detail/29402055580545" "Mozilla/5.0 AppleWebKit/537.36 (KHTML, like Gecko; compatible; GPTBot/1.3; +https://openai.com/gptbot)"
2a02:c207:3018:3597::1 - - [19/Mar/2026:12:33:34 +0000] "GET /comments/feed/?dir=%2Fvar%2Fcache%2Fman%2Ffr&read=%2Fvar%2Fcache%2Fman%2Ffr%2FCACHEDIR.TAG HTTP/1.1" 200 14109 "-" "Mozilla/5.0 (compatible; MJ12bot/v1.4.8; http://mj12bot.com/)"
74.7.241.28 - - [19/Mar/2026:12:33:36 +0000] "GET /buy.php?detail/27101215393027 HTTP/1.1" 200 159203 "https://inception-blue.com/buy.php?detail/27104752128933" "Mozilla/5.0 AppleWebKit/537.36 (KHTML, like Gecko; compatible; GPTBot/1.3; +https://openai.com/gptbot)"
2a02:c207:3018:3597::1 - - [19/Mar/2026:12:33:39 +0000] "GET /comments/feed/?dir=/var/cache/man/fr&read=/var/cache/man/fr/index.db HTTP/1.1" 301 12183 "-" "Mozilla/5.0 (compatible; MJ12bot/v1.4.8; http://mj12bot.com/)"
74.7.241.28 - - [19/Mar/2026:12:33:39 +0000] "GET /buy.php?detail/18804280523461 HTTP/1.1" 200 143934 "https://inception-blue.com/buy.php?detail/27104752128933" "Mozilla/5.0 AppleWebKit/537.36 (KHTML, like Gecko; compatible; GPTBot/1.3; +https://openai.com/gptbot)"
74.7.241.28 - - [19/Mar/2026:12:33:42 +0000] "GET /buy.php?detail/02301806117950 HTTP/1.1" 200 157672 "https://inception-blue.com/buy.php?detail/27600461868219" "Mozilla/5.0 AppleWebKit/537.36 (KHTML, like Gecko; compatible; GPTBot/1.3; +https://openai.com/gptbot)"
2a02:c207:3018:3597::1 - - [19/Mar/2026:12:33:43 +0000] "GET /comments/feed/?dir=%2Fvar%2Fcache%2Fman%2Ffr&read=%2Fvar%2Fcache%2Fman%2Ffr%2Findex.db HTTP/1.1" 200 13907 "-" "Mozilla/5.0 (compatible; MJ12bot/v1.4.8; http://mj12bot.com/)"
159.223.142.74 - - [19/Mar/2026:12:33:44 +0000] "POST /wp-cron.php?doing_wp_cron=1773923624.3798649311065673828125 HTTP/1.1" 403 185482 "-" "WordPress/6.9.4; https://inception-blue.com"
74.7.241.28 - - [19/Mar/2026:12:33:45 +0000] "GET /buy.php?detail/03300591982899 HTTP/1.1" 200 162646 "https://inception-blue.com/buy.php?detail/03301979879121" "Mozilla/5.0 AppleWebKit/537.36 (KHTML, like Gecko; compatible; GPTBot/1.3; +https://openai.com/gptbot)"
2a02:c207:3018:3597::1 - - [19/Mar/2026:12:33:49 +0000] "GET /comments/feed/?dir=/var/cache/dnf/wp-toolkit-thirdparties-4e213e8d49cac965 HTTP/1.1" 301 18683 "-" "Mozilla/5.0 (compatible; MJ12bot/v1.4.8; http://mj12bot.com/)"
74.7.241.28 - - [19/Mar/2026:12:33:49 +0000] "GET /buy.php?detail/27101214963647 HTTP/1.1" 200 164145 "https://inception-blue.com/buy.php?detail/27104752128933" "Mozilla/5.0 AppleWebKit/537.36 (KHTML, like Gecko; compatible; GPTBot/1.3; +https://openai.com/gptbot)"
66.249.77.3 - - [19/Mar/2026:12:33:51 +0000] "GET /459396532 HTTP/1.1" 200 303890 "-" "Mozilla/5.0 (Linux; Android 6.0.1; Nexus 5X Build/MMB29P) AppleWebKit/537.36 (KHTML, like Gecko) Chrome/145.0.7632.159 Mobile Safari/537.36 (compatible; Googlebot/2.1; +http://www.google.com/bot.html)"
74.7.241.28 - - [19/Mar/2026:12:33:52 +0000] "GET /buy.php?detail/03102180628608 HTTP/1.1" 200 146342 "https://inception-blue.com/buy.php?detail/03301979879121" "Mozilla/5.0 AppleWebKit/537.36 (KHTML, like Gecko; compatible; GPTBot/1.3; +https://openai.com/gptbot)"
2a02:c207:3018:3597::1 - - [19/Mar/2026:12:33:53 +0000] "GET /comments/feed/?dir=%2Fvar%2Fcache%2Fdnf%2Fwp-toolkit-thirdparties-4e213e8d49cac965 HTTP/1.1" 200 20398 "-" "Mozilla/5.0 (compatible; MJ12bot/v1.4.8; http://mj12bot.com/)"
74.7.241.28 - - [19/Mar/2026:12:33:55 +0000] "GET /buy.php?detail/04502492591646 HTTP/1.1" 200 152085 "https://inception-blue.com/buy.php?detail/03301979879121" "Mozilla/5.0 AppleWebKit/537.36 (KHTML, like Gecko; compatible; GPTBot/1.3; +https://openai.com/gptbot)"
2a02:c207:3018:3597::1 - - [19/Mar/2026:12:33:57 +0000] "GET /comments/feed/?dir=/var/cache/dnf/wp-toolkit-thirdparties-c8632ce8e09e9eb0/repodata HTTP/1.1" 301 15977 "-" "Mozilla/5.0 (compatible; MJ12bot/v1.4.8; http://mj12bot.com/)"
74.7.241.28 - - [19/Mar/2026:12:33:58 +0000] "GET /buy.php?detail/12600569175346 HTTP/1.1" 200 157915 "https://inception-blue.com/buy.php?detail/12603843697941" "Mozilla/5.0 AppleWebKit/537.36 (KHTML, like Gecko; compatible; GPTBot/1.3; +https://openai.com/gptbot)"
74.7.241.28 - - [19/Mar/2026:12:34:01 +0000] "GET /buy.php?detail/27904609315065 HTTP/1.1" 200 169498 "https://inception-blue.com/buy.php?detail/00100501648590" "Mozilla/5.0 AppleWebKit/537.36 (KHTML, like Gecko; compatible; GPTBot/1.3; +https://openai.com/gptbot)"
2a02:c207:3018:3597::1 - - [19/Mar/2026:12:34:02 +0000] "GET /comments/feed/?dir=%2Fvar%2Fcache%2Fdnf%2Fwp-toolkit-thirdparties-c8632ce8e09e9eb0%2Frepodata HTTP/1.1" 200 17703 "-" "Mozilla/5.0 (compatible; MJ12bot/v1.4.8; http://mj12bot.com/)"
74.7.241.28 - - [19/Mar/2026:12:34:04 +0000] "GET /buy.php?detail/27803780027055 HTTP/1.1" 200 154278 "https://inception-blue.com/buy.php?detail/25501869379774" "Mozilla/5.0 AppleWebKit/537.36 (KHTML, like Gecko; compatible; GPTBot/1.3; +https://openai.com/gptbot)"
2a02:c207:3018:3597::1 - - [19/Mar/2026:12:34:07 +0000] "GET /comments/feed/?dir=/var/cache/kcare/patches/none-dcef1ea2d18c1b8ad5670d938c725adaee8ecb4a-88-free&read=/var/cache/kcare/patches/none-dcef1ea2d18c1b8ad5670d938c725adaee8ecb4a-88-free/kcare.ko HTTP/1.1" 301 12624 "-" "Mozilla/5.0 (compatible; MJ12bot/v1.4.8; http://mj12bot.com/)"
74.7.241.28 - - [19/Mar/2026:12:34:07 +0000] "GET /buy.php?detail/24303610051208 HTTP/1.1" 200 153577 "https://inception-blue.com/buy.php?detail/28400999049697" "Mozilla/5.0 AppleWebKit/537.36 (KHTML, like Gecko; compatible; GPTBot/1.3; +https://openai.com/gptbot)"
74.7.241.28 - - [19/Mar/2026:12:34:11 +0000] "GET /buy.php?detail/28304321296165 HTTP/1.1" 200 163397 "https://inception-blue.com/buy.php?detail/02600795886805" "Mozilla/5.0 AppleWebKit/537.36 (KHTML, like Gecko; compatible; GPTBot/1.3; +https://openai.com/gptbot)"
2a02:c207:3018:3597::1 - - [19/Mar/2026:12:34:11 +0000] "GET /comments/feed/?dir=%2Fvar%2Fcache%2Fkcare%2Fpatches%2Fnone-dcef1ea2d18c1b8ad5670d938c725adaee8ecb4a-88-free&read=%2Fvar%2Fcache%2Fkcare%2Fpatches%2Fnone-dcef1ea2d18c1b8ad5670d938c725adaee8ecb4a-88-free%2Fkcare.ko HTTP/1.1" 200 14474 "-" "Mozilla/5.0 (compatible; MJ12bot/v1.4.8; http://mj12bot.com/)"
74.7.241.28 - - [19/Mar/2026:12:34:14 +0000] "GET /buy.php?detail/0820441832924 HTTP/1.1" 200 156908 "https://inception-blue.com/buy.php?detail/18804280523461" "Mozilla/5.0 AppleWebKit/537.36 (KHTML, like Gecko; compatible; GPTBot/1.3; +https://openai.com/gptbot)"
74.7.241.28 - - [19/Mar/2026:12:34:17 +0000] "GET /buy.php?detail/18800333912254 HTTP/1.1" 200 144244 "https://inception-blue.com/buy.php?detail/18804280523461" "Mozilla/5.0 AppleWebKit/537.36 (KHTML, like Gecko; compatible; GPTBot/1.3; +https://openai.com/gptbot)"
74.7.241.28 - - [19/Mar/2026:12:34:21 +0000] "GET /buy.php?detail/29404288861312 HTTP/1.1" 200 156013 "https://inception-blue.com/buy.php?detail/18804280523461" "Mozilla/5.0 AppleWebKit/537.36 (KHTML, like Gecko; compatible; GPTBot/1.3; +https://openai.com/gptbot)"
74.7.241.28 - - [19/Mar/2026:12:34:24 +0000] "GET /buy.php?detail/15403724243846 HTTP/1.1" 200 155988 "https://inception-blue.com/buy.php?detail/18804280523461" "Mozilla/5.0 AppleWebKit/537.36 (KHTML, like Gecko; compatible; GPTBot/1.3; +https://openai.com/gptbot)"
74.7.241.28 - - [19/Mar/2026:12:34:28 +0000] "GET /buy.php?detail/27102373323379 HTTP/1.1" 200 163359 "https://inception-blue.com/buy.php?detail/27101214963647" "Mozilla/5.0 AppleWebKit/537.36 (KHTML, like Gecko; compatible; GPTBot/1.3; +https://openai.com/gptbot)"
74.7.241.28 - - [19/Mar/2026:12:34:31 +0000] "GET /buy.php?detail/03300795892389 HTTP/1.1" 200 156079 "https://inception-blue.com/buy.php?detail/03300591982899" "Mozilla/5.0 AppleWebKit/537.36 (KHTML, like Gecko; compatible; GPTBot/1.3; +https://openai.com/gptbot)"
74.7.241.28 - - [19/Mar/2026:12:34:34 +0000] "GET /buy.php?detail/09102980581077 HTTP/1.1" 200 156350 "https://inception-blue.com/buy.php?detail/12600569175346" "Mozilla/5.0 AppleWebKit/537.36 (KHTML, like Gecko; compatible; GPTBot/1.3; +https://openai.com/gptbot)"
74.7.241.28 - - [19/Mar/2026:12:34:37 +0000] "GET /buy.php?detail/02301252907208 HTTP/1.1" 200 162439 "https://inception-blue.com/buy.php?detail/02301806117950" "Mozilla/5.0 AppleWebKit/537.36 (KHTML, like Gecko; compatible; GPTBot/1.3; +https://openai.com/gptbot)"
66.249.77.8 - - [19/Mar/2026:12:34:41 +0000] "GET /?w=dpcub217as32947nxeqhondqo HTTP/1.1" 200 305722 "-" "Mozilla/5.0 (Linux; Android 6.0.1; Nexus 5X Build/MMB29P) AppleWebKit/537.36 (KHTML, like Gecko) Chrome/145.0.7632.159 Mobile Safari/537.36 (compatible; Googlebot/2.1; +http://www.google.com/bot.html)"
74.7.241.28 - - [19/Mar/2026:12:34:40 +0000] "GET /buy.php?detail/27802102083257 HTTP/1.1" 200 151660 "https://inception-blue.com/buy.php?detail/27803780027055" "Mozilla/5.0 AppleWebKit/537.36 (KHTML, like Gecko; compatible; GPTBot/1.3; +https://openai.com/gptbot)"
74.7.241.28 - - [19/Mar/2026:12:34:44 +0000] "GET /buy.php?detail/01001428800402 HTTP/1.1" 200 152816 "https://inception-blue.com/buy.php?detail/02301806117950" "Mozilla/5.0 AppleWebKit/537.36 (KHTML, like Gecko; compatible; GPTBot/1.3; +https://openai.com/gptbot)"
74.7.241.28 - - [19/Mar/2026:12:34:47 +0000] "GET /buy.php?detail/28301033451353 HTTP/1.1" 200 158979 "https://inception-blue.com/buy.php?detail/28304321296165" "Mozilla/5.0 AppleWebKit/537.36 (KHTML, like Gecko; compatible; GPTBot/1.3; +https://openai.com/gptbot)"
74.7.241.28 - - [19/Mar/2026:12:34:50 +0000] "GET /buy.php?detail/082000146334 HTTP/1.1" 200 156886 "https://inception-blue.com/buy.php?detail/0820441832924" "Mozilla/5.0 AppleWebKit/537.36 (KHTML, like Gecko; compatible; GPTBot/1.3; +https://openai.com/gptbot)"
74.7.241.28 - - [19/Mar/2026:12:34:53 +0000] "GET /buy.php?detail/08200017450132 HTTP/1.1" 200 158839 "https://inception-blue.com/buy.php?detail/0820441832924" "Mozilla/5.0 AppleWebKit/537.36 (KHTML, like Gecko; compatible; GPTBot/1.3; +https://openai.com/gptbot)"
74.7.241.28 - - [19/Mar/2026:12:34:56 +0000] "GET /buy.php?detail/04103193265960 HTTP/1.1" 200 153708 "https://inception-blue.com/buy.php?detail/29404288861312" "Mozilla/5.0 AppleWebKit/537.36 (KHTML, like Gecko; compatible; GPTBot/1.3; +https://openai.com/gptbot)"
74.7.241.28 - - [19/Mar/2026:12:34:59 +0000] "GET /buy.php?detail/12600834688766 HTTP/1.1" 200 158984 "https://inception-blue.com/buy.php?detail/12600569175346" "Mozilla/5.0 AppleWebKit/537.36 (KHTML, like Gecko; compatible; GPTBot/1.3; +https://openai.com/gptbot)"
74.7.241.28 - - [19/Mar/2026:12:35:03 +0000] "GET /buy.php?detail/17801203546834 HTTP/1.1" 200 159586 "https://inception-blue.com/buy.php?detail/27803780027055" "Mozilla/5.0 AppleWebKit/537.36 (KHTML, like Gecko; compatible; GPTBot/1.3; +https://openai.com/gptbot)"
74.7.241.28 - - [19/Mar/2026:12:35:06 +0000] "GET /buy.php?detail/29103408774291 HTTP/1.1" 200 153662 "https://inception-blue.com/buy.php?detail/03300795892389" "Mozilla/5.0 AppleWebKit/537.36 (KHTML, like Gecko; compatible; GPTBot/1.3; +https://openai.com/gptbot)"
74.7.241.28 - - [19/Mar/2026:12:35:09 +0000] "GET /buy.php?detail/02502266155480 HTTP/1.1" 200 169358 "https://inception-blue.com/buy.php?detail/09102980581077" "Mozilla/5.0 AppleWebKit/537.36 (KHTML, like Gecko; compatible; GPTBot/1.3; +https://openai.com/gptbot)"
74.7.241.28 - - [19/Mar/2026:12:35:12 +0000] "GET /buy.php?detail/02001414282786 HTTP/1.1" 200 147317 "https://inception-blue.com/buy.php?detail/02301252907208" "Mozilla/5.0 AppleWebKit/537.36 (KHTML, like Gecko; compatible; GPTBot/1.3; +https://openai.com/gptbot)"
74.7.241.28 - - [19/Mar/2026:12:35:15 +0000] "GET /buy.php?detail/14102376024707 HTTP/1.1" 200 147961 "https://inception-blue.com/buy.php?detail/27802102083257" "Mozilla/5.0 AppleWebKit/537.36 (KHTML, like Gecko; compatible; GPTBot/1.3; +https://openai.com/gptbot)"
74.7.241.28 - - [19/Mar/2026:12:35:18 +0000] "GET /buy.php?detail/01000024853297 HTTP/1.1" 200 161857 "https://inception-blue.com/buy.php?detail/01001428800402" "Mozilla/5.0 AppleWebKit/537.36 (KHTML, like Gecko; compatible; GPTBot/1.3; +https://openai.com/gptbot)"
74.7.241.28 - - [19/Mar/2026:12:35:21 +0000] "GET /buy.php?detail/04104306791383 HTTP/1.1" 200 153860 "https://inception-blue.com/buy.php?detail/28301033451353" "Mozilla/5.0 AppleWebKit/537.36 (KHTML, like Gecko; compatible; GPTBot/1.3; +https://openai.com/gptbot)"
74.7.241.28 - - [19/Mar/2026:12:35:24 +0000] "GET /buy.php?detail/02301382832664 HTTP/1.1" 200 156331 "https://inception-blue.com/buy.php?detail/02301252907208" "Mozilla/5.0 AppleWebKit/537.36 (KHTML, like Gecko; compatible; GPTBot/1.3; +https://openai.com/gptbot)"
74.7.241.28 - - [19/Mar/2026:12:35:28 +0000] "GET /buy.php?detail/09100059057955 HTTP/1.1" 200 160435 "https://inception-blue.com/buy.php?detail/09102980581077" "Mozilla/5.0 AppleWebKit/537.36 (KHTML, like Gecko; compatible; GPTBot/1.3; +https://openai.com/gptbot)"
66.249.77.9 - - [19/Mar/2026:12:35:31 +0000] "GET /3070749 HTTP/1.1" 200 307222 "-" "Mozilla/5.0 (Linux; Android 6.0.1; Nexus 5X Build/MMB29P) AppleWebKit/537.36 (KHTML, like Gecko) Chrome/145.0.7632.159 Mobile Safari/537.36 (compatible; Googlebot/2.1; +http://www.google.com/bot.html)"
74.7.241.28 - - [19/Mar/2026:12:35:31 +0000] "GET /buy.php?detail/12103420148169 HTTP/1.1" 200 158901 "https://inception-blue.com/buy.php?detail/28301033451353" "Mozilla/5.0 AppleWebKit/537.36 (KHTML, like Gecko; compatible; GPTBot/1.3; +https://openai.com/gptbot)"
74.7.241.28 - - [19/Mar/2026:12:35:34 +0000] "GET /buy.php?detail/28702142725131 HTTP/1.1" 200 149399 "https://inception-blue.com/buy.php?detail/12600834688766" "Mozilla/5.0 AppleWebKit/537.36 (KHTML, like Gecko; compatible; GPTBot/1.3; +https://openai.com/gptbot)"
74.7.241.28 - - [19/Mar/2026:12:35:37 +0000] "GET /buy.php?m74256444036 HTTP/1.1" 200 162808 "https://inception-blue.com/buy.php?detail/09102980581077" "Mozilla/5.0 AppleWebKit/537.36 (KHTML, like Gecko; compatible; GPTBot/1.3; +https://openai.com/gptbot)"
74.7.241.28 - - [19/Mar/2026:12:35:40 +0000] "GET /buy.php?detail/20503173978933 HTTP/1.1" 200 154708 "https://inception-blue.com/buy.php?detail/29103408774291" "Mozilla/5.0 AppleWebKit/537.36 (KHTML, like Gecko; compatible; GPTBot/1.3; +https://openai.com/gptbot)"
74.7.241.28 - - [19/Mar/2026:12:35:43 +0000] "GET /buy.php?detail/00903225118876 HTTP/1.1" 200 153935 "https://inception-blue.com/buy.php?detail/17402848109852" "Mozilla/5.0 AppleWebKit/537.36 (KHTML, like Gecko; compatible; GPTBot/1.3; +https://openai.com/gptbot)"
74.7.241.28 - - [19/Mar/2026:12:35:46 +0000] "GET /buy.php?detail/02600531792434 HTTP/1.1" 200 158803 "https://inception-blue.com/buy.php?detail/02602966563823" "Mozilla/5.0 AppleWebKit/537.36 (KHTML, like Gecko; compatible; GPTBot/1.3; +https://openai.com/gptbot)"
74.7.241.28 - - [19/Mar/2026:12:35:50 +0000] "GET /buy.php?detail/24004052353198 HTTP/1.1" 200 144495 "https://inception-blue.com/buy.php?detail/14102376024707" "Mozilla/5.0 AppleWebKit/537.36 (KHTML, like Gecko; compatible; GPTBot/1.3; +https://openai.com/gptbot)"
74.7.241.28 - - [19/Mar/2026:12:35:53 +0000] "GET /buy.php?m36733312128 HTTP/1.1" 200 141704 "https://inception-blue.com/buy.php?detail/01000024853297" "Mozilla/5.0 AppleWebKit/537.36 (KHTML, like Gecko; compatible; GPTBot/1.3; +https://openai.com/gptbot)"
74.7.241.28 - - [19/Mar/2026:12:35:56 +0000] "GET /buy.php?detail/27704130918206 HTTP/1.1" 200 152743 "https://inception-blue.com/buy.php?100014867.htm" "Mozilla/5.0 AppleWebKit/537.36 (KHTML, like Gecko; compatible; GPTBot/1.3; +https://openai.com/gptbot)"
74.7.241.28 - - [19/Mar/2026:12:35:59 +0000] "GET /buy.php?detail/02301135300502 HTTP/1.1" 200 162358 "https://inception-blue.com/buy.php?detail/02301382832664" "Mozilla/5.0 AppleWebKit/537.36 (KHTML, like Gecko; compatible; GPTBot/1.3; +https://openai.com/gptbot)"
66.249.77.7 - - [19/Mar/2026:12:36:03 +0000] "GET /?detail/2290388686276 HTTP/1.1" 200 333477 "-" "Mozilla/5.0 (Linux; Android 6.0.1; Nexus 5X Build/MMB29P) AppleWebKit/537.36 (KHTML, like Gecko) Chrome/145.0.7632.159 Mobile Safari/537.36 (compatible; GoogleOther)"
74.7.241.28 - - [19/Mar/2026:12:36:02 +0000] "GET /buy.php?detail/00200306249819 HTTP/1.1" 200 154517 "https://inception-blue.com/buy.php?detail/09100059057955" "Mozilla/5.0 AppleWebKit/537.36 (KHTML, like Gecko; compatible; GPTBot/1.3; +https://openai.com/gptbot)"
74.7.241.28 - - [19/Mar/2026:12:36:06 +0000] "GET /buy.php?detail/01301175507242 HTTP/1.1" 200 153907 "https://inception-blue.com/buy.php?detail/09100059057955" "Mozilla/5.0 AppleWebKit/537.36 (KHTML, like Gecko; compatible; GPTBot/1.3; +https://openai.com/gptbot)"
74.7.241.28 - - [19/Mar/2026:12:36:09 +0000] "GET /buy.php?detail/13500972244815 HTTP/1.1" 200 153779 "https://inception-blue.com/buy.php?detail/00900098902333" "Mozilla/5.0 AppleWebKit/537.36 (KHTML, like Gecko; compatible; GPTBot/1.3; +https://openai.com/gptbot)"
74.7.241.28 - - [19/Mar/2026:12:36:12 +0000] "GET /buy.php?detail/20703684379539 HTTP/1.1" 200 153027 "https://inception-blue.com/buy.php?detail/14801672889642" "Mozilla/5.0 AppleWebKit/537.36 (KHTML, like Gecko; compatible; GPTBot/1.3; +https://openai.com/gptbot)"
74.7.241.28 - - [19/Mar/2026:12:36:15 +0000] "GET /buy.php?detail/20503806932825 HTTP/1.1" 200 165442 "https://inception-blue.com/buy.php?detail/20503173978933" "Mozilla/5.0 AppleWebKit/537.36 (KHTML, like Gecko; compatible; GPTBot/1.3; +https://openai.com/gptbot)"
74.7.241.28 - - [19/Mar/2026:12:36:18 +0000] "GET /buy.php?detail/13900873623545 HTTP/1.1" 200 164447 "https://inception-blue.com/buy.php?detail/10300117655455" "Mozilla/5.0 AppleWebKit/537.36 (KHTML, like Gecko; compatible; GPTBot/1.3; +https://openai.com/gptbot)"
66.249.77.8 - - [19/Mar/2026:12:36:21 +0000] "GET /?e=qwfad71raf711gqepvrin HTTP/1.1" 200 309526 "-" "Mozilla/5.0 (Linux; Android 6.0.1; Nexus 5X Build/MMB29P) AppleWebKit/537.36 (KHTML, like Gecko) Chrome/145.0.7632.159 Mobile Safari/537.36 (compatible; Googlebot/2.1; +http://www.google.com/bot.html)"
74.7.241.28 - - [19/Mar/2026:12:36:21 +0000] "GET /buy.php?m90502375050 HTTP/1.1" 200 154907 "https://inception-blue.com/buy.php?detail/02600531792434" "Mozilla/5.0 AppleWebKit/537.36 (KHTML, like Gecko; compatible; GPTBot/1.3; +https://openai.com/gptbot)"
74.7.241.28 - - [19/Mar/2026:12:36:25 +0000] "GET /buy.php?detail/05000947101922 HTTP/1.1" 200 162546 "https://inception-blue.com/buy.php?detail/24004052353198" "Mozilla/5.0 AppleWebKit/537.36 (KHTML, like Gecko; compatible; GPTBot/1.3; +https://openai.com/gptbot)"
74.7.241.28 - - [19/Mar/2026:12:36:28 +0000] "GET /buy.php?detail/11800686088060 HTTP/1.1" 200 154185 "https://inception-blue.com/buy.php?detail/02600531792434" "Mozilla/5.0 AppleWebKit/537.36 (KHTML, like Gecko; compatible; GPTBot/1.3; +https://openai.com/gptbot)"
74.7.241.28 - - [19/Mar/2026:12:36:31 +0000] "GET /buy.php?detail/27701621061827 HTTP/1.1" 200 156484 "https://inception-blue.com/buy.php?detail/27704130918206" "Mozilla/5.0 AppleWebKit/537.36 (KHTML, like Gecko; compatible; GPTBot/1.3; +https://openai.com/gptbot)"
74.7.241.28 - - [19/Mar/2026:12:36:34 +0000] "GET /buy.php?detail/02601167978195 HTTP/1.1" 200 156286 "https://inception-blue.com/buy.php?detail/02600531792434" "Mozilla/5.0 AppleWebKit/537.36 (KHTML, like Gecko; compatible; GPTBot/1.3; +https://openai.com/gptbot)"
74.7.241.28 - - [19/Mar/2026:12:36:37 +0000] "GET /buy.php?detail/19101547371583 HTTP/1.1" 200 160303 "https://inception-blue.com/buy.php?detail/00200306249819" "Mozilla/5.0 AppleWebKit/537.36 (KHTML, like Gecko; compatible; GPTBot/1.3; +https://openai.com/gptbot)"
74.7.241.28 - - [19/Mar/2026:12:36:40 +0000] "GET /buy.php?detail/00504401592084 HTTP/1.1" 200 154889 "https://inception-blue.com/buy.php?detail/27704130918206" "Mozilla/5.0 AppleWebKit/537.36 (KHTML, like Gecko; compatible; GPTBot/1.3; +https://openai.com/gptbot)"
74.7.241.28 - - [19/Mar/2026:12:36:43 +0000] "GET /buy.php?detail/13502480027417 HTTP/1.1" 200 153268 "https://inception-blue.com/buy.php?detail/13500972244815" "Mozilla/5.0 AppleWebKit/537.36 (KHTML, like Gecko; compatible; GPTBot/1.3; +https://openai.com/gptbot)"
74.7.241.28 - - [19/Mar/2026:12:36:46 +0000] "GET /buy.php?goods/107015084 HTTP/1.1" 200 156970 "https://inception-blue.com/buy.php?detail/13500972244815" "Mozilla/5.0 AppleWebKit/537.36 (KHTML, like Gecko; compatible; GPTBot/1.3; +https://openai.com/gptbot)"
74.7.241.28 - - [19/Mar/2026:12:36:50 +0000] "GET /buy.php?detail/26600504550384 HTTP/1.1" 200 152063 "https://inception-blue.com/buy.php?detail/20503806932825" "Mozilla/5.0 AppleWebKit/537.36 (KHTML, like Gecko; compatible; GPTBot/1.3; +https://openai.com/gptbot)"
74.7.241.28 - - [19/Mar/2026:12:36:53 +0000] "GET /buy.php?detail/07500380189387 HTTP/1.1" 200 160864 "https://inception-blue.com/buy.php?detail/13900873623545" "Mozilla/5.0 AppleWebKit/537.36 (KHTML, like Gecko; compatible; GPTBot/1.3; +https://openai.com/gptbot)"
74.7.241.28 - - [19/Mar/2026:12:36:56 +0000] "GET /buy.php?detail/08101230909357 HTTP/1.1" 200 161775 "https://inception-blue.com/buy.php?detail/20503806932825" "Mozilla/5.0 AppleWebKit/537.36 (KHTML, like Gecko; compatible; GPTBot/1.3; +https://openai.com/gptbot)"
74.7.241.28 - - [19/Mar/2026:12:36:59 +0000] "GET /buy.php?detail/05002784405166 HTTP/1.1" 200 160764 "https://inception-blue.com/buy.php?detail/05000947101922" "Mozilla/5.0 AppleWebKit/537.36 (KHTML, like Gecko; compatible; GPTBot/1.3; +https://openai.com/gptbot)"
74.7.241.28 - - [19/Mar/2026:12:37:02 +0000] "GET /buy.php?detail/08601544476193 HTTP/1.1" 200 159541 "https://inception-blue.com/buy.php?detail/11800686088060" "Mozilla/5.0 AppleWebKit/537.36 (KHTML, like Gecko; compatible; GPTBot/1.3; +https://openai.com/gptbot)"
74.7.241.28 - - [19/Mar/2026:12:37:05 +0000] "GET /buy.php?detail/27700543636658 HTTP/1.1" 200 157799 "https://inception-blue.com/buy.php?detail/27701621061827" "Mozilla/5.0 AppleWebKit/537.36 (KHTML, like Gecko; compatible; GPTBot/1.3; +https://openai.com/gptbot)"
66.249.77.7 - - [19/Mar/2026:12:37:11 +0000] "GET /?jp/084031554.html HTTP/1.1" 200 346139 "-" "Mozilla/5.0 (Linux; Android 6.0.1; Nexus 5X Build/MMB29P) AppleWebKit/537.36 (KHTML, like Gecko) Chrome/145.0.7632.159 Mobile Safari/537.36 (compatible; Googlebot/2.1; +http://www.google.com/bot.html)"
74.7.241.28 - - [19/Mar/2026:12:37:08 +0000] "GET /buy.php?detail/0260076810316 HTTP/1.1" 200 159186 "https://inception-blue.com/buy.php?detail/02601167978195" "Mozilla/5.0 AppleWebKit/537.36 (KHTML, like Gecko; compatible; GPTBot/1.3; +https://openai.com/gptbot)"
74.7.241.28 - - [19/Mar/2026:12:37:12 +0000] "GET /buy.php?detail/29603076064882 HTTP/1.1" 200 154075 "https://inception-blue.com/buy.php?detail/19101547371583" "Mozilla/5.0 AppleWebKit/537.36 (KHTML, like Gecko; compatible; GPTBot/1.3; +https://openai.com/gptbot)"
74.7.241.28 - - [19/Mar/2026:12:37:15 +0000] "GET /buy.php?detail/13102851061910 HTTP/1.1" 200 156164 "https://inception-blue.com/buy.php?detail/00504401592084" "Mozilla/5.0 AppleWebKit/537.36 (KHTML, like Gecko; compatible; GPTBot/1.3; +https://openai.com/gptbot)"
74.7.241.28 - - [19/Mar/2026:12:37:18 +0000] "GET /buy.php?detail/16400754081824 HTTP/1.1" 200 160100 "https://inception-blue.com/buy.php?detail/02601167978195" "Mozilla/5.0 AppleWebKit/537.36 (KHTML, like Gecko; compatible; GPTBot/1.3; +https://openai.com/gptbot)"
74.7.241.28 - - [19/Mar/2026:12:37:21 +0000] "GET /buy.php?detail/02100124063534 HTTP/1.1" 200 159459 "https://inception-blue.com/buy.php?detail/11800686088060" "Mozilla/5.0 AppleWebKit/537.36 (KHTML, like Gecko; compatible; GPTBot/1.3; +https://openai.com/gptbot)"
74.7.241.28 - - [19/Mar/2026:12:37:24 +0000] "GET /buy.php?detail/06903717995011 HTTP/1.1" 200 144107 "https://inception-blue.com/buy.php?detail/27701621061827" "Mozilla/5.0 AppleWebKit/537.36 (KHTML, like Gecko; compatible; GPTBot/1.3; +https://openai.com/gptbot)"
74.7.241.28 - - [19/Mar/2026:12:37:27 +0000] "GET /buy.php?detail/18404860681150 HTTP/1.1" 200 144912 "https://inception-blue.com/buy.php?detail/20503806932825" "Mozilla/5.0 AppleWebKit/537.36 (KHTML, like Gecko; compatible; GPTBot/1.3; +https://openai.com/gptbot)"
74.7.241.28 - - [19/Mar/2026:12:37:30 +0000] "GET /buy.php?detail/13500304743317 HTTP/1.1" 200 160650 "https://inception-blue.com/buy.php?detail/13502480027417" "Mozilla/5.0 AppleWebKit/537.36 (KHTML, like Gecko; compatible; GPTBot/1.3; +https://openai.com/gptbot)"
74.7.241.28 - - [19/Mar/2026:12:37:33 +0000] "GET /buy.php?detail/13901951091862 HTTP/1.1" 200 158722 "https://inception-blue.com/buy.php?detail/13900873623545" "Mozilla/5.0 AppleWebKit/537.36 (KHTML, like Gecko; compatible; GPTBot/1.3; +https://openai.com/gptbot)"
74.7.241.28 - - [19/Mar/2026:12:37:37 +0000] "GET /buy.php?detail/28003122181249 HTTP/1.1" 200 152944 "https://inception-blue.com/buy.php?detail/08601544476193" "Mozilla/5.0 AppleWebKit/537.36 (KHTML, like Gecko; compatible; GPTBot/1.3; +https://openai.com/gptbot)"
74.7.241.28 - - [19/Mar/2026:12:37:40 +0000] "GET /buy.php?detail/27700321593500 HTTP/1.1" 200 157854 "https://inception-blue.com/buy.php?detail/27700543636658" "Mozilla/5.0 AppleWebKit/537.36 (KHTML, like Gecko; compatible; GPTBot/1.3; +https://openai.com/gptbot)"
74.7.241.28 - - [19/Mar/2026:12:37:43 +0000] "GET /buy.php?detail/22501549667969 HTTP/1.1" 200 152228 "https://inception-blue.com/buy.php?detail/0260076810316" "Mozilla/5.0 AppleWebKit/537.36 (KHTML, like Gecko; compatible; GPTBot/1.3; +https://openai.com/gptbot)"
74.7.241.28 - - [19/Mar/2026:12:37:46 +0000] "GET /buy.php?detail/15903877890697 HTTP/1.1" 200 155271 "https://inception-blue.com/buy.php?detail/29603076064882" "Mozilla/5.0 AppleWebKit/537.36 (KHTML, like Gecko; compatible; GPTBot/1.3; +https://openai.com/gptbot)"
74.7.241.28 - - [19/Mar/2026:12:37:49 +0000] "GET /buy.php?detail/13102107163257 HTTP/1.1" 200 154605 "https://inception-blue.com/buy.php?detail/13102851061910" "Mozilla/5.0 AppleWebKit/537.36 (KHTML, like Gecko; compatible; GPTBot/1.3; +https://openai.com/gptbot)"
74.7.241.28 - - [19/Mar/2026:12:37:52 +0000] "GET /buy.php?detail/23401220722694 HTTP/1.1" 200 158191 "https://inception-blue.com/buy.php?detail/16400754081824" "Mozilla/5.0 AppleWebKit/537.36 (KHTML, like Gecko; compatible; GPTBot/1.3; +https://openai.com/gptbot)"
74.7.241.28 - - [19/Mar/2026:12:37:55 +0000] "GET /buy.php?detail/26704656063369 HTTP/1.1" 200 143969 "https://inception-blue.com/buy.php?detail/27700543636658" "Mozilla/5.0 AppleWebKit/537.36 (KHTML, like Gecko; compatible; GPTBot/1.3; +https://openai.com/gptbot)"
74.7.241.28 - - [19/Mar/2026:12:37:59 +0000] "GET /buy.php?detail/08601272503157 HTTP/1.1" 200 165490 "https://inception-blue.com/buy.php?detail/08601544476193" "Mozilla/5.0 AppleWebKit/537.36 (KHTML, like Gecko; compatible; GPTBot/1.3; +https://openai.com/gptbot)"
66.249.77.7 - - [19/Mar/2026:12:37:59 +0000] "GET /product/223044624 HTTP/1.1" 200 302766 "-" "Mozilla/5.0 (Linux; Android 6.0.1; Nexus 5X Build/MMB29P) AppleWebKit/537.36 (KHTML, like Gecko) Chrome/145.0.7632.159 Mobile Safari/537.36 (compatible; Googlebot/2.1; +http://www.google.com/bot.html)"
66.249.77.7 - - [19/Mar/2026:12:38:00 +0000] "GET /695479335 HTTP/1.1" 200 306248 "-" "Mozilla/5.0 (Linux; Android 6.0.1; Nexus 5X Build/MMB29P) AppleWebKit/537.36 (KHTML, like Gecko) Chrome/145.0.7632.159 Mobile Safari/537.36 (compatible; Googlebot/2.1; +http://www.google.com/bot.html)"
74.7.241.28 - - [19/Mar/2026:12:38:02 +0000] "GET /buy.php?detail/16403229043801 HTTP/1.1" 200 152753 "https://inception-blue.com/buy.php?detail/16400754081824" "Mozilla/5.0 AppleWebKit/537.36 (KHTML, like Gecko; compatible; GPTBot/1.3; +https://openai.com/gptbot)"
74.7.241.28 - - [19/Mar/2026:12:38:05 +0000] "GET /buy.php?detail/13500543814185 HTTP/1.1" 200 154543 "https://inception-blue.com/buy.php?detail/13500304743317" "Mozilla/5.0 AppleWebKit/537.36 (KHTML, like Gecko; compatible; GPTBot/1.3; +https://openai.com/gptbot)"
74.7.241.28 - - [19/Mar/2026:12:38:08 +0000] "GET /buy.php?detail/18004544289238 HTTP/1.1" 200 155177 "https://inception-blue.com/buy.php?detail/05000947101922" "Mozilla/5.0 AppleWebKit/537.36 (KHTML, like Gecko; compatible; GPTBot/1.3; +https://openai.com/gptbot)"
74.7.241.28 - - [19/Mar/2026:12:38:11 +0000] "GET /buy.php?detail/11902000250676 HTTP/1.1" 200 157010 "https://inception-blue.com/buy.php?detail/28003122181249" "Mozilla/5.0 AppleWebKit/537.36 (KHTML, like Gecko; compatible; GPTBot/1.3; +https://openai.com/gptbot)"
74.7.241.28 - - [19/Mar/2026:12:38:14 +0000] "GET /buy.php?detail/21702888969829 HTTP/1.1" 200 157337 "https://inception-blue.com/buy.php?detail/27700321593500" "Mozilla/5.0 AppleWebKit/537.36 (KHTML, like Gecko; compatible; GPTBot/1.3; +https://openai.com/gptbot)"
74.7.241.28 - - [19/Mar/2026:12:38:17 +0000] "GET /buy.php?detail/24103881116681 HTTP/1.1" 200 156579 "https://inception-blue.com/buy.php?detail/22501549667969" "Mozilla/5.0 AppleWebKit/537.36 (KHTML, like Gecko; compatible; GPTBot/1.3; +https://openai.com/gptbot)"
74.7.241.28 - - [19/Mar/2026:12:38:20 +0000] "GET /buy.php?detail/22502529970042 HTTP/1.1" 200 152095 "https://inception-blue.com/buy.php?detail/22501549667969" "Mozilla/5.0 AppleWebKit/537.36 (KHTML, like Gecko; compatible; GPTBot/1.3; +https://openai.com/gptbot)"
74.7.241.28 - - [19/Mar/2026:12:38:24 +0000] "GET /buy.php?detail/13103046311466 HTTP/1.1" 200 156805 "https://inception-blue.com/buy.php?detail/13102107163257" "Mozilla/5.0 AppleWebKit/537.36 (KHTML, like Gecko; compatible; GPTBot/1.3; +https://openai.com/gptbot)"
74.7.241.28 - - [19/Mar/2026:12:38:27 +0000] "GET /buy.php?detail/22502524082140 HTTP/1.1" 200 152610 "https://inception-blue.com/buy.php?detail/22501549667969" "Mozilla/5.0 AppleWebKit/537.36 (KHTML, like Gecko; compatible; GPTBot/1.3; +https://openai.com/gptbot)"
74.7.241.28 - - [19/Mar/2026:12:38:30 +0000] "GET /buy.php?detail/28002203031793 HTTP/1.1" 200 155916 "https://inception-blue.com/buy.php?detail/28003122181249" "Mozilla/5.0 AppleWebKit/537.36 (KHTML, like Gecko; compatible; GPTBot/1.3; +https://openai.com/gptbot)"
74.7.241.28 - - [19/Mar/2026:12:38:33 +0000] "GET /buy.php?detail/22502534338607 HTTP/1.1" 200 155370 "https://inception-blue.com/buy.php?detail/22501549667969" "Mozilla/5.0 AppleWebKit/537.36 (KHTML, like Gecko; compatible; GPTBot/1.3; +https://openai.com/gptbot)"
74.7.241.28 - - [19/Mar/2026:12:38:36 +0000] "GET /buy.php?detail/24700826301483 HTTP/1.1" 200 154420 "https://inception-blue.com/buy.php?detail/08601272503157" "Mozilla/5.0 AppleWebKit/537.36 (KHTML, like Gecko; compatible; GPTBot/1.3; +https://openai.com/gptbot)"
74.7.241.28 - - [19/Mar/2026:12:38:40 +0000] "GET /buy.php?detail/1200457255235 HTTP/1.1" 200 154547 "https://inception-blue.com/buy.php?detail/13500543814185" "Mozilla/5.0 AppleWebKit/537.36 (KHTML, like Gecko; compatible; GPTBot/1.3; +https://openai.com/gptbot)"
74.7.241.28 - - [19/Mar/2026:12:38:43 +0000] "GET /buy.php?detail/05003471548438 HTTP/1.1" 200 153547 "https://inception-blue.com/buy.php?detail/13500543814185" "Mozilla/5.0 AppleWebKit/537.36 (KHTML, like Gecko; compatible; GPTBot/1.3; +https://openai.com/gptbot)"
74.7.241.28 - - [19/Mar/2026:12:38:46 +0000] "GET /buy.php?detail/14400788627624 HTTP/1.1" 200 164021 "https://inception-blue.com/buy.php?detail/11902000250676" "Mozilla/5.0 AppleWebKit/537.36 (KHTML, like Gecko; compatible; GPTBot/1.3; +https://openai.com/gptbot)"
74.7.241.28 - - [19/Mar/2026:12:38:49 +0000] "GET /buy.php?detail/08202794763243 HTTP/1.1" 200 143903 "https://inception-blue.com/buy.php?detail/21702888969829" "Mozilla/5.0 AppleWebKit/537.36 (KHTML, like Gecko; compatible; GPTBot/1.3; +https://openai.com/gptbot)"
66.249.77.7 - - [19/Mar/2026:12:38:51 +0000] "GET /?l=swezc122cw3300oclyqggez HTTP/1.1" 200 306249 "-" "Mozilla/5.0 (Linux; Android 6.0.1; Nexus 5X Build/MMB29P) AppleWebKit/537.36 (KHTML, like Gecko) Chrome/145.0.7632.159 Mobile Safari/537.36 (compatible; Googlebot/2.1; +http://www.google.com/bot.html)"
74.7.241.28 - - [19/Mar/2026:12:38:52 +0000] "GET /buy.php?detail/13500930093208 HTTP/1.1" 200 155361 "https://inception-blue.com/buy.php?detail/13500543814185" "Mozilla/5.0 AppleWebKit/537.36 (KHTML, like Gecko; compatible; GPTBot/1.3; +https://openai.com/gptbot)"
74.7.241.28 - - [19/Mar/2026:12:38:55 +0000] "GET /buy.php?detail/25003939835572 HTTP/1.1" 200 146104 "https://inception-blue.com/buy.php?detail/22502529970042" "Mozilla/5.0 AppleWebKit/537.36 (KHTML, like Gecko; compatible; GPTBot/1.3; +https://openai.com/gptbot)"
74.7.241.28 - - [19/Mar/2026:12:38:58 +0000] "GET /buy.php?detail/09303023865444 HTTP/1.1" 200 146079 "https://inception-blue.com/buy.php?detail/13103046311466" "Mozilla/5.0 AppleWebKit/537.36 (KHTML, like Gecko; compatible; GPTBot/1.3; +https://openai.com/gptbot)"
74.7.241.28 - - [19/Mar/2026:12:39:02 +0000] "GET /buy.php?detail/03202141725158 HTTP/1.1" 200 155903 "https://inception-blue.com/buy.php?detail/13502480027417" "Mozilla/5.0 AppleWebKit/537.36 (KHTML, like Gecko; compatible; GPTBot/1.3; +https://openai.com/gptbot)"
74.7.241.28 - - [19/Mar/2026:12:39:05 +0000] "GET /buy.php?detail/18000066960063 HTTP/1.1" 200 151336 "https://inception-blue.com/buy.php?detail/18004544289238" "Mozilla/5.0 AppleWebKit/537.36 (KHTML, like Gecko; compatible; GPTBot/1.3; +https://openai.com/gptbot)"
74.7.241.28 - - [19/Mar/2026:12:39:08 +0000] "GET /buy.php?detail/08601278278919 HTTP/1.1" 200 154196 "https://inception-blue.com/buy.php?detail/22502534338607" "Mozilla/5.0 AppleWebKit/537.36 (KHTML, like Gecko; compatible; GPTBot/1.3; +https://openai.com/gptbot)"
74.7.241.28 - - [19/Mar/2026:12:39:11 +0000] "GET /buy.php?detail/22503463240926 HTTP/1.1" 200 156768 "https://inception-blue.com/buy.php?detail/22502534338607" "Mozilla/5.0 AppleWebKit/537.36 (KHTML, like Gecko; compatible; GPTBot/1.3; +https://openai.com/gptbot)"
74.7.241.28 - - [19/Mar/2026:12:39:14 +0000] "GET /buy.php?detail/18000188488864 HTTP/1.1" 200 152158 "https://inception-blue.com/buy.php?detail/18004544289238" "Mozilla/5.0 AppleWebKit/537.36 (KHTML, like Gecko; compatible; GPTBot/1.3; +https://openai.com/gptbot)"
74.7.241.28 - - [19/Mar/2026:12:39:17 +0000] "GET /buy.php?detail/05001012386918 HTTP/1.1" 200 160836 "https://inception-blue.com/buy.php?detail/05003471548438" "Mozilla/5.0 AppleWebKit/537.36 (KHTML, like Gecko; compatible; GPTBot/1.3; +https://openai.com/gptbot)"
74.7.241.28 - - [19/Mar/2026:12:39:20 +0000] "GET /buy.php?detail/22102604178192 HTTP/1.1" 200 150609 "https://inception-blue.com/buy.php?detail/05003471548438" "Mozilla/5.0 AppleWebKit/537.36 (KHTML, like Gecko; compatible; GPTBot/1.3; +https://openai.com/gptbot)"
74.7.241.28 - - [19/Mar/2026:12:39:24 +0000] "GET /buy.php?detail/03300022350132 HTTP/1.1" 200 162086 "https://inception-blue.com/buy.php?detail/13502480027417" "Mozilla/5.0 AppleWebKit/537.36 (KHTML, like Gecko; compatible; GPTBot/1.3; +https://openai.com/gptbot)"
74.7.241.28 - - [19/Mar/2026:12:39:27 +0000] "GET /buy.php?detail/23401695540673 HTTP/1.1" 200 152784 "https://inception-blue.com/buy.php?detail/23401220722694" "Mozilla/5.0 AppleWebKit/537.36 (KHTML, like Gecko; compatible; GPTBot/1.3; +https://openai.com/gptbot)"
74.7.241.28 - - [19/Mar/2026:12:39:30 +0000] "GET /buy.php?detail/11500859521047 HTTP/1.1" 200 155787 "https://inception-blue.com/buy.php?detail/16403229043801" "Mozilla/5.0 AppleWebKit/537.36 (KHTML, like Gecko; compatible; GPTBot/1.3; +https://openai.com/gptbot)"
74.7.241.28 - - [19/Mar/2026:12:39:33 +0000] "GET /buy.php?detail/19100377147732 HTTP/1.1" 200 170204 "https://inception-blue.com/buy.php?detail/09303023865444" "Mozilla/5.0 AppleWebKit/537.36 (KHTML, like Gecko; compatible; GPTBot/1.3; +https://openai.com/gptbot)"
74.7.241.28 - - [19/Mar/2026:12:39:36 +0000] "GET /buy.php?detail/03200396135497 HTTP/1.1" 200 152604 "https://inception-blue.com/buy.php?detail/03202141725158" "Mozilla/5.0 AppleWebKit/537.36 (KHTML, like Gecko; compatible; GPTBot/1.3; +https://openai.com/gptbot)"
66.249.77.8 - - [19/Mar/2026:12:39:41 +0000] "GET /jukyuban/ HTTP/1.1" 200 313041 "-" "Mozilla/5.0 (Linux; Android 6.0.1; Nexus 5X Build/MMB29P) AppleWebKit/537.36 (KHTML, like Gecko) Chrome/145.0.7632.159 Mobile Safari/537.36 (compatible; Googlebot/2.1; +http://www.google.com/bot.html)"
74.7.241.28 - - [19/Mar/2026:12:39:39 +0000] "GET /buy.php?047000350.htm HTTP/1.1" 200 141622 "https://inception-blue.com/buy.php?m36733312128" "Mozilla/5.0 AppleWebKit/537.36 (KHTML, like Gecko; compatible; GPTBot/1.3; +https://openai.com/gptbot)"
74.7.241.28 - - [19/Mar/2026:12:39:43 +0000] "GET /buy.php?detail/10601140823008 HTTP/1.1" 200 166210 "https://inception-blue.com/buy.php?detail/08601278278919" "Mozilla/5.0 AppleWebKit/537.36 (KHTML, like Gecko; compatible; GPTBot/1.3; +https://openai.com/gptbot)"
74.7.241.28 - - [19/Mar/2026:12:39:46 +0000] "GET /buy.php?detail/16901204702114 HTTP/1.1" 200 152069 "https://inception-blue.com/buy.php?detail/22503463240926" "Mozilla/5.0 AppleWebKit/537.36 (KHTML, like Gecko; compatible; GPTBot/1.3; +https://openai.com/gptbot)"
74.7.241.28 - - [19/Mar/2026:12:39:49 +0000] "GET /buy.php?detail/17200359719468 HTTP/1.1" 200 156844 "https://inception-blue.com/buy.php?detail/26600504550384" "Mozilla/5.0 AppleWebKit/537.36 (KHTML, like Gecko; compatible; GPTBot/1.3; +https://openai.com/gptbot)"
74.7.241.28 - - [19/Mar/2026:12:39:52 +0000] "GET /buy.php?m72225147181 HTTP/1.1" 200 152432 "https://inception-blue.com/buy.php?detail/13500930093208" "Mozilla/5.0 AppleWebKit/537.36 (KHTML, like Gecko; compatible; GPTBot/1.3; +https://openai.com/gptbot)"
74.7.241.28 - - [19/Mar/2026:12:39:55 +0000] "GET /buy.php?m59669222753 HTTP/1.1" 200 152889 "https://inception-blue.com/buy.php?detail/07500380189387" "Mozilla/5.0 AppleWebKit/537.36 (KHTML, like Gecko; compatible; GPTBot/1.3; +https://openai.com/gptbot)"
34.224.132.215 - - [19/Mar/2026:12:39:58 +0000] "GET /author/scott/?dir=/run/systemd/generator.early HTTP/1.1" 200 137271 "-" "Mozilla/5.0 AppleWebKit/537.36 (KHTML, like Gecko; compatible; Amazonbot/0.1; +https://developer.amazon.com/support/amazonbot) Chrome/119.0.6045.214 Safari/537.36"
159.223.142.74 - - [19/Mar/2026:12:39:59 +0000] "POST /wp-cron.php?doing_wp_cron=1773923999.2335040569305419921875 HTTP/1.1" 403 185483 "-" "WordPress/6.9.4; https://inception-blue.com"
74.7.241.28 - - [19/Mar/2026:12:39:59 +0000] "GET /buy.php?detail/18300508128907 HTTP/1.1" 200 151031 "https://inception-blue.com/buy.php?detail/03300022350132" "Mozilla/5.0 AppleWebKit/537.36 (KHTML, like Gecko; compatible; GPTBot/1.3; +https://openai.com/gptbot)"
74.7.241.28 - - [19/Mar/2026:12:40:02 +0000] "GET /buy.php?detail/08601294364726 HTTP/1.1" 200 155414 "https://inception-blue.com/buy.php?detail/08601278278919" "Mozilla/5.0 AppleWebKit/537.36 (KHTML, like Gecko; compatible; GPTBot/1.3; +https://openai.com/gptbot)"
50.17.193.48 - - [19/Mar/2026:12:40:02 +0000] "GET /2024/04/01/hello-world/?dir=/var/lib/spamassassin/4.000001/updates_spamassassin_org&read=/var/lib/spamassassin/4.000001/updates_spamassassin_org/60_adsp_override_dkim.cf HTTP/1.1" 200 148668 "-" "Mozilla/5.0 AppleWebKit/537.36 (KHTML, like Gecko; compatible; Amazonbot/0.1; +https://developer.amazon.com/support/amazonbot) Chrome/119.0.6045.214 Safari/537.36"
74.7.241.28 - - [19/Mar/2026:12:40:05 +0000] "GET /buy.php?detail/11501155126206 HTTP/1.1" 200 157242 "https://inception-blue.com/buy.php?detail/11500859521047" "Mozilla/5.0 AppleWebKit/537.36 (KHTML, like Gecko; compatible; GPTBot/1.3; +https://openai.com/gptbot)"
100.29.34.97 - - [19/Mar/2026:12:40:06 +0000] "GET /2024/04/01/hello-world/?dir=/home/inceptionblue/access-logs HTTP/1.1" 200 145498 "-" "Mozilla/5.0 AppleWebKit/537.36 (KHTML, like Gecko; compatible; Amazonbot/0.1; +https://developer.amazon.com/support/amazonbot) Chrome/119.0.6045.214 Safari/537.36"
74.7.241.28 - - [19/Mar/2026:12:40:08 +0000] "GET /buy.php?detail/18402230445454 HTTP/1.1" 200 167191 "https://inception-blue.com/buy.php?detail/11500859521047" "Mozilla/5.0 AppleWebKit/537.36 (KHTML, like Gecko; compatible; GPTBot/1.3; +https://openai.com/gptbot)"
98.83.72.38 - - [19/Mar/2026:12:40:10 +0000] "GET /2024/04/01/hello-world/?dir=/home/vpdeli HTTP/1.1" 200 141865 "-" "Mozilla/5.0 AppleWebKit/537.36 (KHTML, like Gecko; compatible; Amazonbot/0.1; +https://developer.amazon.com/support/amazonbot) Chrome/119.0.6045.214 Safari/537.36"
74.7.241.28 - - [19/Mar/2026:12:40:11 +0000] "GET /buy.php?detail/03200397228631 HTTP/1.1" 200 154170 "https://inception-blue.com/buy.php?detail/03200396135497" "Mozilla/5.0 AppleWebKit/537.36 (KHTML, like Gecko; compatible; GPTBot/1.3; +https://openai.com/gptbot)"
23.22.59.87 - - [19/Mar/2026:12:40:14 +0000] "GET /author/scott/?dir=/home/googleback HTTP/1.1" 200 135722 "-" "Mozilla/5.0 AppleWebKit/537.36 (KHTML, like Gecko; compatible; Amazonbot/0.1; +https://developer.amazon.com/support/amazonbot) Chrome/119.0.6045.214 Safari/537.36"
74.7.241.28 - - [19/Mar/2026:12:40:14 +0000] "GET /buy.php?detail/03200411407245 HTTP/1.1" 200 161639 "https://inception-blue.com/buy.php?detail/03200396135497" "Mozilla/5.0 AppleWebKit/537.36 (KHTML, like Gecko; compatible; GPTBot/1.3; +https://openai.com/gptbot)"
74.7.241.28 - - [19/Mar/2026:12:40:17 +0000] "GET /buy.php?detail/10602920792554 HTTP/1.1" 200 157150 "https://inception-blue.com/buy.php?detail/10601140823008" "Mozilla/5.0 AppleWebKit/537.36 (KHTML, like Gecko; compatible; GPTBot/1.3; +https://openai.com/gptbot)"
3.235.215.92 - - [19/Mar/2026:12:40:18 +0000] "GET /logined/?dir=/home/inceptionblue/mail/new&read=/home/inceptionblue/mail/new/1760002725.M308393P3168617.server.isorus.org,S%3D6081,W%3D6187 HTTP/1.1" 200 135297 "-" "Mozilla/5.0 AppleWebKit/537.36 (KHTML, like Gecko; compatible; Amazonbot/0.1; +https://developer.amazon.com/support/amazonbot) Chrome/119.0.6045.214 Safari/537.36"
3.230.69.161 - - [19/Mar/2026:12:40:22 +0000] "GET /2024/04/01/hello-world/?dir=/var/cache/dnf/wp-toolkit-cpanel-932bb8f6617925dc/repodata HTTP/1.1" 200 142594 "-" "Mozilla/5.0 AppleWebKit/537.36 (KHTML, like Gecko; compatible; Amazonbot/0.1; +https://developer.amazon.com/support/amazonbot) Chrome/119.0.6045.214 Safari/537.36"
74.7.241.28 - - [19/Mar/2026:12:40:20 +0000] "GET /buy.php?detail/16901623896912 HTTP/1.1" 200 153698 "https://inception-blue.com/buy.php?detail/16901204702114" "Mozilla/5.0 AppleWebKit/537.36 (KHTML, like Gecko; compatible; GPTBot/1.3; +https://openai.com/gptbot)"
74.7.241.28 - - [19/Mar/2026:12:40:24 +0000] "GET /buy.php?detail/172020615958 HTTP/1.1" 200 155505 "https://inception-blue.com/buy.php?detail/17200359719468" "Mozilla/5.0 AppleWebKit/537.36 (KHTML, like Gecko; compatible; GPTBot/1.3; +https://openai.com/gptbot)"
52.21.62.139 - - [19/Mar/2026:12:40:26 +0000] "GET /2024/04/01/hello-world/?dir=/var/cache/dnf/appstream-7992bedf6cf283a9/packages HTTP/1.1" 200 142514 "-" "Mozilla/5.0 AppleWebKit/537.36 (KHTML, like Gecko; compatible; Amazonbot/0.1; +https://developer.amazon.com/support/amazonbot) Chrome/119.0.6045.214 Safari/537.36"
74.7.241.28 - - [19/Mar/2026:12:40:27 +0000] "GET /buy.php?detail/20704772829201 HTTP/1.1" 200 144798 "https://inception-blue.com/buy.php?detail/17200359719468" "Mozilla/5.0 AppleWebKit/537.36 (KHTML, like Gecko; compatible; GPTBot/1.3; +https://openai.com/gptbot)"
34.230.124.21 - - [19/Mar/2026:12:40:30 +0000] "GET /2024/04/01/hello-world/?dir=/home/kaakua HTTP/1.1" 200 141865 "-" "Mozilla/5.0 AppleWebKit/537.36 (KHTML, like Gecko; compatible; Amazonbot/0.1; +https://developer.amazon.com/support/amazonbot) Chrome/119.0.6045.214 Safari/537.36"
