74.7.241.28 - - [19/Mar/2026:15:21:39 +0000] "GET /buy.php?detail/10402925111464 HTTP/1.1" 200 158737 "https://inception-blue.com/buy.php?094000281.htm" "Mozilla/5.0 AppleWebKit/537.36 (KHTML, like Gecko; compatible; GPTBot/1.3; +https://openai.com/gptbot)"
74.7.241.28 - - [19/Mar/2026:15:21:42 +0000] "GET /buy.php?detail/23804352908266 HTTP/1.1" 200 156465 "https://inception-blue.com/buy.php?detail/21304868119745" "Mozilla/5.0 AppleWebKit/537.36 (KHTML, like Gecko; compatible; GPTBot/1.3; +https://openai.com/gptbot)"
74.7.241.28 - - [19/Mar/2026:15:21:45 +0000] "GET /buy.php?detail/16704028349803 HTTP/1.1" 200 161367 "https://inception-blue.com/buy.php?detail/04804252148006" "Mozilla/5.0 AppleWebKit/537.36 (KHTML, like Gecko; compatible; GPTBot/1.3; +https://openai.com/gptbot)"
74.7.241.28 - - [19/Mar/2026:15:21:49 +0000] "GET /buy.php?detail/26603897172512 HTTP/1.1" 200 158374 "https://inception-blue.com/buy.php?goods/215019417" "Mozilla/5.0 AppleWebKit/537.36 (KHTML, like Gecko; compatible; GPTBot/1.3; +https://openai.com/gptbot)"
45.227.253.15 - - [19/Mar/2026:15:21:52 +0000] "GET /wp-admin/wp-admin/index.php?of=1 HTTP/1.1" 200 5624 "-" "Mozilla/5.0 (Windows NT 10.0; Win64; x64) AppleWebKit/537.36 (KHTML, like Gecko) Chrome/81.0.3282.140 Safari/537.36 Edge/18.17763"
74.7.241.28 - - [19/Mar/2026:15:21:52 +0000] "GET /buy.php?detail/27004485557976 HTTP/1.1" 200 155980 "https://inception-blue.com/buy.php?detail/20200812656977" "Mozilla/5.0 AppleWebKit/537.36 (KHTML, like Gecko; compatible; GPTBot/1.3; +https://openai.com/gptbot)"
74.7.241.28 - - [19/Mar/2026:15:21:55 +0000] "GET /buy.php?detail/16302174582051 HTTP/1.1" 200 146327 "https://inception-blue.com/buy.php?detail/06101128843182" "Mozilla/5.0 AppleWebKit/537.36 (KHTML, like Gecko; compatible; GPTBot/1.3; +https://openai.com/gptbot)"
74.7.241.28 - - [19/Mar/2026:15:21:58 +0000] "GET /buy.php?detail/26201076843297 HTTP/1.1" 200 161317 "https://inception-blue.com/buy.php?detail/25700361233020" "Mozilla/5.0 AppleWebKit/537.36 (KHTML, like Gecko; compatible; GPTBot/1.3; +https://openai.com/gptbot)"
74.7.241.28 - - [19/Mar/2026:15:22:01 +0000] "GET /buy.php?detail/26901325085773 HTTP/1.1" 200 143365 "https://inception-blue.com/buy.php?detail/12901232626716" "Mozilla/5.0 AppleWebKit/537.36 (KHTML, like Gecko; compatible; GPTBot/1.3; +https://openai.com/gptbot)"
74.7.241.28 - - [19/Mar/2026:15:22:04 +0000] "GET /buy.php?detail/24200637481897 HTTP/1.1" 200 152855 "https://inception-blue.com/buy.php?detail/02700482174239" "Mozilla/5.0 AppleWebKit/537.36 (KHTML, like Gecko; compatible; GPTBot/1.3; +https://openai.com/gptbot)"
74.7.241.28 - - [19/Mar/2026:15:22:08 +0000] "GET /buy.php?detail/13404157551558 HTTP/1.1" 200 157285 "https://inception-blue.com/buy.php?detail/20503901872498" "Mozilla/5.0 AppleWebKit/537.36 (KHTML, like Gecko; compatible; GPTBot/1.3; +https://openai.com/gptbot)"
66.249.77.5 - - [19/Mar/2026:15:22:10 +0000] "GET /657747741 HTTP/1.1" 200 336022 "-" "Mozilla/5.0 (Linux; Android 6.0.1; Nexus 5X Build/MMB29P) AppleWebKit/537.36 (KHTML, like Gecko) Chrome/145.0.7632.159 Mobile Safari/537.36 (compatible; Googlebot/2.1; +http://www.google.com/bot.html)"
74.7.241.28 - - [19/Mar/2026:15:22:11 +0000] "GET /buy.php?detail/05200920342254 HTTP/1.1" 200 153574 "https://inception-blue.com/buy.php?detail/18700430195869" "Mozilla/5.0 AppleWebKit/537.36 (KHTML, like Gecko; compatible; GPTBot/1.3; +https://openai.com/gptbot)"
74.7.241.28 - - [19/Mar/2026:15:22:14 +0000] "GET /buy.php?detail/22302186984570 HTTP/1.1" 200 156177 "https://inception-blue.com/buy.php?detail/22300719737711" "Mozilla/5.0 AppleWebKit/537.36 (KHTML, like Gecko; compatible; GPTBot/1.3; +https://openai.com/gptbot)"
45.227.253.15 - - [19/Mar/2026:15:22:16 +0000] "GET /wp-content/plugins/wordpress-seo/lib/lib/index.php?of=1 HTTP/1.1" 200 5702 "-" "Mozilla/5.0 (Windows NT 10.0; Win64; x64) AppleWebKit/537.36 (KHTML, like Gecko) Chrome/76.0.3800 Safari/537.36 Edg/76.0.140.6"
74.7.241.28 - - [19/Mar/2026:15:22:17 +0000] "GET /buy.php?detail/22200592651984 HTTP/1.1" 200 155170 "https://inception-blue.com/buy.php?detail/23804352908266" "Mozilla/5.0 AppleWebKit/537.36 (KHTML, like Gecko; compatible; GPTBot/1.3; +https://openai.com/gptbot)"
74.7.241.28 - - [19/Mar/2026:15:22:20 +0000] "GET /buy.php?m18377085989 HTTP/1.1" 200 149389 "https://inception-blue.com/buy.php?detail/16704028349803" "Mozilla/5.0 AppleWebKit/537.36 (KHTML, like Gecko; compatible; GPTBot/1.3; +https://openai.com/gptbot)"
74.7.241.28 - - [19/Mar/2026:15:22:23 +0000] "GET /buy.php?detail/04800248922629 HTTP/1.1" 200 144401 "https://inception-blue.com/buy.php?detail/26603897172512" "Mozilla/5.0 AppleWebKit/537.36 (KHTML, like Gecko; compatible; GPTBot/1.3; +https://openai.com/gptbot)"
74.7.241.28 - - [19/Mar/2026:15:22:26 +0000] "GET /buy.php?goods/171010248 HTTP/1.1" 200 166902 "https://inception-blue.com/buy.php?detail/27004485557976" "Mozilla/5.0 AppleWebKit/537.36 (KHTML, like Gecko; compatible; GPTBot/1.3; +https://openai.com/gptbot)"
74.7.241.28 - - [19/Mar/2026:15:22:29 +0000] "GET /buy.php?detail/14001645516170 HTTP/1.1" 200 155609 "https://inception-blue.com/buy.php?detail/26603897172512" "Mozilla/5.0 AppleWebKit/537.36 (KHTML, like Gecko; compatible; GPTBot/1.3; +https://openai.com/gptbot)"
74.7.241.28 - - [19/Mar/2026:15:22:32 +0000] "GET /buy.php?detail/25601632310731 HTTP/1.1" 200 154374 "https://inception-blue.com/buy.php?detail/26201076843297" "Mozilla/5.0 AppleWebKit/537.36 (KHTML, like Gecko; compatible; GPTBot/1.3; +https://openai.com/gptbot)"
74.7.241.28 - - [19/Mar/2026:15:22:35 +0000] "GET /buy.php?detail/00703017470480 HTTP/1.1" 200 154528 "https://inception-blue.com/buy.php?detail/26901325085773" "Mozilla/5.0 AppleWebKit/537.36 (KHTML, like Gecko; compatible; GPTBot/1.3; +https://openai.com/gptbot)"
74.7.241.28 - - [19/Mar/2026:15:22:39 +0000] "GET /buy.php?detail/27501311895671 HTTP/1.1" 200 154742 "https://inception-blue.com/buy.php?detail/26201076843297" "Mozilla/5.0 AppleWebKit/537.36 (KHTML, like Gecko; compatible; GPTBot/1.3; +https://openai.com/gptbot)"
74.7.241.28 - - [19/Mar/2026:15:22:42 +0000] "GET /buy.php?detail/26004102990546 HTTP/1.1" 200 153342 "https://inception-blue.com/buy.php?detail/27004485557976" "Mozilla/5.0 AppleWebKit/537.36 (KHTML, like Gecko; compatible; GPTBot/1.3; +https://openai.com/gptbot)"
74.7.241.28 - - [19/Mar/2026:15:22:45 +0000] "GET /buy.php?detail/09202351214008 HTTP/1.1" 200 155831 "https://inception-blue.com/buy.php?detail/26201076843297" "Mozilla/5.0 AppleWebKit/537.36 (KHTML, like Gecko; compatible; GPTBot/1.3; +https://openai.com/gptbot)"
74.7.241.28 - - [19/Mar/2026:15:22:48 +0000] "GET /buy.php?detail/12504381049735 HTTP/1.1" 200 172376 "https://inception-blue.com/buy.php?detail/05200920342254" "Mozilla/5.0 AppleWebKit/537.36 (KHTML, like Gecko; compatible; GPTBot/1.3; +https://openai.com/gptbot)"
45.227.253.15 - - [19/Mar/2026:15:22:54 +0000] "GET /wp-content/themes/astra/inc/builder/type/footer/above-footer/assets/assets/index.php?of=1 HTTP/1.1" 200 5462 "-" "Mozilla/5.0 (Macintosh; Intel Mac OS X 10.15; rv:103.0) Gecko/20100101 Firefox/102.0"
45.227.253.15 - - [19/Mar/2026:15:22:54 +0000] "GET /wp-content/plugins/astra-addon/classes/builder/type/footer/footer/index.php?of=1 HTTP/1.1" 200 5709 "-" "Mozilla/5.0 (Macintosh; Intel Mac OS X 10_15_7) AppleWebKit/537.36 (KHTML, like Gecko) Chrome/86.0.4240.111 Safari/537.36 Edg/86.0.622.51"
74.7.241.28 - - [19/Mar/2026:15:22:51 +0000] "GET /buy.php?detail/22200533791655 HTTP/1.1" 200 155531 "https://inception-blue.com/buy.php?detail/22200592651984" "Mozilla/5.0 AppleWebKit/537.36 (KHTML, like Gecko; compatible; GPTBot/1.3; +https://openai.com/gptbot)"
74.7.241.28 - - [19/Mar/2026:15:22:55 +0000] "GET /buy.php?detail/12601005078750 HTTP/1.1" 200 159668 "https://inception-blue.com/buy.php?detail/22200592651984" "Mozilla/5.0 AppleWebKit/537.36 (KHTML, like Gecko; compatible; GPTBot/1.3; +https://openai.com/gptbot)"
74.7.241.28 - - [19/Mar/2026:15:22:58 +0000] "GET /buy.php?detail/010042414634 HTTP/1.1" 200 149735 "https://inception-blue.com/buy.php?detail/04800248922629" "Mozilla/5.0 AppleWebKit/537.36 (KHTML, like Gecko; compatible; GPTBot/1.3; +https://openai.com/gptbot)"
66.249.77.4 - - [19/Mar/2026:15:23:00 +0000] "GET /6518346 HTTP/1.1" 200 327821 "-" "Mozilla/5.0 (Linux; Android 6.0.1; Nexus 5X Build/MMB29P) AppleWebKit/537.36 (KHTML, like Gecko) Chrome/145.0.7632.159 Mobile Safari/537.36 (compatible; Googlebot/2.1; +http://www.google.com/bot.html)"
74.7.241.28 - - [19/Mar/2026:15:23:01 +0000] "GET /buy.php?detail/06500012570779 HTTP/1.1" 200 155103 "https://inception-blue.com/buy.php?detail/04800248922629" "Mozilla/5.0 AppleWebKit/537.36 (KHTML, like Gecko; compatible; GPTBot/1.3; +https://openai.com/gptbot)"
66.249.77.3 - - [19/Mar/2026:15:23:01 +0000] "GET /product/204015341 HTTP/1.1" 200 324765 "-" "Mozilla/5.0 (Linux; Android 6.0.1; Nexus 5X Build/MMB29P) AppleWebKit/537.36 (KHTML, like Gecko) Chrome/145.0.7632.159 Mobile Safari/537.36 (compatible; Googlebot/2.1; +http://www.google.com/bot.html)"
66.249.77.5 - - [19/Mar/2026:15:23:01 +0000] "GET /buy.php?089000760.htm HTTP/1.1" 200 152091 "-" "Mozilla/5.0 (Linux; Android 6.0.1; Nexus 5X Build/MMB29P) AppleWebKit/537.36 (KHTML, like Gecko) Chrome/145.0.7632.159 Mobile Safari/537.36 (compatible; Googlebot/2.1; +http://www.google.com/bot.html)"
66.249.77.5 - - [19/Mar/2026:15:23:03 +0000] "GET /?goods/046031583 HTTP/1.1" 200 314315 "-" "Mozilla/5.0 (Linux; Android 6.0.1; Nexus 5X Build/MMB29P) AppleWebKit/537.36 (KHTML, like Gecko) Chrome/145.0.7632.159 Mobile Safari/537.36 (compatible; Googlebot/2.1; +http://www.google.com/bot.html)"
74.7.241.28 - - [19/Mar/2026:15:23:04 +0000] "GET /buy.php?detail/28001956702964 HTTP/1.1" 200 153405 "https://inception-blue.com/buy.php?detail/00301480122339" "Mozilla/5.0 AppleWebKit/537.36 (KHTML, like Gecko; compatible; GPTBot/1.3; +https://openai.com/gptbot)"
74.7.241.28 - - [19/Mar/2026:15:23:07 +0000] "GET /buy.php?detail/13800562426337 HTTP/1.1" 200 163177 "https://inception-blue.com/buy.php?detail/12902651228632" "Mozilla/5.0 AppleWebKit/537.36 (KHTML, like Gecko; compatible; GPTBot/1.3; +https://openai.com/gptbot)"
74.7.241.28 - - [19/Mar/2026:15:23:10 +0000] "GET /buy.php?detail/19803107658142 HTTP/1.1" 200 156239 "https://inception-blue.com/buy.php?detail/13803198457543" "Mozilla/5.0 AppleWebKit/537.36 (KHTML, like Gecko; compatible; GPTBot/1.3; +https://openai.com/gptbot)"
74.7.241.28 - - [19/Mar/2026:15:23:14 +0000] "GET /buy.php?detail/1390353555627 HTTP/1.1" 200 161547 "https://inception-blue.com/buy.php?detail/27501311895671" "Mozilla/5.0 AppleWebKit/537.36 (KHTML, like Gecko; compatible; GPTBot/1.3; +https://openai.com/gptbot)"
74.7.241.28 - - [19/Mar/2026:15:23:17 +0000] "GET /buy.php?detail/27500447999077 HTTP/1.1" 200 155096 "https://inception-blue.com/buy.php?detail/27501311895671" "Mozilla/5.0 AppleWebKit/537.36 (KHTML, like Gecko; compatible; GPTBot/1.3; +https://openai.com/gptbot)"
74.7.241.28 - - [19/Mar/2026:15:23:20 +0000] "GET /buy.php?detail/26000551678974 HTTP/1.1" 200 153628 "https://inception-blue.com/buy.php?detail/26004102990546" "Mozilla/5.0 AppleWebKit/537.36 (KHTML, like Gecko; compatible; GPTBot/1.3; +https://openai.com/gptbot)"
74.7.241.28 - - [19/Mar/2026:15:23:23 +0000] "GET /buy.php?detail/12501323569523 HTTP/1.1" 200 156871 "https://inception-blue.com/buy.php?detail/12504381049735" "Mozilla/5.0 AppleWebKit/537.36 (KHTML, like Gecko; compatible; GPTBot/1.3; +https://openai.com/gptbot)"
74.7.241.28 - - [19/Mar/2026:15:23:26 +0000] "GET /buy.php?detail/03003163635654 HTTP/1.1" 200 159126 "https://inception-blue.com/buy.php?detail/22200533791655" "Mozilla/5.0 AppleWebKit/537.36 (KHTML, like Gecko; compatible; GPTBot/1.3; +https://openai.com/gptbot)"
74.7.241.28 - - [19/Mar/2026:15:23:30 +0000] "GET /buy.php?jp/126006889.html HTTP/1.1" 200 157073 "https://inception-blue.com/buy.php?detail/12601005078750" "Mozilla/5.0 AppleWebKit/537.36 (KHTML, like Gecko; compatible; GPTBot/1.3; +https://openai.com/gptbot)"
74.7.241.28 - - [19/Mar/2026:15:23:33 +0000] "GET /buy.php?detail/01000015959685 HTTP/1.1" 200 148170 "https://inception-blue.com/buy.php?detail/010042414634" "Mozilla/5.0 AppleWebKit/537.36 (KHTML, like Gecko; compatible; GPTBot/1.3; +https://openai.com/gptbot)"
74.7.241.28 - - [19/Mar/2026:15:23:36 +0000] "GET /buy.php?detail/06501822678578 HTTP/1.1" 200 154777 "https://inception-blue.com/buy.php?detail/06500012570779" "Mozilla/5.0 AppleWebKit/537.36 (KHTML, like Gecko; compatible; GPTBot/1.3; +https://openai.com/gptbot)"
74.7.241.28 - - [19/Mar/2026:15:23:39 +0000] "GET /buy.php?detail/12600756986366 HTTP/1.1" 200 155441 "https://inception-blue.com/buy.php?detail/12601005078750" "Mozilla/5.0 AppleWebKit/537.36 (KHTML, like Gecko; compatible; GPTBot/1.3; +https://openai.com/gptbot)"
74.7.241.28 - - [19/Mar/2026:15:23:42 +0000] "GET /buy.php?detail/26800713075589 HTTP/1.1" 200 162122 "https://inception-blue.com/buy.php?detail/27501311895671" "Mozilla/5.0 AppleWebKit/537.36 (KHTML, like Gecko; compatible; GPTBot/1.3; +https://openai.com/gptbot)"
74.7.241.28 - - [19/Mar/2026:15:23:45 +0000] "GET /buy.php?detail/08803874612093 HTTP/1.1" 200 142975 "https://inception-blue.com/buy.php?detail/19803107658142" "Mozilla/5.0 AppleWebKit/537.36 (KHTML, like Gecko; compatible; GPTBot/1.3; +https://openai.com/gptbot)"
74.7.241.28 - - [19/Mar/2026:15:23:48 +0000] "GET /buy.php?detail/14802235079681 HTTP/1.1" 200 160977 "https://inception-blue.com/buy.php?detail/13800562426337" "Mozilla/5.0 AppleWebKit/537.36 (KHTML, like Gecko; compatible; GPTBot/1.3; +https://openai.com/gptbot)"
66.249.77.3 - - [19/Mar/2026:15:23:50 +0000] "GET /5898571 HTTP/1.1" 200 302150 "-" "Mozilla/5.0 (Linux; Android 6.0.1; Nexus 5X Build/MMB29P) AppleWebKit/537.36 (KHTML, like Gecko) Chrome/145.0.7632.159 Mobile Safari/537.36 (compatible; Googlebot/2.1; +http://www.google.com/bot.html)"
74.7.241.28 - - [19/Mar/2026:15:23:52 +0000] "GET /buy.php?m64403399989 HTTP/1.1" 200 163985 "https://inception-blue.com/buy.php?detail/26004102990546" "Mozilla/5.0 AppleWebKit/537.36 (KHTML, like Gecko; compatible; GPTBot/1.3; +https://openai.com/gptbot)"
74.7.241.28 - - [19/Mar/2026:15:23:55 +0000] "GET /buy.php?detail/00704488677426 HTTP/1.1" 200 154866 "https://inception-blue.com/buy.php?detail/26000551678974" "Mozilla/5.0 AppleWebKit/537.36 (KHTML, like Gecko; compatible; GPTBot/1.3; +https://openai.com/gptbot)"
74.7.241.28 - - [19/Mar/2026:15:23:58 +0000] "GET /buy.php?m88013555829 HTTP/1.1" 200 149371 "https://inception-blue.com/buy.php?detail/28001956702964" "Mozilla/5.0 AppleWebKit/537.36 (KHTML, like Gecko; compatible; GPTBot/1.3; +https://openai.com/gptbot)"
74.7.241.28 - - [19/Mar/2026:15:24:01 +0000] "GET /buy.php?detail/09302746889921 HTTP/1.1" 200 161017 "https://inception-blue.com/buy.php?detail/08103249601943" "Mozilla/5.0 AppleWebKit/537.36 (KHTML, like Gecko; compatible; GPTBot/1.3; +https://openai.com/gptbot)"
74.7.241.28 - - [19/Mar/2026:15:24:04 +0000] "GET /buy.php?detail/15803463327706 HTTP/1.1" 200 155666 "https://inception-blue.com/buy.php?detail/20503300508946" "Mozilla/5.0 AppleWebKit/537.36 (KHTML, like Gecko; compatible; GPTBot/1.3; +https://openai.com/gptbot)"
74.7.241.28 - - [19/Mar/2026:15:24:07 +0000] "GET /buy.php?detail/15803974541234 HTTP/1.1" 200 171481 "https://inception-blue.com/buy.php?detail/05401624946655" "Mozilla/5.0 AppleWebKit/537.36 (KHTML, like Gecko; compatible; GPTBot/1.3; +https://openai.com/gptbot)"
74.7.241.28 - - [19/Mar/2026:15:24:10 +0000] "GET /buy.php?detail/29503283663741 HTTP/1.1" 200 156477 "https://inception-blue.com/buy.php?detail/23601016837560" "Mozilla/5.0 AppleWebKit/537.36 (KHTML, like Gecko; compatible; GPTBot/1.3; +https://openai.com/gptbot)"
45.227.253.15 - - [19/Mar/2026:15:24:12 +0000] "GET /wp-admin/wp-admin/index.php?of=1 HTTP/1.1" 200 5624 "-" "Mozilla/5.0 (Windows NT 10.0; Win64; x64) AppleWebKit/537.36 (KHTML, like Gecko) Chrome/77.0.3760. Safari/537.36 Edg/77.0.141.7"
74.7.241.28 - - [19/Mar/2026:15:24:13 +0000] "GET /buy.php?detail/27601949298351 HTTP/1.1" 200 152961 "https://inception-blue.com/buy.php?detail/01102610163438" "Mozilla/5.0 AppleWebKit/537.36 (KHTML, like Gecko; compatible; GPTBot/1.3; +https://openai.com/gptbot)"
74.7.241.28 - - [19/Mar/2026:15:24:16 +0000] "GET /buy.php?detail/19704069628104 HTTP/1.1" 200 153685 "https://inception-blue.com/buy.php?detail/26800713075589" "Mozilla/5.0 AppleWebKit/537.36 (KHTML, like Gecko; compatible; GPTBot/1.3; +https://openai.com/gptbot)"
74.7.241.28 - - [19/Mar/2026:15:24:19 +0000] "GET /buy.php?detail/13001979045936 HTTP/1.1" 200 164370 "https://inception-blue.com/buy.php?detail/26800713075589" "Mozilla/5.0 AppleWebKit/537.36 (KHTML, like Gecko; compatible; GPTBot/1.3; +https://openai.com/gptbot)"
74.7.241.28 - - [19/Mar/2026:15:24:23 +0000] "GET /buy.php?detail/14800588356489 HTTP/1.1" 200 158922 "https://inception-blue.com/buy.php?detail/14802235079681" "Mozilla/5.0 AppleWebKit/537.36 (KHTML, like Gecko; compatible; GPTBot/1.3; +https://openai.com/gptbot)"
74.7.241.28 - - [19/Mar/2026:15:24:26 +0000] "GET /buy.php?m22200713951 HTTP/1.1" 200 155848 "https://inception-blue.com/buy.php?detail/08803874612093" "Mozilla/5.0 AppleWebKit/537.36 (KHTML, like Gecko; compatible; GPTBot/1.3; +https://openai.com/gptbot)"
45.227.253.15 - - [19/Mar/2026:15:24:31 +0000] "GET /cgi-bin/MH_configs_20260318221642/MH_configs_20260318221642/index.php?of=1 HTTP/1.1" 200 5981 "-" "Mozilla/5.0 (Windows NT 10.0; Win64; x64) AppleWebKit/537.36 (KHTML, like Gecko) Chrome/82.0.3292.140 Safari/537.36 Edge/18.18761"
74.7.241.28 - - [19/Mar/2026:15:24:29 +0000] "GET /buy.php?detail/00700030856232 HTTP/1.1" 200 147420 "https://inception-blue.com/buy.php?detail/00704488677426" "Mozilla/5.0 AppleWebKit/537.36 (KHTML, like Gecko; compatible; GPTBot/1.3; +https://openai.com/gptbot)"
74.7.241.28 - - [19/Mar/2026:15:24:32 +0000] "GET /buy.php?040008007.htm HTTP/1.1" 200 155603 "https://inception-blue.com/buy.php?m88013555829" "Mozilla/5.0 AppleWebKit/537.36 (KHTML, like Gecko; compatible; GPTBot/1.3; +https://openai.com/gptbot)"
74.7.241.28 - - [19/Mar/2026:15:24:35 +0000] "GET /buy.php?detail/21803774571536 HTTP/1.1" 200 153328 "https://inception-blue.com/buy.php?detail/21804959602449" "Mozilla/5.0 AppleWebKit/537.36 (KHTML, like Gecko; compatible; GPTBot/1.3; +https://openai.com/gptbot)"
74.7.241.28 - - [19/Mar/2026:15:24:39 +0000] "GET /buy.php?detail/15801032383957 HTTP/1.1" 200 152292 "https://inception-blue.com/buy.php?detail/15803463327706" "Mozilla/5.0 AppleWebKit/537.36 (KHTML, like Gecko; compatible; GPTBot/1.3; +https://openai.com/gptbot)"
66.249.77.3 - - [19/Mar/2026:15:24:40 +0000] "GET /9034355 HTTP/1.1" 200 391237 "-" "Mozilla/5.0 (Linux; Android 6.0.1; Nexus 5X Build/MMB29P) AppleWebKit/537.36 (KHTML, like Gecko) Chrome/145.0.7632.159 Mobile Safari/537.36 (compatible; Googlebot/2.1; +http://www.google.com/bot.html)"
74.7.241.28 - - [19/Mar/2026:15:24:42 +0000] "GET /buy.php?detail/13001563142989 HTTP/1.1" 200 151790 "https://inception-blue.com/buy.php?detail/13002572348787" "Mozilla/5.0 AppleWebKit/537.36 (KHTML, like Gecko; compatible; GPTBot/1.3; +https://openai.com/gptbot)"
85.202.160.80 - - [19/Mar/2026:15:24:41 +0000] "GET /wp-login.php HTTP/1.1" 200 84587 "-" "Mozilla/5.0 (Macintosh; Intel Mac OS X 10_13_4) AppleWebKit/537.36 (KHTML, like Gecko) Chrome/66.0.3359.181 Safari/537.36"
85.202.160.80 - - [19/Mar/2026:15:24:43 +0000] "POST /wp-login.php HTTP/1.1" 200 84836 "https://inception-blue.com/wp-login.php" "Mozilla/5.0 (Macintosh; Intel Mac OS X 10_13_4) AppleWebKit/537.36 (KHTML, like Gecko) Chrome/66.0.3359.181 Safari/537.36"
74.7.241.28 - - [19/Mar/2026:15:24:45 +0000] "GET /buy.php?detail/23600869277114 HTTP/1.1" 200 158180 "https://inception-blue.com/buy.php?detail/12001394689270" "Mozilla/5.0 AppleWebKit/537.36 (KHTML, like Gecko; compatible; GPTBot/1.3; +https://openai.com/gptbot)"
159.223.142.74 - - [19/Mar/2026:15:24:45 +0000] "POST /wp-cron.php?doing_wp_cron=1773933885.3623330593109130859375 HTTP/1.1" 403 185482 "-" "WordPress/6.9.4; https://inception-blue.com"
159.223.142.74 - - [19/Mar/2026:15:24:44 +0000] "POST /wp-cron.php?doing_wp_cron=1773933884.0496590137481689453125 HTTP/1.1" 403 185482 "-" "WordPress/6.9.4; https://inception-blue.com"
159.223.142.74 - - [19/Mar/2026:15:24:45 +0000] "POST /wp-cron.php?doing_wp_cron=1773933885.7107579708099365234375 HTTP/1.1" 403 185482 "-" "WordPress/6.9.4; https://inception-blue.com"
159.223.142.74 - - [19/Mar/2026:15:24:42 +0000] "POST /wp-cron.php?doing_wp_cron=1773933882.6393179893493652343750 HTTP/1.1" 403 185482 "-" "WordPress/6.9.4; https://inception-blue.com"
159.223.142.74 - - [19/Mar/2026:15:24:44 +0000] "POST /wp-cron.php?doing_wp_cron=1773933884.3020269870758056640625 HTTP/1.1" 403 185482 "-" "WordPress/6.9.4; https://inception-blue.com"
159.223.142.74 - - [19/Mar/2026:15:24:43 +0000] "POST /wp-cron.php?doing_wp_cron=1773933883.1544189453125000000000 HTTP/1.1" 403 185482 "-" "WordPress/6.9.4; https://inception-blue.com"
159.223.142.74 - - [19/Mar/2026:15:24:46 +0000] "POST /wp-cron.php?doing_wp_cron=1773933886.1736309528350830078125 HTTP/1.1" 403 185482 "-" "WordPress/6.9.4; https://inception-blue.com"
159.223.142.74 - - [19/Mar/2026:15:24:41 +0000] "POST /wp-cron.php?doing_wp_cron=1773933881.7282559871673583984375 HTTP/1.1" 403 185482 "-" "WordPress/6.9.4; https://inception-blue.com"
159.223.142.74 - - [19/Mar/2026:15:24:46 +0000] "POST /wp-cron.php?doing_wp_cron=1773933886.2910149097442626953125 HTTP/1.1" 403 185483 "-" "WordPress/6.9.4; https://inception-blue.com"
159.223.142.74 - - [19/Mar/2026:15:24:46 +0000] "POST /wp-cron.php?doing_wp_cron=1773933886.2676200866699218750000 HTTP/1.1" 403 185482 "-" "WordPress/6.9.4; https://inception-blue.com"
159.223.142.74 - - [19/Mar/2026:15:24:40 +0000] "POST /wp-cron.php?doing_wp_cron=1773933880.6365599632263183593750 HTTP/1.1" 404 185482 "-" "WordPress/6.9.4; https://inception-blue.com"
199.244.88.227 - - [19/Mar/2026:15:24:39 +0000] "GET / HTTP/1.1" 200 222977 "http://inception-blue.com" "Mozilla/5.0 (X11; Linux x86_64) AppleWebKit/537.36 (KHTML, like Gecko) Chrome/105.0.0.0 Safari/537.36"
159.223.142.74 - - [19/Mar/2026:15:24:45 +0000] "POST /wp-cron.php?doing_wp_cron=1773933884.9552149772644042968750 HTTP/1.1" 404 185482 "-" "WordPress/6.9.4; https://inception-blue.com"
159.223.142.74 - - [19/Mar/2026:15:24:44 +0000] "POST /wp-cron.php?doing_wp_cron=1773933884.7398378849029541015625 HTTP/1.1" 403 185482 "-" "WordPress/6.9.4; https://inception-blue.com"
159.223.142.74 - - [19/Mar/2026:15:24:43 +0000] "POST /wp-cron.php?doing_wp_cron=1773933883.6615560054779052734375 HTTP/1.1" 403 185482 "-" "WordPress/6.9.4; https://inception-blue.com"
159.223.142.74 - - [19/Mar/2026:15:24:46 +0000] "POST /wp-cron.php?doing_wp_cron=1773933886.8742010593414306640625 HTTP/1.1" 403 185482 "-" "WordPress/6.9.4; https://inception-blue.com"
74.7.241.28 - - [19/Mar/2026:15:24:48 +0000] "GET /buy.php?detail/26203774550657 HTTP/1.1" 200 172298 "https://inception-blue.com/buy.php?detail/27601949298351" "Mozilla/5.0 AppleWebKit/537.36 (KHTML, like Gecko; compatible; GPTBot/1.3; +https://openai.com/gptbot)"
74.7.241.28 - - [19/Mar/2026:15:24:51 +0000] "GET /buy.php?jp/152040946.html HTTP/1.1" 200 163017 "https://inception-blue.com/buy.php?detail/19704069628104" "Mozilla/5.0 AppleWebKit/537.36 (KHTML, like Gecko; compatible; GPTBot/1.3; +https://openai.com/gptbot)"
74.7.241.28 - - [19/Mar/2026:15:24:54 +0000] "GET /buy.php?detail/19701148164750 HTTP/1.1" 200 155577 "https://inception-blue.com/buy.php?detail/19704069628104" "Mozilla/5.0 AppleWebKit/537.36 (KHTML, like Gecko; compatible; GPTBot/1.3; +https://openai.com/gptbot)"
74.7.241.28 - - [19/Mar/2026:15:24:58 +0000] "GET /buy.php?detail/23600904253256 HTTP/1.1" 200 158472 "https://inception-blue.com/buy.php?detail/14800588356489" "Mozilla/5.0 AppleWebKit/537.36 (KHTML, like Gecko; compatible; GPTBot/1.3; +https://openai.com/gptbot)"
116.118.2.113 - - [19/Mar/2026:15:24:59 +0000] "GET /wp-login.php HTTP/1.1" 200 84588 "-" "Mozilla/4.0 (compatible; MSIE 7.0; Windows NT 6.3; WOW64; Trident/7.0; .NET4.0E; .NET4.0C; InfoPath.3)"
74.7.241.28 - - [19/Mar/2026:15:25:01 +0000] "GET /buy.php?detail/11801345846754 HTTP/1.1" 200 146975 "https://inception-blue.com/buy.php?detail/14800588356489" "Mozilla/5.0 AppleWebKit/537.36 (KHTML, like Gecko; compatible; GPTBot/1.3; +https://openai.com/gptbot)"
116.118.2.113 - - [19/Mar/2026:15:25:01 +0000] "POST /wp-login.php HTTP/1.1" 200 84836 "https://inception-blue.com/wp-login.php" "Mozilla/4.0 (compatible; MSIE 7.0; Windows NT 6.3; WOW64; Trident/7.0; .NET4.0E; .NET4.0C; InfoPath.3)"
74.7.241.28 - - [19/Mar/2026:15:25:04 +0000] "GET /buy.php?021000174.htm HTTP/1.1" 200 153526 "https://inception-blue.com/buy.php?m22200713951" "Mozilla/5.0 AppleWebKit/537.36 (KHTML, like Gecko; compatible; GPTBot/1.3; +https://openai.com/gptbot)"
74.7.241.28 - - [19/Mar/2026:15:25:07 +0000] "GET /buy.php?detail/03502883276314 HTTP/1.1" 200 144251 "https://inception-blue.com/buy.php?detail/06301772443525" "Mozilla/5.0 AppleWebKit/537.36 (KHTML, like Gecko; compatible; GPTBot/1.3; +https://openai.com/gptbot)"
74.7.241.28 - - [19/Mar/2026:15:25:10 +0000] "GET /buy.php?detail/21801893717116 HTTP/1.1" 200 153445 "https://inception-blue.com/buy.php?detail/21803774571536" "Mozilla/5.0 AppleWebKit/537.36 (KHTML, like Gecko; compatible; GPTBot/1.3; +https://openai.com/gptbot)"
74.7.241.28 - - [19/Mar/2026:15:25:13 +0000] "GET /buy.php?detail/27102199486643 HTTP/1.1" 200 154252 "https://inception-blue.com/buy.php?detail/23404335535730" "Mozilla/5.0 AppleWebKit/537.36 (KHTML, like Gecko; compatible; GPTBot/1.3; +https://openai.com/gptbot)"
74.7.241.28 - - [19/Mar/2026:15:25:16 +0000] "GET /buy.php?detail/13400909053229 HTTP/1.1" 200 146253 "https://inception-blue.com/buy.php?detail/13001563142989" "Mozilla/5.0 AppleWebKit/537.36 (KHTML, like Gecko; compatible; GPTBot/1.3; +https://openai.com/gptbot)"
74.7.241.28 - - [19/Mar/2026:15:25:20 +0000] "GET /buy.php?detail/08404604717800 HTTP/1.1" 200 154110 "https://inception-blue.com/buy.php?detail/23600869277114" "Mozilla/5.0 AppleWebKit/537.36 (KHTML, like Gecko; compatible; GPTBot/1.3; +https://openai.com/gptbot)"
167.172.79.172 - - [19/Mar/2026:15:25:23 +0000] "GET /wp-login.php HTTP/1.1" 200 84585 "-" "Mozilla/5.0 (Macintosh; Intel Mac OS X 10_10_5) AppleWebKit/537.36 (KHTML, like Gecko) Chrome/66.0.3359.139 Safari/537.36"
74.7.241.28 - - [19/Mar/2026:15:25:23 +0000] "GET /buy.php?detail/00503089218394 HTTP/1.1" 200 153803 "https://inception-blue.com/buy.php?detail/26203774550657" "Mozilla/5.0 AppleWebKit/537.36 (KHTML, like Gecko; compatible; GPTBot/1.3; +https://openai.com/gptbot)"
167.172.79.172 - - [19/Mar/2026:15:25:25 +0000] "POST /wp-login.php HTTP/1.1" 200 84834 "https://inception-blue.com/wp-login.php" "Mozilla/5.0 (Macintosh; Intel Mac OS X 10_10_5) AppleWebKit/537.36 (KHTML, like Gecko) Chrome/66.0.3359.139 Safari/537.36"
74.7.241.28 - - [19/Mar/2026:15:25:26 +0000] "GET /buy.php?detail/22404499897236 HTTP/1.1" 200 156008 "https://inception-blue.com/buy.php?detail/23600869277114" "Mozilla/5.0 AppleWebKit/537.36 (KHTML, like Gecko; compatible; GPTBot/1.3; +https://openai.com/gptbot)"
74.7.241.28 - - [19/Mar/2026:15:25:29 +0000] "GET /buy.php?detail/19700766617205 HTTP/1.1" 200 151730 "https://inception-blue.com/buy.php?detail/19701148164750" "Mozilla/5.0 AppleWebKit/537.36 (KHTML, like Gecko; compatible; GPTBot/1.3; +https://openai.com/gptbot)"
66.249.77.4 - - [19/Mar/2026:15:25:30 +0000] "GET /6277266 HTTP/1.1" 200 300890 "-" "Mozilla/5.0 (Linux; Android 6.0.1; Nexus 5X Build/MMB29P) AppleWebKit/537.36 (KHTML, like Gecko) Chrome/145.0.7632.159 Mobile Safari/537.36 (compatible; Googlebot/2.1; +http://www.google.com/bot.html)"
74.7.241.28 - - [19/Mar/2026:15:25:32 +0000] "GET /buy.php?m16920888690 HTTP/1.1" 200 157539 "https://inception-blue.com/buy.php?detail/13001563142989" "Mozilla/5.0 AppleWebKit/537.36 (KHTML, like Gecko; compatible; GPTBot/1.3; +https://openai.com/gptbot)"
74.7.241.28 - - [19/Mar/2026:15:25:35 +0000] "GET /buy.php?detail/06701212302457 HTTP/1.1" 200 154489 "https://inception-blue.com/buy.php?detail/11801345846754" "Mozilla/5.0 AppleWebKit/537.36 (KHTML, like Gecko; compatible; GPTBot/1.3; +https://openai.com/gptbot)"
74.7.241.28 - - [19/Mar/2026:15:25:38 +0000] "GET /buy.php?jp/101033942.html HTTP/1.1" 200 154405 "https://inception-blue.com/buy.php?detail/11801345846754" "Mozilla/5.0 AppleWebKit/537.36 (KHTML, like Gecko; compatible; GPTBot/1.3; +https://openai.com/gptbot)"
74.7.241.28 - - [19/Mar/2026:15:25:41 +0000] "GET /buy.php?detail/01401886415236 HTTP/1.1" 200 163996 "https://inception-blue.com/buy.php?detail/03502883276314" "Mozilla/5.0 AppleWebKit/537.36 (KHTML, like Gecko; compatible; GPTBot/1.3; +https://openai.com/gptbot)"
74.7.241.28 - - [19/Mar/2026:15:25:45 +0000] "GET /buy.php?detail/06704773422442 HTTP/1.1" 200 161244 "https://inception-blue.com/buy.php?detail/21801893717116" "Mozilla/5.0 AppleWebKit/537.36 (KHTML, like Gecko; compatible; GPTBot/1.3; +https://openai.com/gptbot)"
74.7.241.28 - - [19/Mar/2026:15:25:48 +0000] "GET /buy.php?detail/27100026639317 HTTP/1.1" 200 155974 "https://inception-blue.com/buy.php?detail/27102199486643" "Mozilla/5.0 AppleWebKit/537.36 (KHTML, like Gecko; compatible; GPTBot/1.3; +https://openai.com/gptbot)"
74.7.241.28 - - [19/Mar/2026:15:25:51 +0000] "GET /buy.php?detail/17500338240491 HTTP/1.1" 200 146107 "https://inception-blue.com/buy.php?detail/17501160841172" "Mozilla/5.0 AppleWebKit/537.36 (KHTML, like Gecko; compatible; GPTBot/1.3; +https://openai.com/gptbot)"
74.7.241.28 - - [19/Mar/2026:15:25:54 +0000] "GET /buy.php?detail/08400225822187 HTTP/1.1" 200 158531 "https://inception-blue.com/buy.php?detail/08404604717800" "Mozilla/5.0 AppleWebKit/537.36 (KHTML, like Gecko; compatible; GPTBot/1.3; +https://openai.com/gptbot)"
74.7.241.28 - - [19/Mar/2026:15:25:58 +0000] "GET /buy.php?detail/08400171575545 HTTP/1.1" 200 155060 "https://inception-blue.com/buy.php?detail/08404604717800" "Mozilla/5.0 AppleWebKit/537.36 (KHTML, like Gecko; compatible; GPTBot/1.3; +https://openai.com/gptbot)"
74.7.241.28 - - [19/Mar/2026:15:26:01 +0000] "GET /buy.php?detail/24001453639910 HTTP/1.1" 200 152973 "https://inception-blue.com/buy.php?detail/22404499897236" "Mozilla/5.0 AppleWebKit/537.36 (KHTML, like Gecko; compatible; GPTBot/1.3; +https://openai.com/gptbot)"
198.98.48.6 - - [19/Mar/2026:15:26:01 +0000] "GET /wp-login.php HTTP/1.1" 200 84585 "-" "Mozilla/5.0 (Windows NT 6.2; WOW64; rv:31.0) Gecko/20100101 Firefox/31.0"
159.223.142.74 - - [19/Mar/2026:15:26:02 +0000] "POST /wp-cron.php?doing_wp_cron=1773933962.7287130355834960937500 HTTP/1.1" 404 185479 "-" "WordPress/6.9.4; https://inception-blue.com"
66.249.77.8 - - [19/Mar/2026:15:26:04 +0000] "GET /?goods/171029481 HTTP/1.1" 200 379670 "-" "Mozilla/5.0 (Linux; Android 6.0.1; Nexus 5X Build/MMB29P) AppleWebKit/537.36 (KHTML, like Gecko) Chrome/145.0.7632.159 Mobile Safari/537.36 (compatible; Googlebot/2.1; +http://www.google.com/bot.html)"
66.249.77.9 - - [19/Mar/2026:15:26:04 +0000] "GET /product/004046991 HTTP/1.1" 200 403872 "-" "Mozilla/5.0 (Linux; Android 6.0.1; Nexus 5X Build/MMB29P) AppleWebKit/537.36 (KHTML, like Gecko) Chrome/145.0.7632.159 Mobile Safari/537.36 (compatible; Googlebot/2.1; +http://www.google.com/bot.html)"
74.7.241.28 - - [19/Mar/2026:15:26:04 +0000] "GET /buy.php?detail/27402201592074 HTTP/1.1" 200 142057 "https://inception-blue.com/buy.php?detail/19700766617205" "Mozilla/5.0 AppleWebKit/537.36 (KHTML, like Gecko; compatible; GPTBot/1.3; +https://openai.com/gptbot)"
198.98.48.6 - - [19/Mar/2026:15:26:04 +0000] "POST /wp-login.php HTTP/1.1" 200 84603 "-" "Mozilla/5.0 (Windows NT 6.2; WOW64; rv:31.0) Gecko/20100101 Firefox/31.0"
74.7.241.28 - - [19/Mar/2026:15:26:07 +0000] "GET /buy.php?detail/19700547319158 HTTP/1.1" 200 156033 "https://inception-blue.com/buy.php?detail/19700766617205" "Mozilla/5.0 AppleWebKit/537.36 (KHTML, like Gecko; compatible; GPTBot/1.3; +https://openai.com/gptbot)"
74.7.241.28 - - [19/Mar/2026:15:26:10 +0000] "GET /buy.php?shopbrand/ethical/194038162.htm HTTP/1.1" 200 153038 "https://inception-blue.com/buy.php?m16920888690" "Mozilla/5.0 AppleWebKit/537.36 (KHTML, like Gecko; compatible; GPTBot/1.3; +https://openai.com/gptbot)"
74.7.241.28 - - [19/Mar/2026:15:26:13 +0000] "GET /buy.php?detail/00102256715219 HTTP/1.1" 200 154830 "https://inception-blue.com/buy.php?detail/19700766617205" "Mozilla/5.0 AppleWebKit/537.36 (KHTML, like Gecko; compatible; GPTBot/1.3; +https://openai.com/gptbot)"
74.7.241.28 - - [19/Mar/2026:15:26:16 +0000] "GET /buy.php?detail/19700543392201 HTTP/1.1" 200 152523 "https://inception-blue.com/buy.php?detail/19700766617205" "Mozilla/5.0 AppleWebKit/537.36 (KHTML, like Gecko; compatible; GPTBot/1.3; +https://openai.com/gptbot)"
74.7.241.28 - - [19/Mar/2026:15:26:19 +0000] "GET /buy.php?detail/28300844089472 HTTP/1.1" 200 154093 "https://inception-blue.com/buy.php?detail/06704773422442" "Mozilla/5.0 AppleWebKit/537.36 (KHTML, like Gecko; compatible; GPTBot/1.3; +https://openai.com/gptbot)"
66.249.77.7 - - [19/Mar/2026:15:26:20 +0000] "GET /328794877 HTTP/1.1" 200 299441 "-" "Mozilla/5.0 (Linux; Android 6.0.1; Nexus 5X Build/MMB29P) AppleWebKit/537.36 (KHTML, like Gecko) Chrome/145.0.7632.159 Mobile Safari/537.36 (compatible; Googlebot/2.1; +http://www.google.com/bot.html)"
74.7.241.28 - - [19/Mar/2026:15:26:23 +0000] "GET /buy.php?detail/27102382732311 HTTP/1.1" 200 160538 "https://inception-blue.com/buy.php?detail/27100026639317" "Mozilla/5.0 AppleWebKit/537.36 (KHTML, like Gecko; compatible; GPTBot/1.3; +https://openai.com/gptbot)"
74.7.241.28 - - [19/Mar/2026:15:26:26 +0000] "GET /buy.php?detail/15604456934108 HTTP/1.1" 200 155375 "https://inception-blue.com/buy.php?detail/27100026639317" "Mozilla/5.0 AppleWebKit/537.36 (KHTML, like Gecko; compatible; GPTBot/1.3; +https://openai.com/gptbot)"
74.7.241.28 - - [19/Mar/2026:15:26:29 +0000] "GET /buy.php?detail/08400105048795 HTTP/1.1" 200 154819 "https://inception-blue.com/buy.php?detail/08400225822187" "Mozilla/5.0 AppleWebKit/537.36 (KHTML, like Gecko; compatible; GPTBot/1.3; +https://openai.com/gptbot)"
74.7.241.28 - - [19/Mar/2026:15:26:32 +0000] "GET /buy.php?detail/25100261075102 HTTP/1.1" 200 161255 "https://inception-blue.com/buy.php?detail/08400171575545" "Mozilla/5.0 AppleWebKit/537.36 (KHTML, like Gecko; compatible; GPTBot/1.3; +https://openai.com/gptbot)"
74.7.241.28 - - [19/Mar/2026:15:26:35 +0000] "GET /buy.php?detail/10703789775579 HTTP/1.1" 200 152155 "https://inception-blue.com/buy.php?detail/06704773422442" "Mozilla/5.0 AppleWebKit/537.36 (KHTML, like Gecko; compatible; GPTBot/1.3; +https://openai.com/gptbot)"
74.7.241.28 - - [19/Mar/2026:15:26:38 +0000] "GET /buy.php?detail/07104884525824 HTTP/1.1" 200 151107 "https://inception-blue.com/buy.php?detail/27100026639317" "Mozilla/5.0 AppleWebKit/537.36 (KHTML, like Gecko; compatible; GPTBot/1.3; +https://openai.com/gptbot)"
74.7.241.28 - - [19/Mar/2026:15:26:42 +0000] "GET /buy.php?detail/19700377559205 HTTP/1.1" 200 155830 "https://inception-blue.com/buy.php?detail/19700547319158" "Mozilla/5.0 AppleWebKit/537.36 (KHTML, like Gecko; compatible; GPTBot/1.3; +https://openai.com/gptbot)"
74.7.241.28 - - [19/Mar/2026:15:26:45 +0000] "GET /buy.php?detail/20502844233789 HTTP/1.1" 200 154320 "https://inception-blue.com/buy.php?detail/27402201592074" "Mozilla/5.0 AppleWebKit/537.36 (KHTML, like Gecko; compatible; GPTBot/1.3; +https://openai.com/gptbot)"
74.7.241.28 - - [19/Mar/2026:15:26:48 +0000] "GET /buy.php?detail/08400181786398 HTTP/1.1" 200 155132 "https://inception-blue.com/buy.php?detail/08404604717800" "Mozilla/5.0 AppleWebKit/537.36 (KHTML, like Gecko; compatible; GPTBot/1.3; +https://openai.com/gptbot)"
45.227.253.15 - - [19/Mar/2026:15:26:50 +0000] "GET /?of=1 HTTP/1.1" 200 222970 "-" "Mozilla/5.0 (Windows NT 10.0; Win64; x64) AppleWebKit/537.36 (KHTML, like Gecko) Chrome/79.0.3970 Safari/537.36 Edg/79.0.143.5"
74.7.241.28 - - [19/Mar/2026:15:26:51 +0000] "GET /buy.php?detail/24503965949360 HTTP/1.1" 200 159713 "https://inception-blue.com/buy.php?detail/08404604717800" "Mozilla/5.0 AppleWebKit/537.36 (KHTML, like Gecko; compatible; GPTBot/1.3; +https://openai.com/gptbot)"
74.7.241.28 - - [19/Mar/2026:15:26:55 +0000] "GET /buy.php?detail/19700566404608 HTTP/1.1" 200 154559 "https://inception-blue.com/buy.php?detail/19700766617205" "Mozilla/5.0 AppleWebKit/537.36 (KHTML, like Gecko; compatible; GPTBot/1.3; +https://openai.com/gptbot)"
74.7.241.28 - - [19/Mar/2026:15:26:58 +0000] "GET /buy.php?detail/21501287875017 HTTP/1.1" 200 156349 "https://inception-blue.com/buy.php?detail/27102382732311" "Mozilla/5.0 AppleWebKit/537.36 (KHTML, like Gecko; compatible; GPTBot/1.3; +https://openai.com/gptbot)"
74.7.241.28 - - [19/Mar/2026:15:27:01 +0000] "GET /buy.php?jp/156014924.html HTTP/1.1" 200 156013 "https://inception-blue.com/buy.php?detail/15604456934108" "Mozilla/5.0 AppleWebKit/537.36 (KHTML, like Gecko; compatible; GPTBot/1.3; +https://openai.com/gptbot)"
74.7.241.28 - - [19/Mar/2026:15:27:04 +0000] "GET /buy.php?detail/08400493832984 HTTP/1.1" 200 164879 "https://inception-blue.com/buy.php?detail/08400105048795" "Mozilla/5.0 AppleWebKit/537.36 (KHTML, like Gecko; compatible; GPTBot/1.3; +https://openai.com/gptbot)"
74.7.241.28 - - [19/Mar/2026:15:27:07 +0000] "GET /buy.php?detail/25102808158054 HTTP/1.1" 200 155878 "https://inception-blue.com/buy.php?detail/25100261075102" "Mozilla/5.0 AppleWebKit/537.36 (KHTML, like Gecko; compatible; GPTBot/1.3; +https://openai.com/gptbot)"
66.249.77.9 - - [19/Mar/2026:15:27:10 +0000] "GET /714056159 HTTP/1.1" 200 316964 "-" "Mozilla/5.0 (Linux; Android 6.0.1; Nexus 5X Build/MMB29P) AppleWebKit/537.36 (KHTML, like Gecko) Chrome/145.0.7632.159 Mobile Safari/537.36 (compatible; Googlebot/2.1; +http://www.google.com/bot.html)"
74.7.241.28 - - [19/Mar/2026:15:27:10 +0000] "GET /buy.php?detail/25200359398211 HTTP/1.1" 200 155845 "https://inception-blue.com/buy.php?detail/25100261075102" "Mozilla/5.0 AppleWebKit/537.36 (KHTML, like Gecko; compatible; GPTBot/1.3; +https://openai.com/gptbot)"
74.7.241.28 - - [19/Mar/2026:15:27:14 +0000] "GET /buy.php?detail/13702254045342 HTTP/1.1" 200 163195 "https://inception-blue.com/buy.php?detail/07104884525824" "Mozilla/5.0 AppleWebKit/537.36 (KHTML, like Gecko; compatible; GPTBot/1.3; +https://openai.com/gptbot)"
74.7.241.28 - - [19/Mar/2026:15:27:17 +0000] "GET /buy.php?detail/12703180305589 HTTP/1.1" 200 159121 "https://inception-blue.com/buy.php?detail/19700377559205" "Mozilla/5.0 AppleWebKit/537.36 (KHTML, like Gecko; compatible; GPTBot/1.3; +https://openai.com/gptbot)"
74.7.241.28 - - [19/Mar/2026:15:27:20 +0000] "GET /buy.php?detail/20504564720822 HTTP/1.1" 200 156056 "https://inception-blue.com/buy.php?detail/20502844233789" "Mozilla/5.0 AppleWebKit/537.36 (KHTML, like Gecko; compatible; GPTBot/1.3; +https://openai.com/gptbot)"
74.7.241.28 - - [19/Mar/2026:15:27:23 +0000] "GET /buy.php?detail/16503862785538 HTTP/1.1" 200 161544 "https://inception-blue.com/buy.php?detail/20502844233789" "Mozilla/5.0 AppleWebKit/537.36 (KHTML, like Gecko; compatible; GPTBot/1.3; +https://openai.com/gptbot)"
74.7.241.28 - - [19/Mar/2026:15:27:26 +0000] "GET /buy.php?detail/19700047917901 HTTP/1.1" 200 154700 "https://inception-blue.com/buy.php?detail/19700377559205" "Mozilla/5.0 AppleWebKit/537.36 (KHTML, like Gecko; compatible; GPTBot/1.3; +https://openai.com/gptbot)"
45.227.253.15 - - [19/Mar/2026:15:27:28 +0000] "GET /wp-admin/admin.php?of=1 HTTP/1.1" 200 5261 "-" "Mozilla/5.0 (iPhone; CPU iPhone OS 13_4 like Mac OS X) AppleWebKit/605.1.15 (KHTML, like Gecko) Version/13.4.4 Mobile/15E148 Safari/604.1"
45.227.253.15 - - [19/Mar/2026:15:27:28 +0000] "GET /789217-juejiang/?of=1 HTTP/1.1" 404 185494 "-" "Mozilla/5.0 (iPhone; CPU iPhone OS 12_3 like Mac OS X) AppleWebKit/605.1.15 (KHTML, like Gecko) Version/12.0.4 Mobile/15E148 Safari/604.1"
159.223.142.74 - - [19/Mar/2026:15:27:29 +0000] "POST /wp-cron.php?doing_wp_cron=1773934049.4041950702667236328125 HTTP/1.1" 403 185479 "-" "WordPress/6.9.4; https://inception-blue.com"
74.7.241.28 - - [19/Mar/2026:15:27:29 +0000] "GET /buy.php?detail/20504258616622 HTTP/1.1" 200 155608 "https://inception-blue.com/buy.php?detail/20502844233789" "Mozilla/5.0 AppleWebKit/537.36 (KHTML, like Gecko; compatible; GPTBot/1.3; +https://openai.com/gptbot)"
74.7.241.28 - - [19/Mar/2026:15:27:33 +0000] "GET /buy.php?detail/16904169224505 HTTP/1.1" 200 162262 "https://inception-blue.com/buy.php?detail/19700377559205" "Mozilla/5.0 AppleWebKit/537.36 (KHTML, like Gecko; compatible; GPTBot/1.3; +https://openai.com/gptbot)"
74.7.241.28 - - [19/Mar/2026:15:27:36 +0000] "GET /buy.php?detail/18600066066701 HTTP/1.1" 200 163529 "https://inception-blue.com/buy.php?jp/156014924.html" "Mozilla/5.0 AppleWebKit/537.36 (KHTML, like Gecko; compatible; GPTBot/1.3; +https://openai.com/gptbot)"
74.7.241.28 - - [19/Mar/2026:15:27:39 +0000] "GET /buy.php?detail/15601665380993 HTTP/1.1" 200 153558 "https://inception-blue.com/buy.php?jp/156014924.html" "Mozilla/5.0 AppleWebKit/537.36 (KHTML, like Gecko; compatible; GPTBot/1.3; +https://openai.com/gptbot)"
74.7.241.28 - - [19/Mar/2026:15:27:42 +0000] "GET /buy.php?detail/12502244539146 HTTP/1.1" 200 155159 "https://inception-blue.com/buy.php?detail/24001453639910" "Mozilla/5.0 AppleWebKit/537.36 (KHTML, like Gecko; compatible; GPTBot/1.3; +https://openai.com/gptbot)"
74.7.241.28 - - [19/Mar/2026:15:27:45 +0000] "GET /buy.php?detail/29603049398037 HTTP/1.1" 200 155205 "https://inception-blue.com/buy.php?detail/25200359398211" "Mozilla/5.0 AppleWebKit/537.36 (KHTML, like Gecko; compatible; GPTBot/1.3; +https://openai.com/gptbot)"
199.244.88.227 - - [19/Mar/2026:15:27:47 +0000] "GET /wp-content/uploads/2024/04/cropped-Favicon-1-32x32.png HTTP/1.1" 200 2046 "-" "Mozilla/5.0 (Macintosh; Intel Mac OS X 10_15_7) AppleWebKit/537.36 (KHTML, like Gecko) Chrome/120.0.0.0 Safari/537.36"
199.244.88.227 - - [19/Mar/2026:15:27:47 +0000] "GET /wp-content/uploads/2024/04/cropped-Favicon-1-192x192.png HTTP/1.1" 200 27376 "-" "Mozilla/5.0 (Macintosh; Intel Mac OS X 10_15_7) AppleWebKit/537.36 (KHTML, like Gecko) Chrome/120.0.0.0 Safari/537.36"
74.7.241.28 - - [19/Mar/2026:15:27:48 +0000] "GET /buy.php?detail/25200009814315 HTTP/1.1" 200 169580 "https://inception-blue.com/buy.php?detail/25200359398211" "Mozilla/5.0 AppleWebKit/537.36 (KHTML, like Gecko; compatible; GPTBot/1.3; +https://openai.com/gptbot)"
74.7.241.28 - - [19/Mar/2026:15:27:52 +0000] "GET /buy.php?detail/25200279182434 HTTP/1.1" 200 155181 "https://inception-blue.com/buy.php?detail/25200359398211" "Mozilla/5.0 AppleWebKit/537.36 (KHTML, like Gecko; compatible; GPTBot/1.3; +https://openai.com/gptbot)"
74.7.241.28 - - [19/Mar/2026:15:27:55 +0000] "GET /buy.php?jp/205039045.html HTTP/1.1" 200 161566 "https://inception-blue.com/buy.php?detail/20504564720822" "Mozilla/5.0 AppleWebKit/537.36 (KHTML, like Gecko; compatible; GPTBot/1.3; +https://openai.com/gptbot)"
74.7.241.28 - - [19/Mar/2026:15:27:58 +0000] "GET /buy.php?jp/165040521.html HTTP/1.1" 200 161512 "https://inception-blue.com/buy.php?detail/16503862785538" "Mozilla/5.0 AppleWebKit/537.36 (KHTML, like Gecko; compatible; GPTBot/1.3; +https://openai.com/gptbot)"
66.249.77.8 - - [19/Mar/2026:15:28:00 +0000] "GET /231886827 HTTP/1.1" 200 304933 "-" "Mozilla/5.0 (Linux; Android 6.0.1; Nexus 5X Build/MMB29P) AppleWebKit/537.36 (KHTML, like Gecko) Chrome/145.0.7632.159 Mobile Safari/537.36 (compatible; Googlebot/2.1; +http://www.google.com/bot.html)"
74.7.241.28 - - [19/Mar/2026:15:28:01 +0000] "GET /buy.php?detail/16504057875765 HTTP/1.1" 200 156381 "https://inception-blue.com/buy.php?detail/16503862785538" "Mozilla/5.0 AppleWebKit/537.36 (KHTML, like Gecko; compatible; GPTBot/1.3; +https://openai.com/gptbot)"
74.7.241.28 - - [19/Mar/2026:15:28:04 +0000] "GET /buy.php?detail/19700447202053 HTTP/1.1" 200 154281 "https://inception-blue.com/buy.php?detail/19700047917901" "Mozilla/5.0 AppleWebKit/537.36 (KHTML, like Gecko; compatible; GPTBot/1.3; +https://openai.com/gptbot)"
74.7.241.28 - - [19/Mar/2026:15:28:07 +0000] "GET /buy.php?detail/1690079354945 HTTP/1.1" 200 153137 "https://inception-blue.com/buy.php?detail/16904169224505" "Mozilla/5.0 AppleWebKit/537.36 (KHTML, like Gecko; compatible; GPTBot/1.3; +https://openai.com/gptbot)"
45.227.253.15 - - [19/Mar/2026:15:28:09 +0000] "GET /wp-admin/network/network/index.php?of=1 HTTP/1.1" 200 5746 "-" "Mozilla/5.0 (iPhone; CPU iPhone OS 12_3 like Mac OS X) AppleWebKit/605.1.15 (KHTML, like Gecko) Version/12.0.4 Mobile/15E148 Safari/604.1"
45.227.253.15 - - [19/Mar/2026:15:28:09 +0000] "GET /wp-includes/js/tinymce/plugins/wpgallery/wpgallery/index.php?of=1 HTTP/1.1" 200 6206 "-" "Mozilla/5.0 (Macintosh; Intel Mac OS X 10.13; rv:103.0) Gecko/20100101 Firefox/102.0"
74.7.241.28 - - [19/Mar/2026:15:28:10 +0000] "GET /buy.php?detail/20501986003630 HTTP/1.1" 200 156109 "https://inception-blue.com/buy.php?detail/20504258616622" "Mozilla/5.0 AppleWebKit/537.36 (KHTML, like Gecko; compatible; GPTBot/1.3; +https://openai.com/gptbot)"
74.7.241.28 - - [19/Mar/2026:15:28:14 +0000] "GET /buy.php?detail/20501574473753 HTTP/1.1" 200 154288 "https://inception-blue.com/buy.php?detail/20504258616622" "Mozilla/5.0 AppleWebKit/537.36 (KHTML, like Gecko; compatible; GPTBot/1.3; +https://openai.com/gptbot)"
74.7.241.28 - - [19/Mar/2026:15:28:17 +0000] "GET /buy.php?detail/05002835708925 HTTP/1.1" 200 160880 "https://inception-blue.com/buy.php?detail/20504564720822" "Mozilla/5.0 AppleWebKit/537.36 (KHTML, like Gecko; compatible; GPTBot/1.3; +https://openai.com/gptbot)"
74.7.241.28 - - [19/Mar/2026:15:28:20 +0000] "GET /buy.php?goods/296030493 HTTP/1.1" 200 155470 "https://inception-blue.com/buy.php?detail/29603049398037" "Mozilla/5.0 AppleWebKit/537.36 (KHTML, like Gecko; compatible; GPTBot/1.3; +https://openai.com/gptbot)"
74.7.241.28 - - [19/Mar/2026:15:28:23 +0000] "GET /buy.php?detail/08500716958425 HTTP/1.1" 200 163521 "https://inception-blue.com/buy.php?detail/25200009814315" "Mozilla/5.0 AppleWebKit/537.36 (KHTML, like Gecko; compatible; GPTBot/1.3; +https://openai.com/gptbot)"
74.7.241.28 - - [19/Mar/2026:15:28:26 +0000] "GET /buy.php?detail/25401445007918 HTTP/1.1" 200 167874 "https://inception-blue.com/buy.php?detail/19700547319158" "Mozilla/5.0 AppleWebKit/537.36 (KHTML, like Gecko; compatible; GPTBot/1.3; +https://openai.com/gptbot)"
74.7.241.28 - - [19/Mar/2026:15:28:29 +0000] "GET /buy.php?detail/04404457670303 HTTP/1.1" 200 157958 "https://inception-blue.com/buy.php?jp/205039045.html" "Mozilla/5.0 AppleWebKit/537.36 (KHTML, like Gecko; compatible; GPTBot/1.3; +https://openai.com/gptbot)"
74.7.241.28 - - [19/Mar/2026:15:28:33 +0000] "GET /buy.php?detail/16500045251514 HTTP/1.1" 200 156404 "https://inception-blue.com/buy.php?jp/165040521.html" "Mozilla/5.0 AppleWebKit/537.36 (KHTML, like Gecko; compatible; GPTBot/1.3; +https://openai.com/gptbot)"
74.7.241.28 - - [19/Mar/2026:15:28:36 +0000] "GET /buy.php?detail/16503898685561 HTTP/1.1" 200 169586 "https://inception-blue.com/buy.php?detail/16504057875765" "Mozilla/5.0 AppleWebKit/537.36 (KHTML, like Gecko; compatible; GPTBot/1.3; +https://openai.com/gptbot)"
74.7.241.28 - - [19/Mar/2026:15:28:39 +0000] "GET /buy.php?detail/27904828198720 HTTP/1.1" 200 160774 "https://inception-blue.com/buy.php?jp/165040521.html" "Mozilla/5.0 AppleWebKit/537.36 (KHTML, like Gecko; compatible; GPTBot/1.3; +https://openai.com/gptbot)"
74.7.241.28 - - [19/Mar/2026:15:28:42 +0000] "GET /buy.php?detail/07100235433165 HTTP/1.1" 200 151711 "https://inception-blue.com/buy.php?detail/07104884525824" "Mozilla/5.0 AppleWebKit/537.36 (KHTML, like Gecko; compatible; GPTBot/1.3; +https://openai.com/gptbot)"
45.227.253.15 - - [19/Mar/2026:15:28:45 +0000] "GET /wp-admin/css/css/index.php?of=1 HTTP/1.1" 200 6349 "-" "Mozilla/5.0 (iPad; U; CPU OS 4_3_4 like Mac OS X; ja) AppleWebKit/533.17.9 (KHTML, like Gecko) Version/5.0.2 Mobile/8J2 Safari/6533.18.5"
74.7.241.28 - - [19/Mar/2026:15:28:45 +0000] "GET /buy.php?detail/13700334142584 HTTP/1.1" 200 159300 "https://inception-blue.com/buy.php?detail/13702254045342" "Mozilla/5.0 AppleWebKit/537.36 (KHTML, like Gecko; compatible; GPTBot/1.3; +https://openai.com/gptbot)"
74.7.241.28 - - [19/Mar/2026:15:28:48 +0000] "GET /buy.php?detail/05302435240892 HTTP/1.1" 200 161482 "https://inception-blue.com/buy.php?detail/20501574473753" "Mozilla/5.0 AppleWebKit/537.36 (KHTML, like Gecko; compatible; GPTBot/1.3; +https://openai.com/gptbot)"
66.249.77.7 - - [19/Mar/2026:15:28:50 +0000] "GET /376670388 HTTP/1.1" 200 313413 "-" "Mozilla/5.0 (Linux; Android 6.0.1; Nexus 5X Build/MMB29P) AppleWebKit/537.36 (KHTML, like Gecko) Chrome/145.0.7632.159 Mobile Safari/537.36 (compatible; Googlebot/2.1; +http://www.google.com/bot.html)"
74.7.241.28 - - [19/Mar/2026:15:28:52 +0000] "GET /buy.php?detail/25901690400164 HTTP/1.1" 200 157544 "https://inception-blue.com/buy.php?detail/05002835708925" "Mozilla/5.0 AppleWebKit/537.36 (KHTML, like Gecko; compatible; GPTBot/1.3; +https://openai.com/gptbot)"
74.7.241.28 - - [19/Mar/2026:15:28:55 +0000] "GET /buy.php?detail/17400943314823 HTTP/1.1" 200 156426 "https://inception-blue.com/buy.php?jp/205039045.html" "Mozilla/5.0 AppleWebKit/537.36 (KHTML, like Gecko; compatible; GPTBot/1.3; +https://openai.com/gptbot)"
74.7.241.28 - - [19/Mar/2026:15:28:58 +0000] "GET /buy.php?detail/16500919884647 HTTP/1.1" 200 161651 "https://inception-blue.com/buy.php?detail/08500716958425" "Mozilla/5.0 AppleWebKit/537.36 (KHTML, like Gecko; compatible; GPTBot/1.3; +https://openai.com/gptbot)"
74.7.241.28 - - [19/Mar/2026:15:29:01 +0000] "GET /buy.php?goods/072034480 HTTP/1.1" 200 157209 "https://inception-blue.com/buy.php?detail/25401445007918" "Mozilla/5.0 AppleWebKit/537.36 (KHTML, like Gecko; compatible; GPTBot/1.3; +https://openai.com/gptbot)"
