[
MAINHACK SHELL
]
Mail Test
BC
Config Scan
HOME
Create...
New File
New Folder
Viewing / Editing File: inception-blue.com-ssl_log
File is not writable. Editing disabled.
74.7.241.28 - - [19/Mar/2026:12:14:01 +0000] "GET /buy.php?detail/10601669384872 HTTP/1.1" 200 153512 "https://inception-blue.com/buy.php?detail/10601665733053" "Mozilla/5.0 AppleWebKit/537.36 (KHTML, like Gecko; compatible; GPTBot/1.3; +https://openai.com/gptbot)"
40.77.167.53 - - [19/Mar/2026:12:14:04 +0000] "GET /?sitemap754.xml HTTP/1.1" 200 13 "-" "Mozilla/5.0 AppleWebKit/537.36 (KHTML, like Gecko; compatible; bingbot/2.0; +http://www.bing.com/bingbot.htm) Chrome/116.0.1938.76 Safari/537.36"
74.7.241.28 - - [19/Mar/2026:12:14:04 +0000] "GET /buy.php?detail/20300758619743 HTTP/1.1" 200 157547 "https://inception-blue.com/buy.php?detail/20300783458445" "Mozilla/5.0 AppleWebKit/537.36 (KHTML, like Gecko; compatible; GPTBot/1.3; +https://openai.com/gptbot)"
74.7.241.28 - - [19/Mar/2026:12:14:07 +0000] "GET /buy.php?detail/01200334144128 HTTP/1.1" 200 153921 "https://inception-blue.com/buy.php?detail/01200155912047" "Mozilla/5.0 AppleWebKit/537.36 (KHTML, like Gecko; compatible; GPTBot/1.3; +https://openai.com/gptbot)"
74.7.241.28 - - [19/Mar/2026:12:14:10 +0000] "GET /buy.php?detail/12601917683557 HTTP/1.1" 200 151251 "https://inception-blue.com/buy.php?detail/08101238098910" "Mozilla/5.0 AppleWebKit/537.36 (KHTML, like Gecko; compatible; GPTBot/1.3; +https://openai.com/gptbot)"
74.7.241.28 - - [19/Mar/2026:12:14:13 +0000] "GET /buy.php?detail/16903757852010 HTTP/1.1" 200 152604 "https://inception-blue.com/buy.php?detail/20902205401877" "Mozilla/5.0 AppleWebKit/537.36 (KHTML, like Gecko; compatible; GPTBot/1.3; +https://openai.com/gptbot)"
74.7.241.28 - - [19/Mar/2026:12:14:16 +0000] "GET /buy.php?detail/19400927256135 HTTP/1.1" 200 151796 "https://inception-blue.com/buy.php?detail/28203523275276" "Mozilla/5.0 AppleWebKit/537.36 (KHTML, like Gecko; compatible; GPTBot/1.3; +https://openai.com/gptbot)"
74.7.241.28 - - [19/Mar/2026:12:14:20 +0000] "GET /buy.php?detail/24501697828386 HTTP/1.1" 200 152560 "https://inception-blue.com/buy.php?detail/24501468778220" "Mozilla/5.0 AppleWebKit/537.36 (KHTML, like Gecko; compatible; GPTBot/1.3; +https://openai.com/gptbot)"
74.7.241.28 - - [19/Mar/2026:12:14:23 +0000] "GET /buy.php?300032425.htm HTTP/1.1" 200 160482 "https://inception-blue.com/buy.php?058033365.htm" "Mozilla/5.0 AppleWebKit/537.36 (KHTML, like Gecko; compatible; GPTBot/1.3; +https://openai.com/gptbot)"
74.7.241.28 - - [19/Mar/2026:12:14:26 +0000] "GET /buy.php?detail/28903300366236 HTTP/1.1" 200 154877 "https://inception-blue.com/buy.php?detail/24401392285686" "Mozilla/5.0 AppleWebKit/537.36 (KHTML, like Gecko; compatible; GPTBot/1.3; +https://openai.com/gptbot)"
115.147.38.123 - - [19/Mar/2026:12:14:25 +0000] "POST /xmlrpc.php HTTP/1.1" 404 185483 "-" "Mozilla/5.0 (Windows NT 6.2; arm64) AppleWebKit/537.36 (KHTML, like Gecko) Opera/71.0.0.0 Safari/537.36"
74.7.241.28 - - [19/Mar/2026:12:14:29 +0000] "GET /buy.php?detail/12802127920879 HTTP/1.1" 200 155319 "https://inception-blue.com/buy.php?detail/26900158234513" "Mozilla/5.0 AppleWebKit/537.36 (KHTML, like Gecko; compatible; GPTBot/1.3; +https://openai.com/gptbot)"
74.7.241.28 - - [19/Mar/2026:12:14:32 +0000] "GET /buy.php?detail/28902864672968 HTTP/1.1" 200 155529 "https://inception-blue.com/buy.php?detail/26900158234513" "Mozilla/5.0 AppleWebKit/537.36 (KHTML, like Gecko; compatible; GPTBot/1.3; +https://openai.com/gptbot)"
74.7.241.28 - - [19/Mar/2026:12:14:35 +0000] "GET /buy.php?m23840834446 HTTP/1.1" 200 152471 "https://inception-blue.com/buy.php?detail/23103397740508" "Mozilla/5.0 AppleWebKit/537.36 (KHTML, like Gecko; compatible; GPTBot/1.3; +https://openai.com/gptbot)"
74.7.241.28 - - [19/Mar/2026:12:14:39 +0000] "GET /buy.php?m68666453319 HTTP/1.1" 200 157708 "https://inception-blue.com/buy.php?detail/20300758619743" "Mozilla/5.0 AppleWebKit/537.36 (KHTML, like Gecko; compatible; GPTBot/1.3; +https://openai.com/gptbot)"
66.249.77.8 - - [19/Mar/2026:12:14:41 +0000] "GET /731862955 HTTP/1.1" 200 305418 "-" "Mozilla/5.0 (Linux; Android 6.0.1; Nexus 5X Build/MMB29P) AppleWebKit/537.36 (KHTML, like Gecko) Chrome/145.0.7632.159 Mobile Safari/537.36 (compatible; Googlebot/2.1; +http://www.google.com/bot.html)"
74.7.241.28 - - [19/Mar/2026:12:14:42 +0000] "GET /buy.php?shopbrand/privacy/182025042.htm HTTP/1.1" 200 144101 "https://inception-blue.com/buy.php?058033365.htm" "Mozilla/5.0 AppleWebKit/537.36 (KHTML, like Gecko; compatible; GPTBot/1.3; +https://openai.com/gptbot)"
74.7.241.28 - - [19/Mar/2026:12:14:45 +0000] "GET /buy.php?m44429056746 HTTP/1.1" 200 155226 "https://inception-blue.com/buy.php?detail/12601917683557" "Mozilla/5.0 AppleWebKit/537.36 (KHTML, like Gecko; compatible; GPTBot/1.3; +https://openai.com/gptbot)"
74.7.241.28 - - [19/Mar/2026:12:14:48 +0000] "GET /buy.php?detail/09601306525894 HTTP/1.1" 200 153788 "https://inception-blue.com/buy.php?detail/09601015337522" "Mozilla/5.0 AppleWebKit/537.36 (KHTML, like Gecko; compatible; GPTBot/1.3; +https://openai.com/gptbot)"
74.7.241.28 - - [19/Mar/2026:12:14:51 +0000] "GET /buy.php?detail/13000071762488 HTTP/1.1" 200 162096 "https://inception-blue.com/buy.php?detail/19400927256135" "Mozilla/5.0 AppleWebKit/537.36 (KHTML, like Gecko; compatible; GPTBot/1.3; +https://openai.com/gptbot)"
74.7.241.28 - - [19/Mar/2026:12:14:54 +0000] "GET /buy.php?detail/06203418591056 HTTP/1.1" 200 174200 "https://inception-blue.com/buy.php?detail/06900472965196" "Mozilla/5.0 AppleWebKit/537.36 (KHTML, like Gecko; compatible; GPTBot/1.3; +https://openai.com/gptbot)"
74.7.241.28 - - [19/Mar/2026:12:14:58 +0000] "GET /buy.php?detail/18602875420523 HTTP/1.1" 200 152365 "https://inception-blue.com/buy.php?detail/19400069809813" "Mozilla/5.0 AppleWebKit/537.36 (KHTML, like Gecko; compatible; GPTBot/1.3; +https://openai.com/gptbot)"
74.7.241.28 - - [19/Mar/2026:12:15:01 +0000] "GET /buy.php?detail/28901851126335 HTTP/1.1" 200 153921 "https://inception-blue.com/buy.php?detail/28903300366236" "Mozilla/5.0 AppleWebKit/537.36 (KHTML, like Gecko; compatible; GPTBot/1.3; +https://openai.com/gptbot)"
74.7.241.28 - - [19/Mar/2026:12:15:04 +0000] "GET /buy.php?detail/27300817916479 HTTP/1.1" 200 141953 "https://inception-blue.com/buy.php?detail/28903300366236" "Mozilla/5.0 AppleWebKit/537.36 (KHTML, like Gecko; compatible; GPTBot/1.3; +https://openai.com/gptbot)"
74.7.241.28 - - [19/Mar/2026:12:15:07 +0000] "GET /buy.php?detail/04903691664728 HTTP/1.1" 200 143485 "https://inception-blue.com/buy.php?detail/00803926733391" "Mozilla/5.0 AppleWebKit/537.36 (KHTML, like Gecko; compatible; GPTBot/1.3; +https://openai.com/gptbot)"
74.7.241.28 - - [19/Mar/2026:12:15:10 +0000] "GET /buy.php?goods/038000124 HTTP/1.1" 200 150270 "https://inception-blue.com/buy.php?m23840834446" "Mozilla/5.0 AppleWebKit/537.36 (KHTML, like Gecko; compatible; GPTBot/1.3; +https://openai.com/gptbot)"
74.7.241.28 - - [19/Mar/2026:12:15:13 +0000] "GET /buy.php?041000448.htm HTTP/1.1" 200 157873 "https://inception-blue.com/buy.php?m68666453319" "Mozilla/5.0 AppleWebKit/537.36 (KHTML, like Gecko; compatible; GPTBot/1.3; +https://openai.com/gptbot)"
74.7.241.28 - - [19/Mar/2026:12:15:16 +0000] "GET /buy.php?041000424.htm HTTP/1.1" 200 158185 "https://inception-blue.com/buy.php?m68666453319" "Mozilla/5.0 AppleWebKit/537.36 (KHTML, like Gecko; compatible; GPTBot/1.3; +https://openai.com/gptbot)"
74.7.241.28 - - [19/Mar/2026:12:15:20 +0000] "GET /buy.php?041000636.htm HTTP/1.1" 200 159795 "https://inception-blue.com/buy.php?m68666453319" "Mozilla/5.0 AppleWebKit/537.36 (KHTML, like Gecko; compatible; GPTBot/1.3; +https://openai.com/gptbot)"
74.7.241.28 - - [19/Mar/2026:12:15:23 +0000] "GET /buy.php?detail/27101296986347 HTTP/1.1" 200 168915 "https://inception-blue.com/buy.php?271017222.htm" "Mozilla/5.0 AppleWebKit/537.36 (KHTML, like Gecko; compatible; GPTBot/1.3; +https://openai.com/gptbot)"
74.7.241.28 - - [19/Mar/2026:12:15:26 +0000] "GET /buy.php?detail/27003932099946 HTTP/1.1" 200 154017 "https://inception-blue.com/buy.php?detail/13000071762488" "Mozilla/5.0 AppleWebKit/537.36 (KHTML, like Gecko; compatible; GPTBot/1.3; +https://openai.com/gptbot)"
74.7.241.28 - - [19/Mar/2026:12:15:29 +0000] "GET /buy.php?detail/06203251854643 HTTP/1.1" 200 165168 "https://inception-blue.com/buy.php?detail/06203418591056" "Mozilla/5.0 AppleWebKit/537.36 (KHTML, like Gecko; compatible; GPTBot/1.3; +https://openai.com/gptbot)"
66.249.77.7 - - [19/Mar/2026:12:15:31 +0000] "GET /?m=kpkwe95pxa3779ludluvm HTTP/1.1" 200 313774 "-" "Mozilla/5.0 (Linux; Android 6.0.1; Nexus 5X Build/MMB29P) AppleWebKit/537.36 (KHTML, like Gecko) Chrome/145.0.7632.159 Mobile Safari/537.36 (compatible; Googlebot/2.1; +http://www.google.com/bot.html)"
74.7.241.28 - - [19/Mar/2026:12:15:32 +0000] "GET /buy.php?goods/186003588 HTTP/1.1" 200 158493 "https://inception-blue.com/buy.php?detail/18602875420523" "Mozilla/5.0 AppleWebKit/537.36 (KHTML, like Gecko; compatible; GPTBot/1.3; +https://openai.com/gptbot)"
74.7.241.28 - - [19/Mar/2026:12:15:35 +0000] "GET /buy.php?detail/12500371225909 HTTP/1.1" 200 155008 "https://inception-blue.com/buy.php?detail/28901851126335" "Mozilla/5.0 AppleWebKit/537.36 (KHTML, like Gecko; compatible; GPTBot/1.3; +https://openai.com/gptbot)"
159.223.142.74 - - [19/Mar/2026:12:15:37 +0000] "POST /wp-cron.php?doing_wp_cron=1773922537.6283318996429443359375 HTTP/1.1" 403 185482 "-" "WordPress/6.9.4; https://inception-blue.com"
185.209.196.174 - - [19/Mar/2026:12:15:36 +0000] "GET /wp-login.php HTTP/1.1" 200 84587 "https://www.google.com/" "Mozilla/5.0 (Macintosh; Intel Mac OS X 10_15_7) AppleWebKit/537.36 (KHTML, like Gecko) Chrome/121.0.0.0 Safari/537.36"
185.209.196.174 - - [19/Mar/2026:12:15:38 +0000] "GET /?author=1 HTTP/1.1" 200 77746 "-" "Mozilla/5.0 (Windows NT 10.0; Win64; x64) AppleWebKit/537.36 (KHTML, like Gecko) Chrome/120.0.0.0 Safari/537.36"
74.7.241.28 - - [19/Mar/2026:12:15:38 +0000] "GET /buy.php?detail/04404268217221 HTTP/1.1" 200 153705 "https://inception-blue.com/buy.php?detail/27300817916479" "Mozilla/5.0 AppleWebKit/537.36 (KHTML, like Gecko; compatible; GPTBot/1.3; +https://openai.com/gptbot)"
185.209.196.174 - - [19/Mar/2026:12:15:39 +0000] "GET /?author=2 HTTP/1.1" 200 188165 "https://duckduckgo.com/" "Mozilla/5.0 (Windows NT 10.0; Win64; x64) AppleWebKit/537.36 (KHTML, like Gecko) Chrome/118.0.0.0 Safari/537.36"
185.209.196.174 - - [19/Mar/2026:12:15:40 +0000] "GET /?author=3 HTTP/1.1" 200 185483 "-" "Mozilla/5.0 (Macintosh; Intel Mac OS X 10_15_7) AppleWebKit/605.1.15 (KHTML, like Gecko) Version/17.2 Safari/605.1.15"
185.209.196.174 - - [19/Mar/2026:12:15:41 +0000] "GET /?author=4 HTTP/1.1" 200 185483 "https://t.co/" "Mozilla/5.0 (Macintosh; Intel Mac OS X 13_6_1) AppleWebKit/605.1.15 (KHTML, like Gecko) Version/17.1 Safari/605.1.15"
74.7.241.28 - - [19/Mar/2026:12:15:41 +0000] "GET /buy.php?m52218602642 HTTP/1.1" 200 155084 "https://inception-blue.com/buy.php?detail/04903691664728" "Mozilla/5.0 AppleWebKit/537.36 (KHTML, like Gecko; compatible; GPTBot/1.3; +https://openai.com/gptbot)"
185.209.196.174 - - [19/Mar/2026:12:15:42 +0000] "GET /?author=5 HTTP/1.1" 200 185483 "-" "Mozilla/5.0 (X11; Linux x86_64) AppleWebKit/537.36 (KHTML, like Gecko) Chrome/120.0.0.0 Safari/537.36"
185.209.196.174 - - [19/Mar/2026:12:15:44 +0000] "GET /wp-json/wp/v2/users HTTP/1.1" 200 85093 "-" "Mozilla/5.0 (Windows NT 11.0; Win64; x64; rv:118.0) Gecko/20100101 Firefox/118.0"
185.209.196.174 - - [19/Mar/2026:12:15:45 +0000] "POST /wp-login.php HTTP/1.1" 200 84587 "https://inception-blue.com/wp-login.php" "Mozilla/5.0 (Windows NT 11.0; Win64; x64; rv:121.0) Gecko/20100101 Firefox/121.0"
185.209.196.174 - - [19/Mar/2026:12:15:46 +0000] "POST /wp-login.php HTTP/1.1" 200 84587 "https://inception-blue.com/wp-login.php" "Mozilla/5.0 (X11; Ubuntu; Linux x86_64) AppleWebKit/537.36 (KHTML, like Gecko) Chrome/120.0.0.0 Safari/537.36"
74.7.241.28 - - [19/Mar/2026:12:15:45 +0000] "GET /buy.php?detail/20003525437368 HTTP/1.1" 200 142927 "https://inception-blue.com/buy.php?detail/04903691664728" "Mozilla/5.0 AppleWebKit/537.36 (KHTML, like Gecko; compatible; GPTBot/1.3; +https://openai.com/gptbot)"
185.209.196.174 - - [19/Mar/2026:12:15:47 +0000] "POST /wp-login.php HTTP/1.1" 200 84587 "https://inception-blue.com/wp-login.php" "Mozilla/5.0 (X11; Ubuntu; Linux x86_64) AppleWebKit/537.36 (KHTML, like Gecko) Chrome/119.0.0.0 Safari/537.36"
74.7.241.28 - - [19/Mar/2026:12:15:48 +0000] "GET /buy.php?detail/23703781216697 HTTP/1.1" 200 153247 "https://inception-blue.com/buy.php?detail/18602875420523" "Mozilla/5.0 AppleWebKit/537.36 (KHTML, like Gecko; compatible; GPTBot/1.3; +https://openai.com/gptbot)"
185.209.196.174 - - [19/Mar/2026:12:15:48 +0000] "POST /wp-login.php HTTP/1.1" 200 84587 "https://inception-blue.com/wp-login.php" "Mozilla/5.0 (Windows NT 10.0; Win64; x64; rv:118.0) Gecko/20100101 Firefox/118.0"
185.209.196.174 - - [19/Mar/2026:12:15:49 +0000] "POST /wp-login.php HTTP/1.1" 200 84587 "https://inception-blue.com/wp-login.php" "Mozilla/5.0 (Windows NT 11.0; Win64; x64) AppleWebKit/537.36 (KHTML, like Gecko) Chrome/119.0.0.0 Safari/537.36"
185.209.196.174 - - [19/Mar/2026:12:15:50 +0000] "POST /wp-login.php HTTP/1.1" 200 84588 "https://inception-blue.com/wp-login.php" "Mozilla/5.0 (Windows NT 10.0; Win64; x64) AppleWebKit/537.36 (KHTML, like Gecko) Chrome/120.0.0.0 Safari/537.36"
185.209.196.174 - - [19/Mar/2026:12:15:50 +0000] "POST /wp-login.php HTTP/1.1" 200 84587 "https://inception-blue.com/wp-login.php" "Mozilla/5.0 (Macintosh; Intel Mac OS X 13_6_1; rv:118.0) Gecko/20100101 Firefox/118.0"
185.209.196.174 - - [19/Mar/2026:12:15:51 +0000] "POST /wp-login.php HTTP/1.1" 200 84587 "https://inception-blue.com/wp-login.php" "Mozilla/5.0 (Macintosh; Intel Mac OS X 10_15_7) AppleWebKit/605.1.15 (KHTML, like Gecko) Version/17.0 Safari/605.1.15"
185.209.196.174 - - [19/Mar/2026:12:15:52 +0000] "POST /wp-login.php HTTP/1.1" 200 84588 "https://inception-blue.com/wp-login.php" "Mozilla/5.0 (Macintosh; Intel Mac OS X 10_15_7; rv:121.0) Gecko/20100101 Firefox/121.0"
74.7.241.28 - - [19/Mar/2026:12:15:51 +0000] "GET /buy.php?detail/04101263798130 HTTP/1.1" 200 155804 "https://inception-blue.com/buy.php?041000424.htm" "Mozilla/5.0 AppleWebKit/537.36 (KHTML, like Gecko; compatible; GPTBot/1.3; +https://openai.com/gptbot)"
185.209.196.174 - - [19/Mar/2026:12:15:52 +0000] "POST /wp-login.php HTTP/1.1" 200 84587 "https://inception-blue.com/wp-login.php" "Mozilla/5.0 (X11; Linux x86_64) AppleWebKit/537.36 (KHTML, like Gecko) Chrome/120.0.0.0 Safari/537.36"
185.209.196.174 - - [19/Mar/2026:12:15:53 +0000] "POST /wp-login.php HTTP/1.1" 200 84587 "https://inception-blue.com/wp-login.php" "Mozilla/5.0 (Windows NT 10.0; Win64; x64; rv:119.0) Gecko/20100101 Firefox/119.0"
74.7.241.28 - - [19/Mar/2026:12:15:54 +0000] "GET /buy.php?detail/06804328391167 HTTP/1.1" 200 160804 "https://inception-blue.com/buy.php?detail/23000019170543" "Mozilla/5.0 AppleWebKit/537.36 (KHTML, like Gecko; compatible; GPTBot/1.3; +https://openai.com/gptbot)"
185.209.196.174 - - [19/Mar/2026:12:15:54 +0000] "POST /wp-login.php HTTP/1.1" 200 84587 "https://inception-blue.com/wp-login.php" "Mozilla/5.0 (Macintosh; Intel Mac OS X 10_15_7; rv:119.0) Gecko/20100101 Firefox/119.0"
185.209.196.174 - - [19/Mar/2026:12:15:56 +0000] "POST /wp-login.php HTTP/1.1" 200 84585 "https://inception-blue.com/wp-login.php" "Mozilla/5.0 (Windows NT 11.0; Win64; x64; rv:118.0) Gecko/20100101 Firefox/118.0"
185.209.196.174 - - [19/Mar/2026:12:15:57 +0000] "POST /wp-login.php HTTP/1.1" 200 84587 "https://inception-blue.com/wp-login.php" "Mozilla/5.0 (Windows NT 10.0; Win64; x64; rv:119.0) Gecko/20100101 Firefox/119.0"
74.7.241.28 - - [19/Mar/2026:12:15:57 +0000] "GET /buy.php?detail/27101399387973 HTTP/1.1" 200 159725 "https://inception-blue.com/buy.php?detail/27101296986347" "Mozilla/5.0 AppleWebKit/537.36 (KHTML, like Gecko; compatible; GPTBot/1.3; +https://openai.com/gptbot)"
185.209.196.174 - - [19/Mar/2026:12:15:58 +0000] "POST /wp-login.php HTTP/1.1" 200 84587 "https://inception-blue.com/wp-login.php" "Mozilla/5.0 (Macintosh; Intel Mac OS X 10_15_7) AppleWebKit/605.1.15 (KHTML, like Gecko) Version/17.2 Safari/605.1.15"
185.209.196.174 - - [19/Mar/2026:12:15:58 +0000] "POST /wp-login.php HTTP/1.1" 200 84587 "https://inception-blue.com/wp-login.php" "Mozilla/5.0 (Macintosh; Intel Mac OS X 13_6_1) AppleWebKit/605.1.15 (KHTML, like Gecko) Version/17.2 Safari/605.1.15"
185.209.196.174 - - [19/Mar/2026:12:15:59 +0000] "POST /wp-login.php HTTP/1.1" 200 84588 "https://inception-blue.com/wp-login.php" "Mozilla/5.0 (Windows NT 10.0; Win64; x64) AppleWebKit/537.36 (KHTML, like Gecko) Chrome/120.0.0.0 Safari/537.36"
185.209.196.174 - - [19/Mar/2026:12:16:00 +0000] "POST /wp-login.php HTTP/1.1" 200 84587 "https://inception-blue.com/wp-login.php" "Mozilla/5.0 (Macintosh; Intel Mac OS X 10_15_7) AppleWebKit/605.1.15 (KHTML, like Gecko) Version/17.0 Safari/605.1.15"
74.7.241.28 - - [19/Mar/2026:12:16:00 +0000] "GET /buy.php?detail/27004938849622 HTTP/1.1" 200 158200 "https://inception-blue.com/buy.php?detail/27003932099946" "Mozilla/5.0 AppleWebKit/537.36 (KHTML, like Gecko; compatible; GPTBot/1.3; +https://openai.com/gptbot)"
185.209.196.174 - - [19/Mar/2026:12:16:01 +0000] "POST /wp-login.php HTTP/1.1" 200 84587 "https://inception-blue.com/wp-login.php" "Mozilla/5.0 (X11; Linux x86_64) AppleWebKit/537.36 (KHTML, like Gecko) Chrome/121.0.0.0 Safari/537.36"
185.209.196.174 - - [19/Mar/2026:12:16:02 +0000] "POST /wp-login.php HTTP/1.1" 200 84587 "https://inception-blue.com/wp-login.php" "Mozilla/5.0 (X11; Ubuntu; Linux x86_64) AppleWebKit/537.36 (KHTML, like Gecko) Chrome/120.0.0.0 Safari/537.36"
185.209.196.174 - - [19/Mar/2026:12:16:03 +0000] "POST /wp-login.php HTTP/1.1" 200 84587 "https://inception-blue.com/wp-login.php" "Mozilla/5.0 (Macintosh; Intel Mac OS X 10_15_7; rv:119.0) Gecko/20100101 Firefox/119.0"
185.209.196.174 - - [19/Mar/2026:12:16:04 +0000] "POST /wp-login.php HTTP/1.1" 200 84587 "https://inception-blue.com/wp-login.php" "Mozilla/5.0 (Macintosh; Intel Mac OS X 10_15_7) AppleWebKit/537.36 (KHTML, like Gecko) Chrome/119.0.0.0 Safari/537.36"
185.209.196.174 - - [19/Mar/2026:12:16:04 +0000] "POST /wp-login.php HTTP/1.1" 200 84588 "https://inception-blue.com/wp-login.php" "Mozilla/5.0 (Windows NT 10.0; Win64; x64; rv:119.0) Gecko/20100101 Firefox/119.0"
74.7.241.28 - - [19/Mar/2026:12:16:03 +0000] "GET /buy.php?goods/270049388 HTTP/1.1" 200 156408 "https://inception-blue.com/buy.php?detail/27004938849622" "Mozilla/5.0 AppleWebKit/537.36 (KHTML, like Gecko; compatible; GPTBot/1.3; +https://openai.com/gptbot)"
185.209.196.174 - - [19/Mar/2026:12:16:05 +0000] "POST /wp-login.php HTTP/1.1" 200 84588 "https://inception-blue.com/wp-login.php" "Mozilla/5.0 (Macintosh; Intel Mac OS X 13_6_1) AppleWebKit/537.36 (KHTML, like Gecko) Chrome/119.0.0.0 Safari/537.36"
74.7.241.28 - - [19/Mar/2026:12:16:06 +0000] "GET /buy.php?detail/01903239670923 HTTP/1.1" 200 148305 "https://inception-blue.com/buy.php?detail/06203251854643" "Mozilla/5.0 AppleWebKit/537.36 (KHTML, like Gecko; compatible; GPTBot/1.3; +https://openai.com/gptbot)"
185.209.196.174 - - [19/Mar/2026:12:16:06 +0000] "POST /wp-login.php HTTP/1.1" 200 84588 "https://inception-blue.com/wp-login.php" "Mozilla/5.0 (Windows NT 10.0; Win64; x64; rv:119.0) Gecko/20100101 Firefox/119.0"
185.209.196.174 - - [19/Mar/2026:12:16:07 +0000] "POST /wp-login.php HTTP/1.1" 200 84588 "https://inception-blue.com/wp-login.php" "Mozilla/5.0 (Macintosh; Intel Mac OS X 10_15_7) AppleWebKit/537.36 (KHTML, like Gecko) Chrome/120.0.0.0 Safari/537.36"
185.209.196.174 - - [19/Mar/2026:12:16:08 +0000] "POST /wp-login.php HTTP/1.1" 200 84587 "https://inception-blue.com/wp-login.php" "Mozilla/5.0 (X11; Linux x86_64) AppleWebKit/537.36 (KHTML, like Gecko) Chrome/121.0.0.0 Safari/537.36"
185.209.196.174 - - [19/Mar/2026:12:16:09 +0000] "POST /wp-login.php HTTP/1.1" 200 84587 "https://inception-blue.com/wp-login.php" "Mozilla/5.0 (Macintosh; Intel Mac OS X 10_15_7) AppleWebKit/605.1.15 (KHTML, like Gecko) Version/16.6 Safari/605.1.15"
74.7.241.28 - - [19/Mar/2026:12:16:09 +0000] "GET /buy.php?detail/06201381035169 HTTP/1.1" 200 162685 "https://inception-blue.com/buy.php?detail/06203251854643" "Mozilla/5.0 AppleWebKit/537.36 (KHTML, like Gecko; compatible; GPTBot/1.3; +https://openai.com/gptbot)"
185.209.196.174 - - [19/Mar/2026:12:16:10 +0000] "POST /wp-login.php HTTP/1.1" 200 84587 "https://inception-blue.com/wp-login.php" "Mozilla/5.0 (X11; Linux x86_64) AppleWebKit/537.36 (KHTML, like Gecko) Chrome/120.0.0.0 Safari/537.36"
185.209.196.174 - - [19/Mar/2026:12:16:11 +0000] "POST /wp-login.php HTTP/1.1" 200 84587 "https://inception-blue.com/wp-login.php" "Mozilla/5.0 (X11; Linux x86_64) AppleWebKit/537.36 (KHTML, like Gecko) Chrome/120.0.0.0 Safari/537.36"
185.209.196.174 - - [19/Mar/2026:12:16:12 +0000] "POST /wp-login.php HTTP/1.1" 200 84588 "https://inception-blue.com/wp-login.php" "Mozilla/5.0 (X11; Ubuntu; Linux x86_64) AppleWebKit/537.36 (KHTML, like Gecko) Chrome/120.0.0.0 Safari/537.36"
185.209.196.174 - - [19/Mar/2026:12:16:13 +0000] "POST /wp-login.php HTTP/1.1" 200 84588 "https://inception-blue.com/wp-login.php" "Mozilla/5.0 (X11; Ubuntu; Linux x86_64) AppleWebKit/537.36 (KHTML, like Gecko) Chrome/120.0.0.0 Safari/537.36"
74.7.241.28 - - [19/Mar/2026:12:16:13 +0000] "GET /buy.php?goods/125006421 HTTP/1.1" 200 153940 "https://inception-blue.com/buy.php?detail/12500371225909" "Mozilla/5.0 AppleWebKit/537.36 (KHTML, like Gecko; compatible; GPTBot/1.3; +https://openai.com/gptbot)"
185.209.196.174 - - [19/Mar/2026:12:16:14 +0000] "POST /wp-login.php HTTP/1.1" 200 84587 "https://inception-blue.com/wp-login.php" "Mozilla/5.0 (Windows NT 10.0; Win64; x64; rv:118.0) Gecko/20100101 Firefox/118.0"
185.209.196.174 - - [19/Mar/2026:12:16:15 +0000] "POST /wp-login.php HTTP/1.1" 200 84587 "https://inception-blue.com/wp-login.php" "Mozilla/5.0 (Macintosh; Intel Mac OS X 10_15_7; rv:119.0) Gecko/20100101 Firefox/119.0"
185.209.196.174 - - [19/Mar/2026:12:16:16 +0000] "POST /wp-login.php HTTP/1.1" 200 84587 "https://inception-blue.com/wp-login.php" "Mozilla/5.0 (Windows NT 11.0; Win64; x64; rv:118.0) Gecko/20100101 Firefox/118.0"
185.209.196.174 - - [19/Mar/2026:12:16:16 +0000] "POST /wp-login.php HTTP/1.1" 200 84587 "https://inception-blue.com/wp-login.php" "Mozilla/5.0 (Windows NT 11.0; Win64; x64) AppleWebKit/537.36 (KHTML, like Gecko) Chrome/118.0.0.0 Safari/537.36"
185.209.196.174 - - [19/Mar/2026:12:16:17 +0000] "POST /wp-login.php HTTP/1.1" 200 84588 "https://inception-blue.com/wp-login.php" "Mozilla/5.0 (Macintosh; Intel Mac OS X 10_15_7) AppleWebKit/537.36 (KHTML, like Gecko) Chrome/119.0.0.0 Safari/537.36"
74.7.241.28 - - [19/Mar/2026:12:16:16 +0000] "GET /buy.php?detail/19202286553140 HTTP/1.1" 200 163817 "https://inception-blue.com/buy.php?detail/22401283492969" "Mozilla/5.0 AppleWebKit/537.36 (KHTML, like Gecko; compatible; GPTBot/1.3; +https://openai.com/gptbot)"
185.209.196.174 - - [19/Mar/2026:12:16:18 +0000] "POST /wp-login.php HTTP/1.1" 200 84588 "https://inception-blue.com/wp-login.php" "Mozilla/5.0 (Macintosh; Intel Mac OS X 13_6_1) AppleWebKit/605.1.15 (KHTML, like Gecko) Version/16.6 Safari/605.1.15"
74.7.241.28 - - [19/Mar/2026:12:16:19 +0000] "GET /buy.php?240007941.htm HTTP/1.1" 200 155570 "https://inception-blue.com/buy.php?m52218602642" "Mozilla/5.0 AppleWebKit/537.36 (KHTML, like Gecko; compatible; GPTBot/1.3; +https://openai.com/gptbot)"
185.209.196.174 - - [19/Mar/2026:12:16:19 +0000] "POST /wp-login.php HTTP/1.1" 200 84588 "https://inception-blue.com/wp-login.php" "Mozilla/5.0 (X11; Linux x86_64) AppleWebKit/537.36 (KHTML, like Gecko) Chrome/120.0.0.0 Safari/537.36"
185.209.196.174 - - [19/Mar/2026:12:16:20 +0000] "POST /wp-login.php HTTP/1.1" 200 84587 "https://inception-blue.com/wp-login.php" "Mozilla/5.0 (X11; Linux x86_64) AppleWebKit/537.36 (KHTML, like Gecko) Chrome/118.0.0.0 Safari/537.36"
66.249.77.8 - - [19/Mar/2026:12:16:21 +0000] "GET /?jp/213021794.html HTTP/1.1" 200 373202 "-" "Mozilla/5.0 (Linux; Android 6.0.1; Nexus 5X Build/MMB29P) AppleWebKit/537.36 (KHTML, like Gecko) Chrome/145.0.7632.159 Mobile Safari/537.36 (compatible; Googlebot/2.1; +http://www.google.com/bot.html)"
185.209.196.174 - - [19/Mar/2026:12:16:21 +0000] "POST /wp-login.php HTTP/1.1" 200 84587 "https://inception-blue.com/wp-login.php" "Mozilla/5.0 (Windows NT 11.0; Win64; x64; rv:121.0) Gecko/20100101 Firefox/121.0"
185.209.196.174 - - [19/Mar/2026:12:16:22 +0000] "POST /wp-login.php HTTP/1.1" 200 84587 "https://inception-blue.com/wp-login.php" "Mozilla/5.0 (Windows NT 10.0; Win64; x64) AppleWebKit/537.36 (KHTML, like Gecko) Chrome/119.0.0.0 Safari/537.36"
74.7.241.28 - - [19/Mar/2026:12:16:22 +0000] "GET /buy.php?detail/13602924336928 HTTP/1.1" 200 154329 "https://inception-blue.com/buy.php?detail/20003525437368" "Mozilla/5.0 AppleWebKit/537.36 (KHTML, like Gecko; compatible; GPTBot/1.3; +https://openai.com/gptbot)"
185.209.196.174 - - [19/Mar/2026:12:16:23 +0000] "POST /wp-login.php HTTP/1.1" 200 84587 "https://inception-blue.com/wp-login.php" "Mozilla/5.0 (Macintosh; Intel Mac OS X 10_15_7) AppleWebKit/605.1.15 (KHTML, like Gecko) Version/17.1 Safari/605.1.15"
185.209.196.174 - - [19/Mar/2026:12:16:24 +0000] "POST /wp-login.php HTTP/1.1" 200 84587 "https://inception-blue.com/wp-login.php" "Mozilla/5.0 (Macintosh; Intel Mac OS X 10_15_7) AppleWebKit/605.1.15 (KHTML, like Gecko) Version/17.0 Safari/605.1.15"
185.209.196.174 - - [19/Mar/2026:12:16:24 +0000] "POST /wp-login.php HTTP/1.1" 200 84588 "https://inception-blue.com/wp-login.php" "Mozilla/5.0 (Windows NT 10.0; Win64; x64) AppleWebKit/537.36 (KHTML, like Gecko) Chrome/121.0.0.0 Safari/537.36"
185.209.196.174 - - [19/Mar/2026:12:16:26 +0000] "POST /wp-login.php HTTP/1.1" 200 84588 "https://inception-blue.com/wp-login.php" "Mozilla/5.0 (Windows NT 10.0; Win64; x64) AppleWebKit/537.36 (KHTML, like Gecko) Chrome/120.0.0.0 Safari/537.36"
74.7.241.28 - - [19/Mar/2026:12:16:25 +0000] "GET /buy.php?detail/23700568251224 HTTP/1.1" 200 156406 "https://inception-blue.com/buy.php?detail/23703781216697" "Mozilla/5.0 AppleWebKit/537.36 (KHTML, like Gecko; compatible; GPTBot/1.3; +https://openai.com/gptbot)"
185.209.196.174 - - [19/Mar/2026:12:16:27 +0000] "POST /wp-login.php HTTP/1.1" 200 84588 "https://inception-blue.com/wp-login.php" "Mozilla/5.0 (X11; Linux x86_64) AppleWebKit/537.36 (KHTML, like Gecko) Chrome/121.0.0.0 Safari/537.36"
185.209.196.174 - - [19/Mar/2026:12:16:28 +0000] "POST /wp-login.php HTTP/1.1" 200 84587 "https://inception-blue.com/wp-login.php" "Mozilla/5.0 (Macintosh; Intel Mac OS X 10_15_7) AppleWebKit/605.1.15 (KHTML, like Gecko) Version/17.0 Safari/605.1.15"
74.7.241.28 - - [19/Mar/2026:12:16:28 +0000] "GET /buy.php?detail/15300721782643 HTTP/1.1" 200 162198 "https://inception-blue.com/buy.php?detail/15301088367048" "Mozilla/5.0 AppleWebKit/537.36 (KHTML, like Gecko; compatible; GPTBot/1.3; +https://openai.com/gptbot)"
185.209.196.174 - - [19/Mar/2026:12:16:30 +0000] "POST /wp-login.php HTTP/1.1" 200 84587 "https://inception-blue.com/wp-login.php" "Mozilla/5.0 (Macintosh; Intel Mac OS X 13_6_1) AppleWebKit/605.1.15 (KHTML, like Gecko) Version/17.2 Safari/605.1.15"
185.209.196.174 - - [19/Mar/2026:12:16:31 +0000] "POST /wp-login.php HTTP/1.1" 200 84587 "https://inception-blue.com/wp-login.php" "Mozilla/5.0 (Windows NT 11.0; Win64; x64; rv:120.0) Gecko/20100101 Firefox/120.0"
185.209.196.174 - - [19/Mar/2026:12:16:32 +0000] "POST /wp-login.php HTTP/1.1" 200 84588 "https://inception-blue.com/wp-login.php" "Mozilla/5.0 (X11; Ubuntu; Linux x86_64) AppleWebKit/537.36 (KHTML, like Gecko) Chrome/119.0.0.0 Safari/537.36"
185.209.196.174 - - [19/Mar/2026:12:16:33 +0000] "POST /wp-login.php HTTP/1.1" 200 84588 "https://inception-blue.com/wp-login.php" "Mozilla/5.0 (Macintosh; Intel Mac OS X 13_6_1) AppleWebKit/605.1.15 (KHTML, like Gecko) Version/17.2 Safari/605.1.15"
185.209.196.174 - - [19/Mar/2026:12:16:34 +0000] "POST /wp-login.php HTTP/1.1" 200 84587 "https://inception-blue.com/wp-login.php" "Mozilla/5.0 (Macintosh; Intel Mac OS X 10_15_7) AppleWebKit/605.1.15 (KHTML, like Gecko) Version/16.6 Safari/605.1.15"
185.209.196.174 - - [19/Mar/2026:12:16:35 +0000] "POST /wp-login.php HTTP/1.1" 200 84587 "https://inception-blue.com/wp-login.php" "Mozilla/5.0 (Macintosh; Intel Mac OS X 10_15_7) AppleWebKit/605.1.15 (KHTML, like Gecko) Version/17.0 Safari/605.1.15"
185.209.196.174 - - [19/Mar/2026:12:16:35 +0000] "POST /wp-login.php HTTP/1.1" 200 84587 "https://inception-blue.com/wp-login.php" "Mozilla/5.0 (Macintosh; Intel Mac OS X 10_15_7; rv:119.0) Gecko/20100101 Firefox/119.0"
74.7.241.28 - - [19/Mar/2026:12:16:31 +0000] "GET /buy.php?detail/06403621451364 HTTP/1.1" 200 153107 "https://inception-blue.com/buy.php?detail/06804328391167" "Mozilla/5.0 AppleWebKit/537.36 (KHTML, like Gecko; compatible; GPTBot/1.3; +https://openai.com/gptbot)"
185.209.196.174 - - [19/Mar/2026:12:16:36 +0000] "POST /wp-login.php HTTP/1.1" 200 84588 "https://inception-blue.com/wp-login.php" "Mozilla/5.0 (Windows NT 10.0; Win64; x64; rv:120.0) Gecko/20100101 Firefox/120.0"
159.223.142.74 - - [19/Mar/2026:12:16:38 +0000] "POST /wp-cron.php?doing_wp_cron=1773922598.4355731010437011718750 HTTP/1.1" 404 185482 "-" "WordPress/6.9.4; https://inception-blue.com"
185.209.196.174 - - [19/Mar/2026:12:16:37 +0000] "POST /wp-login.php HTTP/1.1" 200 84587 "https://inception-blue.com/wp-login.php" "Mozilla/5.0 (Macintosh; Intel Mac OS X 13_6_1) AppleWebKit/605.1.15 (KHTML, like Gecko) Version/17.2 Safari/605.1.15"
74.7.241.28 - - [19/Mar/2026:12:16:37 +0000] "GET /buy.php?jp/271026768.html HTTP/1.1" 200 171529 "https://inception-blue.com/buy.php?detail/27101399387973" "Mozilla/5.0 AppleWebKit/537.36 (KHTML, like Gecko; compatible; GPTBot/1.3; +https://openai.com/gptbot)"
185.209.196.174 - - [19/Mar/2026:12:16:39 +0000] "POST /wp-login.php HTTP/1.1" 200 84587 "https://inception-blue.com/wp-login.php" "Mozilla/5.0 (Macintosh; Intel Mac OS X 10_15_7) AppleWebKit/605.1.15 (KHTML, like Gecko) Version/17.2 Safari/605.1.15"
185.209.196.174 - - [19/Mar/2026:12:16:40 +0000] "POST /wp-login.php HTTP/1.1" 200 84587 "https://inception-blue.com/wp-login.php" "Mozilla/5.0 (Macintosh; Intel Mac OS X 13_6_1; rv:120.0) Gecko/20100101 Firefox/120.0"
185.209.196.174 - - [19/Mar/2026:12:16:41 +0000] "POST /wp-login.php HTTP/1.1" 200 84587 "https://inception-blue.com/wp-login.php" "Mozilla/5.0 (Windows NT 10.0; Win64; x64; rv:120.0) Gecko/20100101 Firefox/120.0"
74.7.241.28 - - [19/Mar/2026:12:16:40 +0000] "GET /buy.php?detail/27102652237779 HTTP/1.1" 200 168864 "https://inception-blue.com/buy.php?detail/27101399387973" "Mozilla/5.0 AppleWebKit/537.36 (KHTML, like Gecko; compatible; GPTBot/1.3; +https://openai.com/gptbot)"
185.209.196.174 - - [19/Mar/2026:12:16:42 +0000] "POST /wp-login.php HTTP/1.1" 200 84587 "https://inception-blue.com/wp-login.php" "Mozilla/5.0 (Macintosh; Intel Mac OS X 13_6_1) AppleWebKit/605.1.15 (KHTML, like Gecko) Version/17.2 Safari/605.1.15"
185.209.196.174 - - [19/Mar/2026:12:16:43 +0000] "POST /wp-login.php HTTP/1.1" 200 84588 "https://inception-blue.com/wp-login.php" "Mozilla/5.0 (Macintosh; Intel Mac OS X 10_15_7) AppleWebKit/605.1.15 (KHTML, like Gecko) Version/17.0 Safari/605.1.15"
185.209.196.174 - - [19/Mar/2026:12:16:44 +0000] "POST /wp-login.php HTTP/1.1" 200 84587 "https://inception-blue.com/wp-login.php" "Mozilla/5.0 (Windows NT 11.0; Win64; x64; rv:121.0) Gecko/20100101 Firefox/121.0"
74.7.241.28 - - [19/Mar/2026:12:16:43 +0000] "GET /buy.php?detail/01100529979016 HTTP/1.1" 200 156462 "https://inception-blue.com/buy.php?detail/27101399387973" "Mozilla/5.0 AppleWebKit/537.36 (KHTML, like Gecko; compatible; GPTBot/1.3; +https://openai.com/gptbot)"
185.209.196.174 - - [19/Mar/2026:12:16:44 +0000] "POST /wp-login.php HTTP/1.1" 200 84587 "https://inception-blue.com/wp-login.php" "Mozilla/5.0 (Macintosh; Intel Mac OS X 13_6_1) AppleWebKit/605.1.15 (KHTML, like Gecko) Version/16.6 Safari/605.1.15"
185.209.196.174 - - [19/Mar/2026:12:16:45 +0000] "POST /wp-login.php HTTP/1.1" 200 84587 "https://inception-blue.com/wp-login.php" "Mozilla/5.0 (Macintosh; Intel Mac OS X 13_6_1; rv:118.0) Gecko/20100101 Firefox/118.0"
185.209.196.174 - - [19/Mar/2026:12:16:46 +0000] "POST /wp-login.php HTTP/1.1" 200 84587 "https://inception-blue.com/wp-login.php" "Mozilla/5.0 (Windows NT 10.0; Win64; x64) AppleWebKit/537.36 (KHTML, like Gecko) Chrome/121.0.0.0 Safari/537.36"
185.209.196.174 - - [19/Mar/2026:12:16:47 +0000] "POST /wp-login.php HTTP/1.1" 200 84587 "https://inception-blue.com/wp-login.php" "Mozilla/5.0 (X11; Linux x86_64) AppleWebKit/537.36 (KHTML, like Gecko) Chrome/118.0.0.0 Safari/537.36"
74.7.241.28 - - [19/Mar/2026:12:16:46 +0000] "GET /buy.php?detail/08700101484241 HTTP/1.1" 200 158846 "https://inception-blue.com/buy.php?detail/06201381035169" "Mozilla/5.0 AppleWebKit/537.36 (KHTML, like Gecko; compatible; GPTBot/1.3; +https://openai.com/gptbot)"
185.209.196.174 - - [19/Mar/2026:12:16:49 +0000] "POST /wp-login.php HTTP/1.1" 200 84588 "https://inception-blue.com/wp-login.php" "Mozilla/5.0 (X11; Ubuntu; Linux x86_64) AppleWebKit/537.36 (KHTML, like Gecko) Chrome/118.0.0.0 Safari/537.36"
74.7.241.28 - - [19/Mar/2026:12:16:49 +0000] "GET /buy.php?detail/09204515014545 HTTP/1.1" 200 156085 "https://inception-blue.com/buy.php?goods/125006421" "Mozilla/5.0 AppleWebKit/537.36 (KHTML, like Gecko; compatible; GPTBot/1.3; +https://openai.com/gptbot)"
185.209.196.174 - - [19/Mar/2026:12:16:50 +0000] "POST /wp-login.php HTTP/1.1" 200 84587 "https://inception-blue.com/wp-login.php" "Mozilla/5.0 (Windows NT 11.0; Win64; x64; rv:119.0) Gecko/20100101 Firefox/119.0"
185.209.196.174 - - [19/Mar/2026:12:16:51 +0000] "POST /wp-login.php HTTP/1.1" 200 84587 "https://inception-blue.com/wp-login.php" "Mozilla/5.0 (Macintosh; Intel Mac OS X 10_15_7; rv:119.0) Gecko/20100101 Firefox/119.0"
185.209.196.174 - - [19/Mar/2026:12:16:52 +0000] "POST /wp-login.php HTTP/1.1" 200 84587 "https://inception-blue.com/wp-login.php" "Mozilla/5.0 (Macintosh; Intel Mac OS X 10_15_7) AppleWebKit/605.1.15 (KHTML, like Gecko) Version/17.1 Safari/605.1.15"
185.209.196.174 - - [19/Mar/2026:12:16:53 +0000] "POST /wp-login.php HTTP/1.1" 200 84587 "https://inception-blue.com/wp-login.php" "Mozilla/5.0 (Macintosh; Intel Mac OS X 10_15_7) AppleWebKit/537.36 (KHTML, like Gecko) Chrome/118.0.0.0 Safari/537.36"
185.209.196.174 - - [19/Mar/2026:12:16:53 +0000] "POST /wp-login.php HTTP/1.1" 200 84587 "https://inception-blue.com/wp-login.php" "Mozilla/5.0 (Windows NT 11.0; Win64; x64) AppleWebKit/537.36 (KHTML, like Gecko) Chrome/119.0.0.0 Safari/537.36"
74.7.241.28 - - [19/Mar/2026:12:16:52 +0000] "GET /buy.php?detail/27102529738607 HTTP/1.1" 200 157857 "https://inception-blue.com/buy.php?detail/19202286553140" "Mozilla/5.0 AppleWebKit/537.36 (KHTML, like Gecko; compatible; GPTBot/1.3; +https://openai.com/gptbot)"
185.209.196.174 - - [19/Mar/2026:12:16:54 +0000] "POST /wp-login.php HTTP/1.1" 200 84588 "https://inception-blue.com/wp-login.php" "Mozilla/5.0 (Windows NT 10.0; Win64; x64; rv:120.0) Gecko/20100101 Firefox/120.0"
185.209.196.174 - - [19/Mar/2026:12:16:55 +0000] "POST /wp-login.php HTTP/1.1" 200 84587 "https://inception-blue.com/wp-login.php" "Mozilla/5.0 (Macintosh; Intel Mac OS X 13_6_1) AppleWebKit/605.1.15 (KHTML, like Gecko) Version/17.0 Safari/605.1.15"
74.7.241.28 - - [19/Mar/2026:12:16:55 +0000] "GET /buy.php?shopbrand/sponsor/134049634.htm HTTP/1.1" 200 162585 "https://inception-blue.com/buy.php?240007941.htm" "Mozilla/5.0 AppleWebKit/537.36 (KHTML, like Gecko; compatible; GPTBot/1.3; +https://openai.com/gptbot)"
185.209.196.174 - - [19/Mar/2026:12:16:56 +0000] "POST /wp-login.php HTTP/1.1" 200 84587 "https://inception-blue.com/wp-login.php" "Mozilla/5.0 (X11; Ubuntu; Linux x86_64) AppleWebKit/537.36 (KHTML, like Gecko) Chrome/118.0.0.0 Safari/537.36"
185.209.196.174 - - [19/Mar/2026:12:16:57 +0000] "POST /wp-login.php HTTP/1.1" 200 84587 "https://inception-blue.com/wp-login.php" "Mozilla/5.0 (X11; Ubuntu; Linux x86_64) AppleWebKit/537.36 (KHTML, like Gecko) Chrome/121.0.0.0 Safari/537.36"
185.209.196.174 - - [19/Mar/2026:12:16:58 +0000] "POST /wp-login.php HTTP/1.1" 200 84587 "https://inception-blue.com/wp-login.php" "Mozilla/5.0 (Macintosh; Intel Mac OS X 13_6_1) AppleWebKit/537.36 (KHTML, like Gecko) Chrome/120.0.0.0 Safari/537.36"
74.7.241.28 - - [19/Mar/2026:12:16:59 +0000] "GET /buy.php?jp/136028962.html HTTP/1.1" 200 156716 "https://inception-blue.com/buy.php?detail/13602924336928" "Mozilla/5.0 AppleWebKit/537.36 (KHTML, like Gecko; compatible; GPTBot/1.3; +https://openai.com/gptbot)"
185.209.196.174 - - [19/Mar/2026:12:16:59 +0000] "POST /wp-login.php HTTP/1.1" 200 84587 "https://inception-blue.com/wp-login.php" "Mozilla/5.0 (Macintosh; Intel Mac OS X 10_15_7; rv:120.0) Gecko/20100101 Firefox/120.0"
185.209.196.174 - - [19/Mar/2026:12:17:00 +0000] "POST /wp-login.php HTTP/1.1" 200 84587 "https://inception-blue.com/wp-login.php" "Mozilla/5.0 (Macintosh; Intel Mac OS X 10_15_7; rv:120.0) Gecko/20100101 Firefox/120.0"
185.209.196.174 - - [19/Mar/2026:12:17:01 +0000] "POST /wp-login.php HTTP/1.1" 200 84588 "https://inception-blue.com/wp-login.php" "Mozilla/5.0 (Windows NT 10.0; Win64; x64) AppleWebKit/537.36 (KHTML, like Gecko) Chrome/121.0.0.0 Safari/537.36"
185.209.196.174 - - [19/Mar/2026:12:17:02 +0000] "POST /wp-login.php HTTP/1.1" 200 84587 "https://inception-blue.com/wp-login.php" "Mozilla/5.0 (Windows NT 11.0; Win64; x64) AppleWebKit/537.36 (KHTML, like Gecko) Chrome/119.0.0.0 Safari/537.36"
74.7.241.28 - - [19/Mar/2026:12:17:02 +0000] "GET /buy.php?detail/28200119607586 HTTP/1.1" 200 151833 "https://inception-blue.com/buy.php?detail/27101399387973" "Mozilla/5.0 AppleWebKit/537.36 (KHTML, like Gecko; compatible; GPTBot/1.3; +https://openai.com/gptbot)"
185.209.196.174 - - [19/Mar/2026:12:17:03 +0000] "POST /wp-login.php HTTP/1.1" 200 84587 "https://inception-blue.com/wp-login.php" "Mozilla/5.0 (Macintosh; Intel Mac OS X 10_15_7) AppleWebKit/605.1.15 (KHTML, like Gecko) Version/17.1 Safari/605.1.15"
185.209.196.174 - - [19/Mar/2026:12:17:03 +0000] "POST /wp-login.php HTTP/1.1" 200 84587 "https://inception-blue.com/wp-login.php" "Mozilla/5.0 (Macintosh; Intel Mac OS X 10_15_7) AppleWebKit/605.1.15 (KHTML, like Gecko) Version/17.1 Safari/605.1.15"
185.209.196.174 - - [19/Mar/2026:12:17:04 +0000] "POST /wp-login.php HTTP/1.1" 200 84587 "https://inception-blue.com/wp-login.php" "Mozilla/5.0 (Macintosh; Intel Mac OS X 10_15_7; rv:121.0) Gecko/20100101 Firefox/121.0"
185.209.196.174 - - [19/Mar/2026:12:17:05 +0000] "POST /wp-login.php HTTP/1.1" 200 84588 "https://inception-blue.com/wp-login.php" "Mozilla/5.0 (Macintosh; Intel Mac OS X 10_15_7) AppleWebKit/537.36 (KHTML, like Gecko) Chrome/121.0.0.0 Safari/537.36"
74.7.241.28 - - [19/Mar/2026:12:17:05 +0000] "GET /buy.php?detail/15301907177215 HTTP/1.1" 200 154555 "https://inception-blue.com/buy.php?detail/15300721782643" "Mozilla/5.0 AppleWebKit/537.36 (KHTML, like Gecko; compatible; GPTBot/1.3; +https://openai.com/gptbot)"
185.209.196.174 - - [19/Mar/2026:12:17:06 +0000] "POST /wp-login.php HTTP/1.1" 200 84588 "https://inception-blue.com/wp-login.php" "Mozilla/5.0 (Windows NT 11.0; Win64; x64; rv:121.0) Gecko/20100101 Firefox/121.0"
185.209.196.174 - - [19/Mar/2026:12:17:07 +0000] "POST /wp-login.php HTTP/1.1" 200 84588 "https://inception-blue.com/wp-login.php" "Mozilla/5.0 (Macintosh; Intel Mac OS X 10_15_7) AppleWebKit/605.1.15 (KHTML, like Gecko) Version/17.2 Safari/605.1.15"
185.209.196.174 - - [19/Mar/2026:12:17:08 +0000] "POST /wp-login.php HTTP/1.1" 200 84588 "https://inception-blue.com/wp-login.php" "Mozilla/5.0 (Macintosh; Intel Mac OS X 13_6_1) AppleWebKit/537.36 (KHTML, like Gecko) Chrome/119.0.0.0 Safari/537.36"
185.209.196.174 - - [19/Mar/2026:12:17:09 +0000] "POST /wp-login.php HTTP/1.1" 200 84588 "https://inception-blue.com/wp-login.php" "Mozilla/5.0 (Macintosh; Intel Mac OS X 10_15_7) AppleWebKit/537.36 (KHTML, like Gecko) Chrome/120.0.0.0 Safari/537.36"
74.7.241.28 - - [19/Mar/2026:12:17:08 +0000] "GET /buy.php?detail/15301900390082 HTTP/1.1" 200 167791 "https://inception-blue.com/buy.php?detail/15300721782643" "Mozilla/5.0 AppleWebKit/537.36 (KHTML, like Gecko; compatible; GPTBot/1.3; +https://openai.com/gptbot)"
185.209.196.174 - - [19/Mar/2026:12:17:10 +0000] "POST /wp-login.php HTTP/1.1" 200 84587 "https://inception-blue.com/wp-login.php" "Mozilla/5.0 (Windows NT 11.0; Win64; x64) AppleWebKit/537.36 (KHTML, like Gecko) Chrome/119.0.0.0 Safari/537.36"
66.249.77.8 - - [19/Mar/2026:12:17:11 +0000] "GET /82400636 HTTP/1.1" 200 303537 "-" "Mozilla/5.0 (Linux; Android 6.0.1; Nexus 5X Build/MMB29P) AppleWebKit/537.36 (KHTML, like Gecko) Chrome/145.0.7632.159 Mobile Safari/537.36 (compatible; Googlebot/2.1; +http://www.google.com/bot.html)"
185.209.196.174 - - [19/Mar/2026:12:17:11 +0000] "POST /wp-login.php HTTP/1.1" 200 84587 "https://inception-blue.com/wp-login.php" "Mozilla/5.0 (Macintosh; Intel Mac OS X 13_6_1) AppleWebKit/537.36 (KHTML, like Gecko) Chrome/121.0.0.0 Safari/537.36"
74.7.241.28 - - [19/Mar/2026:12:17:11 +0000] "GET /buy.php?jp/230031303.html HTTP/1.1" 200 148012 "https://inception-blue.com/buy.php?jp/271026768.html" "Mozilla/5.0 AppleWebKit/537.36 (KHTML, like Gecko; compatible; GPTBot/1.3; +https://openai.com/gptbot)"
185.209.196.174 - - [19/Mar/2026:12:17:12 +0000] "POST /wp-login.php HTTP/1.1" 200 84588 "https://inception-blue.com/wp-login.php" "Mozilla/5.0 (Macintosh; Intel Mac OS X 10_15_7) AppleWebKit/537.36 (KHTML, like Gecko) Chrome/121.0.0.0 Safari/537.36"
185.209.196.174 - - [19/Mar/2026:12:17:13 +0000] "POST /wp-login.php HTTP/1.1" 200 84588 "https://inception-blue.com/wp-login.php" "Mozilla/5.0 (X11; Linux x86_64) AppleWebKit/537.36 (KHTML, like Gecko) Chrome/118.0.0.0 Safari/537.36"
185.209.196.174 - - [19/Mar/2026:12:17:14 +0000] "POST /wp-login.php HTTP/1.1" 200 84587 "https://inception-blue.com/wp-login.php" "Mozilla/5.0 (Windows NT 11.0; Win64; x64; rv:120.0) Gecko/20100101 Firefox/120.0"
74.7.241.28 - - [19/Mar/2026:12:17:14 +0000] "GET /buy.php?detail/27102676832336 HTTP/1.1" 200 171697 "https://inception-blue.com/buy.php?jp/271026768.html" "Mozilla/5.0 AppleWebKit/537.36 (KHTML, like Gecko; compatible; GPTBot/1.3; +https://openai.com/gptbot)"
185.209.196.174 - - [19/Mar/2026:12:17:15 +0000] "POST /wp-login.php HTTP/1.1" 200 84587 "https://inception-blue.com/wp-login.php" "Mozilla/5.0 (Macintosh; Intel Mac OS X 13_6_1; rv:121.0) Gecko/20100101 Firefox/121.0"
185.209.196.174 - - [19/Mar/2026:12:17:16 +0000] "POST /wp-login.php HTTP/1.1" 200 84587 "https://inception-blue.com/wp-login.php" "Mozilla/5.0 (Macintosh; Intel Mac OS X 10_15_7) AppleWebKit/537.36 (KHTML, like Gecko) Chrome/121.0.0.0 Safari/537.36"
185.209.196.174 - - [19/Mar/2026:12:17:17 +0000] "POST /wp-login.php HTTP/1.1" 200 84588 "https://inception-blue.com/wp-login.php" "Mozilla/5.0 (Windows NT 10.0; Win64; x64) AppleWebKit/537.36 (KHTML, like Gecko) Chrome/121.0.0.0 Safari/537.36"
185.209.196.174 - - [19/Mar/2026:12:17:17 +0000] "POST /wp-login.php HTTP/1.1" 200 84588 "https://inception-blue.com/wp-login.php" "Mozilla/5.0 (Macintosh; Intel Mac OS X 13_6_1; rv:121.0) Gecko/20100101 Firefox/121.0"
74.7.241.28 - - [19/Mar/2026:12:17:17 +0000] "GET /buy.php?detail/06800221253037 HTTP/1.1" 200 155805 "https://inception-blue.com/buy.php?detail/06804328391167" "Mozilla/5.0 AppleWebKit/537.36 (KHTML, like Gecko; compatible; GPTBot/1.3; +https://openai.com/gptbot)"
185.209.196.174 - - [19/Mar/2026:12:17:18 +0000] "POST /wp-login.php HTTP/1.1" 200 84587 "https://inception-blue.com/wp-login.php" "Mozilla/5.0 (X11; Linux x86_64) AppleWebKit/537.36 (KHTML, like Gecko) Chrome/119.0.0.0 Safari/537.36"
185.209.196.174 - - [19/Mar/2026:12:17:19 +0000] "POST /wp-login.php HTTP/1.1" 200 84588 "https://inception-blue.com/wp-login.php" "Mozilla/5.0 (Macintosh; Intel Mac OS X 10_15_7; rv:121.0) Gecko/20100101 Firefox/121.0"
185.209.196.174 - - [19/Mar/2026:12:17:20 +0000] "POST /wp-login.php HTTP/1.1" 200 84587 "https://inception-blue.com/wp-login.php" "Mozilla/5.0 (Macintosh; Intel Mac OS X 13_6_1) AppleWebKit/605.1.15 (KHTML, like Gecko) Version/16.6 Safari/605.1.15"
74.7.241.28 - - [19/Mar/2026:12:17:21 +0000] "GET /buy.php?detail/29400185221030 HTTP/1.1" 200 165853 "https://inception-blue.com/buy.php?detail/06804328391167" "Mozilla/5.0 AppleWebKit/537.36 (KHTML, like Gecko; compatible; GPTBot/1.3; +https://openai.com/gptbot)"
185.209.196.174 - - [19/Mar/2026:12:17:21 +0000] "POST /wp-login.php HTTP/1.1" 200 84587 "https://inception-blue.com/wp-login.php" "Mozilla/5.0 (X11; Ubuntu; Linux x86_64) AppleWebKit/537.36 (KHTML, like Gecko) Chrome/118.0.0.0 Safari/537.36"
185.209.196.174 - - [19/Mar/2026:12:17:22 +0000] "POST /wp-login.php HTTP/1.1" 200 84587 "https://inception-blue.com/wp-login.php" "Mozilla/5.0 (Windows NT 11.0; Win64; x64; rv:121.0) Gecko/20100101 Firefox/121.0"
185.209.196.174 - - [19/Mar/2026:12:17:23 +0000] "POST /wp-login.php HTTP/1.1" 200 84587 "https://inception-blue.com/wp-login.php" "Mozilla/5.0 (Windows NT 10.0; Win64; x64; rv:121.0) Gecko/20100101 Firefox/121.0"
74.7.241.28 - - [19/Mar/2026:12:17:24 +0000] "GET /buy.php?detail/15104211142450 HTTP/1.1" 200 154182 "https://inception-blue.com/buy.php?detail/09204515014545" "Mozilla/5.0 AppleWebKit/537.36 (KHTML, like Gecko; compatible; GPTBot/1.3; +https://openai.com/gptbot)"
185.209.196.174 - - [19/Mar/2026:12:17:24 +0000] "POST /wp-login.php HTTP/1.1" 200 84587 "https://inception-blue.com/wp-login.php" "Mozilla/5.0 (X11; Ubuntu; Linux x86_64) AppleWebKit/537.36 (KHTML, like Gecko) Chrome/118.0.0.0 Safari/537.36"
185.209.196.174 - - [19/Mar/2026:12:17:25 +0000] "POST /wp-login.php HTTP/1.1" 200 84588 "https://inception-blue.com/wp-login.php" "Mozilla/5.0 (Macintosh; Intel Mac OS X 10_15_7) AppleWebKit/605.1.15 (KHTML, like Gecko) Version/17.0 Safari/605.1.15"
185.209.196.174 - - [19/Mar/2026:12:17:26 +0000] "POST /wp-login.php HTTP/1.1" 200 84588 "https://inception-blue.com/wp-login.php" "Mozilla/5.0 (Macintosh; Intel Mac OS X 10_15_7) AppleWebKit/537.36 (KHTML, like Gecko) Chrome/120.0.0.0 Safari/537.36"
185.209.196.174 - - [19/Mar/2026:12:17:27 +0000] "POST /wp-login.php HTTP/1.1" 200 84587 "https://inception-blue.com/wp-login.php" "Mozilla/5.0 (Macintosh; Intel Mac OS X 13_6_1) AppleWebKit/537.36 (KHTML, like Gecko) Chrome/121.0.0.0 Safari/537.36"
185.209.196.174 - - [19/Mar/2026:12:17:28 +0000] "POST /wp-login.php HTTP/1.1" 200 84587 "https://inception-blue.com/wp-login.php" "Mozilla/5.0 (Macintosh; Intel Mac OS X 10_15_7; rv:119.0) Gecko/20100101 Firefox/119.0"
74.7.241.28 - - [19/Mar/2026:12:17:27 +0000] "GET /buy.php?detail/01800537770853 HTTP/1.1" 200 156214 "https://inception-blue.com/buy.php?detail/27102529738607" "Mozilla/5.0 AppleWebKit/537.36 (KHTML, like Gecko; compatible; GPTBot/1.3; +https://openai.com/gptbot)"
185.209.196.174 - - [19/Mar/2026:12:17:29 +0000] "POST /wp-login.php HTTP/1.1" 200 84587 "https://inception-blue.com/wp-login.php" "Mozilla/5.0 (Windows NT 11.0; Win64; x64) AppleWebKit/537.36 (KHTML, like Gecko) Chrome/120.0.0.0 Safari/537.36"
185.209.196.174 - - [19/Mar/2026:12:17:30 +0000] "POST /wp-login.php HTTP/1.1" 200 84587 "https://inception-blue.com/wp-login.php" "Mozilla/5.0 (Macintosh; Intel Mac OS X 13_6_1) AppleWebKit/537.36 (KHTML, like Gecko) Chrome/119.0.0.0 Safari/537.36"
74.7.241.28 - - [19/Mar/2026:12:17:30 +0000] "GET /buy.php?detail/13602898243457 HTTP/1.1" 200 152524 "https://inception-blue.com/buy.php?detail/13602924336928" "Mozilla/5.0 AppleWebKit/537.36 (KHTML, like Gecko; compatible; GPTBot/1.3; +https://openai.com/gptbot)"
185.209.196.174 - - [19/Mar/2026:12:17:31 +0000] "POST /wp-login.php HTTP/1.1" 200 84587 "https://inception-blue.com/wp-login.php" "Mozilla/5.0 (Macintosh; Intel Mac OS X 13_6_1) AppleWebKit/537.36 (KHTML, like Gecko) Chrome/121.0.0.0 Safari/537.36"
185.209.196.174 - - [19/Mar/2026:12:17:32 +0000] "POST /wp-login.php HTTP/1.1" 200 84587 "https://inception-blue.com/wp-login.php" "Mozilla/5.0 (Macintosh; Intel Mac OS X 13_6_1) AppleWebKit/537.36 (KHTML, like Gecko) Chrome/120.0.0.0 Safari/537.36"
185.209.196.174 - - [19/Mar/2026:12:17:33 +0000] "POST /wp-login.php HTTP/1.1" 200 84588 "https://inception-blue.com/wp-login.php" "Mozilla/5.0 (Windows NT 11.0; Win64; x64; rv:120.0) Gecko/20100101 Firefox/120.0"
74.7.241.28 - - [19/Mar/2026:12:17:33 +0000] "GET /buy.php?detail/13601201194435 HTTP/1.1" 200 155128 "https://inception-blue.com/buy.php?jp/136028962.html" "Mozilla/5.0 AppleWebKit/537.36 (KHTML, like Gecko; compatible; GPTBot/1.3; +https://openai.com/gptbot)"
74.7.241.28 - - [19/Mar/2026:12:17:36 +0000] "GET /buy.php?detail/21001173078694 HTTP/1.1" 200 159734 "https://inception-blue.com/buy.php?detail/28200119607586" "Mozilla/5.0 AppleWebKit/537.36 (KHTML, like Gecko; compatible; GPTBot/1.3; +https://openai.com/gptbot)"
74.7.241.28 - - [19/Mar/2026:12:17:39 +0000] "GET /buy.php?240006053.htm HTTP/1.1" 200 158687 "https://inception-blue.com/buy.php?240007941.htm" "Mozilla/5.0 AppleWebKit/537.36 (KHTML, like Gecko; compatible; GPTBot/1.3; +https://openai.com/gptbot)"
74.7.241.28 - - [19/Mar/2026:12:17:43 +0000] "GET /buy.php?240006069.htm HTTP/1.1" 200 162233 "https://inception-blue.com/buy.php?240007941.htm" "Mozilla/5.0 AppleWebKit/537.36 (KHTML, like Gecko; compatible; GPTBot/1.3; +https://openai.com/gptbot)"
74.7.241.28 - - [19/Mar/2026:12:17:46 +0000] "GET /buy.php?240006087.htm HTTP/1.1" 200 171197 "https://inception-blue.com/buy.php?240007941.htm" "Mozilla/5.0 AppleWebKit/537.36 (KHTML, like Gecko; compatible; GPTBot/1.3; +https://openai.com/gptbot)"
