216.73.216.36 - - [19/Mar/2026:14:22:59 +0000] "GET /56463592 HTTP/1.1" 404 185483 "-" "Mozilla/5.0 AppleWebKit/537.36 (KHTML, like Gecko; compatible; ClaudeBot/1.0; +claudebot@anthropic.com)"
66.249.77.9 - - [19/Mar/2026:14:23:00 +0000] "GET /43063780 HTTP/1.1" 200 372099 "-" "Mozilla/5.0 (Linux; Android 6.0.1; Nexus 5X Build/MMB29P) AppleWebKit/537.36 (KHTML, like Gecko) Chrome/145.0.7632.159 Mobile Safari/537.36 (compatible; Googlebot/2.1; +http://www.google.com/bot.html)"
74.7.241.28 - - [19/Mar/2026:14:23:02 +0000] "GET /buy.php?101000268.htm HTTP/1.1" 200 147019 "https://inception-blue.com/buy.php?m76650133555" "Mozilla/5.0 AppleWebKit/537.36 (KHTML, like Gecko; compatible; GPTBot/1.3; +https://openai.com/gptbot)"
74.7.241.28 - - [19/Mar/2026:14:23:05 +0000] "GET /buy.php?detail/12401126432091 HTTP/1.1" 200 152193 "https://inception-blue.com/buy.php?jp/066007002.html" "Mozilla/5.0 AppleWebKit/537.36 (KHTML, like Gecko; compatible; GPTBot/1.3; +https://openai.com/gptbot)"
216.73.216.36 - - [19/Mar/2026:14:23:02 +0000] "GET /7811853 HTTP/1.1" 404 185483 "-" "Mozilla/5.0 AppleWebKit/537.36 (KHTML, like Gecko; compatible; ClaudeBot/1.0; +claudebot@anthropic.com)"
159.223.142.74 - - [19/Mar/2026:14:23:05 +0000] "POST /wp-cron.php?doing_wp_cron=1773930185.8033850193023681640625 HTTP/1.1" 404 185482 "-" "WordPress/6.9.4; https://inception-blue.com"
159.223.142.74 - - [19/Mar/2026:14:23:09 +0000] "POST /wp-cron.php?doing_wp_cron=1773930188.1864619255065917968750 HTTP/1.1" 403 185479 "-" "WordPress/6.9.4; https://inception-blue.com"
159.223.142.74 - - [19/Mar/2026:14:23:07 +0000] "POST /wp-cron.php?doing_wp_cron=1773930187.3184480667114257812500 HTTP/1.1" 403 185482 "-" "WordPress/6.9.4; https://inception-blue.com"
159.223.142.74 - - [19/Mar/2026:14:23:09 +0000] "POST /wp-cron.php?doing_wp_cron=1773930188.5077650547027587890625 HTTP/1.1" 403 185479 "-" "WordPress/6.9.4; https://inception-blue.com"
159.223.142.74 - - [19/Mar/2026:14:23:07 +0000] "POST /wp-cron.php?doing_wp_cron=1773930187.5269649028778076171875 HTTP/1.1" 403 185482 "-" "WordPress/6.9.4; https://inception-blue.com"
159.223.142.74 - - [19/Mar/2026:14:23:03 +0000] "POST /wp-cron.php?doing_wp_cron=1773930183.4836471080780029296875 HTTP/1.1" 404 185482 "-" "WordPress/6.9.4; https://inception-blue.com"
159.223.142.74 - - [19/Mar/2026:14:23:06 +0000] "POST /wp-cron.php?doing_wp_cron=1773930186.5010149478912353515625 HTTP/1.1" 404 185482 "-" "WordPress/6.9.4; https://inception-blue.com"
159.223.142.74 - - [19/Mar/2026:14:23:09 +0000] "POST /wp-cron.php?doing_wp_cron=1773930188.8125119209289550781250 HTTP/1.1" 403 185479 "-" "WordPress/6.9.4; https://inception-blue.com"
159.223.142.74 - - [19/Mar/2026:14:23:05 +0000] "POST /wp-cron.php?doing_wp_cron=1773930185.0223679542541503906250 HTTP/1.1" 403 185483 "-" "WordPress/6.9.4; https://inception-blue.com"
159.223.142.74 - - [19/Mar/2026:14:23:09 +0000] "POST /wp-cron.php?doing_wp_cron=1773930189.3684549331665039062500 HTTP/1.1" 403 185479 "-" "WordPress/6.9.4; https://inception-blue.com"
159.223.142.74 - - [19/Mar/2026:14:23:06 +0000] "POST /wp-cron.php?doing_wp_cron=1773930186.6080520153045654296875 HTTP/1.1" 403 185482 "-" "WordPress/6.9.4; https://inception-blue.com"
159.223.142.74 - - [19/Mar/2026:14:23:09 +0000] "POST /wp-cron.php?doing_wp_cron=1773930189.3653171062469482421875 HTTP/1.1" 403 185479 "-" "WordPress/6.9.4; https://inception-blue.com"
159.223.142.74 - - [19/Mar/2026:14:23:08 +0000] "POST /wp-cron.php?doing_wp_cron=1773930188.0321691036224365234375 HTTP/1.1" 404 185479 "-" "WordPress/6.9.4; https://inception-blue.com"
159.223.142.74 - - [19/Mar/2026:14:23:08 +0000] "POST /wp-cron.php?doing_wp_cron=1773930188.0675709247589111328125 HTTP/1.1" 404 185479 "-" "WordPress/6.9.4; https://inception-blue.com"
74.7.241.28 - - [19/Mar/2026:14:23:08 +0000] "GET /buy.php?detail/29100550936865 HTTP/1.1" 200 159349 "https://inception-blue.com/buy.php?detail/29100043027606" "Mozilla/5.0 AppleWebKit/537.36 (KHTML, like Gecko; compatible; GPTBot/1.3; +https://openai.com/gptbot)"
159.223.142.74 - - [19/Mar/2026:14:23:04 +0000] "POST /wp-cron.php?doing_wp_cron=1773930184.2008340358734130859375 HTTP/1.1" 403 185482 "-" "WordPress/6.9.4; https://inception-blue.com"
159.223.142.74 - - [19/Mar/2026:14:23:07 +0000] "POST /wp-cron.php?doing_wp_cron=1773930187.2124791145324707031250 HTTP/1.1" 403 185482 "-" "WordPress/6.9.4; https://inception-blue.com"
66.249.77.7 - - [19/Mar/2026:14:23:12 +0000] "GET /?goods/142007142 HTTP/1.1" 200 297764 "-" "Mozilla/5.0 (Linux; Android 6.0.1; Nexus 5X Build/MMB29P) AppleWebKit/537.36 (KHTML, like Gecko) Chrome/145.0.7632.159 Mobile Safari/537.36 (compatible; Googlebot/2.1; +http://www.google.com/bot.html)"
74.7.241.28 - - [19/Mar/2026:14:23:11 +0000] "GET /buy.php?detail/10001274188053 HTTP/1.1" 200 155441 "https://inception-blue.com/buy.php?detail/10001274406345" "Mozilla/5.0 AppleWebKit/537.36 (KHTML, like Gecko; compatible; GPTBot/1.3; +https://openai.com/gptbot)"
74.7.241.28 - - [19/Mar/2026:14:23:15 +0000] "GET /buy.php?detail/05704975803357 HTTP/1.1" 200 152000 "https://inception-blue.com/buy.php?detail/24702373771850" "Mozilla/5.0 AppleWebKit/537.36 (KHTML, like Gecko; compatible; GPTBot/1.3; +https://openai.com/gptbot)"
74.7.241.28 - - [19/Mar/2026:14:23:18 +0000] "GET /buy.php?detail/12402995023128 HTTP/1.1" 200 154789 "https://inception-blue.com/buy.php?detail/12401111106112" "Mozilla/5.0 AppleWebKit/537.36 (KHTML, like Gecko; compatible; GPTBot/1.3; +https://openai.com/gptbot)"
74.7.241.28 - - [19/Mar/2026:14:23:21 +0000] "GET /buy.php?detail/17104215912283 HTTP/1.1" 200 162567 "https://inception-blue.com/buy.php?detail/12401111106112" "Mozilla/5.0 AppleWebKit/537.36 (KHTML, like Gecko; compatible; GPTBot/1.3; +https://openai.com/gptbot)"
74.7.241.28 - - [19/Mar/2026:14:23:24 +0000] "GET /buy.php?detail/15900374776046 HTTP/1.1" 200 154820 "https://inception-blue.com/buy.php?detail/24702373771850" "Mozilla/5.0 AppleWebKit/537.36 (KHTML, like Gecko; compatible; GPTBot/1.3; +https://openai.com/gptbot)"
74.7.241.28 - - [19/Mar/2026:14:23:27 +0000] "GET /buy.php?detail/24300431084268 HTTP/1.1" 200 152905 "https://inception-blue.com/buy.php?detail/24303882254887" "Mozilla/5.0 AppleWebKit/537.36 (KHTML, like Gecko; compatible; GPTBot/1.3; +https://openai.com/gptbot)"
74.7.241.28 - - [19/Mar/2026:14:23:30 +0000] "GET /buy.php?detail/24300150708947 HTTP/1.1" 200 151563 "https://inception-blue.com/buy.php?detail/24303882254887" "Mozilla/5.0 AppleWebKit/537.36 (KHTML, like Gecko; compatible; GPTBot/1.3; +https://openai.com/gptbot)"
74.7.241.28 - - [19/Mar/2026:14:23:33 +0000] "GET /buy.php?m16888643921 HTTP/1.1" 200 154815 "https://inception-blue.com/buy.php?detail/10001274406345" "Mozilla/5.0 AppleWebKit/537.36 (KHTML, like Gecko; compatible; GPTBot/1.3; +https://openai.com/gptbot)"
216.73.216.36 - - [19/Mar/2026:14:23:35 +0000] "GET /14059504 HTTP/1.1" 404 185479 "-" "Mozilla/5.0 AppleWebKit/537.36 (KHTML, like Gecko; compatible; ClaudeBot/1.0; +claudebot@anthropic.com)"
74.7.241.28 - - [19/Mar/2026:14:23:36 +0000] "GET /buy.php?080005789.htm HTTP/1.1" 200 154996 "https://inception-blue.com/buy.php?m62374363771" "Mozilla/5.0 AppleWebKit/537.36 (KHTML, like Gecko; compatible; GPTBot/1.3; +https://openai.com/gptbot)"
216.73.216.36 - - [19/Mar/2026:14:23:38 +0000] "GET /657747741 HTTP/1.1" 404 185480 "-" "Mozilla/5.0 AppleWebKit/537.36 (KHTML, like Gecko; compatible; ClaudeBot/1.0; +claudebot@anthropic.com)"
74.7.241.28 - - [19/Mar/2026:14:23:40 +0000] "GET /buy.php?jp/173005202.html HTTP/1.1" 200 163681 "https://inception-blue.com/buy.php?detail/12401126432091" "Mozilla/5.0 AppleWebKit/537.36 (KHTML, like Gecko; compatible; GPTBot/1.3; +https://openai.com/gptbot)"
74.7.241.28 - - [19/Mar/2026:14:23:43 +0000] "GET /buy.php?detail/23402156221134 HTTP/1.1" 200 141822 "https://inception-blue.com/buy.php?detail/12401126432091" "Mozilla/5.0 AppleWebKit/537.36 (KHTML, like Gecko; compatible; GPTBot/1.3; +https://openai.com/gptbot)"
216.73.216.36 - - [19/Mar/2026:14:23:46 +0000] "GET /79379584 HTTP/1.1" 404 185479 "-" "Mozilla/5.0 AppleWebKit/537.36 (KHTML, like Gecko; compatible; ClaudeBot/1.0; +claudebot@anthropic.com)"
159.223.142.74 - - [19/Mar/2026:14:23:47 +0000] "POST /wp-cron.php?doing_wp_cron=1773930227.3390610218048095703125 HTTP/1.1" 403 185479 "-" "WordPress/6.9.4; https://inception-blue.com"
74.7.241.28 - - [19/Mar/2026:14:23:46 +0000] "GET /buy.php?detail/10902463693933 HTTP/1.1" 200 153522 "https://inception-blue.com/buy.php?detail/10001274188053" "Mozilla/5.0 AppleWebKit/537.36 (KHTML, like Gecko; compatible; GPTBot/1.3; +https://openai.com/gptbot)"
216.73.216.36 - - [19/Mar/2026:14:23:49 +0000] "GET /236586844 HTTP/1.1" 404 185479 "-" "Mozilla/5.0 AppleWebKit/537.36 (KHTML, like Gecko; compatible; ClaudeBot/1.0; +claudebot@anthropic.com)"
66.249.77.9 - - [19/Mar/2026:14:23:50 +0000] "GET /71645806 HTTP/1.1" 200 308331 "-" "Mozilla/5.0 (Linux; Android 6.0.1; Nexus 5X Build/MMB29P) AppleWebKit/537.36 (KHTML, like Gecko) Chrome/145.0.7632.159 Mobile Safari/537.36 (compatible; Googlebot/2.1; +http://www.google.com/bot.html)"
74.7.241.28 - - [19/Mar/2026:14:23:49 +0000] "GET /buy.php?detail/21700609493950 HTTP/1.1" 200 163655 "https://inception-blue.com/buy.php?detail/05704975803357" "Mozilla/5.0 AppleWebKit/537.36 (KHTML, like Gecko; compatible; GPTBot/1.3; +https://openai.com/gptbot)"
74.7.241.28 - - [19/Mar/2026:14:23:52 +0000] "GET /buy.php?detail/12400447048533 HTTP/1.1" 200 156483 "https://inception-blue.com/buy.php?detail/12402995023128" "Mozilla/5.0 AppleWebKit/537.36 (KHTML, like Gecko; compatible; GPTBot/1.3; +https://openai.com/gptbot)"
74.7.241.28 - - [19/Mar/2026:14:23:55 +0000] "GET /buy.php?detail/01802788681590 HTTP/1.1" 200 154310 "https://inception-blue.com/buy.php?detail/12402995023128" "Mozilla/5.0 AppleWebKit/537.36 (KHTML, like Gecko; compatible; GPTBot/1.3; +https://openai.com/gptbot)"
74.7.241.28 - - [19/Mar/2026:14:23:59 +0000] "GET /buy.php?detail/25300859108789 HTTP/1.1" 200 162340 "https://inception-blue.com/buy.php?detail/15900374776046" "Mozilla/5.0 AppleWebKit/537.36 (KHTML, like Gecko; compatible; GPTBot/1.3; +https://openai.com/gptbot)"
74.7.241.28 - - [19/Mar/2026:14:24:02 +0000] "GET /buy.php?detail/24300875230926 HTTP/1.1" 200 149434 "https://inception-blue.com/buy.php?detail/24300431084268" "Mozilla/5.0 AppleWebKit/537.36 (KHTML, like Gecko; compatible; GPTBot/1.3; +https://openai.com/gptbot)"
74.7.241.28 - - [19/Mar/2026:14:24:05 +0000] "GET /buy.php?detail/24300135690802 HTTP/1.1" 200 153694 "https://inception-blue.com/buy.php?detail/24300431084268" "Mozilla/5.0 AppleWebKit/537.36 (KHTML, like Gecko; compatible; GPTBot/1.3; +https://openai.com/gptbot)"
74.7.241.28 - - [19/Mar/2026:14:24:08 +0000] "GET /buy.php?detail/16202506646136 HTTP/1.1" 200 172767 "https://inception-blue.com/buy.php?detail/24300150708947" "Mozilla/5.0 AppleWebKit/537.36 (KHTML, like Gecko; compatible; GPTBot/1.3; +https://openai.com/gptbot)"
74.7.241.28 - - [19/Mar/2026:14:24:11 +0000] "GET /buy.php?detail/08000174241297 HTTP/1.1" 200 154745 "https://inception-blue.com/buy.php?080005789.htm" "Mozilla/5.0 AppleWebKit/537.36 (KHTML, like Gecko; compatible; GPTBot/1.3; +https://openai.com/gptbot)"
74.7.241.28 - - [19/Mar/2026:14:24:14 +0000] "GET /buy.php?detail/20300208444341 HTTP/1.1" 200 153356 "https://inception-blue.com/buy.php?jp/173005202.html" "Mozilla/5.0 AppleWebKit/537.36 (KHTML, like Gecko; compatible; GPTBot/1.3; +https://openai.com/gptbot)"
74.7.241.28 - - [19/Mar/2026:14:24:18 +0000] "GET /buy.php?detail/05100174684500 HTTP/1.1" 200 146230 "https://inception-blue.com/buy.php?jp/173005202.html" "Mozilla/5.0 AppleWebKit/537.36 (KHTML, like Gecko; compatible; GPTBot/1.3; +https://openai.com/gptbot)"
74.7.241.28 - - [19/Mar/2026:14:24:21 +0000] "GET /buy.php?detail/29700000608951 HTTP/1.1" 200 152221 "https://inception-blue.com/buy.php?detail/10902463693933" "Mozilla/5.0 AppleWebKit/537.36 (KHTML, like Gecko; compatible; GPTBot/1.3; +https://openai.com/gptbot)"
74.7.241.28 - - [19/Mar/2026:14:24:24 +0000] "GET /buy.php?detail/21700891202559 HTTP/1.1" 200 162910 "https://inception-blue.com/buy.php?detail/21700609493950" "Mozilla/5.0 AppleWebKit/537.36 (KHTML, like Gecko; compatible; GPTBot/1.3; +https://openai.com/gptbot)"
74.7.241.28 - - [19/Mar/2026:14:24:27 +0000] "GET /buy.php?detail/12400647328900 HTTP/1.1" 200 155882 "https://inception-blue.com/buy.php?detail/12400447048533" "Mozilla/5.0 AppleWebKit/537.36 (KHTML, like Gecko; compatible; GPTBot/1.3; +https://openai.com/gptbot)"
74.7.241.28 - - [19/Mar/2026:14:24:30 +0000] "GET /buy.php?detail/10900297015371 HTTP/1.1" 200 157688 "https://inception-blue.com/buy.php?detail/10902463693933" "Mozilla/5.0 AppleWebKit/537.36 (KHTML, like Gecko; compatible; GPTBot/1.3; +https://openai.com/gptbot)"
74.7.241.28 - - [19/Mar/2026:14:24:33 +0000] "GET /buy.php?detail/2530010804950 HTTP/1.1" 200 159353 "https://inception-blue.com/buy.php?detail/25300859108789" "Mozilla/5.0 AppleWebKit/537.36 (KHTML, like Gecko; compatible; GPTBot/1.3; +https://openai.com/gptbot)"
74.7.241.28 - - [19/Mar/2026:14:24:36 +0000] "GET /buy.php?detail/12402056349016 HTTP/1.1" 200 154329 "https://inception-blue.com/buy.php?detail/10902463693933" "Mozilla/5.0 AppleWebKit/537.36 (KHTML, like Gecko; compatible; GPTBot/1.3; +https://openai.com/gptbot)"
66.249.77.8 - - [19/Mar/2026:14:24:40 +0000] "GET /286864970 HTTP/1.1" 200 315122 "-" "Mozilla/5.0 (Linux; Android 6.0.1; Nexus 5X Build/MMB29P) AppleWebKit/537.36 (KHTML, like Gecko) Chrome/145.0.7632.159 Mobile Safari/537.36 (compatible; Googlebot/2.1; +http://www.google.com/bot.html)"
74.7.241.28 - - [19/Mar/2026:14:24:40 +0000] "GET /buy.php?jp/124020563.html HTTP/1.1" 200 154089 "https://inception-blue.com/buy.php?detail/12402056349016" "Mozilla/5.0 AppleWebKit/537.36 (KHTML, like Gecko; compatible; GPTBot/1.3; +https://openai.com/gptbot)"
216.73.216.36 - - [19/Mar/2026:14:24:42 +0000] "GET /731862955 HTTP/1.1" 404 185482 "-" "Mozilla/5.0 AppleWebKit/537.36 (KHTML, like Gecko; compatible; ClaudeBot/1.0; +claudebot@anthropic.com)"
74.7.241.28 - - [19/Mar/2026:14:24:43 +0000] "GET /buy.php?detail/10401394597655 HTTP/1.1" 200 163350 "https://inception-blue.com/buy.php?detail/24300431084268" "Mozilla/5.0 AppleWebKit/537.36 (KHTML, like Gecko; compatible; GPTBot/1.3; +https://openai.com/gptbot)"
216.73.216.36 - - [19/Mar/2026:14:24:45 +0000] "GET /124031634 HTTP/1.1" 404 185482 "-" "Mozilla/5.0 AppleWebKit/537.36 (KHTML, like Gecko; compatible; ClaudeBot/1.0; +claudebot@anthropic.com)"
74.7.241.28 - - [19/Mar/2026:14:24:46 +0000] "GET /buy.php?detail/01800235424315 HTTP/1.1" 200 158281 "https://inception-blue.com/buy.php?detail/01802788681590" "Mozilla/5.0 AppleWebKit/537.36 (KHTML, like Gecko; compatible; GPTBot/1.3; +https://openai.com/gptbot)"
159.223.142.74 - - [19/Mar/2026:14:24:50 +0000] "POST /wp-cron.php?doing_wp_cron=1773930290.7268610000610351562500 HTTP/1.1" 403 185482 "-" "WordPress/6.9.4; https://inception-blue.com"
216.73.216.36 - - [19/Mar/2026:14:24:49 +0000] "GET /74013566 HTTP/1.1" 404 185482 "-" "Mozilla/5.0 AppleWebKit/537.36 (KHTML, like Gecko; compatible; ClaudeBot/1.0; +claudebot@anthropic.com)"
74.7.241.28 - - [19/Mar/2026:14:24:49 +0000] "GET /buy.php?detail/12702063665673 HTTP/1.1" 200 154145 "https://inception-blue.com/buy.php?detail/08000174241297" "Mozilla/5.0 AppleWebKit/537.36 (KHTML, like Gecko; compatible; GPTBot/1.3; +https://openai.com/gptbot)"
216.73.216.36 - - [19/Mar/2026:14:24:52 +0000] "GET /9091270 HTTP/1.1" 404 185482 "-" "Mozilla/5.0 AppleWebKit/537.36 (KHTML, like Gecko; compatible; ClaudeBot/1.0; +claudebot@anthropic.com)"
74.7.241.28 - - [19/Mar/2026:14:24:52 +0000] "GET /buy.php?detail/16204433171812 HTTP/1.1" 200 158003 "https://inception-blue.com/buy.php?detail/16202506646136" "Mozilla/5.0 AppleWebKit/537.36 (KHTML, like Gecko; compatible; GPTBot/1.3; +https://openai.com/gptbot)"
74.7.241.28 - - [19/Mar/2026:14:24:56 +0000] "GET /buy.php?201000934.htm HTTP/1.1" 200 152903 "https://inception-blue.com/buy.php?080005789.htm" "Mozilla/5.0 AppleWebKit/537.36 (KHTML, like Gecko; compatible; GPTBot/1.3; +https://openai.com/gptbot)"
74.7.241.28 - - [19/Mar/2026:14:24:59 +0000] "GET /buy.php?detail/06802780545984 HTTP/1.1" 200 166068 "https://inception-blue.com/buy.php?detail/29700000608951" "Mozilla/5.0 AppleWebKit/537.36 (KHTML, like Gecko; compatible; GPTBot/1.3; +https://openai.com/gptbot)"
74.7.241.28 - - [19/Mar/2026:14:25:02 +0000] "GET /buy.php?detail/21700410246798 HTTP/1.1" 200 154718 "https://inception-blue.com/buy.php?detail/21700891202559" "Mozilla/5.0 AppleWebKit/537.36 (KHTML, like Gecko; compatible; GPTBot/1.3; +https://openai.com/gptbot)"
74.7.241.28 - - [19/Mar/2026:14:25:05 +0000] "GET /buy.php?detail/08500686133684 HTTP/1.1" 200 156136 "https://inception-blue.com/buy.php?detail/12400647328900" "Mozilla/5.0 AppleWebKit/537.36 (KHTML, like Gecko; compatible; GPTBot/1.3; +https://openai.com/gptbot)"
74.7.241.28 - - [19/Mar/2026:14:25:08 +0000] "GET /buy.php?detail/10900294058933 HTTP/1.1" 200 157693 "https://inception-blue.com/buy.php?detail/10900297015371" "Mozilla/5.0 AppleWebKit/537.36 (KHTML, like Gecko; compatible; GPTBot/1.3; +https://openai.com/gptbot)"
74.7.241.28 - - [19/Mar/2026:14:25:11 +0000] "GET /buy.php?078025551.htm HTTP/1.1" 200 143431 "https://inception-blue.com/buy.php?m74205000903" "Mozilla/5.0 AppleWebKit/537.36 (KHTML, like Gecko; compatible; GPTBot/1.3; +https://openai.com/gptbot)"
74.7.241.28 - - [19/Mar/2026:14:25:14 +0000] "GET /buy.php?detail/12404127021086 HTTP/1.1" 200 156006 "https://inception-blue.com/buy.php?jp/124020563.html" "Mozilla/5.0 AppleWebKit/537.36 (KHTML, like Gecko; compatible; GPTBot/1.3; +https://openai.com/gptbot)"
216.73.216.36 - - [19/Mar/2026:14:25:16 +0000] "GET /542207686 HTTP/1.1" 404 185482 "-" "Mozilla/5.0 AppleWebKit/537.36 (KHTML, like Gecko; compatible; ClaudeBot/1.0; +claudebot@anthropic.com)"
216.73.216.36 - - [19/Mar/2026:14:25:19 +0000] "GET /963158653 HTTP/1.1" 404 185482 "-" "Mozilla/5.0 AppleWebKit/537.36 (KHTML, like Gecko; compatible; ClaudeBot/1.0; +claudebot@anthropic.com)"
74.7.241.28 - - [19/Mar/2026:14:25:17 +0000] "GET /buy.php?detail/12401916570103 HTTP/1.1" 200 153966 "https://inception-blue.com/buy.php?detail/12402056349016" "Mozilla/5.0 AppleWebKit/537.36 (KHTML, like Gecko; compatible; GPTBot/1.3; +https://openai.com/gptbot)"
74.7.241.28 - - [19/Mar/2026:14:25:20 +0000] "GET /buy.php?detail/14803106989619 HTTP/1.1" 200 154051 "https://inception-blue.com/buy.php?detail/01800235424315" "Mozilla/5.0 AppleWebKit/537.36 (KHTML, like Gecko; compatible; GPTBot/1.3; +https://openai.com/gptbot)"
74.7.241.28 - - [19/Mar/2026:14:25:24 +0000] "GET /buy.php?goods/148031069 HTTP/1.1" 200 153372 "https://inception-blue.com/buy.php?detail/14803106989619" "Mozilla/5.0 AppleWebKit/537.36 (KHTML, like Gecko; compatible; GPTBot/1.3; +https://openai.com/gptbot)"
74.7.241.28 - - [19/Mar/2026:14:25:27 +0000] "GET /buy.php?detail/12700081444784 HTTP/1.1" 200 154589 "https://inception-blue.com/buy.php?detail/12702063665673" "Mozilla/5.0 AppleWebKit/537.36 (KHTML, like Gecko; compatible; GPTBot/1.3; +https://openai.com/gptbot)"
66.249.77.3 - - [19/Mar/2026:14:25:30 +0000] "GET /972461228 HTTP/1.1" 200 301754 "-" "Mozilla/5.0 (Linux; Android 6.0.1; Nexus 5X Build/MMB29P) AppleWebKit/537.36 (KHTML, like Gecko) Chrome/145.0.7632.159 Mobile Safari/537.36 (compatible; Googlebot/2.1; +http://www.google.com/bot.html)"
74.7.241.28 - - [19/Mar/2026:14:25:30 +0000] "GET /buy.php?detail/16202785070514 HTTP/1.1" 200 157234 "https://inception-blue.com/buy.php?detail/16204433171812" "Mozilla/5.0 AppleWebKit/537.36 (KHTML, like Gecko; compatible; GPTBot/1.3; +https://openai.com/gptbot)"
74.7.241.28 - - [19/Mar/2026:14:25:33 +0000] "GET /buy.php?detail/15501501547247 HTTP/1.1" 200 154239 "https://inception-blue.com/buy.php?detail/10401394597655" "Mozilla/5.0 AppleWebKit/537.36 (KHTML, like Gecko; compatible; GPTBot/1.3; +https://openai.com/gptbot)"
74.7.241.28 - - [19/Mar/2026:14:25:36 +0000] "GET /buy.php?detail/22003946618438 HTTP/1.1" 200 152386 "https://inception-blue.com/buy.php?detail/06802780545984" "Mozilla/5.0 AppleWebKit/537.36 (KHTML, like Gecko; compatible; GPTBot/1.3; +https://openai.com/gptbot)"
74.7.241.28 - - [19/Mar/2026:14:25:39 +0000] "GET /buy.php?detail/06800477844327 HTTP/1.1" 200 169716 "https://inception-blue.com/buy.php?detail/06802780545984" "Mozilla/5.0 AppleWebKit/537.36 (KHTML, like Gecko; compatible; GPTBot/1.3; +https://openai.com/gptbot)"
74.7.241.28 - - [19/Mar/2026:14:25:42 +0000] "GET /buy.php?detail/04301644198240 HTTP/1.1" 200 163690 "https://inception-blue.com/buy.php?detail/12702063665673" "Mozilla/5.0 AppleWebKit/537.36 (KHTML, like Gecko; compatible; GPTBot/1.3; +https://openai.com/gptbot)"
74.7.241.28 - - [19/Mar/2026:14:25:45 +0000] "GET /buy.php?detail/09501143364704 HTTP/1.1" 200 150383 "https://inception-blue.com/buy.php?detail/16204433171812" "Mozilla/5.0 AppleWebKit/537.36 (KHTML, like Gecko; compatible; GPTBot/1.3; +https://openai.com/gptbot)"
74.7.241.28 - - [19/Mar/2026:14:25:49 +0000] "GET /buy.php?detail/27504759804433 HTTP/1.1" 200 154336 "https://inception-blue.com/buy.php?078025551.htm" "Mozilla/5.0 AppleWebKit/537.36 (KHTML, like Gecko; compatible; GPTBot/1.3; +https://openai.com/gptbot)"
74.7.241.28 - - [19/Mar/2026:14:25:52 +0000] "GET /buy.php?goods/124017416 HTTP/1.1" 200 157294 "https://inception-blue.com/buy.php?detail/12404127021086" "Mozilla/5.0 AppleWebKit/537.36 (KHTML, like Gecko; compatible; GPTBot/1.3; +https://openai.com/gptbot)"
74.7.241.28 - - [19/Mar/2026:14:25:55 +0000] "GET /buy.php?detail/10602397666007 HTTP/1.1" 200 160008 "https://inception-blue.com/buy.php?detail/12404127021086" "Mozilla/5.0 AppleWebKit/537.36 (KHTML, like Gecko; compatible; GPTBot/1.3; +https://openai.com/gptbot)"
74.7.241.28 - - [19/Mar/2026:14:25:58 +0000] "GET /buy.php?detail/19802890869829 HTTP/1.1" 200 154989 "https://inception-blue.com/buy.php?detail/14803106989619" "Mozilla/5.0 AppleWebKit/537.36 (KHTML, like Gecko; compatible; GPTBot/1.3; +https://openai.com/gptbot)"
74.7.241.28 - - [19/Mar/2026:14:26:01 +0000] "GET /buy.php?detail/05100793386805 HTTP/1.1" 200 145022 "https://inception-blue.com/buy.php?detail/12700081444784" "Mozilla/5.0 AppleWebKit/537.36 (KHTML, like Gecko; compatible; GPTBot/1.3; +https://openai.com/gptbot)"
74.7.241.28 - - [19/Mar/2026:14:26:05 +0000] "GET /buy.php?goods/097034537 HTTP/1.1" 200 158814 "https://inception-blue.com/buy.php?detail/16202785070514" "Mozilla/5.0 AppleWebKit/537.36 (KHTML, like Gecko; compatible; GPTBot/1.3; +https://openai.com/gptbot)"
74.7.241.28 - - [19/Mar/2026:14:26:08 +0000] "GET /buy.php?detail/22900587513710 HTTP/1.1" 200 153936 "https://inception-blue.com/buy.php?goods/148031069" "Mozilla/5.0 AppleWebKit/537.36 (KHTML, like Gecko; compatible; GPTBot/1.3; +https://openai.com/gptbot)"
216.73.216.36 - - [19/Mar/2026:14:26:08 +0000] "GET /96730615 HTTP/1.1" 404 185482 "-" "Mozilla/5.0 AppleWebKit/537.36 (KHTML, like Gecko; compatible; ClaudeBot/1.0; +claudebot@anthropic.com)"
66.249.77.4 - - [19/Mar/2026:14:26:13 +0000] "GET /?detail/024024838031 HTTP/1.1" 200 394743 "-" "Mozilla/5.0 (Linux; Android 6.0.1; Nexus 5X Build/MMB29P) AppleWebKit/537.36 (KHTML, like Gecko) Chrome/145.0.7632.159 Mobile Safari/537.36 (compatible; Googlebot/2.1; +http://www.google.com/bot.html)"
159.223.142.74 - - [19/Mar/2026:14:26:11 +0000] "POST /wp-cron.php?doing_wp_cron=1773930370.8820838928222656250000 HTTP/1.1" 404 185482 "-" "WordPress/6.9.4; https://inception-blue.com"
74.7.241.28 - - [19/Mar/2026:14:26:11 +0000] "GET /buy.php?detail/22001224198910 HTTP/1.1" 200 157604 "https://inception-blue.com/buy.php?detail/22003946618438" "Mozilla/5.0 AppleWebKit/537.36 (KHTML, like Gecko; compatible; GPTBot/1.3; +https://openai.com/gptbot)"
216.73.216.36 - - [19/Mar/2026:14:26:12 +0000] "GET /952747738 HTTP/1.1" 404 185483 "-" "Mozilla/5.0 AppleWebKit/537.36 (KHTML, like Gecko; compatible; ClaudeBot/1.0; +claudebot@anthropic.com)"
74.7.241.28 - - [19/Mar/2026:14:26:14 +0000] "GET /buy.php?detail/06800075387968 HTTP/1.1" 200 155242 "https://inception-blue.com/buy.php?detail/06800477844327" "Mozilla/5.0 AppleWebKit/537.36 (KHTML, like Gecko; compatible; GPTBot/1.3; +https://openai.com/gptbot)"
74.7.241.28 - - [19/Mar/2026:14:26:17 +0000] "GET /buy.php?detail/08803491808957 HTTP/1.1" 200 144642 "https://inception-blue.com/buy.php?detail/04301644198240" "Mozilla/5.0 AppleWebKit/537.36 (KHTML, like Gecko; compatible; GPTBot/1.3; +https://openai.com/gptbot)"
74.7.241.28 - - [19/Mar/2026:14:26:20 +0000] "GET /buy.php?detail/01703702186855 HTTP/1.1" 200 156401 "https://inception-blue.com/buy.php?detail/09501143364704" "Mozilla/5.0 AppleWebKit/537.36 (KHTML, like Gecko; compatible; GPTBot/1.3; +https://openai.com/gptbot)"
66.249.77.4 - - [19/Mar/2026:14:26:23 +0000] "GET /12798764 HTTP/1.1" 200 303409 "-" "Mozilla/5.0 (Linux; Android 6.0.1; Nexus 5X Build/MMB29P) AppleWebKit/537.36 (KHTML, like Gecko) Chrome/145.0.7632.159 Mobile Safari/537.36 (compatible; Googlebot/2.1; +http://www.google.com/bot.html)"
74.7.241.28 - - [19/Mar/2026:14:26:23 +0000] "GET /buy.php?detail/275002730248 HTTP/1.1" 200 152006 "https://inception-blue.com/buy.php?detail/27504759804433" "Mozilla/5.0 AppleWebKit/537.36 (KHTML, like Gecko; compatible; GPTBot/1.3; +https://openai.com/gptbot)"
74.7.241.28 - - [19/Mar/2026:14:26:26 +0000] "GET /buy.php?detail/05902152547142 HTTP/1.1" 200 153750 "https://inception-blue.com/buy.php?detail/22003946618438" "Mozilla/5.0 AppleWebKit/537.36 (KHTML, like Gecko; compatible; GPTBot/1.3; +https://openai.com/gptbot)"
216.73.216.36 - - [19/Mar/2026:14:26:27 +0000] "GET /9728027 HTTP/1.1" 404 185483 "-" "Mozilla/5.0 AppleWebKit/537.36 (KHTML, like Gecko; compatible; ClaudeBot/1.0; +claudebot@anthropic.com)"
74.7.241.28 - - [19/Mar/2026:14:26:30 +0000] "GET /buy.php?detail/15502396783948 HTTP/1.1" 200 154650 "https://inception-blue.com/buy.php?detail/15501501547247" "Mozilla/5.0 AppleWebKit/537.36 (KHTML, like Gecko; compatible; GPTBot/1.3; +https://openai.com/gptbot)"
216.73.216.36 - - [19/Mar/2026:14:26:33 +0000] "GET /186959640 HTTP/1.1" 404 185482 "-" "Mozilla/5.0 AppleWebKit/537.36 (KHTML, like Gecko; compatible; ClaudeBot/1.0; +claudebot@anthropic.com)"
74.7.241.28 - - [19/Mar/2026:14:26:33 +0000] "GET /buy.php?detail/08500776638824 HTTP/1.1" 200 156868 "https://inception-blue.com/buy.php?detail/08500686133684" "Mozilla/5.0 AppleWebKit/537.36 (KHTML, like Gecko; compatible; GPTBot/1.3; +https://openai.com/gptbot)"
74.7.241.28 - - [19/Mar/2026:14:26:36 +0000] "GET /buy.php?detail/08204465366943 HTTP/1.1" 200 147869 "https://inception-blue.com/buy.php?detail/12702063665673" "Mozilla/5.0 AppleWebKit/537.36 (KHTML, like Gecko; compatible; GPTBot/1.3; +https://openai.com/gptbot)"
74.7.241.28 - - [19/Mar/2026:14:26:39 +0000] "GET /buy.php?detail/27304764605487 HTTP/1.1" 200 141810 "https://inception-blue.com/buy.php?goods/097034537" "Mozilla/5.0 AppleWebKit/537.36 (KHTML, like Gecko; compatible; GPTBot/1.3; +https://openai.com/gptbot)"
74.7.241.28 - - [19/Mar/2026:14:26:42 +0000] "GET /buy.php?detail/18204876764955 HTTP/1.1" 200 145236 "https://inception-blue.com/buy.php?detail/16202785070514" "Mozilla/5.0 AppleWebKit/537.36 (KHTML, like Gecko; compatible; GPTBot/1.3; +https://openai.com/gptbot)"
74.7.241.28 - - [19/Mar/2026:14:26:46 +0000] "GET /buy.php?detail/22000947684830 HTTP/1.1" 200 167010 "https://inception-blue.com/buy.php?detail/22001224198910" "Mozilla/5.0 AppleWebKit/537.36 (KHTML, like Gecko; compatible; GPTBot/1.3; +https://openai.com/gptbot)"
74.7.241.28 - - [19/Mar/2026:14:26:49 +0000] "GET /buy.php?detail/03801831230934 HTTP/1.1" 200 151925 "https://inception-blue.com/buy.php?detail/22001224198910" "Mozilla/5.0 AppleWebKit/537.36 (KHTML, like Gecko; compatible; GPTBot/1.3; +https://openai.com/gptbot)"
74.7.241.28 - - [19/Mar/2026:14:26:52 +0000] "GET /buy.php?detail/10902038536062 HTTP/1.1" 200 160249 "https://inception-blue.com/buy.php?detail/12700081444784" "Mozilla/5.0 AppleWebKit/537.36 (KHTML, like Gecko; compatible; GPTBot/1.3; +https://openai.com/gptbot)"
74.7.241.28 - - [19/Mar/2026:14:26:55 +0000] "GET /buy.php?detail/18902061641519 HTTP/1.1" 200 152041 "https://inception-blue.com/buy.php?detail/27504759804433" "Mozilla/5.0 AppleWebKit/537.36 (KHTML, like Gecko; compatible; GPTBot/1.3; +https://openai.com/gptbot)"
74.7.241.28 - - [19/Mar/2026:14:26:58 +0000] "GET /buy.php?detail/0240169772003 HTTP/1.1" 200 141904 "https://inception-blue.com/buy.php?detail/14803106989619" "Mozilla/5.0 AppleWebKit/537.36 (KHTML, like Gecko; compatible; GPTBot/1.3; +https://openai.com/gptbot)"
74.7.241.28 - - [19/Mar/2026:14:27:01 +0000] "GET /buy.php?detail/09102946334916 HTTP/1.1" 200 155807 "https://inception-blue.com/buy.php?detail/05902152547142" "Mozilla/5.0 AppleWebKit/537.36 (KHTML, like Gecko; compatible; GPTBot/1.3; +https://openai.com/gptbot)"
74.7.241.28 - - [19/Mar/2026:14:27:04 +0000] "GET /buy.php?m44408709832 HTTP/1.1" 200 157408 "https://inception-blue.com/buy.php?detail/12700081444784" "Mozilla/5.0 AppleWebKit/537.36 (KHTML, like Gecko; compatible; GPTBot/1.3; +https://openai.com/gptbot)"
74.7.241.28 - - [19/Mar/2026:14:27:07 +0000] "GET /buy.php?detail/08501187907985 HTTP/1.1" 200 164756 "https://inception-blue.com/buy.php?detail/08500776638824" "Mozilla/5.0 AppleWebKit/537.36 (KHTML, like Gecko; compatible; GPTBot/1.3; +https://openai.com/gptbot)"
66.249.77.4 - - [19/Mar/2026:14:27:10 +0000] "GET /96889318 HTTP/1.1" 200 306015 "-" "Mozilla/5.0 (Linux; Android 6.0.1; Nexus 5X Build/MMB29P) AppleWebKit/537.36 (KHTML, like Gecko) Chrome/145.0.7632.159 Mobile Safari/537.36 (compatible; Googlebot/2.1; +http://www.google.com/bot.html)"
74.7.241.28 - - [19/Mar/2026:14:27:11 +0000] "GET /buy.php?detail/21500135484134 HTTP/1.1" 200 152967 "https://inception-blue.com/buy.php?detail/08500776638824" "Mozilla/5.0 AppleWebKit/537.36 (KHTML, like Gecko; compatible; GPTBot/1.3; +https://openai.com/gptbot)"
159.223.142.74 - - [19/Mar/2026:14:27:14 +0000] "POST /wp-cron.php?doing_wp_cron=1773930434.5595331192016601562500 HTTP/1.1" 404 185482 "-" "WordPress/6.9.4; https://inception-blue.com"
216.73.216.36 - - [19/Mar/2026:14:27:13 +0000] "GET /17871279 HTTP/1.1" 404 185482 "-" "Mozilla/5.0 AppleWebKit/537.36 (KHTML, like Gecko; compatible; ClaudeBot/1.0; +claudebot@anthropic.com)"
74.7.241.28 - - [19/Mar/2026:14:27:14 +0000] "GET /buy.php?detail/03102673456566 HTTP/1.1" 200 147948 "https://inception-blue.com/buy.php?detail/08204465366943" "Mozilla/5.0 AppleWebKit/537.36 (KHTML, like Gecko; compatible; GPTBot/1.3; +https://openai.com/gptbot)"
216.73.216.36 - - [19/Mar/2026:14:27:16 +0000] "GET /652992754 HTTP/1.1" 404 185482 "-" "Mozilla/5.0 AppleWebKit/537.36 (KHTML, like Gecko; compatible; ClaudeBot/1.0; +claudebot@anthropic.com)"
74.7.241.28 - - [19/Mar/2026:14:27:17 +0000] "GET /buy.php?m41703877760 HTTP/1.1" 200 154744 "https://inception-blue.com/buy.php?detail/22900587513710" "Mozilla/5.0 AppleWebKit/537.36 (KHTML, like Gecko; compatible; GPTBot/1.3; +https://openai.com/gptbot)"
74.7.241.28 - - [19/Mar/2026:14:27:20 +0000] "GET /buy.php?m77730992943 HTTP/1.1" 200 153615 "https://inception-blue.com/buy.php?detail/05902152547142" "Mozilla/5.0 AppleWebKit/537.36 (KHTML, like Gecko; compatible; GPTBot/1.3; +https://openai.com/gptbot)"
74.7.241.28 - - [19/Mar/2026:14:27:24 +0000] "GET /buy.php?080007589.htm HTTP/1.1" 200 153410 "https://inception-blue.com/buy.php?m13578837222" "Mozilla/5.0 AppleWebKit/537.36 (KHTML, like Gecko; compatible; GPTBot/1.3; +https://openai.com/gptbot)"
74.7.241.28 - - [19/Mar/2026:14:27:27 +0000] "GET /buy.php?detail/14104181668226 HTTP/1.1" 200 159959 "https://inception-blue.com/buy.php?detail/10902038536062" "Mozilla/5.0 AppleWebKit/537.36 (KHTML, like Gecko; compatible; GPTBot/1.3; +https://openai.com/gptbot)"
216.73.216.36 - - [19/Mar/2026:14:27:28 +0000] "GET /618280875 HTTP/1.1" 404 185482 "-" "Mozilla/5.0 AppleWebKit/537.36 (KHTML, like Gecko; compatible; ClaudeBot/1.0; +claudebot@anthropic.com)"
216.73.216.36 - - [19/Mar/2026:14:27:31 +0000] "GET /5436167 HTTP/1.1" 404 185483 "-" "Mozilla/5.0 AppleWebKit/537.36 (KHTML, like Gecko; compatible; ClaudeBot/1.0; +claudebot@anthropic.com)"
74.7.241.28 - - [19/Mar/2026:14:27:30 +0000] "GET /buy.php?detail/10900253967089 HTTP/1.1" 200 156823 "https://inception-blue.com/buy.php?detail/10902038536062" "Mozilla/5.0 AppleWebKit/537.36 (KHTML, like Gecko; compatible; GPTBot/1.3; +https://openai.com/gptbot)"
216.73.216.36 - - [19/Mar/2026:14:27:34 +0000] "GET /8836855 HTTP/1.1" 404 185483 "-" "Mozilla/5.0 AppleWebKit/537.36 (KHTML, like Gecko; compatible; ClaudeBot/1.0; +claudebot@anthropic.com)"
74.7.241.28 - - [19/Mar/2026:14:27:33 +0000] "GET /buy.php?m64443199377 HTTP/1.1" 200 149605 "https://inception-blue.com/buy.php?detail/0240169772003" "Mozilla/5.0 AppleWebKit/537.36 (KHTML, like Gecko; compatible; GPTBot/1.3; +https://openai.com/gptbot)"
74.7.241.28 - - [19/Mar/2026:14:27:36 +0000] "GET /buy.php?detail/25801159577867 HTTP/1.1" 200 158104 "https://inception-blue.com/buy.php?detail/18902061641519" "Mozilla/5.0 AppleWebKit/537.36 (KHTML, like Gecko; compatible; GPTBot/1.3; +https://openai.com/gptbot)"
74.7.241.28 - - [19/Mar/2026:14:27:40 +0000] "GET /buy.php?223000246.htm HTTP/1.1" 200 151705 "https://inception-blue.com/buy.php?m67802420686" "Mozilla/5.0 AppleWebKit/537.36 (KHTML, like Gecko; compatible; GPTBot/1.3; +https://openai.com/gptbot)"
74.7.241.28 - - [19/Mar/2026:14:27:43 +0000] "GET /buy.php?detail/08502298437137 HTTP/1.1" 200 158191 "https://inception-blue.com/buy.php?detail/08501187907985" "Mozilla/5.0 AppleWebKit/537.36 (KHTML, like Gecko; compatible; GPTBot/1.3; +https://openai.com/gptbot)"
74.7.241.28 - - [19/Mar/2026:14:27:46 +0000] "GET /buy.php?detail/28503813174844 HTTP/1.1" 200 158472 "https://inception-blue.com/buy.php?detail/21500135484134" "Mozilla/5.0 AppleWebKit/537.36 (KHTML, like Gecko; compatible; GPTBot/1.3; +https://openai.com/gptbot)"
74.7.241.28 - - [19/Mar/2026:14:27:49 +0000] "GET /buy.php?jp/181032683.html HTTP/1.1" 200 156523 "https://inception-blue.com/buy.php?detail/03102673456566" "Mozilla/5.0 AppleWebKit/537.36 (KHTML, like Gecko; compatible; GPTBot/1.3; +https://openai.com/gptbot)"
74.7.241.28 - - [19/Mar/2026:14:27:52 +0000] "GET /buy.php?shopbrand/previous/085002123.htm HTTP/1.1" 200 152197 "https://inception-blue.com/buy.php?m41703877760" "Mozilla/5.0 AppleWebKit/537.36 (KHTML, like Gecko; compatible; GPTBot/1.3; +https://openai.com/gptbot)"
74.7.241.28 - - [19/Mar/2026:14:27:55 +0000] "GET /buy.php?detail/01503107336753 HTTP/1.1" 200 155604 "https://inception-blue.com/buy.php?m77730992943" "Mozilla/5.0 AppleWebKit/537.36 (KHTML, like Gecko; compatible; GPTBot/1.3; +https://openai.com/gptbot)"
74.7.241.28 - - [19/Mar/2026:14:27:58 +0000] "GET /buy.php?015000102.htm HTTP/1.1" 200 153645 "https://inception-blue.com/buy.php?m77730992943" "Mozilla/5.0 AppleWebKit/537.36 (KHTML, like Gecko; compatible; GPTBot/1.3; +https://openai.com/gptbot)"
66.249.77.3 - - [19/Mar/2026:14:28:00 +0000] "GET /64399956 HTTP/1.1" 200 304122 "-" "Mozilla/5.0 (Linux; Android 6.0.1; Nexus 5X Build/MMB29P) AppleWebKit/537.36 (KHTML, like Gecko) Chrome/145.0.7632.159 Mobile Safari/537.36 (compatible; Googlebot/2.1; +http://www.google.com/bot.html)"
74.7.241.28 - - [19/Mar/2026:14:28:01 +0000] "GET /buy.php?m40662955529 HTTP/1.1" 200 156936 "https://inception-blue.com/buy.php?m77730992943" "Mozilla/5.0 AppleWebKit/537.36 (KHTML, like Gecko; compatible; GPTBot/1.3; +https://openai.com/gptbot)"
216.73.216.36 - - [19/Mar/2026:14:28:04 +0000] "GET /93780184 HTTP/1.1" 404 185482 "-" "Mozilla/5.0 AppleWebKit/537.36 (KHTML, like Gecko; compatible; ClaudeBot/1.0; +claudebot@anthropic.com)"
74.7.241.28 - - [19/Mar/2026:14:28:04 +0000] "GET /buy.php?goods/109002539 HTTP/1.1" 200 156741 "https://inception-blue.com/buy.php?detail/10900253967089" "Mozilla/5.0 AppleWebKit/537.36 (KHTML, like Gecko; compatible; GPTBot/1.3; +https://openai.com/gptbot)"
216.73.216.36 - - [19/Mar/2026:14:28:07 +0000] "GET /39141330 HTTP/1.1" 404 185482 "-" "Mozilla/5.0 AppleWebKit/537.36 (KHTML, like Gecko; compatible; ClaudeBot/1.0; +claudebot@anthropic.com)"
74.7.241.28 - - [19/Mar/2026:14:28:07 +0000] "GET /buy.php?detail/10900422201577 HTTP/1.1" 200 158626 "https://inception-blue.com/buy.php?detail/10900253967089" "Mozilla/5.0 AppleWebKit/537.36 (KHTML, like Gecko; compatible; GPTBot/1.3; +https://openai.com/gptbot)"
74.7.241.28 - - [19/Mar/2026:14:28:10 +0000] "GET /buy.php?detail/27900096906547 HTTP/1.1" 200 152756 "https://inception-blue.com/buy.php?detail/10900253967089" "Mozilla/5.0 AppleWebKit/537.36 (KHTML, like Gecko; compatible; GPTBot/1.3; +https://openai.com/gptbot)"
74.7.241.28 - - [19/Mar/2026:14:28:14 +0000] "GET /buy.php?detail/25800281473287 HTTP/1.1" 200 157137 "https://inception-blue.com/buy.php?detail/25801159577867" "Mozilla/5.0 AppleWebKit/537.36 (KHTML, like Gecko; compatible; GPTBot/1.3; +https://openai.com/gptbot)"
74.7.241.28 - - [19/Mar/2026:14:28:17 +0000] "GET /buy.php?029000848.htm HTTP/1.1" 200 147506 "https://inception-blue.com/buy.php?m64443199377" "Mozilla/5.0 AppleWebKit/537.36 (KHTML, like Gecko; compatible; GPTBot/1.3; +https://openai.com/gptbot)"
74.7.241.28 - - [19/Mar/2026:14:28:20 +0000] "GET /buy.php?detail/28500282023954 HTTP/1.1" 200 151212 "https://inception-blue.com/buy.php?detail/28503813174844" "Mozilla/5.0 AppleWebKit/537.36 (KHTML, like Gecko; compatible; GPTBot/1.3; +https://openai.com/gptbot)"
74.7.241.28 - - [19/Mar/2026:14:28:23 +0000] "GET /buy.php?goods/030043631 HTTP/1.1" 200 148103 "https://inception-blue.com/buy.php?jp/181032683.html" "Mozilla/5.0 AppleWebKit/537.36 (KHTML, like Gecko; compatible; GPTBot/1.3; +https://openai.com/gptbot)"
159.223.142.74 - - [19/Mar/2026:14:28:25 +0000] "POST /wp-cron.php?doing_wp_cron=1773930505.2162768840789794921875 HTTP/1.1" 403 185482 "-" "WordPress/6.9.4; https://inception-blue.com"
216.73.216.36 - - [19/Mar/2026:14:28:24 +0000] "GET /4970954 HTTP/1.1" 404 185482 "-" "Mozilla/5.0 AppleWebKit/537.36 (KHTML, like Gecko; compatible; ClaudeBot/1.0; +claudebot@anthropic.com)"
216.73.216.36 - - [19/Mar/2026:14:28:27 +0000] "GET /27070701 HTTP/1.1" 404 185483 "-" "Mozilla/5.0 AppleWebKit/537.36 (KHTML, like Gecko; compatible; ClaudeBot/1.0; +claudebot@anthropic.com)"
74.7.241.28 - - [19/Mar/2026:14:28:26 +0000] "GET /buy.php?detail/18101863168571 HTTP/1.1" 200 157439 "https://inception-blue.com/buy.php?jp/181032683.html" "Mozilla/5.0 AppleWebKit/537.36 (KHTML, like Gecko; compatible; GPTBot/1.3; +https://openai.com/gptbot)"
216.73.216.36 - - [19/Mar/2026:14:28:30 +0000] "GET /2553105 HTTP/1.1" 404 185483 "-" "Mozilla/5.0 AppleWebKit/537.36 (KHTML, like Gecko; compatible; ClaudeBot/1.0; +claudebot@anthropic.com)"
74.7.241.28 - - [19/Mar/2026:14:28:29 +0000] "GET /buy.php?detail/01903304828687 HTTP/1.1" 200 148747 "https://inception-blue.com/buy.php?detail/28503813174844" "Mozilla/5.0 AppleWebKit/537.36 (KHTML, like Gecko; compatible; GPTBot/1.3; +https://openai.com/gptbot)"
74.7.241.28 - - [19/Mar/2026:14:28:32 +0000] "GET /buy.php?111042894.htm HTTP/1.1" 200 153046 "https://inception-blue.com/buy.php?m41703877760" "Mozilla/5.0 AppleWebKit/537.36 (KHTML, like Gecko; compatible; GPTBot/1.3; +https://openai.com/gptbot)"
216.73.216.36 - - [19/Mar/2026:14:28:33 +0000] "GET /3851843 HTTP/1.1" 404 185482 "-" "Mozilla/5.0 AppleWebKit/537.36 (KHTML, like Gecko; compatible; ClaudeBot/1.0; +claudebot@anthropic.com)"
216.73.216.36 - - [19/Mar/2026:14:28:36 +0000] "GET /reserve/tool HTTP/1.1" 404 185482 "-" "Mozilla/5.0 AppleWebKit/537.36 (KHTML, like Gecko; compatible; ClaudeBot/1.0; +claudebot@anthropic.com)"
74.7.241.28 - - [19/Mar/2026:14:28:36 +0000] "GET /buy.php?shopbrand/welcome/093000155.htm HTTP/1.1" 200 164852 "https://inception-blue.com/buy.php?m17938885129" "Mozilla/5.0 AppleWebKit/537.36 (KHTML, like Gecko; compatible; GPTBot/1.3; +https://openai.com/gptbot)"
216.73.216.36 - - [19/Mar/2026:14:28:39 +0000] "GET /2606265 HTTP/1.1" 404 185482 "-" "Mozilla/5.0 AppleWebKit/537.36 (KHTML, like Gecko; compatible; ClaudeBot/1.0; +claudebot@anthropic.com)"
74.7.241.28 - - [19/Mar/2026:14:28:39 +0000] "GET /buy.php?detail/10900293110549 HTTP/1.1" 200 165045 "https://inception-blue.com/buy.php?goods/109002539" "Mozilla/5.0 AppleWebKit/537.36 (KHTML, like Gecko; compatible; GPTBot/1.3; +https://openai.com/gptbot)"
216.73.216.36 - - [19/Mar/2026:14:28:42 +0000] "GET /18858277 HTTP/1.1" 404 185482 "-" "Mozilla/5.0 AppleWebKit/537.36 (KHTML, like Gecko; compatible; ClaudeBot/1.0; +claudebot@anthropic.com)"
74.7.241.28 - - [19/Mar/2026:14:28:42 +0000] "GET /buy.php?detail/09403814798074 HTTP/1.1" 200 151034 "https://inception-blue.com/buy.php?goods/109002539" "Mozilla/5.0 AppleWebKit/537.36 (KHTML, like Gecko; compatible; GPTBot/1.3; +https://openai.com/gptbot)"
74.7.241.28 - - [19/Mar/2026:14:28:45 +0000] "GET /buy.php?goods/138041216 HTTP/1.1" 200 168704 "https://inception-blue.com/buy.php?detail/27900096906547" "Mozilla/5.0 AppleWebKit/537.36 (KHTML, like Gecko; compatible; GPTBot/1.3; +https://openai.com/gptbot)"
66.249.77.3 - - [19/Mar/2026:14:28:50 +0000] "GET /541648323 HTTP/1.1" 200 308007 "-" "Mozilla/5.0 (Linux; Android 6.0.1; Nexus 5X Build/MMB29P) AppleWebKit/537.36 (KHTML, like Gecko) Chrome/145.0.7632.159 Mobile Safari/537.36 (compatible; Googlebot/2.1; +http://www.google.com/bot.html)"
74.7.241.28 - - [19/Mar/2026:14:28:48 +0000] "GET /buy.php?detail/27900212321648 HTTP/1.1" 200 156492 "https://inception-blue.com/buy.php?detail/27900096906547" "Mozilla/5.0 AppleWebKit/537.36 (KHTML, like Gecko; compatible; GPTBot/1.3; +https://openai.com/gptbot)"
74.7.241.28 - - [19/Mar/2026:14:28:52 +0000] "GET /buy.php?detail/24800394766030 HTTP/1.1" 200 153735 "https://inception-blue.com/buy.php?detail/25800281473287" "Mozilla/5.0 AppleWebKit/537.36 (KHTML, like Gecko; compatible; GPTBot/1.3; +https://openai.com/gptbot)"
74.7.241.28 - - [19/Mar/2026:14:28:55 +0000] "GET /buy.php?detail/285010421805 HTTP/1.1" 200 152876 "https://inception-blue.com/buy.php?detail/28500282023954" "Mozilla/5.0 AppleWebKit/537.36 (KHTML, like Gecko; compatible; GPTBot/1.3; +https://openai.com/gptbot)"
74.7.241.28 - - [19/Mar/2026:14:28:58 +0000] "GET /buy.php?012000125.htm HTTP/1.1" 200 169898 "https://inception-blue.com/buy.php?m30376222186" "Mozilla/5.0 AppleWebKit/537.36 (KHTML, like Gecko; compatible; GPTBot/1.3; +https://openai.com/gptbot)"
74.7.241.28 - - [19/Mar/2026:14:29:01 +0000] "GET /buy.php?detail/18103761313130 HTTP/1.1" 200 152736 "https://inception-blue.com/buy.php?detail/18101863168571" "Mozilla/5.0 AppleWebKit/537.36 (KHTML, like Gecko; compatible; GPTBot/1.3; +https://openai.com/gptbot)"
82.40.78.181 - - [19/Mar/2026:14:29:04 +0000] "POST /bridge2cart/bridge.php HTTP/1.1" 404 185482 "-" "Mozilla/5.0 (X11; Linux x86_64; rv:128.0) Gecko/20100101 Firefox/128.0"
74.7.241.28 - - [19/Mar/2026:14:29:04 +0000] "GET /buy.php?detail/18701136875867 HTTP/1.1" 200 161106 "https://inception-blue.com/buy.php?detail/01903304828687" "Mozilla/5.0 AppleWebKit/537.36 (KHTML, like Gecko; compatible; GPTBot/1.3; +https://openai.com/gptbot)"
74.7.241.28 - - [19/Mar/2026:14:29:07 +0000] "GET /buy.php?shopbrand/ridge/208036074.htm HTTP/1.1" 200 153044 "https://inception-blue.com/buy.php?111042894.htm" "Mozilla/5.0 AppleWebKit/537.36 (KHTML, like Gecko; compatible; GPTBot/1.3; +https://openai.com/gptbot)"
216.73.216.36 - - [19/Mar/2026:14:29:10 +0000] "GET /7222161 HTTP/1.1" 404 185483 "-" "Mozilla/5.0 AppleWebKit/537.36 (KHTML, like Gecko; compatible; ClaudeBot/1.0; +claudebot@anthropic.com)"
74.7.241.28 - - [19/Mar/2026:14:29:10 +0000] "GET /buy.php?detail/11101302812137 HTTP/1.1" 200 155080 "https://inception-blue.com/buy.php?111042894.htm" "Mozilla/5.0 AppleWebKit/537.36 (KHTML, like Gecko; compatible; GPTBot/1.3; +https://openai.com/gptbot)"
216.73.216.36 - - [19/Mar/2026:14:29:13 +0000] "GET /9337764 HTTP/1.1" 404 185483 "-" "Mozilla/5.0 AppleWebKit/537.36 (KHTML, like Gecko; compatible; ClaudeBot/1.0; +claudebot@anthropic.com)"
74.7.241.28 - - [19/Mar/2026:14:29:13 +0000] "GET /buy.php?detail/24703678057150 HTTP/1.1" 200 146881 "https://inception-blue.com/buy.php?detail/10900293110549" "Mozilla/5.0 AppleWebKit/537.36 (KHTML, like Gecko; compatible; GPTBot/1.3; +https://openai.com/gptbot)"
216.73.216.36 - - [19/Mar/2026:14:29:16 +0000] "GET /5647860 HTTP/1.1" 404 185482 "-" "Mozilla/5.0 AppleWebKit/537.36 (KHTML, like Gecko; compatible; ClaudeBot/1.0; +claudebot@anthropic.com)"
74.7.241.28 - - [19/Mar/2026:14:29:16 +0000] "GET /buy.php?detail/18100747640971 HTTP/1.1" 200 156166 "https://inception-blue.com/buy.php?detail/18101863168571" "Mozilla/5.0 AppleWebKit/537.36 (KHTML, like Gecko; compatible; GPTBot/1.3; +https://openai.com/gptbot)"
216.73.216.36 - - [19/Mar/2026:14:29:19 +0000] "GET /1533407 HTTP/1.1" 404 185482 "-" "Mozilla/5.0 AppleWebKit/537.36 (KHTML, like Gecko; compatible; ClaudeBot/1.0; +claudebot@anthropic.com)"
74.7.241.28 - - [19/Mar/2026:14:29:20 +0000] "GET /buy.php?detail/13801749378690 HTTP/1.1" 200 157816 "https://inception-blue.com/buy.php?goods/138041216" "Mozilla/5.0 AppleWebKit/537.36 (KHTML, like Gecko; compatible; GPTBot/1.3; +https://openai.com/gptbot)"
216.73.216.36 - - [19/Mar/2026:14:29:22 +0000] "GET /7517760 HTTP/1.1" 404 185482 "-" "Mozilla/5.0 AppleWebKit/537.36 (KHTML, like Gecko; compatible; ClaudeBot/1.0; +claudebot@anthropic.com)"
74.7.241.28 - - [19/Mar/2026:14:29:23 +0000] "GET /buy.php?detail/13802154194964 HTTP/1.1" 200 156842 "https://inception-blue.com/buy.php?goods/138041216" "Mozilla/5.0 AppleWebKit/537.36 (KHTML, like Gecko; compatible; GPTBot/1.3; +https://openai.com/gptbot)"
159.223.142.74 - - [19/Mar/2026:14:29:26 +0000] "POST /wp-cron.php?doing_wp_cron=1773930566.0430350303649902343750 HTTP/1.1" 403 185483 "-" "WordPress/6.9.4; https://inception-blue.com"
216.73.216.36 - - [19/Mar/2026:14:29:25 +0000] "GET /74872972 HTTP/1.1" 404 185483 "-" "Mozilla/5.0 AppleWebKit/537.36 (KHTML, like Gecko; compatible; ClaudeBot/1.0; +claudebot@anthropic.com)"
74.7.241.28 - - [19/Mar/2026:14:29:26 +0000] "GET /buy.php?detail/24803488338006 HTTP/1.1" 200 157443 "https://inception-blue.com/buy.php?detail/24800394766030" "Mozilla/5.0 AppleWebKit/537.36 (KHTML, like Gecko; compatible; GPTBot/1.3; +https://openai.com/gptbot)"
216.73.216.36 - - [19/Mar/2026:14:29:28 +0000] "GET /6160496 HTTP/1.1" 404 185483 "-" "Mozilla/5.0 AppleWebKit/537.36 (KHTML, like Gecko; compatible; ClaudeBot/1.0; +claudebot@anthropic.com)"
74.7.241.28 - - [19/Mar/2026:14:29:29 +0000] "GET /buy.php?detail/15700755181588 HTTP/1.1" 200 154129 "https://inception-blue.com/buy.php?detail/285010421805" "Mozilla/5.0 AppleWebKit/537.36 (KHTML, like Gecko; compatible; GPTBot/1.3; +https://openai.com/gptbot)"
74.7.241.28 - - [19/Mar/2026:14:29:33 +0000] "GET /buy.php?detail/24803423903195 HTTP/1.1" 200 161946 "https://inception-blue.com/buy.php?detail/24800394766030" "Mozilla/5.0 AppleWebKit/537.36 (KHTML, like Gecko; compatible; GPTBot/1.3; +https://openai.com/gptbot)"
216.73.216.36 - - [19/Mar/2026:14:29:35 +0000] "GET /231886827 HTTP/1.1" 404 185482 "-" "Mozilla/5.0 AppleWebKit/537.36 (KHTML, like Gecko; compatible; ClaudeBot/1.0; +claudebot@anthropic.com)"
74.7.241.28 - - [19/Mar/2026:14:29:36 +0000] "GET /buy.php?detail/24803357874626 HTTP/1.1" 200 155732 "https://inception-blue.com/buy.php?detail/24800394766030" "Mozilla/5.0 AppleWebKit/537.36 (KHTML, like Gecko; compatible; GPTBot/1.3; +https://openai.com/gptbot)"
216.73.216.36 - - [19/Mar/2026:14:29:38 +0000] "GET /149856557 HTTP/1.1" 404 185483 "-" "Mozilla/5.0 AppleWebKit/537.36 (KHTML, like Gecko; compatible; ClaudeBot/1.0; +claudebot@anthropic.com)"
74.7.241.28 - - [19/Mar/2026:14:29:39 +0000] "GET /buy.php?detail/14502802472253 HTTP/1.1" 200 162965 "https://inception-blue.com/buy.php?detail/18701136875867" "Mozilla/5.0 AppleWebKit/537.36 (KHTML, like Gecko; compatible; GPTBot/1.3; +https://openai.com/gptbot)"
66.249.77.3 - - [19/Mar/2026:14:29:40 +0000] "GET /791801430 HTTP/1.1" 200 300222 "-" "Mozilla/5.0 (Linux; Android 6.0.1; Nexus 5X Build/MMB29P) AppleWebKit/537.36 (KHTML, like Gecko) Chrome/145.0.7632.159 Mobile Safari/537.36 (compatible; Googlebot/2.1; +http://www.google.com/bot.html)"
216.73.216.36 - - [19/Mar/2026:14:29:41 +0000] "GET /678604061 HTTP/1.1" 404 185482 "-" "Mozilla/5.0 AppleWebKit/537.36 (KHTML, like Gecko; compatible; ClaudeBot/1.0; +claudebot@anthropic.com)"
74.7.241.28 - - [19/Mar/2026:14:29:42 +0000] "GET /buy.php?detail/10204152548147 HTTP/1.1" 200 156050 "https://inception-blue.com/buy.php?detail/18101863168571" "Mozilla/5.0 AppleWebKit/537.36 (KHTML, like Gecko; compatible; GPTBot/1.3; +https://openai.com/gptbot)"
216.73.216.36 - - [19/Mar/2026:14:29:44 +0000] "GET /318599084 HTTP/1.1" 404 185482 "-" "Mozilla/5.0 AppleWebKit/537.36 (KHTML, like Gecko; compatible; ClaudeBot/1.0; +claudebot@anthropic.com)"
74.7.241.28 - - [19/Mar/2026:14:29:45 +0000] "GET /buy.php?detail/13802067920578 HTTP/1.1" 200 161156 "https://inception-blue.com/buy.php?goods/138041216" "Mozilla/5.0 AppleWebKit/537.36 (KHTML, like Gecko; compatible; GPTBot/1.3; +https://openai.com/gptbot)"
216.73.216.36 - - [19/Mar/2026:14:29:48 +0000] "GET /892568553 HTTP/1.1" 404 185483 "-" "Mozilla/5.0 AppleWebKit/537.36 (KHTML, like Gecko; compatible; ClaudeBot/1.0; +claudebot@anthropic.com)"
74.7.241.28 - - [19/Mar/2026:14:29:49 +0000] "GET /buy.php?detail/27802798611717 HTTP/1.1" 200 148037 "https://inception-blue.com/buy.php?detail/24703678057150" "Mozilla/5.0 AppleWebKit/537.36 (KHTML, like Gecko; compatible; GPTBot/1.3; +https://openai.com/gptbot)"
216.73.216.36 - - [19/Mar/2026:14:29:51 +0000] "GET /125904467 HTTP/1.1" 404 185483 "-" "Mozilla/5.0 AppleWebKit/537.36 (KHTML, like Gecko; compatible; ClaudeBot/1.0; +claudebot@anthropic.com)"
