74.7.241.28 - - [19/Mar/2026:15:05:12 +0000] "GET /buy.php?detail/28003726794133 HTTP/1.1" 200 163627 "https://inception-blue.com/buy.php?detail/28002299876650" "Mozilla/5.0 AppleWebKit/537.36 (KHTML, like Gecko; compatible; GPTBot/1.3; +https://openai.com/gptbot)"
2001:41d0:303:6f0b::1 - - [19/Mar/2026:15:05:13 +0000] "GET /comments/feed/?dir=/var/cache/man/pt&read=/var/cache/man/pt/CACHEDIR.TAG HTTP/1.1" 301 12381 "-" "Mozilla/5.0 (compatible; MJ12bot/v1.4.8; http://mj12bot.com/)"
74.7.241.28 - - [19/Mar/2026:15:05:15 +0000] "GET /buy.php?detail/07100148330130 HTTP/1.1" 200 158804 "https://inception-blue.com/buy.php?detail/07103736029185" "Mozilla/5.0 AppleWebKit/537.36 (KHTML, like Gecko; compatible; GPTBot/1.3; +https://openai.com/gptbot)"
2001:41d0:303:6f0b::1 - - [19/Mar/2026:15:05:18 +0000] "GET /comments/feed/?dir=%2Fvar%2Fcache%2Fman%2Fpt&read=%2Fvar%2Fcache%2Fman%2Fpt%2FCACHEDIR.TAG HTTP/1.1" 200 14109 "-" "Mozilla/5.0 (compatible; MJ12bot/v1.4.8; http://mj12bot.com/)"
74.7.241.28 - - [19/Mar/2026:15:05:18 +0000] "GET /buy.php?detail/18604979960990 HTTP/1.1" 200 155405 "https://inception-blue.com/buy.php?detail/08400192804046" "Mozilla/5.0 AppleWebKit/537.36 (KHTML, like Gecko; compatible; GPTBot/1.3; +https://openai.com/gptbot)"
74.7.241.28 - - [19/Mar/2026:15:05:21 +0000] "GET /buy.php?detail/08300904756606 HTTP/1.1" 200 158322 "https://inception-blue.com/buy.php?detail/08400192804046" "Mozilla/5.0 AppleWebKit/537.36 (KHTML, like Gecko; compatible; GPTBot/1.3; +https://openai.com/gptbot)"
2001:41d0:303:6f0b::1 - - [19/Mar/2026:15:05:23 +0000] "GET /comments/feed/?dir=/var/cache/man/pt&read=/var/cache/man/pt/index.db HTTP/1.1" 301 12183 "-" "Mozilla/5.0 (compatible; MJ12bot/v1.4.8; http://mj12bot.com/)"
116.118.2.113 - - [19/Mar/2026:15:05:23 +0000] "GET /wp-login.php HTTP/1.1" 200 84587 "-" "Mozilla/5.0 (Windows NT 6.1; Trident/7.0; SLCC2; .NET CLR 2.0.50727; .NET CLR 3.5.30729; .NET CLR 3.0.30729; Media Center PC 6.0; InfoPath.2; .NET4.0C; rv:11.0) like Gecko"
74.7.241.28 - - [19/Mar/2026:15:05:24 +0000] "GET /buy.php?detail/13701438008602 HTTP/1.1" 200 150706 "https://inception-blue.com/buy.php?detail/00201125825014" "Mozilla/5.0 AppleWebKit/537.36 (KHTML, like Gecko; compatible; GPTBot/1.3; +https://openai.com/gptbot)"
116.118.2.113 - - [19/Mar/2026:15:05:26 +0000] "POST /wp-login.php HTTP/1.1" 200 84836 "https://inception-blue.com/wp-login.php" "Mozilla/5.0 (Windows NT 6.1; Trident/7.0; SLCC2; .NET CLR 2.0.50727; .NET CLR 3.5.30729; .NET CLR 3.0.30729; Media Center PC 6.0; InfoPath.2; .NET4.0C; rv:11.0) like Gecko"
2001:41d0:303:6f0b::1 - - [19/Mar/2026:15:05:27 +0000] "GET /comments/feed/?dir=%2Fvar%2Fcache%2Fman%2Fpt&read=%2Fvar%2Fcache%2Fman%2Fpt%2Findex.db HTTP/1.1" 200 13907 "-" "Mozilla/5.0 (compatible; MJ12bot/v1.4.8; http://mj12bot.com/)"
74.7.241.28 - - [19/Mar/2026:15:05:28 +0000] "GET /buy.php?detail/10400783883310 HTTP/1.1" 200 155554 "https://inception-blue.com/buy.php?detail/10401052861805" "Mozilla/5.0 AppleWebKit/537.36 (KHTML, like Gecko; compatible; GPTBot/1.3; +https://openai.com/gptbot)"
66.249.77.8 - - [19/Mar/2026:15:05:30 +0000] "GET /983048130 HTTP/1.1" 200 331876 "-" "Mozilla/5.0 (Linux; Android 6.0.1; Nexus 5X Build/MMB29P) AppleWebKit/537.36 (KHTML, like Gecko) Chrome/145.0.7632.159 Mobile Safari/537.36 (compatible; Googlebot/2.1; +http://www.google.com/bot.html)"
2001:41d0:303:6f0b::1 - - [19/Mar/2026:15:05:31 +0000] "GET /comments/feed/?dir=/var/cache/man/sk&read=/var/cache/man/sk/CACHEDIR.TAG HTTP/1.1" 301 12381 "-" "Mozilla/5.0 (compatible; MJ12bot/v1.4.8; http://mj12bot.com/)"
74.7.241.28 - - [19/Mar/2026:15:05:31 +0000] "GET /buy.php?detail/11201692090090 HTTP/1.1" 200 155184 "https://inception-blue.com/buy.php?jp/112028863.html" "Mozilla/5.0 AppleWebKit/537.36 (KHTML, like Gecko; compatible; GPTBot/1.3; +https://openai.com/gptbot)"
74.7.241.28 - - [19/Mar/2026:15:05:34 +0000] "GET /buy.php?m16918889241 HTTP/1.1" 200 159826 "https://inception-blue.com/buy.php?detail/10401052861805" "Mozilla/5.0 AppleWebKit/537.36 (KHTML, like Gecko; compatible; GPTBot/1.3; +https://openai.com/gptbot)"
2001:41d0:303:6f0b::1 - - [19/Mar/2026:15:05:36 +0000] "GET /comments/feed/?dir=%2Fvar%2Fcache%2Fman%2Fsk&read=%2Fvar%2Fcache%2Fman%2Fsk%2FCACHEDIR.TAG HTTP/1.1" 200 14109 "-" "Mozilla/5.0 (compatible; MJ12bot/v1.4.8; http://mj12bot.com/)"
74.7.241.28 - - [19/Mar/2026:15:05:37 +0000] "GET /buy.php?detail/26501174324619 HTTP/1.1" 200 170842 "https://inception-blue.com/buy.php?detail/00801415482786" "Mozilla/5.0 AppleWebKit/537.36 (KHTML, like Gecko; compatible; GPTBot/1.3; +https://openai.com/gptbot)"
2001:41d0:303:6f0b::1 - - [19/Mar/2026:15:05:40 +0000] "GET /comments/feed/?dir=/var/cache/man/sk&read=/var/cache/man/sk/index.db HTTP/1.1" 301 12183 "-" "Mozilla/5.0 (compatible; MJ12bot/v1.4.8; http://mj12bot.com/)"
74.7.241.28 - - [19/Mar/2026:15:05:40 +0000] "GET /buy.php?detail/21804765060765 HTTP/1.1" 200 156860 "https://inception-blue.com/buy.php?detail/02300663880605" "Mozilla/5.0 AppleWebKit/537.36 (KHTML, like Gecko; compatible; GPTBot/1.3; +https://openai.com/gptbot)"
74.7.241.28 - - [19/Mar/2026:15:05:43 +0000] "GET /buy.php?m59516666282 HTTP/1.1" 200 155070 "https://inception-blue.com/buy.php?detail/02300663880605" "Mozilla/5.0 AppleWebKit/537.36 (KHTML, like Gecko; compatible; GPTBot/1.3; +https://openai.com/gptbot)"
2001:41d0:303:6f0b::1 - - [19/Mar/2026:15:05:45 +0000] "GET /comments/feed/?dir=%2Fvar%2Fcache%2Fman%2Fsk&read=%2Fvar%2Fcache%2Fman%2Fsk%2Findex.db HTTP/1.1" 200 13907 "-" "Mozilla/5.0 (compatible; MJ12bot/v1.4.8; http://mj12bot.com/)"
74.7.241.28 - - [19/Mar/2026:15:05:47 +0000] "GET /buy.php?detail/09004585469482 HTTP/1.1" 200 152172 "https://inception-blue.com/buy.php?detail/28003726794133" "Mozilla/5.0 AppleWebKit/537.36 (KHTML, like Gecko; compatible; GPTBot/1.3; +https://openai.com/gptbot)"
2001:41d0:303:6f0b::1 - - [19/Mar/2026:15:05:49 +0000] "GET /comments/feed/?dir=/var/cache/man/sv&read=/var/cache/man/sv/CACHEDIR.TAG HTTP/1.1" 301 12381 "-" "Mozilla/5.0 (compatible; MJ12bot/v1.4.8; http://mj12bot.com/)"
74.7.241.28 - - [19/Mar/2026:15:05:50 +0000] "GET /buy.php?detail/07100025529412 HTTP/1.1" 200 159879 "https://inception-blue.com/buy.php?detail/07100148330130" "Mozilla/5.0 AppleWebKit/537.36 (KHTML, like Gecko; compatible; GPTBot/1.3; +https://openai.com/gptbot)"
74.7.241.28 - - [19/Mar/2026:15:05:53 +0000] "GET /buy.php?detail/18604212382254 HTTP/1.1" 200 158506 "https://inception-blue.com/buy.php?detail/18604979960990" "Mozilla/5.0 AppleWebKit/537.36 (KHTML, like Gecko; compatible; GPTBot/1.3; +https://openai.com/gptbot)"
2001:41d0:303:6f0b::1 - - [19/Mar/2026:15:05:54 +0000] "GET /comments/feed/?dir=%2Fvar%2Fcache%2Fman%2Fsv&read=%2Fvar%2Fcache%2Fman%2Fsv%2FCACHEDIR.TAG HTTP/1.1" 200 14109 "-" "Mozilla/5.0 (compatible; MJ12bot/v1.4.8; http://mj12bot.com/)"
74.7.241.28 - - [19/Mar/2026:15:05:56 +0000] "GET /buy.php?detail/19403905379861 HTTP/1.1" 200 157808 "https://inception-blue.com/buy.php?detail/13501614609926" "Mozilla/5.0 AppleWebKit/537.36 (KHTML, like Gecko; compatible; GPTBot/1.3; +https://openai.com/gptbot)"
2001:41d0:303:6f0b::1 - - [19/Mar/2026:15:05:58 +0000] "GET /comments/feed/?dir=/var/cache/man/sv&read=/var/cache/man/sv/index.db HTTP/1.1" 301 12183 "-" "Mozilla/5.0 (compatible; MJ12bot/v1.4.8; http://mj12bot.com/)"
74.7.241.28 - - [19/Mar/2026:15:05:59 +0000] "GET /buy.php?detail/13700177327434 HTTP/1.1" 200 151147 "https://inception-blue.com/buy.php?detail/13701438008602" "Mozilla/5.0 AppleWebKit/537.36 (KHTML, like Gecko; compatible; GPTBot/1.3; +https://openai.com/gptbot)"
74.7.241.28 - - [19/Mar/2026:15:06:02 +0000] "GET /buy.php?detail/17804418536316 HTTP/1.1" 200 153742 "https://inception-blue.com/buy.php?detail/10400783883310" "Mozilla/5.0 AppleWebKit/537.36 (KHTML, like Gecko; compatible; GPTBot/1.3; +https://openai.com/gptbot)"
2001:41d0:303:6f0b::1 - - [19/Mar/2026:15:06:03 +0000] "GET /comments/feed/?dir=%2Fvar%2Fcache%2Fman%2Fsv&read=%2Fvar%2Fcache%2Fman%2Fsv%2Findex.db HTTP/1.1" 200 13907 "-" "Mozilla/5.0 (compatible; MJ12bot/v1.4.8; http://mj12bot.com/)"
74.7.241.28 - - [19/Mar/2026:15:06:06 +0000] "GET /buy.php?detail/27402855341496 HTTP/1.1" 200 143820 "https://inception-blue.com/buy.php?detail/08100097214310" "Mozilla/5.0 AppleWebKit/537.36 (KHTML, like Gecko; compatible; GPTBot/1.3; +https://openai.com/gptbot)"
159.223.142.74 - - [19/Mar/2026:15:06:08 +0000] "POST /wp-cron.php?doing_wp_cron=1773932768.7200279235839843750000 HTTP/1.1" 403 185482 "-" "WordPress/6.9.4; https://inception-blue.com"
2001:41d0:303:6f0b::1 - - [19/Mar/2026:15:06:07 +0000] "GET /?dir=/home/inceptionblue/public_html/wp-content/plugins/astra-addon/addons/advanced-headers/assets/js HTTP/1.1" 301 20357 "-" "Mozilla/5.0 (compatible; MJ12bot/v1.4.8; http://mj12bot.com/)"
74.7.241.28 - - [19/Mar/2026:15:06:09 +0000] "GET /buy.php?detail/17604664035829 HTTP/1.1" 200 159831 "https://inception-blue.com/buy.php?detail/15200461420698" "Mozilla/5.0 AppleWebKit/537.36 (KHTML, like Gecko; compatible; GPTBot/1.3; +https://openai.com/gptbot)"
74.7.241.28 - - [19/Mar/2026:15:06:12 +0000] "GET /buy.php?detail/00100060182778 HTTP/1.1" 200 149488 "https://inception-blue.com/buy.php?detail/26501174324619" "Mozilla/5.0 AppleWebKit/537.36 (KHTML, like Gecko; compatible; GPTBot/1.3; +https://openai.com/gptbot)"
2001:41d0:303:6f0b::1 - - [19/Mar/2026:15:06:12 +0000] "GET /?dir=%2Fhome%2Finceptionblue%2Fpublic_html%2Fwp-content%2Fplugins%2Fastra-addon%2Faddons%2Fadvanced-headers%2Fassets%2Fjs HTTP/1.1" 200 166047 "-" "Mozilla/5.0 (compatible; MJ12bot/v1.4.8; http://mj12bot.com/)"
74.7.241.28 - - [19/Mar/2026:15:06:15 +0000] "GET /buy.php?detail/26501984887465 HTTP/1.1" 200 162580 "https://inception-blue.com/buy.php?detail/26501174324619" "Mozilla/5.0 AppleWebKit/537.36 (KHTML, like Gecko; compatible; GPTBot/1.3; +https://openai.com/gptbot)"
2001:41d0:303:6f0b::1 - - [19/Mar/2026:15:06:17 +0000] "GET /comments/feed/?dir=/var/cache/dnf/wp-toolkit-cpanel-875e77778c8aeaaa HTTP/1.1" 301 18593 "-" "Mozilla/5.0 (compatible; MJ12bot/v1.4.8; http://mj12bot.com/)"
74.7.241.28 - - [19/Mar/2026:15:06:18 +0000] "GET /buy.php?detail/16102540738607 HTTP/1.1" 200 155622 "https://inception-blue.com/buy.php?detail/21804765060765" "Mozilla/5.0 AppleWebKit/537.36 (KHTML, like Gecko; compatible; GPTBot/1.3; +https://openai.com/gptbot)"
2001:41d0:303:6f0b::1 - - [19/Mar/2026:15:06:21 +0000] "GET /comments/feed/?dir=%2Fvar%2Fcache%2Fdnf%2Fwp-toolkit-cpanel-875e77778c8aeaaa HTTP/1.1" 200 20302 "-" "Mozilla/5.0 (compatible; MJ12bot/v1.4.8; http://mj12bot.com/)"
74.7.241.28 - - [19/Mar/2026:15:06:21 +0000] "GET /buy.php?detail/21801732756460 HTTP/1.1" 200 165466 "https://inception-blue.com/buy.php?detail/21804765060765" "Mozilla/5.0 AppleWebKit/537.36 (KHTML, like Gecko; compatible; GPTBot/1.3; +https://openai.com/gptbot)"
74.7.241.28 - - [19/Mar/2026:15:06:25 +0000] "GET /buy.php?detail/07100024456232 HTTP/1.1" 200 159639 "https://inception-blue.com/buy.php?detail/07100025529412" "Mozilla/5.0 AppleWebKit/537.36 (KHTML, like Gecko; compatible; GPTBot/1.3; +https://openai.com/gptbot)"
2001:41d0:303:6f0b::1 - - [19/Mar/2026:15:06:26 +0000] "GET /comments/feed/?dir=/var/cache/dnf/wp-toolkit-thirdparties-4e213e8d49cac965/packages HTTP/1.1" 301 15977 "-" "Mozilla/5.0 (compatible; MJ12bot/v1.4.8; http://mj12bot.com/)"
66.249.77.8 - - [19/Mar/2026:15:06:20 +0000] "GET /3079658 HTTP/1.1" 200 329790 "-" "Mozilla/5.0 (Linux; Android 6.0.1; Nexus 5X Build/MMB29P) AppleWebKit/537.36 (KHTML, like Gecko) Chrome/145.0.7632.159 Mobile Safari/537.36 (compatible; Googlebot/2.1; +http://www.google.com/bot.html)"
74.7.241.28 - - [19/Mar/2026:15:06:28 +0000] "GET /buy.php?detail/06902327623030 HTTP/1.1" 200 153570 "https://inception-blue.com/buy.php?detail/18604212382254" "Mozilla/5.0 AppleWebKit/537.36 (KHTML, like Gecko; compatible; GPTBot/1.3; +https://openai.com/gptbot)"
2001:41d0:303:6f0b::1 - - [19/Mar/2026:15:06:30 +0000] "GET /comments/feed/?dir=%2Fvar%2Fcache%2Fdnf%2Fwp-toolkit-thirdparties-4e213e8d49cac965%2Fpackages HTTP/1.1" 200 17703 "-" "Mozilla/5.0 (compatible; MJ12bot/v1.4.8; http://mj12bot.com/)"
74.7.241.28 - - [19/Mar/2026:15:06:31 +0000] "GET /buy.php?detail/06404096182309 HTTP/1.1" 200 171802 "https://inception-blue.com/buy.php?detail/07100025529412" "Mozilla/5.0 AppleWebKit/537.36 (KHTML, like Gecko; compatible; GPTBot/1.3; +https://openai.com/gptbot)"
74.7.241.28 - - [19/Mar/2026:15:06:34 +0000] "GET /buy.php?m45200063990 HTTP/1.1" 200 155093 "https://inception-blue.com/buy.php?detail/18604212382254" "Mozilla/5.0 AppleWebKit/537.36 (KHTML, like Gecko; compatible; GPTBot/1.3; +https://openai.com/gptbot)"
2001:41d0:303:6f0b::1 - - [19/Mar/2026:15:06:35 +0000] "GET /comments/feed/?dir=/var/cache/kcare/patches/none-dcef1ea2d18c1b8ad5670d938c725adaee8ecb4a-86-free&read=/var/cache/kcare/patches/none-dcef1ea2d18c1b8ad5670d938c725adaee8ecb4a-86-free/.free.done HTTP/1.1" 301 11898 "-" "Mozilla/5.0 (compatible; MJ12bot/v1.4.8; http://mj12bot.com/)"
74.7.241.28 - - [19/Mar/2026:15:06:37 +0000] "GET /buy.php?detail/09402186704831 HTTP/1.1" 200 156047 "https://inception-blue.com/buy.php?detail/08000528748633" "Mozilla/5.0 AppleWebKit/537.36 (KHTML, like Gecko; compatible; GPTBot/1.3; +https://openai.com/gptbot)"
2001:41d0:303:6f0b::1 - - [19/Mar/2026:15:06:39 +0000] "GET /comments/feed/?dir=%2Fvar%2Fcache%2Fkcare%2Fpatches%2Fnone-dcef1ea2d18c1b8ad5670d938c725adaee8ecb4a-86-free&read=%2Fvar%2Fcache%2Fkcare%2Fpatches%2Fnone-dcef1ea2d18c1b8ad5670d938c725adaee8ecb4a-86-free%2F.free.done HTTP/1.1" 200 13750 "-" "Mozilla/5.0 (compatible; MJ12bot/v1.4.8; http://mj12bot.com/)"
74.7.241.28 - - [19/Mar/2026:15:06:40 +0000] "GET /buy.php?detail/11301874965323 HTTP/1.1" 200 155942 "https://inception-blue.com/buy.php?jp/110025534.html" "Mozilla/5.0 AppleWebKit/537.36 (KHTML, like Gecko; compatible; GPTBot/1.3; +https://openai.com/gptbot)"
2001:41d0:303:6f0b::1 - - [19/Mar/2026:15:06:44 +0000] "GET /comments/feed/?dir=/var/cache/kcare/patches/none-dcef1ea2d18c1b8ad5670d938c725adaee8ecb4a-86-free&read=/var/cache/kcare/patches/none-dcef1ea2d18c1b8ad5670d938c725adaee8ecb4a-86-free/kcare.ko HTTP/1.1" 301 11898 "-" "Mozilla/5.0 (compatible; MJ12bot/v1.4.8; http://mj12bot.com/)"
74.7.241.28 - - [19/Mar/2026:15:06:44 +0000] "GET /buy.php?detail/17603052187653 HTTP/1.1" 200 158940 "https://inception-blue.com/buy.php?detail/17604664035829" "Mozilla/5.0 AppleWebKit/537.36 (KHTML, like Gecko; compatible; GPTBot/1.3; +https://openai.com/gptbot)"
2001:41d0:303:6f0b::1 - - [19/Mar/2026:15:06:48 +0000] "GET /comments/feed/?dir=%2Fvar%2Fcache%2Fkcare%2Fpatches%2Fnone-dcef1ea2d18c1b8ad5670d938c725adaee8ecb4a-86-free&read=%2Fvar%2Fcache%2Fkcare%2Fpatches%2Fnone-dcef1ea2d18c1b8ad5670d938c725adaee8ecb4a-86-free%2Fkcare.ko HTTP/1.1" 200 13748 "-" "Mozilla/5.0 (compatible; MJ12bot/v1.4.8; http://mj12bot.com/)"
74.7.241.28 - - [19/Mar/2026:15:06:47 +0000] "GET /buy.php?detail/09503372063457 HTTP/1.1" 200 161990 "https://inception-blue.com/buy.php?detail/17604664035829" "Mozilla/5.0 AppleWebKit/537.36 (KHTML, like Gecko; compatible; GPTBot/1.3; +https://openai.com/gptbot)"
74.7.241.28 - - [19/Mar/2026:15:06:50 +0000] "GET /buy.php?detail/03203911274886 HTTP/1.1" 200 168356 "https://inception-blue.com/buy.php?detail/00100060182778" "Mozilla/5.0 AppleWebKit/537.36 (KHTML, like Gecko; compatible; GPTBot/1.3; +https://openai.com/gptbot)"
2001:41d0:303:6f0b::1 - - [19/Mar/2026:15:06:53 +0000] "GET /comments/feed/?dir=/var/cache/kcare/patches/none-dcef1ea2d18c1b8ad5670d938c725adaee8ecb4a-86-free&read=/var/cache/kcare/patches/none-dcef1ea2d18c1b8ad5670d938c725adaee8ecb4a-86-free/kpatch.free.bin HTTP/1.1" 301 11898 "-" "Mozilla/5.0 (compatible; MJ12bot/v1.4.8; http://mj12bot.com/)"
74.7.241.28 - - [19/Mar/2026:15:06:53 +0000] "GET /buy.php?detail/16101095191254 HTTP/1.1" 200 152182 "https://inception-blue.com/buy.php?detail/16102540738607" "Mozilla/5.0 AppleWebKit/537.36 (KHTML, like Gecko; compatible; GPTBot/1.3; +https://openai.com/gptbot)"
74.7.241.28 - - [19/Mar/2026:15:06:56 +0000] "GET /buy.php?detail/25902331427793 HTTP/1.1" 200 152472 "https://inception-blue.com/buy.php?detail/21801732756460" "Mozilla/5.0 AppleWebKit/537.36 (KHTML, like Gecko; compatible; GPTBot/1.3; +https://openai.com/gptbot)"
2001:41d0:303:6f0b::1 - - [19/Mar/2026:15:06:57 +0000] "GET /comments/feed/?dir=%2Fvar%2Fcache%2Fkcare%2Fpatches%2Fnone-dcef1ea2d18c1b8ad5670d938c725adaee8ecb4a-86-free&read=%2Fvar%2Fcache%2Fkcare%2Fpatches%2Fnone-dcef1ea2d18c1b8ad5670d938c725adaee8ecb4a-86-free%2Fkpatch.free.bin HTTP/1.1" 200 13755 "-" "Mozilla/5.0 (compatible; MJ12bot/v1.4.8; http://mj12bot.com/)"
74.7.241.28 - - [19/Mar/2026:15:07:00 +0000] "GET /buy.php?detail/07100353207660 HTTP/1.1" 200 165060 "https://inception-blue.com/buy.php?detail/07100024456232" "Mozilla/5.0 AppleWebKit/537.36 (KHTML, like Gecko; compatible; GPTBot/1.3; +https://openai.com/gptbot)"
2001:41d0:303:6f0b::1 - - [19/Mar/2026:15:07:02 +0000] "GET /comments/feed/?dir=/var/cache/man/id&read=/var/cache/man/id/CACHEDIR.TAG HTTP/1.1" 301 12381 "-" "Mozilla/5.0 (compatible; MJ12bot/v1.4.8; http://mj12bot.com/)"
74.7.241.28 - - [19/Mar/2026:15:07:03 +0000] "GET /buy.php?m13555283667 HTTP/1.1" 200 165486 "https://inception-blue.com/buy.php?detail/06902327623030" "Mozilla/5.0 AppleWebKit/537.36 (KHTML, like Gecko; compatible; GPTBot/1.3; +https://openai.com/gptbot)"
74.7.241.28 - - [19/Mar/2026:15:07:06 +0000] "GET /buy.php?detail/06400690831515 HTTP/1.1" 200 165568 "https://inception-blue.com/buy.php?detail/06404096182309" "Mozilla/5.0 AppleWebKit/537.36 (KHTML, like Gecko; compatible; GPTBot/1.3; +https://openai.com/gptbot)"
2001:41d0:303:6f0b::1 - - [19/Mar/2026:15:07:07 +0000] "GET /comments/feed/?dir=%2Fvar%2Fcache%2Fman%2Fid&read=%2Fvar%2Fcache%2Fman%2Fid%2FCACHEDIR.TAG HTTP/1.1" 200 14109 "-" "Mozilla/5.0 (compatible; MJ12bot/v1.4.8; http://mj12bot.com/)"
74.7.241.28 - - [19/Mar/2026:15:07:09 +0000] "GET /buy.php?m48355955570 HTTP/1.1" 200 145140 "https://inception-blue.com/buy.php?detail/21801732756460" "Mozilla/5.0 AppleWebKit/537.36 (KHTML, like Gecko; compatible; GPTBot/1.3; +https://openai.com/gptbot)"
66.249.77.9 - - [19/Mar/2026:15:07:10 +0000] "GET /3812502 HTTP/1.1" 200 309407 "-" "Mozilla/5.0 (Linux; Android 6.0.1; Nexus 5X Build/MMB29P) AppleWebKit/537.36 (KHTML, like Gecko) Chrome/145.0.7632.159 Mobile Safari/537.36 (compatible; Googlebot/2.1; +http://www.google.com/bot.html)"
74.7.241.28 - - [19/Mar/2026:15:07:12 +0000] "GET /buy.php?detail/02603540285833 HTTP/1.1" 200 156918 "https://inception-blue.com/buy.php?detail/09402186704831" "Mozilla/5.0 AppleWebKit/537.36 (KHTML, like Gecko; compatible; GPTBot/1.3; +https://openai.com/gptbot)"
74.7.241.28 - - [19/Mar/2026:15:07:15 +0000] "GET /buy.php?detail/20900212568816 HTTP/1.1" 200 144492 "https://inception-blue.com/buy.php?detail/09402186704831" "Mozilla/5.0 AppleWebKit/537.36 (KHTML, like Gecko; compatible; GPTBot/1.3; +https://openai.com/gptbot)"
74.7.241.28 - - [19/Mar/2026:15:07:19 +0000] "GET /buy.php?detail/03204185163575 HTTP/1.1" 200 147993 "https://inception-blue.com/buy.php?detail/07100024456232" "Mozilla/5.0 AppleWebKit/537.36 (KHTML, like Gecko; compatible; GPTBot/1.3; +https://openai.com/gptbot)"
74.7.241.28 - - [19/Mar/2026:15:07:22 +0000] "GET /buy.php?detail/07600283942501 HTTP/1.1" 200 153968 "https://inception-blue.com/buy.php?detail/07600911314999" "Mozilla/5.0 AppleWebKit/537.36 (KHTML, like Gecko; compatible; GPTBot/1.3; +https://openai.com/gptbot)"
74.7.241.28 - - [19/Mar/2026:15:07:25 +0000] "GET /buy.php?detail/17402360981687 HTTP/1.1" 200 150009 "https://inception-blue.com/buy.php?detail/26104125773257" "Mozilla/5.0 AppleWebKit/537.36 (KHTML, like Gecko; compatible; GPTBot/1.3; +https://openai.com/gptbot)"
74.7.241.28 - - [19/Mar/2026:15:07:28 +0000] "GET /buy.php?detail/19102452280011 HTTP/1.1" 200 158466 "https://inception-blue.com/buy.php?detail/16101095191254" "Mozilla/5.0 AppleWebKit/537.36 (KHTML, like Gecko; compatible; GPTBot/1.3; +https://openai.com/gptbot)"
74.7.241.28 - - [19/Mar/2026:15:07:31 +0000] "GET /buy.php?detail/23600961379580 HTTP/1.1" 200 164706 "https://inception-blue.com/buy.php?detail/23601233685227" "Mozilla/5.0 AppleWebKit/537.36 (KHTML, like Gecko; compatible; GPTBot/1.3; +https://openai.com/gptbot)"
74.7.241.28 - - [19/Mar/2026:15:07:34 +0000] "GET /buy.php?detail/06400616261394 HTTP/1.1" 200 141010 "https://inception-blue.com/buy.php?detail/07100353207660" "Mozilla/5.0 AppleWebKit/537.36 (KHTML, like Gecko; compatible; GPTBot/1.3; +https://openai.com/gptbot)"
74.7.241.28 - - [19/Mar/2026:15:07:38 +0000] "GET /buy.php?detail/02403242310419 HTTP/1.1" 200 144136 "https://inception-blue.com/buy.php?detail/07100353207660" "Mozilla/5.0 AppleWebKit/537.36 (KHTML, like Gecko; compatible; GPTBot/1.3; +https://openai.com/gptbot)"
74.7.241.28 - - [19/Mar/2026:15:07:41 +0000] "GET /buy.php?detail/06401488846930 HTTP/1.1" 200 155811 "https://inception-blue.com/buy.php?detail/06400690831515" "Mozilla/5.0 AppleWebKit/537.36 (KHTML, like Gecko; compatible; GPTBot/1.3; +https://openai.com/gptbot)"
74.7.241.28 - - [19/Mar/2026:15:07:44 +0000] "GET /buy.php?detail/21204896218909 HTTP/1.1" 200 146955 "https://inception-blue.com/buy.php?detail/06400690831515" "Mozilla/5.0 AppleWebKit/537.36 (KHTML, like Gecko; compatible; GPTBot/1.3; +https://openai.com/gptbot)"
74.7.241.28 - - [19/Mar/2026:15:07:47 +0000] "GET /buy.php?detail/02600572791715 HTTP/1.1" 200 154935 "https://inception-blue.com/buy.php?detail/02603540285833" "Mozilla/5.0 AppleWebKit/537.36 (KHTML, like Gecko; compatible; GPTBot/1.3; +https://openai.com/gptbot)"
74.7.241.28 - - [19/Mar/2026:15:07:50 +0000] "GET /buy.php?goods/026035402 HTTP/1.1" 200 156958 "https://inception-blue.com/buy.php?detail/02603540285833" "Mozilla/5.0 AppleWebKit/537.36 (KHTML, like Gecko; compatible; GPTBot/1.3; +https://openai.com/gptbot)"
74.7.241.28 - - [19/Mar/2026:15:07:54 +0000] "GET /buy.php?detail/01501151778696 HTTP/1.1" 200 150420 "https://inception-blue.com/buy.php?detail/03204185163575" "Mozilla/5.0 AppleWebKit/537.36 (KHTML, like Gecko; compatible; GPTBot/1.3; +https://openai.com/gptbot)"
66.249.77.7 - - [19/Mar/2026:15:07:58 +0000] "GET /?q=pck69vzerq49207rfjbshdj HTTP/1.1" 200 307070 "-" "Mozilla/5.0 (Linux; Android 6.0.1; Nexus 5X Build/MMB29P) AppleWebKit/537.36 (KHTML, like Gecko) Chrome/145.0.7632.159 Mobile Safari/537.36 (compatible; Googlebot/2.1; +http://www.google.com/bot.html)"
74.7.241.28 - - [19/Mar/2026:15:07:57 +0000] "GET /buy.php?detail/23602719498327 HTTP/1.1" 200 153300 "https://inception-blue.com/buy.php?detail/02603540285833" "Mozilla/5.0 AppleWebKit/537.36 (KHTML, like Gecko; compatible; GPTBot/1.3; +https://openai.com/gptbot)"
66.249.77.7 - - [19/Mar/2026:15:08:00 +0000] "GET /149856557 HTTP/1.1" 200 298325 "-" "Mozilla/5.0 (Linux; Android 6.0.1; Nexus 5X Build/MMB29P) AppleWebKit/537.36 (KHTML, like Gecko) Chrome/145.0.7632.159 Mobile Safari/537.36 (compatible; Googlebot/2.1; +http://www.google.com/bot.html)"
74.7.241.28 - - [19/Mar/2026:15:08:00 +0000] "GET /buy.php?jp/174023609.html HTTP/1.1" 200 149861 "https://inception-blue.com/buy.php?detail/17402360981687" "Mozilla/5.0 AppleWebKit/537.36 (KHTML, like Gecko; compatible; GPTBot/1.3; +https://openai.com/gptbot)"
74.7.241.28 - - [19/Mar/2026:15:08:03 +0000] "GET /buy.php?detail/19101664662880 HTTP/1.1" 200 154067 "https://inception-blue.com/buy.php?detail/19102452280011" "Mozilla/5.0 AppleWebKit/537.36 (KHTML, like Gecko; compatible; GPTBot/1.3; +https://openai.com/gptbot)"
74.7.241.28 - - [19/Mar/2026:15:08:07 +0000] "GET /buy.php?detail/21902298148008 HTTP/1.1" 200 149057 "https://inception-blue.com/buy.php?detail/19102452280011" "Mozilla/5.0 AppleWebKit/537.36 (KHTML, like Gecko; compatible; GPTBot/1.3; +https://openai.com/gptbot)"
74.7.241.28 - - [19/Mar/2026:15:08:10 +0000] "GET /buy.php?045000470.htm HTTP/1.1" 200 144909 "https://inception-blue.com/buy.php?m48355955570" "Mozilla/5.0 AppleWebKit/537.36 (KHTML, like Gecko; compatible; GPTBot/1.3; +https://openai.com/gptbot)"
74.7.241.28 - - [19/Mar/2026:15:08:13 +0000] "GET /buy.php?m25551947399 HTTP/1.1" 200 159410 "https://inception-blue.com/buy.php?detail/06400690831515" "Mozilla/5.0 AppleWebKit/537.36 (KHTML, like Gecko; compatible; GPTBot/1.3; +https://openai.com/gptbot)"
74.7.241.28 - - [19/Mar/2026:15:08:16 +0000] "GET /buy.php?detail/06400232864787 HTTP/1.1" 200 157999 "https://inception-blue.com/buy.php?detail/06401488846930" "Mozilla/5.0 AppleWebKit/537.36 (KHTML, like Gecko; compatible; GPTBot/1.3; +https://openai.com/gptbot)"
74.7.241.28 - - [19/Mar/2026:15:08:19 +0000] "GET /buy.php?detail/05304378994131 HTTP/1.1" 200 146674 "https://inception-blue.com/buy.php?detail/21204896218909" "Mozilla/5.0 AppleWebKit/537.36 (KHTML, like Gecko; compatible; GPTBot/1.3; +https://openai.com/gptbot)"
74.7.241.28 - - [19/Mar/2026:15:08:22 +0000] "GET /buy.php?detail/21204095149485 HTTP/1.1" 200 164973 "https://inception-blue.com/buy.php?detail/02600572791715" "Mozilla/5.0 AppleWebKit/537.36 (KHTML, like Gecko; compatible; GPTBot/1.3; +https://openai.com/gptbot)"
74.7.241.28 - - [19/Mar/2026:15:08:25 +0000] "GET /buy.php?detail/02600467384208 HTTP/1.1" 200 161367 "https://inception-blue.com/buy.php?goods/026035402" "Mozilla/5.0 AppleWebKit/537.36 (KHTML, like Gecko; compatible; GPTBot/1.3; +https://openai.com/gptbot)"
74.7.241.28 - - [19/Mar/2026:15:08:28 +0000] "GET /buy.php?m66444170873 HTTP/1.1" 200 155172 "https://inception-blue.com/buy.php?detail/06400616261394" "Mozilla/5.0 AppleWebKit/537.36 (KHTML, like Gecko; compatible; GPTBot/1.3; +https://openai.com/gptbot)"
74.7.241.28 - - [19/Mar/2026:15:08:32 +0000] "GET /buy.php?m32816555735 HTTP/1.1" 200 156412 "https://inception-blue.com/buy.php?detail/07600283942501" "Mozilla/5.0 AppleWebKit/537.36 (KHTML, like Gecko; compatible; GPTBot/1.3; +https://openai.com/gptbot)"
74.7.241.28 - - [19/Mar/2026:15:08:35 +0000] "GET /buy.php?detail/0240481769880 HTTP/1.1" 200 152969 "https://inception-blue.com/buy.php?jp/174023609.html" "Mozilla/5.0 AppleWebKit/537.36 (KHTML, like Gecko; compatible; GPTBot/1.3; +https://openai.com/gptbot)"
74.7.241.28 - - [19/Mar/2026:15:08:38 +0000] "GET /buy.php?detail/19103653283880 HTTP/1.1" 200 156851 "https://inception-blue.com/buy.php?detail/19101664662880" "Mozilla/5.0 AppleWebKit/537.36 (KHTML, like Gecko; compatible; GPTBot/1.3; +https://openai.com/gptbot)"
74.7.241.28 - - [19/Mar/2026:15:08:41 +0000] "GET /buy.php?detail/05103978008194 HTTP/1.1" 200 153323 "https://inception-blue.com/buy.php?detail/19101664662880" "Mozilla/5.0 AppleWebKit/537.36 (KHTML, like Gecko; compatible; GPTBot/1.3; +https://openai.com/gptbot)"
74.7.241.28 - - [19/Mar/2026:15:08:44 +0000] "GET /buy.php?m71424593339 HTTP/1.1" 200 156084 "https://inception-blue.com/buy.php?detail/21902298148008" "Mozilla/5.0 AppleWebKit/537.36 (KHTML, like Gecko; compatible; GPTBot/1.3; +https://openai.com/gptbot)"
74.7.241.28 - - [19/Mar/2026:15:08:48 +0000] "GET /buy.php?detail/17804063022821 HTTP/1.1" 200 153929 "https://inception-blue.com/buy.php?m25551947399" "Mozilla/5.0 AppleWebKit/537.36 (KHTML, like Gecko; compatible; GPTBot/1.3; +https://openai.com/gptbot)"
66.249.77.8 - - [19/Mar/2026:15:08:50 +0000] "GET /652992754 HTTP/1.1" 200 307724 "-" "Mozilla/5.0 (Linux; Android 6.0.1; Nexus 5X Build/MMB29P) AppleWebKit/537.36 (KHTML, like Gecko) Chrome/145.0.7632.159 Mobile Safari/537.36 (compatible; Googlebot/2.1; +http://www.google.com/bot.html)"
74.7.241.28 - - [19/Mar/2026:15:08:51 +0000] "GET /buy.php?detail/064012238779 HTTP/1.1" 200 160791 "https://inception-blue.com/buy.php?detail/06400232864787" "Mozilla/5.0 AppleWebKit/537.36 (KHTML, like Gecko; compatible; GPTBot/1.3; +https://openai.com/gptbot)"
74.7.241.28 - - [19/Mar/2026:15:08:54 +0000] "GET /buy.php?detail/06401209580630 HTTP/1.1" 200 155740 "https://inception-blue.com/buy.php?detail/06400232864787" "Mozilla/5.0 AppleWebKit/537.36 (KHTML, like Gecko; compatible; GPTBot/1.3; +https://openai.com/gptbot)"
74.7.241.28 - - [19/Mar/2026:15:08:57 +0000] "GET /buy.php?detail/21200256299444 HTTP/1.1" 200 158523 "https://inception-blue.com/buy.php?detail/21204095149485" "Mozilla/5.0 AppleWebKit/537.36 (KHTML, like Gecko; compatible; GPTBot/1.3; +https://openai.com/gptbot)"
74.7.241.28 - - [19/Mar/2026:15:09:00 +0000] "GET /buy.php?goods/102015916 HTTP/1.1" 200 143705 "https://inception-blue.com/buy.php?detail/02600467384208" "Mozilla/5.0 AppleWebKit/537.36 (KHTML, like Gecko; compatible; GPTBot/1.3; +https://openai.com/gptbot)"
74.7.241.28 - - [19/Mar/2026:15:09:03 +0000] "GET /buy.php?detail/28302525512069 HTTP/1.1" 200 154011 "https://inception-blue.com/buy.php?detail/21204095149485" "Mozilla/5.0 AppleWebKit/537.36 (KHTML, like Gecko; compatible; GPTBot/1.3; +https://openai.com/gptbot)"
74.7.241.28 - - [19/Mar/2026:15:09:07 +0000] "GET /buy.php?goods/283025255 HTTP/1.1" 200 153436 "https://inception-blue.com/buy.php?detail/28302525512069" "Mozilla/5.0 AppleWebKit/537.36 (KHTML, like Gecko; compatible; GPTBot/1.3; +https://openai.com/gptbot)"
74.7.241.28 - - [19/Mar/2026:15:09:10 +0000] "GET /buy.php?detail/02601549222349 HTTP/1.1" 200 156693 "https://inception-blue.com/buy.php?detail/02600467384208" "Mozilla/5.0 AppleWebKit/537.36 (KHTML, like Gecko; compatible; GPTBot/1.3; +https://openai.com/gptbot)"
74.7.241.28 - - [19/Mar/2026:15:09:13 +0000] "GET /buy.php?detail/081005175721 HTTP/1.1" 200 153281 "https://inception-blue.com/buy.php?detail/0240481769880" "Mozilla/5.0 AppleWebKit/537.36 (KHTML, like Gecko; compatible; GPTBot/1.3; +https://openai.com/gptbot)"
74.7.241.28 - - [19/Mar/2026:15:09:16 +0000] "GET /buy.php?detail/19500305004416 HTTP/1.1" 200 162473 "https://inception-blue.com/buy.php?detail/02600467384208" "Mozilla/5.0 AppleWebKit/537.36 (KHTML, like Gecko; compatible; GPTBot/1.3; +https://openai.com/gptbot)"
74.7.241.28 - - [19/Mar/2026:15:09:20 +0000] "GET /buy.php?detail/29404633507524 HTTP/1.1" 200 161992 "https://inception-blue.com/buy.php?detail/06400232864787" "Mozilla/5.0 AppleWebKit/537.36 (KHTML, like Gecko; compatible; GPTBot/1.3; +https://openai.com/gptbot)"
74.7.241.28 - - [19/Mar/2026:15:09:23 +0000] "GET /buy.php?detail/01601329572808 HTTP/1.1" 200 145218 "https://inception-blue.com/buy.php?detail/06400232864787" "Mozilla/5.0 AppleWebKit/537.36 (KHTML, like Gecko; compatible; GPTBot/1.3; +https://openai.com/gptbot)"
74.7.241.28 - - [19/Mar/2026:15:09:26 +0000] "GET /buy.php?200025027.htm HTTP/1.1" 200 155023 "https://inception-blue.com/buy.php?m66444170873" "Mozilla/5.0 AppleWebKit/537.36 (KHTML, like Gecko; compatible; GPTBot/1.3; +https://openai.com/gptbot)"
74.7.241.28 - - [19/Mar/2026:15:09:29 +0000] "GET /buy.php?detail/06400191413136 HTTP/1.1" 200 156878 "https://inception-blue.com/buy.php?detail/064012238779" "Mozilla/5.0 AppleWebKit/537.36 (KHTML, like Gecko; compatible; GPTBot/1.3; +https://openai.com/gptbot)"
74.7.241.28 - - [19/Mar/2026:15:09:32 +0000] "GET /buy.php?detail/19700601834905 HTTP/1.1" 200 154612 "https://inception-blue.com/buy.php?detail/064012238779" "Mozilla/5.0 AppleWebKit/537.36 (KHTML, like Gecko; compatible; GPTBot/1.3; +https://openai.com/gptbot)"
74.7.241.28 - - [19/Mar/2026:15:09:36 +0000] "GET /buy.php?detail/18701629798240 HTTP/1.1" 200 165405 "https://inception-blue.com/buy.php?detail/064012238779" "Mozilla/5.0 AppleWebKit/537.36 (KHTML, like Gecko; compatible; GPTBot/1.3; +https://openai.com/gptbot)"
74.7.241.28 - - [19/Mar/2026:15:09:39 +0000] "GET /buy.php?detail/27700609639207 HTTP/1.1" 200 154073 "https://inception-blue.com/buy.php?goods/102015916" "Mozilla/5.0 AppleWebKit/537.36 (KHTML, like Gecko; compatible; GPTBot/1.3; +https://openai.com/gptbot)"
66.249.77.9 - - [19/Mar/2026:15:09:40 +0000] "GET /375974116 HTTP/1.1" 200 309457 "-" "Mozilla/5.0 (Linux; Android 6.0.1; Nexus 5X Build/MMB29P) AppleWebKit/537.36 (KHTML, like Gecko) Chrome/145.0.7632.159 Mobile Safari/537.36 (compatible; Googlebot/2.1; +http://www.google.com/bot.html)"
74.7.241.28 - - [19/Mar/2026:15:09:42 +0000] "GET /buy.php?detail/28304202072962 HTTP/1.1" 200 168294 "https://inception-blue.com/buy.php?detail/28302525512069" "Mozilla/5.0 AppleWebKit/537.36 (KHTML, like Gecko; compatible; GPTBot/1.3; +https://openai.com/gptbot)"
74.7.241.28 - - [19/Mar/2026:15:09:45 +0000] "GET /buy.php?detail/13303315966236 HTTP/1.1" 200 154499 "https://inception-blue.com/buy.php?goods/283025255" "Mozilla/5.0 AppleWebKit/537.36 (KHTML, like Gecko; compatible; GPTBot/1.3; +https://openai.com/gptbot)"
74.7.241.28 - - [19/Mar/2026:15:09:48 +0000] "GET /buy.php?detail/28304204712283 HTTP/1.1" 200 158548 "https://inception-blue.com/buy.php?detail/28302525512069" "Mozilla/5.0 AppleWebKit/537.36 (KHTML, like Gecko; compatible; GPTBot/1.3; +https://openai.com/gptbot)"
74.7.241.28 - - [19/Mar/2026:15:09:52 +0000] "GET /buy.php?detail/01900020843348 HTTP/1.1" 200 173134 "https://inception-blue.com/buy.php?detail/19500305004416" "Mozilla/5.0 AppleWebKit/537.36 (KHTML, like Gecko; compatible; GPTBot/1.3; +https://openai.com/gptbot)"
74.7.241.28 - - [19/Mar/2026:15:09:55 +0000] "GET /buy.php?detail/13204046256575 HTTP/1.1" 200 142061 "https://inception-blue.com/buy.php?detail/29404633507524" "Mozilla/5.0 AppleWebKit/537.36 (KHTML, like Gecko; compatible; GPTBot/1.3; +https://openai.com/gptbot)"
84.247.146.193 - - [19/Mar/2026:15:09:55 +0000] "GET /wp-login.php HTTP/1.1" 200 84587 "-" "Mozilla/5.0 (Macintosh; Intel Mac OS X 10_10_5) AppleWebKit/537.36 (KHTML, like Gecko) Chrome/66.0.3359.139 Safari/537.36"
159.223.142.74 - - [19/Mar/2026:15:09:56 +0000] "POST /wp-cron.php?doing_wp_cron=1773932996.8174569606781005859375 HTTP/1.1" 403 185482 "-" "WordPress/6.9.4; https://inception-blue.com"
74.7.241.28 - - [19/Mar/2026:15:09:58 +0000] "GET /buy.php?detail/01400867881240 HTTP/1.1" 200 145382 "https://inception-blue.com/buy.php?detail/01601329572808" "Mozilla/5.0 AppleWebKit/537.36 (KHTML, like Gecko; compatible; GPTBot/1.3; +https://openai.com/gptbot)"
84.247.146.193 - - [19/Mar/2026:15:09:59 +0000] "POST /wp-login.php HTTP/1.1" 200 84836 "https://inception-blue.com/wp-login.php" "Mozilla/5.0 (Macintosh; Intel Mac OS X 10_10_5) AppleWebKit/537.36 (KHTML, like Gecko) Chrome/66.0.3359.139 Safari/537.36"
74.7.241.28 - - [19/Mar/2026:15:10:01 +0000] "GET /buy.php?detail/24003441352669 HTTP/1.1" 200 156802 "https://inception-blue.com/buy.php?detail/02601549222349" "Mozilla/5.0 AppleWebKit/537.36 (KHTML, like Gecko; compatible; GPTBot/1.3; +https://openai.com/gptbot)"
74.7.241.28 - - [19/Mar/2026:15:10:04 +0000] "GET /buy.php?detail/06401390154130 HTTP/1.1" 200 164379 "https://inception-blue.com/buy.php?detail/06400191413136" "Mozilla/5.0 AppleWebKit/537.36 (KHTML, like Gecko; compatible; GPTBot/1.3; +https://openai.com/gptbot)"
74.7.241.28 - - [19/Mar/2026:15:10:07 +0000] "GET /buy.php?detail/28304223760392 HTTP/1.1" 200 164092 "https://inception-blue.com/buy.php?detail/28302525512069" "Mozilla/5.0 AppleWebKit/537.36 (KHTML, like Gecko; compatible; GPTBot/1.3; +https://openai.com/gptbot)"
51.195.215.162 - - [19/Mar/2026:15:10:11 +0000] "GET /?sitemap790.xml HTTP/1.1" 200 13 "-" "Mozilla/5.0 (compatible; AhrefsBot/7.0; +http://ahrefs.com/robot/)"
74.7.241.28 - - [19/Mar/2026:15:10:11 +0000] "GET /buy.php?detail/27002182502857 HTTP/1.1" 200 162976 "https://inception-blue.com/buy.php?detail/18701629798240" "Mozilla/5.0 AppleWebKit/537.36 (KHTML, like Gecko; compatible; GPTBot/1.3; +https://openai.com/gptbot)"
74.7.241.28 - - [19/Mar/2026:15:10:14 +0000] "GET /buy.php?detail/209020000559 HTTP/1.1" 200 156612 "https://inception-blue.com/buy.php?detail/27700609639207" "Mozilla/5.0 AppleWebKit/537.36 (KHTML, like Gecko; compatible; GPTBot/1.3; +https://openai.com/gptbot)"
74.7.241.28 - - [19/Mar/2026:15:10:17 +0000] "GET /buy.php?detail/10302335993015 HTTP/1.1" 200 154764 "https://inception-blue.com/buy.php?detail/27700609639207" "Mozilla/5.0 AppleWebKit/537.36 (KHTML, like Gecko; compatible; GPTBot/1.3; +https://openai.com/gptbot)"
74.7.241.28 - - [19/Mar/2026:15:10:20 +0000] "GET /buy.php?detail/27701195710514 HTTP/1.1" 200 154818 "https://inception-blue.com/buy.php?detail/27700609639207" "Mozilla/5.0 AppleWebKit/537.36 (KHTML, like Gecko; compatible; GPTBot/1.3; +https://openai.com/gptbot)"
74.7.241.28 - - [19/Mar/2026:15:10:23 +0000] "GET /buy.php?detail/24102951273797 HTTP/1.1" 200 169174 "https://inception-blue.com/buy.php?detail/081005175721" "Mozilla/5.0 AppleWebKit/537.36 (KHTML, like Gecko; compatible; GPTBot/1.3; +https://openai.com/gptbot)"
74.7.241.28 - - [19/Mar/2026:15:10:27 +0000] "GET /buy.php?detail/25300206968567 HTTP/1.1" 200 149295 "https://inception-blue.com/buy.php?detail/01900020843348" "Mozilla/5.0 AppleWebKit/537.36 (KHTML, like Gecko; compatible; GPTBot/1.3; +https://openai.com/gptbot)"
74.7.241.28 - - [19/Mar/2026:15:10:30 +0000] "GET /buy.php?039000700.htm HTTP/1.1" 200 157508 "https://inception-blue.com/buy.php?m66444170873" "Mozilla/5.0 AppleWebKit/537.36 (KHTML, like Gecko; compatible; GPTBot/1.3; +https://openai.com/gptbot)"
66.249.77.9 - - [19/Mar/2026:15:10:30 +0000] "GET /8729118 HTTP/1.1" 200 312124 "-" "Mozilla/5.0 (Linux; Android 6.0.1; Nexus 5X Build/MMB29P) AppleWebKit/537.36 (KHTML, like Gecko) Chrome/145.0.7632.159 Mobile Safari/537.36 (compatible; Googlebot/2.1; +http://www.google.com/bot.html)"
74.7.241.28 - - [19/Mar/2026:15:10:33 +0000] "GET /buy.php?039000880.htm HTTP/1.1" 200 155909 "https://inception-blue.com/buy.php?m66444170873" "Mozilla/5.0 AppleWebKit/537.36 (KHTML, like Gecko; compatible; GPTBot/1.3; +https://openai.com/gptbot)"
74.7.241.28 - - [19/Mar/2026:15:10:36 +0000] "GET /buy.php?m33327606450 HTTP/1.1" 200 168914 "https://inception-blue.com/buy.php?detail/24003441352669" "Mozilla/5.0 AppleWebKit/537.36 (KHTML, like Gecko; compatible; GPTBot/1.3; +https://openai.com/gptbot)"
74.7.241.28 - - [19/Mar/2026:15:10:39 +0000] "GET /buy.php?detail/21702266460289 HTTP/1.1" 200 158077 "https://inception-blue.com/buy.php?detail/06401390154130" "Mozilla/5.0 AppleWebKit/537.36 (KHTML, like Gecko; compatible; GPTBot/1.3; +https://openai.com/gptbot)"
74.7.241.28 - - [19/Mar/2026:15:10:42 +0000] "GET /buy.php?goods/271015893 HTTP/1.1" 200 152627 "https://inception-blue.com/buy.php?detail/28304223760392" "Mozilla/5.0 AppleWebKit/537.36 (KHTML, like Gecko; compatible; GPTBot/1.3; +https://openai.com/gptbot)"
74.7.241.28 - - [19/Mar/2026:15:10:45 +0000] "GET /buy.php?detail/23203327586570 HTTP/1.1" 200 153818 "https://inception-blue.com/buy.php?detail/27002182502857" "Mozilla/5.0 AppleWebKit/537.36 (KHTML, like Gecko; compatible; GPTBot/1.3; +https://openai.com/gptbot)"
74.7.241.28 - - [19/Mar/2026:15:10:49 +0000] "GET /buy.php?detail/28302048742849 HTTP/1.1" 200 160963 "https://inception-blue.com/buy.php?detail/28304223760392" "Mozilla/5.0 AppleWebKit/537.36 (KHTML, like Gecko; compatible; GPTBot/1.3; +https://openai.com/gptbot)"
74.7.241.28 - - [19/Mar/2026:15:10:52 +0000] "GET /buy.php?detail/10300989370367 HTTP/1.1" 200 154233 "https://inception-blue.com/buy.php?detail/10302335993015" "Mozilla/5.0 AppleWebKit/537.36 (KHTML, like Gecko; compatible; GPTBot/1.3; +https://openai.com/gptbot)"
65.111.15.146 - - [19/Mar/2026:15:10:55 +0000] "GET /bridge2cart/bridge.php HTTP/1.1" 404 185482 "-" "Mozilla/5.0 (X11; Linux x86_64; rv:128.0) Gecko/20100101 Firefox/128.0"
74.7.241.28 - - [19/Mar/2026:15:10:55 +0000] "GET /buy.php?detail/27700871063999 HTTP/1.1" 200 154460 "https://inception-blue.com/buy.php?detail/27701195710514" "Mozilla/5.0 AppleWebKit/537.36 (KHTML, like Gecko; compatible; GPTBot/1.3; +https://openai.com/gptbot)"
74.7.241.28 - - [19/Mar/2026:15:10:58 +0000] "GET /buy.php?detail/03400534242209 HTTP/1.1" 200 153682 "https://inception-blue.com/buy.php?detail/27701195710514" "Mozilla/5.0 AppleWebKit/537.36 (KHTML, like Gecko; compatible; GPTBot/1.3; +https://openai.com/gptbot)"
74.7.241.28 - - [19/Mar/2026:15:11:01 +0000] "GET /buy.php?detail/02402915761459 HTTP/1.1" 200 143014 "https://inception-blue.com/buy.php?detail/25300206968567" "Mozilla/5.0 AppleWebKit/537.36 (KHTML, like Gecko; compatible; GPTBot/1.3; +https://openai.com/gptbot)"
74.7.241.28 - - [19/Mar/2026:15:11:04 +0000] "GET /buy.php?detail/17302432791607 HTTP/1.1" 200 152742 "https://inception-blue.com/buy.php?detail/25300206968567" "Mozilla/5.0 AppleWebKit/537.36 (KHTML, like Gecko; compatible; GPTBot/1.3; +https://openai.com/gptbot)"
74.7.241.28 - - [19/Mar/2026:15:11:08 +0000] "GET /buy.php?detail/25903412417801 HTTP/1.1" 200 143831 "https://inception-blue.com/buy.php?detail/10302335993015" "Mozilla/5.0 AppleWebKit/537.36 (KHTML, like Gecko; compatible; GPTBot/1.3; +https://openai.com/gptbot)"
74.7.241.28 - - [19/Mar/2026:15:11:11 +0000] "GET /buy.php?shopbrand/boast/141005415.htm HTTP/1.1" 200 150911 "https://inception-blue.com/buy.php?m33327606450" "Mozilla/5.0 AppleWebKit/537.36 (KHTML, like Gecko; compatible; GPTBot/1.3; +https://openai.com/gptbot)"
74.7.241.28 - - [19/Mar/2026:15:11:14 +0000] "GET /buy.php?detail/09302973991056 HTTP/1.1" 200 159818 "https://inception-blue.com/buy.php?detail/21702266460289" "Mozilla/5.0 AppleWebKit/537.36 (KHTML, like Gecko; compatible; GPTBot/1.3; +https://openai.com/gptbot)"
74.7.241.28 - - [19/Mar/2026:15:11:17 +0000] "GET /buy.php?detail/271022972644 HTTP/1.1" 200 158277 "https://inception-blue.com/buy.php?goods/271015893" "Mozilla/5.0 AppleWebKit/537.36 (KHTML, like Gecko; compatible; GPTBot/1.3; +https://openai.com/gptbot)"
66.249.77.7 - - [19/Mar/2026:15:11:20 +0000] "GET /5788492 HTTP/1.1" 200 345016 "-" "Mozilla/5.0 (Linux; Android 6.0.1; Nexus 5X Build/MMB29P) AppleWebKit/537.36 (KHTML, like Gecko) Chrome/145.0.7632.159 Mobile Safari/537.36 (compatible; Googlebot/2.1; +http://www.google.com/bot.html)"
74.7.241.28 - - [19/Mar/2026:15:11:20 +0000] "GET /buy.php?detail/25403263035614 HTTP/1.1" 200 143717 "https://inception-blue.com/buy.php?detail/23203327586570" "Mozilla/5.0 AppleWebKit/537.36 (KHTML, like Gecko; compatible; GPTBot/1.3; +https://openai.com/gptbot)"
74.7.241.28 - - [19/Mar/2026:15:11:24 +0000] "GET /buy.php?detail/05504099143228 HTTP/1.1" 200 165390 "https://inception-blue.com/buy.php?detail/28302048742849" "Mozilla/5.0 AppleWebKit/537.36 (KHTML, like Gecko; compatible; GPTBot/1.3; +https://openai.com/gptbot)"
74.7.241.28 - - [19/Mar/2026:15:11:27 +0000] "GET /buy.php?detail/16400592787755 HTTP/1.1" 200 155810 "https://inception-blue.com/buy.php?detail/10300989370367" "Mozilla/5.0 AppleWebKit/537.36 (KHTML, like Gecko; compatible; GPTBot/1.3; +https://openai.com/gptbot)"
74.7.241.28 - - [19/Mar/2026:15:11:30 +0000] "GET /buy.php?detail/27700773236069 HTTP/1.1" 200 154719 "https://inception-blue.com/buy.php?detail/27700871063999" "Mozilla/5.0 AppleWebKit/537.36 (KHTML, like Gecko; compatible; GPTBot/1.3; +https://openai.com/gptbot)"
74.7.241.28 - - [19/Mar/2026:15:11:33 +0000] "GET /buy.php?detail/25902460586148 HTTP/1.1" 200 155746 "https://inception-blue.com/buy.php?detail/10300989370367" "Mozilla/5.0 AppleWebKit/537.36 (KHTML, like Gecko; compatible; GPTBot/1.3; +https://openai.com/gptbot)"
74.7.241.28 - - [19/Mar/2026:15:11:36 +0000] "GET /buy.php?detail/02200142625434 HTTP/1.1" 200 150705 "https://inception-blue.com/buy.php?detail/10300989370367" "Mozilla/5.0 AppleWebKit/537.36 (KHTML, like Gecko; compatible; GPTBot/1.3; +https://openai.com/gptbot)"
74.7.241.28 - - [19/Mar/2026:15:11:39 +0000] "GET /buy.php?detail/05904011121363 HTTP/1.1" 200 148015 "https://inception-blue.com/buy.php?detail/17302432791607" "Mozilla/5.0 AppleWebKit/537.36 (KHTML, like Gecko; compatible; GPTBot/1.3; +https://openai.com/gptbot)"
74.7.241.28 - - [19/Mar/2026:15:11:42 +0000] "GET /buy.php?detail/17300357565442 HTTP/1.1" 200 152671 "https://inception-blue.com/buy.php?detail/17302432791607" "Mozilla/5.0 AppleWebKit/537.36 (KHTML, like Gecko; compatible; GPTBot/1.3; +https://openai.com/gptbot)"
74.7.241.28 - - [19/Mar/2026:15:11:46 +0000] "GET /buy.php?detail/03400923249899 HTTP/1.1" 200 153410 "https://inception-blue.com/buy.php?detail/03400534242209" "Mozilla/5.0 AppleWebKit/537.36 (KHTML, like Gecko; compatible; GPTBot/1.3; +https://openai.com/gptbot)"
74.7.241.28 - - [19/Mar/2026:15:11:49 +0000] "GET /buy.php?detail/24901531576456 HTTP/1.1" 200 153392 "https://inception-blue.com/buy.php?detail/03400534242209" "Mozilla/5.0 AppleWebKit/537.36 (KHTML, like Gecko; compatible; GPTBot/1.3; +https://openai.com/gptbot)"
74.7.241.28 - - [19/Mar/2026:15:11:52 +0000] "GET /buy.php?detail/07600780078540 HTTP/1.1" 200 160088 "https://inception-blue.com/buy.php?detail/271022972644" "Mozilla/5.0 AppleWebKit/537.36 (KHTML, like Gecko; compatible; GPTBot/1.3; +https://openai.com/gptbot)"
74.7.241.28 - - [19/Mar/2026:15:11:55 +0000] "GET /buy.php?detail/25702681557832 HTTP/1.1" 200 145206 "https://inception-blue.com/buy.php?detail/25403263035614" "Mozilla/5.0 AppleWebKit/537.36 (KHTML, like Gecko; compatible; GPTBot/1.3; +https://openai.com/gptbot)"
74.7.241.28 - - [19/Mar/2026:15:11:58 +0000] "GET /buy.php?m59998167172 HTTP/1.1" 200 146959 "https://inception-blue.com/buy.php?detail/10300989370367" "Mozilla/5.0 AppleWebKit/537.36 (KHTML, like Gecko; compatible; GPTBot/1.3; +https://openai.com/gptbot)"
74.7.241.28 - - [19/Mar/2026:15:12:01 +0000] "GET /buy.php?detail/11800227567971 HTTP/1.1" 200 141882 "https://inception-blue.com/buy.php?detail/16400592787755" "Mozilla/5.0 AppleWebKit/537.36 (KHTML, like Gecko; compatible; GPTBot/1.3; +https://openai.com/gptbot)"
74.7.241.28 - - [19/Mar/2026:15:12:04 +0000] "GET /buy.php?detail/27701770892020 HTTP/1.1" 200 156987 "https://inception-blue.com/buy.php?detail/27700773236069" "Mozilla/5.0 AppleWebKit/537.36 (KHTML, like Gecko; compatible; GPTBot/1.3; +https://openai.com/gptbot)"
74.7.241.28 - - [19/Mar/2026:15:12:07 +0000] "GET /buy.php?detail/09302955468029 HTTP/1.1" 200 150367 "https://inception-blue.com/buy.php?detail/27700773236069" "Mozilla/5.0 AppleWebKit/537.36 (KHTML, like Gecko; compatible; GPTBot/1.3; +https://openai.com/gptbot)"
66.249.77.7 - - [19/Mar/2026:15:12:10 +0000] "GET /7222161 HTTP/1.1" 200 309120 "-" "Mozilla/5.0 (Linux; Android 6.0.1; Nexus 5X Build/MMB29P) AppleWebKit/537.36 (KHTML, like Gecko) Chrome/145.0.7632.159 Mobile Safari/537.36 (compatible; Googlebot/2.1; +http://www.google.com/bot.html)"
74.7.241.28 - - [19/Mar/2026:15:12:10 +0000] "GET /buy.php?detail/02200569211734 HTTP/1.1" 200 150215 "https://inception-blue.com/buy.php?detail/02200142625434" "Mozilla/5.0 AppleWebKit/537.36 (KHTML, like Gecko; compatible; GPTBot/1.3; +https://openai.com/gptbot)"
74.7.241.28 - - [19/Mar/2026:15:12:14 +0000] "GET /buy.php?jp/006038624.html HTTP/1.1" 200 158055 "https://inception-blue.com/buy.php?detail/05904011121363" "Mozilla/5.0 AppleWebKit/537.36 (KHTML, like Gecko; compatible; GPTBot/1.3; +https://openai.com/gptbot)"
74.7.241.28 - - [19/Mar/2026:15:12:17 +0000] "GET /buy.php?detail/17300456984330 HTTP/1.1" 200 154189 "https://inception-blue.com/buy.php?detail/17300357565442" "Mozilla/5.0 AppleWebKit/537.36 (KHTML, like Gecko; compatible; GPTBot/1.3; +https://openai.com/gptbot)"
74.7.241.28 - - [19/Mar/2026:15:12:20 +0000] "GET /buy.php?detail/03400303873287 HTTP/1.1" 200 154373 "https://inception-blue.com/buy.php?detail/03400923249899" "Mozilla/5.0 AppleWebKit/537.36 (KHTML, like Gecko; compatible; GPTBot/1.3; +https://openai.com/gptbot)"
74.7.241.28 - - [19/Mar/2026:15:12:23 +0000] "GET /buy.php?detail/25900412919261 HTTP/1.1" 200 167541 "https://inception-blue.com/buy.php?detail/25902460586148" "Mozilla/5.0 AppleWebKit/537.36 (KHTML, like Gecko; compatible; GPTBot/1.3; +https://openai.com/gptbot)"
74.7.241.28 - - [19/Mar/2026:15:12:26 +0000] "GET /buy.php?detail/27701516499552 HTTP/1.1" 200 162804 "https://inception-blue.com/buy.php?detail/25902460586148" "Mozilla/5.0 AppleWebKit/537.36 (KHTML, like Gecko; compatible; GPTBot/1.3; +https://openai.com/gptbot)"
74.7.241.28 - - [19/Mar/2026:15:12:30 +0000] "GET /buy.php?detail/25900413756410 HTTP/1.1" 200 157351 "https://inception-blue.com/buy.php?detail/25902460586148" "Mozilla/5.0 AppleWebKit/537.36 (KHTML, like Gecko; compatible; GPTBot/1.3; +https://openai.com/gptbot)"
74.7.241.28 - - [19/Mar/2026:15:12:33 +0000] "GET /buy.php?086000681.htm HTTP/1.1" 200 146638 "https://inception-blue.com/buy.php?m59998167172" "Mozilla/5.0 AppleWebKit/537.36 (KHTML, like Gecko; compatible; GPTBot/1.3; +https://openai.com/gptbot)"
74.7.241.28 - - [19/Mar/2026:15:12:36 +0000] "GET /buy.php?m94298521115 HTTP/1.1" 200 160345 "https://inception-blue.com/buy.php?detail/25902460586148" "Mozilla/5.0 AppleWebKit/537.36 (KHTML, like Gecko; compatible; GPTBot/1.3; +https://openai.com/gptbot)"
74.7.241.28 - - [19/Mar/2026:15:12:39 +0000] "GET /buy.php?m33359405492 HTTP/1.1" 200 151124 "https://inception-blue.com/buy.php?detail/19101664662880" "Mozilla/5.0 AppleWebKit/537.36 (KHTML, like Gecko; compatible; GPTBot/1.3; +https://openai.com/gptbot)"
74.7.241.28 - - [19/Mar/2026:15:12:42 +0000] "GET /buy.php?m58614442471 HTTP/1.1" 200 153758 "https://inception-blue.com/buy.php?detail/24102951273797" "Mozilla/5.0 AppleWebKit/537.36 (KHTML, like Gecko; compatible; GPTBot/1.3; +https://openai.com/gptbot)"
74.7.241.28 - - [19/Mar/2026:15:12:46 +0000] "GET /buy.php?m22256433769 HTTP/1.1" 200 148380 "https://inception-blue.com/buy.php?detail/06401390154130" "Mozilla/5.0 AppleWebKit/537.36 (KHTML, like Gecko; compatible; GPTBot/1.3; +https://openai.com/gptbot)"
74.7.241.28 - - [19/Mar/2026:15:12:49 +0000] "GET /buy.php?m82444874675 HTTP/1.1" 200 160839 "https://inception-blue.com/buy.php?detail/29404633507524" "Mozilla/5.0 AppleWebKit/537.36 (KHTML, like Gecko; compatible; GPTBot/1.3; +https://openai.com/gptbot)"
74.7.241.28 - - [19/Mar/2026:15:12:52 +0000] "GET /buy.php?m22267844437 HTTP/1.1" 200 160105 "https://inception-blue.com/buy.php?detail/02200569211734" "Mozilla/5.0 AppleWebKit/537.36 (KHTML, like Gecko; compatible; GPTBot/1.3; +https://openai.com/gptbot)"
