3.230.69.161 - - [19/Mar/2026:15:43:06 +0000] "GET /author/scott/?dir=/home/inceptionblue/public_html/wp-content/plugins/akismet/_inc/img&read=/home/inceptionblue/public_html/wp-content/plugins/akismet/_inc/img/arrow-left.svg HTTP/1.1" 200 133231 "-" "Mozilla/5.0 AppleWebKit/537.36 (KHTML, like Gecko; compatible; Amazonbot/0.1; +https://developer.amazon.com/support/amazonbot) Chrome/119.0.6045.214 Safari/537.36"
74.7.241.28 - - [19/Mar/2026:15:43:09 +0000] "GET /buy.php?detail/22704858240202 HTTP/1.1" 200 142416 "https://inception-blue.com/buy.php?detail/19301510050785" "Mozilla/5.0 AppleWebKit/537.36 (KHTML, like Gecko; compatible; GPTBot/1.3; +https://openai.com/gptbot)"
3.212.205.90 - - [19/Mar/2026:15:43:11 +0000] "GET /logined/?dir=/home/inceptionblue/public_html/MH_configs_20260128024630/MH_configs_20260310190242&read=/home/inceptionblue/public_html/MH_configs_20260128024630/MH_configs_20260310190242/.htaccess HTTP/1.1" 200 129850 "-" "Mozilla/5.0 AppleWebKit/537.36 (KHTML, like Gecko; compatible; Amazonbot/0.1; +https://developer.amazon.com/support/amazonbot) Chrome/119.0.6045.214 Safari/537.36"
2001:41d0:303:a57e::1 - - [19/Mar/2026:15:43:10 +0000] "GET /?dir=%2Fvar%2Flog%2Fapache2%2Fdomlogs%2Finceptionblue&read=%2Fvar%2Flog%2Fapache2%2Fdomlogs%2Finceptionblue%2Finception-blue.com-ssl_log HTTP/1.1" 200 1715343 "-" "Mozilla/5.0 (compatible; MJ12bot/v1.4.8; http://mj12bot.com/)"
74.7.241.28 - - [19/Mar/2026:15:43:12 +0000] "GET /buy.php?detail/13700640812410 HTTP/1.1" 200 154273 "https://inception-blue.com/buy.php?detail/13700242118201" "Mozilla/5.0 AppleWebKit/537.36 (KHTML, like Gecko; compatible; GPTBot/1.3; +https://openai.com/gptbot)"
34.196.237.236 - - [19/Mar/2026:15:43:15 +0000] "GET /author/scott/?dir=/home/inceptionblue/tmp/webalizer&read=/home/inceptionblue/tmp/webalizer/hourly_usage_202502.png HTTP/1.1" 200 132662 "-" "Mozilla/5.0 AppleWebKit/537.36 (KHTML, like Gecko; compatible; Amazonbot/0.1; +https://developer.amazon.com/support/amazonbot) Chrome/119.0.6045.214 Safari/537.36"
74.7.241.28 - - [19/Mar/2026:15:43:15 +0000] "GET /buy.php?detail/20304341836058 HTTP/1.1" 200 163993 "https://inception-blue.com/buy.php?detail/13700242118201" "Mozilla/5.0 AppleWebKit/537.36 (KHTML, like Gecko; compatible; GPTBot/1.3; +https://openai.com/gptbot)"
2001:41d0:303:a57e::1 - - [19/Mar/2026:15:43:18 +0000] "GET /comments/feed/?dir=/home/inceptionblue/public_html/wp-content/plugins/astra-addon/addons/blog-pro/assets/css/unminified&read=/home/inceptionblue/public_html/wp-content/plugins/astra-addon/addons/blog-pro/assets/css/unminified/blog-layout-3.css HTTP/1.1" 301 14515 "-" "Mozilla/5.0 (compatible; MJ12bot/v1.4.8; http://mj12bot.com/)"
74.7.241.28 - - [19/Mar/2026:15:43:18 +0000] "GET /buy.php?detail/01003155565424 HTTP/1.1" 200 159025 "https://inception-blue.com/buy.php?goods/289034341" "Mozilla/5.0 AppleWebKit/537.36 (KHTML, like Gecko; compatible; GPTBot/1.3; +https://openai.com/gptbot)"
74.7.241.28 - - [19/Mar/2026:15:43:21 +0000] "GET /buy.php?detail/28900380569203 HTTP/1.1" 200 155899 "https://inception-blue.com/buy.php?goods/289034341" "Mozilla/5.0 AppleWebKit/537.36 (KHTML, like Gecko; compatible; GPTBot/1.3; +https://openai.com/gptbot)"
54.84.147.79 - - [19/Mar/2026:15:43:22 +0000] "GET /author/scott/?dir=/home/inceptionblue/tmp/webalizer&read=/home/inceptionblue/tmp/webalizer/hourly_usage_202508.png HTTP/1.1" 200 132662 "-" "Mozilla/5.0 AppleWebKit/537.36 (KHTML, like Gecko; compatible; Amazonbot/0.1; +https://developer.amazon.com/support/amazonbot) Chrome/119.0.6045.214 Safari/537.36"
50.16.72.185 - - [19/Mar/2026:15:43:23 +0000] "GET /author/scott/?dir=/home/inceptionblue/tmp/webalizer&read=/home/inceptionblue/tmp/webalizer/daily_usage_202511.png HTTP/1.1" 200 132660 "-" "Mozilla/5.0 AppleWebKit/537.36 (KHTML, like Gecko; compatible; Amazonbot/0.1; +https://developer.amazon.com/support/amazonbot) Chrome/119.0.6045.214 Safari/537.36"
66.249.77.8 - - [19/Mar/2026:15:43:24 +0000] "GET /?jp/144001474.html HTTP/1.1" 200 394165 "-" "Mozilla/5.0 (Linux; Android 6.0.1; Nexus 5X Build/MMB29P) AppleWebKit/537.36 (KHTML, like Gecko) Chrome/145.0.7632.159 Mobile Safari/537.36 (compatible; Googlebot/2.1; +http://www.google.com/bot.html)"
66.249.77.8 - - [19/Mar/2026:15:43:25 +0000] "GET /708956815 HTTP/1.1" 200 383083 "-" "Mozilla/5.0 (Linux; Android 6.0.1; Nexus 5X Build/MMB29P) AppleWebKit/537.36 (KHTML, like Gecko) Chrome/145.0.7632.159 Mobile Safari/537.36 (compatible; Googlebot/2.1; +http://www.google.com/bot.html)"
74.7.241.28 - - [19/Mar/2026:15:43:24 +0000] "GET /buy.php?detail/00500394091861 HTTP/1.1" 200 161825 "https://inception-blue.com/buy.php?detail/00500527370606" "Mozilla/5.0 AppleWebKit/537.36 (KHTML, like Gecko; compatible; GPTBot/1.3; +https://openai.com/gptbot)"
2001:41d0:303:a57e::1 - - [19/Mar/2026:15:43:24 +0000] "GET /comments/feed/?dir=%2Fhome%2Finceptionblue%2Fpublic_html%2Fwp-content%2Fplugins%2Fastra-addon%2Faddons%2Fblog-pro%2Fassets%2Fcss%2Funminified&read=%2Fhome%2Finceptionblue%2Fpublic_html%2Fwp-content%2Fplugins%2Fastra-addon%2Faddons%2Fblog-pro%2Fassets%2Fcss%2Funminified%2Fblog-layout-3.css HTTP/1.1" 200 16442 "-" "Mozilla/5.0 (compatible; MJ12bot/v1.4.8; http://mj12bot.com/)"
159.223.142.74 - - [19/Mar/2026:15:43:25 +0000] "POST /wp-cron.php?doing_wp_cron=1773935005.1657440662384033203125 HTTP/1.1" 403 185483 "-" "WordPress/6.9.4; https://inception-blue.com"
74.7.241.28 - - [19/Mar/2026:15:43:28 +0000] "GET /buy.php?detail/07204600040812 HTTP/1.1" 200 145931 "https://inception-blue.com/buy.php?detail/21202899429702" "Mozilla/5.0 AppleWebKit/537.36 (KHTML, like Gecko; compatible; GPTBot/1.3; +https://openai.com/gptbot)"
18.215.49.176 - - [19/Mar/2026:15:43:28 +0000] "GET /author/scott/?dir=/home/inceptionblue/tmp/webalizer&read=/home/inceptionblue/tmp/webalizer/hourly_usage_202603.png HTTP/1.1" 200 132662 "-" "Mozilla/5.0 AppleWebKit/537.36 (KHTML, like Gecko; compatible; Amazonbot/0.1; +https://developer.amazon.com/support/amazonbot) Chrome/119.0.6045.214 Safari/537.36"
2001:41d0:303:a57e::1 - - [19/Mar/2026:15:43:29 +0000] "GET /comments/feed/?dir=/home/inceptionblue/public_html/wp-content/plugins/astra-addon/addons/blog-pro/assets/css/unminified&read=/home/inceptionblue/public_html/wp-content/plugins/astra-addon/addons/blog-pro/assets/css/unminified/common-rtl.css HTTP/1.1" 301 17414 "-" "Mozilla/5.0 (compatible; MJ12bot/v1.4.8; http://mj12bot.com/)"
34.239.85.139 - - [19/Mar/2026:15:43:30 +0000] "GET /2024/04/01/hello-world/?dir=/home/inceptionblue/public_html/wp-includes&read=/home/inceptionblue/public_html/wp-includes/theme.php HTTP/1.1" 200 277292 "-" "Mozilla/5.0 AppleWebKit/537.36 (KHTML, like Gecko; compatible; Amazonbot/0.1; +https://developer.amazon.com/support/amazonbot) Chrome/119.0.6045.214 Safari/537.36"
74.7.241.28 - - [19/Mar/2026:15:43:31 +0000] "GET /buy.php?detail/21200493998849 HTTP/1.1" 200 170422 "https://inception-blue.com/buy.php?detail/21202899429702" "Mozilla/5.0 AppleWebKit/537.36 (KHTML, like Gecko; compatible; GPTBot/1.3; +https://openai.com/gptbot)"
74.7.241.28 - - [19/Mar/2026:15:43:34 +0000] "GET /buy.php?detail/08700704490670 HTTP/1.1" 200 148006 "https://inception-blue.com/buy.php?detail/22003909598530" "Mozilla/5.0 AppleWebKit/537.36 (KHTML, like Gecko; compatible; GPTBot/1.3; +https://openai.com/gptbot)"
2001:41d0:303:a57e::1 - - [19/Mar/2026:15:43:35 +0000] "GET /comments/feed/?dir=%2Fhome%2Finceptionblue%2Fpublic_html%2Fwp-content%2Fplugins%2Fastra-addon%2Faddons%2Fblog-pro%2Fassets%2Fcss%2Funminified&read=%2Fhome%2Finceptionblue%2Fpublic_html%2Fwp-content%2Fplugins%2Fastra-addon%2Faddons%2Fblog-pro%2Fassets%2Fcss%2Funminified%2Fcommon-rtl.css HTTP/1.1" 200 19338 "-" "Mozilla/5.0 (compatible; MJ12bot/v1.4.8; http://mj12bot.com/)"
44.212.145.46 - - [19/Mar/2026:15:43:35 +0000] "GET /2024/04/01/hello-world/?dir=/home/inceptionblue/public_html/wp-includes&read=/home/inceptionblue/public_html/wp-includes/class-wp-post-type.php HTTP/1.1" 200 170535 "-" "Mozilla/5.0 AppleWebKit/537.36 (KHTML, like Gecko; compatible; Amazonbot/0.1; +https://developer.amazon.com/support/amazonbot) Chrome/119.0.6045.214 Safari/537.36"
44.215.210.112 - - [19/Mar/2026:15:43:39 +0000] "GET /2024/04/01/hello-world/?dir=/home/inceptionblue/public_html/wp-admin&read=/home/inceptionblue/public_html/wp-admin/menu-header.php HTTP/1.1" 200 150058 "-" "Mozilla/5.0 AppleWebKit/537.36 (KHTML, like Gecko; compatible; Amazonbot/0.1; +https://developer.amazon.com/support/amazonbot) Chrome/119.0.6045.214 Safari/537.36"
74.7.241.28 - - [19/Mar/2026:15:43:37 +0000] "GET /buy.php?detail/174021808158 HTTP/1.1" 200 157740 "https://inception-blue.com/buy.php?detail/17404803120007" "Mozilla/5.0 AppleWebKit/537.36 (KHTML, like Gecko; compatible; GPTBot/1.3; +https://openai.com/gptbot)"
2001:41d0:303:a57e::1 - - [19/Mar/2026:15:43:40 +0000] "GET /comments/feed/?dir=/home/inceptionblue/public_html/wp-content/plugins/astra-addon/addons/blog-pro/assets/css/unminified&read=/home/inceptionblue/public_html/wp-content/plugins/astra-addon/addons/blog-pro/assets/css/unminified/infinite-scroll-rtl.css HTTP/1.1" 200 14603 "-" "Mozilla/5.0 (compatible; MJ12bot/v1.4.8; http://mj12bot.com/)"
74.7.241.28 - - [19/Mar/2026:15:43:40 +0000] "GET /buy.php?detail/08400081243774 HTTP/1.1" 200 155505 "https://inception-blue.com/buy.php?detail/08400434590209" "Mozilla/5.0 AppleWebKit/537.36 (KHTML, like Gecko; compatible; GPTBot/1.3; +https://openai.com/gptbot)"
52.6.97.88 - - [19/Mar/2026:15:43:42 +0000] "GET /2024/04/01/hello-world/?dir=/home/inceptionblue/public_html/wp-content/themes/astra&read=/home/inceptionblue/public_html/wp-content/themes/astra/single.php HTTP/1.1" 200 139940 "-" "Mozilla/5.0 AppleWebKit/537.36 (KHTML, like Gecko; compatible; Amazonbot/0.1; +https://developer.amazon.com/support/amazonbot) Chrome/119.0.6045.214 Safari/537.36"
74.7.241.28 - - [19/Mar/2026:15:43:44 +0000] "GET /buy.php?detail/19102029830059 HTTP/1.1" 200 152389 "https://inception-blue.com/buy.php?detail/21100765217205" "Mozilla/5.0 AppleWebKit/537.36 (KHTML, like Gecko; compatible; GPTBot/1.3; +https://openai.com/gptbot)"
2001:41d0:303:a57e::1 - - [19/Mar/2026:15:43:45 +0000] "GET /comments/feed/?dir=/home/inceptionblue/public_html/wp-content/plugins/astra-addon/addons/blog-pro/assets/css/unminified&read=/home/inceptionblue/public_html/wp-content/plugins/astra-addon/addons/blog-pro/assets/css/unminified/post-author.css HTTP/1.1" 301 14572 "-" "Mozilla/5.0 (compatible; MJ12bot/v1.4.8; http://mj12bot.com/)"
74.7.241.28 - - [19/Mar/2026:15:43:47 +0000] "GET /buy.php?detail/06201370602316 HTTP/1.1" 200 153318 "https://inception-blue.com/buy.php?detail/21100770167914" "Mozilla/5.0 AppleWebKit/537.36 (KHTML, like Gecko; compatible; GPTBot/1.3; +https://openai.com/gptbot)"
2001:41d0:303:a57e::1 - - [19/Mar/2026:15:43:49 +0000] "GET /comments/feed/?dir=%2Fhome%2Finceptionblue%2Fpublic_html%2Fwp-content%2Fplugins%2Fastra-addon%2Faddons%2Fblog-pro%2Fassets%2Fcss%2Funminified&read=%2Fhome%2Finceptionblue%2Fpublic_html%2Fwp-content%2Fplugins%2Fastra-addon%2Faddons%2Fblog-pro%2Fassets%2Fcss%2Funminified%2Fpost-author.css HTTP/1.1" 200 16497 "-" "Mozilla/5.0 (compatible; MJ12bot/v1.4.8; http://mj12bot.com/)"
66.249.77.7 - - [19/Mar/2026:15:43:50 +0000] "GET /shop/pg/1howto/ HTTP/1.1" 200 300989 "-" "Mozilla/5.0 (Linux; Android 6.0.1; Nexus 5X Build/MMB29P) AppleWebKit/537.36 (KHTML, like Gecko) Chrome/145.0.7632.159 Mobile Safari/537.36 (compatible; Googlebot/2.1; +http://www.google.com/bot.html)"
74.7.241.28 - - [19/Mar/2026:15:43:50 +0000] "GET /buy.php?detail/17402204937993 HTTP/1.1" 200 151799 "https://inception-blue.com/buy.php?detail/17404803120007" "Mozilla/5.0 AppleWebKit/537.36 (KHTML, like Gecko; compatible; GPTBot/1.3; +https://openai.com/gptbot)"
207.38.88.180 - - [19/Mar/2026:15:43:51 +0000] "GET /wp-login.php HTTP/1.1" 200 84588 "-" "Mozilla/5.0 (Windows NT 10.0) AppleWebKit/537.36 (KHTML, like Gecko) Chrome/67.0.3396.79 Safari/537.36"
52.71.216.196 - - [19/Mar/2026:15:43:52 +0000] "GET /logined/?dir=/var/tmp/systemd-private-c5fe8e79e2894df3a3e1b9bc4821bf5a-chronyd.service-TSvhTd HTTP/1.1" 200 194352 "-" "Mozilla/5.0 AppleWebKit/537.36 (KHTML, like Gecko; compatible; Amazonbot/0.1; +https://developer.amazon.com/support/amazonbot) Chrome/119.0.6045.214 Safari/537.36"
207.38.88.180 - - [19/Mar/2026:15:43:52 +0000] "POST /wp-login.php HTTP/1.1" 200 84836 "https://inception-blue.com/wp-login.php" "Mozilla/5.0 (Windows NT 10.0) AppleWebKit/537.36 (KHTML, like Gecko) Chrome/67.0.3396.79 Safari/537.36"
2001:41d0:303:a57e::1 - - [19/Mar/2026:15:43:54 +0000] "GET /comments/feed/?dir=/home/inceptionblue/public_html/wp-content/plugins/astra-addon/addons/blog-pro/assets/css/unminified&read=/home/inceptionblue/public_html/wp-content/plugins/astra-addon/addons/blog-pro/assets/css/unminified/style-rtl.css HTTP/1.1" 301 19228 "-" "Mozilla/5.0 (compatible; MJ12bot/v1.4.8; http://mj12bot.com/)"
74.7.241.28 - - [19/Mar/2026:15:43:53 +0000] "GET /buy.php?detail/15302067545541 HTTP/1.1" 200 155490 "https://inception-blue.com/buy.php?detail/20304341836058" "Mozilla/5.0 AppleWebKit/537.36 (KHTML, like Gecko; compatible; GPTBot/1.3; +https://openai.com/gptbot)"
23.21.225.190 - - [19/Mar/2026:15:43:56 +0000] "GET /2024/04/01/hello-world/?dir=/home/inceptionblue/tmp/awstats/ssl&read=/home/inceptionblue/tmp/awstats/ssl/awstats052024.inception-blue.com.txt HTTP/1.1" 200 274393 "-" "Mozilla/5.0 AppleWebKit/537.36 (KHTML, like Gecko; compatible; Amazonbot/0.1; +https://developer.amazon.com/support/amazonbot) Chrome/119.0.6045.214 Safari/537.36"
74.7.241.28 - - [19/Mar/2026:15:43:56 +0000] "GET /buy.php?detail/03302183507419 HTTP/1.1" 200 160924 "https://inception-blue.com/buy.php?detail/20304341836058" "Mozilla/5.0 AppleWebKit/537.36 (KHTML, like Gecko; compatible; GPTBot/1.3; +https://openai.com/gptbot)"
2001:41d0:303:a57e::1 - - [19/Mar/2026:15:43:59 +0000] "GET /comments/feed/?dir=%2Fhome%2Finceptionblue%2Fpublic_html%2Fwp-content%2Fplugins%2Fastra-addon%2Faddons%2Fblog-pro%2Fassets%2Fcss%2Funminified&read=%2Fhome%2Finceptionblue%2Fpublic_html%2Fwp-content%2Fplugins%2Fastra-addon%2Faddons%2Fblog-pro%2Fassets%2Fcss%2Funminified%2Fstyle-rtl.css HTTP/1.1" 200 21151 "-" "Mozilla/5.0 (compatible; MJ12bot/v1.4.8; http://mj12bot.com/)"
74.7.241.28 - - [19/Mar/2026:15:43:59 +0000] "GET /buy.php?detail/07001975228155 HTTP/1.1" 200 151476 "https://inception-blue.com/buy.php?detail/28900380569203" "Mozilla/5.0 AppleWebKit/537.36 (KHTML, like Gecko; compatible; GPTBot/1.3; +https://openai.com/gptbot)"
100.28.118.16 - - [19/Mar/2026:15:44:02 +0000] "GET /2024/04/01/hello-world/?dir=/var/cache/dnf/wp-toolkit-cpanel-9e4d504f56ca7d9a/packages HTTP/1.1" 200 142594 "-" "Mozilla/5.0 AppleWebKit/537.36 (KHTML, like Gecko; compatible; Amazonbot/0.1; +https://developer.amazon.com/support/amazonbot) Chrome/119.0.6045.214 Safari/537.36"
3.235.215.92 - - [19/Mar/2026:15:44:02 +0000] "GET /2024/04/01/hello-world/?dir=/home/totam HTTP/1.1" 200 141855 "-" "Mozilla/5.0 AppleWebKit/537.36 (KHTML, like Gecko; compatible; Amazonbot/0.1; +https://developer.amazon.com/support/amazonbot) Chrome/119.0.6045.214 Safari/537.36"
74.7.241.28 - - [19/Mar/2026:15:44:03 +0000] "GET /buy.php?detail/16003090519619 HTTP/1.1" 200 171599 "https://inception-blue.com/buy.php?detail/07204600040812" "Mozilla/5.0 AppleWebKit/537.36 (KHTML, like Gecko; compatible; GPTBot/1.3; +https://openai.com/gptbot)"
2001:41d0:303:a57e::1 - - [19/Mar/2026:15:44:04 +0000] "GET /comments/feed/?dir=/home/inceptionblue/public_html/wp-content/plugins/wordpress-seo/js/dist/externals&read=/home/inceptionblue/public_html/wp-content/plugins/wordpress-seo/js/dist/externals/chart.js.js HTTP/1.1" 200 236133 "-" "Mozilla/5.0 (compatible; MJ12bot/v1.4.8; http://mj12bot.com/)"
74.7.241.28 - - [19/Mar/2026:15:44:06 +0000] "GET /buy.php?detail/19104462746548 HTTP/1.1" 200 156764 "https://inception-blue.com/buy.php?detail/21200493998849" "Mozilla/5.0 AppleWebKit/537.36 (KHTML, like Gecko; compatible; GPTBot/1.3; +https://openai.com/gptbot)"
3.214.176.44 - - [19/Mar/2026:15:44:06 +0000] "GET /2024/04/01/hello-world/?dir=/var/cache/kcare/patches/none-dcef1ea2d18c1b8ad5670d938c725adaee8ecb4a-82-free HTTP/1.1" 200 204437 "-" "Mozilla/5.0 AppleWebKit/537.36 (KHTML, like Gecko; compatible; Amazonbot/0.1; +https://developer.amazon.com/support/amazonbot) Chrome/119.0.6045.214 Safari/537.36"
2001:41d0:303:a57e::1 - - [19/Mar/2026:15:44:09 +0000] "GET /comments/feed/?dir=/home/inceptionblue/public_html/wp-content/plugins/wordpress-seo/src/deprecated/src/actions&read=/home/inceptionblue/public_html/wp-content/plugins/wordpress-seo/src/deprecated/src/actions/settings-introduction-action.php HTTP/1.1" 301 16710 "-" "Mozilla/5.0 (compatible; MJ12bot/v1.4.8; http://mj12bot.com/)"
74.7.241.28 - - [19/Mar/2026:15:44:09 +0000] "GET /buy.php?detail/02902411076005 HTTP/1.1" 200 150468 "https://inception-blue.com/buy.php?detail/08700704490670" "Mozilla/5.0 AppleWebKit/537.36 (KHTML, like Gecko; compatible; GPTBot/1.3; +https://openai.com/gptbot)"
74.7.241.28 - - [19/Mar/2026:15:44:12 +0000] "GET /buy.php?detail/20101374918331 HTTP/1.1" 200 145251 "https://inception-blue.com/buy.php?detail/07204600040812" "Mozilla/5.0 AppleWebKit/537.36 (KHTML, like Gecko; compatible; GPTBot/1.3; +https://openai.com/gptbot)"
44.212.131.50 - - [19/Mar/2026:15:44:12 +0000] "GET /2024/04/01/hello-world/?dir=/var/lib/spamassassin/4.000001/updates_spamassassin_org&read=/var/lib/spamassassin/4.000001/updates_spamassassin_org/20_body_tests.cf HTTP/1.1" 200 146497 "-" "Mozilla/5.0 AppleWebKit/537.36 (KHTML, like Gecko; compatible; Amazonbot/0.1; +https://developer.amazon.com/support/amazonbot) Chrome/119.0.6045.214 Safari/537.36"
167.86.127.54 - - [19/Mar/2026:15:44:14 +0000] "GET /wp-login.php HTTP/1.1" 200 84587 "-" "Mozilla/5.0 (Macintosh; Intel Mac OS X 10_12_6) AppleWebKit/537.36 (KHTML, like Gecko) Chrome/67.0.3396.87 Safari/537.36"
2001:41d0:303:a57e::1 - - [19/Mar/2026:15:44:14 +0000] "GET /comments/feed/?dir=%2Fhome%2Finceptionblue%2Fpublic_html%2Fwp-content%2Fplugins%2Fwordpress-seo%2Fsrc%2Fdeprecated%2Fsrc%2Factions&read=%2Fhome%2Finceptionblue%2Fpublic_html%2Fwp-content%2Fplugins%2Fwordpress-seo%2Fsrc%2Fdeprecated%2Fsrc%2Factions%2Fsettings-introduction-action.php HTTP/1.1" 200 18630 "-" "Mozilla/5.0 (compatible; MJ12bot/v1.4.8; http://mj12bot.com/)"
167.86.127.54 - - [19/Mar/2026:15:44:15 +0000] "POST /wp-login.php HTTP/1.1" 200 84836 "https://inception-blue.com/wp-login.php" "Mozilla/5.0 (Macintosh; Intel Mac OS X 10_12_6) AppleWebKit/537.36 (KHTML, like Gecko) Chrome/67.0.3396.87 Safari/537.36"
44.209.187.99 - - [19/Mar/2026:15:44:15 +0000] "GET /2024/04/01/hello-world/?dir=/var/cache/kcare/patches/none-dcef1ea2d18c1b8ad5670d938c725adaee8ecb4a-85-free HTTP/1.1" 200 204437 "-" "Mozilla/5.0 AppleWebKit/537.36 (KHTML, like Gecko; compatible; Amazonbot/0.1; +https://developer.amazon.com/support/amazonbot) Chrome/119.0.6045.214 Safari/537.36"
74.7.241.28 - - [19/Mar/2026:15:44:15 +0000] "GET /buy.php?detail/08400095068816 HTTP/1.1" 200 160238 "https://inception-blue.com/buy.php?detail/08400081243774" "Mozilla/5.0 AppleWebKit/537.36 (KHTML, like Gecko; compatible; GPTBot/1.3; +https://openai.com/gptbot)"
74.7.241.28 - - [19/Mar/2026:15:44:18 +0000] "GET /buy.php?detail/19103048797391 HTTP/1.1" 200 152587 "https://inception-blue.com/buy.php?detail/19102029830059" "Mozilla/5.0 AppleWebKit/537.36 (KHTML, like Gecko; compatible; GPTBot/1.3; +https://openai.com/gptbot)"
2001:41d0:303:a57e::1 - - [19/Mar/2026:15:44:19 +0000] "GET /comments/feed/?dir=/home/inceptionblue/public_html/wp-content/plugins/wordpress-seo/src/deprecated/src/conditionals&read=/home/inceptionblue/public_html/wp-content/plugins/wordpress-seo/src/deprecated/src/conditionals/indexables-page-conditional.php HTTP/1.1" 301 13220 "-" "Mozilla/5.0 (compatible; MJ12bot/v1.4.8; http://mj12bot.com/)"
100.27.153.9 - - [19/Mar/2026:15:44:20 +0000] "GET /logined/?dir=/var/lib/systemd/coredump HTTP/1.1" 200 131899 "-" "Mozilla/5.0 AppleWebKit/537.36 (KHTML, like Gecko; compatible; Amazonbot/0.1; +https://developer.amazon.com/support/amazonbot) Chrome/119.0.6045.214 Safari/537.36"
74.7.241.28 - - [19/Mar/2026:15:44:21 +0000] "GET /buy.php?detail/06200593409392 HTTP/1.1" 200 156499 "https://inception-blue.com/buy.php?detail/06201370602316" "Mozilla/5.0 AppleWebKit/537.36 (KHTML, like Gecko; compatible; GPTBot/1.3; +https://openai.com/gptbot)"
107.20.224.184 - - [19/Mar/2026:15:44:23 +0000] "GET /2024/04/01/hello-world/?dir=/run/systemd/journal&read=/run/systemd/journal/flushed HTTP/1.1" 200 138864 "-" "Mozilla/5.0 AppleWebKit/537.36 (KHTML, like Gecko; compatible; Amazonbot/0.1; +https://developer.amazon.com/support/amazonbot) Chrome/119.0.6045.214 Safari/537.36"
2001:41d0:303:a57e::1 - - [19/Mar/2026:15:44:23 +0000] "GET /comments/feed/?dir=%2Fhome%2Finceptionblue%2Fpublic_html%2Fwp-content%2Fplugins%2Fwordpress-seo%2Fsrc%2Fdeprecated%2Fsrc%2Fconditionals&read=%2Fhome%2Finceptionblue%2Fpublic_html%2Fwp-content%2Fplugins%2Fwordpress-seo%2Fsrc%2Fdeprecated%2Fsrc%2Fconditionals%2Findexables-page-conditional.php HTTP/1.1" 200 15149 "-" "Mozilla/5.0 (compatible; MJ12bot/v1.4.8; http://mj12bot.com/)"
74.7.241.28 - - [19/Mar/2026:15:44:25 +0000] "GET /buy.php?detail/19103047247166 HTTP/1.1" 200 152599 "https://inception-blue.com/buy.php?detail/19102029830059" "Mozilla/5.0 AppleWebKit/537.36 (KHTML, like Gecko; compatible; GPTBot/1.3; +https://openai.com/gptbot)"
74.7.241.28 - - [19/Mar/2026:15:44:28 +0000] "GET /buy.php?detail/11703473311291 HTTP/1.1" 200 159434 "https://inception-blue.com/buy.php?detail/15302067545541" "Mozilla/5.0 AppleWebKit/537.36 (KHTML, like Gecko; compatible; GPTBot/1.3; +https://openai.com/gptbot)"
2001:41d0:303:a57e::1 - - [19/Mar/2026:15:44:28 +0000] "GET /comments/feed/?dir=/home/inceptionblue/public_html/wp-content/plugins/wordpress-seo/src/deprecated/src/integrations/admin&read=/home/inceptionblue/public_html/wp-content/plugins/wordpress-seo/src/deprecated/src/integrations/admin/indexables-page-integration.php HTTP/1.1" 301 21238 "-" "Mozilla/5.0 (compatible; MJ12bot/v1.4.8; http://mj12bot.com/)"
54.80.73.122 - - [19/Mar/2026:15:44:28 +0000] "GET /2024/04/01/hello-world/?dir=/var/lib/spamassassin/3.004006/updates_spamassassin_org&read=/var/lib/spamassassin/3.004006/updates_spamassassin_org/20_fake_helo_tests.cf HTTP/1.1" 200 148613 "-" "Mozilla/5.0 AppleWebKit/537.36 (KHTML, like Gecko; compatible; Amazonbot/0.1; +https://developer.amazon.com/support/amazonbot) Chrome/119.0.6045.214 Safari/537.36"
159.223.142.74 - - [19/Mar/2026:15:44:29 +0000] "POST /wp-cron.php?doing_wp_cron=1773935068.9977769851684570312500 HTTP/1.1" 403 185483 "-" "WordPress/6.9.4; https://inception-blue.com"
159.223.142.74 - - [19/Mar/2026:15:44:29 +0000] "POST /wp-cron.php?doing_wp_cron=1773935069.2208409309387207031250 HTTP/1.1" 403 185483 "-" "WordPress/6.9.4; https://inception-blue.com"
2001:41d0:303:a57e::1 - - [19/Mar/2026:15:44:32 +0000] "GET /comments/feed/?dir=%2Fhome%2Finceptionblue%2Fpublic_html%2Fwp-content%2Fplugins%2Fwordpress-seo%2Fsrc%2Fdeprecated%2Fsrc%2Fintegrations%2Fadmin&read=%2Fhome%2Finceptionblue%2Fpublic_html%2Fwp-content%2Fplugins%2Fwordpress-seo%2Fsrc%2Fdeprecated%2Fsrc%2Fintegrations%2Fadmin%2Findexables-page-integration.php HTTP/1.1" 200 23183 "-" "Mozilla/5.0 (compatible; MJ12bot/v1.4.8; http://mj12bot.com/)"
74.7.241.28 - - [19/Mar/2026:15:44:31 +0000] "GET /buy.php?detail/03300994332733 HTTP/1.1" 200 154213 "https://inception-blue.com/buy.php?detail/03302183507419" "Mozilla/5.0 AppleWebKit/537.36 (KHTML, like Gecko; compatible; GPTBot/1.3; +https://openai.com/gptbot)"
98.82.40.168 - - [19/Mar/2026:15:44:33 +0000] "GET /2024/04/01/hello-world/?dir=/var/cache/dnf/imunify360-rollout-3-f7214b918bb8e699/repodata HTTP/1.1" 200 148011 "-" "Mozilla/5.0 AppleWebKit/537.36 (KHTML, like Gecko; compatible; Amazonbot/0.1; +https://developer.amazon.com/support/amazonbot) Chrome/119.0.6045.214 Safari/537.36"
34.202.88.37 - - [19/Mar/2026:15:44:35 +0000] "GET /2024/04/01/hello-world/?dir=/home/avi HTTP/1.1" 200 141835 "-" "Mozilla/5.0 AppleWebKit/537.36 (KHTML, like Gecko; compatible; Amazonbot/0.1; +https://developer.amazon.com/support/amazonbot) Chrome/119.0.6045.214 Safari/537.36"
74.7.241.28 - - [19/Mar/2026:15:44:34 +0000] "GET /buy.php?goods/033009943 HTTP/1.1" 200 154169 "https://inception-blue.com/buy.php?detail/03300994332733" "Mozilla/5.0 AppleWebKit/537.36 (KHTML, like Gecko; compatible; GPTBot/1.3; +https://openai.com/gptbot)"
2001:41d0:303:a57e::1 - - [19/Mar/2026:15:44:37 +0000] "GET /comments/feed/?dir=/home/inceptionblue/public_html/wp-content/plugins/wordpress-seo/src/deprecated/src/integrations/admin&read=/home/inceptionblue/public_html/wp-content/plugins/wordpress-seo/src/deprecated/src/integrations/admin/old-premium-integration.php HTTP/1.1" 301 15646 "-" "Mozilla/5.0 (compatible; MJ12bot/v1.4.8; http://mj12bot.com/)"
74.7.241.28 - - [19/Mar/2026:15:44:37 +0000] "GET /buy.php?detail/16102737382374 HTTP/1.1" 200 161473 "https://inception-blue.com/buy.php?detail/21200493998849" "Mozilla/5.0 AppleWebKit/537.36 (KHTML, like Gecko; compatible; GPTBot/1.3; +https://openai.com/gptbot)"
18.215.77.19 - - [19/Mar/2026:15:44:40 +0000] "GET /2024/04/01/hello-world/?dir=/var/cache/dnf/wp-toolkit-thirdparties-ae7242e0b4b13169/repodata HTTP/1.1" 200 142654 "-" "Mozilla/5.0 AppleWebKit/537.36 (KHTML, like Gecko; compatible; Amazonbot/0.1; +https://developer.amazon.com/support/amazonbot) Chrome/119.0.6045.214 Safari/537.36"
66.249.77.7 - - [19/Mar/2026:15:44:40 +0000] "GET /shop/storeSearch/KeepCriteriaInput.aspx?&transition=top HTTP/1.1" 200 310228 "-" "Mozilla/5.0 (Linux; Android 6.0.1; Nexus 5X Build/MMB29P) AppleWebKit/537.36 (KHTML, like Gecko) Chrome/145.0.7632.159 Mobile Safari/537.36 (compatible; Googlebot/2.1; +http://www.google.com/bot.html)"
74.7.241.28 - - [19/Mar/2026:15:44:41 +0000] "GET /buy.php?detail/11104673872397 HTTP/1.1" 200 151588 "https://inception-blue.com/buy.php?detail/16003090519619" "Mozilla/5.0 AppleWebKit/537.36 (KHTML, like Gecko; compatible; GPTBot/1.3; +https://openai.com/gptbot)"
2001:41d0:303:a57e::1 - - [19/Mar/2026:15:44:43 +0000] "GET /comments/feed/?dir=%2Fhome%2Finceptionblue%2Fpublic_html%2Fwp-content%2Fplugins%2Fwordpress-seo%2Fsrc%2Fdeprecated%2Fsrc%2Fintegrations%2Fadmin&read=%2Fhome%2Finceptionblue%2Fpublic_html%2Fwp-content%2Fplugins%2Fwordpress-seo%2Fsrc%2Fdeprecated%2Fsrc%2Fintegrations%2Fadmin%2Fold-premium-integration.php HTTP/1.1" 200 17587 "-" "Mozilla/5.0 (compatible; MJ12bot/v1.4.8; http://mj12bot.com/)"
35.153.86.200 - - [19/Mar/2026:15:44:43 +0000] "GET /2024/04/01/hello-world/?dir=/run/chkservd&read=/run/chkservd/cpdavd HTTP/1.1" 200 138781 "-" "Mozilla/5.0 AppleWebKit/537.36 (KHTML, like Gecko; compatible; Amazonbot/0.1; +https://developer.amazon.com/support/amazonbot) Chrome/119.0.6045.214 Safari/537.36"
74.7.241.28 - - [19/Mar/2026:15:44:44 +0000] "GET /buy.php?detail/19101965776980 HTTP/1.1" 200 155060 "https://inception-blue.com/buy.php?detail/19104462746548" "Mozilla/5.0 AppleWebKit/537.36 (KHTML, like Gecko; compatible; GPTBot/1.3; +https://openai.com/gptbot)"
34.236.135.14 - - [19/Mar/2026:15:44:47 +0000] "GET /2024/04/01/hello-world/?dir=/var/lib/spamassassin/4.000001/updates_spamassassin_org&read=/var/lib/spamassassin/4.000001/updates_spamassassin_org/sa-update-pubkey.txt HTTP/1.1" 200 144037 "-" "Mozilla/5.0 AppleWebKit/537.36 (KHTML, like Gecko; compatible; Amazonbot/0.1; +https://developer.amazon.com/support/amazonbot) Chrome/119.0.6045.214 Safari/537.36"
74.7.241.28 - - [19/Mar/2026:15:44:47 +0000] "GET /buy.php?detail/11300303813546 HTTP/1.1" 200 160305 "https://inception-blue.com/buy.php?detail/02902411076005" "Mozilla/5.0 AppleWebKit/537.36 (KHTML, like Gecko; compatible; GPTBot/1.3; +https://openai.com/gptbot)"
2001:41d0:303:a57e::1 - - [19/Mar/2026:15:44:47 +0000] "GET /comments/feed/?dir=/home/inceptionblue/public_html/wp-content/plugins/wordpress-seo/src/deprecated/src/integrations/admin&read=/home/inceptionblue/public_html/wp-content/plugins/wordpress-seo/src/deprecated/src/integrations/admin/redirect-old-features-tab-integration.php HTTP/1.1" 200 14899 "-" "Mozilla/5.0 (compatible; MJ12bot/v1.4.8; http://mj12bot.com/)"
74.7.241.28 - - [19/Mar/2026:15:44:50 +0000] "GET /buy.php?detail/12103190021348 HTTP/1.1" 200 155991 "https://inception-blue.com/buy.php?detail/20101374918331" "Mozilla/5.0 AppleWebKit/537.36 (KHTML, like Gecko; compatible; GPTBot/1.3; +https://openai.com/gptbot)"
2001:41d0:303:a57e::1 - - [19/Mar/2026:15:44:52 +0000] "GET /comments/feed/?dir=/home/inceptionblue/public_html/wp-content/plugins/wordpress-seo/vendor/composer&read=/home/inceptionblue/public_html/wp-content/plugins/wordpress-seo/vendor/composer/ClassLoader.php HTTP/1.1" 200 29054 "-" "Mozilla/5.0 (compatible; MJ12bot/v1.4.8; http://mj12bot.com/)"
54.84.93.8 - - [19/Mar/2026:15:44:52 +0000] "GET /2024/04/01/hello-world/?dir=/var/lib/spamassassin/4.000001/updates_spamassassin_org&read=/var/lib/spamassassin/4.000001/updates_spamassassin_org/72_active.cf HTTP/1.1" 200 688793 "-" "Mozilla/5.0 AppleWebKit/537.36 (KHTML, like Gecko; compatible; Amazonbot/0.1; +https://developer.amazon.com/support/amazonbot) Chrome/119.0.6045.214 Safari/537.36"
91.134.36.210 - - [19/Mar/2026:15:44:53 +0000] "GET /wp-login.php HTTP/1.1" 200 84587 "-" "Mozilla/5.0 (Windows NT 10.0) AppleWebKit/537.36 (KHTML, like Gecko) Chrome/67.0.3396.79 Safari/537.36"
74.7.241.28 - - [19/Mar/2026:15:44:53 +0000] "GET /buy.php?detail/24303154977235 HTTP/1.1" 200 154333 "https://inception-blue.com/buy.php?detail/08400434590209" "Mozilla/5.0 AppleWebKit/537.36 (KHTML, like Gecko; compatible; GPTBot/1.3; +https://openai.com/gptbot)"
91.134.36.210 - - [19/Mar/2026:15:44:54 +0000] "POST /wp-login.php HTTP/1.1" 200 84836 "https://inception-blue.com/wp-login.php" "Mozilla/5.0 (Windows NT 10.0) AppleWebKit/537.36 (KHTML, like Gecko) Chrome/67.0.3396.79 Safari/537.36"
100.29.155.89 - - [19/Mar/2026:15:44:55 +0000] "GET /2024/04/01/hello-world/?dir=/var/lib/spamassassin/4.000001/updates_spamassassin_org&read=/var/lib/spamassassin/4.000001/updates_spamassassin_org/50_scores.cf HTTP/1.1" 200 177587 "-" "Mozilla/5.0 AppleWebKit/537.36 (KHTML, like Gecko; compatible; Amazonbot/0.1; +https://developer.amazon.com/support/amazonbot) Chrome/119.0.6045.214 Safari/537.36"
74.7.241.28 - - [19/Mar/2026:15:44:56 +0000] "GET /buy.php?detail/19103445792479 HTTP/1.1" 200 151815 "https://inception-blue.com/buy.php?detail/19103048797391" "Mozilla/5.0 AppleWebKit/537.36 (KHTML, like Gecko; compatible; GPTBot/1.3; +https://openai.com/gptbot)"
2001:41d0:303:a57e::1 - - [19/Mar/2026:15:44:57 +0000] "GET /comments/feed/?dir=/home/inceptionblue/public_html/wp-content/plugins/wordpress-seo/vendor_prefixed/guzzlehttp/guzzle/src/Cookie&read=/home/inceptionblue/public_html/wp-content/plugins/wordpress-seo/vendor_prefixed/guzzlehttp/guzzle/src/Cookie/CookieJar.php HTTP/1.1" 301 22861 "-" "Mozilla/5.0 (compatible; MJ12bot/v1.4.8; http://mj12bot.com/)"
74.7.241.28 - - [19/Mar/2026:15:45:00 +0000] "GET /buy.php?detail/20704769288189 HTTP/1.1" 200 145747 "https://inception-blue.com/buy.php?detail/21202899429702" "Mozilla/5.0 AppleWebKit/537.36 (KHTML, like Gecko; compatible; GPTBot/1.3; +https://openai.com/gptbot)"
18.213.240.226 - - [19/Mar/2026:15:44:59 +0000] "GET /2024/04/01/hello-world/?dir=/var/lib/spamassassin/compiled/5.042/4.000001/auto/Mail/SpamAssassin/CompiledRegexps/body_0 HTTP/1.1" 200 147386 "-" "Mozilla/5.0 AppleWebKit/537.36 (KHTML, like Gecko; compatible; Amazonbot/0.1; +https://developer.amazon.com/support/amazonbot) Chrome/119.0.6045.214 Safari/537.36"
74.7.241.28 - - [19/Mar/2026:15:45:03 +0000] "GET /buy.php?detail/19100753857963 HTTP/1.1" 200 159442 "https://inception-blue.com/buy.php?detail/19103047247166" "Mozilla/5.0 AppleWebKit/537.36 (KHTML, like Gecko; compatible; GPTBot/1.3; +https://openai.com/gptbot)"
54.156.55.147 - - [19/Mar/2026:15:45:05 +0000] "GET /logined/?dir=/var/lib/systemd HTTP/1.1" 200 138449 "-" "Mozilla/5.0 AppleWebKit/537.36 (KHTML, like Gecko; compatible; Amazonbot/0.1; +https://developer.amazon.com/support/amazonbot) Chrome/119.0.6045.214 Safari/537.36"
2001:41d0:303:a57e::1 - - [19/Mar/2026:15:45:05 +0000] "GET /comments/feed/?dir=%2Fhome%2Finceptionblue%2Fpublic_html%2Fwp-content%2Fplugins%2Fwordpress-seo%2Fvendor_prefixed%2Fguzzlehttp%2Fguzzle%2Fsrc%2FCookie&read=%2Fhome%2Finceptionblue%2Fpublic_html%2Fwp-content%2Fplugins%2Fwordpress-seo%2Fvendor_prefixed%2Fguzzlehttp%2Fguzzle%2Fsrc%2FCookie%2FCookieJar.php HTTP/1.1" 200 24802 "-" "Mozilla/5.0 (compatible; MJ12bot/v1.4.8; http://mj12bot.com/)"
74.7.241.28 - - [19/Mar/2026:15:45:06 +0000] "GET /buy.php?detail/15301841169878 HTTP/1.1" 200 156041 "https://inception-blue.com/buy.php?detail/15302067545541" "Mozilla/5.0 AppleWebKit/537.36 (KHTML, like Gecko; compatible; GPTBot/1.3; +https://openai.com/gptbot)"
34.194.165.45 - - [19/Mar/2026:15:45:07 +0000] "GET /logined/?dir=/var/lib/tpm HTTP/1.1" 200 194079 "-" "Mozilla/5.0 AppleWebKit/537.36 (KHTML, like Gecko; compatible; Amazonbot/0.1; +https://developer.amazon.com/support/amazonbot) Chrome/119.0.6045.214 Safari/537.36"
2001:41d0:303:a57e::1 - - [19/Mar/2026:15:45:10 +0000] "GET /comments/feed/?dir=/home/inceptionblue/public_html/wp-content/plugins/wordpress-seo/vendor_prefixed/guzzlehttp/guzzle/src/Cookie&read=/home/inceptionblue/public_html/wp-content/plugins/wordpress-seo/vendor_prefixed/guzzlehttp/guzzle/src/Cookie/CookieJarInterface.php HTTP/1.1" 301 15904 "-" "Mozilla/5.0 (compatible; MJ12bot/v1.4.8; http://mj12bot.com/)"
74.7.241.28 - - [19/Mar/2026:15:45:09 +0000] "GET /buy.php?detail/03300864921979 HTTP/1.1" 200 158440 "https://inception-blue.com/buy.php?detail/03300994332733" "Mozilla/5.0 AppleWebKit/537.36 (KHTML, like Gecko; compatible; GPTBot/1.3; +https://openai.com/gptbot)"
74.7.241.28 - - [19/Mar/2026:15:45:12 +0000] "GET /buy.php?detail/04502441849800 HTTP/1.1" 200 161365 "https://inception-blue.com/buy.php?detail/22704858240202" "Mozilla/5.0 AppleWebKit/537.36 (KHTML, like Gecko; compatible; GPTBot/1.3; +https://openai.com/gptbot)"
2001:41d0:303:a57e::1 - - [19/Mar/2026:15:45:15 +0000] "GET /comments/feed/?dir=%2Fhome%2Finceptionblue%2Fpublic_html%2Fwp-content%2Fplugins%2Fwordpress-seo%2Fvendor_prefixed%2Fguzzlehttp%2Fguzzle%2Fsrc%2FCookie&read=%2Fhome%2Finceptionblue%2Fpublic_html%2Fwp-content%2Fplugins%2Fwordpress-seo%2Fvendor_prefixed%2Fguzzlehttp%2Fguzzle%2Fsrc%2FCookie%2FCookieJarInterface.php HTTP/1.1" 200 17854 "-" "Mozilla/5.0 (compatible; MJ12bot/v1.4.8; http://mj12bot.com/)"
74.7.241.28 - - [19/Mar/2026:15:45:15 +0000] "GET /buy.php?detail/09503772457010 HTTP/1.1" 200 166121 "https://inception-blue.com/buy.php?detail/17404803120007" "Mozilla/5.0 AppleWebKit/537.36 (KHTML, like Gecko; compatible; GPTBot/1.3; +https://openai.com/gptbot)"
74.7.241.28 - - [19/Mar/2026:15:45:18 +0000] "GET /buy.php?detail/19101944665282 HTTP/1.1" 200 168035 "https://inception-blue.com/buy.php?detail/19101965776980" "Mozilla/5.0 AppleWebKit/537.36 (KHTML, like Gecko; compatible; GPTBot/1.3; +https://openai.com/gptbot)"
2001:41d0:303:a57e::1 - - [19/Mar/2026:15:45:20 +0000] "GET /comments/feed/?dir=/home/inceptionblue/public_html/wp-content/plugins/wordpress-seo/vendor_prefixed/guzzlehttp/guzzle/src/Cookie&read=/home/inceptionblue/public_html/wp-content/plugins/wordpress-seo/vendor_prefixed/guzzlehttp/guzzle/src/Cookie/SessionCookieJar.php HTTP/1.1" 301 15001 "-" "Mozilla/5.0 (compatible; MJ12bot/v1.4.8; http://mj12bot.com/)"
74.7.241.28 - - [19/Mar/2026:15:45:22 +0000] "GET /buy.php?goods/018041109 HTTP/1.1" 200 158690 "https://inception-blue.com/buy.php?detail/11300303813546" "Mozilla/5.0 AppleWebKit/537.36 (KHTML, like Gecko; compatible; GPTBot/1.3; +https://openai.com/gptbot)"
2001:41d0:303:a57e::1 - - [19/Mar/2026:15:45:25 +0000] "GET /comments/feed/?dir=%2Fhome%2Finceptionblue%2Fpublic_html%2Fwp-content%2Fplugins%2Fwordpress-seo%2Fvendor_prefixed%2Fguzzlehttp%2Fguzzle%2Fsrc%2FCookie&read=%2Fhome%2Finceptionblue%2Fpublic_html%2Fwp-content%2Fplugins%2Fwordpress-seo%2Fvendor_prefixed%2Fguzzlehttp%2Fguzzle%2Fsrc%2FCookie%2FSessionCookieJar.php HTTP/1.1" 200 16949 "-" "Mozilla/5.0 (compatible; MJ12bot/v1.4.8; http://mj12bot.com/)"
74.7.241.28 - - [19/Mar/2026:15:45:25 +0000] "GET /buy.php?detail/12101436050568 HTTP/1.1" 200 156102 "https://inception-blue.com/buy.php?detail/12103190021348" "Mozilla/5.0 AppleWebKit/537.36 (KHTML, like Gecko; compatible; GPTBot/1.3; +https://openai.com/gptbot)"
74.7.241.28 - - [19/Mar/2026:15:45:28 +0000] "GET /buy.php?detail/24303828832629 HTTP/1.1" 200 159090 "https://inception-blue.com/buy.php?detail/11300303813546" "Mozilla/5.0 AppleWebKit/537.36 (KHTML, like Gecko; compatible; GPTBot/1.3; +https://openai.com/gptbot)"
66.249.77.7 - - [19/Mar/2026:15:45:30 +0000] "GET /shop/pg/1Sitemap/ HTTP/1.1" 200 305870 "-" "Mozilla/5.0 (Linux; Android 6.0.1; Nexus 5X Build/MMB29P) AppleWebKit/537.36 (KHTML, like Gecko) Chrome/145.0.7632.159 Mobile Safari/537.36 (compatible; Googlebot/2.1; +http://www.google.com/bot.html)"
2001:41d0:303:a57e::1 - - [19/Mar/2026:15:45:30 +0000] "GET /comments/feed/?dir=/home/inceptionblue/public_html/wp-content/plugins/wordpress-seo/vendor_prefixed/guzzlehttp/guzzle/src/Cookie&read=/home/inceptionblue/public_html/wp-content/plugins/wordpress-seo/vendor_prefixed/guzzlehttp/guzzle/src/Cookie/SetCookie.php HTTP/1.1" 301 27312 "-" "Mozilla/5.0 (compatible; MJ12bot/v1.4.8; http://mj12bot.com/)"
159.223.142.74 - - [19/Mar/2026:15:45:31 +0000] "POST /wp-cron.php?doing_wp_cron=1773935131.0991868972778320312500 HTTP/1.1" 403 185483 "-" "WordPress/6.9.4; https://inception-blue.com"
74.7.241.28 - - [19/Mar/2026:15:45:31 +0000] "GET /buy.php?detail/25601586876651 HTTP/1.1" 200 155910 "https://inception-blue.com/buy.php?detail/11300303813546" "Mozilla/5.0 AppleWebKit/537.36 (KHTML, like Gecko; compatible; GPTBot/1.3; +https://openai.com/gptbot)"
2001:41d0:303:a57e::1 - - [19/Mar/2026:15:45:34 +0000] "GET /comments/feed/?dir=%2Fhome%2Finceptionblue%2Fpublic_html%2Fwp-content%2Fplugins%2Fwordpress-seo%2Fvendor_prefixed%2Fguzzlehttp%2Fguzzle%2Fsrc%2FCookie&read=%2Fhome%2Finceptionblue%2Fpublic_html%2Fwp-content%2Fplugins%2Fwordpress-seo%2Fvendor_prefixed%2Fguzzlehttp%2Fguzzle%2Fsrc%2FCookie%2FSetCookie.php HTTP/1.1" 200 29253 "-" "Mozilla/5.0 (compatible; MJ12bot/v1.4.8; http://mj12bot.com/)"
74.7.241.28 - - [19/Mar/2026:15:45:34 +0000] "GET /buy.php?detail/14701980137085 HTTP/1.1" 200 158907 "https://inception-blue.com/buy.php?detail/20704769288189" "Mozilla/5.0 AppleWebKit/537.36 (KHTML, like Gecko; compatible; GPTBot/1.3; +https://openai.com/gptbot)"
74.7.241.28 - - [19/Mar/2026:15:45:38 +0000] "GET /buy.php?detail/19100889936162 HTTP/1.1" 200 152441 "https://inception-blue.com/buy.php?detail/19100753857963" "Mozilla/5.0 AppleWebKit/537.36 (KHTML, like Gecko; compatible; GPTBot/1.3; +https://openai.com/gptbot)"
2001:41d0:303:a57e::1 - - [19/Mar/2026:15:45:39 +0000] "GET /comments/feed/?dir=/home/inceptionblue/public_html/wp-content/plugins/wordpress-seo/vendor_prefixed/guzzlehttp/guzzle/src/Exception&read=/home/inceptionblue/public_html/wp-content/plugins/wordpress-seo/vendor_prefixed/guzzlehttp/guzzle/src/Exception/ClientException.php HTTP/1.1" 301 13085 "-" "Mozilla/5.0 (compatible; MJ12bot/v1.4.8; http://mj12bot.com/)"
74.7.241.28 - - [19/Mar/2026:15:45:41 +0000] "GET /buy.php?detail/01301141155634 HTTP/1.1" 200 152831 "https://inception-blue.com/buy.php?detail/15301841169878" "Mozilla/5.0 AppleWebKit/537.36 (KHTML, like Gecko; compatible; GPTBot/1.3; +https://openai.com/gptbot)"
2001:41d0:303:a57e::1 - - [19/Mar/2026:15:45:43 +0000] "GET /comments/feed/?dir=%2Fhome%2Finceptionblue%2Fpublic_html%2Fwp-content%2Fplugins%2Fwordpress-seo%2Fvendor_prefixed%2Fguzzlehttp%2Fguzzle%2Fsrc%2FException&read=%2Fhome%2Finceptionblue%2Fpublic_html%2Fwp-content%2Fplugins%2Fwordpress-seo%2Fvendor_prefixed%2Fguzzlehttp%2Fguzzle%2Fsrc%2FException%2FClientException.php HTTP/1.1" 200 15038 "-" "Mozilla/5.0 (compatible; MJ12bot/v1.4.8; http://mj12bot.com/)"
74.7.241.28 - - [19/Mar/2026:15:45:44 +0000] "GET /buy.php?detail/03301017579327 HTTP/1.1" 200 152770 "https://inception-blue.com/buy.php?detail/03300864921979" "Mozilla/5.0 AppleWebKit/537.36 (KHTML, like Gecko; compatible; GPTBot/1.3; +https://openai.com/gptbot)"
74.7.241.28 - - [19/Mar/2026:15:45:47 +0000] "GET /buy.php?detail/18702489967774 HTTP/1.1" 200 158715 "https://inception-blue.com/buy.php?detail/04502441849800" "Mozilla/5.0 AppleWebKit/537.36 (KHTML, like Gecko; compatible; GPTBot/1.3; +https://openai.com/gptbot)"
2001:41d0:303:a57e::1 - - [19/Mar/2026:15:45:48 +0000] "GET /comments/feed/?dir=/home/inceptionblue/public_html/wp-content/plugins/wordpress-seo/vendor_prefixed/guzzlehttp/guzzle/src/Exception&read=/home/inceptionblue/public_html/wp-content/plugins/wordpress-seo/vendor_prefixed/guzzlehttp/guzzle/src/Exception/ConnectException.php HTTP/1.1" 301 14440 "-" "Mozilla/5.0 (compatible; MJ12bot/v1.4.8; http://mj12bot.com/)"
74.7.241.28 - - [19/Mar/2026:15:45:50 +0000] "GET /buy.php?detail/19700437361679 HTTP/1.1" 200 162595 "https://inception-blue.com/buy.php?detail/19103445792479" "Mozilla/5.0 AppleWebKit/537.36 (KHTML, like Gecko; compatible; GPTBot/1.3; +https://openai.com/gptbot)"
2001:41d0:303:a57e::1 - - [19/Mar/2026:15:45:53 +0000] "GET /comments/feed/?dir=%2Fhome%2Finceptionblue%2Fpublic_html%2Fwp-content%2Fplugins%2Fwordpress-seo%2Fvendor_prefixed%2Fguzzlehttp%2Fguzzle%2Fsrc%2FException&read=%2Fhome%2Finceptionblue%2Fpublic_html%2Fwp-content%2Fplugins%2Fwordpress-seo%2Fvendor_prefixed%2Fguzzlehttp%2Fguzzle%2Fsrc%2FException%2FConnectException.php HTTP/1.1" 200 16394 "-" "Mozilla/5.0 (compatible; MJ12bot/v1.4.8; http://mj12bot.com/)"
74.7.241.28 - - [19/Mar/2026:15:45:54 +0000] "GET /buy.php?detail/17801306104389 HTTP/1.1" 200 154352 "https://inception-blue.com/buy.php?detail/19104462746548" "Mozilla/5.0 AppleWebKit/537.36 (KHTML, like Gecko; compatible; GPTBot/1.3; +https://openai.com/gptbot)"
74.7.241.28 - - [19/Mar/2026:15:45:57 +0000] "GET /buy.php?detail/01804110912554 HTTP/1.1" 200 158865 "https://inception-blue.com/buy.php?goods/018041109" "Mozilla/5.0 AppleWebKit/537.36 (KHTML, like Gecko; compatible; GPTBot/1.3; +https://openai.com/gptbot)"
2001:41d0:303:a57e::1 - - [19/Mar/2026:15:45:58 +0000] "GET /comments/feed/?dir=/home/inceptionblue/public_html/wp-content/plugins/wordpress-seo/vendor_prefixed/guzzlehttp/guzzle/src/Exception&read=/home/inceptionblue/public_html/wp-content/plugins/wordpress-seo/vendor_prefixed/guzzlehttp/guzzle/src/Exception/InvalidArgumentException.php HTTP/1.1" 301 13082 "-" "Mozilla/5.0 (compatible; MJ12bot/v1.4.8; http://mj12bot.com/)"
74.7.241.28 - - [19/Mar/2026:15:46:00 +0000] "GET /buy.php?detail/00703431090040 HTTP/1.1" 200 145009 "https://inception-blue.com/buy.php?goods/018041109" "Mozilla/5.0 AppleWebKit/537.36 (KHTML, like Gecko; compatible; GPTBot/1.3; +https://openai.com/gptbot)"
74.7.241.28 - - [19/Mar/2026:15:46:03 +0000] "GET /buy.php?detail/15304608070032 HTTP/1.1" 200 153524 "https://inception-blue.com/buy.php?detail/15301841169878" "Mozilla/5.0 AppleWebKit/537.36 (KHTML, like Gecko; compatible; GPTBot/1.3; +https://openai.com/gptbot)"
2001:41d0:303:a57e::1 - - [19/Mar/2026:15:46:03 +0000] "GET /comments/feed/?dir=%2Fhome%2Finceptionblue%2Fpublic_html%2Fwp-content%2Fplugins%2Fwordpress-seo%2Fvendor_prefixed%2Fguzzlehttp%2Fguzzle%2Fsrc%2FException&read=%2Fhome%2Finceptionblue%2Fpublic_html%2Fwp-content%2Fplugins%2Fwordpress-seo%2Fvendor_prefixed%2Fguzzlehttp%2Fguzzle%2Fsrc%2FException%2FInvalidArgumentException.php HTTP/1.1" 200 15044 "-" "Mozilla/5.0 (compatible; MJ12bot/v1.4.8; http://mj12bot.com/)"
74.7.241.28 - - [19/Mar/2026:15:46:06 +0000] "GET /buy.php?detail/04702348059255 HTTP/1.1" 200 157507 "https://inception-blue.com/buy.php?detail/28903434144571" "Mozilla/5.0 AppleWebKit/537.36 (KHTML, like Gecko; compatible; GPTBot/1.3; +https://openai.com/gptbot)"
2001:41d0:303:a57e::1 - - [19/Mar/2026:15:46:08 +0000] "GET /comments/feed/?dir=/home/inceptionblue/public_html/wp-content/plugins/wordpress-seo/vendor_prefixed/guzzlehttp/guzzle/src/Handler&read=/home/inceptionblue/public_html/wp-content/plugins/wordpress-seo/vendor_prefixed/guzzlehttp/guzzle/src/Handler/CurlMultiHandler.php HTTP/1.1" 301 21406 "-" "Mozilla/5.0 (compatible; MJ12bot/v1.4.8; http://mj12bot.com/)"
74.7.241.28 - - [19/Mar/2026:15:46:09 +0000] "GET /buy.php?detail/16801999748344 HTTP/1.1" 200 158271 "https://inception-blue.com/buy.php?detail/14701980137085" "Mozilla/5.0 AppleWebKit/537.36 (KHTML, like Gecko; compatible; GPTBot/1.3; +https://openai.com/gptbot)"
2001:41d0:303:a57e::1 - - [19/Mar/2026:15:46:13 +0000] "GET /comments/feed/?dir=%2Fhome%2Finceptionblue%2Fpublic_html%2Fwp-content%2Fplugins%2Fwordpress-seo%2Fvendor_prefixed%2Fguzzlehttp%2Fguzzle%2Fsrc%2FHandler&read=%2Fhome%2Finceptionblue%2Fpublic_html%2Fwp-content%2Fplugins%2Fwordpress-seo%2Fvendor_prefixed%2Fguzzlehttp%2Fguzzle%2Fsrc%2FHandler%2FCurlMultiHandler.php HTTP/1.1" 200 23356 "-" "Mozilla/5.0 (compatible; MJ12bot/v1.4.8; http://mj12bot.com/)"
74.7.241.28 - - [19/Mar/2026:15:46:12 +0000] "GET /buy.php?goods/191011873 HTTP/1.1" 200 152693 "https://inception-blue.com/buy.php?detail/19100889936162" "Mozilla/5.0 AppleWebKit/537.36 (KHTML, like Gecko; compatible; GPTBot/1.3; +https://openai.com/gptbot)"
74.7.241.28 - - [19/Mar/2026:15:46:15 +0000] "GET /buy.php?detail/14704145946610 HTTP/1.1" 200 153337 "https://inception-blue.com/buy.php?detail/14701980137085" "Mozilla/5.0 AppleWebKit/537.36 (KHTML, like Gecko; compatible; GPTBot/1.3; +https://openai.com/gptbot)"
2001:41d0:303:a57e::1 - - [19/Mar/2026:15:46:18 +0000] "GET /comments/feed/?dir=/home/inceptionblue/public_html/wp-content/plugins/wordpress-seo/vendor_prefixed/guzzlehttp/guzzle/src/Handler&read=/home/inceptionblue/public_html/wp-content/plugins/wordpress-seo/vendor_prefixed/guzzlehttp/guzzle/src/Handler/EasyHandle.php HTTP/1.1" 301 15881 "-" "Mozilla/5.0 (compatible; MJ12bot/v1.4.8; http://mj12bot.com/)"
74.7.241.28 - - [19/Mar/2026:15:46:18 +0000] "GET /buy.php?detail/033004749519 HTTP/1.1" 200 155899 "https://inception-blue.com/buy.php?detail/03301017579327" "Mozilla/5.0 AppleWebKit/537.36 (KHTML, like Gecko; compatible; GPTBot/1.3; +https://openai.com/gptbot)"
66.249.77.7 - - [19/Mar/2026:15:46:20 +0000] "GET /shop/customer/menu.aspx HTTP/1.1" 200 299952 "-" "Mozilla/5.0 (Linux; Android 6.0.1; Nexus 5X Build/MMB29P) AppleWebKit/537.36 (KHTML, like Gecko) Chrome/145.0.7632.159 Mobile Safari/537.36 (compatible; Googlebot/2.1; +http://www.google.com/bot.html)"
74.7.241.28 - - [19/Mar/2026:15:46:22 +0000] "GET /buy.php?detail/1870090332847 HTTP/1.1" 200 163928 "https://inception-blue.com/buy.php?detail/18702489967774" "Mozilla/5.0 AppleWebKit/537.36 (KHTML, like Gecko; compatible; GPTBot/1.3; +https://openai.com/gptbot)"
2001:41d0:303:a57e::1 - - [19/Mar/2026:15:46:23 +0000] "GET /comments/feed/?dir=%2Fhome%2Finceptionblue%2Fpublic_html%2Fwp-content%2Fplugins%2Fwordpress-seo%2Fvendor_prefixed%2Fguzzlehttp%2Fguzzle%2Fsrc%2FHandler&read=%2Fhome%2Finceptionblue%2Fpublic_html%2Fwp-content%2Fplugins%2Fwordpress-seo%2Fvendor_prefixed%2Fguzzlehttp%2Fguzzle%2Fsrc%2FHandler%2FEasyHandle.php HTTP/1.1" 200 17825 "-" "Mozilla/5.0 (compatible; MJ12bot/v1.4.8; http://mj12bot.com/)"
66.249.77.7 - - [19/Mar/2026:15:46:25 +0000] "GET /1135539415 HTTP/1.1" 200 332869 "-" "Mozilla/5.0 (Linux; Android 6.0.1; Nexus 5X Build/MMB29P) AppleWebKit/537.36 (KHTML, like Gecko) Chrome/145.0.7632.159 Mobile Safari/537.36 (compatible; Googlebot/2.1; +http://www.google.com/bot.html)"
74.7.241.28 - - [19/Mar/2026:15:46:25 +0000] "GET /buy.php?detail/19700397544415 HTTP/1.1" 200 157141 "https://inception-blue.com/buy.php?detail/19700437361679" "Mozilla/5.0 AppleWebKit/537.36 (KHTML, like Gecko; compatible; GPTBot/1.3; +https://openai.com/gptbot)"
2001:41d0:303:a57e::1 - - [19/Mar/2026:15:46:28 +0000] "GET /comments/feed/?dir=/home/inceptionblue/public_html/wp-content/plugins/wordpress-seo/vendor_prefixed/guzzlehttp/guzzle/src/Handler&read=/home/inceptionblue/public_html/wp-content/plugins/wordpress-seo/vendor_prefixed/guzzlehttp/guzzle/src/Handler/HeaderProcessor.php HTTP/1.1" 301 13965 "-" "Mozilla/5.0 (compatible; MJ12bot/v1.4.8; http://mj12bot.com/)"
74.7.241.28 - - [19/Mar/2026:15:46:28 +0000] "GET /buy.php?detail/03300453039840 HTTP/1.1" 200 156600 "https://inception-blue.com/buy.php?detail/03301017579327" "Mozilla/5.0 AppleWebKit/537.36 (KHTML, like Gecko; compatible; GPTBot/1.3; +https://openai.com/gptbot)"
74.7.241.28 - - [19/Mar/2026:15:46:31 +0000] "GET /buy.php?detail/245026626368 HTTP/1.1" 200 165653 "https://inception-blue.com/buy.php?detail/01804110912554" "Mozilla/5.0 AppleWebKit/537.36 (KHTML, like Gecko; compatible; GPTBot/1.3; +https://openai.com/gptbot)"
2001:41d0:303:a57e::1 - - [19/Mar/2026:15:46:33 +0000] "GET /comments/feed/?dir=%2Fhome%2Finceptionblue%2Fpublic_html%2Fwp-content%2Fplugins%2Fwordpress-seo%2Fvendor_prefixed%2Fguzzlehttp%2Fguzzle%2Fsrc%2FHandler&read=%2Fhome%2Finceptionblue%2Fpublic_html%2Fwp-content%2Fplugins%2Fwordpress-seo%2Fvendor_prefixed%2Fguzzlehttp%2Fguzzle%2Fsrc%2FHandler%2FHeaderProcessor.php HTTP/1.1" 200 15914 "-" "Mozilla/5.0 (compatible; MJ12bot/v1.4.8; http://mj12bot.com/)"
159.223.142.74 - - [19/Mar/2026:15:46:34 +0000] "POST /wp-cron.php?doing_wp_cron=1773935194.3416109085083007812500 HTTP/1.1" 403 185482 "-" "WordPress/6.9.4; https://inception-blue.com"
74.7.241.28 - - [19/Mar/2026:15:46:34 +0000] "GET /buy.php?detail/07301232360543 HTTP/1.1" 200 142466 "https://inception-blue.com/buy.php?detail/18702489967774" "Mozilla/5.0 AppleWebKit/537.36 (KHTML, like Gecko; compatible; GPTBot/1.3; +https://openai.com/gptbot)"
