74.7.241.28 - - [19/Mar/2026:13:58:40 +0000] "GET /buy.php?detail/21600099762410 HTTP/1.1" 200 153545 "https://inception-blue.com/buy.php?detail/21602014398366" "Mozilla/5.0 AppleWebKit/537.36 (KHTML, like Gecko; compatible; GPTBot/1.3; +https://openai.com/gptbot)"
74.7.241.28 - - [19/Mar/2026:13:58:43 +0000] "GET /buy.php?detail/21601996964108 HTTP/1.1" 200 151575 "https://inception-blue.com/buy.php?detail/21602014398366" "Mozilla/5.0 AppleWebKit/537.36 (KHTML, like Gecko; compatible; GPTBot/1.3; +https://openai.com/gptbot)"
74.7.241.28 - - [19/Mar/2026:13:58:46 +0000] "GET /buy.php?detail/04100456803696 HTTP/1.1" 200 157549 "https://inception-blue.com/buy.php?detail/04101693781768" "Mozilla/5.0 AppleWebKit/537.36 (KHTML, like Gecko; compatible; GPTBot/1.3; +https://openai.com/gptbot)"
66.249.77.3 - - [19/Mar/2026:13:58:50 +0000] "GET /7083374 HTTP/1.1" 200 311311 "-" "Mozilla/5.0 (Linux; Android 6.0.1; Nexus 5X Build/MMB29P) AppleWebKit/537.36 (KHTML, like Gecko) Chrome/145.0.7632.159 Mobile Safari/537.36 (compatible; Googlebot/2.1; +http://www.google.com/bot.html)"
74.7.241.28 - - [19/Mar/2026:13:58:49 +0000] "GET /buy.php?detail/07400427884929 HTTP/1.1" 200 156971 "https://inception-blue.com/buy.php?goods/210001264" "Mozilla/5.0 AppleWebKit/537.36 (KHTML, like Gecko; compatible; GPTBot/1.3; +https://openai.com/gptbot)"
74.7.241.28 - - [19/Mar/2026:13:58:52 +0000] "GET /buy.php?detail/23400430639924 HTTP/1.1" 200 163620 "https://inception-blue.com/buy.php?detail/29600958957902" "Mozilla/5.0 AppleWebKit/537.36 (KHTML, like Gecko; compatible; GPTBot/1.3; +https://openai.com/gptbot)"
74.7.241.28 - - [19/Mar/2026:13:58:56 +0000] "GET /buy.php?detail/27800082384241 HTTP/1.1" 200 155276 "https://inception-blue.com/buy.php?detail/27804097835697" "Mozilla/5.0 AppleWebKit/537.36 (KHTML, like Gecko; compatible; GPTBot/1.3; +https://openai.com/gptbot)"
74.7.241.28 - - [19/Mar/2026:13:58:59 +0000] "GET /buy.php?detail/29601733008102 HTTP/1.1" 200 159252 "https://inception-blue.com/buy.php?detail/29600958957902" "Mozilla/5.0 AppleWebKit/537.36 (KHTML, like Gecko; compatible; GPTBot/1.3; +https://openai.com/gptbot)"
74.7.241.28 - - [19/Mar/2026:13:59:02 +0000] "GET /buy.php?detail/0850037224683 HTTP/1.1" 200 158383 "https://inception-blue.com/buy.php?detail/08502404491620" "Mozilla/5.0 AppleWebKit/537.36 (KHTML, like Gecko; compatible; GPTBot/1.3; +https://openai.com/gptbot)"
74.7.241.28 - - [19/Mar/2026:13:59:05 +0000] "GET /buy.php?detail/20500180576545 HTTP/1.1" 200 148635 "https://inception-blue.com/buy.php?detail/15503392680053" "Mozilla/5.0 AppleWebKit/537.36 (KHTML, like Gecko; compatible; GPTBot/1.3; +https://openai.com/gptbot)"
74.7.241.28 - - [19/Mar/2026:13:59:08 +0000] "GET /buy.php?detail/18304035358416 HTTP/1.1" 200 163458 "https://inception-blue.com/buy.php?detail/15503392680053" "Mozilla/5.0 AppleWebKit/537.36 (KHTML, like Gecko; compatible; GPTBot/1.3; +https://openai.com/gptbot)"
74.7.241.28 - - [19/Mar/2026:13:59:11 +0000] "GET /buy.php?detail/19501505189237 HTTP/1.1" 200 156263 "https://inception-blue.com/buy.php?detail/15503392680053" "Mozilla/5.0 AppleWebKit/537.36 (KHTML, like Gecko; compatible; GPTBot/1.3; +https://openai.com/gptbot)"
74.7.241.28 - - [19/Mar/2026:13:59:14 +0000] "GET /buy.php?m28275666618 HTTP/1.1" 200 144770 "https://inception-blue.com/buy.php?detail/29600958957902" "Mozilla/5.0 AppleWebKit/537.36 (KHTML, like Gecko; compatible; GPTBot/1.3; +https://openai.com/gptbot)"
159.223.142.74 - - [19/Mar/2026:13:59:17 +0000] "POST /wp-cron.php?doing_wp_cron=1773928757.2289600372314453125000 HTTP/1.1" 403 185483 "-" "WordPress/6.9.4; https://inception-blue.com"
198.244.168.158 - - [19/Mar/2026:13:59:16 +0000] "GET / HTTP/1.1" 200 222953 "-" "Mozilla/5.0 (compatible; AhrefsBot/7.0; +http://ahrefs.com/robot/)"
74.7.241.28 - - [19/Mar/2026:13:59:17 +0000] "GET /buy.php?detail/22301859480736 HTTP/1.1" 200 152157 "https://inception-blue.com/buy.php?detail/15501670961423" "Mozilla/5.0 AppleWebKit/537.36 (KHTML, like Gecko; compatible; GPTBot/1.3; +https://openai.com/gptbot)"
74.7.241.28 - - [19/Mar/2026:13:59:21 +0000] "GET /buy.php?detail/00101658341136 HTTP/1.1" 200 147322 "https://inception-blue.com/buy.php?detail/04100456803696" "Mozilla/5.0 AppleWebKit/537.36 (KHTML, like Gecko; compatible; GPTBot/1.3; +https://openai.com/gptbot)"
74.7.241.28 - - [19/Mar/2026:13:59:24 +0000] "GET /buy.php?detail/04101013286918 HTTP/1.1" 200 164384 "https://inception-blue.com/buy.php?detail/04100456803696" "Mozilla/5.0 AppleWebKit/537.36 (KHTML, like Gecko; compatible; GPTBot/1.3; +https://openai.com/gptbot)"
74.7.241.28 - - [19/Mar/2026:13:59:27 +0000] "GET /buy.php?detail/28002534470550 HTTP/1.1" 200 154819 "https://inception-blue.com/buy.php?detail/23400430639924" "Mozilla/5.0 AppleWebKit/537.36 (KHTML, like Gecko; compatible; GPTBot/1.3; +https://openai.com/gptbot)"
74.7.241.28 - - [19/Mar/2026:13:59:30 +0000] "GET /buy.php?detail/166016464906 HTTP/1.1" 200 164861 "https://inception-blue.com/buy.php?detail/27800082384241" "Mozilla/5.0 AppleWebKit/537.36 (KHTML, like Gecko; compatible; GPTBot/1.3; +https://openai.com/gptbot)"
74.7.241.28 - - [19/Mar/2026:13:59:33 +0000] "GET /buy.php?detail/03501594272650 HTTP/1.1" 200 164950 "https://inception-blue.com/buy.php?detail/27800082384241" "Mozilla/5.0 AppleWebKit/537.36 (KHTML, like Gecko; compatible; GPTBot/1.3; +https://openai.com/gptbot)"
74.7.241.28 - - [19/Mar/2026:13:59:36 +0000] "GET /buy.php?detail/20200620117141 HTTP/1.1" 200 143723 "https://inception-blue.com/buy.php?detail/0850037224683" "Mozilla/5.0 AppleWebKit/537.36 (KHTML, like Gecko; compatible; GPTBot/1.3; +https://openai.com/gptbot)"
66.249.77.5 - - [19/Mar/2026:13:59:40 +0000] "GET /7306135 HTTP/1.1" 200 332127 "-" "Mozilla/5.0 (Linux; Android 6.0.1; Nexus 5X Build/MMB29P) AppleWebKit/537.36 (KHTML, like Gecko) Chrome/145.0.7632.159 Mobile Safari/537.36 (compatible; Googlebot/2.1; +http://www.google.com/bot.html)"
74.7.241.28 - - [19/Mar/2026:13:59:39 +0000] "GET /buy.php?detail/11402274016457 HTTP/1.1" 200 153939 "https://inception-blue.com/buy.php?detail/0850037224683" "Mozilla/5.0 AppleWebKit/537.36 (KHTML, like Gecko; compatible; GPTBot/1.3; +https://openai.com/gptbot)"
74.7.241.28 - - [19/Mar/2026:13:59:43 +0000] "GET /buy.php?detail/29600364039232 HTTP/1.1" 200 154733 "https://inception-blue.com/buy.php?detail/29601733008102" "Mozilla/5.0 AppleWebKit/537.36 (KHTML, like Gecko; compatible; GPTBot/1.3; +https://openai.com/gptbot)"
74.7.241.28 - - [19/Mar/2026:13:59:46 +0000] "GET /buy.php?detail/28804690190189 HTTP/1.1" 200 156084 "https://inception-blue.com/buy.php?detail/19501505189237" "Mozilla/5.0 AppleWebKit/537.36 (KHTML, like Gecko; compatible; GPTBot/1.3; +https://openai.com/gptbot)"
74.7.241.28 - - [19/Mar/2026:13:59:49 +0000] "GET /buy.php?jp/288046901.html HTTP/1.1" 200 156070 "https://inception-blue.com/buy.php?detail/28804690190189" "Mozilla/5.0 AppleWebKit/537.36 (KHTML, like Gecko; compatible; GPTBot/1.3; +https://openai.com/gptbot)"
74.7.241.28 - - [19/Mar/2026:13:59:52 +0000] "GET /buy.php?detail/03700401584857 HTTP/1.1" 200 157111 "https://inception-blue.com/buy.php?m28275666618" "Mozilla/5.0 AppleWebKit/537.36 (KHTML, like Gecko; compatible; GPTBot/1.3; +https://openai.com/gptbot)"
74.7.241.28 - - [19/Mar/2026:13:59:55 +0000] "GET /buy.php?detail/20600582498542 HTTP/1.1" 200 155232 "https://inception-blue.com/buy.php?detail/22301859480736" "Mozilla/5.0 AppleWebKit/537.36 (KHTML, like Gecko; compatible; GPTBot/1.3; +https://openai.com/gptbot)"
74.7.241.28 - - [19/Mar/2026:13:59:58 +0000] "GET /buy.php?detail/00100059230875 HTTP/1.1" 200 147399 "https://inception-blue.com/buy.php?detail/00101658341136" "Mozilla/5.0 AppleWebKit/537.36 (KHTML, like Gecko; compatible; GPTBot/1.3; +https://openai.com/gptbot)"
74.7.241.28 - - [19/Mar/2026:14:00:01 +0000] "GET /buy.php?detail/23400954579264 HTTP/1.1" 200 154499 "https://inception-blue.com/buy.php?detail/23400430639924" "Mozilla/5.0 AppleWebKit/537.36 (KHTML, like Gecko; compatible; GPTBot/1.3; +https://openai.com/gptbot)"
74.7.241.28 - - [19/Mar/2026:14:00:05 +0000] "GET /buy.php?detail/28000598495349 HTTP/1.1" 200 153539 "https://inception-blue.com/buy.php?detail/28002534470550" "Mozilla/5.0 AppleWebKit/537.36 (KHTML, like Gecko; compatible; GPTBot/1.3; +https://openai.com/gptbot)"
74.7.241.28 - - [19/Mar/2026:14:00:08 +0000] "GET /buy.php?detail/10902687171763 HTTP/1.1" 200 167069 "https://inception-blue.com/buy.php?detail/166016464906" "Mozilla/5.0 AppleWebKit/537.36 (KHTML, like Gecko; compatible; GPTBot/1.3; +https://openai.com/gptbot)"
74.7.241.28 - - [19/Mar/2026:14:00:11 +0000] "GET /buy.php?detail/19500273174045 HTTP/1.1" 200 152867 "https://inception-blue.com/buy.php?detail/19501505189237" "Mozilla/5.0 AppleWebKit/537.36 (KHTML, like Gecko; compatible; GPTBot/1.3; +https://openai.com/gptbot)"
74.7.241.28 - - [19/Mar/2026:14:00:14 +0000] "GET /buy.php?detail/22401718244374 HTTP/1.1" 200 150882 "https://inception-blue.com/buy.php?detail/20200620117141" "Mozilla/5.0 AppleWebKit/537.36 (KHTML, like Gecko; compatible; GPTBot/1.3; +https://openai.com/gptbot)"
74.7.241.28 - - [19/Mar/2026:14:00:17 +0000] "GET /buy.php?detail/20400302321903 HTTP/1.1" 200 155610 "https://inception-blue.com/buy.php?detail/11402274016457" "Mozilla/5.0 AppleWebKit/537.36 (KHTML, like Gecko; compatible; GPTBot/1.3; +https://openai.com/gptbot)"
74.7.241.28 - - [19/Mar/2026:14:00:20 +0000] "GET /buy.php?jp/296005517.html HTTP/1.1" 200 162878 "https://inception-blue.com/buy.php?detail/29600364039232" "Mozilla/5.0 AppleWebKit/537.36 (KHTML, like Gecko; compatible; GPTBot/1.3; +https://openai.com/gptbot)"
74.7.241.28 - - [19/Mar/2026:14:00:23 +0000] "GET /buy.php?detail/29500823750604 HTTP/1.1" 200 166827 "https://inception-blue.com/buy.php?jp/288046901.html" "Mozilla/5.0 AppleWebKit/537.36 (KHTML, like Gecko; compatible; GPTBot/1.3; +https://openai.com/gptbot)"
74.7.241.28 - - [19/Mar/2026:14:00:27 +0000] "GET /buy.php?detail/06302017709399 HTTP/1.1" 200 153390 "https://inception-blue.com/buy.php?detail/20200620117141" "Mozilla/5.0 AppleWebKit/537.36 (KHTML, like Gecko; compatible; GPTBot/1.3; +https://openai.com/gptbot)"
66.249.77.3 - - [19/Mar/2026:14:00:30 +0000] "GET /589437255 HTTP/1.1" 200 321082 "-" "Mozilla/5.0 (Linux; Android 6.0.1; Nexus 5X Build/MMB29P) AppleWebKit/537.36 (KHTML, like Gecko) Chrome/145.0.7632.159 Mobile Safari/537.36 (compatible; Googlebot/2.1; +http://www.google.com/bot.html)"
74.7.241.28 - - [19/Mar/2026:14:00:30 +0000] "GET /buy.php?detail/13704192496962 HTTP/1.1" 200 151841 "https://inception-blue.com/buy.php?detail/20600582498542" "Mozilla/5.0 AppleWebKit/537.36 (KHTML, like Gecko; compatible; GPTBot/1.3; +https://openai.com/gptbot)"
74.7.241.28 - - [19/Mar/2026:14:00:33 +0000] "GET /buy.php?detail/2550234413298 HTTP/1.1" 200 152927 "https://inception-blue.com/buy.php?detail/00100059230875" "Mozilla/5.0 AppleWebKit/537.36 (KHTML, like Gecko; compatible; GPTBot/1.3; +https://openai.com/gptbot)"
74.7.241.28 - - [19/Mar/2026:14:00:36 +0000] "GET /buy.php?detail/00400333065175 HTTP/1.1" 200 141419 "https://inception-blue.com/buy.php?detail/00100059230875" "Mozilla/5.0 AppleWebKit/537.36 (KHTML, like Gecko; compatible; GPTBot/1.3; +https://openai.com/gptbot)"
74.7.241.28 - - [19/Mar/2026:14:00:39 +0000] "GET /buy.php?detail/29101777705553 HTTP/1.1" 200 158989 "https://inception-blue.com/buy.php?detail/23400954579264" "Mozilla/5.0 AppleWebKit/537.36 (KHTML, like Gecko; compatible; GPTBot/1.3; +https://openai.com/gptbot)"
74.7.241.28 - - [19/Mar/2026:14:00:42 +0000] "GET /buy.php?detail/24201586009154 HTTP/1.1" 200 155784 "https://inception-blue.com/buy.php?detail/10902687171763" "Mozilla/5.0 AppleWebKit/537.36 (KHTML, like Gecko; compatible; GPTBot/1.3; +https://openai.com/gptbot)"
74.7.241.28 - - [19/Mar/2026:14:00:45 +0000] "GET /buy.php?jp/195001160.html HTTP/1.1" 200 156068 "https://inception-blue.com/buy.php?detail/19500273174045" "Mozilla/5.0 AppleWebKit/537.36 (KHTML, like Gecko; compatible; GPTBot/1.3; +https://openai.com/gptbot)"
74.7.241.28 - - [19/Mar/2026:14:00:48 +0000] "GET /buy.php?detail/05901353014912 HTTP/1.1" 200 155928 "https://inception-blue.com/buy.php?detail/19500273174045" "Mozilla/5.0 AppleWebKit/537.36 (KHTML, like Gecko; compatible; GPTBot/1.3; +https://openai.com/gptbot)"
74.7.241.28 - - [19/Mar/2026:14:00:52 +0000] "GET /buy.php?detail/12404037639319 HTTP/1.1" 200 163605 "https://inception-blue.com/buy.php?detail/20400302321903" "Mozilla/5.0 AppleWebKit/537.36 (KHTML, like Gecko; compatible; GPTBot/1.3; +https://openai.com/gptbot)"
74.7.241.28 - - [19/Mar/2026:14:00:55 +0000] "GET /buy.php?detail/12203381901352 HTTP/1.1" 200 155417 "https://inception-blue.com/buy.php?detail/22401718244374" "Mozilla/5.0 AppleWebKit/537.36 (KHTML, like Gecko; compatible; GPTBot/1.3; +https://openai.com/gptbot)"
74.7.241.28 - - [19/Mar/2026:14:00:58 +0000] "GET /buy.php?detail/00603708813128 HTTP/1.1" 200 154613 "https://inception-blue.com/buy.php?jp/296005517.html" "Mozilla/5.0 AppleWebKit/537.36 (KHTML, like Gecko; compatible; GPTBot/1.3; +https://openai.com/gptbot)"
74.7.241.28 - - [19/Mar/2026:14:01:01 +0000] "GET /buy.php?detail/08302983789735 HTTP/1.1" 200 146984 "https://inception-blue.com/buy.php?detail/06302017709399" "Mozilla/5.0 AppleWebKit/537.36 (KHTML, like Gecko; compatible; GPTBot/1.3; +https://openai.com/gptbot)"
74.7.241.28 - - [19/Mar/2026:14:01:04 +0000] "GET /buy.php?detail/03401994364543 HTTP/1.1" 200 142735 "https://inception-blue.com/buy.php?detail/13704192496962" "Mozilla/5.0 AppleWebKit/537.36 (KHTML, like Gecko; compatible; GPTBot/1.3; +https://openai.com/gptbot)"
74.7.241.28 - - [19/Mar/2026:14:01:08 +0000] "GET /buy.php?detail/2550092301784 HTTP/1.1" 200 155572 "https://inception-blue.com/buy.php?detail/2550234413298" "Mozilla/5.0 AppleWebKit/537.36 (KHTML, like Gecko; compatible; GPTBot/1.3; +https://openai.com/gptbot)"
74.7.241.28 - - [19/Mar/2026:14:01:11 +0000] "GET /buy.php?detail/25501155233277 HTTP/1.1" 200 155531 "https://inception-blue.com/buy.php?detail/2550234413298" "Mozilla/5.0 AppleWebKit/537.36 (KHTML, like Gecko; compatible; GPTBot/1.3; +https://openai.com/gptbot)"
74.7.241.28 - - [19/Mar/2026:14:01:14 +0000] "GET /buy.php?detail/18403080797300 HTTP/1.1" 200 162011 "https://inception-blue.com/buy.php?detail/29101777705553" "Mozilla/5.0 AppleWebKit/537.36 (KHTML, like Gecko; compatible; GPTBot/1.3; +https://openai.com/gptbot)"
74.7.241.28 - - [19/Mar/2026:14:01:17 +0000] "GET /buy.php?detail/03304257687470 HTTP/1.1" 200 154844 "https://inception-blue.com/buy.php?detail/29101777705553" "Mozilla/5.0 AppleWebKit/537.36 (KHTML, like Gecko; compatible; GPTBot/1.3; +https://openai.com/gptbot)"
66.249.77.5 - - [19/Mar/2026:14:01:20 +0000] "GET /55227127 HTTP/1.1" 200 307201 "-" "Mozilla/5.0 (Linux; Android 6.0.1; Nexus 5X Build/MMB29P) AppleWebKit/537.36 (KHTML, like Gecko) Chrome/145.0.7632.159 Mobile Safari/537.36 (compatible; Googlebot/2.1; +http://www.google.com/bot.html)"
74.7.241.28 - - [19/Mar/2026:14:01:20 +0000] "GET /buy.php?goods/195001160 HTTP/1.1" 200 156071 "https://inception-blue.com/buy.php?jp/195001160.html" "Mozilla/5.0 AppleWebKit/537.36 (KHTML, like Gecko; compatible; GPTBot/1.3; +https://openai.com/gptbot)"
74.7.241.28 - - [19/Mar/2026:14:01:23 +0000] "GET /buy.php?detail/22700563068611 HTTP/1.1" 200 148784 "https://inception-blue.com/buy.php?detail/19500273174045" "Mozilla/5.0 AppleWebKit/537.36 (KHTML, like Gecko; compatible; GPTBot/1.3; +https://openai.com/gptbot)"
74.7.241.28 - - [19/Mar/2026:14:01:27 +0000] "GET /buy.php?detail/06004274924618 HTTP/1.1" 200 145240 "https://inception-blue.com/buy.php?detail/04101013286918" "Mozilla/5.0 AppleWebKit/537.36 (KHTML, like Gecko; compatible; GPTBot/1.3; +https://openai.com/gptbot)"
74.7.241.28 - - [19/Mar/2026:14:01:30 +0000] "GET /buy.php?detail/08501637952443 HTTP/1.1" 200 152727 "https://inception-blue.com/buy.php?goods/085016379" "Mozilla/5.0 AppleWebKit/537.36 (KHTML, like Gecko; compatible; GPTBot/1.3; +https://openai.com/gptbot)"
74.7.241.28 - - [19/Mar/2026:14:01:33 +0000] "GET /buy.php?detail/00600440880362 HTTP/1.1" 200 152257 "https://inception-blue.com/buy.php?detail/00603708813128" "Mozilla/5.0 AppleWebKit/537.36 (KHTML, like Gecko; compatible; GPTBot/1.3; +https://openai.com/gptbot)"
74.7.241.28 - - [19/Mar/2026:14:01:36 +0000] "GET /buy.php?detail/27902846276701 HTTP/1.1" 200 149039 "https://inception-blue.com/buy.php?detail/08302983789735" "Mozilla/5.0 AppleWebKit/537.36 (KHTML, like Gecko; compatible; GPTBot/1.3; +https://openai.com/gptbot)"
74.7.241.28 - - [19/Mar/2026:14:01:39 +0000] "GET /buy.php?m28498524777 HTTP/1.1" 200 154373 "https://inception-blue.com/buy.php?goods/085016379" "Mozilla/5.0 AppleWebKit/537.36 (KHTML, like Gecko; compatible; GPTBot/1.3; +https://openai.com/gptbot)"
74.7.241.28 - - [19/Mar/2026:14:01:42 +0000] "GET /buy.php?m95764531999 HTTP/1.1" 200 157995 "https://inception-blue.com/buy.php?detail/29604734393700" "Mozilla/5.0 AppleWebKit/537.36 (KHTML, like Gecko; compatible; GPTBot/1.3; +https://openai.com/gptbot)"
74.7.241.28 - - [19/Mar/2026:14:01:45 +0000] "GET /buy.php?023000908.htm HTTP/1.1" 200 157978 "https://inception-blue.com/buy.php?m95764531999" "Mozilla/5.0 AppleWebKit/537.36 (KHTML, like Gecko; compatible; GPTBot/1.3; +https://openai.com/gptbot)"
74.7.241.28 - - [19/Mar/2026:14:01:49 +0000] "GET /buy.php?detail/25503859387488 HTTP/1.1" 200 155185 "https://inception-blue.com/buy.php?detail/25501155233277" "Mozilla/5.0 AppleWebKit/537.36 (KHTML, like Gecko; compatible; GPTBot/1.3; +https://openai.com/gptbot)"
74.7.241.28 - - [19/Mar/2026:14:01:52 +0000] "GET /buy.php?detail/12204964865291 HTTP/1.1" 200 155064 "https://inception-blue.com/buy.php?detail/25501155233277" "Mozilla/5.0 AppleWebKit/537.36 (KHTML, like Gecko; compatible; GPTBot/1.3; +https://openai.com/gptbot)"
74.7.241.28 - - [19/Mar/2026:14:01:55 +0000] "GET /buy.php?013000576.htm HTTP/1.1" 200 153988 "https://inception-blue.com/buy.php?013000538.htm" "Mozilla/5.0 AppleWebKit/537.36 (KHTML, like Gecko; compatible; GPTBot/1.3; +https://openai.com/gptbot)"
74.7.241.28 - - [19/Mar/2026:14:01:58 +0000] "GET /buy.php?goods/195001091 HTTP/1.1" 200 158038 "https://inception-blue.com/buy.php?goods/195001160" "Mozilla/5.0 AppleWebKit/537.36 (KHTML, like Gecko; compatible; GPTBot/1.3; +https://openai.com/gptbot)"
74.7.241.28 - - [19/Mar/2026:14:02:01 +0000] "GET /buy.php?detail/20004438375061 HTTP/1.1" 200 157528 "https://inception-blue.com/buy.php?detail/22700563068611" "Mozilla/5.0 AppleWebKit/537.36 (KHTML, like Gecko; compatible; GPTBot/1.3; +https://openai.com/gptbot)"
74.7.241.28 - - [19/Mar/2026:14:02:04 +0000] "GET /buy.php?detail/00203301109595 HTTP/1.1" 200 149429 "https://inception-blue.com/buy.php?detail/06004274924618" "Mozilla/5.0 AppleWebKit/537.36 (KHTML, like Gecko; compatible; GPTBot/1.3; +https://openai.com/gptbot)"
74.7.241.28 - - [19/Mar/2026:14:02:07 +0000] "GET /buy.php?detail/19404311317357 HTTP/1.1" 200 164325 "https://inception-blue.com/buy.php?goods/195001160" "Mozilla/5.0 AppleWebKit/537.36 (KHTML, like Gecko; compatible; GPTBot/1.3; +https://openai.com/gptbot)"
66.249.77.3 - - [19/Mar/2026:14:02:10 +0000] "GET /875685446 HTTP/1.1" 200 310581 "-" "Mozilla/5.0 (Linux; Android 6.0.1; Nexus 5X Build/MMB29P) AppleWebKit/537.36 (KHTML, like Gecko) Chrome/145.0.7632.159 Mobile Safari/537.36 (compatible; Googlebot/2.1; +http://www.google.com/bot.html)"
74.7.241.28 - - [19/Mar/2026:14:02:11 +0000] "GET /buy.php?detail/28203506503331 HTTP/1.1" 200 154391 "https://inception-blue.com/buy.php?detail/00600440880362" "Mozilla/5.0 AppleWebKit/537.36 (KHTML, like Gecko; compatible; GPTBot/1.3; +https://openai.com/gptbot)"
74.7.241.28 - - [19/Mar/2026:14:02:14 +0000] "GET /buy.php?detail/12700057434895 HTTP/1.1" 200 157029 "https://inception-blue.com/buy.php?detail/27902846276701" "Mozilla/5.0 AppleWebKit/537.36 (KHTML, like Gecko; compatible; GPTBot/1.3; +https://openai.com/gptbot)"
74.7.241.28 - - [19/Mar/2026:14:02:17 +0000] "GET /buy.php?shopbrand/and/288001872.htm HTTP/1.1" 200 162656 "https://inception-blue.com/buy.php?m28498524777" "Mozilla/5.0 AppleWebKit/537.36 (KHTML, like Gecko; compatible; GPTBot/1.3; +https://openai.com/gptbot)"
74.7.241.28 - - [19/Mar/2026:14:02:20 +0000] "GET /buy.php?detail/06701566942862 HTTP/1.1" 200 155072 "https://inception-blue.com/buy.php?detail/22700563068611" "Mozilla/5.0 AppleWebKit/537.36 (KHTML, like Gecko; compatible; GPTBot/1.3; +https://openai.com/gptbot)"
74.7.241.28 - - [19/Mar/2026:14:02:23 +0000] "GET /buy.php?detail/08500565573613 HTTP/1.1" 200 153644 "https://inception-blue.com/buy.php?detail/08501637952443" "Mozilla/5.0 AppleWebKit/537.36 (KHTML, like Gecko; compatible; GPTBot/1.3; +https://openai.com/gptbot)"
74.7.241.28 - - [19/Mar/2026:14:02:26 +0000] "GET /buy.php?detail/29102039649016 HTTP/1.1" 200 147547 "https://inception-blue.com/buy.php?detail/00600440880362" "Mozilla/5.0 AppleWebKit/537.36 (KHTML, like Gecko; compatible; GPTBot/1.3; +https://openai.com/gptbot)"
74.7.241.28 - - [19/Mar/2026:14:02:29 +0000] "GET /buy.php?detail/29601598007826 HTTP/1.1" 200 164193 "https://inception-blue.com/buy.php?detail/25503859387488" "Mozilla/5.0 AppleWebKit/537.36 (KHTML, like Gecko; compatible; GPTBot/1.3; +https://openai.com/gptbot)"
74.7.241.28 - - [19/Mar/2026:14:02:33 +0000] "GET /buy.php?detail/08500701027113 HTTP/1.1" 200 163860 "https://inception-blue.com/buy.php?detail/08501637952443" "Mozilla/5.0 AppleWebKit/537.36 (KHTML, like Gecko; compatible; GPTBot/1.3; +https://openai.com/gptbot)"
74.7.241.28 - - [19/Mar/2026:14:02:36 +0000] "GET /buy.php?detail/22800510370520 HTTP/1.1" 200 158169 "https://inception-blue.com/buy.php?detail/20004438375061" "Mozilla/5.0 AppleWebKit/537.36 (KHTML, like Gecko; compatible; GPTBot/1.3; +https://openai.com/gptbot)"
157.55.39.60 - - [19/Mar/2026:14:02:39 +0000] "GET /?sitemapindex.xml HTTP/1.1" 200 13 "-" "Mozilla/5.0 AppleWebKit/537.36 (KHTML, like Gecko; compatible; bingbot/2.0; +http://www.bing.com/bingbot.htm) Chrome/116.0.1938.76 Safari/537.36"
74.7.241.28 - - [19/Mar/2026:14:02:39 +0000] "GET /buy.php?detail/13004741107880 HTTP/1.1" 200 142410 "https://inception-blue.com/buy.php?detail/08501637952443" "Mozilla/5.0 AppleWebKit/537.36 (KHTML, like Gecko; compatible; GPTBot/1.3; +https://openai.com/gptbot)"
74.7.241.28 - - [19/Mar/2026:14:02:42 +0000] "GET /buy.php?detail/24503955076019 HTTP/1.1" 200 154477 "https://inception-blue.com/buy.php?detail/19404311317357" "Mozilla/5.0 AppleWebKit/537.36 (KHTML, like Gecko; compatible; GPTBot/1.3; +https://openai.com/gptbot)"
74.7.241.28 - - [19/Mar/2026:14:02:45 +0000] "GET /buy.php?detail/03100741025490 HTTP/1.1" 200 158353 "https://inception-blue.com/buy.php?detail/28203506503331" "Mozilla/5.0 AppleWebKit/537.36 (KHTML, like Gecko; compatible; GPTBot/1.3; +https://openai.com/gptbot)"
74.7.241.28 - - [19/Mar/2026:14:02:48 +0000] "GET /buy.php?detail/12700586322889 HTTP/1.1" 200 160477 "https://inception-blue.com/buy.php?detail/12700057434895" "Mozilla/5.0 AppleWebKit/537.36 (KHTML, like Gecko; compatible; GPTBot/1.3; +https://openai.com/gptbot)"
74.7.241.28 - - [19/Mar/2026:14:02:51 +0000] "GET /buy.php?detail/06600905745839 HTTP/1.1" 200 145660 "https://inception-blue.com/buy.php?detail/08501637952443" "Mozilla/5.0 AppleWebKit/537.36 (KHTML, like Gecko; compatible; GPTBot/1.3; +https://openai.com/gptbot)"
74.7.241.28 - - [19/Mar/2026:14:02:54 +0000] "GET /buy.php?detail/18401966476980 HTTP/1.1" 200 153240 "https://inception-blue.com/buy.php?detail/06701566942862" "Mozilla/5.0 AppleWebKit/537.36 (KHTML, like Gecko; compatible; GPTBot/1.3; +https://openai.com/gptbot)"
74.7.241.28 - - [19/Mar/2026:14:02:58 +0000] "GET /buy.php?detail/08302454521273 HTTP/1.1" 200 154768 "https://inception-blue.com/buy.php?detail/08500565573613" "Mozilla/5.0 AppleWebKit/537.36 (KHTML, like Gecko; compatible; GPTBot/1.3; +https://openai.com/gptbot)"
66.249.77.3 - - [19/Mar/2026:14:03:00 +0000] "GET /614029078 HTTP/1.1" 200 300401 "-" "Mozilla/5.0 (Linux; Android 6.0.1; Nexus 5X Build/MMB29P) AppleWebKit/537.36 (KHTML, like Gecko) Chrome/145.0.7632.159 Mobile Safari/537.36 (compatible; Googlebot/2.1; +http://www.google.com/bot.html)"
74.7.241.28 - - [19/Mar/2026:14:03:01 +0000] "GET /buy.php?detail/03800617435593 HTTP/1.1" 200 153872 "https://inception-blue.com/buy.php?detail/29102039649016" "Mozilla/5.0 AppleWebKit/537.36 (KHTML, like Gecko; compatible; GPTBot/1.3; +https://openai.com/gptbot)"
74.7.241.28 - - [19/Mar/2026:14:03:04 +0000] "GET /buy.php?detail/29600075714310 HTTP/1.1" 200 164796 "https://inception-blue.com/buy.php?detail/29601598007826" "Mozilla/5.0 AppleWebKit/537.36 (KHTML, like Gecko; compatible; GPTBot/1.3; +https://openai.com/gptbot)"
74.7.241.28 - - [19/Mar/2026:14:03:07 +0000] "GET /buy.php?detail/14901151995728 HTTP/1.1" 200 155674 "https://inception-blue.com/buy.php?detail/29102039649016" "Mozilla/5.0 AppleWebKit/537.36 (KHTML, like Gecko; compatible; GPTBot/1.3; +https://openai.com/gptbot)"
74.7.241.28 - - [19/Mar/2026:14:03:10 +0000] "GET /buy.php?detail/10003401524517 HTTP/1.1" 200 160702 "https://inception-blue.com/buy.php?detail/22800510370520" "Mozilla/5.0 AppleWebKit/537.36 (KHTML, like Gecko; compatible; GPTBot/1.3; +https://openai.com/gptbot)"
74.7.241.28 - - [19/Mar/2026:14:03:13 +0000] "GET /buy.php?jp/220019525.html HTTP/1.1" 200 162571 "https://inception-blue.com/buy.php?detail/13004741107880" "Mozilla/5.0 AppleWebKit/537.36 (KHTML, like Gecko; compatible; GPTBot/1.3; +https://openai.com/gptbot)"
74.7.241.28 - - [19/Mar/2026:14:03:16 +0000] "GET /buy.php?jp/208020742.html HTTP/1.1" 200 155123 "https://inception-blue.com/buy.php?detail/24503955076019" "Mozilla/5.0 AppleWebKit/537.36 (KHTML, like Gecko; compatible; GPTBot/1.3; +https://openai.com/gptbot)"
74.7.241.28 - - [19/Mar/2026:14:03:20 +0000] "GET /buy.php?detail/11902121097541 HTTP/1.1" 200 157134 "https://inception-blue.com/buy.php?detail/13004741107880" "Mozilla/5.0 AppleWebKit/537.36 (KHTML, like Gecko; compatible; GPTBot/1.3; +https://openai.com/gptbot)"
74.7.241.28 - - [19/Mar/2026:14:03:23 +0000] "GET /buy.php?detail/22800606824544 HTTP/1.1" 200 162568 "https://inception-blue.com/buy.php?detail/22800510370520" "Mozilla/5.0 AppleWebKit/537.36 (KHTML, like Gecko; compatible; GPTBot/1.3; +https://openai.com/gptbot)"
74.7.241.28 - - [19/Mar/2026:14:03:26 +0000] "GET /buy.php?detail/00600332509402 HTTP/1.1" 200 165324 "https://inception-blue.com/buy.php?detail/06600905745839" "Mozilla/5.0 AppleWebKit/537.36 (KHTML, like Gecko; compatible; GPTBot/1.3; +https://openai.com/gptbot)"
74.7.241.28 - - [19/Mar/2026:14:03:29 +0000] "GET /buy.php?detail/12700336127556 HTTP/1.1" 200 155606 "https://inception-blue.com/buy.php?detail/12700586322889" "Mozilla/5.0 AppleWebKit/537.36 (KHTML, like Gecko; compatible; GPTBot/1.3; +https://openai.com/gptbot)"
74.7.241.28 - - [19/Mar/2026:14:03:32 +0000] "GET /buy.php?detail/29004395537510 HTTP/1.1" 200 157459 "https://inception-blue.com/buy.php?detail/03100741025490" "Mozilla/5.0 AppleWebKit/537.36 (KHTML, like Gecko; compatible; GPTBot/1.3; +https://openai.com/gptbot)"
74.7.241.28 - - [19/Mar/2026:14:03:35 +0000] "GET /buy.php?detail/04002277420820 HTTP/1.1" 200 158352 "https://inception-blue.com/buy.php?detail/03800617435593" "Mozilla/5.0 AppleWebKit/537.36 (KHTML, like Gecko; compatible; GPTBot/1.3; +https://openai.com/gptbot)"
74.7.241.28 - - [19/Mar/2026:14:03:38 +0000] "GET /buy.php?detail/24502666661822 HTTP/1.1" 200 161020 "https://inception-blue.com/buy.php?detail/29600075714310" "Mozilla/5.0 AppleWebKit/537.36 (KHTML, like Gecko; compatible; GPTBot/1.3; +https://openai.com/gptbot)"
74.7.241.28 - - [19/Mar/2026:14:03:41 +0000] "GET /buy.php?detail/14901585571081 HTTP/1.1" 200 159403 "https://inception-blue.com/buy.php?detail/14901151995728" "Mozilla/5.0 AppleWebKit/537.36 (KHTML, like Gecko; compatible; GPTBot/1.3; +https://openai.com/gptbot)"
74.7.241.28 - - [19/Mar/2026:14:03:45 +0000] "GET /buy.php?detail/18700538614185 HTTP/1.1" 200 152799 "https://inception-blue.com/buy.php?detail/10003401524517" "Mozilla/5.0 AppleWebKit/537.36 (KHTML, like Gecko; compatible; GPTBot/1.3; +https://openai.com/gptbot)"
74.7.241.28 - - [19/Mar/2026:14:03:48 +0000] "GET /buy.php?detail/19501458611417 HTTP/1.1" 200 155295 "https://inception-blue.com/buy.php?jp/220019525.html" "Mozilla/5.0 AppleWebKit/537.36 (KHTML, like Gecko; compatible; GPTBot/1.3; +https://openai.com/gptbot)"
66.249.77.5 - - [19/Mar/2026:14:03:50 +0000] "GET /24326822 HTTP/1.1" 200 300617 "-" "Mozilla/5.0 (Linux; Android 6.0.1; Nexus 5X Build/MMB29P) AppleWebKit/537.36 (KHTML, like Gecko) Chrome/145.0.7632.159 Mobile Safari/537.36 (compatible; Googlebot/2.1; +http://www.google.com/bot.html)"
74.7.241.28 - - [19/Mar/2026:14:03:51 +0000] "GET /buy.php?detail/17800322870287 HTTP/1.1" 200 154606 "https://inception-blue.com/buy.php?detail/10003401524517" "Mozilla/5.0 AppleWebKit/537.36 (KHTML, like Gecko; compatible; GPTBot/1.3; +https://openai.com/gptbot)"
74.7.241.28 - - [19/Mar/2026:14:03:54 +0000] "GET /buy.php?detail/19401799132845 HTTP/1.1" 200 156854 "https://inception-blue.com/buy.php?jp/220019525.html" "Mozilla/5.0 AppleWebKit/537.36 (KHTML, like Gecko; compatible; GPTBot/1.3; +https://openai.com/gptbot)"
74.7.241.28 - - [19/Mar/2026:14:03:57 +0000] "GET /buy.php?detail/28502071626832 HTTP/1.1" 200 146621 "https://inception-blue.com/buy.php?detail/24503955076019" "Mozilla/5.0 AppleWebKit/537.36 (KHTML, like Gecko; compatible; GPTBot/1.3; +https://openai.com/gptbot)"
74.7.241.28 - - [19/Mar/2026:14:04:00 +0000] "GET /buy.php?detail/21402243436996 HTTP/1.1" 200 151307 "https://inception-blue.com/buy.php?detail/00600332509402" "Mozilla/5.0 AppleWebKit/537.36 (KHTML, like Gecko; compatible; GPTBot/1.3; +https://openai.com/gptbot)"
74.7.241.28 - - [19/Mar/2026:14:04:03 +0000] "GET /buy.php?detail/22100706013550 HTTP/1.1" 200 154187 "https://inception-blue.com/buy.php?detail/12700336127556" "Mozilla/5.0 AppleWebKit/537.36 (KHTML, like Gecko; compatible; GPTBot/1.3; +https://openai.com/gptbot)"
74.7.241.28 - - [19/Mar/2026:14:04:07 +0000] "GET /buy.php?detail/25503490951779 HTTP/1.1" 200 162975 "https://inception-blue.com/buy.php?detail/12700336127556" "Mozilla/5.0 AppleWebKit/537.36 (KHTML, like Gecko; compatible; GPTBot/1.3; +https://openai.com/gptbot)"
74.7.241.28 - - [19/Mar/2026:14:04:10 +0000] "GET /buy.php?detail/04000248920635 HTTP/1.1" 200 163389 "https://inception-blue.com/buy.php?detail/04002277420820" "Mozilla/5.0 AppleWebKit/537.36 (KHTML, like Gecko; compatible; GPTBot/1.3; +https://openai.com/gptbot)"
74.7.241.28 - - [19/Mar/2026:14:04:13 +0000] "GET /buy.php?detail/19201343446928 HTTP/1.1" 200 159521 "https://inception-blue.com/buy.php?detail/04002277420820" "Mozilla/5.0 AppleWebKit/537.36 (KHTML, like Gecko; compatible; GPTBot/1.3; +https://openai.com/gptbot)"
74.7.241.28 - - [19/Mar/2026:14:04:16 +0000] "GET /buy.php?detail/24501040779151 HTTP/1.1" 200 161240 "https://inception-blue.com/buy.php?detail/24502666661822" "Mozilla/5.0 AppleWebKit/537.36 (KHTML, like Gecko; compatible; GPTBot/1.3; +https://openai.com/gptbot)"
74.7.241.28 - - [19/Mar/2026:14:04:19 +0000] "GET /buy.php?detail/07801587173753 HTTP/1.1" 200 155077 "https://inception-blue.com/buy.php?detail/04002277420820" "Mozilla/5.0 AppleWebKit/537.36 (KHTML, like Gecko; compatible; GPTBot/1.3; +https://openai.com/gptbot)"
74.7.241.28 - - [19/Mar/2026:14:04:22 +0000] "GET /buy.php?detail/08602420155626 HTTP/1.1" 200 147344 "https://inception-blue.com/buy.php?detail/19501458611417" "Mozilla/5.0 AppleWebKit/537.36 (KHTML, like Gecko; compatible; GPTBot/1.3; +https://openai.com/gptbot)"
74.7.241.28 - - [19/Mar/2026:14:04:25 +0000] "GET /buy.php?detail/17800045642434 HTTP/1.1" 200 154640 "https://inception-blue.com/buy.php?detail/17800322870287" "Mozilla/5.0 AppleWebKit/537.36 (KHTML, like Gecko; compatible; GPTBot/1.3; +https://openai.com/gptbot)"
74.7.241.28 - - [19/Mar/2026:14:04:29 +0000] "GET /buy.php?jp/067037949.html HTTP/1.1" 200 147084 "https://inception-blue.com/buy.php?detail/19401799132845" "Mozilla/5.0 AppleWebKit/537.36 (KHTML, like Gecko; compatible; GPTBot/1.3; +https://openai.com/gptbot)"
74.7.241.28 - - [19/Mar/2026:14:04:32 +0000] "GET /buy.php?detail/29002177599102 HTTP/1.1" 200 144620 "https://inception-blue.com/buy.php?detail/28502071626832" "Mozilla/5.0 AppleWebKit/537.36 (KHTML, like Gecko; compatible; GPTBot/1.3; +https://openai.com/gptbot)"
74.7.241.28 - - [19/Mar/2026:14:04:35 +0000] "GET /buy.php?detail/12802214189489 HTTP/1.1" 200 154921 "https://inception-blue.com/buy.php?detail/17800322870287" "Mozilla/5.0 AppleWebKit/537.36 (KHTML, like Gecko; compatible; GPTBot/1.3; +https://openai.com/gptbot)"
66.249.77.5 - - [19/Mar/2026:14:04:40 +0000] "GET /736218659 HTTP/1.1" 200 302667 "-" "Mozilla/5.0 (Linux; Android 6.0.1; Nexus 5X Build/MMB29P) AppleWebKit/537.36 (KHTML, like Gecko) Chrome/145.0.7632.159 Mobile Safari/537.36 (compatible; Googlebot/2.1; +http://www.google.com/bot.html)"
74.7.241.28 - - [19/Mar/2026:14:04:38 +0000] "GET /buy.php?detail/17800052334895 HTTP/1.1" 200 152886 "https://inception-blue.com/buy.php?detail/17800322870287" "Mozilla/5.0 AppleWebKit/537.36 (KHTML, like Gecko; compatible; GPTBot/1.3; +https://openai.com/gptbot)"
74.7.241.28 - - [19/Mar/2026:14:04:41 +0000] "GET /buy.php?detail/16301662172166 HTTP/1.1" 200 162139 "https://inception-blue.com/buy.php?detail/21402243436996" "Mozilla/5.0 AppleWebKit/537.36 (KHTML, like Gecko; compatible; GPTBot/1.3; +https://openai.com/gptbot)"
74.7.241.28 - - [19/Mar/2026:14:04:45 +0000] "GET /buy.php?detail/06203119050128 HTTP/1.1" 200 156883 "https://inception-blue.com/buy.php?detail/04000248920635" "Mozilla/5.0 AppleWebKit/537.36 (KHTML, like Gecko; compatible; GPTBot/1.3; +https://openai.com/gptbot)"
74.7.241.28 - - [19/Mar/2026:14:04:48 +0000] "GET /buy.php?detail/20800422190209 HTTP/1.1" 200 153265 "https://inception-blue.com/buy.php?detail/04000248920635" "Mozilla/5.0 AppleWebKit/537.36 (KHTML, like Gecko; compatible; GPTBot/1.3; +https://openai.com/gptbot)"
74.7.241.28 - - [19/Mar/2026:14:04:51 +0000] "GET /buy.php?detail/19203119860913 HTTP/1.1" 200 161400 "https://inception-blue.com/buy.php?detail/19201343446928" "Mozilla/5.0 AppleWebKit/537.36 (KHTML, like Gecko; compatible; GPTBot/1.3; +https://openai.com/gptbot)"
74.7.241.28 - - [19/Mar/2026:14:04:54 +0000] "GET /buy.php?goods/295019091 HTTP/1.1" 200 152824 "https://inception-blue.com/buy.php?detail/29501909103513" "Mozilla/5.0 AppleWebKit/537.36 (KHTML, like Gecko; compatible; GPTBot/1.3; +https://openai.com/gptbot)"
74.7.241.28 - - [19/Mar/2026:14:04:57 +0000] "GET /buy.php?detail/07800637847772 HTTP/1.1" 200 164257 "https://inception-blue.com/buy.php?detail/07801587173753" "Mozilla/5.0 AppleWebKit/537.36 (KHTML, like Gecko; compatible; GPTBot/1.3; +https://openai.com/gptbot)"
74.7.241.28 - - [19/Mar/2026:14:05:00 +0000] "GET /buy.php?detail/18702055785767 HTTP/1.1" 200 155404 "https://inception-blue.com/buy.php?detail/04000248920635" "Mozilla/5.0 AppleWebKit/537.36 (KHTML, like Gecko; compatible; GPTBot/1.3; +https://openai.com/gptbot)"
74.7.241.28 - - [19/Mar/2026:14:05:04 +0000] "GET /buy.php?detail/27201004725736 HTTP/1.1" 200 157388 "https://inception-blue.com/buy.php?detail/22100706013550" "Mozilla/5.0 AppleWebKit/537.36 (KHTML, like Gecko; compatible; GPTBot/1.3; +https://openai.com/gptbot)"
74.7.241.28 - - [19/Mar/2026:14:05:07 +0000] "GET /buy.php?detail/18403349469416 HTTP/1.1" 200 156771 "https://inception-blue.com/buy.php?jp/067037949.html" "Mozilla/5.0 AppleWebKit/537.36 (KHTML, like Gecko; compatible; GPTBot/1.3; +https://openai.com/gptbot)"
74.7.241.28 - - [19/Mar/2026:14:05:10 +0000] "GET /buy.php?detail/22402052085767 HTTP/1.1" 200 154876 "https://inception-blue.com/buy.php?jp/067037949.html" "Mozilla/5.0 AppleWebKit/537.36 (KHTML, like Gecko; compatible; GPTBot/1.3; +https://openai.com/gptbot)"
74.7.241.28 - - [19/Mar/2026:14:05:13 +0000] "GET /buy.php?detail/12801980631491 HTTP/1.1" 200 154359 "https://inception-blue.com/buy.php?detail/12802214189489" "Mozilla/5.0 AppleWebKit/537.36 (KHTML, like Gecko; compatible; GPTBot/1.3; +https://openai.com/gptbot)"
74.7.241.28 - - [19/Mar/2026:14:05:16 +0000] "GET /buy.php?detail/18202285055597 HTTP/1.1" 200 153943 "https://inception-blue.com/buy.php?detail/17800052334895" "Mozilla/5.0 AppleWebKit/537.36 (KHTML, like Gecko; compatible; GPTBot/1.3; +https://openai.com/gptbot)"
74.7.241.28 - - [19/Mar/2026:14:05:19 +0000] "GET /buy.php?detail/22100114608944 HTTP/1.1" 200 157207 "https://inception-blue.com/buy.php?detail/22100706013550" "Mozilla/5.0 AppleWebKit/537.36 (KHTML, like Gecko; compatible; GPTBot/1.3; +https://openai.com/gptbot)"
74.7.241.28 - - [19/Mar/2026:14:05:22 +0000] "GET /buy.php?detail/00403553534143 HTTP/1.1" 200 152404 "https://inception-blue.com/buy.php?detail/06203119050128" "Mozilla/5.0 AppleWebKit/537.36 (KHTML, like Gecko; compatible; GPTBot/1.3; +https://openai.com/gptbot)"
74.7.241.28 - - [19/Mar/2026:14:05:26 +0000] "GET /buy.php?detail/20802046434824 HTTP/1.1" 200 152204 "https://inception-blue.com/buy.php?detail/20800422190209" "Mozilla/5.0 AppleWebKit/537.36 (KHTML, like Gecko; compatible; GPTBot/1.3; +https://openai.com/gptbot)"
66.249.77.5 - - [19/Mar/2026:14:05:30 +0000] "GET /3149828 HTTP/1.1" 200 298079 "-" "Mozilla/5.0 (Linux; Android 6.0.1; Nexus 5X Build/MMB29P) AppleWebKit/537.36 (KHTML, like Gecko) Chrome/145.0.7632.159 Mobile Safari/537.36 (compatible; Googlebot/2.1; +http://www.google.com/bot.html)"
74.7.241.28 - - [19/Mar/2026:14:05:29 +0000] "GET /buy.php?detail/06201535060080 HTTP/1.1" 200 154220 "https://inception-blue.com/buy.php?detail/06203119050128" "Mozilla/5.0 AppleWebKit/537.36 (KHTML, like Gecko; compatible; GPTBot/1.3; +https://openai.com/gptbot)"
74.7.241.28 - - [19/Mar/2026:14:05:32 +0000] "GET /buy.php?detail/19902425242444 HTTP/1.1" 200 167424 "https://inception-blue.com/buy.php?detail/07800637847772" "Mozilla/5.0 AppleWebKit/537.36 (KHTML, like Gecko; compatible; GPTBot/1.3; +https://openai.com/gptbot)"
74.7.241.28 - - [19/Mar/2026:14:05:35 +0000] "GET /buy.php?detail/07800132251787 HTTP/1.1" 200 151995 "https://inception-blue.com/buy.php?detail/07800637847772" "Mozilla/5.0 AppleWebKit/537.36 (KHTML, like Gecko; compatible; GPTBot/1.3; +https://openai.com/gptbot)"
74.7.241.28 - - [19/Mar/2026:14:05:38 +0000] "GET /buy.php?detail/19204580223238 HTTP/1.1" 200 160274 "https://inception-blue.com/buy.php?detail/19203119860913" "Mozilla/5.0 AppleWebKit/537.36 (KHTML, like Gecko; compatible; GPTBot/1.3; +https://openai.com/gptbot)"
74.7.241.28 - - [19/Mar/2026:14:05:41 +0000] "GET /buy.php?detail/06300076733815 HTTP/1.1" 200 159314 "https://inception-blue.com/buy.php?detail/18403349469416" "Mozilla/5.0 AppleWebKit/537.36 (KHTML, like Gecko; compatible; GPTBot/1.3; +https://openai.com/gptbot)"
74.7.241.28 - - [19/Mar/2026:14:05:44 +0000] "GET /buy.php?detail/06201442698698 HTTP/1.1" 200 157228 "https://inception-blue.com/buy.php?detail/06203119050128" "Mozilla/5.0 AppleWebKit/537.36 (KHTML, like Gecko; compatible; GPTBot/1.3; +https://openai.com/gptbot)"
74.7.241.28 - - [19/Mar/2026:14:05:48 +0000] "GET /buy.php?detail/16603528408098 HTTP/1.1" 200 160058 "https://inception-blue.com/buy.php?detail/22402052085767" "Mozilla/5.0 AppleWebKit/537.36 (KHTML, like Gecko; compatible; GPTBot/1.3; +https://openai.com/gptbot)"
74.7.241.28 - - [19/Mar/2026:14:05:51 +0000] "GET /buy.php?detail/18200047199826 HTTP/1.1" 200 154857 "https://inception-blue.com/buy.php?detail/18202285055597" "Mozilla/5.0 AppleWebKit/537.36 (KHTML, like Gecko; compatible; GPTBot/1.3; +https://openai.com/gptbot)"
74.7.241.28 - - [19/Mar/2026:14:05:54 +0000] "GET /buy.php?detail/27303856232984 HTTP/1.1" 200 155488 "https://inception-blue.com/buy.php?detail/22402052085767" "Mozilla/5.0 AppleWebKit/537.36 (KHTML, like Gecko; compatible; GPTBot/1.3; +https://openai.com/gptbot)"
74.7.241.28 - - [19/Mar/2026:14:05:57 +0000] "GET /buy.php?detail/20802126361034 HTTP/1.1" 200 151810 "https://inception-blue.com/buy.php?detail/20800422190209" "Mozilla/5.0 AppleWebKit/537.36 (KHTML, like Gecko; compatible; GPTBot/1.3; +https://openai.com/gptbot)"
74.7.241.28 - - [19/Mar/2026:14:06:00 +0000] "GET /buy.php?detail/06703871627892 HTTP/1.1" 200 144765 "https://inception-blue.com/buy.php?detail/07801587173753" "Mozilla/5.0 AppleWebKit/537.36 (KHTML, like Gecko; compatible; GPTBot/1.3; +https://openai.com/gptbot)"
66.249.77.5 - - [19/Mar/2026:14:06:03 +0000] "GET /?goods/176027122 HTTP/1.1" 200 302433 "-" "Mozilla/5.0 (Linux; Android 6.0.1; Nexus 5X Build/MMB29P) AppleWebKit/537.36 (KHTML, like Gecko) Chrome/145.0.7632.159 Mobile Safari/537.36 (compatible; Googlebot/2.1; +http://www.google.com/bot.html)"
66.249.77.5 - - [19/Mar/2026:14:06:04 +0000] "GET /product/089009088 HTTP/1.1" 200 306534 "-" "Mozilla/5.0 (Linux; Android 6.0.1; Nexus 5X Build/MMB29P) AppleWebKit/537.36 (KHTML, like Gecko) Chrome/145.0.7632.159 Mobile Safari/537.36 (compatible; Googlebot/2.1; +http://www.google.com/bot.html)"
66.249.77.4 - - [19/Mar/2026:14:06:05 +0000] "GET /product/184018509 HTTP/1.1" 200 319456 "-" "Mozilla/5.0 (Linux; Android 6.0.1; Nexus 5X Build/MMB29P) AppleWebKit/537.36 (KHTML, like Gecko) Chrome/145.0.7632.159 Mobile Safari/537.36 (compatible; Googlebot/2.1; +http://www.google.com/bot.html)"
74.7.241.28 - - [19/Mar/2026:14:06:03 +0000] "GET /buy.php?detail/06202082678065 HTTP/1.1" 200 154276 "https://inception-blue.com/buy.php?detail/06201535060080" "Mozilla/5.0 AppleWebKit/537.36 (KHTML, like Gecko; compatible; GPTBot/1.3; +https://openai.com/gptbot)"
74.7.241.28 - - [19/Mar/2026:14:06:07 +0000] "GET /buy.php?detail/11001354505646 HTTP/1.1" 200 154003 "https://inception-blue.com/buy.php?detail/19501458611417" "Mozilla/5.0 AppleWebKit/537.36 (KHTML, like Gecko; compatible; GPTBot/1.3; +https://openai.com/gptbot)"
74.7.241.28 - - [19/Mar/2026:14:06:10 +0000] "GET /buy.php?detail/29502141560465 HTTP/1.1" 200 153137 "https://inception-blue.com/buy.php?goods/295019091" "Mozilla/5.0 AppleWebKit/537.36 (KHTML, like Gecko; compatible; GPTBot/1.3; +https://openai.com/gptbot)"
74.7.241.28 - - [19/Mar/2026:14:06:13 +0000] "GET /buy.php?detail/27902732829842 HTTP/1.1" 200 155192 "https://inception-blue.com/buy.php?detail/19204580223238" "Mozilla/5.0 AppleWebKit/537.36 (KHTML, like Gecko; compatible; GPTBot/1.3; +https://openai.com/gptbot)"
74.7.241.28 - - [19/Mar/2026:14:06:16 +0000] "GET /buy.php?detail/02501061183541 HTTP/1.1" 200 163041 "https://inception-blue.com/buy.php?detail/29002177599102" "Mozilla/5.0 AppleWebKit/537.36 (KHTML, like Gecko; compatible; GPTBot/1.3; +https://openai.com/gptbot)"
66.249.77.3 - - [19/Mar/2026:14:06:20 +0000] "GET /1533407 HTTP/1.1" 200 300158 "-" "Mozilla/5.0 (Linux; Android 6.0.1; Nexus 5X Build/MMB29P) AppleWebKit/537.36 (KHTML, like Gecko) Chrome/145.0.7632.159 Mobile Safari/537.36 (compatible; Googlebot/2.1; +http://www.google.com/bot.html)"
74.7.241.28 - - [19/Mar/2026:14:06:19 +0000] "GET /buy.php?detail/17501846579257 HTTP/1.1" 200 144517 "https://inception-blue.com/buy.php?detail/06201442698698" "Mozilla/5.0 AppleWebKit/537.36 (KHTML, like Gecko; compatible; GPTBot/1.3; +https://openai.com/gptbot)"
74.7.241.28 - - [19/Mar/2026:14:06:23 +0000] "GET /buy.php?detail/16600150643443 HTTP/1.1" 200 160854 "https://inception-blue.com/buy.php?detail/16603528408098" "Mozilla/5.0 AppleWebKit/537.36 (KHTML, like Gecko; compatible; GPTBot/1.3; +https://openai.com/gptbot)"
74.7.241.28 - - [19/Mar/2026:14:06:26 +0000] "GET /buy.php?detail/06300581557355 HTTP/1.1" 200 147429 "https://inception-blue.com/buy.php?detail/18200047199826" "Mozilla/5.0 AppleWebKit/537.36 (KHTML, like Gecko; compatible; GPTBot/1.3; +https://openai.com/gptbot)"
74.7.241.28 - - [19/Mar/2026:14:06:29 +0000] "GET /buy.php?goods/075038255 HTTP/1.1" 200 158383 "https://inception-blue.com/buy.php?detail/27303856232984" "Mozilla/5.0 AppleWebKit/537.36 (KHTML, like Gecko; compatible; GPTBot/1.3; +https://openai.com/gptbot)"
74.7.241.28 - - [19/Mar/2026:14:06:32 +0000] "GET /buy.php?detail/06200625198698 HTTP/1.1" 200 162083 "https://inception-blue.com/buy.php?detail/06201442698698" "Mozilla/5.0 AppleWebKit/537.36 (KHTML, like Gecko; compatible; GPTBot/1.3; +https://openai.com/gptbot)"
74.7.241.28 - - [19/Mar/2026:14:06:35 +0000] "GET /buy.php?detail/14002002833834 HTTP/1.1" 200 158755 "https://inception-blue.com/buy.php?detail/06703871627892" "Mozilla/5.0 AppleWebKit/537.36 (KHTML, like Gecko; compatible; GPTBot/1.3; +https://openai.com/gptbot)"
74.7.241.28 - - [19/Mar/2026:14:06:38 +0000] "GET /buy.php?detail/12001726450434 HTTP/1.1" 200 151315 "https://inception-blue.com/buy.php?detail/06703871627892" "Mozilla/5.0 AppleWebKit/537.36 (KHTML, like Gecko; compatible; GPTBot/1.3; +https://openai.com/gptbot)"
74.7.241.28 - - [19/Mar/2026:14:06:41 +0000] "GET /buy.php?detail/00303442992487 HTTP/1.1" 200 161166 "https://inception-blue.com/buy.php?detail/11001354505646" "Mozilla/5.0 AppleWebKit/537.36 (KHTML, like Gecko; compatible; GPTBot/1.3; +https://openai.com/gptbot)"
74.7.241.28 - - [19/Mar/2026:14:06:44 +0000] "GET /buy.php?detail/13504261316870 HTTP/1.1" 200 154547 "https://inception-blue.com/buy.php?detail/06201442698698" "Mozilla/5.0 AppleWebKit/537.36 (KHTML, like Gecko; compatible; GPTBot/1.3; +https://openai.com/gptbot)"
74.7.241.28 - - [19/Mar/2026:14:06:48 +0000] "GET /buy.php?detail/25500435709464 HTTP/1.1" 200 153937 "https://inception-blue.com/buy.php?detail/25503490951779" "Mozilla/5.0 AppleWebKit/537.36 (KHTML, like Gecko; compatible; GPTBot/1.3; +https://openai.com/gptbot)"
74.7.241.28 - - [19/Mar/2026:14:06:51 +0000] "GET /buy.php?detail/08102247748047 HTTP/1.1" 200 152241 "https://inception-blue.com/buy.php?detail/02501061183541" "Mozilla/5.0 AppleWebKit/537.36 (KHTML, like Gecko; compatible; GPTBot/1.3; +https://openai.com/gptbot)"
74.7.241.28 - - [19/Mar/2026:14:06:54 +0000] "GET /buy.php?detail/11601452176792 HTTP/1.1" 200 156308 "https://inception-blue.com/buy.php?detail/08302454521273" "Mozilla/5.0 AppleWebKit/537.36 (KHTML, like Gecko; compatible; GPTBot/1.3; +https://openai.com/gptbot)"
74.7.241.28 - - [19/Mar/2026:14:06:57 +0000] "GET /buy.php?detail/13904434916783 HTTP/1.1" 200 155604 "https://inception-blue.com/buy.php?detail/16600150643443" "Mozilla/5.0 AppleWebKit/537.36 (KHTML, like Gecko; compatible; GPTBot/1.3; +https://openai.com/gptbot)"
74.7.241.28 - - [19/Mar/2026:14:07:00 +0000] "GET /buy.php?detail/09801441908602 HTTP/1.1" 200 158889 "https://inception-blue.com/buy.php?detail/06300581557355" "Mozilla/5.0 AppleWebKit/537.36 (KHTML, like Gecko; compatible; GPTBot/1.3; +https://openai.com/gptbot)"
74.7.241.28 - - [19/Mar/2026:14:07:03 +0000] "GET /buy.php?detail/29902401183984 HTTP/1.1" 200 156669 "https://inception-blue.com/buy.php?detail/06300581557355" "Mozilla/5.0 AppleWebKit/537.36 (KHTML, like Gecko; compatible; GPTBot/1.3; +https://openai.com/gptbot)"
74.7.241.28 - - [19/Mar/2026:14:07:06 +0000] "GET /buy.php?288000111.htm HTTP/1.1" 200 157072 "https://inception-blue.com/buy.php?shopbrand/and/288001872.htm" "Mozilla/5.0 AppleWebKit/537.36 (KHTML, like Gecko; compatible; GPTBot/1.3; +https://openai.com/gptbot)"
66.249.77.5 - - [19/Mar/2026:14:07:10 +0000] "GET /86945903 HTTP/1.1" 200 304593 "-" "Mozilla/5.0 (Linux; Android 6.0.1; Nexus 5X Build/MMB29P) AppleWebKit/537.36 (KHTML, like Gecko) Chrome/145.0.7632.159 Mobile Safari/537.36 (compatible; Googlebot/2.1; +http://www.google.com/bot.html)"
74.7.241.28 - - [19/Mar/2026:14:07:10 +0000] "GET /buy.php?detail/14000241698012 HTTP/1.1" 200 162199 "https://inception-blue.com/buy.php?detail/14002002833834" "Mozilla/5.0 AppleWebKit/537.36 (KHTML, like Gecko; compatible; GPTBot/1.3; +https://openai.com/gptbot)"
74.7.241.28 - - [19/Mar/2026:14:07:13 +0000] "GET /buy.php?detail/12000791758445 HTTP/1.1" 200 152500 "https://inception-blue.com/buy.php?detail/12001726450434" "Mozilla/5.0 AppleWebKit/537.36 (KHTML, like Gecko; compatible; GPTBot/1.3; +https://openai.com/gptbot)"
74.7.241.28 - - [19/Mar/2026:14:07:16 +0000] "GET /buy.php?detail/04100497477647 HTTP/1.1" 200 153653 "https://inception-blue.com/buy.php?detail/12001726450434" "Mozilla/5.0 AppleWebKit/537.36 (KHTML, like Gecko; compatible; GPTBot/1.3; +https://openai.com/gptbot)"
74.7.241.28 - - [19/Mar/2026:14:07:19 +0000] "GET /buy.php?goods/135012476 HTTP/1.1" 200 155421 "https://inception-blue.com/buy.php?detail/13504261316870" "Mozilla/5.0 AppleWebKit/537.36 (KHTML, like Gecko; compatible; GPTBot/1.3; +https://openai.com/gptbot)"
74.7.241.28 - - [19/Mar/2026:14:07:22 +0000] "GET /buy.php?goods/205045998 HTTP/1.1" 200 167120 "https://inception-blue.com/buy.php?detail/25500435709464" "Mozilla/5.0 AppleWebKit/537.36 (KHTML, like Gecko; compatible; GPTBot/1.3; +https://openai.com/gptbot)"
74.7.241.28 - - [19/Mar/2026:14:07:25 +0000] "GET /buy.php?detail/00300207814329 HTTP/1.1" 200 153340 "https://inception-blue.com/buy.php?detail/00303442992487" "Mozilla/5.0 AppleWebKit/537.36 (KHTML, like Gecko; compatible; GPTBot/1.3; +https://openai.com/gptbot)"
74.7.241.28 - - [19/Mar/2026:14:07:28 +0000] "GET /buy.php?detail/25902201397339 HTTP/1.1" 200 155367 "https://inception-blue.com/buy.php?detail/12001726450434" "Mozilla/5.0 AppleWebKit/537.36 (KHTML, like Gecko; compatible; GPTBot/1.3; +https://openai.com/gptbot)"
74.7.241.28 - - [19/Mar/2026:14:07:32 +0000] "GET /buy.php?detail/10504562001016 HTTP/1.1" 200 158988 "https://inception-blue.com/buy.php?detail/13904434916783" "Mozilla/5.0 AppleWebKit/537.36 (KHTML, like Gecko; compatible; GPTBot/1.3; +https://openai.com/gptbot)"
74.7.241.28 - - [19/Mar/2026:14:07:35 +0000] "GET /buy.php?detail/15204842062054 HTTP/1.1" 200 149476 "https://inception-blue.com/buy.php?detail/25500435709464" "Mozilla/5.0 AppleWebKit/537.36 (KHTML, like Gecko; compatible; GPTBot/1.3; +https://openai.com/gptbot)"
