74.7.241.28 - - [19/Mar/2026:16:35:39 +0000] "GET /buy.php?jp/293032402.html HTTP/1.1" 200 158603 "https://inception-blue.com/buy.php?detail/01301630403385" "Mozilla/5.0 AppleWebKit/537.36 (KHTML, like Gecko; compatible; GPTBot/1.3; +https://openai.com/gptbot)"
74.7.241.28 - - [19/Mar/2026:16:35:42 +0000] "GET /buy.php?detail/13403674571299 HTTP/1.1" 200 165765 "https://inception-blue.com/buy.php?detail/13404345102532" "Mozilla/5.0 AppleWebKit/537.36 (KHTML, like Gecko; compatible; GPTBot/1.3; +https://openai.com/gptbot)"
74.7.241.28 - - [19/Mar/2026:16:35:45 +0000] "GET /buy.php?detail/03204016449359 HTTP/1.1" 200 156367 "https://inception-blue.com/buy.php?detail/05801882822689" "Mozilla/5.0 AppleWebKit/537.36 (KHTML, like Gecko; compatible; GPTBot/1.3; +https://openai.com/gptbot)"
74.7.241.28 - - [19/Mar/2026:16:35:48 +0000] "GET /buy.php?detail/01902448742450 HTTP/1.1" 200 170647 "https://inception-blue.com/buy.php?detail/23602487104615" "Mozilla/5.0 AppleWebKit/537.36 (KHTML, like Gecko; compatible; GPTBot/1.3; +https://openai.com/gptbot)"
74.7.241.28 - - [19/Mar/2026:16:35:52 +0000] "GET /buy.php?detail/23602689795820 HTTP/1.1" 200 153532 "https://inception-blue.com/buy.php?detail/23602487104615" "Mozilla/5.0 AppleWebKit/537.36 (KHTML, like Gecko; compatible; GPTBot/1.3; +https://openai.com/gptbot)"
66.249.77.3 - - [19/Mar/2026:16:35:56 +0000] "GET /?goods/250046121 HTTP/1.1" 200 318717 "-" "Mozilla/5.0 (Linux; Android 6.0.1; Nexus 5X Build/MMB29P) AppleWebKit/537.36 (KHTML, like Gecko) Chrome/145.0.7632.159 Mobile Safari/537.36 (compatible; Googlebot/2.1; +http://www.google.com/bot.html)"
66.249.77.3 - - [19/Mar/2026:16:35:56 +0000] "GET /?goods/144039270 HTTP/1.1" 200 315558 "-" "Mozilla/5.0 (Linux; Android 6.0.1; Nexus 5X Build/MMB29P) AppleWebKit/537.36 (KHTML, like Gecko) Chrome/145.0.7632.159 Mobile Safari/537.36 (compatible; GoogleOther)"
74.7.241.28 - - [19/Mar/2026:16:35:55 +0000] "GET /buy.php?detail/01302192754515 HTTP/1.1" 200 155086 "https://inception-blue.com/buy.php?detail/23602487104615" "Mozilla/5.0 AppleWebKit/537.36 (KHTML, like Gecko; compatible; GPTBot/1.3; +https://openai.com/gptbot)"
74.7.241.28 - - [19/Mar/2026:16:35:58 +0000] "GET /buy.php?detail/21800206253037 HTTP/1.1" 200 157135 "https://inception-blue.com/buy.php?detail/21802752543093" "Mozilla/5.0 AppleWebKit/537.36 (KHTML, like Gecko; compatible; GPTBot/1.3; +https://openai.com/gptbot)"
74.7.241.28 - - [19/Mar/2026:16:36:01 +0000] "GET /buy.php?m34591555904 HTTP/1.1" 200 159680 "https://inception-blue.com/buy.php?detail/18700939268536" "Mozilla/5.0 AppleWebKit/537.36 (KHTML, like Gecko; compatible; GPTBot/1.3; +https://openai.com/gptbot)"
74.7.241.28 - - [19/Mar/2026:16:36:04 +0000] "GET /buy.php?detail/14801601254651 HTTP/1.1" 200 157763 "https://inception-blue.com/buy.php?detail/07003155001738" "Mozilla/5.0 AppleWebKit/537.36 (KHTML, like Gecko; compatible; GPTBot/1.3; +https://openai.com/gptbot)"
74.7.241.28 - - [19/Mar/2026:16:36:08 +0000] "GET /buy.php?detail/22801602391138 HTTP/1.1" 200 157293 "https://inception-blue.com/buy.php?detail/07003155001738" "Mozilla/5.0 AppleWebKit/537.36 (KHTML, like Gecko; compatible; GPTBot/1.3; +https://openai.com/gptbot)"
74.7.241.28 - - [19/Mar/2026:16:36:11 +0000] "GET /buy.php?detail/21501275623853 HTTP/1.1" 200 160011 "https://inception-blue.com/buy.php?detail/21503010393226" "Mozilla/5.0 AppleWebKit/537.36 (KHTML, like Gecko; compatible; GPTBot/1.3; +https://openai.com/gptbot)"
74.7.241.28 - - [19/Mar/2026:16:36:14 +0000] "GET /buy.php?detail/21501129786206 HTTP/1.1" 200 158595 "https://inception-blue.com/buy.php?detail/21503010393226" "Mozilla/5.0 AppleWebKit/537.36 (KHTML, like Gecko; compatible; GPTBot/1.3; +https://openai.com/gptbot)"
74.7.241.28 - - [19/Mar/2026:16:36:17 +0000] "GET /buy.php?detail/18203921378365 HTTP/1.1" 200 158336 "https://inception-blue.com/buy.php?detail/00203301109595" "Mozilla/5.0 AppleWebKit/537.36 (KHTML, like Gecko; compatible; GPTBot/1.3; +https://openai.com/gptbot)"
74.7.241.28 - - [19/Mar/2026:16:36:20 +0000] "GET /buy.php?detail/03200355566666 HTTP/1.1" 200 156828 "https://inception-blue.com/buy.php?detail/03204016449359" "Mozilla/5.0 AppleWebKit/537.36 (KHTML, like Gecko; compatible; GPTBot/1.3; +https://openai.com/gptbot)"
74.7.241.28 - - [19/Mar/2026:16:36:24 +0000] "GET /buy.php?detail/21303856467227 HTTP/1.1" 200 153716 "https://inception-blue.com/buy.php?detail/29601373490708" "Mozilla/5.0 AppleWebKit/537.36 (KHTML, like Gecko; compatible; GPTBot/1.3; +https://openai.com/gptbot)"
74.7.241.28 - - [19/Mar/2026:16:36:27 +0000] "GET /buy.php?detail/28302680548977 HTTP/1.1" 200 155150 "https://inception-blue.com/buy.php?detail/28300191567676" "Mozilla/5.0 AppleWebKit/537.36 (KHTML, like Gecko; compatible; GPTBot/1.3; +https://openai.com/gptbot)"
74.7.241.28 - - [19/Mar/2026:16:36:30 +0000] "GET /buy.php?detail/09202088126896 HTTP/1.1" 200 144958 "https://inception-blue.com/buy.php?detail/01302192754515" "Mozilla/5.0 AppleWebKit/537.36 (KHTML, like Gecko; compatible; GPTBot/1.3; +https://openai.com/gptbot)"
74.7.241.28 - - [19/Mar/2026:16:36:33 +0000] "GET /buy.php?detail/01300296711111 HTTP/1.1" 200 153962 "https://inception-blue.com/buy.php?detail/01302192754515" "Mozilla/5.0 AppleWebKit/537.36 (KHTML, like Gecko; compatible; GPTBot/1.3; +https://openai.com/gptbot)"
74.7.241.28 - - [19/Mar/2026:16:36:36 +0000] "GET /buy.php?detail/16401087925889 HTTP/1.1" 200 160406 "https://inception-blue.com/buy.php?detail/220003457555" "Mozilla/5.0 AppleWebKit/537.36 (KHTML, like Gecko; compatible; GPTBot/1.3; +https://openai.com/gptbot)"
74.7.241.28 - - [19/Mar/2026:16:36:39 +0000] "GET /buy.php?detail/15504762697932 HTTP/1.1" 200 155214 "https://inception-blue.com/buy.php?detail/15901962152418" "Mozilla/5.0 AppleWebKit/537.36 (KHTML, like Gecko; compatible; GPTBot/1.3; +https://openai.com/gptbot)"
74.7.241.28 - - [19/Mar/2026:16:36:43 +0000] "GET /buy.php?detail/25603053416297 HTTP/1.1" 200 153353 "https://inception-blue.com/buy.php?detail/03902912523059" "Mozilla/5.0 AppleWebKit/537.36 (KHTML, like Gecko; compatible; GPTBot/1.3; +https://openai.com/gptbot)"
74.7.241.28 - - [19/Mar/2026:16:36:46 +0000] "GET /buy.php?detail/23004761975289 HTTP/1.1" 200 149103 "https://inception-blue.com/buy.php?detail/21501275623853" "Mozilla/5.0 AppleWebKit/537.36 (KHTML, like Gecko; compatible; GPTBot/1.3; +https://openai.com/gptbot)"
74.7.241.28 - - [19/Mar/2026:16:36:49 +0000] "GET /buy.php?detail/17601953022987 HTTP/1.1" 200 155922 "https://inception-blue.com/buy.php?detail/19902044837910" "Mozilla/5.0 AppleWebKit/537.36 (KHTML, like Gecko; compatible; GPTBot/1.3; +https://openai.com/gptbot)"
74.7.241.28 - - [19/Mar/2026:16:36:52 +0000] "GET /buy.php?detail/04102515883314 HTTP/1.1" 200 160666 "https://inception-blue.com/buy.php?detail/18203921378365" "Mozilla/5.0 AppleWebKit/537.36 (KHTML, like Gecko; compatible; GPTBot/1.3; +https://openai.com/gptbot)"
74.7.241.28 - - [19/Mar/2026:16:36:55 +0000] "GET /buy.php?detail/14100305962885 HTTP/1.1" 200 162421 "https://inception-blue.com/buy.php?detail/14100051299826" "Mozilla/5.0 AppleWebKit/537.36 (KHTML, like Gecko; compatible; GPTBot/1.3; +https://openai.com/gptbot)"
66.249.77.4 - - [19/Mar/2026:16:36:59 +0000] "GET /39653375 HTTP/1.1" 200 300880 "-" "Mozilla/5.0 (Linux; Android 6.0.1; Nexus 5X Build/MMB29P) AppleWebKit/537.36 (KHTML, like Gecko) Chrome/145.0.7632.159 Mobile Safari/537.36 (compatible; Googlebot/2.1; +http://www.google.com/bot.html)"
74.7.241.28 - - [19/Mar/2026:16:36:58 +0000] "GET /buy.php?detail/01000866153814 HTTP/1.1" 200 146050 "https://inception-blue.com/buy.php?detail/21303856467227" "Mozilla/5.0 AppleWebKit/537.36 (KHTML, like Gecko; compatible; GPTBot/1.3; +https://openai.com/gptbot)"
74.7.241.28 - - [19/Mar/2026:16:37:01 +0000] "GET /buy.php?detail/20500940214823 HTTP/1.1" 200 162778 "https://inception-blue.com/buy.php?detail/28302680548977" "Mozilla/5.0 AppleWebKit/537.36 (KHTML, like Gecko; compatible; GPTBot/1.3; +https://openai.com/gptbot)"
74.7.241.28 - - [19/Mar/2026:16:37:04 +0000] "GET /buy.php?detail/28302640761046 HTTP/1.1" 200 158797 "https://inception-blue.com/buy.php?detail/28302680548977" "Mozilla/5.0 AppleWebKit/537.36 (KHTML, like Gecko; compatible; GPTBot/1.3; +https://openai.com/gptbot)"
74.7.241.28 - - [19/Mar/2026:16:37:07 +0000] "GET /buy.php?detail/01300574309737 HTTP/1.1" 200 161533 "https://inception-blue.com/buy.php?detail/01300296711111" "Mozilla/5.0 AppleWebKit/537.36 (KHTML, like Gecko; compatible; GPTBot/1.3; +https://openai.com/gptbot)"
74.7.241.28 - - [19/Mar/2026:16:37:11 +0000] "GET /buy.php?detail/25902296293089 HTTP/1.1" 200 156881 "https://inception-blue.com/buy.php?detail/16401087925889" "Mozilla/5.0 AppleWebKit/537.36 (KHTML, like Gecko; compatible; GPTBot/1.3; +https://openai.com/gptbot)"
74.7.241.28 - - [19/Mar/2026:16:37:14 +0000] "GET /buy.php?detail/12400201398306 HTTP/1.1" 200 154836 "https://inception-blue.com/buy.php?detail/21303856467227" "Mozilla/5.0 AppleWebKit/537.36 (KHTML, like Gecko; compatible; GPTBot/1.3; +https://openai.com/gptbot)"
66.249.77.3 - - [19/Mar/2026:16:37:18 +0000] "GET /894578351 HTTP/1.1" 200 305161 "-" "Mozilla/5.0 (Linux; Android 6.0.1; Nexus 5X Build/MMB29P) AppleWebKit/537.36 (KHTML, like Gecko) Chrome/145.0.7632.159 Mobile Safari/537.36 (compatible; Googlebot/2.1; +http://www.google.com/bot.html)"
74.7.241.28 - - [19/Mar/2026:16:37:17 +0000] "GET /buy.php?detail/22801406474955 HTTP/1.1" 200 162523 "https://inception-blue.com/buy.php?detail/22802885468259" "Mozilla/5.0 AppleWebKit/537.36 (KHTML, like Gecko; compatible; GPTBot/1.3; +https://openai.com/gptbot)"
74.7.241.28 - - [19/Mar/2026:16:37:20 +0000] "GET /buy.php?detail/25803884634661 HTTP/1.1" 200 153647 "https://inception-blue.com/buy.php?detail/23004761975289" "Mozilla/5.0 AppleWebKit/537.36 (KHTML, like Gecko; compatible; GPTBot/1.3; +https://openai.com/gptbot)"
74.7.241.28 - - [19/Mar/2026:16:37:23 +0000] "GET /buy.php?detail/12302146549858 HTTP/1.1" 200 155036 "https://inception-blue.com/buy.php?detail/12301388092803" "Mozilla/5.0 AppleWebKit/537.36 (KHTML, like Gecko; compatible; GPTBot/1.3; +https://openai.com/gptbot)"
74.7.241.28 - - [19/Mar/2026:16:37:27 +0000] "GET /buy.php?detail/08601197523507 HTTP/1.1" 200 154894 "https://inception-blue.com/buy.php?detail/08601152014811" "Mozilla/5.0 AppleWebKit/537.36 (KHTML, like Gecko; compatible; GPTBot/1.3; +https://openai.com/gptbot)"
74.7.241.28 - - [19/Mar/2026:16:37:30 +0000] "GET /buy.php?detail/14100448402648 HTTP/1.1" 200 157820 "https://inception-blue.com/buy.php?detail/14100305962885" "Mozilla/5.0 AppleWebKit/537.36 (KHTML, like Gecko; compatible; GPTBot/1.3; +https://openai.com/gptbot)"
74.7.241.28 - - [19/Mar/2026:16:37:33 +0000] "GET /buy.php?detail/23600311825419 HTTP/1.1" 200 149051 "https://inception-blue.com/buy.php?detail/23603016115796" "Mozilla/5.0 AppleWebKit/537.36 (KHTML, like Gecko; compatible; GPTBot/1.3; +https://openai.com/gptbot)"
74.7.241.28 - - [19/Mar/2026:16:37:36 +0000] "GET /buy.php?detail/20500833440468 HTTP/1.1" 200 157988 "https://inception-blue.com/buy.php?detail/20500940214823" "Mozilla/5.0 AppleWebKit/537.36 (KHTML, like Gecko; compatible; GPTBot/1.3; +https://openai.com/gptbot)"
74.7.241.28 - - [19/Mar/2026:16:37:39 +0000] "GET /buy.php?m11444939128 HTTP/1.1" 200 157260 "https://inception-blue.com/buy.php?detail/20500940214823" "Mozilla/5.0 AppleWebKit/537.36 (KHTML, like Gecko; compatible; GPTBot/1.3; +https://openai.com/gptbot)"
74.7.241.28 - - [19/Mar/2026:16:37:42 +0000] "GET /buy.php?detail/27601918449339 HTTP/1.1" 200 156062 "https://inception-blue.com/buy.php?detail/27602358785132" "Mozilla/5.0 AppleWebKit/537.36 (KHTML, like Gecko; compatible; GPTBot/1.3; +https://openai.com/gptbot)"
74.7.241.28 - - [19/Mar/2026:16:37:46 +0000] "GET /buy.php?detail/25701398504941 HTTP/1.1" 200 154547 "https://inception-blue.com/buy.php?detail/06900181099106" "Mozilla/5.0 AppleWebKit/537.36 (KHTML, like Gecko; compatible; GPTBot/1.3; +https://openai.com/gptbot)"
74.7.241.28 - - [19/Mar/2026:16:37:49 +0000] "GET /buy.php?detail/02301272496813 HTTP/1.1" 200 168460 "https://inception-blue.com/buy.php?detail/02300785002514" "Mozilla/5.0 AppleWebKit/537.36 (KHTML, like Gecko; compatible; GPTBot/1.3; +https://openai.com/gptbot)"
74.7.241.28 - - [19/Mar/2026:16:37:52 +0000] "GET /buy.php?detail/18700536616442 HTTP/1.1" 200 155430 "https://inception-blue.com/buy.php?detail/18701506118282" "Mozilla/5.0 AppleWebKit/537.36 (KHTML, like Gecko; compatible; GPTBot/1.3; +https://openai.com/gptbot)"
74.7.241.28 - - [19/Mar/2026:16:37:55 +0000] "GET /buy.php?goods/004008025 HTTP/1.1" 200 145893 "https://inception-blue.com/buy.php?detail/25803884634661" "Mozilla/5.0 AppleWebKit/537.36 (KHTML, like Gecko; compatible; GPTBot/1.3; +https://openai.com/gptbot)"
74.7.241.28 - - [19/Mar/2026:16:37:58 +0000] "GET /buy.php?detail/25800128214121 HTTP/1.1" 200 153697 "https://inception-blue.com/buy.php?detail/25803884634661" "Mozilla/5.0 AppleWebKit/537.36 (KHTML, like Gecko; compatible; GPTBot/1.3; +https://openai.com/gptbot)"
74.7.241.28 - - [19/Mar/2026:16:38:01 +0000] "GET /buy.php?detail/09104350604007 HTTP/1.1" 200 153552 "https://inception-blue.com/buy.php?detail/08601197523507" "Mozilla/5.0 AppleWebKit/537.36 (KHTML, like Gecko; compatible; GPTBot/1.3; +https://openai.com/gptbot)"
159.223.142.74 - - [19/Mar/2026:16:38:04 +0000] "POST /wp-cron.php?doing_wp_cron=1773938284.3312640190124511718750 HTTP/1.1" 404 185483 "-" "WordPress/6.9.4; https://inception-blue.com"
45.131.195.41 - - [19/Mar/2026:16:38:03 +0000] "POST /wp-login.php HTTP/1.1" 200 84588 "-" "Mozilla/5.0"
74.7.241.28 - - [19/Mar/2026:16:38:04 +0000] "GET /buy.php?detail/10701761218129 HTTP/1.1" 200 158710 "https://inception-blue.com/buy.php?detail/08601197523507" "Mozilla/5.0 AppleWebKit/537.36 (KHTML, like Gecko; compatible; GPTBot/1.3; +https://openai.com/gptbot)"
74.7.241.28 - - [19/Mar/2026:16:38:08 +0000] "GET /buy.php?detail/02402074083215 HTTP/1.1" 200 157741 "https://inception-blue.com/buy.php?detail/25803884634661" "Mozilla/5.0 AppleWebKit/537.36 (KHTML, like Gecko; compatible; GPTBot/1.3; +https://openai.com/gptbot)"
74.7.241.28 - - [19/Mar/2026:16:38:11 +0000] "GET /buy.php?detail/12800967733057 HTTP/1.1" 200 154401 "https://inception-blue.com/buy.php?detail/14100448402648" "Mozilla/5.0 AppleWebKit/537.36 (KHTML, like Gecko; compatible; GPTBot/1.3; +https://openai.com/gptbot)"
74.7.241.28 - - [19/Mar/2026:16:38:14 +0000] "GET /buy.php?detail/25800130123679 HTTP/1.1" 200 152571 "https://inception-blue.com/buy.php?detail/25803884634661" "Mozilla/5.0 AppleWebKit/537.36 (KHTML, like Gecko; compatible; GPTBot/1.3; +https://openai.com/gptbot)"
74.7.241.28 - - [19/Mar/2026:16:38:17 +0000] "GET /buy.php?detail/18003989247684 HTTP/1.1" 200 144507 "https://inception-blue.com/buy.php?detail/11203008642109" "Mozilla/5.0 AppleWebKit/537.36 (KHTML, like Gecko; compatible; GPTBot/1.3; +https://openai.com/gptbot)"
74.7.241.28 - - [19/Mar/2026:16:38:20 +0000] "GET /buy.php?jp/128002305.html HTTP/1.1" 200 161114 "https://inception-blue.com/buy.php?detail/25701398504941" "Mozilla/5.0 AppleWebKit/537.36 (KHTML, like Gecko; compatible; GPTBot/1.3; +https://openai.com/gptbot)"
74.7.241.28 - - [19/Mar/2026:16:38:23 +0000] "GET /buy.php?detail/20901783798930 HTTP/1.1" 200 144127 "https://inception-blue.com/buy.php?detail/25701398504941" "Mozilla/5.0 AppleWebKit/537.36 (KHTML, like Gecko; compatible; GPTBot/1.3; +https://openai.com/gptbot)"
74.7.241.28 - - [19/Mar/2026:16:38:27 +0000] "GET /buy.php?detail/00504345717566 HTTP/1.1" 200 152017 "https://inception-blue.com/buy.php?detail/02301272496813" "Mozilla/5.0 AppleWebKit/537.36 (KHTML, like Gecko; compatible; GPTBot/1.3; +https://openai.com/gptbot)"
74.7.241.28 - - [19/Mar/2026:16:38:30 +0000] "GET /buy.php?detail/04303798040933 HTTP/1.1" 200 159624 "https://inception-blue.com/buy.php?goods/004008025" "Mozilla/5.0 AppleWebKit/537.36 (KHTML, like Gecko; compatible; GPTBot/1.3; +https://openai.com/gptbot)"
74.7.241.28 - - [19/Mar/2026:16:38:33 +0000] "GET /buy.php?detail/18701056061325 HTTP/1.1" 200 155003 "https://inception-blue.com/buy.php?detail/18700536616442" "Mozilla/5.0 AppleWebKit/537.36 (KHTML, like Gecko; compatible; GPTBot/1.3; +https://openai.com/gptbot)"
74.7.241.28 - - [19/Mar/2026:16:38:36 +0000] "GET /buy.php?jp/234005929.html HTTP/1.1" 200 158349 "https://inception-blue.com/buy.php?detail/09104350604007" "Mozilla/5.0 AppleWebKit/537.36 (KHTML, like Gecko; compatible; GPTBot/1.3; +https://openai.com/gptbot)"
74.7.241.28 - - [19/Mar/2026:16:38:39 +0000] "GET /buy.php?detail/16800449498637 HTTP/1.1" 200 153446 "https://inception-blue.com/buy.php?detail/10701761218129" "Mozilla/5.0 AppleWebKit/537.36 (KHTML, like Gecko; compatible; GPTBot/1.3; +https://openai.com/gptbot)"
74.7.241.28 - - [19/Mar/2026:16:38:42 +0000] "GET /buy.php?detail/22104560059247 HTTP/1.1" 200 155063 "https://inception-blue.com/buy.php?detail/02402074083215" "Mozilla/5.0 AppleWebKit/537.36 (KHTML, like Gecko; compatible; GPTBot/1.3; +https://openai.com/gptbot)"
74.7.241.28 - - [19/Mar/2026:16:38:45 +0000] "GET /buy.php?detail/03102234655451 HTTP/1.1" 200 154866 "https://inception-blue.com/buy.php?detail/12800967733057" "Mozilla/5.0 AppleWebKit/537.36 (KHTML, like Gecko; compatible; GPTBot/1.3; +https://openai.com/gptbot)"
74.7.241.28 - - [19/Mar/2026:16:38:49 +0000] "GET /buy.php?detail/15302124664033 HTTP/1.1" 200 173615 "https://inception-blue.com/buy.php?detail/25800130123679" "Mozilla/5.0 AppleWebKit/537.36 (KHTML, like Gecko; compatible; GPTBot/1.3; +https://openai.com/gptbot)"
74.7.241.28 - - [19/Mar/2026:16:38:52 +0000] "GET /buy.php?detail/21500402266893 HTTP/1.1" 200 154078 "https://inception-blue.com/buy.php?detail/18003989247684" "Mozilla/5.0 AppleWebKit/537.36 (KHTML, like Gecko; compatible; GPTBot/1.3; +https://openai.com/gptbot)"
74.7.241.28 - - [19/Mar/2026:16:38:55 +0000] "GET /buy.php?detail/12802147838767 HTTP/1.1" 200 153929 "https://inception-blue.com/buy.php?jp/128002305.html" "Mozilla/5.0 AppleWebKit/537.36 (KHTML, like Gecko; compatible; GPTBot/1.3; +https://openai.com/gptbot)"
66.249.77.7 - - [19/Mar/2026:16:38:57 +0000] "GET /?goods/232028009 HTTP/1.1" 200 343216 "-" "Mozilla/5.0 (Linux; Android 6.0.1; Nexus 5X Build/MMB29P) AppleWebKit/537.36 (KHTML, like Gecko) Chrome/145.0.7632.159 Mobile Safari/537.36 (compatible; Googlebot/2.1; +http://www.google.com/bot.html)"
74.7.241.28 - - [19/Mar/2026:16:38:58 +0000] "GET /buy.php?m72683835666 HTTP/1.1" 200 162557 "https://inception-blue.com/buy.php?detail/25800130123679" "Mozilla/5.0 AppleWebKit/537.36 (KHTML, like Gecko; compatible; GPTBot/1.3; +https://openai.com/gptbot)"
74.7.241.28 - - [19/Mar/2026:16:39:02 +0000] "GET /buy.php?detail/10703189716544 HTTP/1.1" 200 163349 "https://inception-blue.com/buy.php?detail/10701761218129" "Mozilla/5.0 AppleWebKit/537.36 (KHTML, like Gecko; compatible; GPTBot/1.3; +https://openai.com/gptbot)"
74.7.241.28 - - [19/Mar/2026:16:39:05 +0000] "GET /buy.php?detail/04300285868140 HTTP/1.1" 200 151597 "https://inception-blue.com/buy.php?detail/04303798040933" "Mozilla/5.0 AppleWebKit/537.36 (KHTML, like Gecko; compatible; GPTBot/1.3; +https://openai.com/gptbot)"
74.7.241.28 - - [19/Mar/2026:16:39:08 +0000] "GET /buy.php?detail/00201012095930 HTTP/1.1" 200 165012 "https://inception-blue.com/buy.php?detail/18701056061325" "Mozilla/5.0 AppleWebKit/537.36 (KHTML, like Gecko; compatible; GPTBot/1.3; +https://openai.com/gptbot)"
74.7.241.28 - - [19/Mar/2026:16:39:11 +0000] "GET /buy.php?detail/20602131992069 HTTP/1.1" 200 156631 "https://inception-blue.com/buy.php?detail/18701056061325" "Mozilla/5.0 AppleWebKit/537.36 (KHTML, like Gecko; compatible; GPTBot/1.3; +https://openai.com/gptbot)"
74.7.241.28 - - [19/Mar/2026:16:39:14 +0000] "GET /buy.php?goods/168015081 HTTP/1.1" 200 155332 "https://inception-blue.com/buy.php?detail/16800449498637" "Mozilla/5.0 AppleWebKit/537.36 (KHTML, like Gecko; compatible; GPTBot/1.3; +https://openai.com/gptbot)"
66.249.77.9 - - [19/Mar/2026:16:39:18 +0000] "GET /9728027 HTTP/1.1" 200 323308 "-" "Mozilla/5.0 (Linux; Android 6.0.1; Nexus 5X Build/MMB29P) AppleWebKit/537.36 (KHTML, like Gecko) Chrome/145.0.7632.159 Mobile Safari/537.36 (compatible; Googlebot/2.1; +http://www.google.com/bot.html)"
74.7.241.28 - - [19/Mar/2026:16:39:17 +0000] "GET /buy.php?detail/06100792461842 HTTP/1.1" 200 155205 "https://inception-blue.com/buy.php?detail/22104560059247" "Mozilla/5.0 AppleWebKit/537.36 (KHTML, like Gecko; compatible; GPTBot/1.3; +https://openai.com/gptbot)"
74.7.241.28 - - [19/Mar/2026:16:39:21 +0000] "GET /buy.php?detail/11304087002097 HTTP/1.1" 200 158381 "https://inception-blue.com/buy.php?detail/22104560059247" "Mozilla/5.0 AppleWebKit/537.36 (KHTML, like Gecko; compatible; GPTBot/1.3; +https://openai.com/gptbot)"
74.7.241.28 - - [19/Mar/2026:16:39:24 +0000] "GET /buy.php?detail/29100348173329 HTTP/1.1" 200 156046 "https://inception-blue.com/buy.php?detail/15302124664033" "Mozilla/5.0 AppleWebKit/537.36 (KHTML, like Gecko; compatible; GPTBot/1.3; +https://openai.com/gptbot)"
74.7.241.28 - - [19/Mar/2026:16:39:27 +0000] "GET /buy.php?detail/2150137566232 HTTP/1.1" 200 163103 "https://inception-blue.com/buy.php?detail/21500402266893" "Mozilla/5.0 AppleWebKit/537.36 (KHTML, like Gecko; compatible; GPTBot/1.3; +https://openai.com/gptbot)"
74.7.241.28 - - [19/Mar/2026:16:39:30 +0000] "GET /buy.php?jp/160010976.html HTTP/1.1" 200 143266 "https://inception-blue.com/buy.php?detail/12802147838767" "Mozilla/5.0 AppleWebKit/537.36 (KHTML, like Gecko; compatible; GPTBot/1.3; +https://openai.com/gptbot)"
74.7.241.28 - - [19/Mar/2026:16:39:33 +0000] "GET /buy.php?detail/24700022205165 HTTP/1.1" 200 156995 "https://inception-blue.com/buy.php?detail/21500402266893" "Mozilla/5.0 AppleWebKit/537.36 (KHTML, like Gecko; compatible; GPTBot/1.3; +https://openai.com/gptbot)"
74.7.241.28 - - [19/Mar/2026:16:39:36 +0000] "GET /buy.php?goods/107001354 HTTP/1.1" 200 154617 "https://inception-blue.com/buy.php?detail/10703189716544" "Mozilla/5.0 AppleWebKit/537.36 (KHTML, like Gecko; compatible; GPTBot/1.3; +https://openai.com/gptbot)"
74.7.241.28 - - [19/Mar/2026:16:39:39 +0000] "GET /buy.php?detail/05501820975222 HTTP/1.1" 200 153850 "https://inception-blue.com/buy.php?detail/10703189716544" "Mozilla/5.0 AppleWebKit/537.36 (KHTML, like Gecko; compatible; GPTBot/1.3; +https://openai.com/gptbot)"
74.7.241.28 - - [19/Mar/2026:16:39:43 +0000] "GET /buy.php?detail/20604085656401 HTTP/1.1" 200 159973 "https://inception-blue.com/buy.php?detail/10703189716544" "Mozilla/5.0 AppleWebKit/537.36 (KHTML, like Gecko; compatible; GPTBot/1.3; +https://openai.com/gptbot)"
74.7.241.28 - - [19/Mar/2026:16:39:46 +0000] "GET /buy.php?jp/060039839.html HTTP/1.1" 200 155456 "https://inception-blue.com/buy.php?detail/00201012095930" "Mozilla/5.0 AppleWebKit/537.36 (KHTML, like Gecko; compatible; GPTBot/1.3; +https://openai.com/gptbot)"
74.7.241.28 - - [19/Mar/2026:16:39:49 +0000] "GET /buy.php?detail/04300279967859 HTTP/1.1" 200 154966 "https://inception-blue.com/buy.php?detail/04300285868140" "Mozilla/5.0 AppleWebKit/537.36 (KHTML, like Gecko; compatible; GPTBot/1.3; +https://openai.com/gptbot)"
74.7.241.28 - - [19/Mar/2026:16:39:52 +0000] "GET /buy.php?detail/02504428714661 HTTP/1.1" 200 153707 "https://inception-blue.com/buy.php?detail/06100792461842" "Mozilla/5.0 AppleWebKit/537.36 (KHTML, like Gecko; compatible; GPTBot/1.3; +https://openai.com/gptbot)"
74.7.241.28 - - [19/Mar/2026:16:39:56 +0000] "GET /buy.php?detail/12800903747382 HTTP/1.1" 200 155054 "https://inception-blue.com/buy.php?detail/12802147838767" "Mozilla/5.0 AppleWebKit/537.36 (KHTML, like Gecko; compatible; GPTBot/1.3; +https://openai.com/gptbot)"
66.249.77.7 - - [19/Mar/2026:16:39:58 +0000] "GET /1171956982 HTTP/1.1" 200 305636 "-" "Mozilla/5.0 (Linux; Android 6.0.1; Nexus 5X Build/MMB29P) AppleWebKit/537.36 (KHTML, like Gecko) Chrome/145.0.7632.159 Mobile Safari/537.36 (compatible; Googlebot/2.1; +http://www.google.com/bot.html)"
66.249.77.7 - - [19/Mar/2026:16:39:59 +0000] "GET /?detail/084048390469 HTTP/1.1" 200 334787 "-" "Mozilla/5.0 (Linux; Android 6.0.1; Nexus 5X Build/MMB29P) AppleWebKit/537.36 (KHTML, like Gecko) Chrome/145.0.7632.159 Mobile Safari/537.36 (compatible; Googlebot/2.1; +http://www.google.com/bot.html)"
74.7.241.28 - - [19/Mar/2026:16:39:59 +0000] "GET /buy.php?detail/11304076980160 HTTP/1.1" 200 168644 "https://inception-blue.com/buy.php?detail/11304087002097" "Mozilla/5.0 AppleWebKit/537.36 (KHTML, like Gecko; compatible; GPTBot/1.3; +https://openai.com/gptbot)"
74.7.241.28 - - [19/Mar/2026:16:40:02 +0000] "GET /buy.php?detail/01204679606188 HTTP/1.1" 200 155272 "https://inception-blue.com/buy.php?detail/00201012095930" "Mozilla/5.0 AppleWebKit/537.36 (KHTML, like Gecko; compatible; GPTBot/1.3; +https://openai.com/gptbot)"
74.7.241.28 - - [19/Mar/2026:16:40:05 +0000] "GET /buy.php?detail/22100129147736 HTTP/1.1" 200 153145 "https://inception-blue.com/buy.php?detail/22104560059247" "Mozilla/5.0 AppleWebKit/537.36 (KHTML, like Gecko; compatible; GPTBot/1.3; +https://openai.com/gptbot)"
74.7.241.28 - - [19/Mar/2026:16:40:08 +0000] "GET /buy.php?detail/00903827078193 HTTP/1.1" 200 159463 "https://inception-blue.com/buy.php?detail/24700022205165" "Mozilla/5.0 AppleWebKit/537.36 (KHTML, like Gecko; compatible; GPTBot/1.3; +https://openai.com/gptbot)"
74.7.241.28 - - [19/Mar/2026:16:40:12 +0000] "GET /buy.php?detail/07500832415999 HTTP/1.1" 200 166552 "https://inception-blue.com/buy.php?goods/107001354" "Mozilla/5.0 AppleWebKit/537.36 (KHTML, like Gecko; compatible; GPTBot/1.3; +https://openai.com/gptbot)"
74.7.241.28 - - [19/Mar/2026:16:40:15 +0000] "GET /buy.php?detail/19203859432508 HTTP/1.1" 200 154051 "https://inception-blue.com/buy.php?goods/107001354" "Mozilla/5.0 AppleWebKit/537.36 (KHTML, like Gecko; compatible; GPTBot/1.3; +https://openai.com/gptbot)"
74.7.241.28 - - [19/Mar/2026:16:40:18 +0000] "GET /buy.php?detail/15802927594779 HTTP/1.1" 200 156562 "https://inception-blue.com/buy.php?detail/06100792461842" "Mozilla/5.0 AppleWebKit/537.36 (KHTML, like Gecko; compatible; GPTBot/1.3; +https://openai.com/gptbot)"
74.7.241.28 - - [19/Mar/2026:16:40:21 +0000] "GET /buy.php?detail/21702284149604 HTTP/1.1" 200 155443 "https://inception-blue.com/buy.php?detail/04300285868140" "Mozilla/5.0 AppleWebKit/537.36 (KHTML, like Gecko; compatible; GPTBot/1.3; +https://openai.com/gptbot)"
74.7.241.28 - - [19/Mar/2026:16:40:24 +0000] "GET /buy.php?detail/21500957928465 HTTP/1.1" 200 153040 "https://inception-blue.com/buy.php?detail/21504475055527" "Mozilla/5.0 AppleWebKit/537.36 (KHTML, like Gecko; compatible; GPTBot/1.3; +https://openai.com/gptbot)"
74.7.241.28 - - [19/Mar/2026:16:40:27 +0000] "GET /buy.php?detail/26900308525419 HTTP/1.1" 200 156741 "https://inception-blue.com/buy.php?detail/02500778948275" "Mozilla/5.0 AppleWebKit/537.36 (KHTML, like Gecko; compatible; GPTBot/1.3; +https://openai.com/gptbot)"
74.7.241.28 - - [19/Mar/2026:16:40:30 +0000] "GET /buy.php?detail/20801452867537 HTTP/1.1" 200 152888 "https://inception-blue.com/buy.php?detail/208011178759" "Mozilla/5.0 AppleWebKit/537.36 (KHTML, like Gecko; compatible; GPTBot/1.3; +https://openai.com/gptbot)"
74.7.241.28 - - [19/Mar/2026:16:40:33 +0000] "GET /buy.php?detail/15303667578201 HTTP/1.1" 200 168485 "https://inception-blue.com/buy.php?detail/11304076980160" "Mozilla/5.0 AppleWebKit/537.36 (KHTML, like Gecko; compatible; GPTBot/1.3; +https://openai.com/gptbot)"
74.7.241.28 - - [19/Mar/2026:16:40:36 +0000] "GET /buy.php?detail/01200186799106 HTTP/1.1" 200 172096 "https://inception-blue.com/buy.php?detail/01204679606188" "Mozilla/5.0 AppleWebKit/537.36 (KHTML, like Gecko; compatible; GPTBot/1.3; +https://openai.com/gptbot)"
74.7.241.28 - - [19/Mar/2026:16:40:39 +0000] "GET /buy.php?detail/01200187261505 HTTP/1.1" 200 167028 "https://inception-blue.com/buy.php?detail/01204679606188" "Mozilla/5.0 AppleWebKit/537.36 (KHTML, like Gecko; compatible; GPTBot/1.3; +https://openai.com/gptbot)"
159.223.142.74 - - [19/Mar/2026:16:40:43 +0000] "POST /wp-cron.php?doing_wp_cron=1773938443.2715411186218261718750 HTTP/1.1" 403 185482 "-" "WordPress/6.9.4; https://inception-blue.com"
18.214.238.178 - - [19/Mar/2026:16:40:42 +0000] "GET /2024/04/01/hello-world/?dir=/var/cache/dnf/wp-toolkit-cpanel-06518514edfbbe19/repodata HTTP/1.1" 200 142594 "-" "Mozilla/5.0 AppleWebKit/537.36 (KHTML, like Gecko; compatible; Amazonbot/0.1; +https://developer.amazon.com/support/amazonbot) Chrome/119.0.6045.214 Safari/537.36"
74.7.241.28 - - [19/Mar/2026:16:40:43 +0000] "GET /buy.php?m91977908555 HTTP/1.1" 200 165030 "https://inception-blue.com/buy.php?detail/22100129147736" "Mozilla/5.0 AppleWebKit/537.36 (KHTML, like Gecko; compatible; GPTBot/1.3; +https://openai.com/gptbot)"
54.235.191.179 - - [19/Mar/2026:16:40:47 +0000] "GET /2024/04/01/hello-world/?dir=/var/cache/dnf/baseos-a4ba83fa826b3b88/packages HTTP/1.1" 200 142484 "-" "Mozilla/5.0 AppleWebKit/537.36 (KHTML, like Gecko; compatible; Amazonbot/0.1; +https://developer.amazon.com/support/amazonbot) Chrome/119.0.6045.214 Safari/537.36"
74.7.241.28 - - [19/Mar/2026:16:40:46 +0000] "GET /buy.php?detail/11101368794598 HTTP/1.1" 200 163460 "https://inception-blue.com/buy.php?detail/07500832415999" "Mozilla/5.0 AppleWebKit/537.36 (KHTML, like Gecko; compatible; GPTBot/1.3; +https://openai.com/gptbot)"
23.23.180.225 - - [19/Mar/2026:16:40:50 +0000] "GET /2024/04/01/hello-world/?dir=/var/lib/spamassassin/3.004006/updates_spamassassin_org&read=/var/lib/spamassassin/3.004006/updates_spamassassin_org/25_asn.cf HTTP/1.1" 200 141228 "-" "Mozilla/5.0 AppleWebKit/537.36 (KHTML, like Gecko; compatible; Amazonbot/0.1; +https://developer.amazon.com/support/amazonbot) Chrome/119.0.6045.214 Safari/537.36"
74.7.241.28 - - [19/Mar/2026:16:40:49 +0000] "GET /buy.php?detail/11400518718651 HTTP/1.1" 200 160964 "https://inception-blue.com/buy.php?detail/19203859432508" "Mozilla/5.0 AppleWebKit/537.36 (KHTML, like Gecko; compatible; GPTBot/1.3; +https://openai.com/gptbot)"
52.204.89.12 - - [19/Mar/2026:16:40:54 +0000] "GET /2024/04/01/hello-world/?dir=/home/inceptionblue/tmp/awstats/ssl&read=/home/inceptionblue/tmp/awstats/ssl/awstats042024.inception-blue.com.txt HTTP/1.1" 200 321617 "-" "Mozilla/5.0 AppleWebKit/537.36 (KHTML, like Gecko; compatible; Amazonbot/0.1; +https://developer.amazon.com/support/amazonbot) Chrome/119.0.6045.214 Safari/537.36"
74.7.241.28 - - [19/Mar/2026:16:40:52 +0000] "GET /buy.php?detail/15801805034210 HTTP/1.1" 200 154563 "https://inception-blue.com/buy.php?detail/15802927594779" "Mozilla/5.0 AppleWebKit/537.36 (KHTML, like Gecko; compatible; GPTBot/1.3; +https://openai.com/gptbot)"
74.7.241.28 - - [19/Mar/2026:16:40:56 +0000] "GET /buy.php?detail/12800096447467 HTTP/1.1" 200 156104 "https://inception-blue.com/buy.php?detail/21702284149604" "Mozilla/5.0 AppleWebKit/537.36 (KHTML, like Gecko; compatible; GPTBot/1.3; +https://openai.com/gptbot)"
34.226.89.140 - - [19/Mar/2026:16:40:58 +0000] "GET /2024/04/01/hello-world/?dir=/var/lib/spamassassin/3.004006/updates_spamassassin_org&read=/var/lib/spamassassin/3.004006/updates_spamassassin_org/60_bayes_stopwords.cf HTTP/1.1" 200 154377 "-" "Mozilla/5.0 AppleWebKit/537.36 (KHTML, like Gecko; compatible; Amazonbot/0.1; +https://developer.amazon.com/support/amazonbot) Chrome/119.0.6045.214 Safari/537.36"
66.249.77.8 - - [19/Mar/2026:16:40:59 +0000] "GET /product/122030241 HTTP/1.1" 200 298259 "-" "Mozilla/5.0 (Linux; Android 6.0.1; Nexus 5X Build/MMB29P) AppleWebKit/537.36 (KHTML, like Gecko) Chrome/145.0.7632.159 Mobile Safari/537.36 (compatible; Googlebot/2.1; +http://www.google.com/bot.html)"
74.7.241.28 - - [19/Mar/2026:16:40:59 +0000] "GET /buy.php?detail/25401913741357 HTTP/1.1" 200 144689 "https://inception-blue.com/buy.php?detail/19203859432508" "Mozilla/5.0 AppleWebKit/537.36 (KHTML, like Gecko; compatible; GPTBot/1.3; +https://openai.com/gptbot)"
23.23.104.107 - - [19/Mar/2026:16:41:02 +0000] "GET /lets-dive/?dir=/var/adm HTTP/1.1" 200 162251 "-" "Mozilla/5.0 AppleWebKit/537.36 (KHTML, like Gecko; compatible; Amazonbot/0.1; +https://developer.amazon.com/support/amazonbot) Chrome/119.0.6045.214 Safari/537.36"
74.7.241.28 - - [19/Mar/2026:16:41:02 +0000] "GET /buy.php?detail/01101698515847 HTTP/1.1" 200 154926 "https://inception-blue.com/buy.php?detail/07500832415999" "Mozilla/5.0 AppleWebKit/537.36 (KHTML, like Gecko; compatible; GPTBot/1.3; +https://openai.com/gptbot)"
3.224.205.25 - - [19/Mar/2026:16:41:06 +0000] "GET /logined/?dir=/home/inceptionblue/mail/new&read=/home/inceptionblue/mail/new/1750869305.M548215P4111861.server.isorus.org,S%3D4926,W%3D5025 HTTP/1.1" 200 134142 "-" "Mozilla/5.0 AppleWebKit/537.36 (KHTML, like Gecko; compatible; Amazonbot/0.1; +https://developer.amazon.com/support/amazonbot) Chrome/119.0.6045.214 Safari/537.36"
74.7.241.28 - - [19/Mar/2026:16:41:05 +0000] "GET /buy.php?detail/20800810147046 HTTP/1.1" 200 153534 "https://inception-blue.com/buy.php?detail/20801452867537" "Mozilla/5.0 AppleWebKit/537.36 (KHTML, like Gecko; compatible; GPTBot/1.3; +https://openai.com/gptbot)"
74.7.241.28 - - [19/Mar/2026:16:41:08 +0000] "GET /buy.php?detail/11200112448950 HTTP/1.1" 200 161096 "https://inception-blue.com/buy.php?detail/15303667578201" "Mozilla/5.0 AppleWebKit/537.36 (KHTML, like Gecko; compatible; GPTBot/1.3; +https://openai.com/gptbot)"
3.93.253.174 - - [19/Mar/2026:16:41:10 +0000] "GET /2024/04/01/hello-world/?dir=/home/budgetingtools HTTP/1.1" 200 141945 "-" "Mozilla/5.0 AppleWebKit/537.36 (KHTML, like Gecko; compatible; Amazonbot/0.1; +https://developer.amazon.com/support/amazonbot) Chrome/119.0.6045.214 Safari/537.36"
74.7.241.28 - - [19/Mar/2026:16:41:11 +0000] "GET /buy.php?detail/13701200575093 HTTP/1.1" 200 167063 "https://inception-blue.com/buy.php?detail/21702284149604" "Mozilla/5.0 AppleWebKit/537.36 (KHTML, like Gecko; compatible; GPTBot/1.3; +https://openai.com/gptbot)"
23.21.175.228 - - [19/Mar/2026:16:41:14 +0000] "GET /2024/04/01/hello-world/?dir=/var/lib/spamassassin/4.000001/updates_spamassassin_org&read=/var/lib/spamassassin/4.000001/updates_spamassassin_org/30_text_pl.cf HTTP/1.1" 200 139233 "-" "Mozilla/5.0 AppleWebKit/537.36 (KHTML, like Gecko; compatible; Amazonbot/0.1; +https://developer.amazon.com/support/amazonbot) Chrome/119.0.6045.214 Safari/537.36"
74.7.241.28 - - [19/Mar/2026:16:41:14 +0000] "GET /buy.php?detail/01200061813551 HTTP/1.1" 200 162149 "https://inception-blue.com/buy.php?detail/01200187261505" "Mozilla/5.0 AppleWebKit/537.36 (KHTML, like Gecko; compatible; GPTBot/1.3; +https://openai.com/gptbot)"
98.84.60.17 - - [19/Mar/2026:16:41:18 +0000] "GET /2024/04/01/hello-world/?dir=/var/cache/dnf/droplet-agent-e4878f02ae27b205/repodata HTTP/1.1" 200 149753 "-" "Mozilla/5.0 AppleWebKit/537.36 (KHTML, like Gecko; compatible; Amazonbot/0.1; +https://developer.amazon.com/support/amazonbot) Chrome/119.0.6045.214 Safari/537.36"
74.7.241.28 - - [19/Mar/2026:16:41:18 +0000] "GET /buy.php?detail/01704196530347 HTTP/1.1" 200 157484 "https://inception-blue.com/buy.php?m91977908555" "Mozilla/5.0 AppleWebKit/537.36 (KHTML, like Gecko; compatible; GPTBot/1.3; +https://openai.com/gptbot)"
66.249.77.7 - - [19/Mar/2026:16:41:18 +0000] "GET /buy.php HTTP/1.1" 200 164313 "-" "Mozilla/5.0 (Linux; Android 6.0.1; Nexus 5X Build/MMB29P) AppleWebKit/537.36 (KHTML, like Gecko) Chrome/145.0.7632.159 Mobile Safari/537.36 (compatible; Googlebot/2.1; +http://www.google.com/bot.html)"
23.21.175.228 - - [19/Mar/2026:16:41:22 +0000] "GET /2024/04/01/hello-world/?dir=/run/cockpit&read=/run/cockpit/active.motd HTTP/1.1" 200 138551 "-" "Mozilla/5.0 AppleWebKit/537.36 (KHTML, like Gecko; compatible; Amazonbot/0.1; +https://developer.amazon.com/support/amazonbot) Chrome/119.0.6045.214 Safari/537.36"
74.7.241.28 - - [19/Mar/2026:16:41:21 +0000] "GET /buy.php?detail/11801187976065 HTTP/1.1" 200 153244 "https://inception-blue.com/buy.php?detail/11101368794598" "Mozilla/5.0 AppleWebKit/537.36 (KHTML, like Gecko; compatible; GPTBot/1.3; +https://openai.com/gptbot)"
74.7.241.28 - - [19/Mar/2026:16:41:24 +0000] "GET /buy.php?jp/114007637.html HTTP/1.1" 200 154847 "https://inception-blue.com/buy.php?detail/11400518718651" "Mozilla/5.0 AppleWebKit/537.36 (KHTML, like Gecko; compatible; GPTBot/1.3; +https://openai.com/gptbot)"
100.28.204.82 - - [19/Mar/2026:16:41:27 +0000] "GET /logined/?dir=/var/lib/portables HTTP/1.1" 200 194103 "-" "Mozilla/5.0 AppleWebKit/537.36 (KHTML, like Gecko; compatible; Amazonbot/0.1; +https://developer.amazon.com/support/amazonbot) Chrome/119.0.6045.214 Safari/537.36"
74.7.241.28 - - [19/Mar/2026:16:41:27 +0000] "GET /buy.php?detail/18802766066971 HTTP/1.1" 200 158154 "https://inception-blue.com/buy.php?detail/15801805034210" "Mozilla/5.0 AppleWebKit/537.36 (KHTML, like Gecko; compatible; GPTBot/1.3; +https://openai.com/gptbot)"
98.82.40.168 - - [19/Mar/2026:16:41:31 +0000] "GET /2024/04/01/hello-world/?dir=/var/cache/dnf/cpanel-plugins-6f5914c8f54db877 HTTP/1.1" 200 146766 "-" "Mozilla/5.0 AppleWebKit/537.36 (KHTML, like Gecko; compatible; Amazonbot/0.1; +https://developer.amazon.com/support/amazonbot) Chrome/119.0.6045.214 Safari/537.36"
74.7.241.28 - - [19/Mar/2026:16:41:30 +0000] "GET /buy.php?detail/01200458248533 HTTP/1.1" 200 163696 "https://inception-blue.com/buy.php?detail/01200186799106" "Mozilla/5.0 AppleWebKit/537.36 (KHTML, like Gecko; compatible; GPTBot/1.3; +https://openai.com/gptbot)"
18.209.137.234 - - [19/Mar/2026:16:41:34 +0000] "GET /author/scott/?dir=/run/cockpit HTTP/1.1" 200 139789 "-" "Mozilla/5.0 AppleWebKit/537.36 (KHTML, like Gecko; compatible; Amazonbot/0.1; +https://developer.amazon.com/support/amazonbot) Chrome/119.0.6045.214 Safari/537.36"
74.7.241.28 - - [19/Mar/2026:16:41:33 +0000] "GET /buy.php?detail/16802262867718 HTTP/1.1" 200 152747 "https://inception-blue.com/buy.php?detail/25401913741357" "Mozilla/5.0 AppleWebKit/537.36 (KHTML, like Gecko; compatible; GPTBot/1.3; +https://openai.com/gptbot)"
52.3.156.186 - - [19/Mar/2026:16:41:38 +0000] "GET /2024/04/01/hello-world/?dir=/var/cache/dnf/wp-toolkit-cpanel-c5c9bbee3e934c38/packages HTTP/1.1" 200 142594 "-" "Mozilla/5.0 AppleWebKit/537.36 (KHTML, like Gecko; compatible; Amazonbot/0.1; +https://developer.amazon.com/support/amazonbot) Chrome/119.0.6045.214 Safari/537.36"
74.7.241.28 - - [19/Mar/2026:16:41:36 +0000] "GET /buy.php?detail/01101900204023 HTTP/1.1" 200 155217 "https://inception-blue.com/buy.php?detail/01101698515847" "Mozilla/5.0 AppleWebKit/537.36 (KHTML, like Gecko; compatible; GPTBot/1.3; +https://openai.com/gptbot)"
74.7.241.28 - - [19/Mar/2026:16:41:40 +0000] "GET /buy.php?detail/06302871413321 HTTP/1.1" 200 154241 "https://inception-blue.com/buy.php?detail/19203859432508" "Mozilla/5.0 AppleWebKit/537.36 (KHTML, like Gecko; compatible; GPTBot/1.3; +https://openai.com/gptbot)"
159.223.142.74 - - [19/Mar/2026:16:41:43 +0000] "POST /wp-cron.php?doing_wp_cron=1773938503.3375530242919921875000 HTTP/1.1" 403 185483 "-" "WordPress/6.9.4; https://inception-blue.com"
52.200.142.199 - - [19/Mar/2026:16:41:42 +0000] "GET /2024/04/01/hello-world/?dir=/home/inceptionblue/public_html/wp-content/plugins/astra-addon/addons/spacing HTTP/1.1" 200 149861 "-" "Mozilla/5.0 AppleWebKit/537.36 (KHTML, like Gecko; compatible; Amazonbot/0.1; +https://developer.amazon.com/support/amazonbot) Chrome/119.0.6045.214 Safari/537.36"
74.7.241.28 - - [19/Mar/2026:16:41:43 +0000] "GET /buy.php?detail/04804910474493 HTTP/1.1" 200 161166 "https://inception-blue.com/buy.php?detail/11200112448950" "Mozilla/5.0 AppleWebKit/537.36 (KHTML, like Gecko; compatible; GPTBot/1.3; +https://openai.com/gptbot)"
34.231.156.59 - - [19/Mar/2026:16:41:47 +0000] "GET /2024/04/01/hello-world/?dir=/var/lib/spamassassin/3.004006/updates_spamassassin_org&read=/var/lib/spamassassin/3.004006/updates_spamassassin_org/25_dcc.cf HTTP/1.1" 200 142210 "-" "Mozilla/5.0 AppleWebKit/537.36 (KHTML, like Gecko; compatible; Amazonbot/0.1; +https://developer.amazon.com/support/amazonbot) Chrome/119.0.6045.214 Safari/537.36"
74.7.241.28 - - [19/Mar/2026:16:41:46 +0000] "GET /buy.php?m25559931973 HTTP/1.1" 200 153947 "https://inception-blue.com/buy.php?detail/11400518718651" "Mozilla/5.0 AppleWebKit/537.36 (KHTML, like Gecko; compatible; GPTBot/1.3; +https://openai.com/gptbot)"
3.221.156.96 - - [19/Mar/2026:16:41:50 +0000] "GET /logined/?dir=/run/systemd/machines HTTP/1.1" 200 131741 "-" "Mozilla/5.0 AppleWebKit/537.36 (KHTML, like Gecko; compatible; Amazonbot/0.1; +https://developer.amazon.com/support/amazonbot) Chrome/119.0.6045.214 Safari/537.36"
74.7.241.28 - - [19/Mar/2026:16:41:49 +0000] "GET /buy.php?goods/112001124 HTTP/1.1" 200 161294 "https://inception-blue.com/buy.php?detail/11200112448950" "Mozilla/5.0 AppleWebKit/537.36 (KHTML, like Gecko; compatible; GPTBot/1.3; +https://openai.com/gptbot)"
35.173.18.61 - - [19/Mar/2026:16:41:54 +0000] "GET /author/scott/?dir=/home/tahini HTTP/1.1" 200 135686 "-" "Mozilla/5.0 AppleWebKit/537.36 (KHTML, like Gecko; compatible; Amazonbot/0.1; +https://developer.amazon.com/support/amazonbot) Chrome/119.0.6045.214 Safari/537.36"
74.7.241.28 - - [19/Mar/2026:16:41:52 +0000] "GET /buy.php?detail/13802906265728 HTTP/1.1" 200 163669 "https://inception-blue.com/buy.php?jp/128011044.html" "Mozilla/5.0 AppleWebKit/537.36 (KHTML, like Gecko; compatible; GPTBot/1.3; +https://openai.com/gptbot)"
74.7.241.28 - - [19/Mar/2026:16:41:56 +0000] "GET /buy.php?detail/08502437499286 HTTP/1.1" 200 157817 "https://inception-blue.com/buy.php?detail/08500260755577" "Mozilla/5.0 AppleWebKit/537.36 (KHTML, like Gecko; compatible; GPTBot/1.3; +https://openai.com/gptbot)"
3.94.199.128 - - [19/Mar/2026:16:41:58 +0000] "GET /2024/04/01/hello-world/feed/ HTTP/1.1" 200 79433 "-" "Mozilla/5.0 AppleWebKit/537.36 (KHTML, like Gecko; compatible; Amazonbot/0.1; +https://developer.amazon.com/support/amazonbot) Chrome/119.0.6045.214 Safari/537.36"
74.7.241.28 - - [19/Mar/2026:16:41:59 +0000] "GET /buy.php?detail/25704400178129 HTTP/1.1" 200 153409 "https://inception-blue.com/buy.php?jp/114007637.html" "Mozilla/5.0 AppleWebKit/537.36 (KHTML, like Gecko; compatible; GPTBot/1.3; +https://openai.com/gptbot)"
74.7.241.28 - - [19/Mar/2026:16:42:02 +0000] "GET /buy.php?detail/07602320084744 HTTP/1.1" 200 158975 "https://inception-blue.com/buy.php?detail/18802766066971" "Mozilla/5.0 AppleWebKit/537.36 (KHTML, like Gecko; compatible; GPTBot/1.3; +https://openai.com/gptbot)"
18.215.77.19 - - [19/Mar/2026:16:42:05 +0000] "GET /logined/?dir=/var/lib/mysql/saseport_ssesse HTTP/1.1" 200 194153 "-" "Mozilla/5.0 AppleWebKit/537.36 (KHTML, like Gecko; compatible; Amazonbot/0.1; +https://developer.amazon.com/support/amazonbot) Chrome/119.0.6045.214 Safari/537.36"
74.7.241.28 - - [19/Mar/2026:16:42:05 +0000] "GET /buy.php?detail/18801134278237 HTTP/1.1" 200 160334 "https://inception-blue.com/buy.php?detail/18802766066971" "Mozilla/5.0 AppleWebKit/537.36 (KHTML, like Gecko; compatible; GPTBot/1.3; +https://openai.com/gptbot)"
74.7.241.28 - - [19/Mar/2026:16:42:08 +0000] "GET /buy.php?detail/21603211266978 HTTP/1.1" 200 156269 "https://inception-blue.com/buy.php?detail/16802262867718" "Mozilla/5.0 AppleWebKit/537.36 (KHTML, like Gecko; compatible; GPTBot/1.3; +https://openai.com/gptbot)"
74.7.241.28 - - [19/Mar/2026:16:42:11 +0000] "GET /buy.php?detail/01101198598272 HTTP/1.1" 200 156695 "https://inception-blue.com/buy.php?detail/01101900204023" "Mozilla/5.0 AppleWebKit/537.36 (KHTML, like Gecko; compatible; GPTBot/1.3; +https://openai.com/gptbot)"
74.7.241.28 - - [19/Mar/2026:16:42:14 +0000] "GET /buy.php?detail/12500575742526 HTTP/1.1" 200 156176 "https://inception-blue.com/buy.php?detail/06302871413321" "Mozilla/5.0 AppleWebKit/537.36 (KHTML, like Gecko; compatible; GPTBot/1.3; +https://openai.com/gptbot)"
74.7.241.28 - - [19/Mar/2026:16:42:17 +0000] "GET /buy.php?detail/13904424294420 HTTP/1.1" 200 155883 "https://inception-blue.com/buy.php?detail/04804910474493" "Mozilla/5.0 AppleWebKit/537.36 (KHTML, like Gecko; compatible; GPTBot/1.3; +https://openai.com/gptbot)"
74.7.241.28 - - [19/Mar/2026:16:42:20 +0000] "GET /buy.php?detail/16801163238238 HTTP/1.1" 200 154054 "https://inception-blue.com/buy.php?detail/16802262867718" "Mozilla/5.0 AppleWebKit/537.36 (KHTML, like Gecko; compatible; GPTBot/1.3; +https://openai.com/gptbot)"
74.7.241.28 - - [19/Mar/2026:16:42:24 +0000] "GET /buy.php?detail/21004719585740 HTTP/1.1" 200 160595 "https://inception-blue.com/buy.php?jp/114007637.html" "Mozilla/5.0 AppleWebKit/537.36 (KHTML, like Gecko; compatible; GPTBot/1.3; +https://openai.com/gptbot)"
74.7.241.28 - - [19/Mar/2026:16:42:27 +0000] "GET /buy.php?detail/12403199857543 HTTP/1.1" 200 158713 "https://inception-blue.com/buy.php?detail/12402852096855" "Mozilla/5.0 AppleWebKit/537.36 (KHTML, like Gecko; compatible; GPTBot/1.3; +https://openai.com/gptbot)"
74.7.241.28 - - [19/Mar/2026:16:42:30 +0000] "GET /buy.php?jp/085009274.html HTTP/1.1" 200 161584 "https://inception-blue.com/buy.php?detail/08502437499286" "Mozilla/5.0 AppleWebKit/537.36 (KHTML, like Gecko; compatible; GPTBot/1.3; +https://openai.com/gptbot)"
74.7.241.28 - - [19/Mar/2026:16:42:33 +0000] "GET /buy.php?detail/08500923430439 HTTP/1.1" 200 168830 "https://inception-blue.com/buy.php?detail/08502437499286" "Mozilla/5.0 AppleWebKit/537.36 (KHTML, like Gecko; compatible; GPTBot/1.3; +https://openai.com/gptbot)"
74.7.241.28 - - [19/Mar/2026:16:42:36 +0000] "GET /buy.php?detail/25703142685248 HTTP/1.1" 200 146881 "https://inception-blue.com/buy.php?detail/05700268143770" "Mozilla/5.0 AppleWebKit/537.36 (KHTML, like Gecko; compatible; GPTBot/1.3; +https://openai.com/gptbot)"
74.7.241.28 - - [19/Mar/2026:16:42:40 +0000] "GET /buy.php?detail/04204003829048 HTTP/1.1" 200 166108 "https://inception-blue.com/buy.php?detail/18801134278237" "Mozilla/5.0 AppleWebKit/537.36 (KHTML, like Gecko; compatible; GPTBot/1.3; +https://openai.com/gptbot)"
74.7.241.28 - - [19/Mar/2026:16:42:43 +0000] "GET /buy.php?detail/18800946617484 HTTP/1.1" 200 158319 "https://inception-blue.com/buy.php?detail/18801134278237" "Mozilla/5.0 AppleWebKit/537.36 (KHTML, like Gecko; compatible; GPTBot/1.3; +https://openai.com/gptbot)"
74.7.241.28 - - [19/Mar/2026:16:42:46 +0000] "GET /buy.php?detail/20001005640399 HTTP/1.1" 200 146075 "https://inception-blue.com/buy.php?detail/01101198598272" "Mozilla/5.0 AppleWebKit/537.36 (KHTML, like Gecko; compatible; GPTBot/1.3; +https://openai.com/gptbot)"
74.7.241.28 - - [19/Mar/2026:16:42:49 +0000] "GET /buy.php?detail/18002308406366 HTTP/1.1" 200 144530 "https://inception-blue.com/buy.php?detail/18801134278237" "Mozilla/5.0 AppleWebKit/537.36 (KHTML, like Gecko; compatible; GPTBot/1.3; +https://openai.com/gptbot)"
74.7.241.28 - - [19/Mar/2026:16:42:52 +0000] "GET /buy.php?detail/13900999371227 HTTP/1.1" 200 169481 "https://inception-blue.com/buy.php?detail/13904424294420" "Mozilla/5.0 AppleWebKit/537.36 (KHTML, like Gecko; compatible; GPTBot/1.3; +https://openai.com/gptbot)"
74.7.241.28 - - [19/Mar/2026:16:42:55 +0000] "GET /buy.php?detail/06402588460065 HTTP/1.1" 200 153265 "https://inception-blue.com/buy.php?detail/13904424294420" "Mozilla/5.0 AppleWebKit/537.36 (KHTML, like Gecko; compatible; GPTBot/1.3; +https://openai.com/gptbot)"
74.7.241.28 - - [19/Mar/2026:16:42:59 +0000] "GET /buy.php?detail/20801644163430 HTTP/1.1" 200 162707 "https://inception-blue.com/buy.php?detail/21004719585740" "Mozilla/5.0 AppleWebKit/537.36 (KHTML, like Gecko; compatible; GPTBot/1.3; +https://openai.com/gptbot)"
74.7.241.28 - - [19/Mar/2026:16:43:02 +0000] "GET /buy.php?detail/12400171401831 HTTP/1.1" 200 155224 "https://inception-blue.com/buy.php?detail/12403199857543" "Mozilla/5.0 AppleWebKit/537.36 (KHTML, like Gecko; compatible; GPTBot/1.3; +https://openai.com/gptbot)"
74.7.241.28 - - [19/Mar/2026:16:43:05 +0000] "GET /buy.php?detail/12500947295931 HTTP/1.1" 200 163710 "https://inception-blue.com/buy.php?detail/12500575742526" "Mozilla/5.0 AppleWebKit/537.36 (KHTML, like Gecko; compatible; GPTBot/1.3; +https://openai.com/gptbot)"
74.7.241.28 - - [19/Mar/2026:16:43:08 +0000] "GET /buy.php?detail/12400168842594 HTTP/1.1" 200 152313 "https://inception-blue.com/buy.php?detail/12403199857543" "Mozilla/5.0 AppleWebKit/537.36 (KHTML, like Gecko; compatible; GPTBot/1.3; +https://openai.com/gptbot)"
74.7.241.28 - - [19/Mar/2026:16:43:11 +0000] "GET /buy.php?detail/18800994731332 HTTP/1.1" 200 158520 "https://inception-blue.com/buy.php?detail/18801134278237" "Mozilla/5.0 AppleWebKit/537.36 (KHTML, like Gecko; compatible; GPTBot/1.3; +https://openai.com/gptbot)"
74.7.241.28 - - [19/Mar/2026:16:43:15 +0000] "GET /buy.php?jp/084034789.html HTTP/1.1" 200 163935 "https://inception-blue.com/buy.php?detail/04204003829048" "Mozilla/5.0 AppleWebKit/537.36 (KHTML, like Gecko; compatible; GPTBot/1.3; +https://openai.com/gptbot)"
74.7.241.28 - - [19/Mar/2026:16:43:18 +0000] "GET /buy.php?detail/04200342397783 HTTP/1.1" 200 157899 "https://inception-blue.com/buy.php?detail/04204003829048" "Mozilla/5.0 AppleWebKit/537.36 (KHTML, like Gecko; compatible; GPTBot/1.3; +https://openai.com/gptbot)"
74.7.241.28 - - [19/Mar/2026:16:43:21 +0000] "GET /buy.php?detail/04200279600717 HTTP/1.1" 200 154345 "https://inception-blue.com/buy.php?detail/04204003829048" "Mozilla/5.0 AppleWebKit/537.36 (KHTML, like Gecko; compatible; GPTBot/1.3; +https://openai.com/gptbot)"
74.7.241.28 - - [19/Mar/2026:16:43:24 +0000] "GET /buy.php?detail/20303306195537 HTTP/1.1" 200 153433 "https://inception-blue.com/buy.php?detail/20001005640399" "Mozilla/5.0 AppleWebKit/537.36 (KHTML, like Gecko; compatible; GPTBot/1.3; +https://openai.com/gptbot)"
74.7.241.28 - - [19/Mar/2026:16:43:27 +0000] "GET /buy.php?detail/24304882689784 HTTP/1.1" 200 160216 "https://inception-blue.com/buy.php?detail/18002308406366" "Mozilla/5.0 AppleWebKit/537.36 (KHTML, like Gecko; compatible; GPTBot/1.3; +https://openai.com/gptbot)"
