74.7.241.28 - - [19/Mar/2026:16:21:10 +0000] "GET /buy.php?m82333588294 HTTP/1.1" 200 152354 "https://inception-blue.com/buy.php?detail/06302154006960" "Mozilla/5.0 AppleWebKit/537.36 (KHTML, like Gecko; compatible; GPTBot/1.3; +https://openai.com/gptbot)"
74.7.241.28 - - [19/Mar/2026:16:21:13 +0000] "GET /buy.php?detail/12003863951562 HTTP/1.1" 200 153375 "https://inception-blue.com/buy.php?detail/01502085506287" "Mozilla/5.0 AppleWebKit/537.36 (KHTML, like Gecko; compatible; GPTBot/1.3; +https://openai.com/gptbot)"
74.7.241.28 - - [19/Mar/2026:16:21:16 +0000] "GET /buy.php?detail/15501070602777 HTTP/1.1" 200 156665 "https://inception-blue.com/buy.php?detail/23101321767934" "Mozilla/5.0 AppleWebKit/537.36 (KHTML, like Gecko; compatible; GPTBot/1.3; +https://openai.com/gptbot)"
74.7.241.28 - - [19/Mar/2026:16:21:19 +0000] "GET /buy.php?detail/20600570940797 HTTP/1.1" 200 166737 "https://inception-blue.com/buy.php?detail/01502085506287" "Mozilla/5.0 AppleWebKit/537.36 (KHTML, like Gecko; compatible; GPTBot/1.3; +https://openai.com/gptbot)"
74.7.241.28 - - [19/Mar/2026:16:21:22 +0000] "GET /buy.php?detail/22902397643599 HTTP/1.1" 200 146038 "https://inception-blue.com/buy.php?detail/23101321767934" "Mozilla/5.0 AppleWebKit/537.36 (KHTML, like Gecko; compatible; GPTBot/1.3; +https://openai.com/gptbot)"
74.7.241.28 - - [19/Mar/2026:16:21:25 +0000] "GET /buy.php?detail/16202818511228 HTTP/1.1" 200 157478 "https://inception-blue.com/buy.php?detail/16203221306026" "Mozilla/5.0 AppleWebKit/537.36 (KHTML, like Gecko; compatible; GPTBot/1.3; +https://openai.com/gptbot)"
74.7.241.28 - - [19/Mar/2026:16:21:28 +0000] "GET /buy.php?detail/16202819792884 HTTP/1.1" 200 153919 "https://inception-blue.com/buy.php?detail/16203221306026" "Mozilla/5.0 AppleWebKit/537.36 (KHTML, like Gecko; compatible; GPTBot/1.3; +https://openai.com/gptbot)"
74.7.241.28 - - [19/Mar/2026:16:21:31 +0000] "GET /buy.php?detail/25003720854082 HTTP/1.1" 200 169492 "https://inception-blue.com/buy.php?detail/04100015423610" "Mozilla/5.0 AppleWebKit/537.36 (KHTML, like Gecko; compatible; GPTBot/1.3; +https://openai.com/gptbot)"
74.7.241.28 - - [19/Mar/2026:16:21:35 +0000] "GET /buy.php?detail/24500477309761 HTTP/1.1" 200 166905 "https://inception-blue.com/buy.php?detail/24501228149134" "Mozilla/5.0 AppleWebKit/537.36 (KHTML, like Gecko; compatible; GPTBot/1.3; +https://openai.com/gptbot)"
66.249.77.7 - - [19/Mar/2026:16:21:37 +0000] "GET /product/095008252 HTTP/1.1" 200 323564 "-" "Mozilla/5.0 (Linux; Android 6.0.1; Nexus 5X Build/MMB29P) AppleWebKit/537.36 (KHTML, like Gecko) Chrome/145.0.7632.159 Mobile Safari/537.36 (compatible; Googlebot/2.1; +http://www.google.com/bot.html)"
74.7.241.28 - - [19/Mar/2026:16:21:38 +0000] "GET /buy.php?detail/08003035832244 HTTP/1.1" 200 154459 "https://inception-blue.com/buy.php?detail/26600064812954" "Mozilla/5.0 AppleWebKit/537.36 (KHTML, like Gecko; compatible; GPTBot/1.3; +https://openai.com/gptbot)"
74.7.241.28 - - [19/Mar/2026:16:21:41 +0000] "GET /buy.php?detail/26602170386800 HTTP/1.1" 200 162968 "https://inception-blue.com/buy.php?detail/26600064812954" "Mozilla/5.0 AppleWebKit/537.36 (KHTML, like Gecko; compatible; GPTBot/1.3; +https://openai.com/gptbot)"
74.7.241.28 - - [19/Mar/2026:16:21:44 +0000] "GET /buy.php?detail/12301882037311 HTTP/1.1" 200 157336 "https://inception-blue.com/buy.php?m82333588294" "Mozilla/5.0 AppleWebKit/537.36 (KHTML, like Gecko; compatible; GPTBot/1.3; +https://openai.com/gptbot)"
74.7.241.28 - - [19/Mar/2026:16:21:47 +0000] "GET /buy.php?detail/04403324368415 HTTP/1.1" 200 156806 "https://inception-blue.com/buy.php?detail/24501228149134" "Mozilla/5.0 AppleWebKit/537.36 (KHTML, like Gecko; compatible; GPTBot/1.3; +https://openai.com/gptbot)"
74.7.241.28 - - [19/Mar/2026:16:21:51 +0000] "GET /buy.php?detail/18304299691950 HTTP/1.1" 200 162184 "https://inception-blue.com/buy.php?detail/15501070602777" "Mozilla/5.0 AppleWebKit/537.36 (KHTML, like Gecko; compatible; GPTBot/1.3; +https://openai.com/gptbot)"
74.7.241.28 - - [19/Mar/2026:16:21:54 +0000] "GET /buy.php?detail/27904989341117 HTTP/1.1" 200 158343 "https://inception-blue.com/buy.php?detail/20600570940797" "Mozilla/5.0 AppleWebKit/537.36 (KHTML, like Gecko; compatible; GPTBot/1.3; +https://openai.com/gptbot)"
74.7.241.28 - - [19/Mar/2026:16:21:57 +0000] "GET /buy.php?detail/20601595454651 HTTP/1.1" 200 158603 "https://inception-blue.com/buy.php?detail/20600570940797" "Mozilla/5.0 AppleWebKit/537.36 (KHTML, like Gecko; compatible; GPTBot/1.3; +https://openai.com/gptbot)"
74.7.241.28 - - [19/Mar/2026:16:22:00 +0000] "GET /buy.php?detail/14703839702312 HTTP/1.1" 200 161023 "https://inception-blue.com/buy.php?detail/20600570940797" "Mozilla/5.0 AppleWebKit/537.36 (KHTML, like Gecko; compatible; GPTBot/1.3; +https://openai.com/gptbot)"
74.7.241.28 - - [19/Mar/2026:16:22:03 +0000] "GET /buy.php?detail/15500886469405 HTTP/1.1" 200 158486 "https://inception-blue.com/buy.php?detail/15501070602777" "Mozilla/5.0 AppleWebKit/537.36 (KHTML, like Gecko; compatible; GPTBot/1.3; +https://openai.com/gptbot)"
74.7.241.28 - - [19/Mar/2026:16:22:06 +0000] "GET /buy.php?detail/07002561941747 HTTP/1.1" 200 164471 "https://inception-blue.com/buy.php?detail/16202819792884" "Mozilla/5.0 AppleWebKit/537.36 (KHTML, like Gecko; compatible; GPTBot/1.3; +https://openai.com/gptbot)"
74.7.241.28 - - [19/Mar/2026:16:22:09 +0000] "GET /buy.php?m39997611296 HTTP/1.1" 200 159212 "https://inception-blue.com/buy.php?m10153589333" "Mozilla/5.0 AppleWebKit/537.36 (KHTML, like Gecko; compatible; GPTBot/1.3; +https://openai.com/gptbot)"
74.7.241.28 - - [19/Mar/2026:16:22:12 +0000] "GET /buy.php?goods/012021179 HTTP/1.1" 200 153403 "https://inception-blue.com/buy.php?detail/08003035832244" "Mozilla/5.0 AppleWebKit/537.36 (KHTML, like Gecko; compatible; GPTBot/1.3; +https://openai.com/gptbot)"
74.7.241.28 - - [19/Mar/2026:16:22:15 +0000] "GET /buy.php?m12362900092 HTTP/1.1" 200 163384 "https://inception-blue.com/buy.php?detail/17404212216586" "Mozilla/5.0 AppleWebKit/537.36 (KHTML, like Gecko; compatible; GPTBot/1.3; +https://openai.com/gptbot)"
74.7.241.28 - - [19/Mar/2026:16:22:19 +0000] "GET /buy.php?detail/12300912977085 HTTP/1.1" 200 154347 "https://inception-blue.com/buy.php?detail/12301882037311" "Mozilla/5.0 AppleWebKit/537.36 (KHTML, like Gecko; compatible; GPTBot/1.3; +https://openai.com/gptbot)"
74.7.241.28 - - [19/Mar/2026:16:22:22 +0000] "GET /buy.php?m10006134188 HTTP/1.1" 200 159204 "https://inception-blue.com/buy.php?detail/14503716775414" "Mozilla/5.0 AppleWebKit/537.36 (KHTML, like Gecko; compatible; GPTBot/1.3; +https://openai.com/gptbot)"
74.7.241.28 - - [19/Mar/2026:16:22:25 +0000] "GET /buy.php?detail/14100230326699 HTTP/1.1" 200 168104 "https://inception-blue.com/buy.php?detail/18304299691950" "Mozilla/5.0 AppleWebKit/537.36 (KHTML, like Gecko; compatible; GPTBot/1.3; +https://openai.com/gptbot)"
74.7.241.28 - - [19/Mar/2026:16:22:28 +0000] "GET /buy.php?detail/13604377908731 HTTP/1.1" 200 155450 "https://inception-blue.com/buy.php?detail/27904989341117" "Mozilla/5.0 AppleWebKit/537.36 (KHTML, like Gecko; compatible; GPTBot/1.3; +https://openai.com/gptbot)"
74.7.241.28 - - [19/Mar/2026:16:22:31 +0000] "GET /buy.php?m64148230888 HTTP/1.1" 200 159390 "https://inception-blue.com/buy.php?detail/11404982214281" "Mozilla/5.0 AppleWebKit/537.36 (KHTML, like Gecko; compatible; GPTBot/1.3; +https://openai.com/gptbot)"
74.7.241.28 - - [19/Mar/2026:16:22:34 +0000] "GET /buy.php?m50277088811 HTTP/1.1" 200 160049 "https://inception-blue.com/buy.php?detail/14104437729088" "Mozilla/5.0 AppleWebKit/537.36 (KHTML, like Gecko; compatible; GPTBot/1.3; +https://openai.com/gptbot)"
74.7.241.28 - - [19/Mar/2026:16:22:37 +0000] "GET /buy.php?detail/23103344147631 HTTP/1.1" 200 157150 "https://inception-blue.com/buy.php?detail/15500886469405" "Mozilla/5.0 AppleWebKit/537.36 (KHTML, like Gecko; compatible; GPTBot/1.3; +https://openai.com/gptbot)"
74.7.241.28 - - [19/Mar/2026:16:22:40 +0000] "GET /buy.php?detail/15501125199426 HTTP/1.1" 200 161165 "https://inception-blue.com/buy.php?detail/15500886469405" "Mozilla/5.0 AppleWebKit/537.36 (KHTML, like Gecko; compatible; GPTBot/1.3; +https://openai.com/gptbot)"
74.7.241.28 - - [19/Mar/2026:16:22:43 +0000] "GET /buy.php?062000727.htm HTTP/1.1" 200 159898 "https://inception-blue.com/buy.php?m39997611296" "Mozilla/5.0 AppleWebKit/537.36 (KHTML, like Gecko; compatible; GPTBot/1.3; +https://openai.com/gptbot)"
74.7.241.28 - - [19/Mar/2026:16:22:47 +0000] "GET /buy.php?m39805728884 HTTP/1.1" 200 159430 "https://inception-blue.com/buy.php?detail/10900526166479" "Mozilla/5.0 AppleWebKit/537.36 (KHTML, like Gecko; compatible; GPTBot/1.3; +https://openai.com/gptbot)"
74.7.241.28 - - [19/Mar/2026:16:22:50 +0000] "GET /buy.php?m40627775430 HTTP/1.1" 200 162975 "https://inception-blue.com/buy.php?detail/28501104497214" "Mozilla/5.0 AppleWebKit/537.36 (KHTML, like Gecko; compatible; GPTBot/1.3; +https://openai.com/gptbot)"
74.7.241.28 - - [19/Mar/2026:16:22:53 +0000] "GET /buy.php?detail/22700747590737 HTTP/1.1" 200 146570 "https://inception-blue.com/buy.php?detail/12300912977085" "Mozilla/5.0 AppleWebKit/537.36 (KHTML, like Gecko; compatible; GPTBot/1.3; +https://openai.com/gptbot)"
74.7.241.28 - - [19/Mar/2026:16:22:56 +0000] "GET /buy.php?m55578183523 HTTP/1.1" 200 161097 "https://inception-blue.com/buy.php?detail/13400050042434" "Mozilla/5.0 AppleWebKit/537.36 (KHTML, like Gecko; compatible; GPTBot/1.3; +https://openai.com/gptbot)"
74.7.241.28 - - [19/Mar/2026:16:22:59 +0000] "GET /buy.php?m63974622296 HTTP/1.1" 200 158213 "https://inception-blue.com/buy.php?detail/17600537576368" "Mozilla/5.0 AppleWebKit/537.36 (KHTML, like Gecko; compatible; GPTBot/1.3; +https://openai.com/gptbot)"
74.7.241.28 - - [19/Mar/2026:16:23:02 +0000] "GET /buy.php?detail/03200130951375 HTTP/1.1" 200 152618 "https://inception-blue.com/buy.php?detail/13604377908731" "Mozilla/5.0 AppleWebKit/537.36 (KHTML, like Gecko; compatible; GPTBot/1.3; +https://openai.com/gptbot)"
74.7.241.28 - - [19/Mar/2026:16:23:06 +0000] "GET /buy.php?m66683317418 HTTP/1.1" 200 170306 "https://inception-blue.com/buy.php?detail/13602086526832" "Mozilla/5.0 AppleWebKit/537.36 (KHTML, like Gecko; compatible; GPTBot/1.3; +https://openai.com/gptbot)"
74.7.241.28 - - [19/Mar/2026:16:23:09 +0000] "GET /buy.php?m94449130896 HTTP/1.1" 200 147109 "https://inception-blue.com/buy.php?jp/114003820.html" "Mozilla/5.0 AppleWebKit/537.36 (KHTML, like Gecko; compatible; GPTBot/1.3; +https://openai.com/gptbot)"
74.7.241.28 - - [19/Mar/2026:16:23:12 +0000] "GET /buy.php?detail/28202487400794 HTTP/1.1" 200 152680 "https://inception-blue.com/buy.php?detail/23103344147631" "Mozilla/5.0 AppleWebKit/537.36 (KHTML, like Gecko; compatible; GPTBot/1.3; +https://openai.com/gptbot)"
74.7.241.28 - - [19/Mar/2026:16:23:15 +0000] "GET /buy.php?detail/24501701251191 HTTP/1.1" 200 155128 "https://inception-blue.com/buy.php?detail/15501125199426" "Mozilla/5.0 AppleWebKit/537.36 (KHTML, like Gecko; compatible; GPTBot/1.3; +https://openai.com/gptbot)"
74.7.241.28 - - [19/Mar/2026:16:23:18 +0000] "GET /buy.php?detail/15500567257795 HTTP/1.1" 200 163644 "https://inception-blue.com/buy.php?detail/15501125199426" "Mozilla/5.0 AppleWebKit/537.36 (KHTML, like Gecko; compatible; GPTBot/1.3; +https://openai.com/gptbot)"
74.7.241.28 - - [19/Mar/2026:16:23:21 +0000] "GET /buy.php?detail/23100254864976 HTTP/1.1" 200 160903 "https://inception-blue.com/buy.php?detail/23103344147631" "Mozilla/5.0 AppleWebKit/537.36 (KHTML, like Gecko; compatible; GPTBot/1.3; +https://openai.com/gptbot)"
74.7.241.28 - - [19/Mar/2026:16:23:25 +0000] "GET /buy.php?012000871.htm HTTP/1.1" 200 155590 "https://inception-blue.com/buy.php?m71256899993" "Mozilla/5.0 AppleWebKit/537.36 (KHTML, like Gecko; compatible; GPTBot/1.3; +https://openai.com/gptbot)"
74.7.241.28 - - [19/Mar/2026:16:23:28 +0000] "GET /buy.php?detail/22700011842671 HTTP/1.1" 200 144588 "https://inception-blue.com/buy.php?detail/22700747590737" "Mozilla/5.0 AppleWebKit/537.36 (KHTML, like Gecko; compatible; GPTBot/1.3; +https://openai.com/gptbot)"
74.7.241.28 - - [19/Mar/2026:16:23:31 +0000] "GET /buy.php?detail/05803402804757 HTTP/1.1" 200 162393 "https://inception-blue.com/buy.php?m55578183523" "Mozilla/5.0 AppleWebKit/537.36 (KHTML, like Gecko; compatible; GPTBot/1.3; +https://openai.com/gptbot)"
159.223.142.74 - - [19/Mar/2026:16:23:35 +0000] "POST /wp-cron.php?doing_wp_cron=1773937415.0765509605407714843750 HTTP/1.1" 403 185480 "-" "WordPress/6.9.4; https://inception-blue.com"
103.82.21.169 - - [19/Mar/2026:16:23:34 +0000] "GET /wp-login.php HTTP/1.1" 200 84584 "-" "Mozilla/4.0 (compatible; MSIE 7.0; Windows NT 6.1; Trident/7.0; SLCC2; .NET CLR 2.0.50727; .NET CLR 3.5.30729; .NET CLR 3.0.30729; Media Center PC 6.0; .NET4.0C; .NET4.0E; InfoPath.3)"
34.225.87.80 - - [19/Mar/2026:16:23:34 +0000] "GET /lets-dive/?dir=/home/inceptionblue/public_html/wp-content/plugins/wordpress-seo/css HTTP/1.1" 200 166597 "-" "Mozilla/5.0 AppleWebKit/537.36 (KHTML, like Gecko; compatible; Amazonbot/0.1; +https://developer.amazon.com/support/amazonbot) Chrome/119.0.6045.214 Safari/537.36"
159.223.142.74 - - [19/Mar/2026:16:23:35 +0000] "POST /wp-cron.php?doing_wp_cron=1773937415.4505069255828857421875 HTTP/1.1" 403 185479 "-" "WordPress/6.9.4; https://inception-blue.com"
74.7.241.28 - - [19/Mar/2026:16:23:34 +0000] "GET /buy.php?shopbrand/brick/037017529.htm HTTP/1.1" 200 154634 "https://inception-blue.com/buy.php?m63974622296" "Mozilla/5.0 AppleWebKit/537.36 (KHTML, like Gecko; compatible; GPTBot/1.3; +https://openai.com/gptbot)"
103.82.21.169 - - [19/Mar/2026:16:23:36 +0000] "POST /wp-login.php HTTP/1.1" 200 84833 "https://inception-blue.com/wp-login.php" "Mozilla/4.0 (compatible; MSIE 7.0; Windows NT 6.1; Trident/7.0; SLCC2; .NET CLR 2.0.50727; .NET CLR 3.5.30729; .NET CLR 3.0.30729; Media Center PC 6.0; .NET4.0C; .NET4.0E; InfoPath.3)"
44.221.105.234 - - [19/Mar/2026:16:23:38 +0000] "GET /author/scott/?dir=/home/inceptionblue/public_html/wp-content/plugins/profile-builder/features/login-widget HTTP/1.1" 200 138862 "-" "Mozilla/5.0 AppleWebKit/537.36 (KHTML, like Gecko; compatible; Amazonbot/0.1; +https://developer.amazon.com/support/amazonbot) Chrome/119.0.6045.214 Safari/537.36"
74.7.241.28 - - [19/Mar/2026:16:23:37 +0000] "GET /buy.php?detail/03201446399797 HTTP/1.1" 200 153924 "https://inception-blue.com/buy.php?detail/03200130951375" "Mozilla/5.0 AppleWebKit/537.36 (KHTML, like Gecko; compatible; GPTBot/1.3; +https://openai.com/gptbot)"
74.7.241.28 - - [19/Mar/2026:16:23:40 +0000] "GET /buy.php?detail/18501250774622 HTTP/1.1" 200 153205 "https://inception-blue.com/buy.php?detail/22700747590737" "Mozilla/5.0 AppleWebKit/537.36 (KHTML, like Gecko; compatible; GPTBot/1.3; +https://openai.com/gptbot)"
52.45.77.169 - - [19/Mar/2026:16:23:42 +0000] "GET /lets-dive/?dir=/home/inceptionblue/public_html/wp-content/plugins/duplicate-post/vendor HTTP/1.1" 200 166662 "-" "Mozilla/5.0 AppleWebKit/537.36 (KHTML, like Gecko; compatible; Amazonbot/0.1; +https://developer.amazon.com/support/amazonbot) Chrome/119.0.6045.214 Safari/537.36"
74.7.241.28 - - [19/Mar/2026:16:23:43 +0000] "GET /buy.php?detail/10100656698836 HTTP/1.1" 200 155747 "https://inception-blue.com/buy.php?m94449130896" "Mozilla/5.0 AppleWebKit/537.36 (KHTML, like Gecko; compatible; GPTBot/1.3; +https://openai.com/gptbot)"
52.0.218.219 - - [19/Mar/2026:16:23:46 +0000] "GET /author/scott/?dir=/home/inceptionblue/public_html/wp-content/plugins/filester/includes/File_manager/lib HTTP/1.1" 200 162263 "-" "Mozilla/5.0 AppleWebKit/537.36 (KHTML, like Gecko; compatible; Amazonbot/0.1; +https://developer.amazon.com/support/amazonbot) Chrome/119.0.6045.214 Safari/537.36"
74.7.241.28 - - [19/Mar/2026:16:23:47 +0000] "GET /buy.php?shopbrand/killing/127040459.htm HTTP/1.1" 200 161394 "https://inception-blue.com/buy.php?m63974622296" "Mozilla/5.0 AppleWebKit/537.36 (KHTML, like Gecko; compatible; GPTBot/1.3; +https://openai.com/gptbot)"
98.83.8.142 - - [19/Mar/2026:16:23:50 +0000] "GET /author/scott/?dir=/home/inceptionblue/public_html/wp-content/plugins/google-site-kit/includes/vendor HTTP/1.1" 200 138604 "-" "Mozilla/5.0 AppleWebKit/537.36 (KHTML, like Gecko; compatible; Amazonbot/0.1; +https://developer.amazon.com/support/amazonbot) Chrome/119.0.6045.214 Safari/537.36"
74.7.241.28 - - [19/Mar/2026:16:23:50 +0000] "GET /buy.php?detail/16503335896273 HTTP/1.1" 200 153667 "https://inception-blue.com/buy.php?detail/24501701251191" "Mozilla/5.0 AppleWebKit/537.36 (KHTML, like Gecko; compatible; GPTBot/1.3; +https://openai.com/gptbot)"
44.194.134.53 - - [19/Mar/2026:16:23:54 +0000] "GET /lets-dive/?dir=/home/inceptionblue/public_html/wp-includes/css/dist/block-directory&read=/home/inceptionblue/public_html/wp-includes/css/dist/block-directory/style-rtl.min.css HTTP/1.1" 200 163337 "-" "Mozilla/5.0 AppleWebKit/537.36 (KHTML, like Gecko; compatible; Amazonbot/0.1; +https://developer.amazon.com/support/amazonbot) Chrome/119.0.6045.214 Safari/537.36"
74.7.241.28 - - [19/Mar/2026:16:23:53 +0000] "GET /buy.php?detail/06900308213546 HTTP/1.1" 200 156865 "https://inception-blue.com/buy.php?m63974622296" "Mozilla/5.0 AppleWebKit/537.36 (KHTML, like Gecko; compatible; GPTBot/1.3; +https://openai.com/gptbot)"
54.147.80.137 - - [19/Mar/2026:16:23:58 +0000] "GET /lets-dive/?dir=/home/inceptionblue/public_html/wp-includes/SimplePie/src&read=/home/inceptionblue/public_html/wp-includes/SimplePie/src/RegistryAware.php HTTP/1.1" 200 159950 "-" "Mozilla/5.0 AppleWebKit/537.36 (KHTML, like Gecko; compatible; Amazonbot/0.1; +https://developer.amazon.com/support/amazonbot) Chrome/119.0.6045.214 Safari/537.36"
74.7.241.28 - - [19/Mar/2026:16:23:56 +0000] "GET /buy.php?069000506.htm HTTP/1.1" 200 158085 "https://inception-blue.com/buy.php?m63974622296" "Mozilla/5.0 AppleWebKit/537.36 (KHTML, like Gecko; compatible; GPTBot/1.3; +https://openai.com/gptbot)"
74.7.241.28 - - [19/Mar/2026:16:23:59 +0000] "GET /buy.php?022011131.htm HTTP/1.1" 200 145298 "https://inception-blue.com/buy.php?m94449130896" "Mozilla/5.0 AppleWebKit/537.36 (KHTML, like Gecko; compatible; GPTBot/1.3; +https://openai.com/gptbot)"
54.85.7.119 - - [19/Mar/2026:16:24:02 +0000] "GET /2024/04/01/hello-world/?dir=/home/inceptionblue/public_html/wp-includes/MH_configs_20260310190320 HTTP/1.1" 200 146124 "-" "Mozilla/5.0 AppleWebKit/537.36 (KHTML, like Gecko; compatible; Amazonbot/0.1; +https://developer.amazon.com/support/amazonbot) Chrome/119.0.6045.214 Safari/537.36"
74.7.241.28 - - [19/Mar/2026:16:24:02 +0000] "GET /buy.php?detail/28603863479841 HTTP/1.1" 200 156580 "https://inception-blue.com/buy.php?detail/22700011842671" "Mozilla/5.0 AppleWebKit/537.36 (KHTML, like Gecko; compatible; GPTBot/1.3; +https://openai.com/gptbot)"
52.205.113.104 - - [19/Mar/2026:16:24:06 +0000] "GET /author/scott/?dir=/home/inceptionblue/public_html/wp-content/plugins/astra-addon/classes/deprecated&read=/home/inceptionblue/public_html/wp-content/plugins/astra-addon/classes/deprecated/deprecated-actions.php HTTP/1.1" 200 135100 "-" "Mozilla/5.0 AppleWebKit/537.36 (KHTML, like Gecko; compatible; Amazonbot/0.1; +https://developer.amazon.com/support/amazonbot) Chrome/119.0.6045.214 Safari/537.36"
74.7.241.28 - - [19/Mar/2026:16:24:06 +0000] "GET /buy.php?047000232.htm HTTP/1.1" 200 163516 "https://inception-blue.com/buy.php?m12362900092" "Mozilla/5.0 AppleWebKit/537.36 (KHTML, like Gecko; compatible; GPTBot/1.3; +https://openai.com/gptbot)"
52.1.106.130 - - [19/Mar/2026:16:24:10 +0000] "GET /lets-dive/?dir=/home/inceptionblue/public_html/wp-admin/MH_configs_20260310190238 HTTP/1.1" 200 166485 "-" "Mozilla/5.0 AppleWebKit/537.36 (KHTML, like Gecko; compatible; Amazonbot/0.1; +https://developer.amazon.com/support/amazonbot) Chrome/119.0.6045.214 Safari/537.36"
74.7.241.28 - - [19/Mar/2026:16:24:09 +0000] "GET /buy.php?shopbrand/driving/037017529.htm HTTP/1.1" 200 154424 "https://inception-blue.com/buy.php?shopbrand/brick/037017529.htm" "Mozilla/5.0 AppleWebKit/537.36 (KHTML, like Gecko; compatible; GPTBot/1.3; +https://openai.com/gptbot)"
184.73.239.35 - - [19/Mar/2026:16:24:14 +0000] "GET /author/scott/?dir=/home/inceptionblue/public_html/wp-content/plugins/astra-addon/addons/advanced-footer HTTP/1.1" 200 145416 "-" "Mozilla/5.0 AppleWebKit/537.36 (KHTML, like Gecko; compatible; Amazonbot/0.1; +https://developer.amazon.com/support/amazonbot) Chrome/119.0.6045.214 Safari/537.36"
74.7.241.28 - - [19/Mar/2026:16:24:12 +0000] "GET /buy.php?detail/03202555978643 HTTP/1.1" 200 153898 "https://inception-blue.com/buy.php?detail/03201446399797" "Mozilla/5.0 AppleWebKit/537.36 (KHTML, like Gecko; compatible; GPTBot/1.3; +https://openai.com/gptbot)"
74.7.241.28 - - [19/Mar/2026:16:24:15 +0000] "GET /buy.php?detail/12504694026242 HTTP/1.1" 200 160455 "https://inception-blue.com/buy.php?detail/18501250774622" "Mozilla/5.0 AppleWebKit/537.36 (KHTML, like Gecko; compatible; GPTBot/1.3; +https://openai.com/gptbot)"
100.28.44.58 - - [19/Mar/2026:16:24:18 +0000] "GET /author/scott/?dir=/home/inceptionblue/tmp/webalizer&read=/home/inceptionblue/tmp/webalizer/usage_202502.html HTTP/1.1" 200 290735 "-" "Mozilla/5.0 AppleWebKit/537.36 (KHTML, like Gecko; compatible; Amazonbot/0.1; +https://developer.amazon.com/support/amazonbot) Chrome/119.0.6045.214 Safari/537.36"
74.7.241.28 - - [19/Mar/2026:16:24:18 +0000] "GET /buy.php?detail/10100217774934 HTTP/1.1" 200 156472 "https://inception-blue.com/buy.php?detail/10100656698836" "Mozilla/5.0 AppleWebKit/537.36 (KHTML, like Gecko; compatible; GPTBot/1.3; +https://openai.com/gptbot)"
54.198.33.233 - - [19/Mar/2026:16:24:22 +0000] "GET /author/scott/?dir=/home/inceptionblue/tmp/webalizer&read=/home/inceptionblue/tmp/webalizer/usage_202505.html HTTP/1.1" 200 300743 "-" "Mozilla/5.0 AppleWebKit/537.36 (KHTML, like Gecko; compatible; Amazonbot/0.1; +https://developer.amazon.com/support/amazonbot) Chrome/119.0.6045.214 Safari/537.36"
74.7.241.28 - - [19/Mar/2026:16:24:21 +0000] "GET /buy.php?037000794.htm HTTP/1.1" 200 155604 "https://inception-blue.com/buy.php?shopbrand/brick/037017529.htm" "Mozilla/5.0 AppleWebKit/537.36 (KHTML, like Gecko; compatible; GPTBot/1.3; +https://openai.com/gptbot)"
74.7.241.28 - - [19/Mar/2026:16:24:24 +0000] "GET /buy.php?detail/16501377748837 HTTP/1.1" 200 154676 "https://inception-blue.com/buy.php?detail/16503335896273" "Mozilla/5.0 AppleWebKit/537.36 (KHTML, like Gecko; compatible; GPTBot/1.3; +https://openai.com/gptbot)"
54.84.147.79 - - [19/Mar/2026:16:24:26 +0000] "GET /lets-dive/?dir=/home/inceptionblue/public_html/wp-includes/css/dist/edit-post&read=/home/inceptionblue/public_html/wp-includes/css/dist/edit-post/style.css HTTP/1.1" 200 175364 "-" "Mozilla/5.0 AppleWebKit/537.36 (KHTML, like Gecko; compatible; Amazonbot/0.1; +https://developer.amazon.com/support/amazonbot) Chrome/119.0.6045.214 Safari/537.36"
74.7.241.28 - - [19/Mar/2026:16:24:27 +0000] "GET /buy.php?detail/18903090226167 HTTP/1.1" 200 148830 "https://inception-blue.com/buy.php?detail/16503335896273" "Mozilla/5.0 AppleWebKit/537.36 (KHTML, like Gecko; compatible; GPTBot/1.3; +https://openai.com/gptbot)"
34.205.170.13 - - [19/Mar/2026:16:24:30 +0000] "GET /author/scott/?dir=/home/inceptionblue/public_html/wp-content/plugins/wordpress-seo/admin/pages&read=/home/inceptionblue/public_html/wp-content/plugins/wordpress-seo/admin/pages/licenses.php HTTP/1.1" 200 133254 "-" "Mozilla/5.0 AppleWebKit/537.36 (KHTML, like Gecko; compatible; Amazonbot/0.1; +https://developer.amazon.com/support/amazonbot) Chrome/119.0.6045.214 Safari/537.36"
74.7.241.28 - - [19/Mar/2026:16:24:30 +0000] "GET /buy.php?127007444.htm HTTP/1.1" 200 166801 "https://inception-blue.com/buy.php?shopbrand/killing/127040459.htm" "Mozilla/5.0 AppleWebKit/537.36 (KHTML, like Gecko; compatible; GPTBot/1.3; +https://openai.com/gptbot)"
74.7.241.28 - - [19/Mar/2026:16:24:34 +0000] "GET /buy.php?222047231.htm HTTP/1.1" 200 158262 "https://inception-blue.com/buy.php?012000871.htm" "Mozilla/5.0 AppleWebKit/537.36 (KHTML, like Gecko; compatible; GPTBot/1.3; +https://openai.com/gptbot)"
159.223.142.74 - - [19/Mar/2026:16:24:36 +0000] "POST /wp-cron.php?doing_wp_cron=1773937476.0012478828430175781250 HTTP/1.1" 403 185482 "-" "WordPress/6.9.4; https://inception-blue.com"
34.194.95.99 - - [19/Mar/2026:16:24:35 +0000] "GET /author/scott/?dir=/home/inceptionblue/public_html/wp-content/plugins/wordpress-seo/src/conditionals&read=/home/inceptionblue/public_html/wp-content/plugins/wordpress-seo/src/conditionals/user-can-publish-posts-and-pages-conditional.php HTTP/1.1" 200 133657 "-" "Mozilla/5.0 AppleWebKit/537.36 (KHTML, like Gecko; compatible; Amazonbot/0.1; +https://developer.amazon.com/support/amazonbot) Chrome/119.0.6045.214 Safari/537.36"
66.249.77.7 - - [19/Mar/2026:16:24:38 +0000] "GET /?detail/17300996199199 HTTP/1.1" 200 309945 "-" "Mozilla/5.0 (Linux; Android 6.0.1; Nexus 5X Build/MMB29P) AppleWebKit/537.36 (KHTML, like Gecko) Chrome/145.0.7632.159 Mobile Safari/537.36 (compatible; Googlebot/2.1; +http://www.google.com/bot.html)"
74.7.241.28 - - [19/Mar/2026:16:24:37 +0000] "GET /buy.php?088000149.htm HTTP/1.1" 200 160858 "https://inception-blue.com/buy.php?m40627775430" "Mozilla/5.0 AppleWebKit/537.36 (KHTML, like Gecko; compatible; GPTBot/1.3; +https://openai.com/gptbot)"
52.204.253.129 - - [19/Mar/2026:16:24:38 +0000] "GET /author/scott/?dir=/home/inceptionblue/public_html/wp-content/plugins/wordpress-seo/src/conditionals&read=/home/inceptionblue/public_html/wp-content/plugins/wordpress-seo/src/conditionals/user-profile-conditional.php HTTP/1.1" 200 133612 "-" "Mozilla/5.0 AppleWebKit/537.36 (KHTML, like Gecko; compatible; Amazonbot/0.1; +https://developer.amazon.com/support/amazonbot) Chrome/119.0.6045.214 Safari/537.36"
74.7.241.28 - - [19/Mar/2026:16:24:40 +0000] "GET /buy.php?012000971.htm HTTP/1.1" 200 163056 "https://inception-blue.com/buy.php?m71256899993" "Mozilla/5.0 AppleWebKit/537.36 (KHTML, like Gecko; compatible; GPTBot/1.3; +https://openai.com/gptbot)"
54.159.18.27 - - [19/Mar/2026:16:24:42 +0000] "GET /author/scott/?dir=/home/inceptionblue/public_html/wp-content/plugins/wordpress-seo/src/helpers&read=/home/inceptionblue/public_html/wp-content/plugins/wordpress-seo/src/helpers/robots-txt-helper.php HTTP/1.1" 200 135791 "-" "Mozilla/5.0 AppleWebKit/537.36 (KHTML, like Gecko; compatible; Amazonbot/0.1; +https://developer.amazon.com/support/amazonbot) Chrome/119.0.6045.214 Safari/537.36"
74.7.241.28 - - [19/Mar/2026:16:24:43 +0000] "GET /buy.php?065000892.htm HTTP/1.1" 200 143779 "https://inception-blue.com/buy.php?m13098170157" "Mozilla/5.0 AppleWebKit/537.36 (KHTML, like Gecko; compatible; GPTBot/1.3; +https://openai.com/gptbot)"
74.7.241.28 - - [19/Mar/2026:16:24:46 +0000] "GET /buy.php?042000561.htm HTTP/1.1" 200 152207 "https://inception-blue.com/buy.php?m82333588294" "Mozilla/5.0 AppleWebKit/537.36 (KHTML, like Gecko; compatible; GPTBot/1.3; +https://openai.com/gptbot)"
74.7.241.28 - - [19/Mar/2026:16:24:49 +0000] "GET /buy.php?goods/125022758 HTTP/1.1" 200 164209 "https://inception-blue.com/buy.php?detail/12504694026242" "Mozilla/5.0 AppleWebKit/537.36 (KHTML, like Gecko; compatible; GPTBot/1.3; +https://openai.com/gptbot)"
52.200.58.199 - - [19/Mar/2026:16:24:46 +0000] "GET /logined/?dir=/home/inceptionblue/public_html/wp-includes/block-bindings/MH_configs_20260310190404&read=/home/inceptionblue/public_html/wp-includes/block-bindings/MH_configs_20260310190404/.htaccess HTTP/1.1" 200 129883 "-" "Mozilla/5.0 AppleWebKit/537.36 (KHTML, like Gecko; compatible; Amazonbot/0.1; +https://developer.amazon.com/support/amazonbot) Chrome/119.0.6045.214 Safari/537.36"
159.223.142.74 - - [19/Mar/2026:16:24:49 +0000] "POST /wp-cron.php?doing_wp_cron=1773937489.5248539447784423828125 HTTP/1.1" 404 185482 "-" "WordPress/6.9.4; https://inception-blue.com"
159.223.142.74 - - [19/Mar/2026:16:24:52 +0000] "POST /wp-cron.php?doing_wp_cron=1773937492.5462250709533691406250 HTTP/1.1" 404 185482 "-" "WordPress/6.9.4; https://inception-blue.com"
159.223.142.74 - - [19/Mar/2026:16:24:47 +0000] "POST /wp-cron.php?doing_wp_cron=1773937487.2804911136627197265625 HTTP/1.1" 404 185482 "-" "WordPress/6.9.4; https://inception-blue.com"
159.223.142.74 - - [19/Mar/2026:16:24:48 +0000] "POST /wp-cron.php?doing_wp_cron=1773937488.8162560462951660156250 HTTP/1.1" 404 185482 "-" "WordPress/6.9.4; https://inception-blue.com"
159.223.142.74 - - [19/Mar/2026:16:24:50 +0000] "POST /wp-cron.php?doing_wp_cron=1773937490.2936079502105712890625 HTTP/1.1" 403 185482 "-" "WordPress/6.9.4; https://inception-blue.com"
159.223.142.74 - - [19/Mar/2026:16:24:50 +0000] "POST /wp-cron.php?doing_wp_cron=1773937490.2896060943603515625000 HTTP/1.1" 403 185482 "-" "WordPress/6.9.4; https://inception-blue.com"
44.208.223.68 - - [19/Mar/2026:16:24:50 +0000] "GET /author/scott/?dir=/home/inceptionblue/public_html/wp-content/plugins/wordpress-seo/src/helpers&read=/home/inceptionblue/public_html/wp-content/plugins/wordpress-seo/src/helpers/score-icon-helper.php HTTP/1.1" 200 135946 "-" "Mozilla/5.0 AppleWebKit/537.36 (KHTML, like Gecko; compatible; Amazonbot/0.1; +https://developer.amazon.com/support/amazonbot) Chrome/119.0.6045.214 Safari/537.36"
159.223.142.74 - - [19/Mar/2026:16:24:53 +0000] "POST /wp-cron.php?doing_wp_cron=1773937493.1287949085235595703125 HTTP/1.1" 403 185482 "-" "WordPress/6.9.4; https://inception-blue.com"
159.223.142.74 - - [19/Mar/2026:16:24:53 +0000] "POST /wp-cron.php?doing_wp_cron=1773937492.6758348941802978515625 HTTP/1.1" 403 185482 "-" "WordPress/6.9.4; https://inception-blue.com"
159.223.142.74 - - [19/Mar/2026:16:24:53 +0000] "POST /wp-cron.php?doing_wp_cron=1773937492.8720910549163818359375 HTTP/1.1" 403 185482 "-" "WordPress/6.9.4; https://inception-blue.com"
159.223.142.74 - - [19/Mar/2026:16:24:52 +0000] "POST /wp-cron.php?doing_wp_cron=1773937492.1110799312591552734375 HTTP/1.1" 403 185483 "-" "WordPress/6.9.4; https://inception-blue.com"
159.223.142.74 - - [19/Mar/2026:16:24:51 +0000] "POST /wp-cron.php?doing_wp_cron=1773937491.8274040222167968750000 HTTP/1.1" 404 185482 "-" "WordPress/6.9.4; https://inception-blue.com"
159.223.142.74 - - [19/Mar/2026:16:24:51 +0000] "POST /wp-cron.php?doing_wp_cron=1773937491.9557230472564697265625 HTTP/1.1" 403 185483 "-" "WordPress/6.9.4; https://inception-blue.com"
159.223.142.74 - - [19/Mar/2026:16:24:51 +0000] "POST /wp-cron.php?doing_wp_cron=1773937491.1577830314636230468750 HTTP/1.1" 403 185483 "-" "WordPress/6.9.4; https://inception-blue.com"
159.223.142.74 - - [19/Mar/2026:16:24:48 +0000] "POST /wp-cron.php?doing_wp_cron=1773937487.9706139564514160156250 HTTP/1.1" 403 185483 "-" "WordPress/6.9.4; https://inception-blue.com"
74.7.241.28 - - [19/Mar/2026:16:24:52 +0000] "GET /buy.php?detail/07201202801561 HTTP/1.1" 200 144202 "https://inception-blue.com/buy.php?detail/10100217774934" "Mozilla/5.0 AppleWebKit/537.36 (KHTML, like Gecko; compatible; GPTBot/1.3; +https://openai.com/gptbot)"
159.223.142.74 - - [19/Mar/2026:16:24:51 +0000] "POST /wp-cron.php?doing_wp_cron=1773937490.9809100627899169921875 HTTP/1.1" 403 185483 "-" "WordPress/6.9.4; https://inception-blue.com"
159.223.142.74 - - [19/Mar/2026:16:24:51 +0000] "POST /wp-cron.php?doing_wp_cron=1773937491.2154619693756103515625 HTTP/1.1" 403 185482 "-" "WordPress/6.9.4; https://inception-blue.com"
159.223.142.74 - - [19/Mar/2026:16:24:51 +0000] "POST /wp-cron.php?doing_wp_cron=1773937491.2127830982208251953125 HTTP/1.1" 403 185482 "-" "WordPress/6.9.4; https://inception-blue.com"
159.223.142.74 - - [19/Mar/2026:16:24:54 +0000] "POST /wp-cron.php?doing_wp_cron=1773937493.2463340759277343750000 HTTP/1.1" 403 185482 "-" "WordPress/6.9.4; https://inception-blue.com"
159.223.142.74 - - [19/Mar/2026:16:24:52 +0000] "POST /wp-cron.php?doing_wp_cron=1773937492.1831009387969970703125 HTTP/1.1" 403 185483 "-" "WordPress/6.9.4; https://inception-blue.com"
159.223.142.74 - - [19/Mar/2026:16:24:54 +0000] "POST /wp-cron.php?doing_wp_cron=1773937493.2570099830627441406250 HTTP/1.1" 403 185482 "-" "WordPress/6.9.4; https://inception-blue.com"
54.84.250.51 - - [19/Mar/2026:16:24:54 +0000] "GET /author/scott/?dir=/home/inceptionblue/public_html/wp-content/plugins/filester/includes/File_manager&read=/home/inceptionblue/public_html/wp-content/plugins/filester/includes/File_manager/FileManager.php HTTP/1.1" 200 169254 "-" "Mozilla/5.0 AppleWebKit/537.36 (KHTML, like Gecko; compatible; Amazonbot/0.1; +https://developer.amazon.com/support/amazonbot) Chrome/119.0.6045.214 Safari/537.36"
159.223.142.74 - - [19/Mar/2026:16:24:52 +0000] "POST /wp-cron.php?doing_wp_cron=1773937492.2167310714721679687500 HTTP/1.1" 403 185482 "-" "WordPress/6.9.4; https://inception-blue.com"
74.7.241.28 - - [19/Mar/2026:16:24:56 +0000] "GET /buy.php?detail/10100912353229 HTTP/1.1" 200 154243 "https://inception-blue.com/buy.php?detail/10100217774934" "Mozilla/5.0 AppleWebKit/537.36 (KHTML, like Gecko; compatible; GPTBot/1.3; +https://openai.com/gptbot)"
100.29.155.89 - - [19/Mar/2026:16:24:58 +0000] "GET /author/scott/?dir=/home/inceptionblue/public_html/wp-content/plugins/astra-addon/languages&read=/home/inceptionblue/public_html/wp-content/plugins/astra-addon/languages/astra-addon-es_ES.po HTTP/1.1" 200 293391 "-" "Mozilla/5.0 AppleWebKit/537.36 (KHTML, like Gecko; compatible; Amazonbot/0.1; +https://developer.amazon.com/support/amazonbot) Chrome/119.0.6045.214 Safari/537.36"
74.7.241.28 - - [19/Mar/2026:16:24:59 +0000] "GET /buy.php?170001335.htm HTTP/1.1" 200 143674 "https://inception-blue.com/buy.php?037000794.htm" "Mozilla/5.0 AppleWebKit/537.36 (KHTML, like Gecko; compatible; GPTBot/1.3; +https://openai.com/gptbot)"
3.221.222.168 - - [19/Mar/2026:16:25:02 +0000] "GET /author/scott/?dir=/home/inceptionblue/public_html/wp-content/plugins/wordpress-seo/images&read=/home/inceptionblue/public_html/wp-content/plugins/wordpress-seo/images/ai-generator-preview.png HTTP/1.1" 200 132972 "-" "Mozilla/5.0 AppleWebKit/537.36 (KHTML, like Gecko; compatible; Amazonbot/0.1; +https://developer.amazon.com/support/amazonbot) Chrome/119.0.6045.214 Safari/537.36"
74.7.241.28 - - [19/Mar/2026:16:25:02 +0000] "GET /buy.php?detail/01502086652394 HTTP/1.1" 200 155284 "https://inception-blue.com/buy.php?detail/01502085506287" "Mozilla/5.0 AppleWebKit/537.36 (KHTML, like Gecko; compatible; GPTBot/1.3; +https://openai.com/gptbot)"
74.7.241.28 - - [19/Mar/2026:16:25:05 +0000] "GET /buy.php?detail/14600773209351 HTTP/1.1" 200 157337 "https://inception-blue.com/buy.php?detail/22202959004236" "Mozilla/5.0 AppleWebKit/537.36 (KHTML, like Gecko; compatible; GPTBot/1.3; +https://openai.com/gptbot)"
54.167.32.123 - - [19/Mar/2026:16:25:08 +0000] "GET /author/scott/?dir=/home/inceptionblue/public_html/wp-content/plugins/wordpress-seo/src/conditionals&read=/home/inceptionblue/public_html/wp-content/plugins/wordpress-seo/src/conditionals/text-formality-conditional.php HTTP/1.1" 200 133504 "-" "Mozilla/5.0 AppleWebKit/537.36 (KHTML, like Gecko; compatible; Amazonbot/0.1; +https://developer.amazon.com/support/amazonbot) Chrome/119.0.6045.214 Safari/537.36"
74.7.241.28 - - [19/Mar/2026:16:25:08 +0000] "GET /buy.php?jp/146007732.html HTTP/1.1" 200 157271 "https://inception-blue.com/buy.php?detail/14600773209351" "Mozilla/5.0 AppleWebKit/537.36 (KHTML, like Gecko; compatible; GPTBot/1.3; +https://openai.com/gptbot)"
44.215.210.112 - - [19/Mar/2026:16:25:10 +0000] "GET /author/scott/?dir=/home/inceptionblue/tmp/webalizer&read=/home/inceptionblue/tmp/webalizer/daily_usage_202412.png HTTP/1.1" 200 132660 "-" "Mozilla/5.0 AppleWebKit/537.36 (KHTML, like Gecko; compatible; Amazonbot/0.1; +https://developer.amazon.com/support/amazonbot) Chrome/119.0.6045.214 Safari/537.36"
74.7.241.28 - - [19/Mar/2026:16:25:11 +0000] "GET /buy.php?222024667.htm HTTP/1.1" 200 152358 "https://inception-blue.com/buy.php?222047231.htm" "Mozilla/5.0 AppleWebKit/537.36 (KHTML, like Gecko; compatible; GPTBot/1.3; +https://openai.com/gptbot)"
34.205.170.13 - - [19/Mar/2026:16:25:14 +0000] "GET /author/scott/?dir=/home/inceptionblue/tmp/webalizer&read=/home/inceptionblue/tmp/webalizer/daily_usage_202506.png HTTP/1.1" 200 132660 "-" "Mozilla/5.0 AppleWebKit/537.36 (KHTML, like Gecko; compatible; Amazonbot/0.1; +https://developer.amazon.com/support/amazonbot) Chrome/119.0.6045.214 Safari/537.36"
74.7.241.28 - - [19/Mar/2026:16:25:15 +0000] "GET /buy.php?detail/25103017491378 HTTP/1.1" 200 167173 "https://inception-blue.com/buy.php?detail/09003566307090" "Mozilla/5.0 AppleWebKit/537.36 (KHTML, like Gecko; compatible; GPTBot/1.3; +https://openai.com/gptbot)"
52.71.216.196 - - [19/Mar/2026:16:25:18 +0000] "GET /author/scott/?dir=/home/inceptionblue/tmp/webalizer&read=/home/inceptionblue/tmp/webalizer/hourly_usage_202412.png HTTP/1.1" 200 132662 "-" "Mozilla/5.0 AppleWebKit/537.36 (KHTML, like Gecko; compatible; Amazonbot/0.1; +https://developer.amazon.com/support/amazonbot) Chrome/119.0.6045.214 Safari/537.36"
74.7.241.28 - - [19/Mar/2026:16:25:18 +0000] "GET /buy.php?detail/24402386183797 HTTP/1.1" 200 154746 "https://inception-blue.com/buy.php?detail/16203221306026" "Mozilla/5.0 AppleWebKit/537.36 (KHTML, like Gecko; compatible; GPTBot/1.3; +https://openai.com/gptbot)"
3.215.59.93 - - [19/Mar/2026:16:25:22 +0000] "GET /author/scott/?dir=/home/inceptionblue/public_html/wp-content/uploads/2024/04&read=/home/inceptionblue/public_html/wp-content/uploads/2024/04/cropped-INCEPTION-BLUE-LOGO-1.png HTTP/1.1" 200 132899 "-" "Mozilla/5.0 AppleWebKit/537.36 (KHTML, like Gecko; compatible; Amazonbot/0.1; +https://developer.amazon.com/support/amazonbot) Chrome/119.0.6045.214 Safari/537.36"
74.7.241.28 - - [19/Mar/2026:16:25:21 +0000] "GET /buy.php?detail/17701403295641 HTTP/1.1" 200 153502 "https://inception-blue.com/buy.php?detail/28203489283065" "Mozilla/5.0 AppleWebKit/537.36 (KHTML, like Gecko; compatible; GPTBot/1.3; +https://openai.com/gptbot)"
74.7.241.28 - - [19/Mar/2026:16:25:24 +0000] "GET /buy.php?detail/04200575046223 HTTP/1.1" 200 155314 "https://inception-blue.com/buy.php?042000561.htm" "Mozilla/5.0 AppleWebKit/537.36 (KHTML, like Gecko; compatible; GPTBot/1.3; +https://openai.com/gptbot)"
98.83.226.125 - - [19/Mar/2026:16:25:26 +0000] "GET /author/scott/?dir=/home/inceptionblue/public_html/wp-content/uploads/2024/04&read=/home/inceptionblue/public_html/wp-content/uploads/2024/04/55-1024x980.png HTTP/1.1" 200 132863 "-" "Mozilla/5.0 AppleWebKit/537.36 (KHTML, like Gecko; compatible; Amazonbot/0.1; +https://developer.amazon.com/support/amazonbot) Chrome/119.0.6045.214 Safari/537.36"
74.7.241.28 - - [19/Mar/2026:16:25:27 +0000] "GET /buy.php?detail/22804496994204 HTTP/1.1" 200 154038 "https://inception-blue.com/buy.php?goods/125022758" "Mozilla/5.0 AppleWebKit/537.36 (KHTML, like Gecko; compatible; GPTBot/1.3; +https://openai.com/gptbot)"
52.0.41.164 - - [19/Mar/2026:16:25:30 +0000] "GET /search/feed/rss2/?dir=/home/inceptionblue/public_html/wp-content/plugins/astra-sites/inc/lib/onboarding/assets/src/steps/onboarding-ai/hooks&read=/home/inceptionblue/public_html/wp-content/plugins/astra-sites/inc/lib/onboarding/assets/src/steps/onboarding-ai/hooks/use-popper.js HTTP/1.1" 200 15231 "-" "Mozilla/5.0 AppleWebKit/537.36 (KHTML, like Gecko; compatible; Amazonbot/0.1; +https://developer.amazon.com/support/amazonbot) Chrome/119.0.6045.214 Safari/537.36"
74.7.241.28 - - [19/Mar/2026:16:25:31 +0000] "GET /buy.php?detail/13803648450482 HTTP/1.1" 200 156747 "https://inception-blue.com/buy.php?detail/07201202801561" "Mozilla/5.0 AppleWebKit/537.36 (KHTML, like Gecko; compatible; GPTBot/1.3; +https://openai.com/gptbot)"
51.222.168.223 - - [19/Mar/2026:16:25:34 +0000] "GET /robots.txt HTTP/1.1" 200 98 "-" "Mozilla/5.0 (compatible; AhrefsBot/7.0; +http://ahrefs.com/robot/)"
3.94.157.25 - - [19/Mar/2026:16:25:34 +0000] "GET /logined/?dir=/home/inceptionblue/public_html/wp-includes/images&read=/home/inceptionblue/public_html/wp-includes/images/down_arrow-2x.gif HTTP/1.1" 200 129160 "-" "Mozilla/5.0 AppleWebKit/537.36 (KHTML, like Gecko; compatible; Amazonbot/0.1; +https://developer.amazon.com/support/amazonbot) Chrome/119.0.6045.214 Safari/537.36"
74.7.241.28 - - [19/Mar/2026:16:25:34 +0000] "GET /buy.php?goods/001046298 HTTP/1.1" 200 143834 "https://inception-blue.com/buy.php?detail/10100912353229" "Mozilla/5.0 AppleWebKit/537.36 (KHTML, like Gecko; compatible; GPTBot/1.3; +https://openai.com/gptbot)"
142.44.220.44 - - [19/Mar/2026:16:25:38 +0000] "GET /?sitemap754.xml HTTP/1.1" 200 13 "-" "Mozilla/5.0 (compatible; AhrefsBot/7.0; +http://ahrefs.com/robot/)"
74.7.241.28 - - [19/Mar/2026:16:25:37 +0000] "GET /buy.php?detail/12500446053870 HTTP/1.1" 200 158728 "https://inception-blue.com/buy.php?goods/125022758" "Mozilla/5.0 AppleWebKit/537.36 (KHTML, like Gecko; compatible; GPTBot/1.3; +https://openai.com/gptbot)"
159.223.142.74 - - [19/Mar/2026:16:25:39 +0000] "POST /wp-cron.php?doing_wp_cron=1773937539.4405269622802734375000 HTTP/1.1" 403 185483 "-" "WordPress/6.9.4; https://inception-blue.com"
3.230.224.6 - - [19/Mar/2026:16:25:38 +0000] "GET /logined/?dir=/home/inceptionblue/public_html/wp-includes/html-api&read=/home/inceptionblue/public_html/wp-includes/html-api/class-wp-html-doctype-info.php HTTP/1.1" 200 155752 "-" "Mozilla/5.0 AppleWebKit/537.36 (KHTML, like Gecko; compatible; Amazonbot/0.1; +https://developer.amazon.com/support/amazonbot) Chrome/119.0.6045.214 Safari/537.36"
34.204.150.196 - - [19/Mar/2026:16:25:42 +0000] "GET /logined/?dir=/home/inceptionblue/public_html/wp-includes/css&read=/home/inceptionblue/public_html/wp-includes/css/admin-bar.css HTTP/1.1" 200 154771 "-" "Mozilla/5.0 AppleWebKit/537.36 (KHTML, like Gecko; compatible; Amazonbot/0.1; +https://developer.amazon.com/support/amazonbot) Chrome/119.0.6045.214 Safari/537.36"
74.7.241.28 - - [19/Mar/2026:16:25:40 +0000] "GET /buy.php?detail/26602861477007 HTTP/1.1" 200 168069 "https://inception-blue.com/buy.php?goods/125022758" "Mozilla/5.0 AppleWebKit/537.36 (KHTML, like Gecko; compatible; GPTBot/1.3; +https://openai.com/gptbot)"
74.7.241.28 - - [19/Mar/2026:16:25:44 +0000] "GET /buy.php?detail/14601181080123 HTTP/1.1" 200 159220 "https://inception-blue.com/buy.php?jp/146007732.html" "Mozilla/5.0 AppleWebKit/537.36 (KHTML, like Gecko; compatible; GPTBot/1.3; +https://openai.com/gptbot)"
44.212.106.171 - - [19/Mar/2026:16:25:46 +0000] "GET /2024/04/01/hello-world/?dir=/home/inceptionblue/public_html/wp-includes&read=/home/inceptionblue/public_html/wp-includes/class-wp-fatal-error-handler.php HTTP/1.1" 200 147360 "-" "Mozilla/5.0 AppleWebKit/537.36 (KHTML, like Gecko; compatible; Amazonbot/0.1; +https://developer.amazon.com/support/amazonbot) Chrome/119.0.6045.214 Safari/537.36"
74.7.241.28 - - [19/Mar/2026:16:25:47 +0000] "GET /buy.php?detail/08703047322762 HTTP/1.1" 200 151372 "https://inception-blue.com/buy.php?170001335.htm" "Mozilla/5.0 AppleWebKit/537.36 (KHTML, like Gecko; compatible; GPTBot/1.3; +https://openai.com/gptbot)"
3.232.82.72 - - [19/Mar/2026:16:25:51 +0000] "GET /2024/04/01/hello-world/?dir=/home/inceptionblue/public_html/wp-includes&read=/home/inceptionblue/public_html/wp-includes/class-http.php HTTP/1.1" 200 139377 "-" "Mozilla/5.0 AppleWebKit/537.36 (KHTML, like Gecko; compatible; Amazonbot/0.1; +https://developer.amazon.com/support/amazonbot) Chrome/119.0.6045.214 Safari/537.36"
74.7.241.28 - - [19/Mar/2026:16:25:50 +0000] "GET /buy.php?detail/30004879700157 HTTP/1.1" 200 158445 "https://inception-blue.com/buy.php?detail/25103017491378" "Mozilla/5.0 AppleWebKit/537.36 (KHTML, like Gecko; compatible; GPTBot/1.3; +https://openai.com/gptbot)"
52.2.191.202 - - [19/Mar/2026:16:25:54 +0000] "GET /2024/04/01/hello-world/?dir=/home/inceptionblue/public_html/wp-content/themes/astra&read=/home/inceptionblue/public_html/wp-content/themes/astra/style.css HTTP/1.1" 200 143656 "-" "Mozilla/5.0 AppleWebKit/537.36 (KHTML, like Gecko; compatible; Amazonbot/0.1; +https://developer.amazon.com/support/amazonbot) Chrome/119.0.6045.214 Safari/537.36"
74.7.241.28 - - [19/Mar/2026:16:25:54 +0000] "GET /buy.php?detail/03903107498854 HTTP/1.1" 200 162645 "https://inception-blue.com/buy.php?detail/25103017491378" "Mozilla/5.0 AppleWebKit/537.36 (KHTML, like Gecko; compatible; GPTBot/1.3; +https://openai.com/gptbot)"
3.210.114.189 - - [19/Mar/2026:16:25:58 +0000] "GET /2024/04/01/hello-world/?dir=/home/inceptionblue/public_html/wp-content/themes/astra/inc/customizer/configurations&read=/home/inceptionblue/public_html/wp-content/themes/astra/inc/customizer/configurations/class-astra-customizer-config-base.php HTTP/1.1" 200 142119 "-" "Mozilla/5.0 AppleWebKit/537.36 (KHTML, like Gecko; compatible; Amazonbot/0.1; +https://developer.amazon.com/support/amazonbot) Chrome/119.0.6045.214 Safari/537.36"
74.7.241.28 - - [19/Mar/2026:16:25:57 +0000] "GET /buy.php?detail/17702434779495 HTTP/1.1" 200 155249 "https://inception-blue.com/buy.php?detail/17701403295641" "Mozilla/5.0 AppleWebKit/537.36 (KHTML, like Gecko; compatible; GPTBot/1.3; +https://openai.com/gptbot)"
74.7.241.28 - - [19/Mar/2026:16:26:00 +0000] "GET /buy.php?detail/00101116885289 HTTP/1.1" 200 162235 "https://inception-blue.com/buy.php?detail/04200575046223" "Mozilla/5.0 AppleWebKit/537.36 (KHTML, like Gecko; compatible; GPTBot/1.3; +https://openai.com/gptbot)"
74.7.241.28 - - [19/Mar/2026:16:26:03 +0000] "GET /buy.php?detail/04200588184224 HTTP/1.1" 200 156204 "https://inception-blue.com/buy.php?detail/04200575046223" "Mozilla/5.0 AppleWebKit/537.36 (KHTML, like Gecko; compatible; GPTBot/1.3; +https://openai.com/gptbot)"
54.184.192.203 - - [19/Mar/2026:16:26:08 +0000] "GET /wp-login.php HTTP/1.1" 200 84587 "-" "Mozilla/5.0 (Macintosh; Intel Mac OS X 10_10_5) AppleWebKit/537.36 (KHTML, like Gecko) Chrome/66.0.3359.181 Safari/537.36"
74.7.241.28 - - [19/Mar/2026:16:26:06 +0000] "GET /buy.php?detail/13000287367496 HTTP/1.1" 200 162936 "https://inception-blue.com/buy.php?detail/22804496994204" "Mozilla/5.0 AppleWebKit/537.36 (KHTML, like Gecko; compatible; GPTBot/1.3; +https://openai.com/gptbot)"
54.184.192.203 - - [19/Mar/2026:16:26:09 +0000] "POST /wp-login.php HTTP/1.1" 200 84836 "https://inception-blue.com/wp-login.php" "Mozilla/5.0 (Macintosh; Intel Mac OS X 10_10_5) AppleWebKit/537.36 (KHTML, like Gecko) Chrome/66.0.3359.181 Safari/537.36"
74.7.241.28 - - [19/Mar/2026:16:26:09 +0000] "GET /buy.php?detail/17800418143027 HTTP/1.1" 200 147089 "https://inception-blue.com/buy.php?detail/25103017491378" "Mozilla/5.0 AppleWebKit/537.36 (KHTML, like Gecko; compatible; GPTBot/1.3; +https://openai.com/gptbot)"
74.7.241.28 - - [19/Mar/2026:16:26:13 +0000] "GET /buy.php?detail/10100390740011 HTTP/1.1" 200 154125 "https://inception-blue.com/buy.php?detail/10100912353229" "Mozilla/5.0 AppleWebKit/537.36 (KHTML, like Gecko; compatible; GPTBot/1.3; +https://openai.com/gptbot)"
74.7.241.28 - - [19/Mar/2026:16:26:16 +0000] "GET /buy.php?detail/10200886525673 HTTP/1.1" 200 149649 "https://inception-blue.com/buy.php?detail/12500446053870" "Mozilla/5.0 AppleWebKit/537.36 (KHTML, like Gecko; compatible; GPTBot/1.3; +https://openai.com/gptbot)"
74.7.241.28 - - [19/Mar/2026:16:26:19 +0000] "GET /buy.php?detail/12900183222073 HTTP/1.1" 200 166339 "https://inception-blue.com/buy.php?detail/14601181080123" "Mozilla/5.0 AppleWebKit/537.36 (KHTML, like Gecko; compatible; GPTBot/1.3; +https://openai.com/gptbot)"
74.7.241.28 - - [19/Mar/2026:16:26:22 +0000] "GET /buy.php?detail/15704318593158 HTTP/1.1" 200 154580 "https://inception-blue.com/buy.php?detail/08703047322762" "Mozilla/5.0 AppleWebKit/537.36 (KHTML, like Gecko; compatible; GPTBot/1.3; +https://openai.com/gptbot)"
74.7.241.28 - - [19/Mar/2026:16:26:25 +0000] "GET /buy.php?detail/17702356341125 HTTP/1.1" 200 153145 "https://inception-blue.com/buy.php?detail/17701403295641" "Mozilla/5.0 AppleWebKit/537.36 (KHTML, like Gecko; compatible; GPTBot/1.3; +https://openai.com/gptbot)"
74.7.241.28 - - [19/Mar/2026:16:26:28 +0000] "GET /buy.php?detail/06101007399199 HTTP/1.1" 200 156475 "https://inception-blue.com/buy.php?detail/03903107498854" "Mozilla/5.0 AppleWebKit/537.36 (KHTML, like Gecko; compatible; GPTBot/1.3; +https://openai.com/gptbot)"
74.7.241.28 - - [19/Mar/2026:16:26:31 +0000] "GET /buy.php?detail/14601070044829 HTTP/1.1" 200 159750 "https://inception-blue.com/buy.php?detail/14601181080123" "Mozilla/5.0 AppleWebKit/537.36 (KHTML, like Gecko; compatible; GPTBot/1.3; +https://openai.com/gptbot)"
74.7.241.28 - - [19/Mar/2026:16:26:35 +0000] "GET /buy.php?detail/04202294218904 HTTP/1.1" 200 155027 "https://inception-blue.com/buy.php?detail/00101116885289" "Mozilla/5.0 AppleWebKit/537.36 (KHTML, like Gecko; compatible; GPTBot/1.3; +https://openai.com/gptbot)"
66.249.77.3 - - [19/Mar/2026:16:26:39 +0000] "GET /?y=jetoi275tgwaa45843kdwwogz HTTP/1.1" 200 311795 "-" "Mozilla/5.0 (Linux; Android 6.0.1; Nexus 5X Build/MMB29P) AppleWebKit/537.36 (KHTML, like Gecko) Chrome/145.0.7632.159 Mobile Safari/537.36 (compatible; Googlebot/2.1; +http://www.google.com/bot.html)"
74.7.241.28 - - [19/Mar/2026:16:26:38 +0000] "GET /buy.php?detail/21502981600313 HTTP/1.1" 200 153090 "https://inception-blue.com/buy.php?jp/146007732.html" "Mozilla/5.0 AppleWebKit/537.36 (KHTML, like Gecko; compatible; GPTBot/1.3; +https://openai.com/gptbot)"
74.7.241.28 - - [19/Mar/2026:16:26:41 +0000] "GET /buy.php?222030313.htm HTTP/1.1" 200 153605 "https://inception-blue.com/buy.php?222024667.htm" "Mozilla/5.0 AppleWebKit/537.36 (KHTML, like Gecko; compatible; GPTBot/1.3; +https://openai.com/gptbot)"
74.7.241.28 - - [19/Mar/2026:16:26:44 +0000] "GET /buy.php?detail/04200569873613 HTTP/1.1" 200 152800 "https://inception-blue.com/buy.php?detail/04200588184224" "Mozilla/5.0 AppleWebKit/537.36 (KHTML, like Gecko; compatible; GPTBot/1.3; +https://openai.com/gptbot)"
74.7.241.28 - - [19/Mar/2026:16:26:47 +0000] "GET /buy.php?detail/01104105806485 HTTP/1.1" 200 161497 "https://inception-blue.com/buy.php?detail/10100390740011" "Mozilla/5.0 AppleWebKit/537.36 (KHTML, like Gecko; compatible; GPTBot/1.3; +https://openai.com/gptbot)"
