74.7.241.28 - - [19/Mar/2026:16:26:50 +0000] "GET /buy.php?detail/29102484557301 HTTP/1.1" 200 156455 "https://inception-blue.com/buy.php?detail/25003720854082" "Mozilla/5.0 AppleWebKit/537.36 (KHTML, like Gecko; compatible; GPTBot/1.3; +https://openai.com/gptbot)"
74.7.241.28 - - [19/Mar/2026:16:26:54 +0000] "GET /buy.php?detail/12902920593662 HTTP/1.1" 200 158235 "https://inception-blue.com/buy.php?detail/12900183222073" "Mozilla/5.0 AppleWebKit/537.36 (KHTML, like Gecko; compatible; GPTBot/1.3; +https://openai.com/gptbot)"
74.7.241.28 - - [19/Mar/2026:16:26:57 +0000] "GET /buy.php?detail/18401833552137 HTTP/1.1" 200 157506 "https://inception-blue.com/buy.php?detail/15704318593158" "Mozilla/5.0 AppleWebKit/537.36 (KHTML, like Gecko; compatible; GPTBot/1.3; +https://openai.com/gptbot)"
74.7.241.28 - - [19/Mar/2026:16:27:00 +0000] "GET /buy.php?detail/17700360276769 HTTP/1.1" 200 154293 "https://inception-blue.com/buy.php?detail/17702356341125" "Mozilla/5.0 AppleWebKit/537.36 (KHTML, like Gecko; compatible; GPTBot/1.3; +https://openai.com/gptbot)"
74.7.241.28 - - [19/Mar/2026:16:27:04 +0000] "GET /buy.php?detail/12902992143688 HTTP/1.1" 200 166688 "https://inception-blue.com/buy.php?detail/12900183222073" "Mozilla/5.0 AppleWebKit/537.36 (KHTML, like Gecko; compatible; GPTBot/1.3; +https://openai.com/gptbot)"
74.7.241.28 - - [19/Mar/2026:16:27:07 +0000] "GET /buy.php?detail/29204559120993 HTTP/1.1" 200 156225 "https://inception-blue.com/buy.php?detail/14601070044829" "Mozilla/5.0 AppleWebKit/537.36 (KHTML, like Gecko; compatible; GPTBot/1.3; +https://openai.com/gptbot)"
74.7.241.28 - - [19/Mar/2026:16:27:10 +0000] "GET /buy.php?detail/04200711607073 HTTP/1.1" 200 157862 "https://inception-blue.com/buy.php?detail/04202294218904" "Mozilla/5.0 AppleWebKit/537.36 (KHTML, like Gecko; compatible; GPTBot/1.3; +https://openai.com/gptbot)"
74.7.241.28 - - [19/Mar/2026:16:27:13 +0000] "GET /buy.php?detail/12403260605824 HTTP/1.1" 200 155422 "https://inception-blue.com/buy.php?detail/04202294218904" "Mozilla/5.0 AppleWebKit/537.36 (KHTML, like Gecko; compatible; GPTBot/1.3; +https://openai.com/gptbot)"
74.7.241.28 - - [19/Mar/2026:16:27:16 +0000] "GET /buy.php?detail/06703336103137 HTTP/1.1" 200 153586 "https://inception-blue.com/buy.php?detail/14601070044829" "Mozilla/5.0 AppleWebKit/537.36 (KHTML, like Gecko; compatible; GPTBot/1.3; +https://openai.com/gptbot)"
74.7.241.28 - - [19/Mar/2026:16:27:19 +0000] "GET /buy.php?detail/04200587751224 HTTP/1.1" 200 152335 "https://inception-blue.com/buy.php?detail/04200569873613" "Mozilla/5.0 AppleWebKit/537.36 (KHTML, like Gecko; compatible; GPTBot/1.3; +https://openai.com/gptbot)"
74.7.241.28 - - [19/Mar/2026:16:27:22 +0000] "GET /buy.php?detail/25701364086250 HTTP/1.1" 200 164146 "https://inception-blue.com/buy.php?detail/04200569873613" "Mozilla/5.0 AppleWebKit/537.36 (KHTML, like Gecko; compatible; GPTBot/1.3; +https://openai.com/gptbot)"
74.7.241.28 - - [19/Mar/2026:16:27:25 +0000] "GET /buy.php?detail/21604584261384 HTTP/1.1" 200 161452 "https://inception-blue.com/buy.php?detail/29102484557301" "Mozilla/5.0 AppleWebKit/537.36 (KHTML, like Gecko; compatible; GPTBot/1.3; +https://openai.com/gptbot)"
74.7.241.28 - - [19/Mar/2026:16:27:29 +0000] "GET /buy.php?detail/13901613462387 HTTP/1.1" 200 155078 "https://inception-blue.com/buy.php?detail/12902920593662" "Mozilla/5.0 AppleWebKit/537.36 (KHTML, like Gecko; compatible; GPTBot/1.3; +https://openai.com/gptbot)"
74.7.241.28 - - [19/Mar/2026:16:27:32 +0000] "GET /buy.php?detail/21504828422553 HTTP/1.1" 200 156442 "https://inception-blue.com/buy.php?detail/12902920593662" "Mozilla/5.0 AppleWebKit/537.36 (KHTML, like Gecko; compatible; GPTBot/1.3; +https://openai.com/gptbot)"
74.7.241.28 - - [19/Mar/2026:16:27:35 +0000] "GET /buy.php?detail/03303243706488 HTTP/1.1" 200 146735 "https://inception-blue.com/buy.php?detail/17700360276769" "Mozilla/5.0 AppleWebKit/537.36 (KHTML, like Gecko; compatible; GPTBot/1.3; +https://openai.com/gptbot)"
74.7.241.28 - - [19/Mar/2026:16:27:38 +0000] "GET /buy.php?detail/03101236619327 HTTP/1.1" 200 165735 "https://inception-blue.com/buy.php?detail/12902992143688" "Mozilla/5.0 AppleWebKit/537.36 (KHTML, like Gecko; compatible; GPTBot/1.3; +https://openai.com/gptbot)"
74.7.241.28 - - [19/Mar/2026:16:27:41 +0000] "GET /buy.php?detail/25102903558348 HTTP/1.1" 200 160244 "https://inception-blue.com/buy.php?detail/12902992143688" "Mozilla/5.0 AppleWebKit/537.36 (KHTML, like Gecko; compatible; GPTBot/1.3; +https://openai.com/gptbot)"
74.7.241.28 - - [19/Mar/2026:16:27:44 +0000] "GET /buy.php?detail/29201785949728 HTTP/1.1" 200 157849 "https://inception-blue.com/buy.php?detail/29204559120993" "Mozilla/5.0 AppleWebKit/537.36 (KHTML, like Gecko; compatible; GPTBot/1.3; +https://openai.com/gptbot)"
74.7.241.28 - - [19/Mar/2026:16:27:48 +0000] "GET /buy.php?detail/12403119033935 HTTP/1.1" 200 159399 "https://inception-blue.com/buy.php?detail/12403260605824" "Mozilla/5.0 AppleWebKit/537.36 (KHTML, like Gecko; compatible; GPTBot/1.3; +https://openai.com/gptbot)"
74.7.241.28 - - [19/Mar/2026:16:27:51 +0000] "GET /buy.php?detail/12403115058142 HTTP/1.1" 200 166795 "https://inception-blue.com/buy.php?detail/12403260605824" "Mozilla/5.0 AppleWebKit/537.36 (KHTML, like Gecko; compatible; GPTBot/1.3; +https://openai.com/gptbot)"
74.7.241.28 - - [19/Mar/2026:16:27:54 +0000] "GET /buy.php?detail/07403609602576 HTTP/1.1" 200 157766 "https://inception-blue.com/buy.php?detail/04200587751224" "Mozilla/5.0 AppleWebKit/537.36 (KHTML, like Gecko; compatible; GPTBot/1.3; +https://openai.com/gptbot)"
74.7.241.28 - - [19/Mar/2026:16:27:57 +0000] "GET /buy.php?detail/15703103007930 HTTP/1.1" 200 158594 "https://inception-blue.com/buy.php?detail/25701364086250" "Mozilla/5.0 AppleWebKit/537.36 (KHTML, like Gecko; compatible; GPTBot/1.3; +https://openai.com/gptbot)"
74.7.241.28 - - [19/Mar/2026:16:28:01 +0000] "GET /buy.php?detail/08104043091720 HTTP/1.1" 200 153572 "https://inception-blue.com/buy.php?detail/25701364086250" "Mozilla/5.0 AppleWebKit/537.36 (KHTML, like Gecko; compatible; GPTBot/1.3; +https://openai.com/gptbot)"
74.7.241.28 - - [19/Mar/2026:16:28:04 +0000] "GET /buy.php?detail/25700316308082 HTTP/1.1" 200 162948 "https://inception-blue.com/buy.php?detail/25701364086250" "Mozilla/5.0 AppleWebKit/537.36 (KHTML, like Gecko; compatible; GPTBot/1.3; +https://openai.com/gptbot)"
74.7.241.28 - - [19/Mar/2026:16:28:07 +0000] "GET /buy.php?detail/21501555706036 HTTP/1.1" 200 154193 "https://inception-blue.com/buy.php?detail/21504828422553" "Mozilla/5.0 AppleWebKit/537.36 (KHTML, like Gecko; compatible; GPTBot/1.3; +https://openai.com/gptbot)"
74.7.241.28 - - [19/Mar/2026:16:28:11 +0000] "GET /buy.php?detail/18302872113949 HTTP/1.1" 200 147437 "https://inception-blue.com/buy.php?detail/03303243706488" "Mozilla/5.0 AppleWebKit/537.36 (KHTML, like Gecko; compatible; GPTBot/1.3; +https://openai.com/gptbot)"
74.7.241.28 - - [19/Mar/2026:16:28:14 +0000] "GET /buy.php?detail/19803989595133 HTTP/1.1" 200 153253 "https://inception-blue.com/buy.php?detail/03101236619327" "Mozilla/5.0 AppleWebKit/537.36 (KHTML, like Gecko; compatible; GPTBot/1.3; +https://openai.com/gptbot)"
74.7.241.28 - - [19/Mar/2026:16:28:17 +0000] "GET /buy.php?detail/28303039479389 HTTP/1.1" 200 156470 "https://inception-blue.com/buy.php?detail/25102903558348" "Mozilla/5.0 AppleWebKit/537.36 (KHTML, like Gecko; compatible; GPTBot/1.3; +https://openai.com/gptbot)"
74.7.241.28 - - [19/Mar/2026:16:28:20 +0000] "GET /buy.php?detail/25700197008935 HTTP/1.1" 200 161157 "https://inception-blue.com/buy.php?detail/25701364086250" "Mozilla/5.0 AppleWebKit/537.36 (KHTML, like Gecko; compatible; GPTBot/1.3; +https://openai.com/gptbot)"
74.7.241.28 - - [19/Mar/2026:16:28:23 +0000] "GET /buy.php?detail/12400449006036 HTTP/1.1" 200 155733 "https://inception-blue.com/buy.php?detail/12403119033935" "Mozilla/5.0 AppleWebKit/537.36 (KHTML, like Gecko; compatible; GPTBot/1.3; +https://openai.com/gptbot)"
74.7.241.28 - - [19/Mar/2026:16:28:26 +0000] "GET /buy.php?detail/16200366079455 HTTP/1.1" 200 153609 "https://inception-blue.com/buy.php?detail/12403115058142" "Mozilla/5.0 AppleWebKit/537.36 (KHTML, like Gecko; compatible; GPTBot/1.3; +https://openai.com/gptbot)"
74.7.241.28 - - [19/Mar/2026:16:28:29 +0000] "GET /buy.php?detail/12400452195643 HTTP/1.1" 200 155746 "https://inception-blue.com/buy.php?detail/12403119033935" "Mozilla/5.0 AppleWebKit/537.36 (KHTML, like Gecko; compatible; GPTBot/1.3; +https://openai.com/gptbot)"
74.7.241.28 - - [19/Mar/2026:16:28:33 +0000] "GET /buy.php?detail/14102995489744 HTTP/1.1" 200 156729 "https://inception-blue.com/buy.php?detail/12403115058142" "Mozilla/5.0 AppleWebKit/537.36 (KHTML, like Gecko; compatible; GPTBot/1.3; +https://openai.com/gptbot)"
159.223.142.74 - - [19/Mar/2026:16:28:37 +0000] "POST /wp-cron.php?doing_wp_cron=1773937717.0747740268707275390625 HTTP/1.1" 404 185483 "-" "WordPress/6.9.4; https://inception-blue.com"
198.57.247.170 - - [19/Mar/2026:16:28:36 +0000] "GET /wp-login.php HTTP/1.1" 200 84588 "-" "Mozilla/5.0 (Windows NT 6.3; WOW64; Trident/7.0; rv:11.0) like Gecko"
198.57.247.170 - - [19/Mar/2026:16:28:38 +0000] "POST /wp-login.php HTTP/1.1" 200 84837 "https://inception-blue.com/wp-login.php" "Mozilla/5.0 (Windows NT 6.3; WOW64; Trident/7.0; rv:11.0) like Gecko"
74.7.241.28 - - [19/Mar/2026:16:28:36 +0000] "GET /buy.php?detail/26300570046327 HTTP/1.1" 200 156649 "https://inception-blue.com/buy.php?detail/08104043091720" "Mozilla/5.0 AppleWebKit/537.36 (KHTML, like Gecko; compatible; GPTBot/1.3; +https://openai.com/gptbot)"
74.7.241.28 - - [19/Mar/2026:16:28:39 +0000] "GET /buy.php?detail/11300005659685 HTTP/1.1" 200 155317 "https://inception-blue.com/buy.php?detail/08104043091720" "Mozilla/5.0 AppleWebKit/537.36 (KHTML, like Gecko; compatible; GPTBot/1.3; +https://openai.com/gptbot)"
74.7.241.28 - - [19/Mar/2026:16:28:42 +0000] "GET /buy.php?detail/14503841390818 HTTP/1.1" 200 143406 "https://inception-blue.com/buy.php?detail/08104043091720" "Mozilla/5.0 AppleWebKit/537.36 (KHTML, like Gecko; compatible; GPTBot/1.3; +https://openai.com/gptbot)"
74.7.241.28 - - [19/Mar/2026:16:28:45 +0000] "GET /buy.php?detail/22604416648001 HTTP/1.1" 200 164160 "https://inception-blue.com/buy.php?detail/25700316308082" "Mozilla/5.0 AppleWebKit/537.36 (KHTML, like Gecko; compatible; GPTBot/1.3; +https://openai.com/gptbot)"
74.7.241.28 - - [19/Mar/2026:16:28:49 +0000] "GET /buy.php?detail/21501712733798 HTTP/1.1" 200 155179 "https://inception-blue.com/buy.php?detail/21504828422553" "Mozilla/5.0 AppleWebKit/537.36 (KHTML, like Gecko; compatible; GPTBot/1.3; +https://openai.com/gptbot)"
74.7.241.28 - - [19/Mar/2026:16:28:52 +0000] "GET /buy.php?detail/28100173104046 HTTP/1.1" 200 157652 "https://inception-blue.com/buy.php?detail/28303039479389" "Mozilla/5.0 AppleWebKit/537.36 (KHTML, like Gecko; compatible; GPTBot/1.3; +https://openai.com/gptbot)"
157.55.39.49 - - [19/Mar/2026:16:28:55 +0000] "GET /?products/22312675 HTTP/1.1" 200 13 "-" "Mozilla/5.0 AppleWebKit/537.36 (KHTML, like Gecko; compatible; bingbot/2.0; +http://www.bing.com/bingbot.htm) Chrome/116.0.1938.76 Safari/537.36"
74.7.241.28 - - [19/Mar/2026:16:28:55 +0000] "GET /buy.php?detail/01703046949631 HTTP/1.1" 200 158651 "https://inception-blue.com/buy.php?detail/25700197008935" "Mozilla/5.0 AppleWebKit/537.36 (KHTML, like Gecko; compatible; GPTBot/1.3; +https://openai.com/gptbot)"
103.154.176.224 - - [19/Mar/2026:16:28:59 +0000] "GET /wp-login.php HTTP/1.1" 200 84587 "-" "Mozilla/5.0 (Windows NT 10.0; WOW64; Trident/7.0; Touch; LCJB; rv:11.0) like Gecko"
74.7.241.28 - - [19/Mar/2026:16:28:58 +0000] "GET /buy.php?detail/19304537069362 HTTP/1.1" 200 157949 "https://inception-blue.com/buy.php?detail/12403260605824" "Mozilla/5.0 AppleWebKit/537.36 (KHTML, like Gecko; compatible; GPTBot/1.3; +https://openai.com/gptbot)"
103.154.176.224 - - [19/Mar/2026:16:29:00 +0000] "POST /wp-login.php HTTP/1.1" 200 84836 "https://inception-blue.com/wp-login.php" "Mozilla/5.0 (Windows NT 10.0; WOW64; Trident/7.0; Touch; LCJB; rv:11.0) like Gecko"
74.7.241.28 - - [19/Mar/2026:16:29:01 +0000] "GET /buy.php?detail/16202276218063 HTTP/1.1" 200 153175 "https://inception-blue.com/buy.php?detail/16200366079455" "Mozilla/5.0 AppleWebKit/537.36 (KHTML, like Gecko; compatible; GPTBot/1.3; +https://openai.com/gptbot)"
66.249.77.5 - - [19/Mar/2026:16:29:06 +0000] "GET /product/037038472 HTTP/1.1" 200 308879 "-" "Mozilla/5.0 (Linux; Android 6.0.1; Nexus 5X Build/MMB29P) AppleWebKit/537.36 (KHTML, like Gecko) Chrome/145.0.7632.159 Mobile Safari/537.36 (compatible; Googlebot/2.1; +http://www.google.com/bot.html)"
74.7.241.28 - - [19/Mar/2026:16:29:04 +0000] "GET /buy.php?detail/12404335033508 HTTP/1.1" 200 160515 "https://inception-blue.com/buy.php?detail/12400452195643" "Mozilla/5.0 AppleWebKit/537.36 (KHTML, like Gecko; compatible; GPTBot/1.3; +https://openai.com/gptbot)"
74.7.241.28 - - [19/Mar/2026:16:29:08 +0000] "GET /buy.php?detail/14100293908343 HTTP/1.1" 200 154149 "https://inception-blue.com/buy.php?detail/14102995489744" "Mozilla/5.0 AppleWebKit/537.36 (KHTML, like Gecko; compatible; GPTBot/1.3; +https://openai.com/gptbot)"
74.7.241.28 - - [19/Mar/2026:16:29:11 +0000] "GET /buy.php?222026203.htm HTTP/1.1" 200 153188 "https://inception-blue.com/buy.php?222030313.htm" "Mozilla/5.0 AppleWebKit/537.36 (KHTML, like Gecko; compatible; GPTBot/1.3; +https://openai.com/gptbot)"
74.7.241.28 - - [19/Mar/2026:16:29:14 +0000] "GET /buy.php?detail/02701543614987 HTTP/1.1" 200 169269 "https://inception-blue.com/buy.php?detail/12403260605824" "Mozilla/5.0 AppleWebKit/537.36 (KHTML, like Gecko; compatible; GPTBot/1.3; +https://openai.com/gptbot)"
74.7.241.28 - - [19/Mar/2026:16:29:17 +0000] "GET /buy.php?detail/22000888714433 HTTP/1.1" 200 153681 "https://inception-blue.com/buy.php?detail/14503841390818" "Mozilla/5.0 AppleWebKit/537.36 (KHTML, like Gecko; compatible; GPTBot/1.3; +https://openai.com/gptbot)"
74.7.241.28 - - [19/Mar/2026:16:29:20 +0000] "GET /buy.php?detail/22600394644415 HTTP/1.1" 200 152500 "https://inception-blue.com/buy.php?detail/22604416648001" "Mozilla/5.0 AppleWebKit/537.36 (KHTML, like Gecko; compatible; GPTBot/1.3; +https://openai.com/gptbot)"
74.7.241.28 - - [19/Mar/2026:16:29:23 +0000] "GET /buy.php?m85444329873 HTTP/1.1" 200 150728 "https://inception-blue.com/buy.php?detail/19803989595133" "Mozilla/5.0 AppleWebKit/537.36 (KHTML, like Gecko; compatible; GPTBot/1.3; +https://openai.com/gptbot)"
82.196.25.136 - - [19/Mar/2026:16:29:27 +0000] "GET /wp-login.php HTTP/1.1" 200 84588 "-" "Mozilla/5.0 (Windows NT 6.3; WOW64; Trident/7.0; rv:11.0) like Gecko"
74.7.241.28 - - [19/Mar/2026:16:29:26 +0000] "GET /buy.php?detail/28100032182778 HTTP/1.1" 200 162916 "https://inception-blue.com/buy.php?detail/28100173104046" "Mozilla/5.0 AppleWebKit/537.36 (KHTML, like Gecko; compatible; GPTBot/1.3; +https://openai.com/gptbot)"
82.196.25.136 - - [19/Mar/2026:16:29:28 +0000] "POST /wp-login.php HTTP/1.1" 200 84836 "https://inception-blue.com/wp-login.php" "Mozilla/5.0 (Windows NT 6.3; WOW64; Trident/7.0; rv:11.0) like Gecko"
74.7.241.28 - - [19/Mar/2026:16:29:30 +0000] "GET /buy.php?detail/28100055737971 HTTP/1.1" 200 158138 "https://inception-blue.com/buy.php?detail/28100173104046" "Mozilla/5.0 AppleWebKit/537.36 (KHTML, like Gecko; compatible; GPTBot/1.3; +https://openai.com/gptbot)"
74.7.241.28 - - [19/Mar/2026:16:29:33 +0000] "GET /buy.php?detail/20902395333444 HTTP/1.1" 200 151194 "https://inception-blue.com/buy.php?detail/19304537069362" "Mozilla/5.0 AppleWebKit/537.36 (KHTML, like Gecko; compatible; GPTBot/1.3; +https://openai.com/gptbot)"
74.7.241.28 - - [19/Mar/2026:16:29:36 +0000] "GET /buy.php?detail/16204254223615 HTTP/1.1" 200 152384 "https://inception-blue.com/buy.php?detail/16202276218063" "Mozilla/5.0 AppleWebKit/537.36 (KHTML, like Gecko; compatible; GPTBot/1.3; +https://openai.com/gptbot)"
74.7.241.28 - - [19/Mar/2026:16:29:39 +0000] "GET /buy.php?detail/05801939625935 HTTP/1.1" 200 153576 "https://inception-blue.com/buy.php?detail/19304537069362" "Mozilla/5.0 AppleWebKit/537.36 (KHTML, like Gecko; compatible; GPTBot/1.3; +https://openai.com/gptbot)"
74.7.241.28 - - [19/Mar/2026:16:29:42 +0000] "GET /buy.php?detail/17003412477192 HTTP/1.1" 200 150348 "https://inception-blue.com/buy.php?detail/12404335033508" "Mozilla/5.0 AppleWebKit/537.36 (KHTML, like Gecko; compatible; GPTBot/1.3; +https://openai.com/gptbot)"
74.7.241.28 - - [19/Mar/2026:16:29:45 +0000] "GET /buy.php?detail/19300618760133 HTTP/1.1" 200 174484 "https://inception-blue.com/buy.php?detail/19304537069362" "Mozilla/5.0 AppleWebKit/537.36 (KHTML, like Gecko; compatible; GPTBot/1.3; +https://openai.com/gptbot)"
74.7.241.28 - - [19/Mar/2026:16:29:48 +0000] "GET /buy.php?detail/02700472508001 HTTP/1.1" 200 155141 "https://inception-blue.com/buy.php?detail/02701543614987" "Mozilla/5.0 AppleWebKit/537.36 (KHTML, like Gecko; compatible; GPTBot/1.3; +https://openai.com/gptbot)"
74.7.241.28 - - [19/Mar/2026:16:29:52 +0000] "GET /buy.php?detail/17700364295837 HTTP/1.1" 200 153097 "https://inception-blue.com/buy.php?detail/17702356341125" "Mozilla/5.0 AppleWebKit/537.36 (KHTML, like Gecko; compatible; GPTBot/1.3; +https://openai.com/gptbot)"
74.7.241.28 - - [19/Mar/2026:16:29:55 +0000] "GET /buy.php?detail/25903260827142 HTTP/1.1" 200 157194 "https://inception-blue.com/buy.php?detail/01502086652394" "Mozilla/5.0 AppleWebKit/537.36 (KHTML, like Gecko; compatible; GPTBot/1.3; +https://openai.com/gptbot)"
74.7.241.28 - - [19/Mar/2026:16:29:58 +0000] "GET /buy.php?039000388.htm HTTP/1.1" 200 149026 "https://inception-blue.com/buy.php?m85444329873" "Mozilla/5.0 AppleWebKit/537.36 (KHTML, like Gecko; compatible; GPTBot/1.3; +https://openai.com/gptbot)"
74.7.241.28 - - [19/Mar/2026:16:30:01 +0000] "GET /buy.php?detail/13102499764581 HTTP/1.1" 200 159701 "https://inception-blue.com/buy.php?detail/13103979077199" "Mozilla/5.0 AppleWebKit/537.36 (KHTML, like Gecko; compatible; GPTBot/1.3; +https://openai.com/gptbot)"
74.7.241.28 - - [19/Mar/2026:16:30:04 +0000] "GET /buy.php?detail/18302274648405 HTTP/1.1" 200 159104 "https://inception-blue.com/buy.php?detail/17701403295641" "Mozilla/5.0 AppleWebKit/537.36 (KHTML, like Gecko; compatible; GPTBot/1.3; +https://openai.com/gptbot)"
74.7.241.28 - - [19/Mar/2026:16:30:07 +0000] "GET /buy.php?detail/18701230596336 HTTP/1.1" 200 155515 "https://inception-blue.com/buy.php?detail/13004601195576" "Mozilla/5.0 AppleWebKit/537.36 (KHTML, like Gecko; compatible; GPTBot/1.3; +https://openai.com/gptbot)"
74.7.241.28 - - [19/Mar/2026:16:30:10 +0000] "GET /buy.php?detail/26104611913418 HTTP/1.1" 200 155608 "https://inception-blue.com/buy.php?detail/16204254223615" "Mozilla/5.0 AppleWebKit/537.36 (KHTML, like Gecko; compatible; GPTBot/1.3; +https://openai.com/gptbot)"
74.7.241.28 - - [19/Mar/2026:16:30:14 +0000] "GET /buy.php?detail/14000928974477 HTTP/1.1" 200 145636 "https://inception-blue.com/buy.php?detail/05801939625935" "Mozilla/5.0 AppleWebKit/537.36 (KHTML, like Gecko; compatible; GPTBot/1.3; +https://openai.com/gptbot)"
74.7.241.28 - - [19/Mar/2026:16:30:17 +0000] "GET /buy.php?detail/17000189488864 HTTP/1.1" 200 161635 "https://inception-blue.com/buy.php?detail/17003412477192" "Mozilla/5.0 AppleWebKit/537.36 (KHTML, like Gecko; compatible; GPTBot/1.3; +https://openai.com/gptbot)"
74.7.241.28 - - [19/Mar/2026:16:30:20 +0000] "GET /buy.php?detail/17000275970050 HTTP/1.1" 200 153956 "https://inception-blue.com/buy.php?detail/17003412477192" "Mozilla/5.0 AppleWebKit/537.36 (KHTML, like Gecko; compatible; GPTBot/1.3; +https://openai.com/gptbot)"
74.7.241.28 - - [19/Mar/2026:16:30:24 +0000] "GET /buy.php?detail/01002989999607 HTTP/1.1" 200 155239 "https://inception-blue.com/buy.php?detail/17003412477192" "Mozilla/5.0 AppleWebKit/537.36 (KHTML, like Gecko; compatible; GPTBot/1.3; +https://openai.com/gptbot)"
74.7.241.28 - - [19/Mar/2026:16:30:27 +0000] "GET /buy.php?detail/16201249663625 HTTP/1.1" 200 155765 "https://inception-blue.com/buy.php?detail/16204254223615" "Mozilla/5.0 AppleWebKit/537.36 (KHTML, like Gecko; compatible; GPTBot/1.3; +https://openai.com/gptbot)"
74.7.241.28 - - [19/Mar/2026:16:30:30 +0000] "GET /buy.php?detail/12903995708784 HTTP/1.1" 200 154450 "https://inception-blue.com/buy.php?detail/02700472508001" "Mozilla/5.0 AppleWebKit/537.36 (KHTML, like Gecko; compatible; GPTBot/1.3; +https://openai.com/gptbot)"
74.7.241.28 - - [19/Mar/2026:16:30:33 +0000] "GET /buy.php?detail/23801007954924 HTTP/1.1" 200 170222 "https://inception-blue.com/buy.php?detail/13603011277437" "Mozilla/5.0 AppleWebKit/537.36 (KHTML, like Gecko; compatible; GPTBot/1.3; +https://openai.com/gptbot)"
74.7.241.28 - - [19/Mar/2026:16:30:36 +0000] "GET /buy.php?jp/131034748.html HTTP/1.1" 200 163416 "https://inception-blue.com/buy.php?detail/13102499764581" "Mozilla/5.0 AppleWebKit/537.36 (KHTML, like Gecko; compatible; GPTBot/1.3; +https://openai.com/gptbot)"
66.249.77.3 - - [19/Mar/2026:16:30:40 +0000] "GET /car-parts-diy-s170d-qq-e-16949d HTTP/1.1" 200 306875 "-" "Mozilla/5.0 (Linux; Android 6.0.1; Nexus 5X Build/MMB29P) AppleWebKit/537.36 (KHTML, like Gecko) Chrome/145.0.7632.159 Mobile Safari/537.36 (compatible; Googlebot/2.1; +http://www.google.com/bot.html)"
66.249.77.3 - - [19/Mar/2026:16:30:41 +0000] "GET /?goods/083032167 HTTP/1.1" 200 309419 "-" "Mozilla/5.0 (Linux; Android 6.0.1; Nexus 5X Build/MMB29P) AppleWebKit/537.36 (KHTML, like Gecko) Chrome/145.0.7632.159 Mobile Safari/537.36 (compatible; Googlebot/2.1; +http://www.google.com/bot.html)"
74.7.241.28 - - [19/Mar/2026:16:30:39 +0000] "GET /buy.php?detail/13103472776016 HTTP/1.1" 200 166557 "https://inception-blue.com/buy.php?detail/13102499764581" "Mozilla/5.0 AppleWebKit/537.36 (KHTML, like Gecko; compatible; GPTBot/1.3; +https://openai.com/gptbot)"
74.7.241.28 - - [19/Mar/2026:16:30:42 +0000] "GET /buy.php?detail/01101199041452 HTTP/1.1" 200 146391 "https://inception-blue.com/buy.php?detail/18701230596336" "Mozilla/5.0 AppleWebKit/537.36 (KHTML, like Gecko; compatible; GPTBot/1.3; +https://openai.com/gptbot)"
216.73.216.36 - - [19/Mar/2026:16:30:44 +0000] "GET /index.php/sitemap.xml HTTP/1.1" 200 312504 "-" "Mozilla/5.0 AppleWebKit/537.36 (KHTML, like Gecko; compatible; ClaudeBot/1.0; +claudebot@anthropic.com)"
74.7.241.28 - - [19/Mar/2026:16:30:45 +0000] "GET /buy.php?detail/18700736963399 HTTP/1.1" 200 153167 "https://inception-blue.com/buy.php?detail/18701230596336" "Mozilla/5.0 AppleWebKit/537.36 (KHTML, like Gecko; compatible; GPTBot/1.3; +https://openai.com/gptbot)"
74.7.241.28 - - [19/Mar/2026:16:30:49 +0000] "GET /buy.php?m59622388877 HTTP/1.1" 200 160890 "https://inception-blue.com/buy.php?detail/26104611913418" "Mozilla/5.0 AppleWebKit/537.36 (KHTML, like Gecko; compatible; GPTBot/1.3; +https://openai.com/gptbot)"
74.7.241.28 - - [19/Mar/2026:16:30:52 +0000] "GET /buy.php?detail/17000056195886 HTTP/1.1" 200 153434 "https://inception-blue.com/buy.php?detail/17000189488864" "Mozilla/5.0 AppleWebKit/537.36 (KHTML, like Gecko; compatible; GPTBot/1.3; +https://openai.com/gptbot)"
74.7.241.28 - - [19/Mar/2026:16:30:55 +0000] "GET /buy.php?detail/05801123726372 HTTP/1.1" 200 147430 "https://inception-blue.com/buy.php?detail/17000275970050" "Mozilla/5.0 AppleWebKit/537.36 (KHTML, like Gecko; compatible; GPTBot/1.3; +https://openai.com/gptbot)"
74.7.241.28 - - [19/Mar/2026:16:30:58 +0000] "GET /buy.php?detail/21802532972818 HTTP/1.1" 200 159965 "https://inception-blue.com/buy.php?detail/01002989999607" "Mozilla/5.0 AppleWebKit/537.36 (KHTML, like Gecko; compatible; GPTBot/1.3; +https://openai.com/gptbot)"
74.7.241.28 - - [19/Mar/2026:16:31:01 +0000] "GET /buy.php?detail/26301208599210 HTTP/1.1" 200 153096 "https://inception-blue.com/buy.php?detail/17000275970050" "Mozilla/5.0 AppleWebKit/537.36 (KHTML, like Gecko; compatible; GPTBot/1.3; +https://openai.com/gptbot)"
74.7.241.28 - - [19/Mar/2026:16:31:04 +0000] "GET /buy.php?detail/11600799462315 HTTP/1.1" 200 153365 "https://inception-blue.com/buy.php?detail/11601152809375" "Mozilla/5.0 AppleWebKit/537.36 (KHTML, like Gecko; compatible; GPTBot/1.3; +https://openai.com/gptbot)"
74.7.241.28 - - [19/Mar/2026:16:31:08 +0000] "GET /buy.php?detail/23800827439824 HTTP/1.1" 200 153865 "https://inception-blue.com/buy.php?detail/23801007954924" "Mozilla/5.0 AppleWebKit/537.36 (KHTML, like Gecko; compatible; GPTBot/1.3; +https://openai.com/gptbot)"
74.7.241.28 - - [19/Mar/2026:16:31:11 +0000] "GET /buy.php?detail/18804956172298 HTTP/1.1" 200 148337 "https://inception-blue.com/buy.php?detail/01001687462288" "Mozilla/5.0 AppleWebKit/537.36 (KHTML, like Gecko; compatible; GPTBot/1.3; +https://openai.com/gptbot)"
74.7.241.28 - - [19/Mar/2026:16:31:14 +0000] "GET /buy.php?detail/22403941710099 HTTP/1.1" 200 154615 "https://inception-blue.com/buy.php?detail/13103472776016" "Mozilla/5.0 AppleWebKit/537.36 (KHTML, like Gecko; compatible; GPTBot/1.3; +https://openai.com/gptbot)"
66.249.77.4 - - [19/Mar/2026:16:31:18 +0000] "GET /?goods/145027182 HTTP/1.1" 200 343412 "-" "Mozilla/5.0 (Linux; Android 6.0.1; Nexus 5X Build/MMB29P) AppleWebKit/537.36 (KHTML, like Gecko) Chrome/145.0.7632.159 Mobile Safari/537.36 (compatible; Googlebot/2.1; +http://www.google.com/bot.html)"
74.7.241.28 - - [19/Mar/2026:16:31:17 +0000] "GET /buy.php?detail/04904269088773 HTTP/1.1" 200 160551 "https://inception-blue.com/buy.php?detail/01101199041452" "Mozilla/5.0 AppleWebKit/537.36 (KHTML, like Gecko; compatible; GPTBot/1.3; +https://openai.com/gptbot)"
74.7.241.28 - - [19/Mar/2026:16:31:20 +0000] "GET /buy.php?detail/24702997425070 HTTP/1.1" 200 152004 "https://inception-blue.com/buy.php?detail/01101199041452" "Mozilla/5.0 AppleWebKit/537.36 (KHTML, like Gecko; compatible; GPTBot/1.3; +https://openai.com/gptbot)"
74.7.241.28 - - [19/Mar/2026:16:31:23 +0000] "GET /buy.php?shopbrand/laughter/096009292.htm HTTP/1.1" 200 154215 "https://inception-blue.com/buy.php?m59622388877" "Mozilla/5.0 AppleWebKit/537.36 (KHTML, like Gecko; compatible; GPTBot/1.3; +https://openai.com/gptbot)"
74.7.241.28 - - [19/Mar/2026:16:31:26 +0000] "GET /buy.php?detail/25002959478783 HTTP/1.1" 200 145876 "https://inception-blue.com/buy.php?detail/17000056195886" "Mozilla/5.0 AppleWebKit/537.36 (KHTML, like Gecko; compatible; GPTBot/1.3; +https://openai.com/gptbot)"
74.7.241.28 - - [19/Mar/2026:16:31:29 +0000] "GET /buy.php?detail/04902300949604 HTTP/1.1" 200 146959 "https://inception-blue.com/buy.php?detail/05801123726372" "Mozilla/5.0 AppleWebKit/537.36 (KHTML, like Gecko; compatible; GPTBot/1.3; +https://openai.com/gptbot)"
74.7.241.28 - - [19/Mar/2026:16:31:32 +0000] "GET /buy.php?detail/08300225168816 HTTP/1.1" 200 144208 "https://inception-blue.com/buy.php?detail/21802532972818" "Mozilla/5.0 AppleWebKit/537.36 (KHTML, like Gecko; compatible; GPTBot/1.3; +https://openai.com/gptbot)"
74.7.241.28 - - [19/Mar/2026:16:31:36 +0000] "GET /buy.php?detail/16302292020592 HTTP/1.1" 200 143675 "https://inception-blue.com/buy.php?detail/18700736963399" "Mozilla/5.0 AppleWebKit/537.36 (KHTML, like Gecko; compatible; GPTBot/1.3; +https://openai.com/gptbot)"
74.7.241.28 - - [19/Mar/2026:16:31:39 +0000] "GET /buy.php?detail/25700449326040 HTTP/1.1" 200 151549 "https://inception-blue.com/buy.php?detail/05801123726372" "Mozilla/5.0 AppleWebKit/537.36 (KHTML, like Gecko; compatible; GPTBot/1.3; +https://openai.com/gptbot)"
74.7.241.28 - - [19/Mar/2026:16:31:42 +0000] "GET /buy.php?detail/00800876433898 HTTP/1.1" 200 154187 "https://inception-blue.com/buy.php?detail/21802532972818" "Mozilla/5.0 AppleWebKit/537.36 (KHTML, like Gecko; compatible; GPTBot/1.3; +https://openai.com/gptbot)"
74.7.241.28 - - [19/Mar/2026:16:31:45 +0000] "GET /buy.php?detail/13002536188031 HTTP/1.1" 200 157517 "https://inception-blue.com/buy.php?detail/01101199041452" "Mozilla/5.0 AppleWebKit/537.36 (KHTML, like Gecko; compatible; GPTBot/1.3; +https://openai.com/gptbot)"
74.7.241.28 - - [19/Mar/2026:16:31:48 +0000] "GET /buy.php?detail/11600465020698 HTTP/1.1" 200 153148 "https://inception-blue.com/buy.php?detail/11600799462315" "Mozilla/5.0 AppleWebKit/537.36 (KHTML, like Gecko; compatible; GPTBot/1.3; +https://openai.com/gptbot)"
74.7.241.28 - - [19/Mar/2026:16:31:52 +0000] "GET /buy.php?detail/04900666369354 HTTP/1.1" 200 155348 "https://inception-blue.com/buy.php?detail/04904269088773" "Mozilla/5.0 AppleWebKit/537.36 (KHTML, like Gecko; compatible; GPTBot/1.3; +https://openai.com/gptbot)"
74.7.241.28 - - [19/Mar/2026:16:31:55 +0000] "GET /buy.php?jp/261031912.html HTTP/1.1" 200 151955 "https://inception-blue.com/buy.php?detail/24702997425070" "Mozilla/5.0 AppleWebKit/537.36 (KHTML, like Gecko; compatible; GPTBot/1.3; +https://openai.com/gptbot)"
74.7.241.28 - - [19/Mar/2026:16:31:58 +0000] "GET /buy.php?detail/22802424048350 HTTP/1.1" 200 153643 "https://inception-blue.com/buy.php?detail/24702997425070" "Mozilla/5.0 AppleWebKit/537.36 (KHTML, like Gecko; compatible; GPTBot/1.3; +https://openai.com/gptbot)"
74.7.241.28 - - [19/Mar/2026:16:32:01 +0000] "GET /buy.php?detail/2020286665193 HTTP/1.1" 200 156473 "https://inception-blue.com/buy.php?detail/25002959478783" "Mozilla/5.0 AppleWebKit/537.36 (KHTML, like Gecko; compatible; GPTBot/1.3; +https://openai.com/gptbot)"
74.7.241.28 - - [19/Mar/2026:16:32:04 +0000] "GET /buy.php?detail/12801138270265 HTTP/1.1" 200 145903 "https://inception-blue.com/buy.php?detail/21802532972818" "Mozilla/5.0 AppleWebKit/537.36 (KHTML, like Gecko; compatible; GPTBot/1.3; +https://openai.com/gptbot)"
74.7.241.28 - - [19/Mar/2026:16:32:07 +0000] "GET /buy.php?detail/16903194520469 HTTP/1.1" 200 158109 "https://inception-blue.com/buy.php?detail/08300225168816" "Mozilla/5.0 AppleWebKit/537.36 (KHTML, like Gecko; compatible; GPTBot/1.3; +https://openai.com/gptbot)"
74.7.241.28 - - [19/Mar/2026:16:32:11 +0000] "GET /buy.php?detail/16300055652074 HTTP/1.1" 200 146492 "https://inception-blue.com/buy.php?detail/16302292020592" "Mozilla/5.0 AppleWebKit/537.36 (KHTML, like Gecko; compatible; GPTBot/1.3; +https://openai.com/gptbot)"
74.7.241.28 - - [19/Mar/2026:16:32:14 +0000] "GET /buy.php?detail/18901255292899 HTTP/1.1" 200 157168 "https://inception-blue.com/buy.php?detail/08300225168816" "Mozilla/5.0 AppleWebKit/537.36 (KHTML, like Gecko; compatible; GPTBot/1.3; +https://openai.com/gptbot)"
74.7.241.28 - - [19/Mar/2026:16:32:17 +0000] "GET /buy.php?detail/15203749986583 HTTP/1.1" 200 152266 "https://inception-blue.com/buy.php?detail/23800827439824" "Mozilla/5.0 AppleWebKit/537.36 (KHTML, like Gecko; compatible; GPTBot/1.3; +https://openai.com/gptbot)"
74.7.241.28 - - [19/Mar/2026:16:32:20 +0000] "GET /buy.php?jp/130025191.html HTTP/1.1" 200 169903 "https://inception-blue.com/buy.php?detail/13002536188031" "Mozilla/5.0 AppleWebKit/537.36 (KHTML, like Gecko; compatible; GPTBot/1.3; +https://openai.com/gptbot)"
74.7.241.28 - - [19/Mar/2026:16:32:23 +0000] "GET /buy.php?detail/04102462196261 HTTP/1.1" 200 155312 "https://inception-blue.com/buy.php?detail/13002536188031" "Mozilla/5.0 AppleWebKit/537.36 (KHTML, like Gecko; compatible; GPTBot/1.3; +https://openai.com/gptbot)"
74.7.241.28 - - [19/Mar/2026:16:32:26 +0000] "GET /buy.php?m22088865091 HTTP/1.1" 200 153118 "https://inception-blue.com/buy.php?detail/23800827439824" "Mozilla/5.0 AppleWebKit/537.36 (KHTML, like Gecko; compatible; GPTBot/1.3; +https://openai.com/gptbot)"
74.7.241.28 - - [19/Mar/2026:16:32:30 +0000] "GET /buy.php?m34769998066 HTTP/1.1" 200 157400 "https://inception-blue.com/buy.php?detail/22403941710099" "Mozilla/5.0 AppleWebKit/537.36 (KHTML, like Gecko; compatible; GPTBot/1.3; +https://openai.com/gptbot)"
74.7.241.28 - - [19/Mar/2026:16:32:33 +0000] "GET /buy.php?detail/22801375099213 HTTP/1.1" 200 166224 "https://inception-blue.com/buy.php?detail/22802424048350" "Mozilla/5.0 AppleWebKit/537.36 (KHTML, like Gecko; compatible; GPTBot/1.3; +https://openai.com/gptbot)"
74.7.241.28 - - [19/Mar/2026:16:32:36 +0000] "GET /buy.php?096000063.htm HTTP/1.1" 200 161070 "https://inception-blue.com/buy.php?m59622388877" "Mozilla/5.0 AppleWebKit/537.36 (KHTML, like Gecko; compatible; GPTBot/1.3; +https://openai.com/gptbot)"
74.7.241.28 - - [19/Mar/2026:16:32:39 +0000] "GET /buy.php?detail/25300486984276 HTTP/1.1" 200 159000 "https://inception-blue.com/buy.php?detail/28200451024900" "Mozilla/5.0 AppleWebKit/537.36 (KHTML, like Gecko; compatible; GPTBot/1.3; +https://openai.com/gptbot)"
66.249.77.4 - - [19/Mar/2026:16:32:42 +0000] "GET /?m=ozxpa38qad18398szopmsuzl HTTP/1.1" 200 309843 "-" "Mozilla/5.0 (Linux; Android 6.0.1; Nexus 5X Build/MMB29P) AppleWebKit/537.36 (KHTML, like Gecko) Chrome/145.0.7632.159 Mobile Safari/537.36 (compatible; Googlebot/2.1; +http://www.google.com/bot.html)"
74.7.241.28 - - [19/Mar/2026:16:32:42 +0000] "GET /buy.php?detail/25802416431998 HTTP/1.1" 200 145936 "https://inception-blue.com/buy.php?detail/02700627432473" "Mozilla/5.0 AppleWebKit/537.36 (KHTML, like Gecko; compatible; GPTBot/1.3; +https://openai.com/gptbot)"
74.7.241.28 - - [19/Mar/2026:16:32:45 +0000] "GET /buy.php?detail/27803249016592 HTTP/1.1" 200 165816 "https://inception-blue.com/buy.php?detail/11103868342994" "Mozilla/5.0 AppleWebKit/537.36 (KHTML, like Gecko; compatible; GPTBot/1.3; +https://openai.com/gptbot)"
74.7.241.28 - - [19/Mar/2026:16:32:48 +0000] "GET /buy.php?detail/10203278014967 HTTP/1.1" 200 144246 "https://inception-blue.com/buy.php?059000896.htm" "Mozilla/5.0 AppleWebKit/537.36 (KHTML, like Gecko; compatible; GPTBot/1.3; +https://openai.com/gptbot)"
74.7.241.28 - - [19/Mar/2026:16:32:52 +0000] "GET /buy.php?detail/15200069466701 HTTP/1.1" 200 157073 "https://inception-blue.com/buy.php?detail/15203749986583" "Mozilla/5.0 AppleWebKit/537.36 (KHTML, like Gecko; compatible; GPTBot/1.3; +https://openai.com/gptbot)"
74.7.241.28 - - [19/Mar/2026:16:32:55 +0000] "GET /buy.php?detail/13700654142088 HTTP/1.1" 200 146847 "https://inception-blue.com/buy.php?detail/03002793112512" "Mozilla/5.0 AppleWebKit/537.36 (KHTML, like Gecko; compatible; GPTBot/1.3; +https://openai.com/gptbot)"
66.249.77.4 - - [19/Mar/2026:16:32:58 +0000] "GET /?t=tcnb131uadw47295vdlrfvmhi HTTP/1.1" 200 319585 "-" "Mozilla/5.0 (Linux; Android 6.0.1; Nexus 5X Build/MMB29P) AppleWebKit/537.36 (KHTML, like Gecko) Chrome/145.0.7632.159 Mobile Safari/537.36 (compatible; Googlebot/2.1; +http://www.google.com/bot.html)"
74.7.241.28 - - [19/Mar/2026:16:32:58 +0000] "GET /buy.php?detail/20703071437075 HTTP/1.1" 200 156478 "https://inception-blue.com/buy.php?detail/04102462196261" "Mozilla/5.0 AppleWebKit/537.36 (KHTML, like Gecko; compatible; GPTBot/1.3; +https://openai.com/gptbot)"
74.7.241.28 - - [19/Mar/2026:16:33:01 +0000] "GET /buy.php?detail/01102470955935 HTTP/1.1" 200 155875 "https://inception-blue.com/buy.php?detail/04102462196261" "Mozilla/5.0 AppleWebKit/537.36 (KHTML, like Gecko; compatible; GPTBot/1.3; +https://openai.com/gptbot)"
74.7.241.28 - - [19/Mar/2026:16:33:04 +0000] "GET /buy.php?014000295.htm HTTP/1.1" 200 168021 "https://inception-blue.com/buy.php?m34769998066" "Mozilla/5.0 AppleWebKit/537.36 (KHTML, like Gecko; compatible; GPTBot/1.3; +https://openai.com/gptbot)"
74.7.241.28 - - [19/Mar/2026:16:33:08 +0000] "GET /buy.php?057000366.htm HTTP/1.1" 200 153193 "https://inception-blue.com/buy.php?m22088865091" "Mozilla/5.0 AppleWebKit/537.36 (KHTML, like Gecko; compatible; GPTBot/1.3; +https://openai.com/gptbot)"
74.7.241.28 - - [19/Mar/2026:16:33:11 +0000] "GET /buy.php?detail/24002153396708 HTTP/1.1" 200 167979 "https://inception-blue.com/buy.php?detail/24002730342556" "Mozilla/5.0 AppleWebKit/537.36 (KHTML, like Gecko; compatible; GPTBot/1.3; +https://openai.com/gptbot)"
74.7.241.28 - - [19/Mar/2026:16:33:14 +0000] "GET /buy.php?detail/05001398718432 HTTP/1.1" 200 154976 "https://inception-blue.com/buy.php?detail/11400412366893" "Mozilla/5.0 AppleWebKit/537.36 (KHTML, like Gecko; compatible; GPTBot/1.3; +https://openai.com/gptbot)"
74.7.241.28 - - [19/Mar/2026:16:33:17 +0000] "GET /buy.php?detail/26801896740033 HTTP/1.1" 200 143450 "https://inception-blue.com/buy.php?detail/097006509499" "Mozilla/5.0 AppleWebKit/537.36 (KHTML, like Gecko; compatible; GPTBot/1.3; +https://openai.com/gptbot)"
74.7.241.28 - - [19/Mar/2026:16:33:20 +0000] "GET /buy.php?detail/14900902892967 HTTP/1.1" 200 163843 "https://inception-blue.com/buy.php?detail/27803249016592" "Mozilla/5.0 AppleWebKit/537.36 (KHTML, like Gecko; compatible; GPTBot/1.3; +https://openai.com/gptbot)"
74.7.241.28 - - [19/Mar/2026:16:33:23 +0000] "GET /buy.php?detail/07102218135404 HTTP/1.1" 200 153556 "https://inception-blue.com/buy.php?detail/27803249016592" "Mozilla/5.0 AppleWebKit/537.36 (KHTML, like Gecko; compatible; GPTBot/1.3; +https://openai.com/gptbot)"
74.7.241.28 - - [19/Mar/2026:16:33:27 +0000] "GET /buy.php?detail/27201613931423 HTTP/1.1" 200 154321 "https://inception-blue.com/buy.php?detail/27803249016592" "Mozilla/5.0 AppleWebKit/537.36 (KHTML, like Gecko; compatible; GPTBot/1.3; +https://openai.com/gptbot)"
74.7.241.28 - - [19/Mar/2026:16:33:30 +0000] "GET /buy.php?detail/23300168896544 HTTP/1.1" 200 151960 "https://inception-blue.com/buy.php?detail/15200069466701" "Mozilla/5.0 AppleWebKit/537.36 (KHTML, like Gecko; compatible; GPTBot/1.3; +https://openai.com/gptbot)"
74.7.241.28 - - [19/Mar/2026:16:33:33 +0000] "GET /buy.php?detail/05203287698453 HTTP/1.1" 200 152975 "https://inception-blue.com/buy.php?detail/21701672665895" "Mozilla/5.0 AppleWebKit/537.36 (KHTML, like Gecko; compatible; GPTBot/1.3; +https://openai.com/gptbot)"
74.7.241.28 - - [19/Mar/2026:16:33:36 +0000] "GET /buy.php?detail/03204445406589 HTTP/1.1" 200 157368 "https://inception-blue.com/buy.php?detail/01102470955935" "Mozilla/5.0 AppleWebKit/537.36 (KHTML, like Gecko; compatible; GPTBot/1.3; +https://openai.com/gptbot)"
74.7.241.28 - - [19/Mar/2026:16:33:39 +0000] "GET /buy.php?detail/01401041141433 HTTP/1.1" 200 154732 "https://inception-blue.com/buy.php?014000295.htm" "Mozilla/5.0 AppleWebKit/537.36 (KHTML, like Gecko; compatible; GPTBot/1.3; +https://openai.com/gptbot)"
74.7.241.28 - - [19/Mar/2026:16:33:42 +0000] "GET /buy.php?detail/22300484127536 HTTP/1.1" 200 161386 "https://inception-blue.com/buy.php?detail/25103458525285" "Mozilla/5.0 AppleWebKit/537.36 (KHTML, like Gecko; compatible; GPTBot/1.3; +https://openai.com/gptbot)"
74.7.241.28 - - [19/Mar/2026:16:33:46 +0000] "GET /buy.php?detail/24002388084734 HTTP/1.1" 200 158538 "https://inception-blue.com/buy.php?detail/24002153396708" "Mozilla/5.0 AppleWebKit/537.36 (KHTML, like Gecko; compatible; GPTBot/1.3; +https://openai.com/gptbot)"
74.7.241.28 - - [19/Mar/2026:16:33:49 +0000] "GET /buy.php?detail/24002386978980 HTTP/1.1" 200 165100 "https://inception-blue.com/buy.php?detail/24002153396708" "Mozilla/5.0 AppleWebKit/537.36 (KHTML, like Gecko; compatible; GPTBot/1.3; +https://openai.com/gptbot)"
74.7.241.28 - - [19/Mar/2026:16:33:52 +0000] "GET /buy.php?detail/29000583354111 HTTP/1.1" 200 148576 "https://inception-blue.com/buy.php?detail/26801896740033" "Mozilla/5.0 AppleWebKit/537.36 (KHTML, like Gecko; compatible; GPTBot/1.3; +https://openai.com/gptbot)"
74.7.241.28 - - [19/Mar/2026:16:33:55 +0000] "GET /buy.php?m54721119499 HTTP/1.1" 200 148838 "https://inception-blue.com/buy.php?detail/24002153396708" "Mozilla/5.0 AppleWebKit/537.36 (KHTML, like Gecko; compatible; GPTBot/1.3; +https://openai.com/gptbot)"
74.7.241.28 - - [19/Mar/2026:16:33:58 +0000] "GET /buy.php?detail/07100176401417 HTTP/1.1" 200 158980 "https://inception-blue.com/buy.php?detail/07102218135404" "Mozilla/5.0 AppleWebKit/537.36 (KHTML, like Gecko; compatible; GPTBot/1.3; +https://openai.com/gptbot)"
74.7.241.28 - - [19/Mar/2026:16:34:01 +0000] "GET /buy.php?detail/12801873465323 HTTP/1.1" 200 168383 "https://inception-blue.com/buy.php?detail/12803248230678" "Mozilla/5.0 AppleWebKit/537.36 (KHTML, like Gecko; compatible; GPTBot/1.3; +https://openai.com/gptbot)"
159.223.142.74 - - [19/Mar/2026:16:34:04 +0000] "POST /wp-cron.php?doing_wp_cron=1773938044.0469300746917724609375 HTTP/1.1" 403 185482 "-" "WordPress/6.9.4; https://inception-blue.com"
160.16.114.120 - - [19/Mar/2026:16:34:03 +0000] "GET /wp-login.php HTTP/1.1" 200 84587 "-" "Mozilla/5.0 (Windows NT 10.0; Win64; x64) AppleWebKit/537.36 (KHTML, like Gecko) Chrome/65.0.3325.181 Safari/537.36 OPR/52.0.2871.64"
135.236.141.99 - - [19/Mar/2026:16:34:05 +0000] "GET /wp-login.php HTTP/1.1" 200 84587 "-" "Mozilla/5.0 (Windows NT 10.0; Win64; x64; Trident/7.0; rv:11.0) like Gecko"
66.249.77.4 - - [19/Mar/2026:16:34:06 +0000] "GET /74872972 HTTP/1.1" 200 328023 "-" "Mozilla/5.0 (Linux; Android 6.0.1; Nexus 5X Build/MMB29P) AppleWebKit/537.36 (KHTML, like Gecko) Chrome/145.0.7632.159 Mobile Safari/537.36 (compatible; Googlebot/2.1; +http://www.google.com/bot.html)"
160.16.114.120 - - [19/Mar/2026:16:34:06 +0000] "POST /wp-login.php HTTP/1.1" 200 84837 "https://inception-blue.com/wp-login.php" "Mozilla/5.0 (Windows NT 10.0; Win64; x64) AppleWebKit/537.36 (KHTML, like Gecko) Chrome/65.0.3325.181 Safari/537.36 OPR/52.0.2871.64"
135.236.141.99 - - [19/Mar/2026:16:34:06 +0000] "POST /wp-login.php HTTP/1.1" 200 84836 "https://inception-blue.com/wp-login.php" "Mozilla/5.0 (Windows NT 10.0; Win64; x64; Trident/7.0; rv:11.0) like Gecko"
74.7.241.28 - - [19/Mar/2026:16:34:04 +0000] "GET /buy.php?detail/27504128640921 HTTP/1.1" 200 153138 "https://inception-blue.com/buy.php?detail/04900913773012" "Mozilla/5.0 AppleWebKit/537.36 (KHTML, like Gecko; compatible; GPTBot/1.3; +https://openai.com/gptbot)"
74.7.241.28 - - [19/Mar/2026:16:34:08 +0000] "GET /buy.php?detail/26001486158349 HTTP/1.1" 200 155242 "https://inception-blue.com/buy.php?detail/26002932572871" "Mozilla/5.0 AppleWebKit/537.36 (KHTML, like Gecko; compatible; GPTBot/1.3; +https://openai.com/gptbot)"
74.7.241.28 - - [19/Mar/2026:16:34:11 +0000] "GET /buy.php?detail/29803511947758 HTTP/1.1" 200 156200 "https://inception-blue.com/buy.php?detail/04400536288588" "Mozilla/5.0 AppleWebKit/537.36 (KHTML, like Gecko; compatible; GPTBot/1.3; +https://openai.com/gptbot)"
74.7.241.28 - - [19/Mar/2026:16:34:14 +0000] "GET /buy.php?detail/13600523466479 HTTP/1.1" 200 165781 "https://inception-blue.com/buy.php?goods/136001949" "Mozilla/5.0 AppleWebKit/537.36 (KHTML, like Gecko; compatible; GPTBot/1.3; +https://openai.com/gptbot)"
74.7.241.28 - - [19/Mar/2026:16:34:17 +0000] "GET /buy.php?detail/22301867569951 HTTP/1.1" 200 153300 "https://inception-blue.com/buy.php?detail/22300484127536" "Mozilla/5.0 AppleWebKit/537.36 (KHTML, like Gecko; compatible; GPTBot/1.3; +https://openai.com/gptbot)"
74.7.241.28 - - [19/Mar/2026:16:34:20 +0000] "GET /buy.php?detail/22702719077285 HTTP/1.1" 200 156823 "https://inception-blue.com/buy.php?detail/24002388084734" "Mozilla/5.0 AppleWebKit/537.36 (KHTML, like Gecko; compatible; GPTBot/1.3; +https://openai.com/gptbot)"
74.7.241.28 - - [19/Mar/2026:16:34:24 +0000] "GET /buy.php?detail/23902785898825 HTTP/1.1" 200 152879 "https://inception-blue.com/buy.php?detail/24002388084734" "Mozilla/5.0 AppleWebKit/537.36 (KHTML, like Gecko; compatible; GPTBot/1.3; +https://openai.com/gptbot)"
74.7.241.28 - - [19/Mar/2026:16:34:27 +0000] "GET /buy.php?detail/28601455032639 HTTP/1.1" 200 154048 "https://inception-blue.com/buy.php?detail/10002681805157" "Mozilla/5.0 AppleWebKit/537.36 (KHTML, like Gecko; compatible; GPTBot/1.3; +https://openai.com/gptbot)"
74.7.241.28 - - [19/Mar/2026:16:34:30 +0000] "GET /buy.php?086000221.htm HTTP/1.1" 200 147894 "https://inception-blue.com/buy.php?m54721119499" "Mozilla/5.0 AppleWebKit/537.36 (KHTML, like Gecko; compatible; GPTBot/1.3; +https://openai.com/gptbot)"
74.7.241.28 - - [19/Mar/2026:16:34:33 +0000] "GET /buy.php?detail/17802975530116 HTTP/1.1" 200 148050 "https://inception-blue.com/buy.php?detail/21300700865185" "Mozilla/5.0 AppleWebKit/537.36 (KHTML, like Gecko; compatible; GPTBot/1.3; +https://openai.com/gptbot)"
74.7.241.28 - - [19/Mar/2026:16:34:36 +0000] "GET /buy.php?detail/05802931096446 HTTP/1.1" 200 157604 "https://inception-blue.com/buy.php?detail/20900211513891" "Mozilla/5.0 AppleWebKit/537.36 (KHTML, like Gecko; compatible; GPTBot/1.3; +https://openai.com/gptbot)"
74.7.241.28 - - [19/Mar/2026:16:34:39 +0000] "GET /buy.php?detail/17404603931858 HTTP/1.1" 200 155599 "https://inception-blue.com/buy.php?goods/027036618" "Mozilla/5.0 AppleWebKit/537.36 (KHTML, like Gecko; compatible; GPTBot/1.3; +https://openai.com/gptbot)"
74.7.241.28 - - [19/Mar/2026:16:34:42 +0000] "GET /buy.php?goods/260021083 HTTP/1.1" 200 156558 "https://inception-blue.com/buy.php?detail/26001486158349" "Mozilla/5.0 AppleWebKit/537.36 (KHTML, like Gecko; compatible; GPTBot/1.3; +https://openai.com/gptbot)"
34.75.167.170 - - [19/Mar/2026:16:34:46 +0000] "GET /wp-login.php HTTP/1.1" 200 84587 "-" "Mozilla/5.0 (Macintosh; Intel Mac OS X 10_10_5) AppleWebKit/537.36 (KHTML, like Gecko) Chrome/66.0.3359.181 Safari/537.36"
34.75.167.170 - - [19/Mar/2026:16:34:47 +0000] "POST /wp-login.php HTTP/1.1" 200 84836 "https://inception-blue.com/wp-login.php" "Mozilla/5.0 (Macintosh; Intel Mac OS X 10_10_5) AppleWebKit/537.36 (KHTML, like Gecko) Chrome/66.0.3359.181 Safari/537.36"
74.7.241.28 - - [19/Mar/2026:16:34:45 +0000] "GET /buy.php?detail/26002324738202 HTTP/1.1" 200 156414 "https://inception-blue.com/buy.php?detail/26001486158349" "Mozilla/5.0 AppleWebKit/537.36 (KHTML, like Gecko; compatible; GPTBot/1.3; +https://openai.com/gptbot)"
74.7.241.28 - - [19/Mar/2026:16:34:48 +0000] "GET /buy.php?detail/13601923148432 HTTP/1.1" 200 162836 "https://inception-blue.com/buy.php?detail/13600523466479" "Mozilla/5.0 AppleWebKit/537.36 (KHTML, like Gecko; compatible; GPTBot/1.3; +https://openai.com/gptbot)"
74.7.241.28 - - [19/Mar/2026:16:34:52 +0000] "GET /buy.php?detail/29800613573228 HTTP/1.1" 200 161813 "https://inception-blue.com/buy.php?detail/29804596489948" "Mozilla/5.0 AppleWebKit/537.36 (KHTML, like Gecko; compatible; GPTBot/1.3; +https://openai.com/gptbot)"
74.7.241.28 - - [19/Mar/2026:16:34:55 +0000] "GET /buy.php?detail/05204769141899 HTTP/1.1" 200 153311 "https://inception-blue.com/buy.php?detail/13802299767393" "Mozilla/5.0 AppleWebKit/537.36 (KHTML, like Gecko; compatible; GPTBot/1.3; +https://openai.com/gptbot)"
74.7.241.28 - - [19/Mar/2026:16:34:58 +0000] "GET /buy.php?detail/11103042528292 HTTP/1.1" 200 154003 "https://inception-blue.com/buy.php?detail/23902785898825" "Mozilla/5.0 AppleWebKit/537.36 (KHTML, like Gecko; compatible; GPTBot/1.3; +https://openai.com/gptbot)"
74.7.241.28 - - [19/Mar/2026:16:35:01 +0000] "GET /buy.php?detail/09503903777786 HTTP/1.1" 200 153227 "https://inception-blue.com/buy.php?detail/23902785898825" "Mozilla/5.0 AppleWebKit/537.36 (KHTML, like Gecko; compatible; GPTBot/1.3; +https://openai.com/gptbot)"
74.7.241.28 - - [19/Mar/2026:16:35:04 +0000] "GET /buy.php?detail/01301630403385 HTTP/1.1" 200 151704 "https://inception-blue.com/buy.php?detail/23902785898825" "Mozilla/5.0 AppleWebKit/537.36 (KHTML, like Gecko; compatible; GPTBot/1.3; +https://openai.com/gptbot)"
66.249.77.5 - - [19/Mar/2026:16:35:06 +0000] "GET /5436167 HTTP/1.1" 200 311950 "-" "Mozilla/5.0 (Linux; Android 6.0.1; Nexus 5X Build/MMB29P) AppleWebKit/537.36 (KHTML, like Gecko) Chrome/145.0.7632.159 Mobile Safari/537.36 (compatible; Googlebot/2.1; +http://www.google.com/bot.html)"
74.7.241.28 - - [19/Mar/2026:16:35:08 +0000] "GET /buy.php?detail/22402687135180 HTTP/1.1" 200 143780 "https://inception-blue.com/buy.php?detail/11100988171484" "Mozilla/5.0 AppleWebKit/537.36 (KHTML, like Gecko; compatible; GPTBot/1.3; +https://openai.com/gptbot)"
74.7.241.28 - - [19/Mar/2026:16:35:11 +0000] "GET /buy.php?detail/05801882822689 HTTP/1.1" 200 153536 "https://inception-blue.com/buy.php?detail/05802931096446" "Mozilla/5.0 AppleWebKit/537.36 (KHTML, like Gecko; compatible; GPTBot/1.3; +https://openai.com/gptbot)"
74.7.241.28 - - [19/Mar/2026:16:35:14 +0000] "GET /buy.php?detail/23602487104615 HTTP/1.1" 200 161083 "https://inception-blue.com/buy.php?detail/27201747461948" "Mozilla/5.0 AppleWebKit/537.36 (KHTML, like Gecko; compatible; GPTBot/1.3; +https://openai.com/gptbot)"
74.7.241.28 - - [19/Mar/2026:16:35:17 +0000] "GET /buy.php?detail/10300479688492 HTTP/1.1" 200 159039 "https://inception-blue.com/buy.php?detail/10301217874316" "Mozilla/5.0 AppleWebKit/537.36 (KHTML, like Gecko; compatible; GPTBot/1.3; +https://openai.com/gptbot)"
74.7.241.28 - - [19/Mar/2026:16:35:20 +0000] "GET /buy.php?detail/27004662956851 HTTP/1.1" 200 154440 "https://inception-blue.com/buy.php?detail/27003184316943" "Mozilla/5.0 AppleWebKit/537.36 (KHTML, like Gecko; compatible; GPTBot/1.3; +https://openai.com/gptbot)"
74.7.241.28 - - [19/Mar/2026:16:35:23 +0000] "GET /buy.php?detail/21802752543093 HTTP/1.1" 200 165586 "https://inception-blue.com/buy.php?detail/19600774477800" "Mozilla/5.0 AppleWebKit/537.36 (KHTML, like Gecko; compatible; GPTBot/1.3; +https://openai.com/gptbot)"
74.7.241.28 - - [19/Mar/2026:16:35:26 +0000] "GET /buy.php?detail/18700939268536 HTTP/1.1" 200 151765 "https://inception-blue.com/buy.php?detail/18701692544872" "Mozilla/5.0 AppleWebKit/537.36 (KHTML, like Gecko; compatible; GPTBot/1.3; +https://openai.com/gptbot)"
74.7.241.28 - - [19/Mar/2026:16:35:30 +0000] "GET /buy.php?detail/07003155001738 HTTP/1.1" 200 157924 "https://inception-blue.com/buy.php?detail/05204769141899" "Mozilla/5.0 AppleWebKit/537.36 (KHTML, like Gecko; compatible; GPTBot/1.3; +https://openai.com/gptbot)"
74.7.241.28 - - [19/Mar/2026:16:35:33 +0000] "GET /buy.php?goods/111003194 HTTP/1.1" 200 153777 "https://inception-blue.com/buy.php?detail/11103042528292" "Mozilla/5.0 AppleWebKit/537.36 (KHTML, like Gecko; compatible; GPTBot/1.3; +https://openai.com/gptbot)"
74.7.241.28 - - [19/Mar/2026:16:35:36 +0000] "GET /buy.php?detail/21503010393226 HTTP/1.1" 200 159281 "https://inception-blue.com/buy.php?detail/05204769141899" "Mozilla/5.0 AppleWebKit/537.36 (KHTML, like Gecko; compatible; GPTBot/1.3; +https://openai.com/gptbot)"
