74.7.241.28 - - [19/Mar/2026:16:03:16 +0000] "GET /buy.php?290003883.htm HTTP/1.1" 200 156975 "https://inception-blue.com/buy.php?shopbrand/kitchen/290001504.htm" "Mozilla/5.0 AppleWebKit/537.36 (KHTML, like Gecko; compatible; GPTBot/1.3; +https://openai.com/gptbot)"
2001:41d0:303:a57e::1 - - [19/Mar/2026:16:03:17 +0000] "GET /comments/feed/?dir=%2Fhome%2Finceptionblue%2Fpublic_html%2Fwp-content%2Fthemes%2Fastra%2Finc%2Fmetabox%2Fextend-metabox%2Fbuild&read=%2Fhome%2Finceptionblue%2Fpublic_html%2Fwp-content%2Fthemes%2Fastra%2Finc%2Fmetabox%2Fextend-metabox%2Fbuild%2Findex.js HTTP/1.1" 200 1761680 "-" "Mozilla/5.0 (compatible; MJ12bot/v1.4.8; http://mj12bot.com/)"
74.7.241.28 - - [19/Mar/2026:16:03:19 +0000] "GET /buy.php?detail/02500466664741 HTTP/1.1" 200 156812 "https://inception-blue.com/buy.php?detail/02504337821909" "Mozilla/5.0 AppleWebKit/537.36 (KHTML, like Gecko; compatible; GPTBot/1.3; +https://openai.com/gptbot)"
74.7.241.28 - - [19/Mar/2026:16:03:22 +0000] "GET /buy.php?detail/20701874179774 HTTP/1.1" 200 154521 "https://inception-blue.com/buy.php?detail/25804095887118" "Mozilla/5.0 AppleWebKit/537.36 (KHTML, like Gecko; compatible; GPTBot/1.3; +https://openai.com/gptbot)"
74.7.241.28 - - [19/Mar/2026:16:03:25 +0000] "GET /buy.php?209000292.htm HTTP/1.1" 200 164538 "https://inception-blue.com/buy.php?shopbrand/dissolve/209020407.htm" "Mozilla/5.0 AppleWebKit/537.36 (KHTML, like Gecko; compatible; GPTBot/1.3; +https://openai.com/gptbot)"
2001:41d0:303:a57e::1 - - [19/Mar/2026:16:03:27 +0000] "GET /comments/feed/?dir=/home/inceptionblue/public_html/wp-content/themes/twentytwentyfour/assets HTTP/1.1" 301 4868928 "-" "Mozilla/5.0 (compatible; MJ12bot/v1.4.8; http://mj12bot.com/)"
74.7.241.28 - - [19/Mar/2026:16:03:28 +0000] "GET /buy.php?detail/08602770694965 HTTP/1.1" 200 153069 "https://inception-blue.com/buy.php?290003479.htm" "Mozilla/5.0 AppleWebKit/537.36 (KHTML, like Gecko; compatible; GPTBot/1.3; +https://openai.com/gptbot)"
116.118.2.113 - - [19/Mar/2026:16:03:33 +0000] "GET /wp-login.php HTTP/1.1" 200 84587 "-" "Mozilla/5.0 (Windows NT 6.1; WOW64; Trident/7.0; FunWebProducts; rv:11.0) like Gecko"
74.7.241.28 - - [19/Mar/2026:16:03:31 +0000] "GET /buy.php?detail/16204666944045 HTTP/1.1" 200 158933 "https://inception-blue.com/buy.php?detail/24303374821923" "Mozilla/5.0 AppleWebKit/537.36 (KHTML, like Gecko; compatible; GPTBot/1.3; +https://openai.com/gptbot)"
2001:41d0:303:a57e::1 - - [19/Mar/2026:16:03:33 +0000] "GET /comments/feed/?dir=%2Fhome%2Finceptionblue%2Fpublic_html%2Fwp-content%2Fthemes%2Ftwentytwentyfour%2Fassets HTTP/1.1" 200 4870667 "-" "Mozilla/5.0 (compatible; MJ12bot/v1.4.8; http://mj12bot.com/)"
74.7.241.28 - - [19/Mar/2026:16:03:34 +0000] "GET /buy.php?detail/22802582041818 HTTP/1.1" 200 160957 "https://inception-blue.com/buy.php?detail/09401888324033" "Mozilla/5.0 AppleWebKit/537.36 (KHTML, like Gecko; compatible; GPTBot/1.3; +https://openai.com/gptbot)"
116.118.2.113 - - [19/Mar/2026:16:03:37 +0000] "POST /wp-login.php HTTP/1.1" 200 84837 "https://inception-blue.com/wp-login.php" "Mozilla/5.0 (Windows NT 6.1; WOW64; Trident/7.0; FunWebProducts; rv:11.0) like Gecko"
66.249.77.8 - - [19/Mar/2026:16:03:40 +0000] "GET /product/220041179 HTTP/1.1" 200 315853 "-" "Mozilla/5.0 (Linux; Android 6.0.1; Nexus 5X Build/MMB29P) AppleWebKit/537.36 (KHTML, like Gecko) Chrome/145.0.7632.159 Mobile Safari/537.36 (compatible; Googlebot/2.1; +http://www.google.com/bot.html)"
74.7.241.28 - - [19/Mar/2026:16:03:38 +0000] "GET /buy.php?detail/00903086184066 HTTP/1.1" 200 152575 "https://inception-blue.com/buy.php?detail/24303374821923" "Mozilla/5.0 AppleWebKit/537.36 (KHTML, like Gecko; compatible; GPTBot/1.3; +https://openai.com/gptbot)"
66.249.77.8 - - [19/Mar/2026:16:03:40 +0000] "GET /1103389701 HTTP/1.1" 200 367133 "-" "Mozilla/5.0 (Linux; Android 6.0.1; Nexus 5X Build/MMB29P) AppleWebKit/537.36 (KHTML, like Gecko) Chrome/145.0.7632.159 Mobile Safari/537.36 (compatible; Googlebot/2.1; +http://www.google.com/bot.html)"
66.249.77.9 - - [19/Mar/2026:16:03:40 +0000] "GET /clothoid-20160908-2 HTTP/1.1" 200 319581 "-" "Mozilla/5.0 (Linux; Android 6.0.1; Nexus 5X Build/MMB29P) AppleWebKit/537.36 (KHTML, like Gecko) Chrome/145.0.7632.159 Mobile Safari/537.36 (compatible; Googlebot/2.1; +http://www.google.com/bot.html)"
74.7.241.28 - - [19/Mar/2026:16:03:41 +0000] "GET /buy.php?detail/29000567562077 HTTP/1.1" 200 165625 "https://inception-blue.com/buy.php?detail/29000548678974" "Mozilla/5.0 AppleWebKit/537.36 (KHTML, like Gecko; compatible; GPTBot/1.3; +https://openai.com/gptbot)"
216.73.216.36 - - [19/Mar/2026:16:03:42 +0000] "GET /72628991 HTTP/1.1" 404 185483 "-" "Mozilla/5.0 AppleWebKit/537.36 (KHTML, like Gecko; compatible; ClaudeBot/1.0; +claudebot@anthropic.com)"
159.223.142.74 - - [19/Mar/2026:16:03:43 +0000] "POST /wp-cron.php?doing_wp_cron=1773936223.3330891132354736328125 HTTP/1.1" 403 185482 "-" "WordPress/6.9.4; https://inception-blue.com"
2001:41d0:303:a57e::1 - - [19/Mar/2026:16:03:43 +0000] "GET /comments/feed/?dir=/home/inceptionblue/public_html/wp-includes/js/dist/vendor&read=/home/inceptionblue/public_html/wp-includes/js/dist/vendor/react-dom.js HTTP/1.1" 301 1102188 "-" "Mozilla/5.0 (compatible; MJ12bot/v1.4.8; http://mj12bot.com/)"
74.7.241.28 - - [19/Mar/2026:16:03:44 +0000] "GET /buy.php?detail/24300691211503 HTTP/1.1" 200 166801 "https://inception-blue.com/buy.php?detail/24303374821923" "Mozilla/5.0 AppleWebKit/537.36 (KHTML, like Gecko; compatible; GPTBot/1.3; +https://openai.com/gptbot)"
74.7.241.28 - - [19/Mar/2026:16:03:47 +0000] "GET /buy.php?detail/29000568128556 HTTP/1.1" 200 157855 "https://inception-blue.com/buy.php?290002201.htm" "Mozilla/5.0 AppleWebKit/537.36 (KHTML, like Gecko; compatible; GPTBot/1.3; +https://openai.com/gptbot)"
2001:41d0:303:a57e::1 - - [19/Mar/2026:16:03:50 +0000] "GET /comments/feed/?dir=%2Fhome%2Finceptionblue%2Fpublic_html%2Fwp-includes%2Fjs%2Fdist%2Fvendor&read=%2Fhome%2Finceptionblue%2Fpublic_html%2Fwp-includes%2Fjs%2Fdist%2Fvendor%2Freact-dom.js HTTP/1.1" 200 1104010 "-" "Mozilla/5.0 (compatible; MJ12bot/v1.4.8; http://mj12bot.com/)"
74.7.241.28 - - [19/Mar/2026:16:03:50 +0000] "GET /buy.php?detail/24300675231733 HTTP/1.1" 200 157202 "https://inception-blue.com/buy.php?detail/24303374821923" "Mozilla/5.0 AppleWebKit/537.36 (KHTML, like Gecko; compatible; GPTBot/1.3; +https://openai.com/gptbot)"
74.7.241.28 - - [19/Mar/2026:16:03:53 +0000] "GET /buy.php?detail/09503942780502 HTTP/1.1" 200 152904 "https://inception-blue.com/buy.php?detail/02500466664741" "Mozilla/5.0 AppleWebKit/537.36 (KHTML, like Gecko; compatible; GPTBot/1.3; +https://openai.com/gptbot)"
74.7.241.28 - - [19/Mar/2026:16:03:56 +0000] "GET /buy.php?290005853.htm HTTP/1.1" 200 171516 "https://inception-blue.com/buy.php?290003479.htm" "Mozilla/5.0 AppleWebKit/537.36 (KHTML, like Gecko; compatible; GPTBot/1.3; +https://openai.com/gptbot)"
2001:41d0:303:a57e::1 - - [19/Mar/2026:16:03:59 +0000] "GET /comments/feed/?dir=/home/inceptionblue/tmp/awstats/ssl&read=/home/inceptionblue/tmp/awstats/ssl/awstats022026.inception-blue.com.txt HTTP/1.1" 301 5711291 "-" "Mozilla/5.0 (compatible; MJ12bot/v1.4.8; http://mj12bot.com/)"
74.7.241.28 - - [19/Mar/2026:16:03:59 +0000] "GET /buy.php?detail/20900250564916 HTTP/1.1" 200 152350 "https://inception-blue.com/buy.php?209000292.htm" "Mozilla/5.0 AppleWebKit/537.36 (KHTML, like Gecko; compatible; GPTBot/1.3; +https://openai.com/gptbot)"
216.73.216.36 - - [19/Mar/2026:16:04:01 +0000] "GET /675613549 HTTP/1.1" 200 185483 "-" "Mozilla/5.0 AppleWebKit/537.36 (KHTML, like Gecko; compatible; ClaudeBot/1.0; +claudebot@anthropic.com)"
74.7.241.28 - - [19/Mar/2026:16:04:03 +0000] "GET /buy.php?detail/08601008786918 HTTP/1.1" 200 154992 "https://inception-blue.com/buy.php?detail/08602770694965" "Mozilla/5.0 AppleWebKit/537.36 (KHTML, like Gecko; compatible; GPTBot/1.3; +https://openai.com/gptbot)"
2001:41d0:303:a57e::1 - - [19/Mar/2026:16:04:08 +0000] "GET /comments/feed/?dir=%2Fhome%2Finceptionblue%2Ftmp%2Fawstats%2Fssl&read=%2Fhome%2Finceptionblue%2Ftmp%2Fawstats%2Fssl%2Fawstats022026.inception-blue.com.txt HTTP/1.1" 200 5713083 "-" "Mozilla/5.0 (compatible; MJ12bot/v1.4.8; http://mj12bot.com/)"
74.7.241.28 - - [19/Mar/2026:16:04:07 +0000] "GET /buy.php?detail/01702503670551 HTTP/1.1" 200 155784 "https://inception-blue.com/buy.php?detail/08602770694965" "Mozilla/5.0 AppleWebKit/537.36 (KHTML, like Gecko; compatible; GPTBot/1.3; +https://openai.com/gptbot)"
74.7.241.28 - - [19/Mar/2026:16:04:11 +0000] "GET /buy.php?detail/29204765206931 HTTP/1.1" 200 157959 "https://inception-blue.com/buy.php?detail/16204666944045" "Mozilla/5.0 AppleWebKit/537.36 (KHTML, like Gecko; compatible; GPTBot/1.3; +https://openai.com/gptbot)"
74.7.241.28 - - [19/Mar/2026:16:04:14 +0000] "GET /buy.php?290005297.htm HTTP/1.1" 200 152018 "https://inception-blue.com/buy.php?290005675.htm" "Mozilla/5.0 AppleWebKit/537.36 (KHTML, like Gecko; compatible; GPTBot/1.3; +https://openai.com/gptbot)"
74.7.241.28 - - [19/Mar/2026:16:04:17 +0000] "GET /buy.php?shopbrand/prevail/169033391.htm HTTP/1.1" 200 157770 "https://inception-blue.com/buy.php?shopbrand/kitchen/290001504.htm" "Mozilla/5.0 AppleWebKit/537.36 (KHTML, like Gecko; compatible; GPTBot/1.3; +https://openai.com/gptbot)"
2001:41d0:303:a57e::1 - - [19/Mar/2026:16:04:18 +0000] "GET /comments/feed/?dir=/home/inceptionblue/tmp/webalizer/ssl/inception-blue.com&read=/home/inceptionblue/tmp/webalizer/ssl/inception-blue.com/daily_usage_202512.png HTTP/1.1" 301 12409 "-" "Mozilla/5.0 (compatible; MJ12bot/v1.4.8; http://mj12bot.com/)"
74.7.241.28 - - [19/Mar/2026:16:04:20 +0000] "GET /buy.php?shopbrand/clearly/290003760.htm HTTP/1.1" 200 162527 "https://inception-blue.com/buy.php?shopbrand/kitchen/290001504.htm" "Mozilla/5.0 AppleWebKit/537.36 (KHTML, like Gecko; compatible; GPTBot/1.3; +https://openai.com/gptbot)"
74.7.241.28 - - [19/Mar/2026:16:04:23 +0000] "GET /buy.php?detail/18403788645069 HTTP/1.1" 200 146817 "https://inception-blue.com/buy.php?detail/29000568128556" "Mozilla/5.0 AppleWebKit/537.36 (KHTML, like Gecko; compatible; GPTBot/1.3; +https://openai.com/gptbot)"
216.73.216.36 - - [19/Mar/2026:16:04:26 +0000] "GET /541648323 HTTP/1.1" 404 185482 "-" "Mozilla/5.0 AppleWebKit/537.36 (KHTML, like Gecko; compatible; ClaudeBot/1.0; +claudebot@anthropic.com)"
2001:41d0:303:a57e::1 - - [19/Mar/2026:16:04:26 +0000] "GET /comments/feed/?dir=%2Fhome%2Finceptionblue%2Ftmp%2Fwebalizer%2Fssl%2Finception-blue.com&read=%2Fhome%2Finceptionblue%2Ftmp%2Fwebalizer%2Fssl%2Finception-blue.com%2Fdaily_usage_202512.png HTTP/1.1" 200 14233 "-" "Mozilla/5.0 (compatible; MJ12bot/v1.4.8; http://mj12bot.com/)"
74.7.241.28 - - [19/Mar/2026:16:04:26 +0000] "GET /buy.php?detail/11803207439671 HTTP/1.1" 200 151331 "https://inception-blue.com/buy.php?detail/05600955114823" "Mozilla/5.0 AppleWebKit/537.36 (KHTML, like Gecko; compatible; GPTBot/1.3; +https://openai.com/gptbot)"
74.7.241.28 - - [19/Mar/2026:16:04:29 +0000] "GET /buy.php?detail/04702601669701 HTTP/1.1" 200 142478 "https://inception-blue.com/buy.php?detail/09503942780502" "Mozilla/5.0 AppleWebKit/537.36 (KHTML, like Gecko; compatible; GPTBot/1.3; +https://openai.com/gptbot)"
2001:41d0:303:a57e::1 - - [19/Mar/2026:16:04:32 +0000] "GET /comments/feed/?dir=/home/inceptionblue/tmp/webalizer/ssl/inception-blue.com&read=/home/inceptionblue/tmp/webalizer/ssl/inception-blue.com/daily_usage_202601.png HTTP/1.1" 301 12409 "-" "Mozilla/5.0 (compatible; MJ12bot/v1.4.8; http://mj12bot.com/)"
74.7.241.28 - - [19/Mar/2026:16:04:33 +0000] "GET /buy.php?detail/12300288067496 HTTP/1.1" 200 155724 "https://inception-blue.com/buy.php?detail/16003175350027" "Mozilla/5.0 AppleWebKit/537.36 (KHTML, like Gecko; compatible; GPTBot/1.3; +https://openai.com/gptbot)"
2001:41d0:303:a57e::1 - - [19/Mar/2026:16:04:37 +0000] "GET /comments/feed/?dir=%2Fhome%2Finceptionblue%2Ftmp%2Fwebalizer%2Fssl%2Finception-blue.com&read=%2Fhome%2Finceptionblue%2Ftmp%2Fwebalizer%2Fssl%2Finception-blue.com%2Fdaily_usage_202601.png HTTP/1.1" 200 14233 "-" "Mozilla/5.0 (compatible; MJ12bot/v1.4.8; http://mj12bot.com/)"
74.7.241.28 - - [19/Mar/2026:16:04:36 +0000] "GET /buy.php?detail/24803472916693 HTTP/1.1" 200 158136 "https://inception-blue.com/buy.php?detail/24803793039712" "Mozilla/5.0 AppleWebKit/537.36 (KHTML, like Gecko; compatible; GPTBot/1.3; +https://openai.com/gptbot)"
74.7.241.28 - - [19/Mar/2026:16:04:39 +0000] "GET /buy.php?detail/23602400945347 HTTP/1.1" 200 154096 "https://inception-blue.com/buy.php?detail/08601008786918" "Mozilla/5.0 AppleWebKit/537.36 (KHTML, like Gecko; compatible; GPTBot/1.3; +https://openai.com/gptbot)"
74.7.241.28 - - [19/Mar/2026:16:04:42 +0000] "GET /buy.php?detail/00403844697807 HTTP/1.1" 200 148801 "https://inception-blue.com/buy.php?detail/01702503670551" "Mozilla/5.0 AppleWebKit/537.36 (KHTML, like Gecko; compatible; GPTBot/1.3; +https://openai.com/gptbot)"
2001:41d0:303:a57e::1 - - [19/Mar/2026:16:04:43 +0000] "GET /comments/feed/?dir=/run/udev/data&read=/run/udev/data/c4:49 HTTP/1.1" 301 12144 "-" "Mozilla/5.0 (compatible; MJ12bot/v1.4.8; http://mj12bot.com/)"
159.223.142.74 - - [19/Mar/2026:16:04:44 +0000] "POST /wp-cron.php?doing_wp_cron=1773936284.5822188854217529296875 HTTP/1.1" 403 185482 "-" "WordPress/6.9.4; https://inception-blue.com"
74.7.241.28 - - [19/Mar/2026:16:04:45 +0000] "GET /buy.php?detail/29201952320733 HTTP/1.1" 200 156359 "https://inception-blue.com/buy.php?detail/29204765206931" "Mozilla/5.0 AppleWebKit/537.36 (KHTML, like Gecko; compatible; GPTBot/1.3; +https://openai.com/gptbot)"
74.7.241.28 - - [19/Mar/2026:16:04:49 +0000] "GET /buy.php?detail/21901376386642 HTTP/1.1" 200 155687 "https://inception-blue.com/buy.php?detail/21900087618793" "Mozilla/5.0 AppleWebKit/537.36 (KHTML, like Gecko; compatible; GPTBot/1.3; +https://openai.com/gptbot)"
2001:41d0:303:a57e::1 - - [19/Mar/2026:16:04:50 +0000] "GET /comments/feed/?dir=%2Frun%2Fudev%2Fdata&read=%2Frun%2Fudev%2Fdata%2Fc4%3A49 HTTP/1.1" 200 13857 "-" "Mozilla/5.0 (compatible; MJ12bot/v1.4.8; http://mj12bot.com/)"
74.7.241.28 - - [19/Mar/2026:16:04:52 +0000] "GET /buy.php?detail/29401257203789 HTTP/1.1" 200 157222 "https://inception-blue.com/buy.php?detail/05303742650614" "Mozilla/5.0 AppleWebKit/537.36 (KHTML, like Gecko; compatible; GPTBot/1.3; +https://openai.com/gptbot)"
2001:41d0:303:a57e::1 - - [19/Mar/2026:16:04:57 +0000] "GET /comments/feed/?dir=/run/udev/data&read=/run/udev/data/c4:5 HTTP/1.1" 301 12142 "-" "Mozilla/5.0 (compatible; MJ12bot/v1.4.8; http://mj12bot.com/)"
74.7.241.28 - - [19/Mar/2026:16:04:55 +0000] "GET /buy.php?detail/08900328165534 HTTP/1.1" 200 152459 "https://inception-blue.com/buy.php?detail/08901827379913" "Mozilla/5.0 AppleWebKit/537.36 (KHTML, like Gecko; compatible; GPTBot/1.3; +https://openai.com/gptbot)"
74.7.241.28 - - [19/Mar/2026:16:04:59 +0000] "GET /buy.php?detail/21803409884221 HTTP/1.1" 200 157912 "https://inception-blue.com/buy.php?detail/18403788645069" "Mozilla/5.0 AppleWebKit/537.36 (KHTML, like Gecko; compatible; GPTBot/1.3; +https://openai.com/gptbot)"
2001:41d0:303:a57e::1 - - [19/Mar/2026:16:05:02 +0000] "GET /comments/feed/?dir=%2Frun%2Fudev%2Fdata&read=%2Frun%2Fudev%2Fdata%2Fc4%3A5 HTTP/1.1" 200 13854 "-" "Mozilla/5.0 (compatible; MJ12bot/v1.4.8; http://mj12bot.com/)"
74.7.241.28 - - [19/Mar/2026:16:05:03 +0000] "GET /buy.php?detail/11800054831689 HTTP/1.1" 200 153873 "https://inception-blue.com/buy.php?detail/11803207439671" "Mozilla/5.0 AppleWebKit/537.36 (KHTML, like Gecko; compatible; GPTBot/1.3; +https://openai.com/gptbot)"
74.7.241.28 - - [19/Mar/2026:16:05:06 +0000] "GET /buy.php?detail/00600693375084 HTTP/1.1" 200 150396 "https://inception-blue.com/buy.php?detail/04702601669701" "Mozilla/5.0 AppleWebKit/537.36 (KHTML, like Gecko; compatible; GPTBot/1.3; +https://openai.com/gptbot)"
2001:41d0:303:a57e::1 - - [19/Mar/2026:16:05:09 +0000] "GET /comments/feed/?dir=/run/udev/data&read=/run/udev/data/c4:50 HTTP/1.1" 301 12144 "-" "Mozilla/5.0 (compatible; MJ12bot/v1.4.8; http://mj12bot.com/)"
74.7.241.28 - - [19/Mar/2026:16:05:09 +0000] "GET /buy.php?detail/01502743694561 HTTP/1.1" 200 152388 "https://inception-blue.com/buy.php?jp/019001571.html" "Mozilla/5.0 AppleWebKit/537.36 (KHTML, like Gecko; compatible; GPTBot/1.3; +https://openai.com/gptbot)"
74.7.241.28 - - [19/Mar/2026:16:05:12 +0000] "GET /buy.php?detail/24800223990408 HTTP/1.1" 200 161273 "https://inception-blue.com/buy.php?detail/24803472916693" "Mozilla/5.0 AppleWebKit/537.36 (KHTML, like Gecko; compatible; GPTBot/1.3; +https://openai.com/gptbot)"
2001:41d0:303:a57e::1 - - [19/Mar/2026:16:05:14 +0000] "GET /comments/feed/?dir=%2Frun%2Fudev%2Fdata&read=%2Frun%2Fudev%2Fdata%2Fc4%3A50 HTTP/1.1" 200 13857 "-" "Mozilla/5.0 (compatible; MJ12bot/v1.4.8; http://mj12bot.com/)"
74.7.241.28 - - [19/Mar/2026:16:05:15 +0000] "GET /buy.php?goods/040038588 HTTP/1.1" 200 156351 "https://inception-blue.com/buy.php?detail/23602400945347" "Mozilla/5.0 AppleWebKit/537.36 (KHTML, like Gecko; compatible; GPTBot/1.3; +https://openai.com/gptbot)"
2001:41d0:303:a57e::1 - - [19/Mar/2026:16:05:19 +0000] "GET /comments/feed/?dir=/run/udev/data&read=/run/udev/data/c4:51 HTTP/1.1" 301 12144 "-" "Mozilla/5.0 (compatible; MJ12bot/v1.4.8; http://mj12bot.com/)"
74.7.241.28 - - [19/Mar/2026:16:05:19 +0000] "GET /buy.php?detail/23603343285972 HTTP/1.1" 200 154816 "https://inception-blue.com/buy.php?detail/23602400945347" "Mozilla/5.0 AppleWebKit/537.36 (KHTML, like Gecko; compatible; GPTBot/1.3; +https://openai.com/gptbot)"
2001:41d0:303:a57e::1 - - [19/Mar/2026:16:05:23 +0000] "GET /comments/feed/?dir=%2Frun%2Fudev%2Fdata&read=%2Frun%2Fudev%2Fdata%2Fc4%3A51 HTTP/1.1" 200 13857 "-" "Mozilla/5.0 (compatible; MJ12bot/v1.4.8; http://mj12bot.com/)"
74.7.241.28 - - [19/Mar/2026:16:05:22 +0000] "GET /buy.php?detail/20400767781359 HTTP/1.1" 200 152336 "https://inception-blue.com/buy.php?detail/28200323825908" "Mozilla/5.0 AppleWebKit/537.36 (KHTML, like Gecko; compatible; GPTBot/1.3; +https://openai.com/gptbot)"
74.7.241.28 - - [19/Mar/2026:16:05:25 +0000] "GET /buy.php?detail/21901682623807 HTTP/1.1" 200 152728 "https://inception-blue.com/buy.php?detail/21901376386642" "Mozilla/5.0 AppleWebKit/537.36 (KHTML, like Gecko; compatible; GPTBot/1.3; +https://openai.com/gptbot)"
192.185.4.41 - - [19/Mar/2026:16:05:27 +0000] "GET /wp-login.php HTTP/1.1" 200 84587 "-" "Mozilla/4.0 (compatible; MSIE 7.0; Windows NT 10.0; WOW64; Trident/7.0; .NET4.0C; .NET4.0E; .NET CLR 2.0.50727; .NET CLR 3.0.30729; .NET CLR 3.5.30729; InfoPath.3)"
2001:41d0:303:a57e::1 - - [19/Mar/2026:16:05:28 +0000] "GET /comments/feed/?dir=/run/udev/data&read=/run/udev/data/c4:52 HTTP/1.1" 301 12144 "-" "Mozilla/5.0 (compatible; MJ12bot/v1.4.8; http://mj12bot.com/)"
192.185.4.41 - - [19/Mar/2026:16:05:28 +0000] "POST /wp-login.php HTTP/1.1" 200 84836 "https://inception-blue.com/wp-login.php" "Mozilla/4.0 (compatible; MSIE 7.0; Windows NT 10.0; WOW64; Trident/7.0; .NET4.0C; .NET4.0E; .NET CLR 2.0.50727; .NET CLR 3.0.30729; .NET CLR 3.5.30729; InfoPath.3)"
74.7.241.28 - - [19/Mar/2026:16:05:28 +0000] "GET /buy.php?detail/21301458746571 HTTP/1.1" 200 152007 "https://inception-blue.com/buy.php?detail/23101861054729" "Mozilla/5.0 AppleWebKit/537.36 (KHTML, like Gecko; compatible; GPTBot/1.3; +https://openai.com/gptbot)"
74.7.241.28 - - [19/Mar/2026:16:05:31 +0000] "GET /buy.php?detail/28201935741437 HTTP/1.1" 200 156466 "https://inception-blue.com/buy.php?detail/28200013885237" "Mozilla/5.0 AppleWebKit/537.36 (KHTML, like Gecko; compatible; GPTBot/1.3; +https://openai.com/gptbot)"
2001:41d0:303:a57e::1 - - [19/Mar/2026:16:05:32 +0000] "GET /comments/feed/?dir=%2Frun%2Fudev%2Fdata&read=%2Frun%2Fudev%2Fdata%2Fc4%3A52 HTTP/1.1" 200 13857 "-" "Mozilla/5.0 (compatible; MJ12bot/v1.4.8; http://mj12bot.com/)"
74.7.241.28 - - [19/Mar/2026:16:05:34 +0000] "GET /buy.php?detail/09002174687159 HTTP/1.1" 200 152884 "https://inception-blue.com/buy.php?detail/07800105210628" "Mozilla/5.0 AppleWebKit/537.36 (KHTML, like Gecko; compatible; GPTBot/1.3; +https://openai.com/gptbot)"
2001:41d0:303:a57e::1 - - [19/Mar/2026:16:05:37 +0000] "GET /comments/feed/?dir=/run/udev/data&read=/run/udev/data/c4:53 HTTP/1.1" 301 12144 "-" "Mozilla/5.0 (compatible; MJ12bot/v1.4.8; http://mj12bot.com/)"
74.7.241.28 - - [19/Mar/2026:16:05:37 +0000] "GET /buy.php?detail/12200565354714 HTTP/1.1" 200 168908 "https://inception-blue.com/buy.php?detail/11800054831689" "Mozilla/5.0 AppleWebKit/537.36 (KHTML, like Gecko; compatible; GPTBot/1.3; +https://openai.com/gptbot)"
2001:41d0:303:a57e::1 - - [19/Mar/2026:16:05:42 +0000] "GET /comments/feed/?dir=%2Frun%2Fudev%2Fdata&read=%2Frun%2Fudev%2Fdata%2Fc4%3A53 HTTP/1.1" 200 13857 "-" "Mozilla/5.0 (compatible; MJ12bot/v1.4.8; http://mj12bot.com/)"
74.7.241.28 - - [19/Mar/2026:16:05:41 +0000] "GET /buy.php?detail/00600068970670 HTTP/1.1" 200 153430 "https://inception-blue.com/buy.php?detail/00600693375084" "Mozilla/5.0 AppleWebKit/537.36 (KHTML, like Gecko; compatible; GPTBot/1.3; +https://openai.com/gptbot)"
74.7.241.28 - - [19/Mar/2026:16:05:44 +0000] "GET /buy.php?goods/015025230 HTTP/1.1" 200 164792 "https://inception-blue.com/buy.php?detail/01502743694561" "Mozilla/5.0 AppleWebKit/537.36 (KHTML, like Gecko; compatible; GPTBot/1.3; +https://openai.com/gptbot)"
2001:41d0:303:a57e::1 - - [19/Mar/2026:16:05:46 +0000] "GET /comments/feed/?dir=/run/udev/data&read=/run/udev/data/c4:54 HTTP/1.1" 301 12144 "-" "Mozilla/5.0 (compatible; MJ12bot/v1.4.8; http://mj12bot.com/)"
159.223.142.74 - - [19/Mar/2026:16:05:47 +0000] "POST /wp-cron.php?doing_wp_cron=1773936347.6251320838928222656250 HTTP/1.1" 403 185482 "-" "WordPress/6.9.4; https://inception-blue.com"
74.7.241.28 - - [19/Mar/2026:16:05:47 +0000] "GET /buy.php?detail/01502525999439 HTTP/1.1" 200 154950 "https://inception-blue.com/buy.php?detail/01502743694561" "Mozilla/5.0 AppleWebKit/537.36 (KHTML, like Gecko; compatible; GPTBot/1.3; +https://openai.com/gptbot)"
2001:41d0:303:a57e::1 - - [19/Mar/2026:16:05:51 +0000] "GET /comments/feed/?dir=%2Frun%2Fudev%2Fdata&read=%2Frun%2Fudev%2Fdata%2Fc4%3A54 HTTP/1.1" 200 13857 "-" "Mozilla/5.0 (compatible; MJ12bot/v1.4.8; http://mj12bot.com/)"
74.7.241.28 - - [19/Mar/2026:16:05:50 +0000] "GET /buy.php?detail/12703959089924 HTTP/1.1" 200 165392 "https://inception-blue.com/buy.php?detail/24800223990408" "Mozilla/5.0 AppleWebKit/537.36 (KHTML, like Gecko; compatible; GPTBot/1.3; +https://openai.com/gptbot)"
74.7.241.28 - - [19/Mar/2026:16:05:53 +0000] "GET /buy.php?detail/23600736392009 HTTP/1.1" 200 158718 "https://inception-blue.com/buy.php?detail/23603343285972" "Mozilla/5.0 AppleWebKit/537.36 (KHTML, like Gecko; compatible; GPTBot/1.3; +https://openai.com/gptbot)"
66.249.77.8 - - [19/Mar/2026:16:05:55 +0000] "GET /product/275025112 HTTP/1.1" 200 328575 "-" "Mozilla/5.0 (Linux; Android 6.0.1; Nexus 5X Build/MMB29P) AppleWebKit/537.36 (KHTML, like Gecko) Chrome/145.0.7632.159 Mobile Safari/537.36 (compatible; GoogleOther)"
2001:41d0:303:a57e::1 - - [19/Mar/2026:16:05:56 +0000] "GET /comments/feed/?dir=/run/udev/data&read=/run/udev/data/c4:55 HTTP/1.1" 301 12144 "-" "Mozilla/5.0 (compatible; MJ12bot/v1.4.8; http://mj12bot.com/)"
66.249.77.9 - - [19/Mar/2026:16:05:56 +0000] "GET /1161470386 HTTP/1.1" 200 379594 "-" "Mozilla/5.0 (Linux; Android 6.0.1; Nexus 5X Build/MMB29P) AppleWebKit/537.36 (KHTML, like Gecko) Chrome/145.0.7632.159 Mobile Safari/537.36 (compatible; Googlebot/2.1; +http://www.google.com/bot.html)"
74.7.241.28 - - [19/Mar/2026:16:05:56 +0000] "GET /buy.php?detail/11000617878396 HTTP/1.1" 200 152518 "https://inception-blue.com/buy.php?detail/20400767781359" "Mozilla/5.0 AppleWebKit/537.36 (KHTML, like Gecko; compatible; GPTBot/1.3; +https://openai.com/gptbot)"
2001:41d0:303:a57e::1 - - [19/Mar/2026:16:06:00 +0000] "GET /comments/feed/?dir=%2Frun%2Fudev%2Fdata&read=%2Frun%2Fudev%2Fdata%2Fc4%3A55 HTTP/1.1" 200 13857 "-" "Mozilla/5.0 (compatible; MJ12bot/v1.4.8; http://mj12bot.com/)"
216.73.216.36 - - [19/Mar/2026:16:06:00 +0000] "GET /183502348 HTTP/1.1" 200 185482 "-" "Mozilla/5.0 AppleWebKit/537.36 (KHTML, like Gecko; compatible; ClaudeBot/1.0; +claudebot@anthropic.com)"
74.7.241.28 - - [19/Mar/2026:16:06:00 +0000] "GET /buy.php?detail/09802807401123 HTTP/1.1" 200 155127 "https://inception-blue.com/buy.php?detail/23603343285972" "Mozilla/5.0 AppleWebKit/537.36 (KHTML, like Gecko; compatible; GPTBot/1.3; +https://openai.com/gptbot)"
74.7.241.28 - - [19/Mar/2026:16:06:03 +0000] "GET /buy.php?detail/04001494273344 HTTP/1.1" 200 157213 "https://inception-blue.com/buy.php?goods/040038588" "Mozilla/5.0 AppleWebKit/537.36 (KHTML, like Gecko; compatible; GPTBot/1.3; +https://openai.com/gptbot)"
2001:41d0:303:a57e::1 - - [19/Mar/2026:16:06:05 +0000] "GET /comments/feed/?dir=/run/udev/data&read=/run/udev/data/c4:56 HTTP/1.1" 301 12144 "-" "Mozilla/5.0 (compatible; MJ12bot/v1.4.8; http://mj12bot.com/)"
74.7.241.28 - - [19/Mar/2026:16:06:06 +0000] "GET /buy.php?detail/28202321543242 HTTP/1.1" 200 153994 "https://inception-blue.com/buy.php?detail/28201935741437" "Mozilla/5.0 AppleWebKit/537.36 (KHTML, like Gecko; compatible; GPTBot/1.3; +https://openai.com/gptbot)"
62.210.185.4 - - [19/Mar/2026:16:06:08 +0000] "GET /wp-login.php HTTP/1.1" 200 84588 "-" "Mozilla/4.0 (compatible; MSIE 7.0; Windows NT 10.0; WOW64; Trident/7.0; .NET4.0C; .NET4.0E; .NET CLR 2.0.50727; .NET CLR 3.0.30729; .NET CLR 3.5.30729; InfoPath.3)"
62.210.185.4 - - [19/Mar/2026:16:06:09 +0000] "POST /wp-login.php HTTP/1.1" 200 84836 "https://inception-blue.com/wp-login.php" "Mozilla/4.0 (compatible; MSIE 7.0; Windows NT 10.0; WOW64; Trident/7.0; .NET4.0C; .NET4.0E; .NET CLR 2.0.50727; .NET CLR 3.0.30729; .NET CLR 3.5.30729; InfoPath.3)"
2001:41d0:303:a57e::1 - - [19/Mar/2026:16:06:09 +0000] "GET /comments/feed/?dir=%2Frun%2Fudev%2Fdata&read=%2Frun%2Fudev%2Fdata%2Fc4%3A56 HTTP/1.1" 200 13857 "-" "Mozilla/5.0 (compatible; MJ12bot/v1.4.8; http://mj12bot.com/)"
74.7.241.28 - - [19/Mar/2026:16:06:09 +0000] "GET /buy.php?detail/09300465726040 HTTP/1.1" 200 159711 "https://inception-blue.com/buy.php?detail/28201935741437" "Mozilla/5.0 AppleWebKit/537.36 (KHTML, like Gecko; compatible; GPTBot/1.3; +https://openai.com/gptbot)"
74.7.241.28 - - [19/Mar/2026:16:06:12 +0000] "GET /buy.php?detail/21701867707400 HTTP/1.1" 200 159925 "https://inception-blue.com/buy.php?detail/09002174687159" "Mozilla/5.0 AppleWebKit/537.36 (KHTML, like Gecko; compatible; GPTBot/1.3; +https://openai.com/gptbot)"
2001:41d0:303:a57e::1 - - [19/Mar/2026:16:06:14 +0000] "GET /comments/feed/?dir=/run/udev/data&read=/run/udev/data/c4:57 HTTP/1.1" 301 12144 "-" "Mozilla/5.0 (compatible; MJ12bot/v1.4.8; http://mj12bot.com/)"
74.7.241.28 - - [19/Mar/2026:16:06:15 +0000] "GET /buy.php?detail/00600378015398 HTTP/1.1" 200 148289 "https://inception-blue.com/buy.php?detail/00600068970670" "Mozilla/5.0 AppleWebKit/537.36 (KHTML, like Gecko; compatible; GPTBot/1.3; +https://openai.com/gptbot)"
2001:41d0:303:a57e::1 - - [19/Mar/2026:16:06:19 +0000] "GET /comments/feed/?dir=%2Frun%2Fudev%2Fdata&read=%2Frun%2Fudev%2Fdata%2Fc4%3A57 HTTP/1.1" 200 13857 "-" "Mozilla/5.0 (compatible; MJ12bot/v1.4.8; http://mj12bot.com/)"
74.7.241.28 - - [19/Mar/2026:16:06:18 +0000] "GET /buy.php?detail/01501664769636 HTTP/1.1" 200 154274 "https://inception-blue.com/buy.php?goods/015025230" "Mozilla/5.0 AppleWebKit/537.36 (KHTML, like Gecko; compatible; GPTBot/1.3; +https://openai.com/gptbot)"
74.7.241.28 - - [19/Mar/2026:16:06:21 +0000] "GET /buy.php?jp/296023026.html HTTP/1.1" 200 149690 "https://inception-blue.com/buy.php?detail/28201935741437" "Mozilla/5.0 AppleWebKit/537.36 (KHTML, like Gecko; compatible; GPTBot/1.3; +https://openai.com/gptbot)"
2001:41d0:303:a57e::1 - - [19/Mar/2026:16:06:24 +0000] "GET /comments/feed/?dir=/run/udev/data&read=/run/udev/data/c4:58 HTTP/1.1" 301 12144 "-" "Mozilla/5.0 (compatible; MJ12bot/v1.4.8; http://mj12bot.com/)"
74.7.241.28 - - [19/Mar/2026:16:06:25 +0000] "GET /buy.php?detail/04803190416914 HTTP/1.1" 200 146418 "https://inception-blue.com/buy.php?detail/12703959089924" "Mozilla/5.0 AppleWebKit/537.36 (KHTML, like Gecko; compatible; GPTBot/1.3; +https://openai.com/gptbot)"
74.7.241.28 - - [19/Mar/2026:16:06:28 +0000] "GET /buy.php?detail/04904440606978 HTTP/1.1" 200 145341 "https://inception-blue.com/buy.php?detail/23600736392009" "Mozilla/5.0 AppleWebKit/537.36 (KHTML, like Gecko; compatible; GPTBot/1.3; +https://openai.com/gptbot)"
2001:41d0:303:a57e::1 - - [19/Mar/2026:16:06:29 +0000] "GET /comments/feed/?dir=%2Frun%2Fudev%2Fdata&read=%2Frun%2Fudev%2Fdata%2Fc4%3A58 HTTP/1.1" 200 13857 "-" "Mozilla/5.0 (compatible; MJ12bot/v1.4.8; http://mj12bot.com/)"
216.73.216.36 - - [19/Mar/2026:16:06:32 +0000] "GET /934555905 HTTP/1.1" 404 185483 "-" "Mozilla/5.0 AppleWebKit/537.36 (KHTML, like Gecko; compatible; ClaudeBot/1.0; +claudebot@anthropic.com)"
74.7.241.28 - - [19/Mar/2026:16:06:31 +0000] "GET /buy.php?detail/10400047244839 HTTP/1.1" 200 157365 "https://inception-blue.com/buy.php?detail/23600736392009" "Mozilla/5.0 AppleWebKit/537.36 (KHTML, like Gecko; compatible; GPTBot/1.3; +https://openai.com/gptbot)"
2001:41d0:303:a57e::1 - - [19/Mar/2026:16:06:33 +0000] "GET /comments/feed/?dir=/run/udev/data&read=/run/udev/data/c4:59 HTTP/1.1" 200 12144 "-" "Mozilla/5.0 (compatible; MJ12bot/v1.4.8; http://mj12bot.com/)"
74.7.241.28 - - [19/Mar/2026:16:06:34 +0000] "GET /buy.php?detail/28202288494941 HTTP/1.1" 200 154693 "https://inception-blue.com/buy.php?detail/28201935741437" "Mozilla/5.0 AppleWebKit/537.36 (KHTML, like Gecko; compatible; GPTBot/1.3; +https://openai.com/gptbot)"
2001:41d0:303:a57e::1 - - [19/Mar/2026:16:06:38 +0000] "GET /comments/feed/?dir=/run/udev/data&read=/run/udev/data/c4:6 HTTP/1.1" 301 12142 "-" "Mozilla/5.0 (compatible; MJ12bot/v1.4.8; http://mj12bot.com/)"
74.7.241.28 - - [19/Mar/2026:16:06:37 +0000] "GET /buy.php?detail/04000644244715 HTTP/1.1" 200 158224 "https://inception-blue.com/buy.php?detail/04001494273344" "Mozilla/5.0 AppleWebKit/537.36 (KHTML, like Gecko; compatible; GPTBot/1.3; +https://openai.com/gptbot)"
74.7.241.28 - - [19/Mar/2026:16:06:40 +0000] "GET /buy.php?detail/11602754907651 HTTP/1.1" 200 168160 "https://inception-blue.com/buy.php?detail/28202321543242" "Mozilla/5.0 AppleWebKit/537.36 (KHTML, like Gecko; compatible; GPTBot/1.3; +https://openai.com/gptbot)"
2001:41d0:303:a57e::1 - - [19/Mar/2026:16:06:42 +0000] "GET /comments/feed/?dir=%2Frun%2Fudev%2Fdata&read=%2Frun%2Fudev%2Fdata%2Fc4%3A6 HTTP/1.1" 200 13854 "-" "Mozilla/5.0 (compatible; MJ12bot/v1.4.8; http://mj12bot.com/)"
74.7.241.28 - - [19/Mar/2026:16:06:44 +0000] "GET /buy.php?detail/20501348989324 HTTP/1.1" 200 155862 "https://inception-blue.com/buy.php?detail/04001494273344" "Mozilla/5.0 AppleWebKit/537.36 (KHTML, like Gecko; compatible; GPTBot/1.3; +https://openai.com/gptbot)"
2001:41d0:303:a57e::1 - - [19/Mar/2026:16:06:47 +0000] "GET /comments/feed/?dir=/run/udev/data&read=/run/udev/data/c4:60 HTTP/1.1" 301 12144 "-" "Mozilla/5.0 (compatible; MJ12bot/v1.4.8; http://mj12bot.com/)"
159.223.142.74 - - [19/Mar/2026:16:06:48 +0000] "POST /wp-cron.php?doing_wp_cron=1773936408.4033269882202148437500 HTTP/1.1" 403 185483 "-" "WordPress/6.9.4; https://inception-blue.com"
74.7.241.28 - - [19/Mar/2026:16:06:47 +0000] "GET /buy.php?detail/00403399231314 HTTP/1.1" 200 162963 "https://inception-blue.com/buy.php?detail/04001494273344" "Mozilla/5.0 AppleWebKit/537.36 (KHTML, like Gecko; compatible; GPTBot/1.3; +https://openai.com/gptbot)"
66.249.77.7 - - [19/Mar/2026:16:06:49 +0000] "GET /?jp/134041021.html HTTP/1.1" 200 312647 "-" "Mozilla/5.0 (Linux; Android 6.0.1; Nexus 5X Build/MMB29P) AppleWebKit/537.36 (KHTML, like Gecko) Chrome/145.0.7632.159 Mobile Safari/537.36 (compatible; Googlebot/2.1; +http://www.google.com/bot.html)"
2001:41d0:303:a57e::1 - - [19/Mar/2026:16:06:51 +0000] "GET /comments/feed/?dir=%2Frun%2Fudev%2Fdata&read=%2Frun%2Fudev%2Fdata%2Fc4%3A60 HTTP/1.1" 200 13857 "-" "Mozilla/5.0 (compatible; MJ12bot/v1.4.8; http://mj12bot.com/)"
74.7.241.28 - - [19/Mar/2026:16:06:50 +0000] "GET /buy.php?detail/14501958295290 HTTP/1.1" 200 154892 "https://inception-blue.com/buy.php?detail/00600378015398" "Mozilla/5.0 AppleWebKit/537.36 (KHTML, like Gecko; compatible; GPTBot/1.3; +https://openai.com/gptbot)"
74.7.241.28 - - [19/Mar/2026:16:06:53 +0000] "GET /buy.php?detail/21201464552750 HTTP/1.1" 200 166093 "https://inception-blue.com/buy.php?goods/015025230" "Mozilla/5.0 AppleWebKit/537.36 (KHTML, like Gecko; compatible; GPTBot/1.3; +https://openai.com/gptbot)"
2001:41d0:303:a57e::1 - - [19/Mar/2026:16:06:56 +0000] "GET /comments/feed/?dir=/run/udev/data&read=/run/udev/data/c4:61 HTTP/1.1" 301 12144 "-" "Mozilla/5.0 (compatible; MJ12bot/v1.4.8; http://mj12bot.com/)"
74.7.241.28 - - [19/Mar/2026:16:06:56 +0000] "GET /buy.php?detail/01502804576006 HTTP/1.1" 200 163728 "https://inception-blue.com/buy.php?detail/01502525999439" "Mozilla/5.0 AppleWebKit/537.36 (KHTML, like Gecko; compatible; GPTBot/1.3; +https://openai.com/gptbot)"
74.7.241.28 - - [19/Mar/2026:16:06:59 +0000] "GET /buy.php?goods/270047907 HTTP/1.1" 200 159852 "https://inception-blue.com/buy.php?detail/04803190416914" "Mozilla/5.0 AppleWebKit/537.36 (KHTML, like Gecko; compatible; GPTBot/1.3; +https://openai.com/gptbot)"
2001:41d0:303:a57e::1 - - [19/Mar/2026:16:07:01 +0000] "GET /comments/feed/?dir=%2Frun%2Fudev%2Fdata&read=%2Frun%2Fudev%2Fdata%2Fc4%3A61 HTTP/1.1" 200 13857 "-" "Mozilla/5.0 (compatible; MJ12bot/v1.4.8; http://mj12bot.com/)"
74.7.241.28 - - [19/Mar/2026:16:07:03 +0000] "GET /buy.php?detail/23601968587158 HTTP/1.1" 200 158057 "https://inception-blue.com/buy.php?detail/23600736392009" "Mozilla/5.0 AppleWebKit/537.36 (KHTML, like Gecko; compatible; GPTBot/1.3; +https://openai.com/gptbot)"
2001:41d0:303:a57e::1 - - [19/Mar/2026:16:07:05 +0000] "GET /comments/feed/?dir=/run/udev/data&read=/run/udev/data/c4:62 HTTP/1.1" 301 12144 "-" "Mozilla/5.0 (compatible; MJ12bot/v1.4.8; http://mj12bot.com/)"
74.7.241.28 - - [19/Mar/2026:16:07:06 +0000] "GET /buy.php?detail/10401104741660 HTTP/1.1" 200 153500 "https://inception-blue.com/buy.php?detail/10400047244839" "Mozilla/5.0 AppleWebKit/537.36 (KHTML, like Gecko; compatible; GPTBot/1.3; +https://openai.com/gptbot)"
2001:41d0:303:a57e::1 - - [19/Mar/2026:16:07:10 +0000] "GET /comments/feed/?dir=%2Frun%2Fudev%2Fdata&read=%2Frun%2Fudev%2Fdata%2Fc4%3A62 HTTP/1.1" 200 13857 "-" "Mozilla/5.0 (compatible; MJ12bot/v1.4.8; http://mj12bot.com/)"
74.7.241.28 - - [19/Mar/2026:16:07:09 +0000] "GET /buy.php?m89584777486 HTTP/1.1" 200 155094 "https://inception-blue.com/buy.php?detail/10400047244839" "Mozilla/5.0 AppleWebKit/537.36 (KHTML, like Gecko; compatible; GPTBot/1.3; +https://openai.com/gptbot)"
74.7.241.28 - - [19/Mar/2026:16:07:12 +0000] "GET /buy.php?m88875436623 HTTP/1.1" 200 157441 "https://inception-blue.com/buy.php?detail/04803190416914" "Mozilla/5.0 AppleWebKit/537.36 (KHTML, like Gecko; compatible; GPTBot/1.3; +https://openai.com/gptbot)"
2001:41d0:303:a57e::1 - - [19/Mar/2026:16:07:15 +0000] "GET /comments/feed/?dir=/run/udev/data&read=/run/udev/data/c4:63 HTTP/1.1" 301 12144 "-" "Mozilla/5.0 (compatible; MJ12bot/v1.4.8; http://mj12bot.com/)"
74.7.241.28 - - [19/Mar/2026:16:07:15 +0000] "GET /buy.php?detail/15003654707428 HTTP/1.1" 200 155128 "https://inception-blue.com/buy.php?detail/17203755310792" "Mozilla/5.0 AppleWebKit/537.36 (KHTML, like Gecko; compatible; GPTBot/1.3; +https://openai.com/gptbot)"
2001:41d0:303:a57e::1 - - [19/Mar/2026:16:07:19 +0000] "GET /comments/feed/?dir=%2Frun%2Fudev%2Fdata&read=%2Frun%2Fudev%2Fdata%2Fc4%3A63 HTTP/1.1" 200 13857 "-" "Mozilla/5.0 (compatible; MJ12bot/v1.4.8; http://mj12bot.com/)"
74.7.241.28 - - [19/Mar/2026:16:07:19 +0000] "GET /buy.php?detail/18303769394570 HTTP/1.1" 200 153782 "https://inception-blue.com/buy.php?detail/29800312983996" "Mozilla/5.0 AppleWebKit/537.36 (KHTML, like Gecko; compatible; GPTBot/1.3; +https://openai.com/gptbot)"
74.7.241.28 - - [19/Mar/2026:16:07:22 +0000] "GET /buy.php?detail/05904362512753 HTTP/1.1" 200 155834 "https://inception-blue.com/buy.php?detail/10300366973329" "Mozilla/5.0 AppleWebKit/537.36 (KHTML, like Gecko; compatible; GPTBot/1.3; +https://openai.com/gptbot)"
2001:41d0:303:a57e::1 - - [19/Mar/2026:16:07:24 +0000] "GET /comments/feed/?dir=/run/udev/data&read=/run/udev/data/c4:64 HTTP/1.1" 301 12164 "-" "Mozilla/5.0 (compatible; MJ12bot/v1.4.8; http://mj12bot.com/)"
74.7.241.28 - - [19/Mar/2026:16:07:25 +0000] "GET /buy.php?detail/16504321623402 HTTP/1.1" 200 154461 "https://inception-blue.com/buy.php?detail/14501958295290" "Mozilla/5.0 AppleWebKit/537.36 (KHTML, like Gecko; compatible; GPTBot/1.3; +https://openai.com/gptbot)"
2001:41d0:303:a57e::1 - - [19/Mar/2026:16:07:28 +0000] "GET /comments/feed/?dir=%2Frun%2Fudev%2Fdata&read=%2Frun%2Fudev%2Fdata%2Fc4%3A64 HTTP/1.1" 200 13877 "-" "Mozilla/5.0 (compatible; MJ12bot/v1.4.8; http://mj12bot.com/)"
74.7.241.28 - - [19/Mar/2026:16:07:28 +0000] "GET /buy.php?jp/212009938.html HTTP/1.1" 200 164881 "https://inception-blue.com/buy.php?detail/21201464552750" "Mozilla/5.0 AppleWebKit/537.36 (KHTML, like Gecko; compatible; GPTBot/1.3; +https://openai.com/gptbot)"
216.73.216.36 - - [19/Mar/2026:16:07:31 +0000] "GET /149038731 HTTP/1.1" 404 185483 "-" "Mozilla/5.0 AppleWebKit/537.36 (KHTML, like Gecko; compatible; ClaudeBot/1.0; +claudebot@anthropic.com)"
74.7.241.28 - - [19/Mar/2026:16:07:31 +0000] "GET /buy.php?detail/14704841175016 HTTP/1.1" 200 155028 "https://inception-blue.com/buy.php?detail/01502804576006" "Mozilla/5.0 AppleWebKit/537.36 (KHTML, like Gecko; compatible; GPTBot/1.3; +https://openai.com/gptbot)"
2001:41d0:303:a57e::1 - - [19/Mar/2026:16:07:33 +0000] "GET /comments/feed/?dir=/run/udev/data&read=/run/udev/data/c4:65 HTTP/1.1" 301 12164 "-" "Mozilla/5.0 (compatible; MJ12bot/v1.4.8; http://mj12bot.com/)"
74.7.241.28 - - [19/Mar/2026:16:07:34 +0000] "GET /buy.php?detail/23803651549693 HTTP/1.1" 200 152239 "https://inception-blue.com/buy.php?detail/26400190956478" "Mozilla/5.0 AppleWebKit/537.36 (KHTML, like Gecko; compatible; GPTBot/1.3; +https://openai.com/gptbot)"
2001:41d0:303:a57e::1 - - [19/Mar/2026:16:07:38 +0000] "GET /comments/feed/?dir=%2Frun%2Fudev%2Fdata&read=%2Frun%2Fudev%2Fdata%2Fc4%3A65 HTTP/1.1" 200 13877 "-" "Mozilla/5.0 (compatible; MJ12bot/v1.4.8; http://mj12bot.com/)"
74.7.241.28 - - [19/Mar/2026:16:07:38 +0000] "GET /buy.php?detail/15200384135497 HTTP/1.1" 200 153405 "https://inception-blue.com/buy.php?detail/15200425251353" "Mozilla/5.0 AppleWebKit/537.36 (KHTML, like Gecko; compatible; GPTBot/1.3; +https://openai.com/gptbot)"
74.7.241.28 - - [19/Mar/2026:16:07:41 +0000] "GET /buy.php?detail/10400641465620 HTTP/1.1" 200 153852 "https://inception-blue.com/buy.php?detail/10401104741660" "Mozilla/5.0 AppleWebKit/537.36 (KHTML, like Gecko; compatible; GPTBot/1.3; +https://openai.com/gptbot)"
2001:41d0:303:a57e::1 - - [19/Mar/2026:16:07:43 +0000] "GET /comments/feed/?dir=/run/udev/data&read=/run/udev/data/c4:66 HTTP/1.1" 301 12164 "-" "Mozilla/5.0 (compatible; MJ12bot/v1.4.8; http://mj12bot.com/)"
74.7.241.28 - - [19/Mar/2026:16:07:44 +0000] "GET /buy.php?m13336822596 HTTP/1.1" 200 148641 "https://inception-blue.com/buy.php?detail/10401104741660" "Mozilla/5.0 AppleWebKit/537.36 (KHTML, like Gecko; compatible; GPTBot/1.3; +https://openai.com/gptbot)"
74.7.241.28 - - [19/Mar/2026:16:07:47 +0000] "GET /buy.php?083000894.htm HTTP/1.1" 200 157749 "https://inception-blue.com/buy.php?m88875436623" "Mozilla/5.0 AppleWebKit/537.36 (KHTML, like Gecko; compatible; GPTBot/1.3; +https://openai.com/gptbot)"
2001:41d0:303:a57e::1 - - [19/Mar/2026:16:07:48 +0000] "GET /comments/feed/?dir=%2Frun%2Fudev%2Fdata&read=%2Frun%2Fudev%2Fdata%2Fc4%3A66 HTTP/1.1" 200 13874 "-" "Mozilla/5.0 (compatible; MJ12bot/v1.4.8; http://mj12bot.com/)"
159.223.142.74 - - [19/Mar/2026:16:07:49 +0000] "POST /wp-cron.php?doing_wp_cron=1773936469.0529000759124755859375 HTTP/1.1" 403 185480 "-" "WordPress/6.9.4; https://inception-blue.com"
216.73.216.36 - - [19/Mar/2026:16:07:52 +0000] "GET /?g=fhf266hyo8836pgmkuyimc HTTP/1.1" 200 223050 "-" "Mozilla/5.0 AppleWebKit/537.36 (KHTML, like Gecko; compatible; ClaudeBot/1.0; +claudebot@anthropic.com)"
74.7.241.28 - - [19/Mar/2026:16:07:50 +0000] "GET /buy.php?detail/01001837419764 HTTP/1.1" 200 143928 "https://inception-blue.com/buy.php?detail/15003654707428" "Mozilla/5.0 AppleWebKit/537.36 (KHTML, like Gecko; compatible; GPTBot/1.3; +https://openai.com/gptbot)"
2001:41d0:303:a57e::1 - - [19/Mar/2026:16:07:54 +0000] "GET /comments/feed/?dir=/run/udev/data&read=/run/udev/data/c4:67 HTTP/1.1" 301 12161 "-" "Mozilla/5.0 (compatible; MJ12bot/v1.4.8; http://mj12bot.com/)"
216.73.216.36 - - [19/Mar/2026:16:07:54 +0000] "GET /?z=tjdpj300bs2602phdexed HTTP/1.1" 200 223045 "-" "Mozilla/5.0 AppleWebKit/537.36 (KHTML, like Gecko; compatible; ClaudeBot/1.0; +claudebot@anthropic.com)"
74.7.241.28 - - [19/Mar/2026:16:07:53 +0000] "GET /buy.php?detail/15002244069109 HTTP/1.1" 200 154085 "https://inception-blue.com/buy.php?detail/15003654707428" "Mozilla/5.0 AppleWebKit/537.36 (KHTML, like Gecko; compatible; GPTBot/1.3; +https://openai.com/gptbot)"
216.73.216.36 - - [19/Mar/2026:16:07:57 +0000] "GET /shop/pg/1howto?dir=%2F HTTP/1.1" 404 185480 "-" "Mozilla/5.0 AppleWebKit/537.36 (KHTML, like Gecko; compatible; ClaudeBot/1.0; +claudebot@anthropic.com)"
74.7.241.28 - - [19/Mar/2026:16:07:56 +0000] "GET /buy.php?detail/21700450156838 HTTP/1.1" 200 152536 "https://inception-blue.com/buy.php?detail/21703536146661" "Mozilla/5.0 AppleWebKit/537.36 (KHTML, like Gecko; compatible; GPTBot/1.3; +https://openai.com/gptbot)"
2001:41d0:303:a57e::1 - - [19/Mar/2026:16:07:59 +0000] "GET /comments/feed/?dir=%2Frun%2Fudev%2Fdata&read=%2Frun%2Fudev%2Fdata%2Fc4%3A67 HTTP/1.1" 200 13874 "-" "Mozilla/5.0 (compatible; MJ12bot/v1.4.8; http://mj12bot.com/)"
216.73.216.36 - - [19/Mar/2026:16:08:01 +0000] "GET /product/046010947 HTTP/1.1" 404 185480 "-" "Mozilla/5.0 AppleWebKit/537.36 (KHTML, like Gecko; compatible; ClaudeBot/1.0; +claudebot@anthropic.com)"
74.7.241.28 - - [19/Mar/2026:16:08:00 +0000] "GET /buy.php?jp/165016634.html HTTP/1.1" 200 158919 "https://inception-blue.com/buy.php?detail/16504321623402" "Mozilla/5.0 AppleWebKit/537.36 (KHTML, like Gecko; compatible; GPTBot/1.3; +https://openai.com/gptbot)"
2001:41d0:303:a57e::1 - - [19/Mar/2026:16:08:03 +0000] "GET /comments/feed/?dir=/run/udev/data&read=/run/udev/data/c4:7 HTTP/1.1" 301 12139 "-" "Mozilla/5.0 (compatible; MJ12bot/v1.4.8; http://mj12bot.com/)"
74.7.241.28 - - [19/Mar/2026:16:08:03 +0000] "GET /buy.php?detail/21200848081240 HTTP/1.1" 200 159063 "https://inception-blue.com/buy.php?jp/212009938.html" "Mozilla/5.0 AppleWebKit/537.36 (KHTML, like Gecko; compatible; GPTBot/1.3; +https://openai.com/gptbot)"
216.73.216.36 - - [19/Mar/2026:16:08:05 +0000] "GET /shop/pg/1howto?dir=%2Fhome%2Finceptionblue%2Fpublic_html%2Fwp-includes HTTP/1.1" 404 578096 "-" "Mozilla/5.0 AppleWebKit/537.36 (KHTML, like Gecko; compatible; ClaudeBot/1.0; +claudebot@anthropic.com)"
74.7.241.28 - - [19/Mar/2026:16:08:06 +0000] "GET /buy.php?detail/23600619227824 HTTP/1.1" 200 159805 "https://inception-blue.com/buy.php?detail/14704841175016" "Mozilla/5.0 AppleWebKit/537.36 (KHTML, like Gecko; compatible; GPTBot/1.3; +https://openai.com/gptbot)"
216.73.216.36 - - [19/Mar/2026:16:08:08 +0000] "GET /shop/pg/1howto?dir=%2Fhome%2Finceptionblue%2Fpublic_html%2Fwp-admin HTTP/1.1" 404 287495 "-" "Mozilla/5.0 AppleWebKit/537.36 (KHTML, like Gecko; compatible; ClaudeBot/1.0; +claudebot@anthropic.com)"
2001:41d0:303:a57e::1 - - [19/Mar/2026:16:08:09 +0000] "GET /comments/feed/?dir=%2Frun%2Fudev%2Fdata&read=%2Frun%2Fudev%2Fdata%2Fc4%3A7 HTTP/1.1" 200 13851 "-" "Mozilla/5.0 (compatible; MJ12bot/v1.4.8; http://mj12bot.com/)"
74.7.241.28 - - [19/Mar/2026:16:08:09 +0000] "GET /buy.php?detail/23801132553269 HTTP/1.1" 200 153275 "https://inception-blue.com/buy.php?detail/23803651549693" "Mozilla/5.0 AppleWebKit/537.36 (KHTML, like Gecko; compatible; GPTBot/1.3; +https://openai.com/gptbot)"
216.73.216.36 - - [19/Mar/2026:16:08:11 +0000] "GET /shop/pg/1howto?dir=%2Fhome%2Finceptionblue%2Fpublic_html%2Fcgi-bin HTTP/1.1" 404 136866 "-" "Mozilla/5.0 AppleWebKit/537.36 (KHTML, like Gecko; compatible; ClaudeBot/1.0; +claudebot@anthropic.com)"
2001:41d0:303:a57e::1 - - [19/Mar/2026:16:08:13 +0000] "GET /comments/feed/?dir=/run/udev/data&read=/run/udev/data/c4:8 HTTP/1.1" 301 12139 "-" "Mozilla/5.0 (compatible; MJ12bot/v1.4.8; http://mj12bot.com/)"
74.7.241.28 - - [19/Mar/2026:16:08:12 +0000] "GET /buy.php?detail/23801117274968 HTTP/1.1" 200 155040 "https://inception-blue.com/buy.php?detail/23803651549693" "Mozilla/5.0 AppleWebKit/537.36 (KHTML, like Gecko; compatible; GPTBot/1.3; +https://openai.com/gptbot)"
216.73.216.36 - - [19/Mar/2026:16:08:14 +0000] "GET /shop/pg/1howto?dir=%2Fhome HTTP/1.1" 404 192314 "-" "Mozilla/5.0 AppleWebKit/537.36 (KHTML, like Gecko; compatible; ClaudeBot/1.0; +claudebot@anthropic.com)"
74.7.241.28 - - [19/Mar/2026:16:08:16 +0000] "GET /buy.php?detail/10400539671464 HTTP/1.1" 200 153796 "https://inception-blue.com/buy.php?detail/10400641465620" "Mozilla/5.0 AppleWebKit/537.36 (KHTML, like Gecko; compatible; GPTBot/1.3; +https://openai.com/gptbot)"
2001:41d0:303:a57e::1 - - [19/Mar/2026:16:08:18 +0000] "GET /comments/feed/?dir=%2Frun%2Fudev%2Fdata&read=%2Frun%2Fudev%2Fdata%2Fc4%3A8 HTTP/1.1" 200 13851 "-" "Mozilla/5.0 (compatible; MJ12bot/v1.4.8; http://mj12bot.com/)"
74.7.241.28 - - [19/Mar/2026:16:08:19 +0000] "GET /buy.php?detail/14700775595396 HTTP/1.1" 200 160068 "https://inception-blue.com/buy.php?detail/14704841175016" "Mozilla/5.0 AppleWebKit/537.36 (KHTML, like Gecko; compatible; GPTBot/1.3; +https://openai.com/gptbot)"
2001:41d0:303:a57e::1 - - [19/Mar/2026:16:08:23 +0000] "GET /comments/feed/?dir=/run/udev/data&read=/run/udev/data/c4:9 HTTP/1.1" 301 12139 "-" "Mozilla/5.0 (compatible; MJ12bot/v1.4.8; http://mj12bot.com/)"
74.7.241.28 - - [19/Mar/2026:16:08:22 +0000] "GET /buy.php?detail/08300137842092 HTTP/1.1" 200 158493 "https://inception-blue.com/buy.php?083000894.htm" "Mozilla/5.0 AppleWebKit/537.36 (KHTML, like Gecko; compatible; GPTBot/1.3; +https://openai.com/gptbot)"
74.7.241.28 - - [19/Mar/2026:16:08:25 +0000] "GET /buy.php?detail/17103916598874 HTTP/1.1" 200 153178 "https://inception-blue.com/buy.php?detail/20901816518507" "Mozilla/5.0 AppleWebKit/537.36 (KHTML, like Gecko; compatible; GPTBot/1.3; +https://openai.com/gptbot)"
2001:41d0:303:a57e::1 - - [19/Mar/2026:16:08:28 +0000] "GET /comments/feed/?dir=%2Frun%2Fudev%2Fdata&read=%2Frun%2Fudev%2Fdata%2Fc4%3A9 HTTP/1.1" 200 13854 "-" "Mozilla/5.0 (compatible; MJ12bot/v1.4.8; http://mj12bot.com/)"
74.7.241.28 - - [19/Mar/2026:16:08:28 +0000] "GET /buy.php?detail/28000483462142 HTTP/1.1" 200 156783 "https://inception-blue.com/buy.php?detail/15002244069109" "Mozilla/5.0 AppleWebKit/537.36 (KHTML, like Gecko; compatible; GPTBot/1.3; +https://openai.com/gptbot)"
2001:41d0:303:a57e::1 - - [19/Mar/2026:16:08:32 +0000] "GET /comments/feed/?dir=/run/udev/data&read=/run/udev/data/c5:0 HTTP/1.1" 301 12142 "-" "Mozilla/5.0 (compatible; MJ12bot/v1.4.8; http://mj12bot.com/)"
74.7.241.28 - - [19/Mar/2026:16:08:31 +0000] "GET /buy.php?detail/21600276276777 HTTP/1.1" 200 162854 "https://inception-blue.com/buy.php?detail/15002244069109" "Mozilla/5.0 AppleWebKit/537.36 (KHTML, like Gecko; compatible; GPTBot/1.3; +https://openai.com/gptbot)"
74.7.241.28 - - [19/Mar/2026:16:08:34 +0000] "GET /buy.php?detail/16501663484872 HTTP/1.1" 200 159167 "https://inception-blue.com/buy.php?jp/165016634.html" "Mozilla/5.0 AppleWebKit/537.36 (KHTML, like Gecko; compatible; GPTBot/1.3; +https://openai.com/gptbot)"
2001:41d0:303:a57e::1 - - [19/Mar/2026:16:08:37 +0000] "GET /comments/feed/?dir=%2Frun%2Fudev%2Fdata&read=%2Frun%2Fudev%2Fdata%2Fc5%3A0 HTTP/1.1" 200 13854 "-" "Mozilla/5.0 (compatible; MJ12bot/v1.4.8; http://mj12bot.com/)"
74.7.241.28 - - [19/Mar/2026:16:08:38 +0000] "GET /buy.php?detail/19700403278526 HTTP/1.1" 200 152912 "https://inception-blue.com/buy.php?detail/19701828748468" "Mozilla/5.0 AppleWebKit/537.36 (KHTML, like Gecko; compatible; GPTBot/1.3; +https://openai.com/gptbot)"
2001:41d0:303:a57e::1 - - [19/Mar/2026:16:08:42 +0000] "GET /comments/feed/?dir=/run/udev/data&read=/run/udev/data/c5:1 HTTP/1.1" 301 12142 "-" "Mozilla/5.0 (compatible; MJ12bot/v1.4.8; http://mj12bot.com/)"
74.7.241.28 - - [19/Mar/2026:16:08:41 +0000] "GET /buy.php?detail/27702041049016 HTTP/1.1" 200 161529 "https://inception-blue.com/buy.php?detail/23600619227824" "Mozilla/5.0 AppleWebKit/537.36 (KHTML, like Gecko; compatible; GPTBot/1.3; +https://openai.com/gptbot)"
74.7.241.28 - - [19/Mar/2026:16:08:44 +0000] "GET /buy.php?detail/23803691383435 HTTP/1.1" 200 169568 "https://inception-blue.com/buy.php?detail/23801132553269" "Mozilla/5.0 AppleWebKit/537.36 (KHTML, like Gecko; compatible; GPTBot/1.3; +https://openai.com/gptbot)"
2001:41d0:303:a57e::1 - - [19/Mar/2026:16:08:47 +0000] "GET /comments/feed/?dir=%2Frun%2Fudev%2Fdata&read=%2Frun%2Fudev%2Fdata%2Fc5%3A1 HTTP/1.1" 200 13854 "-" "Mozilla/5.0 (compatible; MJ12bot/v1.4.8; http://mj12bot.com/)"
74.7.241.28 - - [19/Mar/2026:16:08:47 +0000] "GET /buy.php?detail/23602397505184 HTTP/1.1" 200 160009 "https://inception-blue.com/buy.php?detail/23600619227824" "Mozilla/5.0 AppleWebKit/537.36 (KHTML, like Gecko; compatible; GPTBot/1.3; +https://openai.com/gptbot)"
74.7.241.28 - - [19/Mar/2026:16:08:50 +0000] "GET /buy.php?detail/08101269691755 HTTP/1.1" 200 146153 "https://inception-blue.com/buy.php?detail/10400539671464" "Mozilla/5.0 AppleWebKit/537.36 (KHTML, like Gecko; compatible; GPTBot/1.3; +https://openai.com/gptbot)"
2001:41d0:303:a57e::1 - - [19/Mar/2026:16:08:51 +0000] "GET /comments/feed/?dir=/run/udev/data&read=/run/udev/data/c5:2 HTTP/1.1" 301 12142 "-" "Mozilla/5.0 (compatible; MJ12bot/v1.4.8; http://mj12bot.com/)"
