74.7.241.28 - - [19/Mar/2026:14:42:26 +0000] "GET /buy.php?detail/21100748272213 HTTP/1.1" 200 154312 "https://inception-blue.com/buy.php?jp/211026404.html" "Mozilla/5.0 AppleWebKit/537.36 (KHTML, like Gecko; compatible; GPTBot/1.3; +https://openai.com/gptbot)"
74.7.241.28 - - [19/Mar/2026:14:42:29 +0000] "GET /buy.php?081000208.htm HTTP/1.1" 200 144630 "https://inception-blue.com/buy.php?m26087842333" "Mozilla/5.0 AppleWebKit/537.36 (KHTML, like Gecko; compatible; GPTBot/1.3; +https://openai.com/gptbot)"
74.7.241.28 - - [19/Mar/2026:14:42:32 +0000] "GET /buy.php?detail/24202368990147 HTTP/1.1" 200 148585 "https://inception-blue.com/buy.php?detail/04300018443348" "Mozilla/5.0 AppleWebKit/537.36 (KHTML, like Gecko; compatible; GPTBot/1.3; +https://openai.com/gptbot)"
185.75.143.243 - - [19/Mar/2026:14:42:34 +0000] "GET /wp-login.php HTTP/1.1" 200 84587 "-" "Mozilla/5.0 (Windows NT 6.3; WOW64; Trident/7.0; MASPJS; rv:11.0) like Gecko"
159.223.142.74 - - [19/Mar/2026:14:42:35 +0000] "POST /wp-cron.php?doing_wp_cron=1773931355.1902740001678466796875 HTTP/1.1" 404 185482 "-" "WordPress/6.9.4; https://inception-blue.com"
185.75.143.243 - - [19/Mar/2026:14:42:36 +0000] "POST /wp-login.php HTTP/1.1" 200 84837 "https://inception-blue.com/wp-login.php" "Mozilla/5.0 (Windows NT 6.3; WOW64; Trident/7.0; MASPJS; rv:11.0) like Gecko"
74.7.241.28 - - [19/Mar/2026:14:42:35 +0000] "GET /buy.php?detail/05603976223584 HTTP/1.1" 200 167095 "https://inception-blue.com/buy.php?detail/03400271768974" "Mozilla/5.0 AppleWebKit/537.36 (KHTML, like Gecko; compatible; GPTBot/1.3; +https://openai.com/gptbot)"
74.7.241.28 - - [19/Mar/2026:14:42:39 +0000] "GET /buy.php?detail/07700931669528 HTTP/1.1" 200 157601 "https://inception-blue.com/buy.php?detail/07702308994941" "Mozilla/5.0 AppleWebKit/537.36 (KHTML, like Gecko; compatible; GPTBot/1.3; +https://openai.com/gptbot)"
74.7.241.28 - - [19/Mar/2026:14:42:42 +0000] "GET /buy.php?detail/24300599486887 HTTP/1.1" 200 156136 "https://inception-blue.com/buy.php?detail/2430073880962" "Mozilla/5.0 AppleWebKit/537.36 (KHTML, like Gecko; compatible; GPTBot/1.3; +https://openai.com/gptbot)"
74.7.241.28 - - [19/Mar/2026:14:42:45 +0000] "GET /buy.php?detail/13402352996090 HTTP/1.1" 200 157721 "https://inception-blue.com/buy.php?detail/16004521995763" "Mozilla/5.0 AppleWebKit/537.36 (KHTML, like Gecko; compatible; GPTBot/1.3; +https://openai.com/gptbot)"
74.7.241.28 - - [19/Mar/2026:14:42:48 +0000] "GET /buy.php?detail/11303648163685 HTTP/1.1" 200 156376 "https://inception-blue.com/buy.php?detail/11600322837699" "Mozilla/5.0 AppleWebKit/537.36 (KHTML, like Gecko; compatible; GPTBot/1.3; +https://openai.com/gptbot)"
74.7.241.28 - - [19/Mar/2026:14:42:51 +0000] "GET /buy.php?detail/24801579455327 HTTP/1.1" 200 149342 "https://inception-blue.com/buy.php?detail/00900162595128" "Mozilla/5.0 AppleWebKit/537.36 (KHTML, like Gecko; compatible; GPTBot/1.3; +https://openai.com/gptbot)"
74.7.241.28 - - [19/Mar/2026:14:42:55 +0000] "GET /buy.php?detail/08501559738664 HTTP/1.1" 200 155036 "https://inception-blue.com/buy.php?detail/08500577356991" "Mozilla/5.0 AppleWebKit/537.36 (KHTML, like Gecko; compatible; GPTBot/1.3; +https://openai.com/gptbot)"
74.7.241.28 - - [19/Mar/2026:14:42:58 +0000] "GET /buy.php?detail/13801087233459 HTTP/1.1" 200 154213 "https://inception-blue.com/buy.php?detail/13802358612561" "Mozilla/5.0 AppleWebKit/537.36 (KHTML, like Gecko; compatible; GPTBot/1.3; +https://openai.com/gptbot)"
66.249.77.5 - - [19/Mar/2026:14:43:00 +0000] "GET /77367364 HTTP/1.1" 200 306278 "-" "Mozilla/5.0 (Linux; Android 6.0.1; Nexus 5X Build/MMB29P) AppleWebKit/537.36 (KHTML, like Gecko) Chrome/145.0.7632.159 Mobile Safari/537.36 (compatible; Googlebot/2.1; +http://www.google.com/bot.html)"
74.7.241.28 - - [19/Mar/2026:14:43:01 +0000] "GET /buy.php?detail/21100544084622 HTTP/1.1" 200 154234 "https://inception-blue.com/buy.php?detail/21100748272213" "Mozilla/5.0 AppleWebKit/537.36 (KHTML, like Gecko; compatible; GPTBot/1.3; +https://openai.com/gptbot)"
74.7.241.28 - - [19/Mar/2026:14:43:04 +0000] "GET /buy.php?detail/15202698597635 HTTP/1.1" 200 156216 "https://inception-blue.com/buy.php?detail/21300612643923" "Mozilla/5.0 AppleWebKit/537.36 (KHTML, like Gecko; compatible; GPTBot/1.3; +https://openai.com/gptbot)"
74.7.241.28 - - [19/Mar/2026:14:43:07 +0000] "GET /buy.php?detail/14104006145554 HTTP/1.1" 200 154544 "https://inception-blue.com/buy.php?detail/24202368990147" "Mozilla/5.0 AppleWebKit/537.36 (KHTML, like Gecko; compatible; GPTBot/1.3; +https://openai.com/gptbot)"
74.7.241.28 - - [19/Mar/2026:14:43:10 +0000] "GET /buy.php?detail/11402913579884 HTTP/1.1" 200 155797 "https://inception-blue.com/buy.php?detail/02604340351772" "Mozilla/5.0 AppleWebKit/537.36 (KHTML, like Gecko; compatible; GPTBot/1.3; +https://openai.com/gptbot)"
74.7.241.28 - - [19/Mar/2026:14:43:14 +0000] "GET /buy.php?detail/07701135364142 HTTP/1.1" 200 154801 "https://inception-blue.com/buy.php?detail/07700931669528" "Mozilla/5.0 AppleWebKit/537.36 (KHTML, like Gecko; compatible; GPTBot/1.3; +https://openai.com/gptbot)"
74.7.241.28 - - [19/Mar/2026:14:43:17 +0000] "GET /buy.php?detail/04903213956481 HTTP/1.1" 200 152178 "https://inception-blue.com/buy.php?detail/29100773883583" "Mozilla/5.0 AppleWebKit/537.36 (KHTML, like Gecko; compatible; GPTBot/1.3; +https://openai.com/gptbot)"
74.7.241.28 - - [19/Mar/2026:14:43:20 +0000] "GET /buy.php?detail/17300249271965 HTTP/1.1" 200 155265 "https://inception-blue.com/buy.php?detail/06100130715992" "Mozilla/5.0 AppleWebKit/537.36 (KHTML, like Gecko; compatible; GPTBot/1.3; +https://openai.com/gptbot)"
74.7.241.28 - - [19/Mar/2026:14:43:23 +0000] "GET /buy.php?jp/113046533.html HTTP/1.1" 200 153040 "https://inception-blue.com/buy.php?detail/11303648163685" "Mozilla/5.0 AppleWebKit/537.36 (KHTML, like Gecko; compatible; GPTBot/1.3; +https://openai.com/gptbot)"
74.7.241.28 - - [19/Mar/2026:14:43:26 +0000] "GET /buy.php?goods/113047436 HTTP/1.1" 200 153375 "https://inception-blue.com/buy.php?detail/11303648163685" "Mozilla/5.0 AppleWebKit/537.36 (KHTML, like Gecko; compatible; GPTBot/1.3; +https://openai.com/gptbot)"
74.7.241.28 - - [19/Mar/2026:14:43:30 +0000] "GET /buy.php?detail/11304665760610 HTTP/1.1" 200 155378 "https://inception-blue.com/buy.php?detail/11303648163685" "Mozilla/5.0 AppleWebKit/537.36 (KHTML, like Gecko; compatible; GPTBot/1.3; +https://openai.com/gptbot)"
74.7.241.28 - - [19/Mar/2026:14:43:33 +0000] "GET /buy.php?detail/11304645366073 HTTP/1.1" 200 161445 "https://inception-blue.com/buy.php?detail/11303648163685" "Mozilla/5.0 AppleWebKit/537.36 (KHTML, like Gecko; compatible; GPTBot/1.3; +https://openai.com/gptbot)"
74.7.241.28 - - [19/Mar/2026:14:43:36 +0000] "GET /buy.php?detail/07901589872650 HTTP/1.1" 200 162825 "https://inception-blue.com/buy.php?detail/21100544084622" "Mozilla/5.0 AppleWebKit/537.36 (KHTML, like Gecko; compatible; GPTBot/1.3; +https://openai.com/gptbot)"
74.7.241.28 - - [19/Mar/2026:14:43:39 +0000] "GET /buy.php?m69430421119 HTTP/1.1" 200 156554 "https://inception-blue.com/buy.php?detail/11303648163685" "Mozilla/5.0 AppleWebKit/537.36 (KHTML, like Gecko; compatible; GPTBot/1.3; +https://openai.com/gptbot)"
74.7.241.28 - - [19/Mar/2026:14:43:42 +0000] "GET /buy.php?detail/15701934522588 HTTP/1.1" 200 154817 "https://inception-blue.com/buy.php?detail/20100850921047" "Mozilla/5.0 AppleWebKit/537.36 (KHTML, like Gecko; compatible; GPTBot/1.3; +https://openai.com/gptbot)"
74.7.241.28 - - [19/Mar/2026:14:43:45 +0000] "GET /buy.php?detail/11400406861770 HTTP/1.1" 200 153938 "https://inception-blue.com/buy.php?detail/11402913579884" "Mozilla/5.0 AppleWebKit/537.36 (KHTML, like Gecko; compatible; GPTBot/1.3; +https://openai.com/gptbot)"
66.249.77.3 - - [19/Mar/2026:14:43:50 +0000] "GET /7037282 HTTP/1.1" 200 312308 "-" "Mozilla/5.0 (Linux; Android 6.0.1; Nexus 5X Build/MMB29P) AppleWebKit/537.36 (KHTML, like Gecko) Chrome/145.0.7632.159 Mobile Safari/537.36 (compatible; Googlebot/2.1; +http://www.google.com/bot.html)"
74.7.241.28 - - [19/Mar/2026:14:43:49 +0000] "GET /buy.php?detail/07503126394215 HTTP/1.1" 200 161268 "https://inception-blue.com/buy.php?detail/16701130432008" "Mozilla/5.0 AppleWebKit/537.36 (KHTML, like Gecko; compatible; GPTBot/1.3; +https://openai.com/gptbot)"
74.7.241.28 - - [19/Mar/2026:14:43:52 +0000] "GET /buy.php?detail/18400256910349 HTTP/1.1" 200 157101 "https://inception-blue.com/buy.php?detail/18402687155825" "Mozilla/5.0 AppleWebKit/537.36 (KHTML, like Gecko; compatible; GPTBot/1.3; +https://openai.com/gptbot)"
74.7.241.28 - - [19/Mar/2026:14:43:55 +0000] "GET /buy.php?detail/03100584523716 HTTP/1.1" 200 154321 "https://inception-blue.com/buy.php?detail/21600948494903" "Mozilla/5.0 AppleWebKit/537.36 (KHTML, like Gecko; compatible; GPTBot/1.3; +https://openai.com/gptbot)"
74.7.241.28 - - [19/Mar/2026:14:43:58 +0000] "GET /buy.php?detail/27604341405925 HTTP/1.1" 200 155518 "https://inception-blue.com/buy.php?detail/12600326355544" "Mozilla/5.0 AppleWebKit/537.36 (KHTML, like Gecko; compatible; GPTBot/1.3; +https://openai.com/gptbot)"
74.7.241.28 - - [19/Mar/2026:14:44:01 +0000] "GET /buy.php?detail/11304340305719 HTTP/1.1" 200 151958 "https://inception-blue.com/buy.php?goods/113047436" "Mozilla/5.0 AppleWebKit/537.36 (KHTML, like Gecko; compatible; GPTBot/1.3; +https://openai.com/gptbot)"
74.7.241.28 - - [19/Mar/2026:14:44:04 +0000] "GET /buy.php?detail/15404441453970 HTTP/1.1" 200 158642 "https://inception-blue.com/buy.php?detail/11304665760610" "Mozilla/5.0 AppleWebKit/537.36 (KHTML, like Gecko; compatible; GPTBot/1.3; +https://openai.com/gptbot)"
74.7.241.28 - - [19/Mar/2026:14:44:07 +0000] "GET /buy.php?detail/25602309639651 HTTP/1.1" 200 165847 "https://inception-blue.com/buy.php?detail/11304665760610" "Mozilla/5.0 AppleWebKit/537.36 (KHTML, like Gecko; compatible; GPTBot/1.3; +https://openai.com/gptbot)"
74.7.241.28 - - [19/Mar/2026:14:44:10 +0000] "GET /buy.php?detail/14100272075102 HTTP/1.1" 200 156283 "https://inception-blue.com/buy.php?detail/07901589872650" "Mozilla/5.0 AppleWebKit/537.36 (KHTML, like Gecko; compatible; GPTBot/1.3; +https://openai.com/gptbot)"
74.7.241.28 - - [19/Mar/2026:14:44:13 +0000] "GET /buy.php?detail/11303049371587 HTTP/1.1" 200 153155 "https://inception-blue.com/buy.php?detail/11304645366073" "Mozilla/5.0 AppleWebKit/537.36 (KHTML, like Gecko; compatible; GPTBot/1.3; +https://openai.com/gptbot)"
74.7.241.28 - - [19/Mar/2026:14:44:17 +0000] "GET /buy.php?detail/15700583909392 HTTP/1.1" 200 152849 "https://inception-blue.com/buy.php?detail/15701934522588" "Mozilla/5.0 AppleWebKit/537.36 (KHTML, like Gecko; compatible; GPTBot/1.3; +https://openai.com/gptbot)"
74.7.241.28 - - [19/Mar/2026:14:44:20 +0000] "GET /buy.php?detail/06502421538084 HTTP/1.1" 200 143482 "https://inception-blue.com/buy.php?detail/11400406861770" "Mozilla/5.0 AppleWebKit/537.36 (KHTML, like Gecko; compatible; GPTBot/1.3; +https://openai.com/gptbot)"
74.7.241.28 - - [19/Mar/2026:14:44:23 +0000] "GET /buy.php?detail/11400447201979 HTTP/1.1" 200 153663 "https://inception-blue.com/buy.php?detail/11400406861770" "Mozilla/5.0 AppleWebKit/537.36 (KHTML, like Gecko; compatible; GPTBot/1.3; +https://openai.com/gptbot)"
74.7.241.28 - - [19/Mar/2026:14:44:26 +0000] "GET /buy.php?detail/17301972147587 HTTP/1.1" 200 148615 "https://inception-blue.com/buy.php?detail/18400256910349" "Mozilla/5.0 AppleWebKit/537.36 (KHTML, like Gecko; compatible; GPTBot/1.3; +https://openai.com/gptbot)"
74.7.241.28 - - [19/Mar/2026:14:44:29 +0000] "GET /buy.php?detail/03100161915440 HTTP/1.1" 200 160812 "https://inception-blue.com/buy.php?detail/03100584523716" "Mozilla/5.0 AppleWebKit/537.36 (KHTML, like Gecko; compatible; GPTBot/1.3; +https://openai.com/gptbot)"
74.7.241.28 - - [19/Mar/2026:14:44:32 +0000] "GET /buy.php?detail/15700582091477 HTTP/1.1" 200 162261 "https://inception-blue.com/buy.php?detail/15701934522588" "Mozilla/5.0 AppleWebKit/537.36 (KHTML, like Gecko; compatible; GPTBot/1.3; +https://openai.com/gptbot)"
195.201.165.118 - - [19/Mar/2026:14:44:33 +0000] "GET /wp-login.php HTTP/1.1" 200 84587 "-" "Mozilla/4.0 (compatible; MSIE 7.0; Windows NT 10.0; WOW64; Trident/7.0; .NET4.0C; .NET4.0E; .NET CLR 2.0.50727; .NET CLR 3.0.30729; .NET CLR 3.5.30729; McAfee)"
159.223.142.74 - - [19/Mar/2026:14:44:34 +0000] "POST /wp-cron.php?doing_wp_cron=1773931474.5940370559692382812500 HTTP/1.1" 404 185482 "-" "WordPress/6.9.4; https://inception-blue.com"
195.201.165.118 - - [19/Mar/2026:14:44:35 +0000] "POST /wp-login.php HTTP/1.1" 200 84836 "https://inception-blue.com/wp-login.php" "Mozilla/4.0 (compatible; MSIE 7.0; Windows NT 10.0; WOW64; Trident/7.0; .NET4.0C; .NET4.0E; .NET CLR 2.0.50727; .NET CLR 3.0.30729; .NET CLR 3.5.30729; McAfee)"
74.7.241.28 - - [19/Mar/2026:14:44:35 +0000] "GET /buy.php?detail/20901032313703 HTTP/1.1" 200 161181 "https://inception-blue.com/buy.php?detail/11304340305719" "Mozilla/5.0 AppleWebKit/537.36 (KHTML, like Gecko; compatible; GPTBot/1.3; +https://openai.com/gptbot)"
66.249.77.4 - - [19/Mar/2026:14:44:40 +0000] "GET /9156493 HTTP/1.1" 200 306309 "-" "Mozilla/5.0 (Linux; Android 6.0.1; Nexus 5X Build/MMB29P) AppleWebKit/537.36 (KHTML, like Gecko) Chrome/145.0.7632.159 Mobile Safari/537.36 (compatible; Googlebot/2.1; +http://www.google.com/bot.html)"
74.7.241.28 - - [19/Mar/2026:14:44:39 +0000] "GET /buy.php?detail/11301633212624 HTTP/1.1" 200 153158 "https://inception-blue.com/buy.php?detail/11304340305719" "Mozilla/5.0 AppleWebKit/537.36 (KHTML, like Gecko; compatible; GPTBot/1.3; +https://openai.com/gptbot)"
74.7.241.28 - - [19/Mar/2026:14:44:42 +0000] "GET /buy.php?detail/29504787552201 HTTP/1.1" 200 157480 "https://inception-blue.com/buy.php?goods/113047436" "Mozilla/5.0 AppleWebKit/537.36 (KHTML, like Gecko; compatible; GPTBot/1.3; +https://openai.com/gptbot)"
74.7.241.28 - - [19/Mar/2026:14:44:45 +0000] "GET /buy.php?detail/14100068240657 HTTP/1.1" 200 155177 "https://inception-blue.com/buy.php?detail/14100272075102" "Mozilla/5.0 AppleWebKit/537.36 (KHTML, like Gecko; compatible; GPTBot/1.3; +https://openai.com/gptbot)"
74.7.241.28 - - [19/Mar/2026:14:44:48 +0000] "GET /buy.php?detail/08904116735697 HTTP/1.1" 200 150724 "https://inception-blue.com/buy.php?detail/15604089979663" "Mozilla/5.0 AppleWebKit/537.36 (KHTML, like Gecko; compatible; GPTBot/1.3; +https://openai.com/gptbot)"
74.7.241.28 - - [19/Mar/2026:14:44:51 +0000] "GET /buy.php?detail/15603849264830 HTTP/1.1" 200 155450 "https://inception-blue.com/buy.php?detail/04900327555516" "Mozilla/5.0 AppleWebKit/537.36 (KHTML, like Gecko; compatible; GPTBot/1.3; +https://openai.com/gptbot)"
74.7.241.28 - - [19/Mar/2026:14:44:55 +0000] "GET /buy.php?detail/15704359327308 HTTP/1.1" 200 154120 "https://inception-blue.com/buy.php?detail/15702585682222" "Mozilla/5.0 AppleWebKit/537.36 (KHTML, like Gecko; compatible; GPTBot/1.3; +https://openai.com/gptbot)"
74.7.241.28 - - [19/Mar/2026:14:44:58 +0000] "GET /buy.php?detail/25901512459890 HTTP/1.1" 200 154622 "https://inception-blue.com/buy.php?detail/11400447201979" "Mozilla/5.0 AppleWebKit/537.36 (KHTML, like Gecko; compatible; GPTBot/1.3; +https://openai.com/gptbot)"
74.7.241.28 - - [19/Mar/2026:14:45:01 +0000] "GET /buy.php?detail/19403295822631 HTTP/1.1" 200 157284 "https://inception-blue.com/buy.php?detail/15303598768956" "Mozilla/5.0 AppleWebKit/537.36 (KHTML, like Gecko; compatible; GPTBot/1.3; +https://openai.com/gptbot)"
74.7.241.28 - - [19/Mar/2026:14:45:04 +0000] "GET /buy.php?detail/11301537024685 HTTP/1.1" 200 156785 "https://inception-blue.com/buy.php?detail/11302707559616" "Mozilla/5.0 AppleWebKit/537.36 (KHTML, like Gecko; compatible; GPTBot/1.3; +https://openai.com/gptbot)"
74.7.241.28 - - [19/Mar/2026:14:45:07 +0000] "GET /buy.php?detail/12404319780602 HTTP/1.1" 200 152927 "https://inception-blue.com/buy.php?detail/12404322902366" "Mozilla/5.0 AppleWebKit/537.36 (KHTML, like Gecko; compatible; GPTBot/1.3; +https://openai.com/gptbot)"
74.7.241.28 - - [19/Mar/2026:14:45:10 +0000] "GET /buy.php?detail/26003556817514 HTTP/1.1" 200 156703 "https://inception-blue.com/buy.php?detail/03201539310842" "Mozilla/5.0 AppleWebKit/537.36 (KHTML, like Gecko; compatible; GPTBot/1.3; +https://openai.com/gptbot)"
74.7.241.28 - - [19/Mar/2026:14:45:13 +0000] "GET /buy.php?detail/14000681061746 HTTP/1.1" 200 156377 "https://inception-blue.com/buy.php?detail/11301633212624" "Mozilla/5.0 AppleWebKit/537.36 (KHTML, like Gecko; compatible; GPTBot/1.3; +https://openai.com/gptbot)"
74.7.241.28 - - [19/Mar/2026:14:45:16 +0000] "GET /buy.php?detail/07200159594369 HTTP/1.1" 200 154807 "https://inception-blue.com/buy.php?detail/11301633212624" "Mozilla/5.0 AppleWebKit/537.36 (KHTML, like Gecko; compatible; GPTBot/1.3; +https://openai.com/gptbot)"
74.7.241.28 - - [19/Mar/2026:14:45:20 +0000] "GET /buy.php?detail/21402094022522 HTTP/1.1" 200 151346 "https://inception-blue.com/buy.php?detail/14100068240657" "Mozilla/5.0 AppleWebKit/537.36 (KHTML, like Gecko; compatible; GPTBot/1.3; +https://openai.com/gptbot)"
74.7.241.28 - - [19/Mar/2026:14:45:23 +0000] "GET /buy.php?detail/23404633004338 HTTP/1.1" 200 156756 "https://inception-blue.com/buy.php?detail/08904116735697" "Mozilla/5.0 AppleWebKit/537.36 (KHTML, like Gecko; compatible; GPTBot/1.3; +https://openai.com/gptbot)"
74.7.241.28 - - [19/Mar/2026:14:45:26 +0000] "GET /buy.php?detail/15600170577788 HTTP/1.1" 200 157762 "https://inception-blue.com/buy.php?detail/15603849264830" "Mozilla/5.0 AppleWebKit/537.36 (KHTML, like Gecko; compatible; GPTBot/1.3; +https://openai.com/gptbot)"
66.249.77.4 - - [19/Mar/2026:14:45:30 +0000] "GET /4136943 HTTP/1.1" 200 326260 "-" "Mozilla/5.0 (Linux; Android 6.0.1; Nexus 5X Build/MMB29P) AppleWebKit/537.36 (KHTML, like Gecko) Chrome/145.0.7632.159 Mobile Safari/537.36 (compatible; Googlebot/2.1; +http://www.google.com/bot.html)"
74.7.241.28 - - [19/Mar/2026:14:45:29 +0000] "GET /buy.php?detail/07500523650384 HTTP/1.1" 200 165336 "https://inception-blue.com/buy.php?detail/15603849264830" "Mozilla/5.0 AppleWebKit/537.36 (KHTML, like Gecko; compatible; GPTBot/1.3; +https://openai.com/gptbot)"
74.7.241.28 - - [19/Mar/2026:14:45:32 +0000] "GET /buy.php?detail/15704670676578 HTTP/1.1" 200 153969 "https://inception-blue.com/buy.php?detail/15704359327308" "Mozilla/5.0 AppleWebKit/537.36 (KHTML, like Gecko; compatible; GPTBot/1.3; +https://openai.com/gptbot)"
74.7.241.28 - - [19/Mar/2026:14:45:36 +0000] "GET /buy.php?detail/19401118948390 HTTP/1.1" 200 161377 "https://inception-blue.com/buy.php?detail/19403295822631" "Mozilla/5.0 AppleWebKit/537.36 (KHTML, like Gecko; compatible; GPTBot/1.3; +https://openai.com/gptbot)"
74.7.241.28 - - [19/Mar/2026:14:45:39 +0000] "GET /buy.php?detail/25300138664638 HTTP/1.1" 200 169902 "https://inception-blue.com/buy.php?detail/11301537024685" "Mozilla/5.0 AppleWebKit/537.36 (KHTML, like Gecko; compatible; GPTBot/1.3; +https://openai.com/gptbot)"
74.7.241.28 - - [19/Mar/2026:14:45:42 +0000] "GET /buy.php?detail/12400560906059 HTTP/1.1" 200 154339 "https://inception-blue.com/buy.php?detail/12404319780602" "Mozilla/5.0 AppleWebKit/537.36 (KHTML, like Gecko; compatible; GPTBot/1.3; +https://openai.com/gptbot)"
74.7.241.28 - - [19/Mar/2026:14:45:45 +0000] "GET /buy.php?detail/03002488050437 HTTP/1.1" 200 155365 "https://inception-blue.com/buy.php?detail/25901512459890" "Mozilla/5.0 AppleWebKit/537.36 (KHTML, like Gecko; compatible; GPTBot/1.3; +https://openai.com/gptbot)"
74.7.241.28 - - [19/Mar/2026:14:45:48 +0000] "GET /buy.php?detail/14000112471826 HTTP/1.1" 200 153930 "https://inception-blue.com/buy.php?detail/14000681061746" "Mozilla/5.0 AppleWebKit/537.36 (KHTML, like Gecko; compatible; GPTBot/1.3; +https://openai.com/gptbot)"
74.7.241.28 - - [19/Mar/2026:14:45:51 +0000] "GET /buy.php?detail/01404300026739 HTTP/1.1" 200 168484 "https://inception-blue.com/buy.php?detail/07200159594369" "Mozilla/5.0 AppleWebKit/537.36 (KHTML, like Gecko; compatible; GPTBot/1.3; +https://openai.com/gptbot)"
74.7.241.28 - - [19/Mar/2026:14:45:55 +0000] "GET /buy.php?detail/01500137845819 HTTP/1.1" 200 155570 "https://inception-blue.com/buy.php?detail/14000681061746" "Mozilla/5.0 AppleWebKit/537.36 (KHTML, like Gecko; compatible; GPTBot/1.3; +https://openai.com/gptbot)"
74.7.241.28 - - [19/Mar/2026:14:45:58 +0000] "GET /buy.php?detail/23401187394136 HTTP/1.1" 200 163192 "https://inception-blue.com/buy.php?detail/23404633004338" "Mozilla/5.0 AppleWebKit/537.36 (KHTML, like Gecko; compatible; GPTBot/1.3; +https://openai.com/gptbot)"
74.7.241.28 - - [19/Mar/2026:14:46:01 +0000] "GET /buy.php?detail/19401178141181 HTTP/1.1" 200 155058 "https://inception-blue.com/buy.php?detail/19403295822631" "Mozilla/5.0 AppleWebKit/537.36 (KHTML, like Gecko; compatible; GPTBot/1.3; +https://openai.com/gptbot)"
74.7.241.28 - - [19/Mar/2026:14:46:04 +0000] "GET /buy.php?detail/12400518279950 HTTP/1.1" 200 154630 "https://inception-blue.com/buy.php?detail/12404319780602" "Mozilla/5.0 AppleWebKit/537.36 (KHTML, like Gecko; compatible; GPTBot/1.3; +https://openai.com/gptbot)"
74.7.241.28 - - [19/Mar/2026:14:46:07 +0000] "GET /buy.php?detail/18400526570767 HTTP/1.1" 200 149806 "https://inception-blue.com/buy.php?detail/15603849264830" "Mozilla/5.0 AppleWebKit/537.36 (KHTML, like Gecko; compatible; GPTBot/1.3; +https://openai.com/gptbot)"
74.7.241.28 - - [19/Mar/2026:14:46:10 +0000] "GET /buy.php?detail/14402950368029 HTTP/1.1" 200 156955 "https://inception-blue.com/buy.php?detail/25901512459890" "Mozilla/5.0 AppleWebKit/537.36 (KHTML, like Gecko; compatible; GPTBot/1.3; +https://openai.com/gptbot)"
74.7.241.28 - - [19/Mar/2026:14:46:13 +0000] "GET /buy.php?detail/25300583211468 HTTP/1.1" 200 169784 "https://inception-blue.com/buy.php?detail/25300138664638" "Mozilla/5.0 AppleWebKit/537.36 (KHTML, like Gecko; compatible; GPTBot/1.3; +https://openai.com/gptbot)"
74.7.241.28 - - [19/Mar/2026:14:46:17 +0000] "GET /buy.php?detail/25300568287520 HTTP/1.1" 200 165654 "https://inception-blue.com/buy.php?detail/25300138664638" "Mozilla/5.0 AppleWebKit/537.36 (KHTML, like Gecko; compatible; GPTBot/1.3; +https://openai.com/gptbot)"
66.249.77.4 - - [19/Mar/2026:14:46:20 +0000] "GET /6027979 HTTP/1.1" 200 304367 "-" "Mozilla/5.0 (Linux; Android 6.0.1; Nexus 5X Build/MMB29P) AppleWebKit/537.36 (KHTML, like Gecko) Chrome/145.0.7632.159 Mobile Safari/537.36 (compatible; Googlebot/2.1; +http://www.google.com/bot.html)"
74.7.241.28 - - [19/Mar/2026:14:46:20 +0000] "GET /buy.php?detail/23101021059422 HTTP/1.1" 200 173469 "https://inception-blue.com/buy.php?detail/03002488050437" "Mozilla/5.0 AppleWebKit/537.36 (KHTML, like Gecko; compatible; GPTBot/1.3; +https://openai.com/gptbot)"
74.7.241.28 - - [19/Mar/2026:14:46:23 +0000] "GET /buy.php?detail/29802417226852 HTTP/1.1" 200 164891 "https://inception-blue.com/buy.php?detail/12400560906059" "Mozilla/5.0 AppleWebKit/537.36 (KHTML, like Gecko; compatible; GPTBot/1.3; +https://openai.com/gptbot)"
74.7.241.28 - - [19/Mar/2026:14:46:26 +0000] "GET /buy.php?detail/14903710661113 HTTP/1.1" 200 156259 "https://inception-blue.com/buy.php?detail/01404300026739" "Mozilla/5.0 AppleWebKit/537.36 (KHTML, like Gecko; compatible; GPTBot/1.3; +https://openai.com/gptbot)"
74.7.241.28 - - [19/Mar/2026:14:46:29 +0000] "GET /buy.php?detail/00502564032307 HTTP/1.1" 200 166491 "https://inception-blue.com/buy.php?detail/01500137845819" "Mozilla/5.0 AppleWebKit/537.36 (KHTML, like Gecko; compatible; GPTBot/1.3; +https://openai.com/gptbot)"
74.7.241.28 - - [19/Mar/2026:14:46:32 +0000] "GET /buy.php?detail/23401536469064 HTTP/1.1" 200 159418 "https://inception-blue.com/buy.php?detail/23401187394136" "Mozilla/5.0 AppleWebKit/537.36 (KHTML, like Gecko; compatible; GPTBot/1.3; +https://openai.com/gptbot)"
74.7.241.28 - - [19/Mar/2026:14:46:35 +0000] "GET /buy.php?detail/23401533721789 HTTP/1.1" 200 154910 "https://inception-blue.com/buy.php?detail/23401187394136" "Mozilla/5.0 AppleWebKit/537.36 (KHTML, like Gecko; compatible; GPTBot/1.3; +https://openai.com/gptbot)"
74.7.241.28 - - [19/Mar/2026:14:46:39 +0000] "GET /buy.php?detail/28704829967507 HTTP/1.1" 200 154651 "https://inception-blue.com/buy.php?detail/12400518279950" "Mozilla/5.0 AppleWebKit/537.36 (KHTML, like Gecko; compatible; GPTBot/1.3; +https://openai.com/gptbot)"
74.7.241.28 - - [19/Mar/2026:14:46:42 +0000] "GET /buy.php?detail/06902165935709 HTTP/1.1" 200 153797 "https://inception-blue.com/buy.php?detail/18400526570767" "Mozilla/5.0 AppleWebKit/537.36 (KHTML, like Gecko; compatible; GPTBot/1.3; +https://openai.com/gptbot)"
74.7.241.28 - - [19/Mar/2026:14:46:45 +0000] "GET /buy.php?detail/17101653049584 HTTP/1.1" 200 153059 "https://inception-blue.com/buy.php?detail/17103158458769" "Mozilla/5.0 AppleWebKit/537.36 (KHTML, like Gecko; compatible; GPTBot/1.3; +https://openai.com/gptbot)"
74.7.241.28 - - [19/Mar/2026:14:46:48 +0000] "GET /buy.php?detail/23200353719468 HTTP/1.1" 200 154590 "https://inception-blue.com/buy.php?detail/23200273657106" "Mozilla/5.0 AppleWebKit/537.36 (KHTML, like Gecko; compatible; GPTBot/1.3; +https://openai.com/gptbot)"
74.7.241.28 - - [19/Mar/2026:14:46:51 +0000] "GET /buy.php?detail/16703887332551 HTTP/1.1" 200 155532 "https://inception-blue.com/buy.php?detail/25300568287520" "Mozilla/5.0 AppleWebKit/537.36 (KHTML, like Gecko; compatible; GPTBot/1.3; +https://openai.com/gptbot)"
74.7.241.28 - - [19/Mar/2026:14:46:54 +0000] "GET /buy.php?detail/15402437555545 HTTP/1.1" 200 164080 "https://inception-blue.com/buy.php?detail/23101021059422" "Mozilla/5.0 AppleWebKit/537.36 (KHTML, like Gecko; compatible; GPTBot/1.3; +https://openai.com/gptbot)"
74.7.241.28 - - [19/Mar/2026:14:46:58 +0000] "GET /buy.php?detail/29801661696508 HTTP/1.1" 200 154880 "https://inception-blue.com/buy.php?detail/29802417226852" "Mozilla/5.0 AppleWebKit/537.36 (KHTML, like Gecko; compatible; GPTBot/1.3; +https://openai.com/gptbot)"
74.7.241.28 - - [19/Mar/2026:14:47:01 +0000] "GET /buy.php?detail/14900786990938 HTTP/1.1" 200 156575 "https://inception-blue.com/buy.php?detail/14903710661113" "Mozilla/5.0 AppleWebKit/537.36 (KHTML, like Gecko; compatible; GPTBot/1.3; +https://openai.com/gptbot)"
74.7.241.28 - - [19/Mar/2026:14:47:04 +0000] "GET /buy.php?detail/00500405554312 HTTP/1.1" 200 158860 "https://inception-blue.com/buy.php?detail/00502564032307" "Mozilla/5.0 AppleWebKit/537.36 (KHTML, like Gecko; compatible; GPTBot/1.3; +https://openai.com/gptbot)"
74.7.241.28 - - [19/Mar/2026:14:47:07 +0000] "GET /buy.php?detail/14900785918171 HTTP/1.1" 200 153524 "https://inception-blue.com/buy.php?detail/14903710661113" "Mozilla/5.0 AppleWebKit/537.36 (KHTML, like Gecko; compatible; GPTBot/1.3; +https://openai.com/gptbot)"
66.249.77.4 - - [19/Mar/2026:14:47:10 +0000] "GET /952747738 HTTP/1.1" 200 303989 "-" "Mozilla/5.0 (Linux; Android 6.0.1; Nexus 5X Build/MMB29P) AppleWebKit/537.36 (KHTML, like Gecko) Chrome/145.0.7632.159 Mobile Safari/537.36 (compatible; Googlebot/2.1; +http://www.google.com/bot.html)"
74.7.241.28 - - [19/Mar/2026:14:47:10 +0000] "GET /buy.php?detail/03204211833935 HTTP/1.1" 200 154679 "https://inception-blue.com/buy.php?detail/23101021059422" "Mozilla/5.0 AppleWebKit/537.36 (KHTML, like Gecko; compatible; GPTBot/1.3; +https://openai.com/gptbot)"
74.7.241.28 - - [19/Mar/2026:14:47:13 +0000] "GET /buy.php?detail/05103230344801 HTTP/1.1" 200 155742 "https://inception-blue.com/buy.php?detail/28704829967507" "Mozilla/5.0 AppleWebKit/537.36 (KHTML, like Gecko; compatible; GPTBot/1.3; +https://openai.com/gptbot)"
74.7.241.28 - - [19/Mar/2026:14:47:16 +0000] "GET /buy.php?detail/12203304338388 HTTP/1.1" 200 144848 "https://inception-blue.com/buy.php?detail/06902165935709" "Mozilla/5.0 AppleWebKit/537.36 (KHTML, like Gecko; compatible; GPTBot/1.3; +https://openai.com/gptbot)"
74.7.241.28 - - [19/Mar/2026:14:47:20 +0000] "GET /buy.php?jp/144047095.html HTTP/1.1" 200 153398 "https://inception-blue.com/buy.php?detail/17101653049584" "Mozilla/5.0 AppleWebKit/537.36 (KHTML, like Gecko; compatible; GPTBot/1.3; +https://openai.com/gptbot)"
74.7.241.28 - - [19/Mar/2026:14:47:23 +0000] "GET /buy.php?detail/25004344725984 HTTP/1.1" 200 160759 "https://inception-blue.com/buy.php?detail/23200353719468" "Mozilla/5.0 AppleWebKit/537.36 (KHTML, like Gecko; compatible; GPTBot/1.3; +https://openai.com/gptbot)"
74.7.241.28 - - [19/Mar/2026:14:47:26 +0000] "GET /buy.php?detail/10701974790954 HTTP/1.1" 200 166134 "https://inception-blue.com/buy.php?detail/16703887332551" "Mozilla/5.0 AppleWebKit/537.36 (KHTML, like Gecko; compatible; GPTBot/1.3; +https://openai.com/gptbot)"
74.7.241.28 - - [19/Mar/2026:14:47:29 +0000] "GET /buy.php?detail/25900464580943 HTTP/1.1" 200 153778 "https://inception-blue.com/buy.php?detail/17101653049584" "Mozilla/5.0 AppleWebKit/537.36 (KHTML, like Gecko; compatible; GPTBot/1.3; +https://openai.com/gptbot)"
74.7.241.28 - - [19/Mar/2026:14:47:32 +0000] "GET /buy.php?detail/15203499391364 HTTP/1.1" 200 156285 "https://inception-blue.com/buy.php?detail/29801661696508" "Mozilla/5.0 AppleWebKit/537.36 (KHTML, like Gecko; compatible; GPTBot/1.3; +https://openai.com/gptbot)"
74.7.241.28 - - [19/Mar/2026:14:47:35 +0000] "GET /buy.php?detail/14904337200608 HTTP/1.1" 200 163143 "https://inception-blue.com/buy.php?detail/14900786990938" "Mozilla/5.0 AppleWebKit/537.36 (KHTML, like Gecko; compatible; GPTBot/1.3; +https://openai.com/gptbot)"
74.7.241.28 - - [19/Mar/2026:14:47:39 +0000] "GET /buy.php?detail/005001503257 HTTP/1.1" 200 159400 "https://inception-blue.com/buy.php?detail/00500405554312" "Mozilla/5.0 AppleWebKit/537.36 (KHTML, like Gecko; compatible; GPTBot/1.3; +https://openai.com/gptbot)"
159.223.142.74 - - [19/Mar/2026:14:47:43 +0000] "POST /wp-cron.php?doing_wp_cron=1773931663.8004889488220214843750 HTTP/1.1" 404 185482 "-" "WordPress/6.9.4; https://inception-blue.com"
3.218.35.239 - - [19/Mar/2026:14:47:42 +0000] "GET /lets-dive/?dir=/home/inceptionblue/public_html/wp-includes/css/dist/block-editor&read=/home/inceptionblue/public_html/wp-includes/css/dist/block-editor/content-rtl.css HTTP/1.1" 200 192424 "-" "Mozilla/5.0 AppleWebKit/537.36 (KHTML, like Gecko; compatible; Amazonbot/0.1; +https://developer.amazon.com/support/amazonbot) Chrome/119.0.6045.214 Safari/537.36"
74.7.241.28 - - [19/Mar/2026:14:47:42 +0000] "GET /buy.php?detail/00500152898692 HTTP/1.1" 200 159451 "https://inception-blue.com/buy.php?detail/00500405554312" "Mozilla/5.0 AppleWebKit/537.36 (KHTML, like Gecko; compatible; GPTBot/1.3; +https://openai.com/gptbot)"
74.7.241.28 - - [19/Mar/2026:14:47:45 +0000] "GET /buy.php?goods/032009546 HTTP/1.1" 200 153372 "https://inception-blue.com/buy.php?detail/03204211833935" "Mozilla/5.0 AppleWebKit/537.36 (KHTML, like Gecko; compatible; GPTBot/1.3; +https://openai.com/gptbot)"
23.22.105.143 - - [19/Mar/2026:14:47:47 +0000] "GET /lets-dive/?dir=/home/inceptionblue/public_html/wp-includes/css/dist/block-library&read=/home/inceptionblue/public_html/wp-includes/css/dist/block-library/theme.min.css HTTP/1.1" 200 162261 "-" "Mozilla/5.0 AppleWebKit/537.36 (KHTML, like Gecko; compatible; Amazonbot/0.1; +https://developer.amazon.com/support/amazonbot) Chrome/119.0.6045.214 Safari/537.36"
74.7.241.28 - - [19/Mar/2026:14:47:48 +0000] "GET /buy.php?detail/03200907721191 HTTP/1.1" 200 156197 "https://inception-blue.com/buy.php?detail/03204211833935" "Mozilla/5.0 AppleWebKit/537.36 (KHTML, like Gecko; compatible; GPTBot/1.3; +https://openai.com/gptbot)"
34.224.132.215 - - [19/Mar/2026:14:47:50 +0000] "GET /lets-dive/?dir=/home/inceptionblue/public_html/wp-includes/css/dist/block-library&read=/home/inceptionblue/public_html/wp-includes/css/dist/block-library/reset.css HTTP/1.1" 200 161846 "-" "Mozilla/5.0 AppleWebKit/537.36 (KHTML, like Gecko; compatible; Amazonbot/0.1; +https://developer.amazon.com/support/amazonbot) Chrome/119.0.6045.214 Safari/537.36"
74.7.241.28 - - [19/Mar/2026:14:47:51 +0000] "GET /buy.php?detail/06501566294215 HTTP/1.1" 200 158958 "https://inception-blue.com/buy.php?detail/12203304338388" "Mozilla/5.0 AppleWebKit/537.36 (KHTML, like Gecko; compatible; GPTBot/1.3; +https://openai.com/gptbot)"
74.7.241.28 - - [19/Mar/2026:14:47:54 +0000] "GET /buy.php?m16609727779 HTTP/1.1" 200 149711 "https://inception-blue.com/buy.php?detail/16703887332551" "Mozilla/5.0 AppleWebKit/537.36 (KHTML, like Gecko; compatible; GPTBot/1.3; +https://openai.com/gptbot)"
54.80.73.122 - - [19/Mar/2026:14:47:55 +0000] "GET /lets-dive/?dir=/home/inceptionblue/public_html/wp-content/uploads/astra&read=/home/inceptionblue/public_html/wp-content/uploads/astra/index.php HTTP/1.1" 200 159477 "-" "Mozilla/5.0 AppleWebKit/537.36 (KHTML, like Gecko; compatible; Amazonbot/0.1; +https://developer.amazon.com/support/amazonbot) Chrome/119.0.6045.214 Safari/537.36"
100.29.34.97 - - [19/Mar/2026:14:47:58 +0000] "GET /author/scott/?dir=/home/inceptionblue/public_html/wp-content/plugins/profile-builder/assets/js/jquery3 HTTP/1.1" 200 138961 "-" "Mozilla/5.0 AppleWebKit/537.36 (KHTML, like Gecko; compatible; Amazonbot/0.1; +https://developer.amazon.com/support/amazonbot) Chrome/119.0.6045.214 Safari/537.36"
74.7.241.28 - - [19/Mar/2026:14:47:57 +0000] "GET /buy.php?detail/14104099360438 HTTP/1.1" 200 144318 "https://inception-blue.com/buy.php?detail/25004344725984" "Mozilla/5.0 AppleWebKit/537.36 (KHTML, like Gecko; compatible; GPTBot/1.3; +https://openai.com/gptbot)"
66.249.77.4 - - [19/Mar/2026:14:48:00 +0000] "GET /674401466 HTTP/1.1" 200 301324 "-" "Mozilla/5.0 (Linux; Android 6.0.1; Nexus 5X Build/MMB29P) AppleWebKit/537.36 (KHTML, like Gecko) Chrome/145.0.7632.159 Mobile Safari/537.36 (compatible; Googlebot/2.1; +http://www.google.com/bot.html)"
74.7.241.28 - - [19/Mar/2026:14:48:01 +0000] "GET /buy.php?detail/29503361972264 HTTP/1.1" 200 167847 "https://inception-blue.com/buy.php?jp/282030508.html" "Mozilla/5.0 AppleWebKit/537.36 (KHTML, like Gecko; compatible; GPTBot/1.3; +https://openai.com/gptbot)"
52.202.233.37 - - [19/Mar/2026:14:48:02 +0000] "GET /author/scott/?dir=/home/inceptionblue/public_html/wp-content/plugins/astra-addon/admin/assets/js HTTP/1.1" 200 140724 "-" "Mozilla/5.0 AppleWebKit/537.36 (KHTML, like Gecko; compatible; Amazonbot/0.1; +https://developer.amazon.com/support/amazonbot) Chrome/119.0.6045.214 Safari/537.36"
74.7.241.28 - - [19/Mar/2026:14:48:04 +0000] "GET /buy.php?detail/25901195305243 HTTP/1.1" 200 152903 "https://inception-blue.com/buy.php?detail/25900464580943" "Mozilla/5.0 AppleWebKit/537.36 (KHTML, like Gecko; compatible; GPTBot/1.3; +https://openai.com/gptbot)"
54.225.148.123 - - [19/Mar/2026:14:48:08 +0000] "GET /author/scott/?dir=/home/inceptionblue/public_html/wp-content/plugins/duplicate-post/src/handlers&read=/home/inceptionblue/public_html/wp-content/plugins/duplicate-post/src/handlers/save-post-handler.php HTTP/1.1" 200 134543 "-" "Mozilla/5.0 AppleWebKit/537.36 (KHTML, like Gecko; compatible; Amazonbot/0.1; +https://developer.amazon.com/support/amazonbot) Chrome/119.0.6045.214 Safari/537.36"
74.7.241.28 - - [19/Mar/2026:14:48:07 +0000] "GET /buy.php?detail/29902447067638 HTTP/1.1" 200 158170 "https://inception-blue.com/buy.php?detail/15203499391364" "Mozilla/5.0 AppleWebKit/537.36 (KHTML, like Gecko; compatible; GPTBot/1.3; +https://openai.com/gptbot)"
74.7.241.28 - - [19/Mar/2026:14:48:10 +0000] "GET /buy.php?detail/29502447807518 HTTP/1.1" 200 155064 "https://inception-blue.com/buy.php?detail/14904337200608" "Mozilla/5.0 AppleWebKit/537.36 (KHTML, like Gecko; compatible; GPTBot/1.3; +https://openai.com/gptbot)"
54.83.23.103 - - [19/Mar/2026:14:48:12 +0000] "GET /lets-dive/?dir=/home/inceptionblue/public_html/wp-content/plugins/astra-sites&read=/home/inceptionblue/public_html/wp-content/plugins/astra-sites/phpstan.neon HTTP/1.1" 200 162033 "-" "Mozilla/5.0 AppleWebKit/537.36 (KHTML, like Gecko; compatible; Amazonbot/0.1; +https://developer.amazon.com/support/amazonbot) Chrome/119.0.6045.214 Safari/537.36"
74.7.241.28 - - [19/Mar/2026:14:48:13 +0000] "GET /buy.php?detail/01304734461869 HTTP/1.1" 200 164059 "https://inception-blue.com/buy.php?detail/005001503257" "Mozilla/5.0 AppleWebKit/537.36 (KHTML, like Gecko; compatible; GPTBot/1.3; +https://openai.com/gptbot)"
44.221.227.90 - - [19/Mar/2026:14:48:16 +0000] "GET /lets-dive/?dir=/home/inceptionblue/public_html/wp-includes/css/dist/customize-widgets&read=/home/inceptionblue/public_html/wp-includes/css/dist/customize-widgets/style-rtl.css HTTP/1.1" 200 166222 "-" "Mozilla/5.0 AppleWebKit/537.36 (KHTML, like Gecko; compatible; Amazonbot/0.1; +https://developer.amazon.com/support/amazonbot) Chrome/119.0.6045.214 Safari/537.36"
74.7.241.28 - - [19/Mar/2026:14:48:16 +0000] "GET /buy.php?detail/00401868261343 HTTP/1.1" 200 145066 "https://inception-blue.com/buy.php?detail/14904337200608" "Mozilla/5.0 AppleWebKit/537.36 (KHTML, like Gecko; compatible; GPTBot/1.3; +https://openai.com/gptbot)"
74.7.241.28 - - [19/Mar/2026:14:48:19 +0000] "GET /buy.php?detail/03201082902777 HTTP/1.1" 200 155492 "https://inception-blue.com/buy.php?goods/032009546" "Mozilla/5.0 AppleWebKit/537.36 (KHTML, like Gecko; compatible; GPTBot/1.3; +https://openai.com/gptbot)"
98.83.177.42 - - [19/Mar/2026:14:48:21 +0000] "GET /author/scott/?dir=/home/inceptionblue/tmp/webalizer&read=/home/inceptionblue/tmp/webalizer/usage_202407.html HTTP/1.1" 200 297501 "-" "Mozilla/5.0 AppleWebKit/537.36 (KHTML, like Gecko; compatible; Amazonbot/0.1; +https://developer.amazon.com/support/amazonbot) Chrome/119.0.6045.214 Safari/537.36"
34.231.77.232 - - [19/Mar/2026:14:48:22 +0000] "GET /lets-dive/?dir=/home/inceptionblue/public_html/wp-includes/css/dist/edit-post&read=/home/inceptionblue/public_html/wp-includes/css/dist/edit-post/classic-rtl.css HTTP/1.1" 200 161224 "-" "Mozilla/5.0 AppleWebKit/537.36 (KHTML, like Gecko; compatible; Amazonbot/0.1; +https://developer.amazon.com/support/amazonbot) Chrome/119.0.6045.214 Safari/537.36"
74.7.241.28 - - [19/Mar/2026:14:48:22 +0000] "GET /buy.php?m52584706665 HTTP/1.1" 200 143105 "https://inception-blue.com/buy.php?detail/25900464580943" "Mozilla/5.0 AppleWebKit/537.36 (KHTML, like Gecko; compatible; GPTBot/1.3; +https://openai.com/gptbot)"
74.7.241.28 - - [19/Mar/2026:14:48:25 +0000] "GET /buy.php?detail/19800414827853 HTTP/1.1" 200 153746 "https://inception-blue.com/buy.php?detail/17201094340895" "Mozilla/5.0 AppleWebKit/537.36 (KHTML, like Gecko; compatible; GPTBot/1.3; +https://openai.com/gptbot)"
54.147.182.90 - - [19/Mar/2026:14:48:27 +0000] "GET /lets-dive/?dir=/home/inceptionblue/public_html/wp-includes/css/dist/edit-site&read=/home/inceptionblue/public_html/wp-includes/css/dist/edit-site/style.min.css HTTP/1.1" 200 275846 "-" "Mozilla/5.0 AppleWebKit/537.36 (KHTML, like Gecko; compatible; Amazonbot/0.1; +https://developer.amazon.com/support/amazonbot) Chrome/119.0.6045.214 Safari/537.36"
74.7.241.28 - - [19/Mar/2026:14:48:29 +0000] "GET /buy.php?detail/11004231727859 HTTP/1.1" 200 158043 "https://inception-blue.com/buy.php?m42199888854" "Mozilla/5.0 AppleWebKit/537.36 (KHTML, like Gecko; compatible; GPTBot/1.3; +https://openai.com/gptbot)"
98.84.70.201 - - [19/Mar/2026:14:48:31 +0000] "GET /author/scott/?dir=/home/inceptionblue/public_html/wp-content/plugins/wordpress-seo/vendor/composer&read=/home/inceptionblue/public_html/wp-content/plugins/wordpress-seo/vendor/composer/autoload_psr4.php HTTP/1.1" 200 133284 "-" "Mozilla/5.0 AppleWebKit/537.36 (KHTML, like Gecko; compatible; Amazonbot/0.1; +https://developer.amazon.com/support/amazonbot) Chrome/119.0.6045.214 Safari/537.36"
74.7.241.28 - - [19/Mar/2026:14:48:32 +0000] "GET /buy.php?detail/23803566940981 HTTP/1.1" 200 156564 "https://inception-blue.com/buy.php?detail/23801382943028" "Mozilla/5.0 AppleWebKit/537.36 (KHTML, like Gecko; compatible; GPTBot/1.3; +https://openai.com/gptbot)"
74.7.241.28 - - [19/Mar/2026:14:48:35 +0000] "GET /buy.php?detail/16802845679195 HTTP/1.1" 200 151862 "https://inception-blue.com/buy.php?detail/16801282908508" "Mozilla/5.0 AppleWebKit/537.36 (KHTML, like Gecko; compatible; GPTBot/1.3; +https://openai.com/gptbot)"
52.70.123.241 - - [19/Mar/2026:14:48:38 +0000] "GET /author/scott/?dir=/home/inceptionblue/public_html/wp-content/plugins/wordpress-seo/src/helpers&read=/home/inceptionblue/public_html/wp-content/plugins/wordpress-seo/src/helpers/image-helper.php HTTP/1.1" 200 144748 "-" "Mozilla/5.0 AppleWebKit/537.36 (KHTML, like Gecko; compatible; Amazonbot/0.1; +https://developer.amazon.com/support/amazonbot) Chrome/119.0.6045.214 Safari/537.36"
74.7.241.28 - - [19/Mar/2026:14:48:38 +0000] "GET /buy.php?detail/11703792433665 HTTP/1.1" 200 143798 "https://inception-blue.com/buy.php?detail/06401494282733" "Mozilla/5.0 AppleWebKit/537.36 (KHTML, like Gecko; compatible; GPTBot/1.3; +https://openai.com/gptbot)"
74.7.241.28 - - [19/Mar/2026:14:48:41 +0000] "GET /buy.php?m58498118580 HTTP/1.1" 200 163794 "https://inception-blue.com/buy.php?detail/29902447067638" "Mozilla/5.0 AppleWebKit/537.36 (KHTML, like Gecko; compatible; GPTBot/1.3; +https://openai.com/gptbot)"
52.201.155.215 - - [19/Mar/2026:14:48:42 +0000] "GET /author/scott/?dir=/home/inceptionblue/public_html/wp-content/plugins/astra-addon/classes/compatibility&read=/home/inceptionblue/public_html/wp-content/plugins/astra-addon/classes/compatibility/class-astra-addon-thrive-compatibility.php HTTP/1.1" 200 136136 "-" "Mozilla/5.0 AppleWebKit/537.36 (KHTML, like Gecko; compatible; Amazonbot/0.1; +https://developer.amazon.com/support/amazonbot) Chrome/119.0.6045.214 Safari/537.36"
74.7.241.28 - - [19/Mar/2026:14:48:44 +0000] "GET /buy.php?detail/20704354327308 HTTP/1.1" 200 143221 "https://inception-blue.com/buy.php?detail/29502447807518" "Mozilla/5.0 AppleWebKit/537.36 (KHTML, like Gecko; compatible; GPTBot/1.3; +https://openai.com/gptbot)"
74.7.241.28 - - [19/Mar/2026:14:48:47 +0000] "GET /buy.php?detail/12200402082451 HTTP/1.1" 200 172178 "https://inception-blue.com/buy.php?detail/01304734461869" "Mozilla/5.0 AppleWebKit/537.36 (KHTML, like Gecko; compatible; GPTBot/1.3; +https://openai.com/gptbot)"
66.249.77.3 - - [19/Mar/2026:14:48:50 +0000] "GET /24193157 HTTP/1.1" 200 300292 "-" "Mozilla/5.0 (Linux; Android 6.0.1; Nexus 5X Build/MMB29P) AppleWebKit/537.36 (KHTML, like Gecko) Chrome/145.0.7632.159 Mobile Safari/537.36 (compatible; Googlebot/2.1; +http://www.google.com/bot.html)"
74.7.241.28 - - [19/Mar/2026:14:48:51 +0000] "GET /buy.php?detail/13601568126630 HTTP/1.1" 200 153090 "https://inception-blue.com/buy.php?detail/29502447807518" "Mozilla/5.0 AppleWebKit/537.36 (KHTML, like Gecko; compatible; GPTBot/1.3; +https://openai.com/gptbot)"
159.223.142.74 - - [19/Mar/2026:14:48:53 +0000] "POST /wp-cron.php?doing_wp_cron=1773931733.5675079822540283203125 HTTP/1.1" 403 185482 "-" "WordPress/6.9.4; https://inception-blue.com"
3.93.211.16 - - [19/Mar/2026:14:48:52 +0000] "GET /author/scott/?dir=/home/inceptionblue/public_html/wp-content/plugins/wordpress-seo/admin/tracking&read=/home/inceptionblue/public_html/wp-content/plugins/wordpress-seo/admin/tracking/class-tracking-settings-data.php HTTP/1.1" 200 139990 "-" "Mozilla/5.0 AppleWebKit/537.36 (KHTML, like Gecko; compatible; Amazonbot/0.1; +https://developer.amazon.com/support/amazonbot) Chrome/119.0.6045.214 Safari/537.36"
100.28.49.152 - - [19/Mar/2026:14:48:54 +0000] "GET /author/scott/?dir=/home/inceptionblue/public_html/wp-content/plugins/astra-addon/languages&read=/home/inceptionblue/public_html/wp-content/plugins/astra-addon/languages/astra-addon-pt_PT.mo HTTP/1.1" 200 132971 "-" "Mozilla/5.0 AppleWebKit/537.36 (KHTML, like Gecko; compatible; Amazonbot/0.1; +https://developer.amazon.com/support/amazonbot) Chrome/119.0.6045.214 Safari/537.36"
74.7.241.28 - - [19/Mar/2026:14:48:54 +0000] "GET /buy.php?detail/04700220375235 HTTP/1.1" 200 148773 "https://inception-blue.com/buy.php?detail/00401868261343" "Mozilla/5.0 AppleWebKit/537.36 (KHTML, like Gecko; compatible; GPTBot/1.3; +https://openai.com/gptbot)"
74.7.241.28 - - [19/Mar/2026:14:48:57 +0000] "GET /buy.php?detail/01300614910745 HTTP/1.1" 200 159829 "https://inception-blue.com/buy.php?detail/01304734461869" "Mozilla/5.0 AppleWebKit/537.36 (KHTML, like Gecko; compatible; GPTBot/1.3; +https://openai.com/gptbot)"
23.21.119.232 - - [19/Mar/2026:14:48:59 +0000] "GET /author/scott/?dir=/home/inceptionblue/public_html/wp-content/plugins/astra-addon/languages&read=/home/inceptionblue/public_html/wp-content/plugins/astra-addon/languages/astra-addon-vi.mo HTTP/1.1" 200 132965 "-" "Mozilla/5.0 AppleWebKit/537.36 (KHTML, like Gecko; compatible; Amazonbot/0.1; +https://developer.amazon.com/support/amazonbot) Chrome/119.0.6045.214 Safari/537.36"
74.7.241.28 - - [19/Mar/2026:14:49:00 +0000] "GET /buy.php?detail/08204390382570 HTTP/1.1" 200 153041 "https://inception-blue.com/buy.php?detail/19800414827853" "Mozilla/5.0 AppleWebKit/537.36 (KHTML, like Gecko; compatible; GPTBot/1.3; +https://openai.com/gptbot)"
54.89.90.224 - - [19/Mar/2026:14:49:04 +0000] "GET /author/scott/?dir=/home/inceptionblue/public_html/wp-content/plugins/astra-addon/languages&read=/home/inceptionblue/public_html/wp-content/plugins/astra-addon/languages/astra-addon-uk.mo HTTP/1.1" 200 132965 "-" "Mozilla/5.0 AppleWebKit/537.36 (KHTML, like Gecko; compatible; Amazonbot/0.1; +https://developer.amazon.com/support/amazonbot) Chrome/119.0.6045.214 Safari/537.36"
74.7.241.28 - - [19/Mar/2026:14:49:03 +0000] "GET /buy.php?detail/01002275077200 HTTP/1.1" 200 153938 "https://inception-blue.com/buy.php?detail/11004231727859" "Mozilla/5.0 AppleWebKit/537.36 (KHTML, like Gecko; compatible; GPTBot/1.3; +https://openai.com/gptbot)"
98.84.70.201 - - [19/Mar/2026:14:49:06 +0000] "GET /author/scott/?dir=/home/inceptionblue/tmp/webalizer&read=/home/inceptionblue/tmp/webalizer/daily_usage_202504.png HTTP/1.1" 200 132660 "-" "Mozilla/5.0 AppleWebKit/537.36 (KHTML, like Gecko; compatible; Amazonbot/0.1; +https://developer.amazon.com/support/amazonbot) Chrome/119.0.6045.214 Safari/537.36"
74.7.241.28 - - [19/Mar/2026:14:49:06 +0000] "GET /buy.php?detail/01300607211468 HTTP/1.1" 200 158314 "https://inception-blue.com/buy.php?detail/01304734461869" "Mozilla/5.0 AppleWebKit/537.36 (KHTML, like Gecko; compatible; GPTBot/1.3; +https://openai.com/gptbot)"
74.7.241.28 - - [19/Mar/2026:14:49:09 +0000] "GET /buy.php?detail/30000739372213 HTTP/1.1" 200 144612 "https://inception-blue.com/buy.php?detail/16802845679195" "Mozilla/5.0 AppleWebKit/537.36 (KHTML, like Gecko; compatible; GPTBot/1.3; +https://openai.com/gptbot)"
98.84.200.43 - - [19/Mar/2026:14:49:14 +0000] "GET /author/scott/?dir=/home/inceptionblue/tmp/webalizer&read=/home/inceptionblue/tmp/webalizer/daily_usage_202510.png HTTP/1.1" 200 132660 "-" "Mozilla/5.0 AppleWebKit/537.36 (KHTML, like Gecko; compatible; Amazonbot/0.1; +https://developer.amazon.com/support/amazonbot) Chrome/119.0.6045.214 Safari/537.36"
74.7.241.28 - - [19/Mar/2026:14:49:13 +0000] "GET /buy.php?detail/29501254096561 HTTP/1.1" 200 167388 "https://inception-blue.com/buy.php?detail/29502447807518" "Mozilla/5.0 AppleWebKit/537.36 (KHTML, like Gecko; compatible; GPTBot/1.3; +https://openai.com/gptbot)"
74.7.241.28 - - [19/Mar/2026:14:49:16 +0000] "GET /buy.php?detail/27504410889327 HTTP/1.1" 200 169182 "https://inception-blue.com/buy.php?detail/03201082902777" "Mozilla/5.0 AppleWebKit/537.36 (KHTML, like Gecko; compatible; GPTBot/1.3; +https://openai.com/gptbot)"
34.233.114.237 - - [19/Mar/2026:14:49:18 +0000] "GET /author/scott/?dir=/home/inceptionblue/tmp/webalizer&read=/home/inceptionblue/tmp/webalizer/hourly_usage_202503.png HTTP/1.1" 200 132662 "-" "Mozilla/5.0 AppleWebKit/537.36 (KHTML, like Gecko; compatible; Amazonbot/0.1; +https://developer.amazon.com/support/amazonbot) Chrome/119.0.6045.214 Safari/537.36"
74.7.241.28 - - [19/Mar/2026:14:49:19 +0000] "GET /buy.php?006000159.htm HTTP/1.1" 200 163916 "https://inception-blue.com/buy.php?m58498118580" "Mozilla/5.0 AppleWebKit/537.36 (KHTML, like Gecko; compatible; GPTBot/1.3; +https://openai.com/gptbot)"
74.7.241.28 - - [19/Mar/2026:14:49:22 +0000] "GET /buy.php?detail/10901873851038 HTTP/1.1" 200 145299 "https://inception-blue.com/buy.php?detail/12200402082451" "Mozilla/5.0 AppleWebKit/537.36 (KHTML, like Gecko; compatible; GPTBot/1.3; +https://openai.com/gptbot)"
23.20.178.124 - - [19/Mar/2026:14:49:24 +0000] "GET /search/feed/rss2/?dir=/home/inceptionblue/public_html/wp-content/plugins/astra-sites/inc/lib/onboarding/assets/src/steps/onboarding-ai/customize-ai-site/customize-ai-steps/business-logo-ai HTTP/1.1" 200 24504 "-" "Mozilla/5.0 AppleWebKit/537.36 (KHTML, like Gecko; compatible; Amazonbot/0.1; +https://developer.amazon.com/support/amazonbot) Chrome/119.0.6045.214 Safari/537.36"
74.7.241.28 - - [19/Mar/2026:14:49:25 +0000] "GET /buy.php?detail/13601474018127 HTTP/1.1" 200 157003 "https://inception-blue.com/buy.php?detail/13601568126630" "Mozilla/5.0 AppleWebKit/537.36 (KHTML, like Gecko; compatible; GPTBot/1.3; +https://openai.com/gptbot)"
54.80.185.200 - - [19/Mar/2026:14:49:26 +0000] "GET /search/feed/rss2/?dir=/home/inceptionblue/public_html/wp-content/plugins/astra-sites/inc/lib/onboarding/assets/src/steps/site-list/favorite-sites&read=/home/inceptionblue/public_html/wp-content/plugins/astra-sites/inc/lib/onboarding/assets/src/steps/site-list/favorite-sites/index.js HTTP/1.1" 200 16124 "-" "Mozilla/5.0 AppleWebKit/537.36 (KHTML, like Gecko; compatible; Amazonbot/0.1; +https://developer.amazon.com/support/amazonbot) Chrome/119.0.6045.214 Safari/537.36"
45.153.34.239 - - [19/Mar/2026:14:49:29 +0000] "GET / HTTP/1.1" 200 222977 "http://inception-blue.com" "Mozilla/5.0 (Windows NT 10.0; Win64; x64) AppleWebKit/537.36 (KHTML, like Gecko) Chrome/58.0.3029.110 Safari/537.3"
74.7.241.28 - - [19/Mar/2026:14:49:28 +0000] "GET /buy.php?detail/00304960865635 HTTP/1.1" 200 159488 "https://inception-blue.com/buy.php?detail/12200402082451" "Mozilla/5.0 AppleWebKit/537.36 (KHTML, like Gecko; compatible; GPTBot/1.3; +https://openai.com/gptbot)"
