74.7.241.28 - - [19/Mar/2026:13:37:59 +0000] "GET /buy.php?detail/12300966892207 HTTP/1.1" 200 159680 "https://inception-blue.com/buy.php?shopbrand/testify/237016795.htm" "Mozilla/5.0 AppleWebKit/537.36 (KHTML, like Gecko; compatible; GPTBot/1.3; +https://openai.com/gptbot)"
74.7.241.28 - - [19/Mar/2026:13:38:07 +0000] "GET /buy.php?detail/25002878298411 HTTP/1.1" 200 161730 "https://inception-blue.com/buy.php?detail/02000721043461" "Mozilla/5.0 AppleWebKit/537.36 (KHTML, like Gecko; compatible; GPTBot/1.3; +https://openai.com/gptbot)"
74.7.241.28 - - [19/Mar/2026:13:38:15 +0000] "GET /buy.php?goods/215012235 HTTP/1.1" 200 167268 "https://inception-blue.com/buy.php?detail/21500658635210" "Mozilla/5.0 AppleWebKit/537.36 (KHTML, like Gecko; compatible; GPTBot/1.3; +https://openai.com/gptbot)"
74.7.241.28 - - [19/Mar/2026:13:38:22 +0000] "GET /buy.php?detail/16502737559221 HTTP/1.1" 200 172548 "https://inception-blue.com/buy.php?detail/08903420051004" "Mozilla/5.0 AppleWebKit/537.36 (KHTML, like Gecko; compatible; GPTBot/1.3; +https://openai.com/gptbot)"
74.7.241.28 - - [19/Mar/2026:13:38:28 +0000] "GET /buy.php?detail/00402657643282 HTTP/1.1" 200 145033 "https://inception-blue.com/buy.php?goods/020024830" "Mozilla/5.0 AppleWebKit/537.36 (KHTML, like Gecko; compatible; GPTBot/1.3; +https://openai.com/gptbot)"
74.7.241.28 - - [19/Mar/2026:13:38:34 +0000] "GET /buy.php?jp/285044187.html HTTP/1.1" 200 156564 "https://inception-blue.com/buy.php?detail/11302626544775" "Mozilla/5.0 AppleWebKit/537.36 (KHTML, like Gecko; compatible; GPTBot/1.3; +https://openai.com/gptbot)"
74.7.241.28 - - [19/Mar/2026:13:38:38 +0000] "GET /buy.php?detail/25104597585515 HTTP/1.1" 200 153770 "https://inception-blue.com/buy.php?detail/29501909103513" "Mozilla/5.0 AppleWebKit/537.36 (KHTML, like Gecko; compatible; GPTBot/1.3; +https://openai.com/gptbot)"
74.7.241.28 - - [19/Mar/2026:13:38:43 +0000] "GET /buy.php?detail/15601826136109 HTTP/1.1" 200 158036 "https://inception-blue.com/buy.php?detail/11302626544775" "Mozilla/5.0 AppleWebKit/537.36 (KHTML, like Gecko; compatible; GPTBot/1.3; +https://openai.com/gptbot)"
74.7.241.28 - - [19/Mar/2026:13:38:47 +0000] "GET /buy.php?goods/056030161 HTTP/1.1" 200 158000 "https://inception-blue.com/buy.php?detail/03104299117297" "Mozilla/5.0 AppleWebKit/537.36 (KHTML, like Gecko; compatible; GPTBot/1.3; +https://openai.com/gptbot)"
66.249.77.3 - - [19/Mar/2026:13:38:50 +0000] "GET /46594156 HTTP/1.1" 200 308111 "-" "Mozilla/5.0 (Linux; Android 6.0.1; Nexus 5X Build/MMB29P) AppleWebKit/537.36 (KHTML, like Gecko) Chrome/145.0.7632.159 Mobile Safari/537.36 (compatible; Googlebot/2.1; +http://www.google.com/bot.html)"
74.7.241.28 - - [19/Mar/2026:13:38:51 +0000] "GET /buy.php?detail/19102549841747 HTTP/1.1" 200 157818 "https://inception-blue.com/buy.php?detail/22401204026931" "Mozilla/5.0 AppleWebKit/537.36 (KHTML, like Gecko; compatible; GPTBot/1.3; +https://openai.com/gptbot)"
74.7.241.28 - - [19/Mar/2026:13:38:54 +0000] "GET /buy.php?detail/13102557583591 HTTP/1.1" 200 158760 "https://inception-blue.com/buy.php?detail/08802304322976" "Mozilla/5.0 AppleWebKit/537.36 (KHTML, like Gecko; compatible; GPTBot/1.3; +https://openai.com/gptbot)"
74.7.241.28 - - [19/Mar/2026:13:38:57 +0000] "GET /buy.php?detail/17902387254290 HTTP/1.1" 200 156335 "https://inception-blue.com/buy.php?detail/17901422866042" "Mozilla/5.0 AppleWebKit/537.36 (KHTML, like Gecko; compatible; GPTBot/1.3; +https://openai.com/gptbot)"
74.7.241.28 - - [19/Mar/2026:13:39:00 +0000] "GET /buy.php?detail/25000142466000 HTTP/1.1" 200 154560 "https://inception-blue.com/buy.php?detail/25002878298411" "Mozilla/5.0 AppleWebKit/537.36 (KHTML, like Gecko; compatible; GPTBot/1.3; +https://openai.com/gptbot)"
74.7.241.28 - - [19/Mar/2026:13:39:03 +0000] "GET /buy.php?detail/25400757273307 HTTP/1.1" 200 162210 "https://inception-blue.com/buy.php?detail/25002878298411" "Mozilla/5.0 AppleWebKit/537.36 (KHTML, like Gecko; compatible; GPTBot/1.3; +https://openai.com/gptbot)"
74.7.241.28 - - [19/Mar/2026:13:39:07 +0000] "GET /buy.php?detail/25000002037281 HTTP/1.1" 200 158641 "https://inception-blue.com/buy.php?detail/25002878298411" "Mozilla/5.0 AppleWebKit/537.36 (KHTML, like Gecko; compatible; GPTBot/1.3; +https://openai.com/gptbot)"
74.7.241.28 - - [19/Mar/2026:13:39:10 +0000] "GET /buy.php?detail/02002822864281 HTTP/1.1" 200 153893 "https://inception-blue.com/buy.php?detail/00402657643282" "Mozilla/5.0 AppleWebKit/537.36 (KHTML, like Gecko; compatible; GPTBot/1.3; +https://openai.com/gptbot)"
74.7.241.28 - - [19/Mar/2026:13:39:13 +0000] "GET /buy.php?detail/05201382035169 HTTP/1.1" 200 152105 "https://inception-blue.com/buy.php?detail/00402657643282" "Mozilla/5.0 AppleWebKit/537.36 (KHTML, like Gecko; compatible; GPTBot/1.3; +https://openai.com/gptbot)"
74.7.241.28 - - [19/Mar/2026:13:39:16 +0000] "GET /buy.php?detail/16500788933539 HTTP/1.1" 200 162832 "https://inception-blue.com/buy.php?detail/16502737559221" "Mozilla/5.0 AppleWebKit/537.36 (KHTML, like Gecko; compatible; GPTBot/1.3; +https://openai.com/gptbot)"
74.7.241.28 - - [19/Mar/2026:13:39:19 +0000] "GET /buy.php?detail/185026458023 HTTP/1.1" 200 168718 "https://inception-blue.com/buy.php?detail/15601826136109" "Mozilla/5.0 AppleWebKit/537.36 (KHTML, like Gecko; compatible; GPTBot/1.3; +https://openai.com/gptbot)"
74.7.241.28 - - [19/Mar/2026:13:39:22 +0000] "GET /buy.php?detail/05600219018484 HTTP/1.1" 200 160755 "https://inception-blue.com/buy.php?goods/056030161" "Mozilla/5.0 AppleWebKit/537.36 (KHTML, like Gecko; compatible; GPTBot/1.3; +https://openai.com/gptbot)"
74.7.241.28 - - [19/Mar/2026:13:39:26 +0000] "GET /buy.php?detail/19103813663188 HTTP/1.1" 200 157611 "https://inception-blue.com/buy.php?detail/19102549841747" "Mozilla/5.0 AppleWebKit/537.36 (KHTML, like Gecko; compatible; GPTBot/1.3; +https://openai.com/gptbot)"
74.7.241.28 - - [19/Mar/2026:13:39:29 +0000] "GET /buy.php?detail/13101976676122 HTTP/1.1" 200 158217 "https://inception-blue.com/buy.php?detail/13102557583591" "Mozilla/5.0 AppleWebKit/537.36 (KHTML, like Gecko; compatible; GPTBot/1.3; +https://openai.com/gptbot)"
74.7.241.28 - - [19/Mar/2026:13:39:32 +0000] "GET /buy.php?detail/08003456016659 HTTP/1.1" 200 148723 "https://inception-blue.com/buy.php?detail/17902387254290" "Mozilla/5.0 AppleWebKit/537.36 (KHTML, like Gecko; compatible; GPTBot/1.3; +https://openai.com/gptbot)"
74.7.241.28 - - [19/Mar/2026:13:39:35 +0000] "GET /buy.php?detail/15100206914504 HTTP/1.1" 200 157236 "https://inception-blue.com/buy.php?detail/25000142466000" "Mozilla/5.0 AppleWebKit/537.36 (KHTML, like Gecko; compatible; GPTBot/1.3; +https://openai.com/gptbot)"
74.7.241.28 - - [19/Mar/2026:13:39:38 +0000] "GET /buy.php?detail/25400102097430 HTTP/1.1" 200 154018 "https://inception-blue.com/buy.php?detail/25400757273307" "Mozilla/5.0 AppleWebKit/537.36 (KHTML, like Gecko; compatible; GPTBot/1.3; +https://openai.com/gptbot)"
66.249.77.5 - - [19/Mar/2026:13:39:40 +0000] "GET /7777168 HTTP/1.1" 200 315044 "-" "Mozilla/5.0 (Linux; Android 6.0.1; Nexus 5X Build/MMB29P) AppleWebKit/537.36 (KHTML, like Gecko) Chrome/145.0.7632.159 Mobile Safari/537.36 (compatible; Googlebot/2.1; +http://www.google.com/bot.html)"
74.7.241.28 - - [19/Mar/2026:13:39:41 +0000] "GET /buy.php?detail/07203158845013 HTTP/1.1" 200 145067 "https://inception-blue.com/buy.php?detail/25400757273307" "Mozilla/5.0 AppleWebKit/537.36 (KHTML, like Gecko; compatible; GPTBot/1.3; +https://openai.com/gptbot)"
74.7.241.28 - - [19/Mar/2026:13:39:44 +0000] "GET /buy.php?detail/02000263792291 HTTP/1.1" 200 158954 "https://inception-blue.com/buy.php?detail/02002822864281" "Mozilla/5.0 AppleWebKit/537.36 (KHTML, like Gecko; compatible; GPTBot/1.3; +https://openai.com/gptbot)"
66.249.77.4 - - [19/Mar/2026:13:39:48 +0000] "GET /product/175049168 HTTP/1.1" 200 350091 "-" "Mozilla/5.0 (Linux; Android 6.0.1; Nexus 5X Build/MMB29P) AppleWebKit/537.36 (KHTML, like Gecko) Chrome/145.0.7632.159 Mobile Safari/537.36 (compatible; Googlebot/2.1; +http://www.google.com/bot.html)"
74.7.241.28 - - [19/Mar/2026:13:39:47 +0000] "GET /buy.php?detail/04701367924110 HTTP/1.1" 200 156189 "https://inception-blue.com/buy.php?detail/02002822864281" "Mozilla/5.0 AppleWebKit/537.36 (KHTML, like Gecko; compatible; GPTBot/1.3; +https://openai.com/gptbot)"
74.7.241.28 - - [19/Mar/2026:13:39:51 +0000] "GET /buy.php?detail/16501356006400 HTTP/1.1" 200 153605 "https://inception-blue.com/buy.php?detail/16500788933539" "Mozilla/5.0 AppleWebKit/537.36 (KHTML, like Gecko; compatible; GPTBot/1.3; +https://openai.com/gptbot)"
74.7.241.28 - - [19/Mar/2026:13:39:54 +0000] "GET /buy.php?detail/00300548084761 HTTP/1.1" 200 156672 "https://inception-blue.com/buy.php?detail/185026458023" "Mozilla/5.0 AppleWebKit/537.36 (KHTML, like Gecko; compatible; GPTBot/1.3; +https://openai.com/gptbot)"
74.7.241.28 - - [19/Mar/2026:13:39:57 +0000] "GET /buy.php?detail/15304929624933 HTTP/1.1" 200 156084 "https://inception-blue.com/buy.php?detail/185026458023" "Mozilla/5.0 AppleWebKit/537.36 (KHTML, like Gecko; compatible; GPTBot/1.3; +https://openai.com/gptbot)"
74.7.241.28 - - [19/Mar/2026:13:40:00 +0000] "GET /buy.php?detail/19103078807632 HTTP/1.1" 200 157617 "https://inception-blue.com/buy.php?detail/19103813663188" "Mozilla/5.0 AppleWebKit/537.36 (KHTML, like Gecko; compatible; GPTBot/1.3; +https://openai.com/gptbot)"
74.7.241.28 - - [19/Mar/2026:13:40:03 +0000] "GET /buy.php?detail/18302556462230 HTTP/1.1" 200 159884 "https://inception-blue.com/buy.php?detail/13101976676122" "Mozilla/5.0 AppleWebKit/537.36 (KHTML, like Gecko; compatible; GPTBot/1.3; +https://openai.com/gptbot)"
74.7.241.28 - - [19/Mar/2026:13:40:06 +0000] "GET /buy.php?detail/29102019830059 HTTP/1.1" 200 163028 "https://inception-blue.com/buy.php?detail/13101976676122" "Mozilla/5.0 AppleWebKit/537.36 (KHTML, like Gecko; compatible; GPTBot/1.3; +https://openai.com/gptbot)"
74.7.241.28 - - [19/Mar/2026:13:40:09 +0000] "GET /buy.php?detail/16501452960633 HTTP/1.1" 200 158876 "https://inception-blue.com/buy.php?detail/16500788933539" "Mozilla/5.0 AppleWebKit/537.36 (KHTML, like Gecko; compatible; GPTBot/1.3; +https://openai.com/gptbot)"
74.7.241.28 - - [19/Mar/2026:13:40:13 +0000] "GET /buy.php?detail/25400824569785 HTTP/1.1" 200 163382 "https://inception-blue.com/buy.php?detail/25400102097430" "Mozilla/5.0 AppleWebKit/537.36 (KHTML, like Gecko; compatible; GPTBot/1.3; +https://openai.com/gptbot)"
74.7.241.28 - - [19/Mar/2026:13:40:16 +0000] "GET /buy.php?detail/26704556275013 HTTP/1.1" 200 153729 "https://inception-blue.com/buy.php?detail/07203158845013" "Mozilla/5.0 AppleWebKit/537.36 (KHTML, like Gecko; compatible; GPTBot/1.3; +https://openai.com/gptbot)"
74.7.241.28 - - [19/Mar/2026:13:40:19 +0000] "GET /buy.php?detail/16501257692899 HTTP/1.1" 200 158484 "https://inception-blue.com/buy.php?detail/16500788933539" "Mozilla/5.0 AppleWebKit/537.36 (KHTML, like Gecko; compatible; GPTBot/1.3; +https://openai.com/gptbot)"
74.7.241.28 - - [19/Mar/2026:13:40:22 +0000] "GET /buy.php?detail/15600574281021 HTTP/1.1" 200 157291 "https://inception-blue.com/buy.php?detail/15601826136109" "Mozilla/5.0 AppleWebKit/537.36 (KHTML, like Gecko; compatible; GPTBot/1.3; +https://openai.com/gptbot)"
74.7.241.28 - - [19/Mar/2026:13:40:25 +0000] "GET /buy.php?detail/17902969165068 HTTP/1.1" 200 155654 "https://inception-blue.com/buy.php?detail/17902387254290" "Mozilla/5.0 AppleWebKit/537.36 (KHTML, like Gecko; compatible; GPTBot/1.3; +https://openai.com/gptbot)"
66.249.77.5 - - [19/Mar/2026:13:40:30 +0000] "GET /3851843 HTTP/1.1" 200 301277 "-" "Mozilla/5.0 (Linux; Android 6.0.1; Nexus 5X Build/MMB29P) AppleWebKit/537.36 (KHTML, like Gecko) Chrome/145.0.7632.159 Mobile Safari/537.36 (compatible; Googlebot/2.1; +http://www.google.com/bot.html)"
74.7.241.28 - - [19/Mar/2026:13:40:28 +0000] "GET /buy.php?detail/05200600054526 HTTP/1.1" 200 153862 "https://inception-blue.com/buy.php?detail/05201382035169" "Mozilla/5.0 AppleWebKit/537.36 (KHTML, like Gecko; compatible; GPTBot/1.3; +https://openai.com/gptbot)"
74.7.241.28 - - [19/Mar/2026:13:40:32 +0000] "GET /buy.php?detail/09504934161900 HTTP/1.1" 200 152925 "https://inception-blue.com/buy.php?detail/15304929624933" "Mozilla/5.0 AppleWebKit/537.36 (KHTML, like Gecko; compatible; GPTBot/1.3; +https://openai.com/gptbot)"
74.7.241.28 - - [19/Mar/2026:13:40:35 +0000] "GET /buy.php?detail/11604708664469 HTTP/1.1" 200 151750 "https://inception-blue.com/buy.php?detail/19103078807632" "Mozilla/5.0 AppleWebKit/537.36 (KHTML, like Gecko; compatible; GPTBot/1.3; +https://openai.com/gptbot)"
74.7.241.28 - - [19/Mar/2026:13:40:38 +0000] "GET /buy.php?detail/13504943420605 HTTP/1.1" 200 149798 "https://inception-blue.com/buy.php?detail/18302556462230" "Mozilla/5.0 AppleWebKit/537.36 (KHTML, like Gecko; compatible; GPTBot/1.3; +https://openai.com/gptbot)"
74.7.241.28 - - [19/Mar/2026:13:40:42 +0000] "GET /buy.php?detail/05600076740657 HTTP/1.1" 200 157107 "https://inception-blue.com/buy.php?detail/05600219018484" "Mozilla/5.0 AppleWebKit/537.36 (KHTML, like Gecko; compatible; GPTBot/1.3; +https://openai.com/gptbot)"
74.7.241.28 - - [19/Mar/2026:13:40:45 +0000] "GET /buy.php?detail/16503778370962 HTTP/1.1" 200 155948 "https://inception-blue.com/buy.php?detail/16500673454552" "Mozilla/5.0 AppleWebKit/537.36 (KHTML, like Gecko; compatible; GPTBot/1.3; +https://openai.com/gptbot)"
66.249.77.3 - - [19/Mar/2026:13:40:49 +0000] "GET /?goods/221041093 HTTP/1.1" 200 349696 "-" "Mozilla/5.0 (Linux; Android 6.0.1; Nexus 5X Build/MMB29P) AppleWebKit/537.36 (KHTML, like Gecko) Chrome/145.0.7632.159 Mobile Safari/537.36 (compatible; Googlebot/2.1; +http://www.google.com/bot.html)"
74.7.241.28 - - [19/Mar/2026:13:40:48 +0000] "GET /buy.php?detail/06301548417263 HTTP/1.1" 200 154208 "https://inception-blue.com/buy.php?detail/06302111658381" "Mozilla/5.0 AppleWebKit/537.36 (KHTML, like Gecko; compatible; GPTBot/1.3; +https://openai.com/gptbot)"
74.7.241.28 - - [19/Mar/2026:13:40:51 +0000] "GET /buy.php?detail/15600529722096 HTTP/1.1" 200 152381 "https://inception-blue.com/buy.php?detail/26704556275013" "Mozilla/5.0 AppleWebKit/537.36 (KHTML, like Gecko; compatible; GPTBot/1.3; +https://openai.com/gptbot)"
74.7.241.28 - - [19/Mar/2026:13:40:54 +0000] "GET /buy.php?jp/291009995.html HTTP/1.1" 200 149818 "https://inception-blue.com/buy.php?detail/16501257692899" "Mozilla/5.0 AppleWebKit/537.36 (KHTML, like Gecko; compatible; GPTBot/1.3; +https://openai.com/gptbot)"
74.7.241.28 - - [19/Mar/2026:13:40:57 +0000] "GET /buy.php?detail/15601135686206 HTTP/1.1" 200 161488 "https://inception-blue.com/buy.php?detail/15600574281021" "Mozilla/5.0 AppleWebKit/537.36 (KHTML, like Gecko; compatible; GPTBot/1.3; +https://openai.com/gptbot)"
74.7.241.28 - - [19/Mar/2026:13:41:00 +0000] "GET /buy.php?m59053792338 HTTP/1.1" 200 168057 "https://inception-blue.com/buy.php?detail/17902969165068" "Mozilla/5.0 AppleWebKit/537.36 (KHTML, like Gecko; compatible; GPTBot/1.3; +https://openai.com/gptbot)"
74.7.241.28 - - [19/Mar/2026:13:41:03 +0000] "GET /buy.php?detail/15601109166115 HTTP/1.1" 200 155571 "https://inception-blue.com/buy.php?detail/15600574281021" "Mozilla/5.0 AppleWebKit/537.36 (KHTML, like Gecko; compatible; GPTBot/1.3; +https://openai.com/gptbot)"
74.7.241.28 - - [19/Mar/2026:13:41:07 +0000] "GET /buy.php?detail/24102185316410 HTTP/1.1" 200 152468 "https://inception-blue.com/buy.php?detail/05200600054526" "Mozilla/5.0 AppleWebKit/537.36 (KHTML, like Gecko; compatible; GPTBot/1.3; +https://openai.com/gptbot)"
74.7.241.28 - - [19/Mar/2026:13:41:10 +0000] "GET /buy.php?detail/24502092779559 HTTP/1.1" 200 158718 "https://inception-blue.com/buy.php?detail/11604708664469" "Mozilla/5.0 AppleWebKit/537.36 (KHTML, like Gecko; compatible; GPTBot/1.3; +https://openai.com/gptbot)"
74.7.241.28 - - [19/Mar/2026:13:41:13 +0000] "GET /buy.php?detail/15903315269348 HTTP/1.1" 200 148981 "https://inception-blue.com/buy.php?detail/16501257692899" "Mozilla/5.0 AppleWebKit/537.36 (KHTML, like Gecko; compatible; GPTBot/1.3; +https://openai.com/gptbot)"
74.7.241.28 - - [19/Mar/2026:13:41:16 +0000] "GET /buy.php?detail/17902966578783 HTTP/1.1" 200 168818 "https://inception-blue.com/buy.php?detail/17902387254290" "Mozilla/5.0 AppleWebKit/537.36 (KHTML, like Gecko; compatible; GPTBot/1.3; +https://openai.com/gptbot)"
74.7.241.28 - - [19/Mar/2026:13:41:19 +0000] "GET /buy.php?detail/16501200921041 HTTP/1.1" 200 152065 "https://inception-blue.com/buy.php?detail/16503778370962" "Mozilla/5.0 AppleWebKit/537.36 (KHTML, like Gecko; compatible; GPTBot/1.3; +https://openai.com/gptbot)"
66.249.77.3 - - [19/Mar/2026:13:41:20 +0000] "GET /56463592 HTTP/1.1" 200 309524 "-" "Mozilla/5.0 (Linux; Android 6.0.1; Nexus 5X Build/MMB29P) AppleWebKit/537.36 (KHTML, like Gecko) Chrome/145.0.7632.159 Mobile Safari/537.36 (compatible; Googlebot/2.1; +http://www.google.com/bot.html)"
74.7.241.28 - - [19/Mar/2026:13:41:22 +0000] "GET /buy.php?detail/18401072923919 HTTP/1.1" 200 150809 "https://inception-blue.com/buy.php?detail/06301548417263" "Mozilla/5.0 AppleWebKit/537.36 (KHTML, like Gecko; compatible; GPTBot/1.3; +https://openai.com/gptbot)"
74.7.241.28 - - [19/Mar/2026:13:41:26 +0000] "GET /buy.php?detail/26304862504193 HTTP/1.1" 200 157488 "https://inception-blue.com/buy.php?detail/03104299117297" "Mozilla/5.0 AppleWebKit/537.36 (KHTML, like Gecko; compatible; GPTBot/1.3; +https://openai.com/gptbot)"
74.7.241.28 - - [19/Mar/2026:13:41:29 +0000] "GET /buy.php?detail/01501226255100 HTTP/1.1" 200 163987 "https://inception-blue.com/buy.php?jp/291009995.html" "Mozilla/5.0 AppleWebKit/537.36 (KHTML, like Gecko; compatible; GPTBot/1.3; +https://openai.com/gptbot)"
74.7.241.28 - - [19/Mar/2026:13:41:32 +0000] "GET /buy.php?goods/015012262 HTTP/1.1" 200 163755 "https://inception-blue.com/buy.php?detail/01501226255100" "Mozilla/5.0 AppleWebKit/537.36 (KHTML, like Gecko; compatible; GPTBot/1.3; +https://openai.com/gptbot)"
74.7.241.28 - - [19/Mar/2026:13:41:35 +0000] "GET /buy.php?detail/27902496245881 HTTP/1.1" 200 153791 "https://inception-blue.com/buy.php?detail/20804074934882" "Mozilla/5.0 AppleWebKit/537.36 (KHTML, like Gecko; compatible; GPTBot/1.3; +https://openai.com/gptbot)"
74.7.241.28 - - [19/Mar/2026:13:41:38 +0000] "GET /buy.php?detail/09203468826272 HTTP/1.1" 200 142992 "https://inception-blue.com/buy.php?detail/15601826136109" "Mozilla/5.0 AppleWebKit/537.36 (KHTML, like Gecko; compatible; GPTBot/1.3; +https://openai.com/gptbot)"
74.7.241.28 - - [19/Mar/2026:13:41:41 +0000] "GET /buy.php?detail/24704874299354 HTTP/1.1" 200 145118 "https://inception-blue.com/buy.php?detail/02002363386282" "Mozilla/5.0 AppleWebKit/537.36 (KHTML, like Gecko; compatible; GPTBot/1.3; +https://openai.com/gptbot)"
74.7.241.28 - - [19/Mar/2026:13:41:45 +0000] "GET /buy.php?detail/22504720161551 HTTP/1.1" 200 154185 "https://inception-blue.com/buy.php?detail/24102185316410" "Mozilla/5.0 AppleWebKit/537.36 (KHTML, like Gecko; compatible; GPTBot/1.3; +https://openai.com/gptbot)"
74.7.241.28 - - [19/Mar/2026:13:41:48 +0000] "GET /buy.php?detail/17200828016479 HTTP/1.1" 200 163132 "https://inception-blue.com/buy.php?detail/24502092779559" "Mozilla/5.0 AppleWebKit/537.36 (KHTML, like Gecko; compatible; GPTBot/1.3; +https://openai.com/gptbot)"
74.7.241.28 - - [19/Mar/2026:13:41:51 +0000] "GET /buy.php?detail/02902369144225 HTTP/1.1" 200 143631 "https://inception-blue.com/buy.php?detail/15903315269348" "Mozilla/5.0 AppleWebKit/537.36 (KHTML, like Gecko; compatible; GPTBot/1.3; +https://openai.com/gptbot)"
74.7.241.28 - - [19/Mar/2026:13:41:54 +0000] "GET /buy.php?detail/10002961104207 HTTP/1.1" 200 154797 "https://inception-blue.com/buy.php?detail/17902966578783" "Mozilla/5.0 AppleWebKit/537.36 (KHTML, like Gecko; compatible; GPTBot/1.3; +https://openai.com/gptbot)"
74.7.241.28 - - [19/Mar/2026:13:41:57 +0000] "GET /buy.php?detail/17902874684388 HTTP/1.1" 200 157378 "https://inception-blue.com/buy.php?detail/17902966578783" "Mozilla/5.0 AppleWebKit/537.36 (KHTML, like Gecko; compatible; GPTBot/1.3; +https://openai.com/gptbot)"
74.7.241.28 - - [19/Mar/2026:13:42:00 +0000] "GET /buy.php?detail/07501921470103 HTTP/1.1" 200 148765 "https://inception-blue.com/buy.php?detail/18401072923919" "Mozilla/5.0 AppleWebKit/537.36 (KHTML, like Gecko; compatible; GPTBot/1.3; +https://openai.com/gptbot)"
74.7.241.28 - - [19/Mar/2026:13:42:04 +0000] "GET /buy.php?detail/06303318169859 HTTP/1.1" 200 142474 "https://inception-blue.com/buy.php?detail/24502092779559" "Mozilla/5.0 AppleWebKit/537.36 (KHTML, like Gecko; compatible; GPTBot/1.3; +https://openai.com/gptbot)"
66.249.77.3 - - [19/Mar/2026:13:42:07 +0000] "GET /?jp/252020810.html HTTP/1.1" 200 322420 "-" "Mozilla/5.0 (Linux; Android 6.0.1; Nexus 5X Build/MMB29P) AppleWebKit/537.36 (KHTML, like Gecko) Chrome/145.0.7632.159 Mobile Safari/537.36 (compatible; Googlebot/2.1; +http://www.google.com/bot.html)"
74.7.241.28 - - [19/Mar/2026:13:42:07 +0000] "GET /buy.php?detail/20102382515607 HTTP/1.1" 200 151504 "https://inception-blue.com/buy.php?detail/15903315269348" "Mozilla/5.0 AppleWebKit/537.36 (KHTML, like Gecko; compatible; GPTBot/1.3; +https://openai.com/gptbot)"
66.249.77.4 - - [19/Mar/2026:13:42:10 +0000] "GET /8536455 HTTP/1.1" 200 311432 "-" "Mozilla/5.0 (Linux; Android 6.0.1; Nexus 5X Build/MMB29P) AppleWebKit/537.36 (KHTML, like Gecko) Chrome/145.0.7632.159 Mobile Safari/537.36 (compatible; Googlebot/2.1; +http://www.google.com/bot.html)"
74.7.241.28 - - [19/Mar/2026:13:42:10 +0000] "GET /buy.php?detail/25800600464368 HTTP/1.1" 200 146419 "https://inception-blue.com/buy.php?detail/27902496245881" "Mozilla/5.0 AppleWebKit/537.36 (KHTML, like Gecko; compatible; GPTBot/1.3; +https://openai.com/gptbot)"
74.7.241.28 - - [19/Mar/2026:13:42:13 +0000] "GET /buy.php?detail/03002232119268 HTTP/1.1" 200 153425 "https://inception-blue.com/buy.php?detail/09203468826272" "Mozilla/5.0 AppleWebKit/537.36 (KHTML, like Gecko; compatible; GPTBot/1.3; +https://openai.com/gptbot)"
74.7.241.28 - - [19/Mar/2026:13:42:16 +0000] "GET /buy.php?detail/27004202797092 HTTP/1.1" 200 159293 "https://inception-blue.com/buy.php?detail/27902496245881" "Mozilla/5.0 AppleWebKit/537.36 (KHTML, like Gecko; compatible; GPTBot/1.3; +https://openai.com/gptbot)"
74.7.241.28 - - [19/Mar/2026:13:42:19 +0000] "GET /buy.php?detail/22503087865806 HTTP/1.1" 200 154023 "https://inception-blue.com/buy.php?detail/22504720161551" "Mozilla/5.0 AppleWebKit/537.36 (KHTML, like Gecko; compatible; GPTBot/1.3; +https://openai.com/gptbot)"
74.7.241.28 - - [19/Mar/2026:13:42:23 +0000] "GET /buy.php?detail/14001945459947 HTTP/1.1" 200 141872 "https://inception-blue.com/buy.php?detail/17200828016479" "Mozilla/5.0 AppleWebKit/537.36 (KHTML, like Gecko; compatible; GPTBot/1.3; +https://openai.com/gptbot)"
74.7.241.28 - - [19/Mar/2026:13:42:26 +0000] "GET /buy.php?detail/06903085553500 HTTP/1.1" 200 152472 "https://inception-blue.com/buy.php?detail/17200828016479" "Mozilla/5.0 AppleWebKit/537.36 (KHTML, like Gecko; compatible; GPTBot/1.3; +https://openai.com/gptbot)"
74.7.241.28 - - [19/Mar/2026:13:42:29 +0000] "GET /buy.php?detail/1000084280691 HTTP/1.1" 200 155423 "https://inception-blue.com/buy.php?detail/10002961104207" "Mozilla/5.0 AppleWebKit/537.36 (KHTML, like Gecko; compatible; GPTBot/1.3; +https://openai.com/gptbot)"
74.7.241.28 - - [19/Mar/2026:13:42:32 +0000] "GET /buy.php?jp/201038552.html HTTP/1.1" 200 146061 "https://inception-blue.com/buy.php?detail/17902874684388" "Mozilla/5.0 AppleWebKit/537.36 (KHTML, like Gecko; compatible; GPTBot/1.3; +https://openai.com/gptbot)"
74.7.241.28 - - [19/Mar/2026:13:42:36 +0000] "GET /buy.php?detail/24500175235911 HTTP/1.1" 200 154029 "https://inception-blue.com/buy.php?detail/24502092779559" "Mozilla/5.0 AppleWebKit/537.36 (KHTML, like Gecko; compatible; GPTBot/1.3; +https://openai.com/gptbot)"
74.7.241.28 - - [19/Mar/2026:13:42:39 +0000] "GET /buy.php?detail/29704356157729 HTTP/1.1" 200 164050 "https://inception-blue.com/buy.php?detail/17200828016479" "Mozilla/5.0 AppleWebKit/537.36 (KHTML, like Gecko; compatible; GPTBot/1.3; +https://openai.com/gptbot)"
74.7.241.28 - - [19/Mar/2026:13:42:42 +0000] "GET /buy.php?detail/28004349294645 HTTP/1.1" 200 162682 "https://inception-blue.com/buy.php?detail/28000774983583" "Mozilla/5.0 AppleWebKit/537.36 (KHTML, like Gecko; compatible; GPTBot/1.3; +https://openai.com/gptbot)"
74.7.241.28 - - [19/Mar/2026:13:42:45 +0000] "GET /buy.php?detail/24104455188674 HTTP/1.1" 200 154011 "https://inception-blue.com/buy.php?detail/07501921470103" "Mozilla/5.0 AppleWebKit/537.36 (KHTML, like Gecko; compatible; GPTBot/1.3; +https://openai.com/gptbot)"
74.7.241.28 - - [19/Mar/2026:13:42:48 +0000] "GET /buy.php?detail/03800904569115 HTTP/1.1" 200 156024 "https://inception-blue.com/buy.php?detail/03804876956508" "Mozilla/5.0 AppleWebKit/537.36 (KHTML, like Gecko; compatible; GPTBot/1.3; +https://openai.com/gptbot)"
54.83.56.1 - - [19/Mar/2026:13:42:49 +0000] "GET /lets-dive/?dir=/home/inceptionblue/public_html/wp-includes/Text/Diff/Engine HTTP/1.1" 200 171555 "-" "Mozilla/5.0 AppleWebKit/537.36 (KHTML, like Gecko; compatible; Amazonbot/0.1; +https://developer.amazon.com/support/amazonbot) Chrome/119.0.6045.214 Safari/537.36"
159.223.142.74 - - [19/Mar/2026:13:42:51 +0000] "POST /wp-cron.php?doing_wp_cron=1773927771.3697669506072998046875 HTTP/1.1" 403 185482 "-" "WordPress/6.9.4; https://inception-blue.com"
100.24.167.60 - - [19/Mar/2026:13:42:52 +0000] "GET /logined/?dir=/home/inceptionblue/public_html/wp-includes/css&read=/home/inceptionblue/public_html/wp-includes/css/wp-auth-check.css HTTP/1.1" 200 131620 "-" "Mozilla/5.0 AppleWebKit/537.36 (KHTML, like Gecko; compatible; Amazonbot/0.1; +https://developer.amazon.com/support/amazonbot) Chrome/119.0.6045.214 Safari/537.36"
74.7.241.28 - - [19/Mar/2026:13:42:52 +0000] "GET /buy.php?detail/0560022410984 HTTP/1.1" 200 165062 "https://inception-blue.com/buy.php?goods/056030161" "Mozilla/5.0 AppleWebKit/537.36 (KHTML, like Gecko; compatible; GPTBot/1.3; +https://openai.com/gptbot)"
54.235.158.162 - - [19/Mar/2026:13:42:54 +0000] "GET /lets-dive/?dir=/home/inceptionblue/public_html/wp-includes/css/dist/base-styles&read=/home/inceptionblue/public_html/wp-includes/css/dist/base-styles/admin-schemes-rtl.min.css HTTP/1.1" 200 163235 "-" "Mozilla/5.0 AppleWebKit/537.36 (KHTML, like Gecko; compatible; Amazonbot/0.1; +https://developer.amazon.com/support/amazonbot) Chrome/119.0.6045.214 Safari/537.36"
74.7.241.28 - - [19/Mar/2026:13:42:55 +0000] "GET /buy.php?detail/22501384343084 HTTP/1.1" 200 157770 "https://inception-blue.com/buy.php?detail/22503087865806" "Mozilla/5.0 AppleWebKit/537.36 (KHTML, like Gecko; compatible; GPTBot/1.3; +https://openai.com/gptbot)"
98.83.72.38 - - [19/Mar/2026:13:42:59 +0000] "GET /lets-dive/?dir=/home/inceptionblue/public_html/wp-content/uploads/2026/03 HTTP/1.1" 200 163339 "-" "Mozilla/5.0 AppleWebKit/537.36 (KHTML, like Gecko; compatible; Amazonbot/0.1; +https://developer.amazon.com/support/amazonbot) Chrome/119.0.6045.214 Safari/537.36"
74.7.241.28 - - [19/Mar/2026:13:42:58 +0000] "GET /buy.php?detail/22501370437245 HTTP/1.1" 200 157736 "https://inception-blue.com/buy.php?detail/22503087865806" "Mozilla/5.0 AppleWebKit/537.36 (KHTML, like Gecko; compatible; GPTBot/1.3; +https://openai.com/gptbot)"
66.249.77.3 - - [19/Mar/2026:13:43:00 +0000] "GET /289684681 HTTP/1.1" 200 303959 "-" "Mozilla/5.0 (Linux; Android 6.0.1; Nexus 5X Build/MMB29P) AppleWebKit/537.36 (KHTML, like Gecko) Chrome/145.0.7632.159 Mobile Safari/537.36 (compatible; Googlebot/2.1; +http://www.google.com/bot.html)"
74.7.241.28 - - [19/Mar/2026:13:43:01 +0000] "GET /buy.php?detail/22501305377481 HTTP/1.1" 200 168882 "https://inception-blue.com/buy.php?detail/22503087865806" "Mozilla/5.0 AppleWebKit/537.36 (KHTML, like Gecko; compatible; GPTBot/1.3; +https://openai.com/gptbot)"
44.218.170.184 - - [19/Mar/2026:13:43:03 +0000] "GET /author/scott/?dir=/home/inceptionblue/public_html/wp-content/plugins/profile-builder/features/content-restriction HTTP/1.1" 200 149796 "-" "Mozilla/5.0 AppleWebKit/537.36 (KHTML, like Gecko; compatible; Amazonbot/0.1; +https://developer.amazon.com/support/amazonbot) Chrome/119.0.6045.214 Safari/537.36"
74.7.241.28 - - [19/Mar/2026:13:43:04 +0000] "GET /buy.php?detail/25504504056064 HTTP/1.1" 200 154816 "https://inception-blue.com/buy.php?detail/1000084280691" "Mozilla/5.0 AppleWebKit/537.36 (KHTML, like Gecko; compatible; GPTBot/1.3; +https://openai.com/gptbot)"
34.236.185.101 - - [19/Mar/2026:13:43:08 +0000] "GET /lets-dive/?dir=/home/inceptionblue/public_html/wp-includes/css/dist/preferences&read=/home/inceptionblue/public_html/wp-includes/css/dist/preferences/style.css HTTP/1.1" 200 160719 "-" "Mozilla/5.0 AppleWebKit/537.36 (KHTML, like Gecko; compatible; Amazonbot/0.1; +https://developer.amazon.com/support/amazonbot) Chrome/119.0.6045.214 Safari/537.36"
74.7.241.28 - - [19/Mar/2026:13:43:08 +0000] "GET /buy.php?detail/28401032379546 HTTP/1.1" 200 146562 "https://inception-blue.com/buy.php?detail/15600529722096" "Mozilla/5.0 AppleWebKit/537.36 (KHTML, like Gecko; compatible; GPTBot/1.3; +https://openai.com/gptbot)"
52.22.64.232 - - [19/Mar/2026:13:43:10 +0000] "GET /author/scott/?dir=/home/inceptionblue/public_html/wp-content/plugins/wordpress-seo/vendor_prefixed/psr/http-factory HTTP/1.1" 200 138954 "-" "Mozilla/5.0 AppleWebKit/537.36 (KHTML, like Gecko; compatible; Amazonbot/0.1; +https://developer.amazon.com/support/amazonbot) Chrome/119.0.6045.214 Safari/537.36"
74.7.241.28 - - [19/Mar/2026:13:43:11 +0000] "GET /buy.php?detail/03804254395534 HTTP/1.1" 200 159922 "https://inception-blue.com/buy.php?detail/24500175235911" "Mozilla/5.0 AppleWebKit/537.36 (KHTML, like Gecko; compatible; GPTBot/1.3; +https://openai.com/gptbot)"
74.7.241.28 - - [19/Mar/2026:13:43:14 +0000] "GET /buy.php?detail/29700566412381 HTTP/1.1" 200 172443 "https://inception-blue.com/buy.php?detail/29704356157729" "Mozilla/5.0 AppleWebKit/537.36 (KHTML, like Gecko; compatible; GPTBot/1.3; +https://openai.com/gptbot)"
44.209.89.189 - - [19/Mar/2026:13:43:17 +0000] "GET /author/scott/?dir=/home/inceptionblue/public_html/wp-content/plugins/wordpress-seo/lib/migrations HTTP/1.1" 200 145661 "-" "Mozilla/5.0 AppleWebKit/537.36 (KHTML, like Gecko; compatible; Amazonbot/0.1; +https://developer.amazon.com/support/amazonbot) Chrome/119.0.6045.214 Safari/537.36"
44.218.170.184 - - [19/Mar/2026:13:43:18 +0000] "GET /author/scott/?dir=/home/inceptionblue/tmp/webalizer&read=/home/inceptionblue/tmp/webalizer/usage_202404.html HTTP/1.1" 200 302400 "-" "Mozilla/5.0 AppleWebKit/537.36 (KHTML, like Gecko; compatible; Amazonbot/0.1; +https://developer.amazon.com/support/amazonbot) Chrome/119.0.6045.214 Safari/537.36"
74.7.241.28 - - [19/Mar/2026:13:43:17 +0000] "GET /buy.php?detail/28003300967277 HTTP/1.1" 200 166637 "https://inception-blue.com/buy.php?detail/28004349294645" "Mozilla/5.0 AppleWebKit/537.36 (KHTML, like Gecko; compatible; GPTBot/1.3; +https://openai.com/gptbot)"
74.7.241.28 - - [19/Mar/2026:13:43:20 +0000] "GET /buy.php?detail/27904742693472 HTTP/1.1" 200 157978 "https://inception-blue.com/buy.php?detail/24104455188674" "Mozilla/5.0 AppleWebKit/537.36 (KHTML, like Gecko; compatible; GPTBot/1.3; +https://openai.com/gptbot)"
52.44.229.124 - - [19/Mar/2026:13:43:24 +0000] "GET /author/scott/?dir=/home/inceptionblue/public_html/wp-content/plugins/wordpress-seo/vendor/composer&read=/home/inceptionblue/public_html/wp-content/plugins/wordpress-seo/vendor/composer/autoload_real.php HTTP/1.1" 200 134972 "-" "Mozilla/5.0 AppleWebKit/537.36 (KHTML, like Gecko; compatible; Amazonbot/0.1; +https://developer.amazon.com/support/amazonbot) Chrome/119.0.6045.214 Safari/537.36"
2001:41d0:303:5883::1 - - [19/Mar/2026:13:43:26 +0000] "GET /robots.txt HTTP/1.1" 304 - "-" "Mozilla/5.0 (compatible; MJ12bot/v1.4.8; http://mj12bot.com/)"
74.7.241.28 - - [19/Mar/2026:13:43:24 +0000] "GET /buy.php?detail/02300927739701 HTTP/1.1" 200 158245 "https://inception-blue.com/buy.php?detail/03800904569115" "Mozilla/5.0 AppleWebKit/537.36 (KHTML, like Gecko; compatible; GPTBot/1.3; +https://openai.com/gptbot)"
54.147.182.90 - - [19/Mar/2026:13:43:26 +0000] "GET /author/scott/?dir=/home/inceptionblue/public_html/wp-content/plugins/wordpress-seo/src/conditionals&read=/home/inceptionblue/public_html/wp-content/plugins/wordpress-seo/src/conditionals/wp-cron-enabled-conditional.php HTTP/1.1" 200 133432 "-" "Mozilla/5.0 AppleWebKit/537.36 (KHTML, like Gecko; compatible; Amazonbot/0.1; +https://developer.amazon.com/support/amazonbot) Chrome/119.0.6045.214 Safari/537.36"
74.7.241.28 - - [19/Mar/2026:13:43:27 +0000] "GET /buy.php?detail/28003313490963 HTTP/1.1" 200 168844 "https://inception-blue.com/buy.php?detail/28004349294645" "Mozilla/5.0 AppleWebKit/537.36 (KHTML, like Gecko; compatible; GPTBot/1.3; +https://openai.com/gptbot)"
2001:41d0:303:5883::1 - - [19/Mar/2026:13:43:30 +0000] "GET /?dir=/home/inceptionblue/public_html/wp-content/plugins/astra-addon/addons/advanced-headers/assets/css/unminified&read=/home/inceptionblue/public_html/wp-content/plugins/astra-addon/addons/advanced-headers/assets/css/unminified/style-rtl.css HTTP/1.1" 301 15395 "-" "Mozilla/5.0 (compatible; MJ12bot/v1.4.8; http://mj12bot.com/)"
74.7.241.28 - - [19/Mar/2026:13:43:30 +0000] "GET /buy.php?detail/22502354027441 HTTP/1.1" 200 153766 "https://inception-blue.com/buy.php?detail/22501384343084" "Mozilla/5.0 AppleWebKit/537.36 (KHTML, like Gecko; compatible; GPTBot/1.3; +https://openai.com/gptbot)"
54.243.63.52 - - [19/Mar/2026:13:43:32 +0000] "GET /lets-dive/?dir=/home/inceptionblue/public_html/wp-includes/css/dist/edit-widgets&read=/home/inceptionblue/public_html/wp-includes/css/dist/edit-widgets/style-rtl.css HTTP/1.1" 200 185608 "-" "Mozilla/5.0 AppleWebKit/537.36 (KHTML, like Gecko; compatible; Amazonbot/0.1; +https://developer.amazon.com/support/amazonbot) Chrome/119.0.6045.214 Safari/537.36"
74.7.241.28 - - [19/Mar/2026:13:43:33 +0000] "GET /buy.php?detail/13201358961984 HTTP/1.1" 200 142018 "https://inception-blue.com/buy.php?detail/28004349294645" "Mozilla/5.0 AppleWebKit/537.36 (KHTML, like Gecko; compatible; GPTBot/1.3; +https://openai.com/gptbot)"
34.206.193.60 - - [19/Mar/2026:13:43:35 +0000] "GET /author/scott/?dir=/home/inceptionblue/public_html/wp-content/plugins/astra-addon/languages&read=/home/inceptionblue/public_html/wp-content/plugins/astra-addon/languages/astra-addon-fr_FR.mo HTTP/1.1" 200 132971 "-" "Mozilla/5.0 AppleWebKit/537.36 (KHTML, like Gecko; compatible; Amazonbot/0.1; +https://developer.amazon.com/support/amazonbot) Chrome/119.0.6045.214 Safari/537.36"
2001:41d0:303:5883::1 - - [19/Mar/2026:13:43:35 +0000] "GET /?dir=%2Fhome%2Finceptionblue%2Fpublic_html%2Fwp-content%2Fplugins%2Fastra-addon%2Faddons%2Fadvanced-headers%2Fassets%2Fcss%2Funminified&read=%2Fhome%2Finceptionblue%2Fpublic_html%2Fwp-content%2Fplugins%2Fastra-addon%2Faddons%2Fadvanced-headers%2Fassets%2Fcss%2Funminified%2Fstyle-rtl.css HTTP/1.1" 200 161769 "-" "Mozilla/5.0 (compatible; MJ12bot/v1.4.8; http://mj12bot.com/)"
74.7.241.28 - - [19/Mar/2026:13:43:36 +0000] "GET /buy.php?jp/225013053.html HTTP/1.1" 200 169411 "https://inception-blue.com/buy.php?detail/22501305377481" "Mozilla/5.0 AppleWebKit/537.36 (KHTML, like Gecko; compatible; GPTBot/1.3; +https://openai.com/gptbot)"
74.7.241.28 - - [19/Mar/2026:13:43:39 +0000] "GET /buy.php?detail/09403304832017 HTTP/1.1" 200 153410 "https://inception-blue.com/buy.php?detail/22501305377481" "Mozilla/5.0 AppleWebKit/537.36 (KHTML, like Gecko; compatible; GPTBot/1.3; +https://openai.com/gptbot)"
98.82.214.73 - - [19/Mar/2026:13:43:42 +0000] "GET /author/scott/?dir=/home/inceptionblue/public_html/wp-content/plugins/astra-addon/languages&read=/home/inceptionblue/public_html/wp-content/plugins/astra-addon/languages/astra-addon-zh_TW.mo HTTP/1.1" 200 132971 "-" "Mozilla/5.0 AppleWebKit/537.36 (KHTML, like Gecko; compatible; Amazonbot/0.1; +https://developer.amazon.com/support/amazonbot) Chrome/119.0.6045.214 Safari/537.36"
18.204.89.56 - - [19/Mar/2026:13:43:42 +0000] "GET /author/scott/?dir=/home/inceptionblue/public_html/wp-content/plugins/wordpress-seo/inc/options&read=/home/inceptionblue/public_html/wp-content/plugins/wordpress-seo/inc/options/class-wpseo-taxonomy-meta.php HTTP/1.1" 200 151081 "-" "Mozilla/5.0 AppleWebKit/537.36 (KHTML, like Gecko; compatible; Amazonbot/0.1; +https://developer.amazon.com/support/amazonbot) Chrome/119.0.6045.214 Safari/537.36"
74.7.241.28 - - [19/Mar/2026:13:43:43 +0000] "GET /buy.php?detail/28400734636354 HTTP/1.1" 200 153336 "https://inception-blue.com/buy.php?detail/28401032379546" "Mozilla/5.0 AppleWebKit/537.36 (KHTML, like Gecko; compatible; GPTBot/1.3; +https://openai.com/gptbot)"
74.7.241.28 - - [19/Mar/2026:13:43:46 +0000] "GET /buy.php?detail/13204554563247 HTTP/1.1" 200 155601 "https://inception-blue.com/buy.php?detail/28401032379546" "Mozilla/5.0 AppleWebKit/537.36 (KHTML, like Gecko; compatible; GPTBot/1.3; +https://openai.com/gptbot)"
34.238.45.183 - - [19/Mar/2026:13:43:48 +0000] "GET /author/scott/?dir=/home/inceptionblue/public_html/wp-content/plugins/wordpress-seo/images&read=/home/inceptionblue/public_html/wp-content/plugins/wordpress-seo/images/inclusive_language_analysis.png HTTP/1.1" 200 132986 "-" "Mozilla/5.0 AppleWebKit/537.36 (KHTML, like Gecko; compatible; Amazonbot/0.1; +https://developer.amazon.com/support/amazonbot) Chrome/119.0.6045.214 Safari/537.36"
74.7.241.28 - - [19/Mar/2026:13:43:49 +0000] "GET /buy.php?detail/25500906921247 HTTP/1.1" 200 153753 "https://inception-blue.com/buy.php?detail/25504504056064" "Mozilla/5.0 AppleWebKit/537.36 (KHTML, like Gecko; compatible; GPTBot/1.3; +https://openai.com/gptbot)"
66.249.77.3 - - [19/Mar/2026:13:43:50 +0000] "GET /6160496 HTTP/1.1" 200 324050 "-" "Mozilla/5.0 (Linux; Android 6.0.1; Nexus 5X Build/MMB29P) AppleWebKit/537.36 (KHTML, like Gecko) Chrome/145.0.7632.159 Mobile Safari/537.36 (compatible; Googlebot/2.1; +http://www.google.com/bot.html)"
54.90.8.255 - - [19/Mar/2026:13:43:52 +0000] "GET /author/scott/?dir=/home/inceptionblue/tmp/webalizer&read=/home/inceptionblue/tmp/webalizer/daily_usage_202410.png HTTP/1.1" 200 132660 "-" "Mozilla/5.0 AppleWebKit/537.36 (KHTML, like Gecko; compatible; Amazonbot/0.1; +https://developer.amazon.com/support/amazonbot) Chrome/119.0.6045.214 Safari/537.36"
159.223.142.74 - - [19/Mar/2026:13:43:53 +0000] "POST /wp-cron.php?doing_wp_cron=1773927833.3710350990295410156250 HTTP/1.1" 403 185483 "-" "WordPress/6.9.4; https://inception-blue.com"
74.7.241.28 - - [19/Mar/2026:13:43:52 +0000] "GET /buy.php?detail/13202259349126 HTTP/1.1" 200 156222 "https://inception-blue.com/buy.php?detail/28401032379546" "Mozilla/5.0 AppleWebKit/537.36 (KHTML, like Gecko; compatible; GPTBot/1.3; +https://openai.com/gptbot)"
74.7.241.28 - - [19/Mar/2026:13:43:55 +0000] "GET /buy.php?detail/18104376676667 HTTP/1.1" 200 159215 "https://inception-blue.com/buy.php?detail/27904742693472" "Mozilla/5.0 AppleWebKit/537.36 (KHTML, like Gecko; compatible; GPTBot/1.3; +https://openai.com/gptbot)"
34.226.89.140 - - [19/Mar/2026:13:43:56 +0000] "GET /author/scott/?dir=/home/inceptionblue/tmp/webalizer&read=/home/inceptionblue/tmp/webalizer/hourly_usage_202406.png HTTP/1.1" 200 132662 "-" "Mozilla/5.0 AppleWebKit/537.36 (KHTML, like Gecko; compatible; Amazonbot/0.1; +https://developer.amazon.com/support/amazonbot) Chrome/119.0.6045.214 Safari/537.36"
3.229.95.193 - - [19/Mar/2026:13:43:58 +0000] "GET /author/scott/?dir=/home/inceptionblue/public_html/wp-content/uploads/2024/04&read=/home/inceptionblue/public_html/wp-content/uploads/2024/04/55-2048x1960.png HTTP/1.1" 200 132865 "-" "Mozilla/5.0 AppleWebKit/537.36 (KHTML, like Gecko; compatible; Amazonbot/0.1; +https://developer.amazon.com/support/amazonbot) Chrome/119.0.6045.214 Safari/537.36"
74.7.241.28 - - [19/Mar/2026:13:43:58 +0000] "GET /buy.php?jp/056015892.html HTTP/1.1" 200 155389 "https://inception-blue.com/buy.php?detail/02300927739701" "Mozilla/5.0 AppleWebKit/537.36 (KHTML, like Gecko; compatible; GPTBot/1.3; +https://openai.com/gptbot)"
74.7.241.28 - - [19/Mar/2026:13:44:01 +0000] "GET /buy.php?goods/150018529 HTTP/1.1" 200 154650 "https://inception-blue.com/buy.php?detail/02300927739701" "Mozilla/5.0 AppleWebKit/537.36 (KHTML, like Gecko; compatible; GPTBot/1.3; +https://openai.com/gptbot)"
23.23.104.107 - - [19/Mar/2026:13:44:04 +0000] "GET /logined/?dir=/home/inceptionblue/public_html/wp-includes/css&read=/home/inceptionblue/public_html/wp-includes/css/editor-rtl.css HTTP/1.1" 200 163589 "-" "Mozilla/5.0 AppleWebKit/537.36 (KHTML, like Gecko; compatible; Amazonbot/0.1; +https://developer.amazon.com/support/amazonbot) Chrome/119.0.6045.214 Safari/537.36"
74.7.241.28 - - [19/Mar/2026:13:44:04 +0000] "GET /buy.php?detail/02300603339619 HTTP/1.1" 200 154652 "https://inception-blue.com/buy.php?detail/02300927739701" "Mozilla/5.0 AppleWebKit/537.36 (KHTML, like Gecko; compatible; GPTBot/1.3; +https://openai.com/gptbot)"
3.221.244.28 - - [19/Mar/2026:13:44:08 +0000] "GET /2024/04/01/hello-world/?dir=/home/inceptionblue/public_html/wp-includes&read=/home/inceptionblue/public_html/wp-includes/class-wp-comment-query.php HTTP/1.1" 200 189138 "-" "Mozilla/5.0 AppleWebKit/537.36 (KHTML, like Gecko; compatible; Amazonbot/0.1; +https://developer.amazon.com/support/amazonbot) Chrome/119.0.6045.214 Safari/537.36"
74.7.241.28 - - [19/Mar/2026:13:44:08 +0000] "GET /buy.php?m25607999980 HTTP/1.1" 200 158501 "https://inception-blue.com/buy.php?detail/13201358961984" "Mozilla/5.0 AppleWebKit/537.36 (KHTML, like Gecko; compatible; GPTBot/1.3; +https://openai.com/gptbot)"
54.166.126.132 - - [19/Mar/2026:13:44:11 +0000] "GET /2024/04/01/hello-world/?dir=/home/inceptionblue/public_html/wp-admin&read=/home/inceptionblue/public_html/wp-admin/export-personal-data.php HTTP/1.1" 200 148196 "-" "Mozilla/5.0 AppleWebKit/537.36 (KHTML, like Gecko; compatible; Amazonbot/0.1; +https://developer.amazon.com/support/amazonbot) Chrome/119.0.6045.214 Safari/537.36"
74.7.241.28 - - [19/Mar/2026:13:44:11 +0000] "GET /buy.php?detail/22502393518553 HTTP/1.1" 200 155781 "https://inception-blue.com/buy.php?jp/225013053.html" "Mozilla/5.0 AppleWebKit/537.36 (KHTML, like Gecko; compatible; GPTBot/1.3; +https://openai.com/gptbot)"
74.7.241.28 - - [19/Mar/2026:13:44:14 +0000] "GET /buy.php?detail/22502394134071 HTTP/1.1" 200 163094 "https://inception-blue.com/buy.php?jp/225013053.html" "Mozilla/5.0 AppleWebKit/537.36 (KHTML, like Gecko; compatible; GPTBot/1.3; +https://openai.com/gptbot)"
52.70.123.241 - - [19/Mar/2026:13:44:16 +0000] "GET /2024/04/01/hello-world/?dir=/home/inceptionblue/public_html/wp-content/themes/astra&read=/home/inceptionblue/public_html/wp-content/themes/astra/theme.json HTTP/1.1" 200 142772 "-" "Mozilla/5.0 AppleWebKit/537.36 (KHTML, like Gecko; compatible; Amazonbot/0.1; +https://developer.amazon.com/support/amazonbot) Chrome/119.0.6045.214 Safari/537.36"
74.7.241.28 - - [19/Mar/2026:13:44:17 +0000] "GET /buy.php?detail/24202822565179 HTTP/1.1" 200 155860 "https://inception-blue.com/buy.php?detail/28400734636354" "Mozilla/5.0 AppleWebKit/537.36 (KHTML, like Gecko; compatible; GPTBot/1.3; +https://openai.com/gptbot)"
74.7.241.28 - - [19/Mar/2026:13:44:20 +0000] "GET /buy.php?detail/13900248223231 HTTP/1.1" 200 157278 "https://inception-blue.com/buy.php?detail/13204554563247" "Mozilla/5.0 AppleWebKit/537.36 (KHTML, like Gecko; compatible; GPTBot/1.3; +https://openai.com/gptbot)"
74.7.241.28 - - [19/Mar/2026:13:44:23 +0000] "GET /buy.php?detail/23403243841254 HTTP/1.1" 200 164799 "https://inception-blue.com/buy.php?detail/13204554563247" "Mozilla/5.0 AppleWebKit/537.36 (KHTML, like Gecko; compatible; GPTBot/1.3; +https://openai.com/gptbot)"
74.7.241.28 - - [19/Mar/2026:13:44:27 +0000] "GET /buy.php?detail/04602263145342 HTTP/1.1" 200 161730 "https://inception-blue.com/buy.php?detail/13202259349126" "Mozilla/5.0 AppleWebKit/537.36 (KHTML, like Gecko; compatible; GPTBot/1.3; +https://openai.com/gptbot)"
74.7.241.28 - - [19/Mar/2026:13:44:30 +0000] "GET /buy.php?detail/00704101302520 HTTP/1.1" 200 163572 "https://inception-blue.com/buy.php?detail/13202259349126" "Mozilla/5.0 AppleWebKit/537.36 (KHTML, like Gecko; compatible; GPTBot/1.3; +https://openai.com/gptbot)"
74.7.241.28 - - [19/Mar/2026:13:44:33 +0000] "GET /buy.php?detail/28501193366923 HTTP/1.1" 200 155734 "https://inception-blue.com/buy.php?detail/25500906921247" "Mozilla/5.0 AppleWebKit/537.36 (KHTML, like Gecko; compatible; GPTBot/1.3; +https://openai.com/gptbot)"
74.7.241.28 - - [19/Mar/2026:13:44:36 +0000] "GET /buy.php?detail/15002694535180 HTTP/1.1" 200 156722 "https://inception-blue.com/buy.php?goods/150018529" "Mozilla/5.0 AppleWebKit/537.36 (KHTML, like Gecko; compatible; GPTBot/1.3; +https://openai.com/gptbot)"
74.7.241.28 - - [19/Mar/2026:13:44:39 +0000] "GET /buy.php?detail/27000422275812 HTTP/1.1" 200 153817 "https://inception-blue.com/buy.php?detail/02300603339619" "Mozilla/5.0 AppleWebKit/537.36 (KHTML, like Gecko; compatible; GPTBot/1.3; +https://openai.com/gptbot)"
66.249.77.5 - - [19/Mar/2026:13:44:41 +0000] "GET /9339274 HTTP/1.1" 200 318175 "-" "Mozilla/5.0 (Linux; Android 6.0.1; Nexus 5X Build/MMB29P) AppleWebKit/537.36 (KHTML, like Gecko) Chrome/145.0.7632.159 Mobile Safari/537.36 (compatible; Googlebot/2.1; +http://www.google.com/bot.html)"
74.7.241.28 - - [19/Mar/2026:13:44:42 +0000] "GET /buy.php?detail/11003196728128 HTTP/1.1" 200 153696 "https://inception-blue.com/buy.php?m25607999980" "Mozilla/5.0 AppleWebKit/537.36 (KHTML, like Gecko; compatible; GPTBot/1.3; +https://openai.com/gptbot)"
74.7.241.28 - - [19/Mar/2026:13:44:46 +0000] "GET /buy.php?detail/25501687378207 HTTP/1.1" 200 151893 "https://inception-blue.com/buy.php?detail/25500906921247" "Mozilla/5.0 AppleWebKit/537.36 (KHTML, like Gecko; compatible; GPTBot/1.3; +https://openai.com/gptbot)"
54.235.125.129 - - [19/Mar/2026:13:44:48 +0000] "GET /2024/04/01/hello-world/?dir=/var/spool/exim HTTP/1.1" 200 148673 "-" "Mozilla/5.0 AppleWebKit/537.36 (KHTML, like Gecko; compatible; Amazonbot/0.1; +https://developer.amazon.com/support/amazonbot) Chrome/119.0.6045.214 Safari/537.36"
74.7.241.28 - - [19/Mar/2026:13:44:49 +0000] "GET /buy.php?detail/22504402736083 HTTP/1.1" 200 155713 "https://inception-blue.com/buy.php?detail/22502394134071" "Mozilla/5.0 AppleWebKit/537.36 (KHTML, like Gecko; compatible; GPTBot/1.3; +https://openai.com/gptbot)"
3.221.50.71 - - [19/Mar/2026:13:44:52 +0000] "GET /logined/?dir=/var/lib/nfs HTTP/1.1" 200 138380 "-" "Mozilla/5.0 AppleWebKit/537.36 (KHTML, like Gecko; compatible; Amazonbot/0.1; +https://developer.amazon.com/support/amazonbot) Chrome/119.0.6045.214 Safari/537.36"
74.7.241.28 - - [19/Mar/2026:13:44:52 +0000] "GET /buy.php?detail/01700657963792 HTTP/1.1" 200 164667 "https://inception-blue.com/buy.php?detail/24202822565179" "Mozilla/5.0 AppleWebKit/537.36 (KHTML, like Gecko; compatible; GPTBot/1.3; +https://openai.com/gptbot)"
159.223.142.74 - - [19/Mar/2026:13:44:56 +0000] "POST /wp-cron.php?doing_wp_cron=1773927896.2933399677276611328125 HTTP/1.1" 404 185482 "-" "WordPress/6.9.4; https://inception-blue.com"
100.24.149.244 - - [19/Mar/2026:13:44:55 +0000] "GET /2024/04/01/hello-world/?dir=/var/spool HTTP/1.1" 200 150950 "-" "Mozilla/5.0 AppleWebKit/537.36 (KHTML, like Gecko; compatible; Amazonbot/0.1; +https://developer.amazon.com/support/amazonbot) Chrome/119.0.6045.214 Safari/537.36"
74.7.241.28 - - [19/Mar/2026:13:44:55 +0000] "GET /buy.php?goods/045044253 HTTP/1.1" 200 152949 "https://inception-blue.com/buy.php?detail/13900248223231" "Mozilla/5.0 AppleWebKit/537.36 (KHTML, like Gecko; compatible; GPTBot/1.3; +https://openai.com/gptbot)"
52.4.76.156 - - [19/Mar/2026:13:44:58 +0000] "GET /logined/?dir=/var/spool/at HTTP/1.1" 200 194083 "-" "Mozilla/5.0 AppleWebKit/537.36 (KHTML, like Gecko; compatible; Amazonbot/0.1; +https://developer.amazon.com/support/amazonbot) Chrome/119.0.6045.214 Safari/537.36"
74.7.241.28 - - [19/Mar/2026:13:44:58 +0000] "GET /buy.php?detail/13902430251126 HTTP/1.1" 200 156775 "https://inception-blue.com/buy.php?detail/13900248223231" "Mozilla/5.0 AppleWebKit/537.36 (KHTML, like Gecko; compatible; GPTBot/1.3; +https://openai.com/gptbot)"
74.7.241.28 - - [19/Mar/2026:13:45:01 +0000] "GET /buy.php?detail/23400428264681 HTTP/1.1" 200 160420 "https://inception-blue.com/buy.php?detail/23403243841254" "Mozilla/5.0 AppleWebKit/537.36 (KHTML, like Gecko; compatible; GPTBot/1.3; +https://openai.com/gptbot)"
100.27.153.9 - - [19/Mar/2026:13:45:04 +0000] "GET /2024/04/01/hello-world/?dir=/var/lib/nfs/rpc_pipefs/lockd HTTP/1.1" 200 142300 "-" "Mozilla/5.0 AppleWebKit/537.36 (KHTML, like Gecko; compatible; Amazonbot/0.1; +https://developer.amazon.com/support/amazonbot) Chrome/119.0.6045.214 Safari/537.36"
74.7.241.28 - - [19/Mar/2026:13:45:04 +0000] "GET /buy.php?detail/06503839944660 HTTP/1.1" 200 142942 "https://inception-blue.com/buy.php?detail/22502394134071" "Mozilla/5.0 AppleWebKit/537.36 (KHTML, like Gecko; compatible; GPTBot/1.3; +https://openai.com/gptbot)"
44.194.139.149 - - [19/Mar/2026:13:45:07 +0000] "GET /2024/04/01/hello-world/?dir=/var/cache/dnf/wp-toolkit-cpanel-0899bb68fc15e204 HTTP/1.1" 200 145253 "-" "Mozilla/5.0 AppleWebKit/537.36 (KHTML, like Gecko; compatible; Amazonbot/0.1; +https://developer.amazon.com/support/amazonbot) Chrome/119.0.6045.214 Safari/537.36"
74.7.241.28 - - [19/Mar/2026:13:45:08 +0000] "GET /buy.php?detail/16300524644436 HTTP/1.1" 200 146372 "https://inception-blue.com/buy.php?detail/28501193366923" "Mozilla/5.0 AppleWebKit/537.36 (KHTML, like Gecko; compatible; GPTBot/1.3; +https://openai.com/gptbot)"
