74.7.241.28 - - [19/Mar/2026:13:28:33 +0000] "GET /buy.php?detail/28201178850281 HTTP/1.1" 200 158540 "https://inception-blue.com/buy.php?detail/28800377254312" "Mozilla/5.0 AppleWebKit/537.36 (KHTML, like Gecko; compatible; GPTBot/1.3; +https://openai.com/gptbot)"
74.7.241.28 - - [19/Mar/2026:13:28:36 +0000] "GET /buy.php?detail/26000110062747 HTTP/1.1" 200 154490 "https://inception-blue.com/buy.php?jp/260021903.html" "Mozilla/5.0 AppleWebKit/537.36 (KHTML, like Gecko; compatible; GPTBot/1.3; +https://openai.com/gptbot)"
74.7.241.28 - - [19/Mar/2026:13:28:39 +0000] "GET /buy.php?detail/09500014872695 HTTP/1.1" 200 165163 "https://inception-blue.com/buy.php?detail/09502075379753" "Mozilla/5.0 AppleWebKit/537.36 (KHTML, like Gecko; compatible; GPTBot/1.3; +https://openai.com/gptbot)"
74.7.241.28 - - [19/Mar/2026:13:28:42 +0000] "GET /buy.php?detail/17603450671200 HTTP/1.1" 200 158754 "https://inception-blue.com/buy.php?detail/17602963087740" "Mozilla/5.0 AppleWebKit/537.36 (KHTML, like Gecko; compatible; GPTBot/1.3; +https://openai.com/gptbot)"
74.7.241.28 - - [19/Mar/2026:13:28:46 +0000] "GET /buy.php?detail/00502764593069 HTTP/1.1" 200 159625 "https://inception-blue.com/buy.php?detail/12503357461135" "Mozilla/5.0 AppleWebKit/537.36 (KHTML, like Gecko; compatible; GPTBot/1.3; +https://openai.com/gptbot)"
74.7.241.28 - - [19/Mar/2026:13:28:49 +0000] "GET /buy.php?detail/24103089478597 HTTP/1.1" 200 154291 "https://inception-blue.com/buy.php?detail/24101690080591" "Mozilla/5.0 AppleWebKit/537.36 (KHTML, like Gecko; compatible; GPTBot/1.3; +https://openai.com/gptbot)"
66.249.77.3 - - [19/Mar/2026:13:28:50 +0000] "GET /247545595 HTTP/1.1" 200 341594 "-" "Mozilla/5.0 (Linux; Android 6.0.1; Nexus 5X Build/MMB29P) AppleWebKit/537.36 (KHTML, like Gecko) Chrome/145.0.7632.159 Mobile Safari/537.36 (compatible; Googlebot/2.1; +http://www.google.com/bot.html)"
74.7.241.28 - - [19/Mar/2026:13:28:52 +0000] "GET /buy.php?detail/22503056203120 HTTP/1.1" 200 158891 "https://inception-blue.com/buy.php?detail/22504240813422" "Mozilla/5.0 AppleWebKit/537.36 (KHTML, like Gecko; compatible; GPTBot/1.3; +https://openai.com/gptbot)"
74.7.241.28 - - [19/Mar/2026:13:28:55 +0000] "GET /buy.php?detail/12704742655307 HTTP/1.1" 200 154509 "https://inception-blue.com/buy.php?detail/22504240813422" "Mozilla/5.0 AppleWebKit/537.36 (KHTML, like Gecko; compatible; GPTBot/1.3; +https://openai.com/gptbot)"
74.7.241.28 - - [19/Mar/2026:13:28:58 +0000] "GET /buy.php?detail/17104873310036 HTTP/1.1" 200 156393 "https://inception-blue.com/buy.php?detail/16202830994627" "Mozilla/5.0 AppleWebKit/537.36 (KHTML, like Gecko; compatible; GPTBot/1.3; +https://openai.com/gptbot)"
74.7.241.28 - - [19/Mar/2026:13:29:01 +0000] "GET /buy.php?detail/15603646650482 HTTP/1.1" 200 159938 "https://inception-blue.com/buy.php?detail/07700484291125" "Mozilla/5.0 AppleWebKit/537.36 (KHTML, like Gecko; compatible; GPTBot/1.3; +https://openai.com/gptbot)"
74.7.241.28 - - [19/Mar/2026:13:29:04 +0000] "GET /buy.php?detail/21101391326116 HTTP/1.1" 200 161490 "https://inception-blue.com/buy.php?detail/21101427117094" "Mozilla/5.0 AppleWebKit/537.36 (KHTML, like Gecko; compatible; GPTBot/1.3; +https://openai.com/gptbot)"
74.7.241.28 - - [19/Mar/2026:13:29:08 +0000] "GET /buy.php?detail/03600671489954 HTTP/1.1" 200 154722 "https://inception-blue.com/buy.php?detail/03302288818093" "Mozilla/5.0 AppleWebKit/537.36 (KHTML, like Gecko; compatible; GPTBot/1.3; +https://openai.com/gptbot)"
74.7.241.28 - - [19/Mar/2026:13:29:11 +0000] "GET /buy.php?detail/29400103789651 HTTP/1.1" 200 157176 "https://inception-blue.com/buy.php?detail/14803348773753" "Mozilla/5.0 AppleWebKit/537.36 (KHTML, like Gecko; compatible; GPTBot/1.3; +https://openai.com/gptbot)"
74.7.241.28 - - [19/Mar/2026:13:29:14 +0000] "GET /buy.php?detail/23903447796578 HTTP/1.1" 200 154285 "https://inception-blue.com/buy.php?detail/23903231579045" "Mozilla/5.0 AppleWebKit/537.36 (KHTML, like Gecko; compatible; GPTBot/1.3; +https://openai.com/gptbot)"
74.7.241.28 - - [19/Mar/2026:13:29:17 +0000] "GET /buy.php?detail/21204761355842 HTTP/1.1" 200 147229 "https://inception-blue.com/buy.php?detail/14302118190117" "Mozilla/5.0 AppleWebKit/537.36 (KHTML, like Gecko; compatible; GPTBot/1.3; +https://openai.com/gptbot)"
74.7.241.28 - - [19/Mar/2026:13:29:20 +0000] "GET /buy.php?detail/02201172589653 HTTP/1.1" 200 166250 "https://inception-blue.com/buy.php?detail/13301609970031" "Mozilla/5.0 AppleWebKit/537.36 (KHTML, like Gecko; compatible; GPTBot/1.3; +https://openai.com/gptbot)"
74.7.241.28 - - [19/Mar/2026:13:29:23 +0000] "GET /buy.php?detail/09101087733335 HTTP/1.1" 200 158462 "https://inception-blue.com/buy.php?detail/24103089478597" "Mozilla/5.0 AppleWebKit/537.36 (KHTML, like Gecko; compatible; GPTBot/1.3; +https://openai.com/gptbot)"
74.7.241.28 - - [19/Mar/2026:13:29:27 +0000] "GET /buy.php?detail/22504401953901 HTTP/1.1" 200 161668 "https://inception-blue.com/buy.php?detail/22503056203120" "Mozilla/5.0 AppleWebKit/537.36 (KHTML, like Gecko; compatible; GPTBot/1.3; +https://openai.com/gptbot)"
74.7.241.28 - - [19/Mar/2026:13:29:30 +0000] "GET /buy.php?detail/07800127164265 HTTP/1.1" 200 156924 "https://inception-blue.com/buy.php?detail/22503056203120" "Mozilla/5.0 AppleWebKit/537.36 (KHTML, like Gecko; compatible; GPTBot/1.3; +https://openai.com/gptbot)"
74.7.241.28 - - [19/Mar/2026:13:29:33 +0000] "GET /buy.php?detail/01002795520126 HTTP/1.1" 200 153571 "https://inception-blue.com/buy.php?detail/17104873310036" "Mozilla/5.0 AppleWebKit/537.36 (KHTML, like Gecko; compatible; GPTBot/1.3; +https://openai.com/gptbot)"
74.7.241.28 - - [19/Mar/2026:13:29:36 +0000] "GET /buy.php?m78978865643 HTTP/1.1" 200 154642 "https://inception-blue.com/buy.php?detail/15603646650482" "Mozilla/5.0 AppleWebKit/537.36 (KHTML, like Gecko; compatible; GPTBot/1.3; +https://openai.com/gptbot)"
66.249.77.5 - - [19/Mar/2026:13:29:40 +0000] "GET /39141330 HTTP/1.1" 200 307656 "-" "Mozilla/5.0 (Linux; Android 6.0.1; Nexus 5X Build/MMB29P) AppleWebKit/537.36 (KHTML, like Gecko) Chrome/145.0.7632.159 Mobile Safari/537.36 (compatible; Googlebot/2.1; +http://www.google.com/bot.html)"
74.7.241.28 - - [19/Mar/2026:13:29:39 +0000] "GET /buy.php?detail/17100919851755 HTTP/1.1" 200 158856 "https://inception-blue.com/buy.php?detail/17104873310036" "Mozilla/5.0 AppleWebKit/537.36 (KHTML, like Gecko; compatible; GPTBot/1.3; +https://openai.com/gptbot)"
74.7.241.28 - - [19/Mar/2026:13:29:42 +0000] "GET /buy.php?detail/04700312035877 HTTP/1.1" 200 146644 "https://inception-blue.com/buy.php?detail/03600671489954" "Mozilla/5.0 AppleWebKit/537.36 (KHTML, like Gecko; compatible; GPTBot/1.3; +https://openai.com/gptbot)"
74.7.241.28 - - [19/Mar/2026:13:29:45 +0000] "GET /buy.php?goods/294004705 HTTP/1.1" 200 156778 "https://inception-blue.com/buy.php?detail/29400103789651" "Mozilla/5.0 AppleWebKit/537.36 (KHTML, like Gecko; compatible; GPTBot/1.3; +https://openai.com/gptbot)"
74.7.241.28 - - [19/Mar/2026:13:29:49 +0000] "GET /buy.php?detail/23903604493720 HTTP/1.1" 200 158188 "https://inception-blue.com/buy.php?detail/23903447796578" "Mozilla/5.0 AppleWebKit/537.36 (KHTML, like Gecko; compatible; GPTBot/1.3; +https://openai.com/gptbot)"
74.7.241.28 - - [19/Mar/2026:13:29:52 +0000] "GET /buy.php?detail/22504406872779 HTTP/1.1" 200 155180 "https://inception-blue.com/buy.php?detail/22503056203120" "Mozilla/5.0 AppleWebKit/537.36 (KHTML, like Gecko; compatible; GPTBot/1.3; +https://openai.com/gptbot)"
74.7.241.28 - - [19/Mar/2026:13:29:55 +0000] "GET /buy.php?detail/02200091793993 HTTP/1.1" 200 153111 "https://inception-blue.com/buy.php?detail/02201172589653" "Mozilla/5.0 AppleWebKit/537.36 (KHTML, like Gecko; compatible; GPTBot/1.3; +https://openai.com/gptbot)"
74.7.241.28 - - [19/Mar/2026:13:29:58 +0000] "GET /buy.php?detail/03804876956508 HTTP/1.1" 200 162492 "https://inception-blue.com/buy.php?detail/02201172589653" "Mozilla/5.0 AppleWebKit/537.36 (KHTML, like Gecko; compatible; GPTBot/1.3; +https://openai.com/gptbot)"
74.7.241.28 - - [19/Mar/2026:13:30:01 +0000] "GET /buy.php?detail/26001806845675 HTTP/1.1" 200 153135 "https://inception-blue.com/buy.php?detail/22504401953901" "Mozilla/5.0 AppleWebKit/537.36 (KHTML, like Gecko; compatible; GPTBot/1.3; +https://openai.com/gptbot)"
74.7.241.28 - - [19/Mar/2026:13:30:05 +0000] "GET /buy.php?goods/078001865 HTTP/1.1" 200 152684 "https://inception-blue.com/buy.php?detail/07800127164265" "Mozilla/5.0 AppleWebKit/537.36 (KHTML, like Gecko; compatible; GPTBot/1.3; +https://openai.com/gptbot)"
74.7.241.28 - - [19/Mar/2026:13:30:08 +0000] "GET /buy.php?detail/01000045905165 HTTP/1.1" 200 155067 "https://inception-blue.com/buy.php?detail/01002795520126" "Mozilla/5.0 AppleWebKit/537.36 (KHTML, like Gecko; compatible; GPTBot/1.3; +https://openai.com/gptbot)"
74.7.241.28 - - [19/Mar/2026:13:30:11 +0000] "GET /buy.php?detail/01000041332436 HTTP/1.1" 200 157850 "https://inception-blue.com/buy.php?detail/01002795520126" "Mozilla/5.0 AppleWebKit/537.36 (KHTML, like Gecko; compatible; GPTBot/1.3; +https://openai.com/gptbot)"
74.7.241.28 - - [19/Mar/2026:13:30:14 +0000] "GET /buy.php?detail/05503506654643 HTTP/1.1" 200 156412 "https://inception-blue.com/buy.php?detail/17100919851755" "Mozilla/5.0 AppleWebKit/537.36 (KHTML, like Gecko; compatible; GPTBot/1.3; +https://openai.com/gptbot)"
74.7.241.28 - - [19/Mar/2026:13:30:17 +0000] "GET /buy.php?detail/06101432469542 HTTP/1.1" 200 155519 "https://inception-blue.com/buy.php?detail/17100919851755" "Mozilla/5.0 AppleWebKit/537.36 (KHTML, like Gecko; compatible; GPTBot/1.3; +https://openai.com/gptbot)"
74.7.241.28 - - [19/Mar/2026:13:30:20 +0000] "GET /buy.php?detail/29400470502020 HTTP/1.1" 200 156844 "https://inception-blue.com/buy.php?goods/294004705" "Mozilla/5.0 AppleWebKit/537.36 (KHTML, like Gecko; compatible; GPTBot/1.3; +https://openai.com/gptbot)"
103.216.117.118 - - [19/Mar/2026:13:30:23 +0000] "GET /wp-login.php HTTP/1.1" 200 84584 "-" "Mozilla/5.0 (Macintosh; Intel Mac OS X 10_13_4) AppleWebKit/537.36 (KHTML, like Gecko) Chrome/66.0.3359.139 Safari/537.36"
159.223.142.74 - - [19/Mar/2026:13:30:23 +0000] "POST /wp-cron.php?doing_wp_cron=1773927023.8686220645904541015625 HTTP/1.1" 404 185479 "-" "WordPress/6.9.4; https://inception-blue.com"
74.7.241.28 - - [19/Mar/2026:13:30:24 +0000] "GET /buy.php?detail/29403150807431 HTTP/1.1" 200 157719 "https://inception-blue.com/buy.php?detail/22503056203120" "Mozilla/5.0 AppleWebKit/537.36 (KHTML, like Gecko; compatible; GPTBot/1.3; +https://openai.com/gptbot)"
74.7.241.28 - - [19/Mar/2026:13:30:27 +0000] "GET /buy.php?detail/00303265254535 HTTP/1.1" 200 155428 "https://inception-blue.com/buy.php?detail/22504406872779" "Mozilla/5.0 AppleWebKit/537.36 (KHTML, like Gecko; compatible; GPTBot/1.3; +https://openai.com/gptbot)"
103.216.117.118 - - [19/Mar/2026:13:30:29 +0000] "POST /wp-login.php HTTP/1.1" 200 84833 "https://inception-blue.com/wp-login.php" "Mozilla/5.0 (Macintosh; Intel Mac OS X 10_13_4) AppleWebKit/537.36 (KHTML, like Gecko) Chrome/66.0.3359.139 Safari/537.36"
80.190.130.144 - - [19/Mar/2026:13:30:31 +0000] "GET /wp-login.php HTTP/1.1" 200 84587 "-" "Mozilla/4.0 (compatible; MSIE 7.0; Windows NT 6.2; WOW64; Trident/7.0; .NET4.0C; .NET4.0E; .NET CLR 2.0.50727; .NET CLR 3.0.30729; .NET CLR 3.5.30729; Zoom 3.6.0)"
66.249.77.4 - - [19/Mar/2026:13:30:30 +0000] "GET /54833226 HTTP/1.1" 200 308139 "-" "Mozilla/5.0 (Linux; Android 6.0.1; Nexus 5X Build/MMB29P) AppleWebKit/537.36 (KHTML, like Gecko) Chrome/145.0.7632.159 Mobile Safari/537.36 (compatible; Googlebot/2.1; +http://www.google.com/bot.html)"
74.7.241.28 - - [19/Mar/2026:13:30:30 +0000] "GET /buy.php?096000079.htm HTTP/1.1" 200 154608 "https://inception-blue.com/buy.php?m78978865643" "Mozilla/5.0 AppleWebKit/537.36 (KHTML, like Gecko; compatible; GPTBot/1.3; +https://openai.com/gptbot)"
80.190.130.144 - - [19/Mar/2026:13:30:32 +0000] "POST /wp-login.php HTTP/1.1" 200 84836 "https://inception-blue.com/wp-login.php" "Mozilla/4.0 (compatible; MSIE 7.0; Windows NT 6.2; WOW64; Trident/7.0; .NET4.0C; .NET4.0E; .NET CLR 2.0.50727; .NET CLR 3.0.30729; .NET CLR 3.5.30729; Zoom 3.6.0)"
74.7.241.28 - - [19/Mar/2026:13:30:33 +0000] "GET /buy.php?detail/06203339162555 HTTP/1.1" 200 154458 "https://inception-blue.com/buy.php?detail/03804876956508" "Mozilla/5.0 AppleWebKit/537.36 (KHTML, like Gecko; compatible; GPTBot/1.3; +https://openai.com/gptbot)"
74.7.241.28 - - [19/Mar/2026:13:30:36 +0000] "GET /buy.php?goods/020024830 HTTP/1.1" 200 156211 "https://inception-blue.com/buy.php?detail/26001806845675" "Mozilla/5.0 AppleWebKit/537.36 (KHTML, like Gecko; compatible; GPTBot/1.3; +https://openai.com/gptbot)"
74.7.241.28 - - [19/Mar/2026:13:30:39 +0000] "GET /buy.php?detail/25301874506510 HTTP/1.1" 200 154567 "https://inception-blue.com/buy.php?goods/078001865" "Mozilla/5.0 AppleWebKit/537.36 (KHTML, like Gecko; compatible; GPTBot/1.3; +https://openai.com/gptbot)"
74.7.241.28 - - [19/Mar/2026:13:30:43 +0000] "GET /buy.php?detail/09702377408933 HTTP/1.1" 200 149972 "https://inception-blue.com/buy.php?detail/01000045905165" "Mozilla/5.0 AppleWebKit/537.36 (KHTML, like Gecko; compatible; GPTBot/1.3; +https://openai.com/gptbot)"
74.7.241.28 - - [19/Mar/2026:13:30:46 +0000] "GET /buy.php?detail/25903574132713 HTTP/1.1" 200 150395 "https://inception-blue.com/buy.php?detail/01000041332436" "Mozilla/5.0 AppleWebKit/537.36 (KHTML, like Gecko; compatible; GPTBot/1.3; +https://openai.com/gptbot)"
74.7.241.28 - - [19/Mar/2026:13:30:49 +0000] "GET /buy.php?detail/07800401669203 HTTP/1.1" 200 153848 "https://inception-blue.com/buy.php?goods/078001865" "Mozilla/5.0 AppleWebKit/537.36 (KHTML, like Gecko; compatible; GPTBot/1.3; +https://openai.com/gptbot)"
74.7.241.28 - - [19/Mar/2026:13:30:52 +0000] "GET /buy.php?detail/30000308433048 HTTP/1.1" 200 152161 "https://inception-blue.com/buy.php?detail/06101432469542" "Mozilla/5.0 AppleWebKit/537.36 (KHTML, like Gecko; compatible; GPTBot/1.3; +https://openai.com/gptbot)"
74.7.241.28 - - [19/Mar/2026:13:30:55 +0000] "GET /buy.php?detail/29400525885833 HTTP/1.1" 200 158385 "https://inception-blue.com/buy.php?detail/29400470502020" "Mozilla/5.0 AppleWebKit/537.36 (KHTML, like Gecko; compatible; GPTBot/1.3; +https://openai.com/gptbot)"
74.7.241.28 - - [19/Mar/2026:13:30:58 +0000] "GET /buy.php?detail/29400553209446 HTTP/1.1" 200 168849 "https://inception-blue.com/buy.php?detail/29400470502020" "Mozilla/5.0 AppleWebKit/537.36 (KHTML, like Gecko; compatible; GPTBot/1.3; +https://openai.com/gptbot)"
74.7.241.28 - - [19/Mar/2026:13:31:01 +0000] "GET /buy.php?detail/29400693643461 HTTP/1.1" 200 165990 "https://inception-blue.com/buy.php?detail/29403150807431" "Mozilla/5.0 AppleWebKit/537.36 (KHTML, like Gecko; compatible; GPTBot/1.3; +https://openai.com/gptbot)"
74.7.241.28 - - [19/Mar/2026:13:31:04 +0000] "GET /buy.php?detail/09600693776922 HTTP/1.1" 200 151718 "https://inception-blue.com/buy.php?096000079.htm" "Mozilla/5.0 AppleWebKit/537.36 (KHTML, like Gecko; compatible; GPTBot/1.3; +https://openai.com/gptbot)"
74.7.241.28 - - [19/Mar/2026:13:31:08 +0000] "GET /buy.php?detail/06204201433890 HTTP/1.1" 200 155736 "https://inception-blue.com/buy.php?detail/06203339162555" "Mozilla/5.0 AppleWebKit/537.36 (KHTML, like Gecko; compatible; GPTBot/1.3; +https://openai.com/gptbot)"
74.7.241.28 - - [19/Mar/2026:13:31:11 +0000] "GET /buy.php?detail/02000721043461 HTTP/1.1" 200 154469 "https://inception-blue.com/buy.php?goods/020024830" "Mozilla/5.0 AppleWebKit/537.36 (KHTML, like Gecko; compatible; GPTBot/1.3; +https://openai.com/gptbot)"
74.7.241.28 - - [19/Mar/2026:13:31:14 +0000] "GET /buy.php?detail/27500935947554 HTTP/1.1" 200 157934 "https://inception-blue.com/buy.php?goods/020024830" "Mozilla/5.0 AppleWebKit/537.36 (KHTML, like Gecko; compatible; GPTBot/1.3; +https://openai.com/gptbot)"
74.7.241.28 - - [19/Mar/2026:13:31:17 +0000] "GET /buy.php?detail/06302111658381 HTTP/1.1" 200 154039 "https://inception-blue.com/buy.php?detail/09702377408933" "Mozilla/5.0 AppleWebKit/537.36 (KHTML, like Gecko; compatible; GPTBot/1.3; +https://openai.com/gptbot)"
66.249.77.4 - - [19/Mar/2026:13:31:20 +0000] "GET /51786772 HTTP/1.1" 200 313176 "-" "Mozilla/5.0 (Linux; Android 6.0.1; Nexus 5X Build/MMB29P) AppleWebKit/537.36 (KHTML, like Gecko) Chrome/145.0.7632.159 Mobile Safari/537.36 (compatible; Googlebot/2.1; +http://www.google.com/bot.html)"
74.7.241.28 - - [19/Mar/2026:13:31:20 +0000] "GET /buy.php?detail/02002483077464 HTTP/1.1" 200 156200 "https://inception-blue.com/buy.php?goods/020024830" "Mozilla/5.0 AppleWebKit/537.36 (KHTML, like Gecko; compatible; GPTBot/1.3; +https://openai.com/gptbot)"
74.7.241.28 - - [19/Mar/2026:13:31:23 +0000] "GET /buy.php?detail/07800092926464 HTTP/1.1" 200 156920 "https://inception-blue.com/buy.php?detail/07800401669203" "Mozilla/5.0 AppleWebKit/537.36 (KHTML, like Gecko; compatible; GPTBot/1.3; +https://openai.com/gptbot)"
74.7.241.28 - - [19/Mar/2026:13:31:26 +0000] "GET /buy.php?detail/17901391014531 HTTP/1.1" 200 154993 "https://inception-blue.com/buy.php?detail/09702377408933" "Mozilla/5.0 AppleWebKit/537.36 (KHTML, like Gecko; compatible; GPTBot/1.3; +https://openai.com/gptbot)"
74.7.241.28 - - [19/Mar/2026:13:31:30 +0000] "GET /buy.php?detail/19800391739942 HTTP/1.1" 200 153392 "https://inception-blue.com/buy.php?detail/25903574132713" "Mozilla/5.0 AppleWebKit/537.36 (KHTML, like Gecko; compatible; GPTBot/1.3; +https://openai.com/gptbot)"
74.7.241.28 - - [19/Mar/2026:13:31:33 +0000] "GET /buy.php?detail/24204278017297 HTTP/1.1" 200 143564 "https://inception-blue.com/buy.php?detail/29400553209446" "Mozilla/5.0 AppleWebKit/537.36 (KHTML, like Gecko; compatible; GPTBot/1.3; +https://openai.com/gptbot)"
74.7.241.28 - - [19/Mar/2026:13:31:36 +0000] "GET /buy.php?detail/18101716133798 HTTP/1.1" 200 168617 "https://inception-blue.com/buy.php?detail/25903574132713" "Mozilla/5.0 AppleWebKit/537.36 (KHTML, like Gecko; compatible; GPTBot/1.3; +https://openai.com/gptbot)"
74.7.241.28 - - [19/Mar/2026:13:31:39 +0000] "GET /buy.php?detail/09600115107153 HTTP/1.1" 200 153292 "https://inception-blue.com/buy.php?detail/09600693776922" "Mozilla/5.0 AppleWebKit/537.36 (KHTML, like Gecko; compatible; GPTBot/1.3; +https://openai.com/gptbot)"
74.7.241.28 - - [19/Mar/2026:13:31:42 +0000] "GET /buy.php?detail/09501322799745 HTTP/1.1" 200 156525 "https://inception-blue.com/buy.php?detail/25301874506510" "Mozilla/5.0 AppleWebKit/537.36 (KHTML, like Gecko; compatible; GPTBot/1.3; +https://openai.com/gptbot)"
74.7.241.28 - - [19/Mar/2026:13:31:45 +0000] "GET /buy.php?detail/29400687026230 HTTP/1.1" 200 161686 "https://inception-blue.com/buy.php?detail/29403150807431" "Mozilla/5.0 AppleWebKit/537.36 (KHTML, like Gecko; compatible; GPTBot/1.3; +https://openai.com/gptbot)"
74.7.241.28 - - [19/Mar/2026:13:31:49 +0000] "GET /buy.php?detail/275005564215 HTTP/1.1" 200 154555 "https://inception-blue.com/buy.php?detail/27500935947554" "Mozilla/5.0 AppleWebKit/537.36 (KHTML, like Gecko; compatible; GPTBot/1.3; +https://openai.com/gptbot)"
74.7.241.28 - - [19/Mar/2026:13:31:52 +0000] "GET /buy.php?detail/27500566087520 HTTP/1.1" 200 156390 "https://inception-blue.com/buy.php?detail/27500935947554" "Mozilla/5.0 AppleWebKit/537.36 (KHTML, like Gecko; compatible; GPTBot/1.3; +https://openai.com/gptbot)"
74.7.241.28 - - [19/Mar/2026:13:31:55 +0000] "GET /buy.php?detail/03003542795885 HTTP/1.1" 200 153576 "https://inception-blue.com/buy.php?detail/27500935947554" "Mozilla/5.0 AppleWebKit/537.36 (KHTML, like Gecko; compatible; GPTBot/1.3; +https://openai.com/gptbot)"
74.7.241.28 - - [19/Mar/2026:13:31:58 +0000] "GET /buy.php?detail/08903420051004 HTTP/1.1" 200 163909 "https://inception-blue.com/buy.php?detail/07800092926464" "Mozilla/5.0 AppleWebKit/537.36 (KHTML, like Gecko; compatible; GPTBot/1.3; +https://openai.com/gptbot)"
74.7.241.28 - - [19/Mar/2026:13:32:02 +0000] "GET /buy.php?detail/17900170826170 HTTP/1.1" 200 161440 "https://inception-blue.com/buy.php?detail/17901391014531" "Mozilla/5.0 AppleWebKit/537.36 (KHTML, like Gecko; compatible; GPTBot/1.3; +https://openai.com/gptbot)"
74.7.241.28 - - [19/Mar/2026:13:32:05 +0000] "GET /buy.php?detail/07800422734640 HTTP/1.1" 200 157754 "https://inception-blue.com/buy.php?detail/07800092926464" "Mozilla/5.0 AppleWebKit/537.36 (KHTML, like Gecko; compatible; GPTBot/1.3; +https://openai.com/gptbot)"
74.7.241.28 - - [19/Mar/2026:13:32:08 +0000] "GET /buy.php?detail/10601541085446 HTTP/1.1" 200 164698 "https://inception-blue.com/buy.php?detail/24204278017297" "Mozilla/5.0 AppleWebKit/537.36 (KHTML, like Gecko; compatible; GPTBot/1.3; +https://openai.com/gptbot)"
66.249.77.5 - - [19/Mar/2026:13:32:10 +0000] "GET /685168596 HTTP/1.1" 200 308018 "-" "Mozilla/5.0 (Linux; Android 6.0.1; Nexus 5X Build/MMB29P) AppleWebKit/537.36 (KHTML, like Gecko) Chrome/145.0.7632.159 Mobile Safari/537.36 (compatible; Googlebot/2.1; +http://www.google.com/bot.html)"
74.7.241.28 - - [19/Mar/2026:13:32:11 +0000] "GET /buy.php?goods/043048226 HTTP/1.1" 200 153172 "https://inception-blue.com/buy.php?detail/18101716133798" "Mozilla/5.0 AppleWebKit/537.36 (KHTML, like Gecko; compatible; GPTBot/1.3; +https://openai.com/gptbot)"
74.7.241.28 - - [19/Mar/2026:13:32:14 +0000] "GET /buy.php?detail/16503024651724 HTTP/1.1" 200 155145 "https://inception-blue.com/buy.php?detail/09600115107153" "Mozilla/5.0 AppleWebKit/537.36 (KHTML, like Gecko; compatible; GPTBot/1.3; +https://openai.com/gptbot)"
74.7.241.28 - - [19/Mar/2026:13:32:17 +0000] "GET /buy.php?detail/09500028060641 HTTP/1.1" 200 155721 "https://inception-blue.com/buy.php?detail/09501322799745" "Mozilla/5.0 AppleWebKit/537.36 (KHTML, like Gecko; compatible; GPTBot/1.3; +https://openai.com/gptbot)"
74.7.241.28 - - [19/Mar/2026:13:32:20 +0000] "GET /buy.php?detail/18101208815781 HTTP/1.1" 200 156218 "https://inception-blue.com/buy.php?detail/18101716133798" "Mozilla/5.0 AppleWebKit/537.36 (KHTML, like Gecko; compatible; GPTBot/1.3; +https://openai.com/gptbot)"
74.7.241.28 - - [19/Mar/2026:13:32:24 +0000] "GET /buy.php?detail/26101919325935 HTTP/1.1" 200 158809 "https://inception-blue.com/buy.php?detail/29400687026230" "Mozilla/5.0 AppleWebKit/537.36 (KHTML, like Gecko; compatible; GPTBot/1.3; +https://openai.com/gptbot)"
74.7.241.28 - - [19/Mar/2026:13:32:27 +0000] "GET /buy.php?detail/27500068251241 HTTP/1.1" 200 158241 "https://inception-blue.com/buy.php?detail/27500566087520" "Mozilla/5.0 AppleWebKit/537.36 (KHTML, like Gecko; compatible; GPTBot/1.3; +https://openai.com/gptbot)"
74.7.241.28 - - [19/Mar/2026:13:32:30 +0000] "GET /buy.php?detail/09601293110079 HTTP/1.1" 200 153138 "https://inception-blue.com/buy.php?detail/09600115107153" "Mozilla/5.0 AppleWebKit/537.36 (KHTML, like Gecko; compatible; GPTBot/1.3; +https://openai.com/gptbot)"
159.223.142.74 - - [19/Mar/2026:13:32:32 +0000] "POST /wp-cron.php?doing_wp_cron=1773927152.0676200389862060546875 HTTP/1.1" 404 185482 "-" "WordPress/6.9.4; https://inception-blue.com"
50.6.138.86 - - [19/Mar/2026:13:32:31 +0000] "GET /wp-login.php HTTP/1.1" 200 84587 "-" "Mozilla/5.0 (Macintosh; Intel Mac OS X 10_13_4) AppleWebKit/537.36 (KHTML, like Gecko) Chrome/66.0.3359.170 Safari/537.36"
50.6.138.86 - - [19/Mar/2026:13:32:33 +0000] "POST /wp-login.php HTTP/1.1" 200 84837 "https://inception-blue.com/wp-login.php" "Mozilla/5.0 (Macintosh; Intel Mac OS X 10_13_4) AppleWebKit/537.36 (KHTML, like Gecko) Chrome/66.0.3359.170 Safari/537.36"
74.7.241.28 - - [19/Mar/2026:13:32:33 +0000] "GET /buy.php?detail/08900085449312 HTTP/1.1" 200 157614 "https://inception-blue.com/buy.php?detail/08903420051004" "Mozilla/5.0 AppleWebKit/537.36 (KHTML, like Gecko; compatible; GPTBot/1.3; +https://openai.com/gptbot)"
74.7.241.28 - - [19/Mar/2026:13:32:36 +0000] "GET /buy.php?detail/17901432255289 HTTP/1.1" 200 163413 "https://inception-blue.com/buy.php?detail/17900170826170" "Mozilla/5.0 AppleWebKit/537.36 (KHTML, like Gecko; compatible; GPTBot/1.3; +https://openai.com/gptbot)"
74.7.241.28 - - [19/Mar/2026:13:32:39 +0000] "GET /buy.php?detail/07800087155437 HTTP/1.1" 200 155174 "https://inception-blue.com/buy.php?detail/07800422734640" "Mozilla/5.0 AppleWebKit/537.36 (KHTML, like Gecko; compatible; GPTBot/1.3; +https://openai.com/gptbot)"
74.7.241.28 - - [19/Mar/2026:13:32:42 +0000] "GET /buy.php?jp/106025229.html HTTP/1.1" 200 157294 "https://inception-blue.com/buy.php?detail/10601541085446" "Mozilla/5.0 AppleWebKit/537.36 (KHTML, like Gecko; compatible; GPTBot/1.3; +https://openai.com/gptbot)"
74.7.241.28 - - [19/Mar/2026:13:32:46 +0000] "GET /buy.php?detail/04300460295643 HTTP/1.1" 200 154550 "https://inception-blue.com/buy.php?goods/043048226" "Mozilla/5.0 AppleWebKit/537.36 (KHTML, like Gecko; compatible; GPTBot/1.3; +https://openai.com/gptbot)"
74.7.241.28 - - [19/Mar/2026:13:32:49 +0000] "GET /buy.php?m16047864221 HTTP/1.1" 200 160167 "https://inception-blue.com/buy.php?detail/16503024651724" "Mozilla/5.0 AppleWebKit/537.36 (KHTML, like Gecko; compatible; GPTBot/1.3; +https://openai.com/gptbot)"
74.7.241.28 - - [19/Mar/2026:13:32:52 +0000] "GET /buy.php?detail/17901422866042 HTTP/1.1" 200 166002 "https://inception-blue.com/buy.php?detail/17900170826170" "Mozilla/5.0 AppleWebKit/537.36 (KHTML, like Gecko; compatible; GPTBot/1.3; +https://openai.com/gptbot)"
74.7.241.28 - - [19/Mar/2026:13:32:55 +0000] "GET /buy.php?detail/13600447110719 HTTP/1.1" 200 154521 "https://inception-blue.com/buy.php?detail/18101208815781" "Mozilla/5.0 AppleWebKit/537.36 (KHTML, like Gecko; compatible; GPTBot/1.3; +https://openai.com/gptbot)"
74.7.241.28 - - [19/Mar/2026:13:32:58 +0000] "GET /buy.php?detail/03200077639268 HTTP/1.1" 200 164158 "https://inception-blue.com/buy.php?detail/26101919325935" "Mozilla/5.0 AppleWebKit/537.36 (KHTML, like Gecko; compatible; GPTBot/1.3; +https://openai.com/gptbot)"
66.249.77.3 - - [19/Mar/2026:13:33:01 +0000] "GET /591647233 HTTP/1.1" 200 309027 "-" "Mozilla/5.0 (Linux; Android 6.0.1; Nexus 5X Build/MMB29P) AppleWebKit/537.36 (KHTML, like Gecko) Chrome/145.0.7632.159 Mobile Safari/537.36 (compatible; Googlebot/2.1; +http://www.google.com/bot.html)"
74.7.241.28 - - [19/Mar/2026:13:33:01 +0000] "GET /buy.php?detail/16500673454552 HTTP/1.1" 200 152891 "https://inception-blue.com/buy.php?detail/16503024651724" "Mozilla/5.0 AppleWebKit/537.36 (KHTML, like Gecko; compatible; GPTBot/1.3; +https://openai.com/gptbot)"
74.7.241.28 - - [19/Mar/2026:13:33:04 +0000] "GET /buy.php?detail/19001315074876 HTTP/1.1" 200 155720 "https://inception-blue.com/buy.php?detail/18101208815781" "Mozilla/5.0 AppleWebKit/537.36 (KHTML, like Gecko; compatible; GPTBot/1.3; +https://openai.com/gptbot)"
74.7.241.28 - - [19/Mar/2026:13:33:07 +0000] "GET /buy.php?detail/08900234724645 HTTP/1.1" 200 157403 "https://inception-blue.com/buy.php?detail/08900085449312" "Mozilla/5.0 AppleWebKit/537.36 (KHTML, like Gecko; compatible; GPTBot/1.3; +https://openai.com/gptbot)"
74.7.241.28 - - [19/Mar/2026:13:33:10 +0000] "GET /buy.php?detail/00300913537801 HTTP/1.1" 200 143728 "https://inception-blue.com/buy.php?detail/17901432255289" "Mozilla/5.0 AppleWebKit/537.36 (KHTML, like Gecko; compatible; GPTBot/1.3; +https://openai.com/gptbot)"
74.7.241.28 - - [19/Mar/2026:13:33:13 +0000] "GET /buy.php?detail/21002986626560 HTTP/1.1" 200 143736 "https://inception-blue.com/buy.php?detail/03003542795885" "Mozilla/5.0 AppleWebKit/537.36 (KHTML, like Gecko; compatible; GPTBot/1.3; +https://openai.com/gptbot)"
74.7.241.28 - - [19/Mar/2026:13:33:17 +0000] "GET /buy.php?detail/08900232800922 HTTP/1.1" 200 166627 "https://inception-blue.com/buy.php?detail/08900085449312" "Mozilla/5.0 AppleWebKit/537.36 (KHTML, like Gecko; compatible; GPTBot/1.3; +https://openai.com/gptbot)"
74.7.241.28 - - [19/Mar/2026:13:33:20 +0000] "GET /buy.php?detail/02002363386282 HTTP/1.1" 200 154554 "https://inception-blue.com/buy.php?detail/04300460295643" "Mozilla/5.0 AppleWebKit/537.36 (KHTML, like Gecko; compatible; GPTBot/1.3; +https://openai.com/gptbot)"
74.7.241.28 - - [19/Mar/2026:13:33:23 +0000] "GET /buy.php?shopbrand/testify/237016795.htm HTTP/1.1" 200 161338 "https://inception-blue.com/buy.php?m16047864221" "Mozilla/5.0 AppleWebKit/537.36 (KHTML, like Gecko; compatible; GPTBot/1.3; +https://openai.com/gptbot)"
74.7.241.28 - - [19/Mar/2026:13:33:26 +0000] "GET /buy.php?detail/16204847710123 HTTP/1.1" 200 155603 "https://inception-blue.com/buy.php?detail/17901422866042" "Mozilla/5.0 AppleWebKit/537.36 (KHTML, like Gecko; compatible; GPTBot/1.3; +https://openai.com/gptbot)"
74.7.241.28 - - [19/Mar/2026:13:33:29 +0000] "GET /buy.php?detail/09601507447247 HTTP/1.1" 200 157523 "https://inception-blue.com/buy.php?detail/13600447110719" "Mozilla/5.0 AppleWebKit/537.36 (KHTML, like Gecko; compatible; GPTBot/1.3; +https://openai.com/gptbot)"
74.7.241.28 - - [19/Mar/2026:13:33:33 +0000] "GET /buy.php?detail/01201338195671 HTTP/1.1" 200 150679 "https://inception-blue.com/buy.php?detail/03200077639268" "Mozilla/5.0 AppleWebKit/537.36 (KHTML, like Gecko; compatible; GPTBot/1.3; +https://openai.com/gptbot)"
74.7.241.28 - - [19/Mar/2026:13:33:36 +0000] "GET /buy.php?detail/03201295220135 HTTP/1.1" 200 157908 "https://inception-blue.com/buy.php?detail/03200077639268" "Mozilla/5.0 AppleWebKit/537.36 (KHTML, like Gecko; compatible; GPTBot/1.3; +https://openai.com/gptbot)"
74.7.241.28 - - [19/Mar/2026:13:33:39 +0000] "GET /buy.php?detail/19000192632530 HTTP/1.1" 200 162826 "https://inception-blue.com/buy.php?detail/19001315074876" "Mozilla/5.0 AppleWebKit/537.36 (KHTML, like Gecko; compatible; GPTBot/1.3; +https://openai.com/gptbot)"
159.223.142.74 - - [19/Mar/2026:13:33:41 +0000] "POST /wp-cron.php?doing_wp_cron=1773927221.2556231021881103515625 HTTP/1.1" 404 185483 "-" "WordPress/6.9.4; https://inception-blue.com"
69.6.212.118 - - [19/Mar/2026:13:33:40 +0000] "GET /wp-login.php HTTP/1.1" 200 84588 "-" "Mozilla/5.0 (Windows NT 6.3; WOW64; Trident/7.0; Touch; MALCJS; rv:11.0) like Gecko"
69.6.212.118 - - [19/Mar/2026:13:33:44 +0000] "POST /wp-login.php HTTP/1.1" 200 84836 "https://inception-blue.com/wp-login.php" "Mozilla/5.0 (Windows NT 6.3; WOW64; Trident/7.0; Touch; MALCJS; rv:11.0) like Gecko"
74.7.241.28 - - [19/Mar/2026:13:33:42 +0000] "GET /buy.php?detail/08900264772512 HTTP/1.1" 200 160247 "https://inception-blue.com/buy.php?detail/08900234724645" "Mozilla/5.0 AppleWebKit/537.36 (KHTML, like Gecko; compatible; GPTBot/1.3; +https://openai.com/gptbot)"
74.7.241.28 - - [19/Mar/2026:13:33:45 +0000] "GET /buy.php?detail/29403780072874 HTTP/1.1" 200 149030 "https://inception-blue.com/buy.php?detail/19001315074876" "Mozilla/5.0 AppleWebKit/537.36 (KHTML, like Gecko; compatible; GPTBot/1.3; +https://openai.com/gptbot)"
74.7.241.28 - - [19/Mar/2026:13:33:49 +0000] "GET /buy.php?jp/102013579.html HTTP/1.1" 200 159481 "https://inception-blue.com/buy.php?detail/21002986626560" "Mozilla/5.0 AppleWebKit/537.36 (KHTML, like Gecko; compatible; GPTBot/1.3; +https://openai.com/gptbot)"
66.249.77.3 - - [19/Mar/2026:13:33:50 +0000] "GET /789849414 HTTP/1.1" 200 302193 "-" "Mozilla/5.0 (Linux; Android 6.0.1; Nexus 5X Build/MMB29P) AppleWebKit/537.36 (KHTML, like Gecko) Chrome/145.0.7632.159 Mobile Safari/537.36 (compatible; Googlebot/2.1; +http://www.google.com/bot.html)"
74.7.241.28 - - [19/Mar/2026:13:33:52 +0000] "GET /buy.php?jp/212045219.html HTTP/1.1" 200 165844 "https://inception-blue.com/buy.php?detail/08900232800922" "Mozilla/5.0 AppleWebKit/537.36 (KHTML, like Gecko; compatible; GPTBot/1.3; +https://openai.com/gptbot)"
74.7.241.28 - - [19/Mar/2026:13:33:55 +0000] "GET /buy.php?detail/06101941656639 HTTP/1.1" 200 158090 "https://inception-blue.com/buy.php?detail/02002363386282" "Mozilla/5.0 AppleWebKit/537.36 (KHTML, like Gecko; compatible; GPTBot/1.3; +https://openai.com/gptbot)"
74.7.241.28 - - [19/Mar/2026:13:33:58 +0000] "GET /buy.php?shopbrand/cottage/237016795.htm HTTP/1.1" 200 160950 "https://inception-blue.com/buy.php?shopbrand/testify/237016795.htm" "Mozilla/5.0 AppleWebKit/537.36 (KHTML, like Gecko; compatible; GPTBot/1.3; +https://openai.com/gptbot)"
74.7.241.28 - - [19/Mar/2026:13:34:01 +0000] "GET /buy.php?detail/08702882094214 HTTP/1.1" 200 151784 "https://inception-blue.com/buy.php?detail/13600447110719" "Mozilla/5.0 AppleWebKit/537.36 (KHTML, like Gecko; compatible; GPTBot/1.3; +https://openai.com/gptbot)"
74.7.241.28 - - [19/Mar/2026:13:34:04 +0000] "GET /buy.php?detail/08900363146794 HTTP/1.1" 200 155629 "https://inception-blue.com/buy.php?detail/08900232800922" "Mozilla/5.0 AppleWebKit/537.36 (KHTML, like Gecko; compatible; GPTBot/1.3; +https://openai.com/gptbot)"
74.7.241.28 - - [19/Mar/2026:13:34:07 +0000] "GET /buy.php?detail/08900361719658 HTTP/1.1" 200 156959 "https://inception-blue.com/buy.php?detail/08900232800922" "Mozilla/5.0 AppleWebKit/537.36 (KHTML, like Gecko; compatible; GPTBot/1.3; +https://openai.com/gptbot)"
74.7.241.28 - - [19/Mar/2026:13:34:11 +0000] "GET /buy.php?detail/03200877064206 HTTP/1.1" 200 157769 "https://inception-blue.com/buy.php?detail/03201295220135" "Mozilla/5.0 AppleWebKit/537.36 (KHTML, like Gecko; compatible; GPTBot/1.3; +https://openai.com/gptbot)"
74.7.241.28 - - [19/Mar/2026:13:34:14 +0000] "GET /buy.php?goods/190003186 HTTP/1.1" 200 155297 "https://inception-blue.com/buy.php?detail/19000192632530" "Mozilla/5.0 AppleWebKit/537.36 (KHTML, like Gecko; compatible; GPTBot/1.3; +https://openai.com/gptbot)"
74.7.241.28 - - [19/Mar/2026:13:34:17 +0000] "GET /buy.php?detail/190003186233 HTTP/1.1" 200 155150 "https://inception-blue.com/buy.php?goods/190003186" "Mozilla/5.0 AppleWebKit/537.36 (KHTML, like Gecko; compatible; GPTBot/1.3; +https://openai.com/gptbot)"
74.7.241.28 - - [19/Mar/2026:13:34:20 +0000] "GET /buy.php?detail/19000327044758 HTTP/1.1" 200 154491 "https://inception-blue.com/buy.php?detail/19000192632530" "Mozilla/5.0 AppleWebKit/537.36 (KHTML, like Gecko; compatible; GPTBot/1.3; +https://openai.com/gptbot)"
74.7.241.28 - - [19/Mar/2026:13:34:23 +0000] "GET /buy.php?detail/21502346342664 HTTP/1.1" 200 159705 "https://inception-blue.com/buy.php?detail/03201295220135" "Mozilla/5.0 AppleWebKit/537.36 (KHTML, like Gecko; compatible; GPTBot/1.3; +https://openai.com/gptbot)"
74.7.241.28 - - [19/Mar/2026:13:34:27 +0000] "GET /buy.php?detail/08900345772908 HTTP/1.1" 200 157569 "https://inception-blue.com/buy.php?detail/08900264772512" "Mozilla/5.0 AppleWebKit/537.36 (KHTML, like Gecko; compatible; GPTBot/1.3; +https://openai.com/gptbot)"
74.7.241.28 - - [19/Mar/2026:13:34:30 +0000] "GET /buy.php?detail/02303607862639 HTTP/1.1" 200 157318 "https://inception-blue.com/buy.php?detail/08900264772512" "Mozilla/5.0 AppleWebKit/537.36 (KHTML, like Gecko; compatible; GPTBot/1.3; +https://openai.com/gptbot)"
74.7.241.28 - - [19/Mar/2026:13:34:33 +0000] "GET /buy.php?detail/22303760798718 HTTP/1.1" 200 153225 "https://inception-blue.com/buy.php?detail/17900170826170" "Mozilla/5.0 AppleWebKit/537.36 (KHTML, like Gecko; compatible; GPTBot/1.3; +https://openai.com/gptbot)"
74.7.241.28 - - [19/Mar/2026:13:34:36 +0000] "GET /buy.php?detail/28002603707577 HTTP/1.1" 200 158073 "https://inception-blue.com/buy.php?detail/08900232800922" "Mozilla/5.0 AppleWebKit/537.36 (KHTML, like Gecko; compatible; GPTBot/1.3; +https://openai.com/gptbot)"
66.249.77.3 - - [19/Mar/2026:13:34:40 +0000] "GET /2689670 HTTP/1.1" 200 311359 "-" "Mozilla/5.0 (Linux; Android 6.0.1; Nexus 5X Build/MMB29P) AppleWebKit/537.36 (KHTML, like Gecko) Chrome/145.0.7632.159 Mobile Safari/537.36 (compatible; Googlebot/2.1; +http://www.google.com/bot.html)"
74.7.241.28 - - [19/Mar/2026:13:34:39 +0000] "GET /buy.php?detail/13703181044780 HTTP/1.1" 200 149900 "https://inception-blue.com/buy.php?detail/08702882094214" "Mozilla/5.0 AppleWebKit/537.36 (KHTML, like Gecko; compatible; GPTBot/1.3; +https://openai.com/gptbot)"
74.7.241.28 - - [19/Mar/2026:13:34:42 +0000] "GET /buy.php?shopbrand/legal/237016795.htm HTTP/1.1" 200 161010 "https://inception-blue.com/buy.php?shopbrand/cottage/237016795.htm" "Mozilla/5.0 AppleWebKit/537.36 (KHTML, like Gecko; compatible; GPTBot/1.3; +https://openai.com/gptbot)"
74.7.241.28 - - [19/Mar/2026:13:34:45 +0000] "GET /buy.php?detail/08900316429436 HTTP/1.1" 200 163451 "https://inception-blue.com/buy.php?detail/08900361719658" "Mozilla/5.0 AppleWebKit/537.36 (KHTML, like Gecko; compatible; GPTBot/1.3; +https://openai.com/gptbot)"
74.7.241.28 - - [19/Mar/2026:13:34:48 +0000] "GET /buy.php?detail/12102754407651 HTTP/1.1" 200 154735 "https://inception-blue.com/buy.php?detail/08900234724645" "Mozilla/5.0 AppleWebKit/537.36 (KHTML, like Gecko; compatible; GPTBot/1.3; +https://openai.com/gptbot)"
74.7.241.28 - - [19/Mar/2026:13:34:51 +0000] "GET /buy.php?detail/19000667730493 HTTP/1.1" 200 156830 "https://inception-blue.com/buy.php?detail/190003186233" "Mozilla/5.0 AppleWebKit/537.36 (KHTML, like Gecko; compatible; GPTBot/1.3; +https://openai.com/gptbot)"
74.7.241.28 - - [19/Mar/2026:13:34:55 +0000] "GET /buy.php?detail/1900082560278 HTTP/1.1" 200 163039 "https://inception-blue.com/buy.php?detail/19000327044758" "Mozilla/5.0 AppleWebKit/537.36 (KHTML, like Gecko; compatible; GPTBot/1.3; +https://openai.com/gptbot)"
74.7.241.28 - - [19/Mar/2026:13:34:58 +0000] "GET /buy.php?detail/08604632176045 HTTP/1.1" 200 153859 "https://inception-blue.com/buy.php?detail/190003186233" "Mozilla/5.0 AppleWebKit/537.36 (KHTML, like Gecko; compatible; GPTBot/1.3; +https://openai.com/gptbot)"
74.7.241.28 - - [19/Mar/2026:13:35:01 +0000] "GET /buy.php?jp/089002279.html HTTP/1.1" 200 157213 "https://inception-blue.com/buy.php?detail/08900345772908" "Mozilla/5.0 AppleWebKit/537.36 (KHTML, like Gecko; compatible; GPTBot/1.3; +https://openai.com/gptbot)"
74.7.241.28 - - [19/Mar/2026:13:35:04 +0000] "GET /buy.php?m39090059986 HTTP/1.1" 200 150518 "https://inception-blue.com/buy.php?detail/08900345772908" "Mozilla/5.0 AppleWebKit/537.36 (KHTML, like Gecko; compatible; GPTBot/1.3; +https://openai.com/gptbot)"
74.7.241.28 - - [19/Mar/2026:13:35:07 +0000] "GET /buy.php?detail/00302669720356 HTTP/1.1" 200 165659 "https://inception-blue.com/buy.php?detail/08900345772908" "Mozilla/5.0 AppleWebKit/537.36 (KHTML, like Gecko; compatible; GPTBot/1.3; +https://openai.com/gptbot)"
74.7.241.28 - - [19/Mar/2026:13:35:11 +0000] "GET /buy.php?detail/17900586483066 HTTP/1.1" 200 154099 "https://inception-blue.com/buy.php?detail/19000327044758" "Mozilla/5.0 AppleWebKit/537.36 (KHTML, like Gecko; compatible; GPTBot/1.3; +https://openai.com/gptbot)"
74.7.241.28 - - [19/Mar/2026:13:35:14 +0000] "GET /buy.php?detail/09703598093631 HTTP/1.1" 200 157149 "https://inception-blue.com/buy.php?detail/13703181044780" "Mozilla/5.0 AppleWebKit/537.36 (KHTML, like Gecko; compatible; GPTBot/1.3; +https://openai.com/gptbot)"
74.7.241.28 - - [19/Mar/2026:13:35:17 +0000] "GET /buy.php?detail/28101341691470 HTTP/1.1" 200 156606 "https://inception-blue.com/buy.php?goods/190003186" "Mozilla/5.0 AppleWebKit/537.36 (KHTML, like Gecko; compatible; GPTBot/1.3; +https://openai.com/gptbot)"
74.7.241.28 - - [19/Mar/2026:13:35:20 +0000] "GET /buy.php?detail/28002313933259 HTTP/1.1" 200 158597 "https://inception-blue.com/buy.php?detail/28002603707577" "Mozilla/5.0 AppleWebKit/537.36 (KHTML, like Gecko; compatible; GPTBot/1.3; +https://openai.com/gptbot)"
74.7.241.28 - - [19/Mar/2026:13:35:23 +0000] "GET /buy.php?detail/12100009794722 HTTP/1.1" 200 154026 "https://inception-blue.com/buy.php?detail/12102754407651" "Mozilla/5.0 AppleWebKit/537.36 (KHTML, like Gecko; compatible; GPTBot/1.3; +https://openai.com/gptbot)"
74.7.241.28 - - [19/Mar/2026:13:35:26 +0000] "GET /buy.php?detail/21501224026716 HTTP/1.1" 200 154015 "https://inception-blue.com/buy.php?detail/21502346342664" "Mozilla/5.0 AppleWebKit/537.36 (KHTML, like Gecko; compatible; GPTBot/1.3; +https://openai.com/gptbot)"
66.249.77.3 - - [19/Mar/2026:13:35:30 +0000] "GET /124031634 HTTP/1.1" 200 321675 "-" "Mozilla/5.0 (Linux; Android 6.0.1; Nexus 5X Build/MMB29P) AppleWebKit/537.36 (KHTML, like Gecko) Chrome/145.0.7632.159 Mobile Safari/537.36 (compatible; Googlebot/2.1; +http://www.google.com/bot.html)"
74.7.241.28 - - [19/Mar/2026:13:35:30 +0000] "GET /buy.php?detail/20804074934882 HTTP/1.1" 200 155548 "https://inception-blue.com/buy.php?detail/19000327044758" "Mozilla/5.0 AppleWebKit/537.36 (KHTML, like Gecko; compatible; GPTBot/1.3; +https://openai.com/gptbot)"
74.7.241.28 - - [19/Mar/2026:13:35:33 +0000] "GET /buy.php?detail/21501223095720 HTTP/1.1" 200 167154 "https://inception-blue.com/buy.php?detail/21502346342664" "Mozilla/5.0 AppleWebKit/537.36 (KHTML, like Gecko; compatible; GPTBot/1.3; +https://openai.com/gptbot)"
74.7.241.28 - - [19/Mar/2026:13:35:36 +0000] "GET /buy.php?detail/28002318565104 HTTP/1.1" 200 154001 "https://inception-blue.com/buy.php?detail/28002603707577" "Mozilla/5.0 AppleWebKit/537.36 (KHTML, like Gecko; compatible; GPTBot/1.3; +https://openai.com/gptbot)"
74.7.241.28 - - [19/Mar/2026:13:35:39 +0000] "GET /buy.php?detail/22300262015845 HTTP/1.1" 200 154473 "https://inception-blue.com/buy.php?detail/22303760798718" "Mozilla/5.0 AppleWebKit/537.36 (KHTML, like Gecko; compatible; GPTBot/1.3; +https://openai.com/gptbot)"
74.7.241.28 - - [19/Mar/2026:13:35:42 +0000] "GET /buy.php?detail/05503132547142 HTTP/1.1" 200 154334 "https://inception-blue.com/buy.php?detail/29403150807431" "Mozilla/5.0 AppleWebKit/537.36 (KHTML, like Gecko; compatible; GPTBot/1.3; +https://openai.com/gptbot)"
66.249.77.3 - - [19/Mar/2026:13:35:47 +0000] "GET /product/261040736 HTTP/1.1" 200 332984 "-" "Mozilla/5.0 (Linux; Android 6.0.1; Nexus 5X Build/MMB29P) AppleWebKit/537.36 (KHTML, like Gecko) Chrome/145.0.7632.159 Mobile Safari/537.36 (compatible; Googlebot/2.1; +http://www.google.com/bot.html)"
66.249.77.3 - - [19/Mar/2026:13:35:47 +0000] "GET /?goods/196031799 HTTP/1.1" 200 313099 "-" "Mozilla/5.0 (Linux; Android 6.0.1; Nexus 5X Build/MMB29P) AppleWebKit/537.36 (KHTML, like Gecko) Chrome/145.0.7632.159 Mobile Safari/537.36 (compatible; Googlebot/2.1; +http://www.google.com/bot.html)"
74.7.241.28 - - [19/Mar/2026:13:35:45 +0000] "GET /buy.php?detail/10602317592011 HTTP/1.1" 200 164502 "https://inception-blue.com/buy.php?detail/10601541085446" "Mozilla/5.0 AppleWebKit/537.36 (KHTML, like Gecko; compatible; GPTBot/1.3; +https://openai.com/gptbot)"
74.7.241.28 - - [19/Mar/2026:13:35:48 +0000] "GET /buy.php?detail/01902146272496 HTTP/1.1" 200 151895 "https://inception-blue.com/buy.php?detail/27500068251241" "Mozilla/5.0 AppleWebKit/537.36 (KHTML, like Gecko; compatible; GPTBot/1.3; +https://openai.com/gptbot)"
74.7.241.28 - - [19/Mar/2026:13:35:52 +0000] "GET /buy.php?detail/20000678205710 HTTP/1.1" 200 147520 "https://inception-blue.com/buy.php?detail/28101341691470" "Mozilla/5.0 AppleWebKit/537.36 (KHTML, like Gecko; compatible; GPTBot/1.3; +https://openai.com/gptbot)"
74.7.241.28 - - [19/Mar/2026:13:35:55 +0000] "GET /buy.php?detail/28000774983583 HTTP/1.1" 200 153623 "https://inception-blue.com/buy.php?detail/28002313933259" "Mozilla/5.0 AppleWebKit/537.36 (KHTML, like Gecko; compatible; GPTBot/1.3; +https://openai.com/gptbot)"
74.7.241.28 - - [19/Mar/2026:13:35:58 +0000] "GET /buy.php?detail/22401204026931 HTTP/1.1" 200 153485 "https://inception-blue.com/buy.php?detail/28101341691470" "Mozilla/5.0 AppleWebKit/537.36 (KHTML, like Gecko; compatible; GPTBot/1.3; +https://openai.com/gptbot)"
74.7.241.28 - - [19/Mar/2026:13:36:01 +0000] "GET /buy.php?detail/29504946911842 HTTP/1.1" 200 153079 "https://inception-blue.com/buy.php?detail/08900363146794" "Mozilla/5.0 AppleWebKit/537.36 (KHTML, like Gecko; compatible; GPTBot/1.3; +https://openai.com/gptbot)"
74.7.241.28 - - [19/Mar/2026:13:36:04 +0000] "GET /buy.php?detail/20802018520350 HTTP/1.1" 200 154488 "https://inception-blue.com/buy.php?detail/20804074934882" "Mozilla/5.0 AppleWebKit/537.36 (KHTML, like Gecko; compatible; GPTBot/1.3; +https://openai.com/gptbot)"
74.7.241.28 - - [19/Mar/2026:13:36:07 +0000] "GET /buy.php?detail/21500396332634 HTTP/1.1" 200 154781 "https://inception-blue.com/buy.php?detail/21501223095720" "Mozilla/5.0 AppleWebKit/537.36 (KHTML, like Gecko; compatible; GPTBot/1.3; +https://openai.com/gptbot)"
74.7.241.28 - - [19/Mar/2026:13:36:11 +0000] "GET /buy.php?detail/21500390220147 HTTP/1.1" 200 161698 "https://inception-blue.com/buy.php?detail/21501223095720" "Mozilla/5.0 AppleWebKit/537.36 (KHTML, like Gecko; compatible; GPTBot/1.3; +https://openai.com/gptbot)"
74.7.241.28 - - [19/Mar/2026:13:36:14 +0000] "GET /buy.php?detail/23103250634804 HTTP/1.1" 200 155369 "https://inception-blue.com/buy.php?detail/06101432469542" "Mozilla/5.0 AppleWebKit/537.36 (KHTML, like Gecko; compatible; GPTBot/1.3; +https://openai.com/gptbot)"
74.7.241.28 - - [19/Mar/2026:13:36:17 +0000] "GET /buy.php?detail/05500713455629 HTTP/1.1" 200 159032 "https://inception-blue.com/buy.php?detail/05503132547142" "Mozilla/5.0 AppleWebKit/537.36 (KHTML, like Gecko; compatible; GPTBot/1.3; +https://openai.com/gptbot)"
66.249.77.3 - - [19/Mar/2026:13:36:20 +0000] "GET /53074700 HTTP/1.1" 200 306529 "-" "Mozilla/5.0 (Linux; Android 6.0.1; Nexus 5X Build/MMB29P) AppleWebKit/537.36 (KHTML, like Gecko) Chrome/145.0.7632.159 Mobile Safari/537.36 (compatible; Googlebot/2.1; +http://www.google.com/bot.html)"
74.7.241.28 - - [19/Mar/2026:13:36:20 +0000] "GET /buy.php?detail/08201782789888 HTTP/1.1" 200 156473 "https://inception-blue.com/buy.php?detail/10602317592011" "Mozilla/5.0 AppleWebKit/537.36 (KHTML, like Gecko; compatible; GPTBot/1.3; +https://openai.com/gptbot)"
74.7.241.28 - - [19/Mar/2026:13:36:23 +0000] "GET /buy.php?detail/08802050238898 HTTP/1.1" 200 153014 "https://inception-blue.com/buy.php?detail/01902146272496" "Mozilla/5.0 AppleWebKit/537.36 (KHTML, like Gecko; compatible; GPTBot/1.3; +https://openai.com/gptbot)"
74.7.241.28 - - [19/Mar/2026:13:36:26 +0000] "GET /buy.php?detail/27204188892936 HTTP/1.1" 200 158301 "https://inception-blue.com/buy.php?detail/20000678205710" "Mozilla/5.0 AppleWebKit/537.36 (KHTML, like Gecko; compatible; GPTBot/1.3; +https://openai.com/gptbot)"
74.7.241.28 - - [19/Mar/2026:13:36:29 +0000] "GET /buy.php?detail/08003161150388 HTTP/1.1" 200 154945 "https://inception-blue.com/buy.php?detail/10602317592011" "Mozilla/5.0 AppleWebKit/537.36 (KHTML, like Gecko; compatible; GPTBot/1.3; +https://openai.com/gptbot)"
74.7.241.28 - - [19/Mar/2026:13:36:32 +0000] "GET /buy.php?detail/14800354525131 HTTP/1.1" 200 160685 "https://inception-blue.com/buy.php?detail/05503132547142" "Mozilla/5.0 AppleWebKit/537.36 (KHTML, like Gecko; compatible; GPTBot/1.3; +https://openai.com/gptbot)"
74.7.241.28 - - [19/Mar/2026:13:36:35 +0000] "GET /buy.php?detail/29501913646225 HTTP/1.1" 200 152743 "https://inception-blue.com/buy.php?detail/29504946911842" "Mozilla/5.0 AppleWebKit/537.36 (KHTML, like Gecko; compatible; GPTBot/1.3; +https://openai.com/gptbot)"
74.7.241.28 - - [19/Mar/2026:13:36:39 +0000] "GET /buy.php?detail/06700315422761 HTTP/1.1" 200 155384 "https://inception-blue.com/buy.php?detail/28000774983583" "Mozilla/5.0 AppleWebKit/537.36 (KHTML, like Gecko; compatible; GPTBot/1.3; +https://openai.com/gptbot)"
74.7.241.28 - - [19/Mar/2026:13:36:42 +0000] "GET /buy.php?detail/21500658635210 HTTP/1.1" 200 156146 "https://inception-blue.com/buy.php?detail/21500396332634" "Mozilla/5.0 AppleWebKit/537.36 (KHTML, like Gecko; compatible; GPTBot/1.3; +https://openai.com/gptbot)"
74.7.241.28 - - [19/Mar/2026:13:36:45 +0000] "GET /buy.php?detail/16301311659315 HTTP/1.1" 200 145696 "https://inception-blue.com/buy.php?detail/21500390220147" "Mozilla/5.0 AppleWebKit/537.36 (KHTML, like Gecko; compatible; GPTBot/1.3; +https://openai.com/gptbot)"
74.7.241.28 - - [19/Mar/2026:13:36:48 +0000] "GET /buy.php?detail/23103010531054 HTTP/1.1" 200 162573 "https://inception-blue.com/buy.php?detail/23103250634804" "Mozilla/5.0 AppleWebKit/537.36 (KHTML, like Gecko; compatible; GPTBot/1.3; +https://openai.com/gptbot)"
74.7.241.28 - - [19/Mar/2026:13:36:51 +0000] "GET /buy.php?detail/11302626544775 HTTP/1.1" 200 162153 "https://inception-blue.com/buy.php?detail/05500713455629" "Mozilla/5.0 AppleWebKit/537.36 (KHTML, like Gecko; compatible; GPTBot/1.3; +https://openai.com/gptbot)"
74.7.241.28 - - [19/Mar/2026:13:36:55 +0000] "GET /buy.php?detail/29501909103513 HTTP/1.1" 200 152957 "https://inception-blue.com/buy.php?detail/29504946911842" "Mozilla/5.0 AppleWebKit/537.36 (KHTML, like Gecko; compatible; GPTBot/1.3; +https://openai.com/gptbot)"
74.7.241.28 - - [19/Mar/2026:13:36:58 +0000] "GET /buy.php?detail/20801148886983 HTTP/1.1" 200 147652 "https://inception-blue.com/buy.php?detail/08802050238898" "Mozilla/5.0 AppleWebKit/537.36 (KHTML, like Gecko; compatible; GPTBot/1.3; +https://openai.com/gptbot)"
74.7.241.28 - - [19/Mar/2026:13:37:01 +0000] "GET /buy.php?detail/03104299117297 HTTP/1.1" 200 145542 "https://inception-blue.com/buy.php?detail/08802050238898" "Mozilla/5.0 AppleWebKit/537.36 (KHTML, like Gecko; compatible; GPTBot/1.3; +https://openai.com/gptbot)"
66.249.77.3 - - [19/Mar/2026:13:37:54 +0000] "GET /2113247 HTTP/1.1" 200 299411 "-" "Mozilla/5.0 (Linux; Android 6.0.1; Nexus 5X Build/MMB29P) AppleWebKit/537.36 (KHTML, like Gecko) Chrome/145.0.7632.159 Mobile Safari/537.36 (compatible; Googlebot/2.1; +http://www.google.com/bot.html)"
74.7.241.28 - - [19/Mar/2026:13:37:53 +0000] "GET /buy.php?detail/28004324694921 HTTP/1.1" 200 157818 "https://inception-blue.com/buy.php?detail/28000774983583" "Mozilla/5.0 AppleWebKit/537.36 (KHTML, like Gecko; compatible; GPTBot/1.3; +https://openai.com/gptbot)"
74.7.241.28 - - [19/Mar/2026:13:37:56 +0000] "GET /buy.php?detail/08802304322976 HTTP/1.1" 200 148226 "https://inception-blue.com/buy.php?detail/08003161150388" "Mozilla/5.0 AppleWebKit/537.36 (KHTML, like Gecko; compatible; GPTBot/1.3; +https://openai.com/gptbot)"
66.249.77.3 - - [19/Mar/2026:13:38:00 +0000] "GET /183502348 HTTP/1.1" 200 306292 "-" "Mozilla/5.0 (Linux; Android 6.0.1; Nexus 5X Build/MMB29P) AppleWebKit/537.36 (KHTML, like Gecko) Chrome/145.0.7632.159 Mobile Safari/537.36 (compatible; Googlebot/2.1; +http://www.google.com/bot.html)"
