74.7.241.28 - - [19/Mar/2026:15:37:26 +0000] "GET /buy.php?detail/20501301531428 HTTP/1.1" 200 162721 "https://inception-blue.com/buy.php?detail/28500576648983" "Mozilla/5.0 AppleWebKit/537.36 (KHTML, like Gecko; compatible; GPTBot/1.3; +https://openai.com/gptbot)"
74.7.241.28 - - [19/Mar/2026:15:37:29 +0000] "GET /buy.php?detail/03101304255185 HTTP/1.1" 200 147160 "https://inception-blue.com/buy.php?detail/02004532474766" "Mozilla/5.0 AppleWebKit/537.36 (KHTML, like Gecko; compatible; GPTBot/1.3; +https://openai.com/gptbot)"
2001:41d0:303:a57e::1 - - [19/Mar/2026:15:37:31 +0000] "GET /?dir=/home/inceptionblue/public_html/wp-content/themes/astra/admin/assets/build&read=/home/inceptionblue/public_html/wp-content/themes/astra/admin/assets/build/dashboard-app.js HTTP/1.1" 301 1261813 "-" "Mozilla/5.0 (compatible; MJ12bot/v1.4.8; http://mj12bot.com/)"
74.7.241.28 - - [19/Mar/2026:15:37:32 +0000] "GET /buy.php?jp/266030609.html HTTP/1.1" 200 157382 "https://inception-blue.com/buy.php?detail/27503888192602" "Mozilla/5.0 AppleWebKit/537.36 (KHTML, like Gecko; compatible; GPTBot/1.3; +https://openai.com/gptbot)"
74.7.241.28 - - [19/Mar/2026:15:37:35 +0000] "GET /buy.php?detail/27500056523924 HTTP/1.1" 200 158364 "https://inception-blue.com/buy.php?detail/27503888192602" "Mozilla/5.0 AppleWebKit/537.36 (KHTML, like Gecko; compatible; GPTBot/1.3; +https://openai.com/gptbot)"
2001:41d0:303:a57e::1 - - [19/Mar/2026:15:37:36 +0000] "GET /?dir=%2Fhome%2Finceptionblue%2Fpublic_html%2Fwp-content%2Fthemes%2Fastra%2Fadmin%2Fassets%2Fbuild&read=%2Fhome%2Finceptionblue%2Fpublic_html%2Fwp-content%2Fthemes%2Fastra%2Fadmin%2Fassets%2Fbuild%2Fdashboard-app.js HTTP/1.1" 200 1407895 "-" "Mozilla/5.0 (compatible; MJ12bot/v1.4.8; http://mj12bot.com/)"
74.7.241.28 - - [19/Mar/2026:15:37:39 +0000] "GET /buy.php?detail/27303896829099 HTTP/1.1" 200 149574 "https://inception-blue.com/buy.php?detail/17800077507799" "Mozilla/5.0 AppleWebKit/537.36 (KHTML, like Gecko; compatible; GPTBot/1.3; +https://openai.com/gptbot)"
74.7.241.28 - - [19/Mar/2026:15:37:42 +0000] "GET /buy.php?detail/07101471357176 HTTP/1.1" 200 156105 "https://inception-blue.com/buy.php?detail/15704240393328" "Mozilla/5.0 AppleWebKit/537.36 (KHTML, like Gecko; compatible; GPTBot/1.3; +https://openai.com/gptbot)"
74.7.241.28 - - [19/Mar/2026:15:37:45 +0000] "GET /buy.php?detail/04101209403458 HTTP/1.1" 200 152279 "https://inception-blue.com/buy.php?detail/01000082837971" "Mozilla/5.0 AppleWebKit/537.36 (KHTML, like Gecko; compatible; GPTBot/1.3; +https://openai.com/gptbot)"
2001:41d0:303:a57e::1 - - [19/Mar/2026:15:37:46 +0000] "GET /?dir=/home/inceptionblue/public_html/wp-content/themes/astra/assets/svg&read=/home/inceptionblue/public_html/wp-content/themes/astra/assets/svg/ast-social-icons.json HTTP/1.1" 301 2364556 "-" "Mozilla/5.0 (compatible; MJ12bot/v1.4.8; http://mj12bot.com/)"
74.7.241.28 - - [19/Mar/2026:15:37:48 +0000] "GET /buy.php?260003355.htm HTTP/1.1" 200 152704 "https://inception-blue.com/buy.php?266000137.htm" "Mozilla/5.0 AppleWebKit/537.36 (KHTML, like Gecko; compatible; GPTBot/1.3; +https://openai.com/gptbot)"
74.7.241.28 - - [19/Mar/2026:15:37:51 +0000] "GET /buy.php?detail/17902143266894 HTTP/1.1" 200 157521 "https://inception-blue.com/buy.php?detail/17902617697579" "Mozilla/5.0 AppleWebKit/537.36 (KHTML, like Gecko; compatible; GPTBot/1.3; +https://openai.com/gptbot)"
2001:41d0:303:a57e::1 - - [19/Mar/2026:15:37:51 +0000] "GET /?dir=%2Fhome%2Finceptionblue%2Fpublic_html%2Fwp-content%2Fthemes%2Fastra%2Fassets%2Fsvg&read=%2Fhome%2Finceptionblue%2Fpublic_html%2Fwp-content%2Fthemes%2Fastra%2Fassets%2Fsvg%2Fast-social-icons.json HTTP/1.1" 200 2510581 "-" "Mozilla/5.0 (compatible; MJ12bot/v1.4.8; http://mj12bot.com/)"
74.7.241.28 - - [19/Mar/2026:15:37:55 +0000] "GET /buy.php?detail/04602755892171 HTTP/1.1" 200 155806 "https://inception-blue.com/buy.php?detail/07704777275289" "Mozilla/5.0 AppleWebKit/537.36 (KHTML, like Gecko; compatible; GPTBot/1.3; +https://openai.com/gptbot)"
66.249.77.7 - - [19/Mar/2026:15:37:56 +0000] "GET /1162809057 HTTP/1.1" 200 308116 "-" "Mozilla/5.0 (Linux; Android 6.0.1; Nexus 5X Build/MMB29P) AppleWebKit/537.36 (KHTML, like Gecko) Chrome/145.0.7632.159 Mobile Safari/537.36 (compatible; Googlebot/2.1; +http://www.google.com/bot.html)"
66.249.77.7 - - [19/Mar/2026:15:37:56 +0000] "GET /?jp/203031424.html HTTP/1.1" 200 326049 "-" "Mozilla/5.0 (Linux; Android 6.0.1; Nexus 5X Build/MMB29P) AppleWebKit/537.36 (KHTML, like Gecko) Chrome/145.0.7632.159 Mobile Safari/537.36 (compatible; Googlebot/2.1; +http://www.google.com/bot.html)"
74.7.241.28 - - [19/Mar/2026:15:37:58 +0000] "GET /buy.php?detail/05300962287008 HTTP/1.1" 200 166175 "https://inception-blue.com/buy.php?detail/05301409851413" "Mozilla/5.0 AppleWebKit/537.36 (KHTML, like Gecko; compatible; GPTBot/1.3; +https://openai.com/gptbot)"
66.249.77.8 - - [19/Mar/2026:15:38:00 +0000] "GET /contents/event/kansyasai/ HTTP/1.1" 200 300529 "-" "Mozilla/5.0 (Linux; Android 6.0.1; Nexus 5X Build/MMB29P) AppleWebKit/537.36 (KHTML, like Gecko) Chrome/145.0.7632.159 Mobile Safari/537.36 (compatible; Googlebot/2.1; +http://www.google.com/bot.html)"
74.7.241.28 - - [19/Mar/2026:15:38:01 +0000] "GET /buy.php?detail/11601794912536 HTTP/1.1" 200 153110 "https://inception-blue.com/buy.php?detail/05301409851413" "Mozilla/5.0 AppleWebKit/537.36 (KHTML, like Gecko; compatible; GPTBot/1.3; +https://openai.com/gptbot)"
2001:41d0:303:a57e::1 - - [19/Mar/2026:15:38:01 +0000] "GET /?dir=/home/inceptionblue/public_html/wp-content/themes/astra/assets/svg&read=/home/inceptionblue/public_html/wp-content/themes/astra/assets/svg/svgs.json HTTP/1.1" 301 1523151 "-" "Mozilla/5.0 (compatible; MJ12bot/v1.4.8; http://mj12bot.com/)"
74.7.241.28 - - [19/Mar/2026:15:38:04 +0000] "GET /buy.php?detail/03100013131991 HTTP/1.1" 200 146381 "https://inception-blue.com/buy.php?detail/03101304255185" "Mozilla/5.0 AppleWebKit/537.36 (KHTML, like Gecko; compatible; GPTBot/1.3; +https://openai.com/gptbot)"
159.223.142.74 - - [19/Mar/2026:15:38:03 +0000] "POST /wp-cron.php?doing_wp_cron=1773934683.8860950469970703125000 HTTP/1.1" 403 185483 "-" "WordPress/6.9.4; https://inception-blue.com"
74.7.241.28 - - [19/Mar/2026:15:38:07 +0000] "GET /buy.php?detail/13503880682980 HTTP/1.1" 200 157417 "https://inception-blue.com/buy.php?jp/266030609.html" "Mozilla/5.0 AppleWebKit/537.36 (KHTML, like Gecko; compatible; GPTBot/1.3; +https://openai.com/gptbot)"
2001:41d0:303:a57e::1 - - [19/Mar/2026:15:38:08 +0000] "GET /?dir=%2Fhome%2Finceptionblue%2Fpublic_html%2Fwp-content%2Fthemes%2Fastra%2Fassets%2Fsvg&read=%2Fhome%2Finceptionblue%2Fpublic_html%2Fwp-content%2Fthemes%2Fastra%2Fassets%2Fsvg%2Fsvgs.json HTTP/1.1" 200 1669125 "-" "Mozilla/5.0 (compatible; MJ12bot/v1.4.8; http://mj12bot.com/)"
74.7.241.28 - - [19/Mar/2026:15:38:10 +0000] "GET /buy.php?detail/27500754012342 HTTP/1.1" 200 153261 "https://inception-blue.com/buy.php?detail/27500056523924" "Mozilla/5.0 AppleWebKit/537.36 (KHTML, like Gecko; compatible; GPTBot/1.3; +https://openai.com/gptbot)"
74.7.241.28 - - [19/Mar/2026:15:38:13 +0000] "GET /buy.php?detail/26603060978861 HTTP/1.1" 200 157157 "https://inception-blue.com/buy.php?jp/266030609.html" "Mozilla/5.0 AppleWebKit/537.36 (KHTML, like Gecko; compatible; GPTBot/1.3; +https://openai.com/gptbot)"
74.7.241.28 - - [19/Mar/2026:15:38:16 +0000] "GET /buy.php?detail/26601747649251 HTTP/1.1" 200 167198 "https://inception-blue.com/buy.php?jp/266030609.html" "Mozilla/5.0 AppleWebKit/537.36 (KHTML, like Gecko; compatible; GPTBot/1.3; +https://openai.com/gptbot)"
2001:41d0:303:a57e::1 - - [19/Mar/2026:15:38:19 +0000] "GET /?dir=/home/inceptionblue/public_html/wp-content/themes/astra/inc/customizer/extend-custom-controls/build&read=/home/inceptionblue/public_html/wp-content/themes/astra/inc/customizer/extend-custom-controls/build/index.js HTTP/1.1" 301 4027802 "-" "Mozilla/5.0 (compatible; MJ12bot/v1.4.8; http://mj12bot.com/)"
74.7.241.28 - - [19/Mar/2026:15:38:19 +0000] "GET /buy.php?detail/04101337948327 HTTP/1.1" 200 152954 "https://inception-blue.com/buy.php?detail/04101209403458" "Mozilla/5.0 AppleWebKit/537.36 (KHTML, like Gecko; compatible; GPTBot/1.3; +https://openai.com/gptbot)"
74.7.241.28 - - [19/Mar/2026:15:38:23 +0000] "GET /buy.php?detail/27300027027704 HTTP/1.1" 200 151137 "https://inception-blue.com/buy.php?detail/27303896829099" "Mozilla/5.0 AppleWebKit/537.36 (KHTML, like Gecko; compatible; GPTBot/1.3; +https://openai.com/gptbot)"
74.7.241.28 - - [19/Mar/2026:15:38:26 +0000] "GET /buy.php?detail/17202055824987 HTTP/1.1" 200 154480 "https://inception-blue.com/buy.php?detail/17902143266894" "Mozilla/5.0 AppleWebKit/537.36 (KHTML, like Gecko; compatible; GPTBot/1.3; +https://openai.com/gptbot)"
2001:41d0:303:a57e::1 - - [19/Mar/2026:15:38:24 +0000] "GET /?dir=%2Fhome%2Finceptionblue%2Fpublic_html%2Fwp-content%2Fthemes%2Fastra%2Finc%2Fcustomizer%2Fextend-custom-controls%2Fbuild&read=%2Fhome%2Finceptionblue%2Fpublic_html%2Fwp-content%2Fthemes%2Fastra%2Finc%2Fcustomizer%2Fextend-custom-controls%2Fbuild%2Findex.js HTTP/1.1" 200 4174068 "-" "Mozilla/5.0 (compatible; MJ12bot/v1.4.8; http://mj12bot.com/)"
142.93.120.13 - - [19/Mar/2026:15:38:29 +0000] "GET /wp-login.php HTTP/1.1" 200 84587 "-" "Mozilla/5.0 (Macintosh; Intel Mac OS X 10_13_3) AppleWebKit/537.36 (KHTML, like Gecko) Chrome/66.0.3359.139 Safari/537.36"
74.7.241.28 - - [19/Mar/2026:15:38:29 +0000] "GET /buy.php?detail/04703777908243 HTTP/1.1" 200 149472 "https://inception-blue.com/buy.php?detail/04602755892171" "Mozilla/5.0 AppleWebKit/537.36 (KHTML, like Gecko; compatible; GPTBot/1.3; +https://openai.com/gptbot)"
142.93.120.13 - - [19/Mar/2026:15:38:31 +0000] "POST /wp-login.php HTTP/1.1" 200 84837 "https://inception-blue.com/wp-login.php" "Mozilla/5.0 (Macintosh; Intel Mac OS X 10_13_3) AppleWebKit/537.36 (KHTML, like Gecko) Chrome/66.0.3359.139 Safari/537.36"
74.7.241.28 - - [19/Mar/2026:15:38:32 +0000] "GET /buy.php?detail/17903323590963 HTTP/1.1" 200 155157 "https://inception-blue.com/buy.php?detail/17902143266894" "Mozilla/5.0 AppleWebKit/537.36 (KHTML, like Gecko; compatible; GPTBot/1.3; +https://openai.com/gptbot)"
74.7.241.28 - - [19/Mar/2026:15:38:35 +0000] "GET /buy.php?jp/116002192.html HTTP/1.1" 200 156197 "https://inception-blue.com/buy.php?detail/11601794912536" "Mozilla/5.0 AppleWebKit/537.36 (KHTML, like Gecko; compatible; GPTBot/1.3; +https://openai.com/gptbot)"
2001:41d0:303:a57e::1 - - [19/Mar/2026:15:38:37 +0000] "GET /?dir=/home/inceptionblue/public_html/wp-content/themes/astra/inc/metabox/extend-metabox/build&read=/home/inceptionblue/public_html/wp-content/themes/astra/inc/metabox/extend-metabox/build/index.js HTTP/1.1" 301 1759790 "-" "Mozilla/5.0 (compatible; MJ12bot/v1.4.8; http://mj12bot.com/)"
74.7.241.28 - - [19/Mar/2026:15:38:38 +0000] "GET /buy.php?detail/11600608374754 HTTP/1.1" 200 157152 "https://inception-blue.com/buy.php?detail/11601794912536" "Mozilla/5.0 AppleWebKit/537.36 (KHTML, like Gecko; compatible; GPTBot/1.3; +https://openai.com/gptbot)"
74.7.241.28 - - [19/Mar/2026:15:38:41 +0000] "GET /buy.php?detail/17700836724866 HTTP/1.1" 200 156878 "https://inception-blue.com/buy.php?detail/03101304255185" "Mozilla/5.0 AppleWebKit/537.36 (KHTML, like Gecko; compatible; GPTBot/1.3; +https://openai.com/gptbot)"
2001:41d0:303:a57e::1 - - [19/Mar/2026:15:38:42 +0000] "GET /?dir=%2Fhome%2Finceptionblue%2Fpublic_html%2Fwp-content%2Fthemes%2Fastra%2Finc%2Fmetabox%2Fextend-metabox%2Fbuild&read=%2Fhome%2Finceptionblue%2Fpublic_html%2Fwp-content%2Fthemes%2Fastra%2Finc%2Fmetabox%2Fextend-metabox%2Fbuild%2Findex.js HTTP/1.1" 200 1905965 "-" "Mozilla/5.0 (compatible; MJ12bot/v1.4.8; http://mj12bot.com/)"
74.7.241.28 - - [19/Mar/2026:15:38:44 +0000] "GET /buy.php?m42611110338 HTTP/1.1" 200 156456 "https://inception-blue.com/buy.php?jp/266030609.html" "Mozilla/5.0 AppleWebKit/537.36 (KHTML, like Gecko; compatible; GPTBot/1.3; +https://openai.com/gptbot)"
74.7.241.28 - - [19/Mar/2026:15:38:48 +0000] "GET /buy.php?detail/27500144568913 HTTP/1.1" 200 154313 "https://inception-blue.com/buy.php?detail/27500754012342" "Mozilla/5.0 AppleWebKit/537.36 (KHTML, like Gecko; compatible; GPTBot/1.3; +https://openai.com/gptbot)"
66.249.77.9 - - [19/Mar/2026:15:38:50 +0000] "GET /shop/pg/1AvailableInfo/ HTTP/1.1" 200 309981 "-" "Mozilla/5.0 (Linux; Android 6.0.1; Nexus 5X Build/MMB29P) AppleWebKit/537.36 (KHTML, like Gecko) Chrome/145.0.7632.159 Mobile Safari/537.36 (compatible; Googlebot/2.1; +http://www.google.com/bot.html)"
74.7.241.28 - - [19/Mar/2026:15:38:51 +0000] "GET /buy.php?detail/26601605405618 HTTP/1.1" 200 163035 "https://inception-blue.com/buy.php?detail/26601747649251" "Mozilla/5.0 AppleWebKit/537.36 (KHTML, like Gecko; compatible; GPTBot/1.3; +https://openai.com/gptbot)"
2001:41d0:303:a57e::1 - - [19/Mar/2026:15:38:52 +0000] "GET /?dir=/home/inceptionblue/public_html/wp-content/themes/twentytwentyfour/assets HTTP/1.1" 301 4868925 "-" "Mozilla/5.0 (compatible; MJ12bot/v1.4.8; http://mj12bot.com/)"
74.7.241.28 - - [19/Mar/2026:15:38:54 +0000] "GET /buy.php?detail/17804694793806 HTTP/1.1" 200 162929 "https://inception-blue.com/buy.php?detail/04101337948327" "Mozilla/5.0 AppleWebKit/537.36 (KHTML, like Gecko; compatible; GPTBot/1.3; +https://openai.com/gptbot)"
74.7.241.28 - - [19/Mar/2026:15:38:57 +0000] "GET /buy.php?goods/221043499 HTTP/1.1" 200 156413 "https://inception-blue.com/buy.php?detail/27300027027704" "Mozilla/5.0 AppleWebKit/537.36 (KHTML, like Gecko; compatible; GPTBot/1.3; +https://openai.com/gptbot)"
2001:41d0:303:a57e::1 - - [19/Mar/2026:15:38:58 +0000] "GET /?dir=%2Fhome%2Finceptionblue%2Fpublic_html%2Fwp-content%2Fthemes%2Ftwentytwentyfour%2Fassets HTTP/1.1" 200 5014499 "-" "Mozilla/5.0 (compatible; MJ12bot/v1.4.8; http://mj12bot.com/)"
74.7.241.28 - - [19/Mar/2026:15:39:00 +0000] "GET /buy.php?detail/27300010260641 HTTP/1.1" 200 151645 "https://inception-blue.com/buy.php?detail/27300027027704" "Mozilla/5.0 AppleWebKit/537.36 (KHTML, like Gecko; compatible; GPTBot/1.3; +https://openai.com/gptbot)"
74.7.241.28 - - [19/Mar/2026:15:39:03 +0000] "GET /buy.php?detail/27604936932769 HTTP/1.1" 200 163369 "https://inception-blue.com/buy.php?detail/26601747649251" "Mozilla/5.0 AppleWebKit/537.36 (KHTML, like Gecko; compatible; GPTBot/1.3; +https://openai.com/gptbot)"
2001:41d0:303:a57e::1 - - [19/Mar/2026:15:39:06 +0000] "GET /?dir=/home/inceptionblue/public_html/wp-includes/js/dist&read=/home/inceptionblue/public_html/wp-includes/js/dist/block-editor.js HTTP/1.1" 301 2470511 "-" "Mozilla/5.0 (compatible; MJ12bot/v1.4.8; http://mj12bot.com/)"
159.223.142.74 - - [19/Mar/2026:15:39:08 +0000] "POST /wp-cron.php?doing_wp_cron=1773934748.0591509342193603515625 HTTP/1.1" 403 185479 "-" "WordPress/6.9.4; https://inception-blue.com"
74.7.241.28 - - [19/Mar/2026:15:39:07 +0000] "GET /buy.php?detail/10201859627957 HTTP/1.1" 200 153959 "https://inception-blue.com/buy.php?detail/17202055824987" "Mozilla/5.0 AppleWebKit/537.36 (KHTML, like Gecko; compatible; GPTBot/1.3; +https://openai.com/gptbot)"
74.7.241.28 - - [19/Mar/2026:15:39:10 +0000] "GET /buy.php?detail/26601589796927 HTTP/1.1" 200 159828 "https://inception-blue.com/buy.php?detail/26601747649251" "Mozilla/5.0 AppleWebKit/537.36 (KHTML, like Gecko; compatible; GPTBot/1.3; +https://openai.com/gptbot)"
2001:41d0:303:a57e::1 - - [19/Mar/2026:15:39:11 +0000] "GET /?dir=%2Fhome%2Finceptionblue%2Fpublic_html%2Fwp-includes%2Fjs%2Fdist&read=%2Fhome%2Finceptionblue%2Fpublic_html%2Fwp-includes%2Fjs%2Fdist%2Fblock-editor.js HTTP/1.1" 200 2616357 "-" "Mozilla/5.0 (compatible; MJ12bot/v1.4.8; http://mj12bot.com/)"
74.7.241.28 - - [19/Mar/2026:15:39:13 +0000] "GET /buy.php?m28882497527 HTTP/1.1" 200 156834 "https://inception-blue.com/buy.php?detail/04602755892171" "Mozilla/5.0 AppleWebKit/537.36 (KHTML, like Gecko; compatible; GPTBot/1.3; +https://openai.com/gptbot)"
74.7.241.28 - - [19/Mar/2026:15:39:16 +0000] "GET /buy.php?detail/11001300937236 HTTP/1.1" 200 148333 "https://inception-blue.com/buy.php?detail/17700836724866" "Mozilla/5.0 AppleWebKit/537.36 (KHTML, like Gecko; compatible; GPTBot/1.3; +https://openai.com/gptbot)"
74.7.241.28 - - [19/Mar/2026:15:39:19 +0000] "GET /buy.php?m66627112544 HTTP/1.1" 200 157179 "https://inception-blue.com/buy.php?detail/03100013131991" "Mozilla/5.0 AppleWebKit/537.36 (KHTML, like Gecko; compatible; GPTBot/1.3; +https://openai.com/gptbot)"
2001:41d0:303:a57e::1 - - [19/Mar/2026:15:39:20 +0000] "GET /?dir=/home/inceptionblue/public_html/wp-includes/js/dist&read=/home/inceptionblue/public_html/wp-includes/js/dist/block-editor.min.js HTTP/1.1" 301 1033915 "-" "Mozilla/5.0 (compatible; MJ12bot/v1.4.8; http://mj12bot.com/)"
74.7.241.28 - - [19/Mar/2026:15:39:22 +0000] "GET /buy.php?m79991822595 HTTP/1.1" 200 152512 "https://inception-blue.com/buy.php?detail/17700836724866" "Mozilla/5.0 AppleWebKit/537.36 (KHTML, like Gecko; compatible; GPTBot/1.3; +https://openai.com/gptbot)"
74.7.241.28 - - [19/Mar/2026:15:39:26 +0000] "GET /buy.php?detail/19801142536847 HTTP/1.1" 200 156653 "https://inception-blue.com/buy.php?detail/143024380679" "Mozilla/5.0 AppleWebKit/537.36 (KHTML, like Gecko; compatible; GPTBot/1.3; +https://openai.com/gptbot)"
2001:41d0:303:a57e::1 - - [19/Mar/2026:15:39:26 +0000] "GET /?dir=%2Fhome%2Finceptionblue%2Fpublic_html%2Fwp-includes%2Fjs%2Fdist&read=%2Fhome%2Finceptionblue%2Fpublic_html%2Fwp-includes%2Fjs%2Fdist%2Fblock-editor.min.js HTTP/1.1" 200 1179777 "-" "Mozilla/5.0 (compatible; MJ12bot/v1.4.8; http://mj12bot.com/)"
74.7.241.28 - - [19/Mar/2026:15:39:29 +0000] "GET /buy.php?detail/29501308684812 HTTP/1.1" 200 158173 "https://inception-blue.com/buy.php?detail/29504320451635" "Mozilla/5.0 AppleWebKit/537.36 (KHTML, like Gecko; compatible; GPTBot/1.3; +https://openai.com/gptbot)"
74.7.241.28 - - [19/Mar/2026:15:39:32 +0000] "GET /buy.php?m13574410333 HTTP/1.1" 200 157764 "https://inception-blue.com/buy.php?goods/221043499" "Mozilla/5.0 AppleWebKit/537.36 (KHTML, like Gecko; compatible; GPTBot/1.3; +https://openai.com/gptbot)"
74.7.241.28 - - [19/Mar/2026:15:39:35 +0000] "GET /buy.php?detail/10802229422468 HTTP/1.1" 200 144724 "https://inception-blue.com/buy.php?detail/27300010260641" "Mozilla/5.0 AppleWebKit/537.36 (KHTML, like Gecko; compatible; GPTBot/1.3; +https://openai.com/gptbot)"
74.7.241.28 - - [19/Mar/2026:15:39:38 +0000] "GET /buy.php?detail/02800828024174 HTTP/1.1" 200 155823 "https://inception-blue.com/buy.php?detail/27604936932769" "Mozilla/5.0 AppleWebKit/537.36 (KHTML, like Gecko; compatible; GPTBot/1.3; +https://openai.com/gptbot)"
66.249.77.8 - - [19/Mar/2026:15:39:40 +0000] "GET /shop/pg/1sancyoku/ HTTP/1.1" 200 314100 "-" "Mozilla/5.0 (Linux; Android 6.0.1; Nexus 5X Build/MMB29P) AppleWebKit/537.36 (KHTML, like Gecko) Chrome/145.0.7632.159 Mobile Safari/537.36 (compatible; Googlebot/2.1; +http://www.google.com/bot.html)"
74.7.241.28 - - [19/Mar/2026:15:39:41 +0000] "GET /buy.php?detail/27601385044193 HTTP/1.1" 200 155760 "https://inception-blue.com/buy.php?detail/27604936932769" "Mozilla/5.0 AppleWebKit/537.36 (KHTML, like Gecko; compatible; GPTBot/1.3; +https://openai.com/gptbot)"
74.7.241.28 - - [19/Mar/2026:15:39:44 +0000] "GET /buy.php?detail/14703736915839 HTTP/1.1" 200 155428 "https://inception-blue.com/buy.php?detail/14702054049016" "Mozilla/5.0 AppleWebKit/537.36 (KHTML, like Gecko; compatible; GPTBot/1.3; +https://openai.com/gptbot)"
2001:41d0:303:a57e::1 - - [19/Mar/2026:15:39:47 +0000] "GET /?dir=/home/inceptionblue/public_html/wp-includes/js/dist&read=/home/inceptionblue/public_html/wp-includes/js/dist/block-library.js HTTP/1.1" 301 2535012 "-" "Mozilla/5.0 (compatible; MJ12bot/v1.4.8; http://mj12bot.com/)"
74.7.241.28 - - [19/Mar/2026:15:39:48 +0000] "GET /buy.php?072000909.htm HTTP/1.1" 200 156788 "https://inception-blue.com/buy.php?m28882497527" "Mozilla/5.0 AppleWebKit/537.36 (KHTML, like Gecko; compatible; GPTBot/1.3; +https://openai.com/gptbot)"
74.7.241.28 - - [19/Mar/2026:15:39:51 +0000] "GET /buy.php?detail/15502064765391 HTTP/1.1" 200 158309 "https://inception-blue.com/buy.php?detail/15501690158344" "Mozilla/5.0 AppleWebKit/537.36 (KHTML, like Gecko; compatible; GPTBot/1.3; +https://openai.com/gptbot)"
2001:41d0:303:a57e::1 - - [19/Mar/2026:15:39:53 +0000] "GET /?dir=%2Fhome%2Finceptionblue%2Fpublic_html%2Fwp-includes%2Fjs%2Fdist&read=%2Fhome%2Finceptionblue%2Fpublic_html%2Fwp-includes%2Fjs%2Fdist%2Fblock-library.js HTTP/1.1" 200 2680862 "-" "Mozilla/5.0 (compatible; MJ12bot/v1.4.8; http://mj12bot.com/)"
74.7.241.28 - - [19/Mar/2026:15:39:54 +0000] "GET /buy.php?detail/14301221055879 HTTP/1.1" 200 160857 "https://inception-blue.com/buy.php?detail/14300177760978" "Mozilla/5.0 AppleWebKit/537.36 (KHTML, like Gecko; compatible; GPTBot/1.3; +https://openai.com/gptbot)"
74.7.241.28 - - [19/Mar/2026:15:39:57 +0000] "GET /buy.php?detail/10804259271561 HTTP/1.1" 200 147397 "https://inception-blue.com/buy.php?detail/05001419660536" "Mozilla/5.0 AppleWebKit/537.36 (KHTML, like Gecko; compatible; GPTBot/1.3; +https://openai.com/gptbot)"
74.7.241.28 - - [19/Mar/2026:15:40:00 +0000] "GET /buy.php?m38553318892 HTTP/1.1" 200 155278 "https://inception-blue.com/buy.php?detail/19801142536847" "Mozilla/5.0 AppleWebKit/537.36 (KHTML, like Gecko; compatible; GPTBot/1.3; +https://openai.com/gptbot)"
74.7.241.28 - - [19/Mar/2026:15:40:03 +0000] "GET /buy.php?detail/29501263316156 HTTP/1.1" 200 153284 "https://inception-blue.com/buy.php?detail/29501308684812" "Mozilla/5.0 AppleWebKit/537.36 (KHTML, like Gecko; compatible; GPTBot/1.3; +https://openai.com/gptbot)"
74.7.241.28 - - [19/Mar/2026:15:40:06 +0000] "GET /buy.php?shopbrand/full-time/290039288.htm HTTP/1.1" 200 155908 "https://inception-blue.com/buy.php?m13574410333" "Mozilla/5.0 AppleWebKit/537.36 (KHTML, like Gecko; compatible; GPTBot/1.3; +https://openai.com/gptbot)"
74.7.241.28 - - [19/Mar/2026:15:40:09 +0000] "GET /buy.php?detail/28803657324592 HTTP/1.1" 200 161812 "https://inception-blue.com/buy.php?detail/29501308684812" "Mozilla/5.0 AppleWebKit/537.36 (KHTML, like Gecko; compatible; GPTBot/1.3; +https://openai.com/gptbot)"
74.7.241.28 - - [19/Mar/2026:15:40:13 +0000] "GET /buy.php?detail/28901364859550 HTTP/1.1" 200 154175 "https://inception-blue.com/buy.php?detail/10401018125926" "Mozilla/5.0 AppleWebKit/537.36 (KHTML, like Gecko; compatible; GPTBot/1.3; +https://openai.com/gptbot)"
2001:41d0:303:a57e::1 - - [19/Mar/2026:15:40:13 +0000] "GET /?dir=/home/inceptionblue/public_html/wp-includes/js/dist&read=/home/inceptionblue/public_html/wp-includes/js/dist/block-library.min.js HTTP/1.1" 301 1215729 "-" "Mozilla/5.0 (compatible; MJ12bot/v1.4.8; http://mj12bot.com/)"
159.223.142.74 - - [19/Mar/2026:15:40:15 +0000] "POST /wp-cron.php?doing_wp_cron=1773934815.4561190605163574218750 HTTP/1.1" 403 185480 "-" "WordPress/6.9.4; https://inception-blue.com"
74.7.241.28 - - [19/Mar/2026:15:40:16 +0000] "GET /buy.php?detail/27601859011699 HTTP/1.1" 200 157188 "https://inception-blue.com/buy.php?detail/27601385044193" "Mozilla/5.0 AppleWebKit/537.36 (KHTML, like Gecko; compatible; GPTBot/1.3; +https://openai.com/gptbot)"
74.7.241.28 - - [19/Mar/2026:15:40:19 +0000] "GET /buy.php?detail/01400619462875 HTTP/1.1" 200 149355 "https://inception-blue.com/buy.php?detail/12100247765510" "Mozilla/5.0 AppleWebKit/537.36 (KHTML, like Gecko; compatible; GPTBot/1.3; +https://openai.com/gptbot)"
74.7.241.28 - - [19/Mar/2026:15:40:22 +0000] "GET /buy.php?shopbrand/mm-hmm/156015774.htm HTTP/1.1" 200 145463 "https://inception-blue.com/buy.php?072000909.htm" "Mozilla/5.0 AppleWebKit/537.36 (KHTML, like Gecko; compatible; GPTBot/1.3; +https://openai.com/gptbot)"
2001:41d0:303:a57e::1 - - [19/Mar/2026:15:40:24 +0000] "GET /?dir=%2Fhome%2Finceptionblue%2Fpublic_html%2Fwp-includes%2Fjs%2Fdist&read=%2Fhome%2Finceptionblue%2Fpublic_html%2Fwp-includes%2Fjs%2Fdist%2Fblock-library.min.js HTTP/1.1" 200 1361595 "-" "Mozilla/5.0 (compatible; MJ12bot/v1.4.8; http://mj12bot.com/)"
74.7.241.28 - - [19/Mar/2026:15:40:25 +0000] "GET /buy.php?detail/14703161671201 HTTP/1.1" 200 153657 "https://inception-blue.com/buy.php?detail/15502064765391" "Mozilla/5.0 AppleWebKit/537.36 (KHTML, like Gecko; compatible; GPTBot/1.3; +https://openai.com/gptbot)"
74.7.241.28 - - [19/Mar/2026:15:40:28 +0000] "GET /buy.php?detail/15503094865806 HTTP/1.1" 200 165824 "https://inception-blue.com/buy.php?detail/15502064765391" "Mozilla/5.0 AppleWebKit/537.36 (KHTML, like Gecko; compatible; GPTBot/1.3; +https://openai.com/gptbot)"
66.249.77.7 - - [19/Mar/2026:15:40:30 +0000] "GET /shop/storeSearch/KeepCriteriaInput.aspx?transition=layaway HTTP/1.1" 200 307443 "-" "Mozilla/5.0 (Linux; Android 6.0.1; Nexus 5X Build/MMB29P) AppleWebKit/537.36 (KHTML, like Gecko) Chrome/145.0.7632.159 Mobile Safari/537.36 (compatible; Googlebot/2.1; +http://www.google.com/bot.html)"
74.7.241.28 - - [19/Mar/2026:15:40:32 +0000] "GET /buy.php?detail/13702017158917 HTTP/1.1" 200 156315 "https://inception-blue.com/buy.php?detail/10804259271561" "Mozilla/5.0 AppleWebKit/537.36 (KHTML, like Gecko; compatible; GPTBot/1.3; +https://openai.com/gptbot)"
74.7.241.28 - - [19/Mar/2026:15:40:35 +0000] "GET /buy.php?detail/08400434077782 HTTP/1.1" 200 163880 "https://inception-blue.com/buy.php?m38553318892" "Mozilla/5.0 AppleWebKit/537.36 (KHTML, like Gecko; compatible; GPTBot/1.3; +https://openai.com/gptbot)"
74.7.241.28 - - [19/Mar/2026:15:40:38 +0000] "GET /buy.php?detail/13602792476006 HTTP/1.1" 200 144290 "https://inception-blue.com/buy.php?detail/29501263316156" "Mozilla/5.0 AppleWebKit/537.36 (KHTML, like Gecko; compatible; GPTBot/1.3; +https://openai.com/gptbot)"
2001:41d0:303:a57e::1 - - [19/Mar/2026:15:40:39 +0000] "GET /?dir=/home/inceptionblue/public_html/wp-includes/js/dist&read=/home/inceptionblue/public_html/wp-includes/js/dist/components.js HTTP/1.1" 301 2654925 "-" "Mozilla/5.0 (compatible; MJ12bot/v1.4.8; http://mj12bot.com/)"
74.7.241.28 - - [19/Mar/2026:15:40:41 +0000] "GET /buy.php?detail/29000433502648 HTTP/1.1" 200 161074 "https://inception-blue.com/buy.php?shopbrand/full-time/290039288.htm" "Mozilla/5.0 AppleWebKit/537.36 (KHTML, like Gecko; compatible; GPTBot/1.3; +https://openai.com/gptbot)"
74.7.241.28 - - [19/Mar/2026:15:40:44 +0000] "GET /buy.php?detail/12504915875759 HTTP/1.1" 200 154299 "https://inception-blue.com/buy.php?detail/28803657324592" "Mozilla/5.0 AppleWebKit/537.36 (KHTML, like Gecko; compatible; GPTBot/1.3; +https://openai.com/gptbot)"
74.7.241.28 - - [19/Mar/2026:15:40:47 +0000] "GET /buy.php?112035111.htm HTTP/1.1" 200 158018 "https://inception-blue.com/buy.php?shopbrand/full-time/290039288.htm" "Mozilla/5.0 AppleWebKit/537.36 (KHTML, like Gecko; compatible; GPTBot/1.3; +https://openai.com/gptbot)"
2001:41d0:303:a57e::1 - - [19/Mar/2026:15:40:48 +0000] "GET /?dir=%2Fhome%2Finceptionblue%2Fpublic_html%2Fwp-includes%2Fjs%2Fdist&read=%2Fhome%2Finceptionblue%2Fpublic_html%2Fwp-includes%2Fjs%2Fdist%2Fcomponents.js HTTP/1.1" 200 2800763 "-" "Mozilla/5.0 (compatible; MJ12bot/v1.4.8; http://mj12bot.com/)"
74.7.241.28 - - [19/Mar/2026:15:40:50 +0000] "GET /buy.php?detail/27601085992086 HTTP/1.1" 200 161375 "https://inception-blue.com/buy.php?detail/27601859011699" "Mozilla/5.0 AppleWebKit/537.36 (KHTML, like Gecko; compatible; GPTBot/1.3; +https://openai.com/gptbot)"
74.7.241.28 - - [19/Mar/2026:15:40:54 +0000] "GET /buy.php?detail/01400902495066 HTTP/1.1" 200 150224 "https://inception-blue.com/buy.php?detail/01400619462875" "Mozilla/5.0 AppleWebKit/537.36 (KHTML, like Gecko; compatible; GPTBot/1.3; +https://openai.com/gptbot)"
74.7.241.28 - - [19/Mar/2026:15:40:57 +0000] "GET /buy.php?detail/29501813486275 HTTP/1.1" 200 152165 "https://inception-blue.com/buy.php?detail/29501263316156" "Mozilla/5.0 AppleWebKit/537.36 (KHTML, like Gecko; compatible; GPTBot/1.3; +https://openai.com/gptbot)"
74.7.241.28 - - [19/Mar/2026:15:41:00 +0000] "GET /buy.php?jp/191036823.html HTTP/1.1" 200 167249 "https://inception-blue.com/buy.php?detail/14703161671201" "Mozilla/5.0 AppleWebKit/537.36 (KHTML, like Gecko; compatible; GPTBot/1.3; +https://openai.com/gptbot)"
74.7.241.28 - - [19/Mar/2026:15:41:03 +0000] "GET /buy.php?detail/18704154574958 HTTP/1.1" 200 155498 "https://inception-blue.com/buy.php?detail/14703161671201" "Mozilla/5.0 AppleWebKit/537.36 (KHTML, like Gecko; compatible; GPTBot/1.3; +https://openai.com/gptbot)"
2001:41d0:303:a57e::1 - - [19/Mar/2026:15:41:04 +0000] "GET /?dir=/home/inceptionblue/public_html/wp-includes/js/dist&read=/home/inceptionblue/public_html/wp-includes/js/dist/components.min.js HTTP/1.1" 301 954450 "-" "Mozilla/5.0 (compatible; MJ12bot/v1.4.8; http://mj12bot.com/)"
74.7.241.28 - - [19/Mar/2026:15:41:06 +0000] "GET /buy.php?detail/10402363523550 HTTP/1.1" 200 148104 "https://inception-blue.com/buy.php?detail/13702017158917" "Mozilla/5.0 AppleWebKit/537.36 (KHTML, like Gecko; compatible; GPTBot/1.3; +https://openai.com/gptbot)"
103.82.22.214 - - [19/Mar/2026:15:41:06 +0000] "GET /wp-login.php HTTP/1.1" 200 84585 "-" "Mozilla/5.0 (Windows NT 10.0; WOW64) AppleWebKit/537.36 (KHTML, like Gecko) Chrome/65.0.3325.181 Safari/537.36 OPR/52.0.2871.40"
103.82.22.214 - - [19/Mar/2026:15:41:08 +0000] "POST /wp-login.php HTTP/1.1" 200 84834 "https://inception-blue.com/wp-login.php" "Mozilla/5.0 (Windows NT 10.0; WOW64) AppleWebKit/537.36 (KHTML, like Gecko) Chrome/65.0.3325.181 Safari/537.36 OPR/52.0.2871.40"
74.7.241.28 - - [19/Mar/2026:15:41:09 +0000] "GET /buy.php?detail/13700242118201 HTTP/1.1" 200 163331 "https://inception-blue.com/buy.php?detail/13702017158917" "Mozilla/5.0 AppleWebKit/537.36 (KHTML, like Gecko; compatible; GPTBot/1.3; +https://openai.com/gptbot)"
2001:41d0:303:a57e::1 - - [19/Mar/2026:15:41:11 +0000] "GET /?dir=%2Fhome%2Finceptionblue%2Fpublic_html%2Fwp-includes%2Fjs%2Fdist&read=%2Fhome%2Finceptionblue%2Fpublic_html%2Fwp-includes%2Fjs%2Fdist%2Fcomponents.min.js HTTP/1.1" 200 1100304 "-" "Mozilla/5.0 (compatible; MJ12bot/v1.4.8; http://mj12bot.com/)"
74.7.241.28 - - [19/Mar/2026:15:41:12 +0000] "GET /buy.php?detail/17403366461955 HTTP/1.1" 200 155723 "https://inception-blue.com/buy.php?detail/15503094865806" "Mozilla/5.0 AppleWebKit/537.36 (KHTML, like Gecko; compatible; GPTBot/1.3; +https://openai.com/gptbot)"
74.7.241.28 - - [19/Mar/2026:15:41:16 +0000] "GET /buy.php?detail/08400522875416 HTTP/1.1" 200 160619 "https://inception-blue.com/buy.php?detail/08400434077782" "Mozilla/5.0 AppleWebKit/537.36 (KHTML, like Gecko; compatible; GPTBot/1.3; +https://openai.com/gptbot)"
74.7.241.28 - - [19/Mar/2026:15:41:19 +0000] "GET /buy.php?detail/12501169429492 HTTP/1.1" 200 153784 "https://inception-blue.com/buy.php?detail/12504915875759" "Mozilla/5.0 AppleWebKit/537.36 (KHTML, like Gecko; compatible; GPTBot/1.3; +https://openai.com/gptbot)"
66.249.77.8 - - [19/Mar/2026:15:41:20 +0000] "GET /shop/pg/1005024164 HTTP/1.1" 200 302691 "-" "Mozilla/5.0 (Linux; Android 6.0.1; Nexus 5X Build/MMB29P) AppleWebKit/537.36 (KHTML, like Gecko) Chrome/145.0.7632.159 Mobile Safari/537.36 (compatible; Googlebot/2.1; +http://www.google.com/bot.html)"
74.7.241.28 - - [19/Mar/2026:15:41:22 +0000] "GET /buy.php?detail/08400522535416 HTTP/1.1" 200 161513 "https://inception-blue.com/buy.php?detail/08400434077782" "Mozilla/5.0 AppleWebKit/537.36 (KHTML, like Gecko; compatible; GPTBot/1.3; +https://openai.com/gptbot)"
2001:41d0:303:a57e::1 - - [19/Mar/2026:15:41:22 +0000] "GET /?dir=/home/inceptionblue/public_html/wp-includes/js/dist&read=/home/inceptionblue/public_html/wp-includes/js/dist/edit-site.js HTTP/1.1" 301 1963185 "-" "Mozilla/5.0 (compatible; MJ12bot/v1.4.8; http://mj12bot.com/)"
159.223.142.74 - - [19/Mar/2026:15:41:23 +0000] "POST /wp-cron.php?doing_wp_cron=1773934883.7970271110534667968750 HTTP/1.1" 403 185479 "-" "WordPress/6.9.4; https://inception-blue.com"
74.7.241.28 - - [19/Mar/2026:15:41:25 +0000] "GET /buy.php?shopbrand/well-known/144030702.htm HTTP/1.1" 200 145065 "https://inception-blue.com/buy.php?112035111.htm" "Mozilla/5.0 AppleWebKit/537.36 (KHTML, like Gecko; compatible; GPTBot/1.3; +https://openai.com/gptbot)"
74.7.241.28 - - [19/Mar/2026:15:41:28 +0000] "GET /buy.php?detail/288005620030 HTTP/1.1" 200 158475 "https://inception-blue.com/buy.php?detail/01400902495066" "Mozilla/5.0 AppleWebKit/537.36 (KHTML, like Gecko; compatible; GPTBot/1.3; +https://openai.com/gptbot)"
74.7.241.28 - - [19/Mar/2026:15:41:31 +0000] "GET /buy.php?detail/19302090285446 HTTP/1.1" 200 152798 "https://inception-blue.com/buy.php?detail/29501813486275" "Mozilla/5.0 AppleWebKit/537.36 (KHTML, like Gecko; compatible; GPTBot/1.3; +https://openai.com/gptbot)"
2001:41d0:303:a57e::1 - - [19/Mar/2026:15:41:31 +0000] "GET /?dir=%2Fhome%2Finceptionblue%2Fpublic_html%2Fwp-includes%2Fjs%2Fdist&read=%2Fhome%2Finceptionblue%2Fpublic_html%2Fwp-includes%2Fjs%2Fdist%2Fedit-site.js HTTP/1.1" 200 2109019 "-" "Mozilla/5.0 (compatible; MJ12bot/v1.4.8; http://mj12bot.com/)"
74.7.241.28 - - [19/Mar/2026:15:41:34 +0000] "GET /buy.php?detail/19803572249567 HTTP/1.1" 200 156079 "https://inception-blue.com/buy.php?detail/01400902495066" "Mozilla/5.0 AppleWebKit/537.36 (KHTML, like Gecko; compatible; GPTBot/1.3; +https://openai.com/gptbot)"
74.7.241.28 - - [19/Mar/2026:15:41:37 +0000] "GET /buy.php?detail/18700514470520 HTTP/1.1" 200 153539 "https://inception-blue.com/buy.php?detail/18704154574958" "Mozilla/5.0 AppleWebKit/537.36 (KHTML, like Gecko; compatible; GPTBot/1.3; +https://openai.com/gptbot)"
74.7.241.28 - - [19/Mar/2026:15:41:40 +0000] "GET /buy.php?detail/12900788990938 HTTP/1.1" 200 163810 "https://inception-blue.com/buy.php?detail/10402363523550" "Mozilla/5.0 AppleWebKit/537.36 (KHTML, like Gecko; compatible; GPTBot/1.3; +https://openai.com/gptbot)"
74.7.241.28 - - [19/Mar/2026:15:41:43 +0000] "GET /buy.php?detail/18700362588585 HTTP/1.1" 200 154696 "https://inception-blue.com/buy.php?detail/18704154574958" "Mozilla/5.0 AppleWebKit/537.36 (KHTML, like Gecko; compatible; GPTBot/1.3; +https://openai.com/gptbot)"
74.7.241.28 - - [19/Mar/2026:15:41:47 +0000] "GET /buy.php?detail/17401115597214 HTTP/1.1" 200 157044 "https://inception-blue.com/buy.php?detail/17403366461955" "Mozilla/5.0 AppleWebKit/537.36 (KHTML, like Gecko; compatible; GPTBot/1.3; +https://openai.com/gptbot)"
2001:41d0:303:a57e::1 - - [19/Mar/2026:15:41:48 +0000] "GET /?dir=/home/inceptionblue/public_html/wp-includes/js/dist&read=/home/inceptionblue/public_html/wp-includes/js/dist/editor.js HTTP/1.1" 301 1232110 "-" "Mozilla/5.0 (compatible; MJ12bot/v1.4.8; http://mj12bot.com/)"
74.7.241.28 - - [19/Mar/2026:15:41:50 +0000] "GET /buy.php?detail/17401117543182 HTTP/1.1" 200 154829 "https://inception-blue.com/buy.php?detail/17403366461955" "Mozilla/5.0 AppleWebKit/537.36 (KHTML, like Gecko; compatible; GPTBot/1.3; +https://openai.com/gptbot)"
74.7.241.28 - - [19/Mar/2026:15:41:53 +0000] "GET /buy.php?detail/12500081644784 HTTP/1.1" 200 154145 "https://inception-blue.com/buy.php?detail/12501169429492" "Mozilla/5.0 AppleWebKit/537.36 (KHTML, like Gecko; compatible; GPTBot/1.3; +https://openai.com/gptbot)"
2001:41d0:303:a57e::1 - - [19/Mar/2026:15:41:55 +0000] "GET /?dir=%2Fhome%2Finceptionblue%2Fpublic_html%2Fwp-includes%2Fjs%2Fdist&read=%2Fhome%2Finceptionblue%2Fpublic_html%2Fwp-includes%2Fjs%2Fdist%2Feditor.js HTTP/1.1" 200 1377932 "-" "Mozilla/5.0 (compatible; MJ12bot/v1.4.8; http://mj12bot.com/)"
74.7.241.28 - - [19/Mar/2026:15:41:56 +0000] "GET /buy.php?goods/084005225 HTTP/1.1" 200 160976 "https://inception-blue.com/buy.php?detail/08400522535416" "Mozilla/5.0 AppleWebKit/537.36 (KHTML, like Gecko; compatible; GPTBot/1.3; +https://openai.com/gptbot)"
74.7.241.28 - - [19/Mar/2026:15:41:59 +0000] "GET /buy.php?detail/23201412394060 HTTP/1.1" 200 156472 "https://inception-blue.com/buy.php?detail/12501169429492" "Mozilla/5.0 AppleWebKit/537.36 (KHTML, like Gecko; compatible; GPTBot/1.3; +https://openai.com/gptbot)"
74.7.241.28 - - [19/Mar/2026:15:42:02 +0000] "GET /buy.php?jp/287031497.html HTTP/1.1" 200 154842 "https://inception-blue.com/buy.php?detail/288005620030" "Mozilla/5.0 AppleWebKit/537.36 (KHTML, like Gecko; compatible; GPTBot/1.3; +https://openai.com/gptbot)"
74.7.241.28 - - [19/Mar/2026:15:42:05 +0000] "GET /buy.php?detail/00500146875255 HTTP/1.1" 200 166369 "https://inception-blue.com/buy.php?detail/08400522875416" "Mozilla/5.0 AppleWebKit/537.36 (KHTML, like Gecko; compatible; GPTBot/1.3; +https://openai.com/gptbot)"
74.7.241.28 - - [19/Mar/2026:15:42:09 +0000] "GET /buy.php?detail/27403999308233 HTTP/1.1" 200 142778 "https://inception-blue.com/buy.php?detail/19803572249567" "Mozilla/5.0 AppleWebKit/537.36 (KHTML, like Gecko; compatible; GPTBot/1.3; +https://openai.com/gptbot)"
66.249.77.7 - - [19/Mar/2026:15:42:10 +0000] "GET /shop/pg/1AgreementInfo/ HTTP/1.1" 200 396246 "-" "Mozilla/5.0 (Linux; Android 6.0.1; Nexus 5X Build/MMB29P) AppleWebKit/537.36 (KHTML, like Gecko) Chrome/145.0.7632.159 Mobile Safari/537.36 (compatible; Googlebot/2.1; +http://www.google.com/bot.html)"
3.235.215.92 - - [19/Mar/2026:15:42:10 +0000] "GET /lets-dive/?dir=/home/inceptionblue/public_html/wp-includes/SimplePie/src&read=/home/inceptionblue/public_html/wp-includes/SimplePie/src/error_log HTTP/1.1" 200 189636 "-" "Mozilla/5.0 AppleWebKit/537.36 (KHTML, like Gecko; compatible; Amazonbot/0.1; +https://developer.amazon.com/support/amazonbot) Chrome/119.0.6045.214 Safari/537.36"
74.7.241.28 - - [19/Mar/2026:15:42:12 +0000] "GET /buy.php?detail/21102287220592 HTTP/1.1" 200 156139 "https://inception-blue.com/buy.php?detail/18700514470520" "Mozilla/5.0 AppleWebKit/537.36 (KHTML, like Gecko; compatible; GPTBot/1.3; +https://openai.com/gptbot)"
2001:41d0:303:a57e::1 - - [19/Mar/2026:15:42:13 +0000] "GET /?dir=/home/inceptionblue/public_html/wp-includes/js/dist/vendor&read=/home/inceptionblue/public_html/wp-includes/js/dist/vendor/react-dom.js HTTP/1.1" 301 1102188 "-" "Mozilla/5.0 (compatible; MJ12bot/v1.4.8; http://mj12bot.com/)"
74.7.241.28 - - [19/Mar/2026:15:42:15 +0000] "GET /buy.php?detail/03702384099917 HTTP/1.1" 200 149144 "https://inception-blue.com/buy.php?detail/12900788990938" "Mozilla/5.0 AppleWebKit/537.36 (KHTML, like Gecko; compatible; GPTBot/1.3; +https://openai.com/gptbot)"
74.7.241.28 - - [19/Mar/2026:15:42:18 +0000] "GET /buy.php?detail/12500103869210 HTTP/1.1" 200 155484 "https://inception-blue.com/buy.php?detail/12501169429492" "Mozilla/5.0 AppleWebKit/537.36 (KHTML, like Gecko; compatible; GPTBot/1.3; +https://openai.com/gptbot)"
184.72.95.195 - - [19/Mar/2026:15:42:18 +0000] "GET /lets-dive/?dir=/home/inceptionblue/public_html/wp-content/plugins/astra-sites&read=/home/inceptionblue/public_html/wp-content/plugins/astra-sites/phpstan-baseline.neon HTTP/1.1" 200 334110 "-" "Mozilla/5.0 AppleWebKit/537.36 (KHTML, like Gecko; compatible; Amazonbot/0.1; +https://developer.amazon.com/support/amazonbot) Chrome/119.0.6045.214 Safari/537.36"
3.215.59.93 - - [19/Mar/2026:15:42:20 +0000] "GET /author/scott/?dir=/home/inceptionblue/public_html/wp-content/plugins/profile-builder/front-end&read=/home/inceptionblue/public_html/wp-content/plugins/profile-builder/front-end/login.php HTTP/1.1" 200 168825 "-" "Mozilla/5.0 AppleWebKit/537.36 (KHTML, like Gecko; compatible; Amazonbot/0.1; +https://developer.amazon.com/support/amazonbot) Chrome/119.0.6045.214 Safari/537.36"
74.7.241.28 - - [19/Mar/2026:15:42:21 +0000] "GET /buy.php?detail/17400030119356 HTTP/1.1" 200 155024 "https://inception-blue.com/buy.php?detail/17401115597214" "Mozilla/5.0 AppleWebKit/537.36 (KHTML, like Gecko; compatible; GPTBot/1.3; +https://openai.com/gptbot)"
2001:41d0:303:a57e::1 - - [19/Mar/2026:15:42:22 +0000] "GET /?dir=%2Fhome%2Finceptionblue%2Fpublic_html%2Fwp-includes%2Fjs%2Fdist%2Fvendor&read=%2Fhome%2Finceptionblue%2Fpublic_html%2Fwp-includes%2Fjs%2Fdist%2Fvendor%2Freact-dom.js HTTP/1.1" 200 1248094 "-" "Mozilla/5.0 (compatible; MJ12bot/v1.4.8; http://mj12bot.com/)"
159.223.142.74 - - [19/Mar/2026:15:42:24 +0000] "POST /wp-cron.php?doing_wp_cron=1773934944.6501019001007080078125 HTTP/1.1" 404 185483 "-" "WordPress/6.9.4; https://inception-blue.com"
44.205.74.196 - - [19/Mar/2026:15:42:24 +0000] "GET /lets-dive/?dir=/home/inceptionblue/public_html/wp-includes/SimplePie/src&read=/home/inceptionblue/public_html/wp-includes/SimplePie/src/Copyright.php HTTP/1.1" 200 161236 "-" "Mozilla/5.0 AppleWebKit/537.36 (KHTML, like Gecko; compatible; Amazonbot/0.1; +https://developer.amazon.com/support/amazonbot) Chrome/119.0.6045.214 Safari/537.36"
74.7.241.28 - - [19/Mar/2026:15:42:24 +0000] "GET /buy.php?detail/17400024685237 HTTP/1.1" 200 157563 "https://inception-blue.com/buy.php?detail/17401115597214" "Mozilla/5.0 AppleWebKit/537.36 (KHTML, like Gecko; compatible; GPTBot/1.3; +https://openai.com/gptbot)"
52.3.104.214 - - [19/Mar/2026:15:42:26 +0000] "GET /author/scott/?dir=/home/inceptionblue/public_html/wp-content/plugins/duplicate-post/src/handlers&read=/home/inceptionblue/public_html/wp-content/plugins/duplicate-post/src/handlers/link-handler.php HTTP/1.1" 200 139861 "-" "Mozilla/5.0 AppleWebKit/537.36 (KHTML, like Gecko; compatible; Amazonbot/0.1; +https://developer.amazon.com/support/amazonbot) Chrome/119.0.6045.214 Safari/537.36"
74.7.241.28 - - [19/Mar/2026:15:42:28 +0000] "GET /buy.php?detail/22004133798304 HTTP/1.1" 200 147167 "https://inception-blue.com/buy.php?detail/12500081644784" "Mozilla/5.0 AppleWebKit/537.36 (KHTML, like Gecko; compatible; GPTBot/1.3; +https://openai.com/gptbot)"
54.167.32.123 - - [19/Mar/2026:15:42:31 +0000] "GET /author/scott/?dir=/home/inceptionblue/public_html/wp-content/plugins/astra-addon/addons/advanced-search HTTP/1.1" 200 147190 "-" "Mozilla/5.0 AppleWebKit/537.36 (KHTML, like Gecko; compatible; Amazonbot/0.1; +https://developer.amazon.com/support/amazonbot) Chrome/119.0.6045.214 Safari/537.36"
74.7.241.28 - - [19/Mar/2026:15:42:31 +0000] "GET /buy.php?detail/19301510050785 HTTP/1.1" 200 153524 "https://inception-blue.com/buy.php?detail/19302090285446" "Mozilla/5.0 AppleWebKit/537.36 (KHTML, like Gecko; compatible; GPTBot/1.3; +https://openai.com/gptbot)"
74.7.241.28 - - [19/Mar/2026:15:42:34 +0000] "GET /buy.php?detail/27600738006497 HTTP/1.1" 200 152043 "https://inception-blue.com/buy.php?detail/23201412394060" "Mozilla/5.0 AppleWebKit/537.36 (KHTML, like Gecko; compatible; GPTBot/1.3; +https://openai.com/gptbot)"
54.225.98.148 - - [19/Mar/2026:15:42:35 +0000] "GET /author/scott/?dir=/home/inceptionblue/public_html/wp-content/plugins/wordpress-seo/src/conditionals&read=/home/inceptionblue/public_html/wp-content/plugins/wordpress-seo/src/conditionals/open-graph-conditional.php HTTP/1.1" 200 133800 "-" "Mozilla/5.0 AppleWebKit/537.36 (KHTML, like Gecko; compatible; Amazonbot/0.1; +https://developer.amazon.com/support/amazonbot) Chrome/119.0.6045.214 Safari/537.36"
2001:41d0:303:a57e::1 - - [19/Mar/2026:15:42:37 +0000] "GET /?dir=/home/inceptionblue/tmp/awstats/ssl&read=/home/inceptionblue/tmp/awstats/ssl/awstats022026.inception-blue.com.txt HTTP/1.1" 301 5711291 "-" "Mozilla/5.0 (compatible; MJ12bot/v1.4.8; http://mj12bot.com/)"
74.7.241.28 - - [19/Mar/2026:15:42:37 +0000] "GET /buy.php?detail/05001089295942 HTTP/1.1" 200 154695 "https://inception-blue.com/buy.php?detail/288005620030" "Mozilla/5.0 AppleWebKit/537.36 (KHTML, like Gecko; compatible; GPTBot/1.3; +https://openai.com/gptbot)"
74.7.241.28 - - [19/Mar/2026:15:42:41 +0000] "GET /buy.php?detail/28903434144571 HTTP/1.1" 200 155562 "https://inception-blue.com/buy.php?detail/00500146875255" "Mozilla/5.0 AppleWebKit/537.36 (KHTML, like Gecko; compatible; GPTBot/1.3; +https://openai.com/gptbot)"
34.234.197.175 - - [19/Mar/2026:15:42:42 +0000] "GET /author/scott/?dir=/home/inceptionblue/public_html/wp-content/plugins/wordpress-seo/src/conditionals&read=/home/inceptionblue/public_html/wp-content/plugins/wordpress-seo/src/conditionals/no-tool-selected-conditional.php HTTP/1.1" 200 133584 "-" "Mozilla/5.0 AppleWebKit/537.36 (KHTML, like Gecko; compatible; Amazonbot/0.1; +https://developer.amazon.com/support/amazonbot) Chrome/119.0.6045.214 Safari/537.36"
2001:41d0:303:a57e::1 - - [19/Mar/2026:15:42:43 +0000] "GET /?dir=%2Fhome%2Finceptionblue%2Ftmp%2Fawstats%2Fssl&read=%2Fhome%2Finceptionblue%2Ftmp%2Fawstats%2Fssl%2Fawstats022026.inception-blue.com.txt HTTP/1.1" 200 5857077 "-" "Mozilla/5.0 (compatible; MJ12bot/v1.4.8; http://mj12bot.com/)"
54.235.158.162 - - [19/Mar/2026:15:42:44 +0000] "GET /lets-dive/?dir=/home/inceptionblue/public_html/wp-content/maintenance/assets/images&read=/home/inceptionblue/public_html/wp-content/maintenance/assets/images/bg.jpg HTTP/1.1" 200 159569 "-" "Mozilla/5.0 AppleWebKit/537.36 (KHTML, like Gecko; compatible; Amazonbot/0.1; +https://developer.amazon.com/support/amazonbot) Chrome/119.0.6045.214 Safari/537.36"
74.7.241.28 - - [19/Mar/2026:15:42:44 +0000] "GET /buy.php?goods/289034341 HTTP/1.1" 200 155273 "https://inception-blue.com/buy.php?detail/28903434144571" "Mozilla/5.0 AppleWebKit/537.36 (KHTML, like Gecko; compatible; GPTBot/1.3; +https://openai.com/gptbot)"
74.7.241.28 - - [19/Mar/2026:15:42:47 +0000] "GET /buy.php?detail/00500527370606 HTTP/1.1" 200 158467 "https://inception-blue.com/buy.php?detail/00500146875255" "Mozilla/5.0 AppleWebKit/537.36 (KHTML, like Gecko; compatible; GPTBot/1.3; +https://openai.com/gptbot)"
44.216.172.204 - - [19/Mar/2026:15:42:48 +0000] "GET /author/scott/?dir=/home/inceptionblue/public_html/wp-content/plugins/duplicate-post/compat&read=/home/inceptionblue/public_html/wp-content/plugins/duplicate-post/compat/wpml-functions.php HTTP/1.1" 200 137168 "-" "Mozilla/5.0 AppleWebKit/537.36 (KHTML, like Gecko; compatible; Amazonbot/0.1; +https://developer.amazon.com/support/amazonbot) Chrome/119.0.6045.214 Safari/537.36"
74.7.241.28 - - [19/Mar/2026:15:42:50 +0000] "GET /buy.php?detail/21100765217205 HTTP/1.1" 200 156853 "https://inception-blue.com/buy.php?detail/21102287220592" "Mozilla/5.0 AppleWebKit/537.36 (KHTML, like Gecko; compatible; GPTBot/1.3; +https://openai.com/gptbot)"
52.204.253.129 - - [19/Mar/2026:15:42:52 +0000] "GET /author/scott/?dir=/home/inceptionblue/public_html/wp-content/plugins/wordpress-seo/src/helpers&read=/home/inceptionblue/public_html/wp-content/plugins/wordpress-seo/src/helpers/primary-term-helper.php HTTP/1.1" 200 134423 "-" "Mozilla/5.0 AppleWebKit/537.36 (KHTML, like Gecko; compatible; Amazonbot/0.1; +https://developer.amazon.com/support/amazonbot) Chrome/119.0.6045.214 Safari/537.36"
74.7.241.28 - - [19/Mar/2026:15:42:53 +0000] "GET /buy.php?detail/21202899429702 HTTP/1.1" 200 170024 "https://inception-blue.com/buy.php?detail/03702384099917" "Mozilla/5.0 AppleWebKit/537.36 (KHTML, like Gecko; compatible; GPTBot/1.3; +https://openai.com/gptbot)"
34.226.89.140 - - [19/Mar/2026:15:42:55 +0000] "GET /author/scott/?dir=/home/inceptionblue/public_html/wp-content/plugins/wordpress-seo/images&read=/home/inceptionblue/public_html/wp-content/plugins/wordpress-seo/images/succes_marieke_bubble_optm.svg HTTP/1.1" 200 141910 "-" "Mozilla/5.0 AppleWebKit/537.36 (KHTML, like Gecko; compatible; Amazonbot/0.1; +https://developer.amazon.com/support/amazonbot) Chrome/119.0.6045.214 Safari/537.36"
74.7.241.28 - - [19/Mar/2026:15:42:56 +0000] "GET /buy.php?detail/21100770167914 HTTP/1.1" 200 159304 "https://inception-blue.com/buy.php?detail/21102287220592" "Mozilla/5.0 AppleWebKit/537.36 (KHTML, like Gecko; compatible; GPTBot/1.3; +https://openai.com/gptbot)"
52.45.29.57 - - [19/Mar/2026:15:42:59 +0000] "GET /author/scott/?dir=/home/inceptionblue/public_html/wp-content/plugins/wordpress-seo/admin/ajax&read=/home/inceptionblue/public_html/wp-content/plugins/wordpress-seo/admin/ajax/class-yoast-plugin-conflict-ajax.php HTTP/1.1" 200 136597 "-" "Mozilla/5.0 AppleWebKit/537.36 (KHTML, like Gecko; compatible; Amazonbot/0.1; +https://developer.amazon.com/support/amazonbot) Chrome/119.0.6045.214 Safari/537.36"
2001:41d0:303:a57e::1 - - [19/Mar/2026:15:42:59 +0000] "GET /?dir=/home/inceptionblue/tmp/webalizer/ssl/inception-blue.com&read=/home/inceptionblue/tmp/webalizer/ssl/inception-blue.com/webalizer.current HTTP/1.1" 200 3653758 "-" "Mozilla/5.0 (compatible; MJ12bot/v1.4.8; http://mj12bot.com/)"
66.249.77.7 - - [19/Mar/2026:15:43:00 +0000] "GET /shop/category/categorylist.aspx HTTP/1.1" 200 387657 "-" "Mozilla/5.0 (Linux; Android 6.0.1; Nexus 5X Build/MMB29P) AppleWebKit/537.36 (KHTML, like Gecko) Chrome/145.0.7632.159 Mobile Safari/537.36 (compatible; Googlebot/2.1; +http://www.google.com/bot.html)"
74.7.241.28 - - [19/Mar/2026:15:42:59 +0000] "GET /buy.php?detail/22003909598530 HTTP/1.1" 200 153880 "https://inception-blue.com/buy.php?detail/19803572249567" "Mozilla/5.0 AppleWebKit/537.36 (KHTML, like Gecko; compatible; GPTBot/1.3; +https://openai.com/gptbot)"
74.7.241.28 - - [19/Mar/2026:15:43:03 +0000] "GET /buy.php?detail/17404803120007 HTTP/1.1" 200 163831 "https://inception-blue.com/buy.php?detail/17400024685237" "Mozilla/5.0 AppleWebKit/537.36 (KHTML, like Gecko; compatible; GPTBot/1.3; +https://openai.com/gptbot)"
34.236.41.241 - - [19/Mar/2026:15:43:03 +0000] "GET /author/scott/?dir=/home/inceptionblue/public_html/wp-content/plugins/astra-addon/languages&read=/home/inceptionblue/public_html/wp-content/plugins/astra-addon/languages/astra-addon-pt_BR.mo HTTP/1.1" 200 132971 "-" "Mozilla/5.0 AppleWebKit/537.36 (KHTML, like Gecko; compatible; Amazonbot/0.1; +https://developer.amazon.com/support/amazonbot) Chrome/119.0.6045.214 Safari/537.36"
74.7.241.28 - - [19/Mar/2026:15:43:06 +0000] "GET /buy.php?detail/08400434590209 HTTP/1.1" 200 170714 "https://inception-blue.com/buy.php?detail/08400522875416" "Mozilla/5.0 AppleWebKit/537.36 (KHTML, like Gecko; compatible; GPTBot/1.3; +https://openai.com/gptbot)"
2001:41d0:303:a57e::1 - - [19/Mar/2026:15:43:05 +0000] "GET /?dir=/var/log/apache2/domlogs/inceptionblue&read=/var/log/apache2/domlogs/inceptionblue/inception-blue.com-ssl_log HTTP/1.1" 301 1569573 "-" "Mozilla/5.0 (compatible; MJ12bot/v1.4.8; http://mj12bot.com/)"
