2001:41d0:303:5883::1 - - [19/Mar/2026:13:50:25 +0000] "GET /comments/feed/?dir=%2Fvar%2Fcache%2Fman%2Fhu&read=%2Fvar%2Fcache%2Fman%2Fhu%2Findex.db HTTP/1.1" 200 13907 "-" "Mozilla/5.0 (compatible; MJ12bot/v1.4.8; http://mj12bot.com/)"
74.7.241.28 - - [19/Mar/2026:13:50:25 +0000] "GET /buy.php?001000700.htm HTTP/1.1" 200 167778 "https://inception-blue.com/buy.php?m56517863222" "Mozilla/5.0 AppleWebKit/537.36 (KHTML, like Gecko; compatible; GPTBot/1.3; +https://openai.com/gptbot)"
74.7.241.28 - - [19/Mar/2026:13:50:28 +0000] "GET /buy.php?detail/12803478709749 HTTP/1.1" 200 155577 "https://inception-blue.com/buy.php?detail/15504415354270" "Mozilla/5.0 AppleWebKit/537.36 (KHTML, like Gecko; compatible; GPTBot/1.3; +https://openai.com/gptbot)"
66.249.77.9 - - [19/Mar/2026:13:50:30 +0000] "GET /317930200 HTTP/1.1" 200 341377 "-" "Mozilla/5.0 (Linux; Android 6.0.1; Nexus 5X Build/MMB29P) AppleWebKit/537.36 (KHTML, like Gecko) Chrome/145.0.7632.159 Mobile Safari/537.36 (compatible; Googlebot/2.1; +http://www.google.com/bot.html)"
74.7.241.28 - - [19/Mar/2026:13:50:31 +0000] "GET /buy.php?detail/06300081219423 HTTP/1.1" 200 147534 "https://inception-blue.com/buy.php?detail/18300230047033" "Mozilla/5.0 AppleWebKit/537.36 (KHTML, like Gecko; compatible; GPTBot/1.3; +https://openai.com/gptbot)"
74.7.241.28 - - [19/Mar/2026:13:50:34 +0000] "GET /buy.php?001000638.htm HTTP/1.1" 200 155071 "https://inception-blue.com/buy.php?m56517863222" "Mozilla/5.0 AppleWebKit/537.36 (KHTML, like Gecko; compatible; GPTBot/1.3; +https://openai.com/gptbot)"
74.7.241.28 - - [19/Mar/2026:13:50:37 +0000] "GET /buy.php?060001041.htm HTTP/1.1" 200 155822 "https://inception-blue.com/buy.php?m45377421999" "Mozilla/5.0 AppleWebKit/537.36 (KHTML, like Gecko; compatible; GPTBot/1.3; +https://openai.com/gptbot)"
74.7.241.28 - - [19/Mar/2026:13:50:40 +0000] "GET /buy.php?m48166700036 HTTP/1.1" 200 146897 "https://inception-blue.com/buy.php?detail/18302556462230" "Mozilla/5.0 AppleWebKit/537.36 (KHTML, like Gecko; compatible; GPTBot/1.3; +https://openai.com/gptbot)"
74.7.241.28 - - [19/Mar/2026:13:50:44 +0000] "GET /buy.php?m13498908884 HTTP/1.1" 200 153733 "https://inception-blue.com/buy.php?detail/05200600054526" "Mozilla/5.0 AppleWebKit/537.36 (KHTML, like Gecko; compatible; GPTBot/1.3; +https://openai.com/gptbot)"
74.7.241.28 - - [19/Mar/2026:13:50:47 +0000] "GET /buy.php?detail/19903918351849 HTTP/1.1" 200 160828 "https://inception-blue.com/buy.php?detail/15803797992922" "Mozilla/5.0 AppleWebKit/537.36 (KHTML, like Gecko; compatible; GPTBot/1.3; +https://openai.com/gptbot)"
74.7.241.28 - - [19/Mar/2026:13:50:50 +0000] "GET /buy.php?m16751344434 HTTP/1.1" 200 147740 "https://inception-blue.com/buy.php?detail/22300262015845" "Mozilla/5.0 AppleWebKit/537.36 (KHTML, like Gecko; compatible; GPTBot/1.3; +https://openai.com/gptbot)"
74.7.241.28 - - [19/Mar/2026:13:50:53 +0000] "GET /buy.php?m96693383480 HTTP/1.1" 200 168901 "https://inception-blue.com/buy.php?m80867339000" "Mozilla/5.0 AppleWebKit/537.36 (KHTML, like Gecko; compatible; GPTBot/1.3; +https://openai.com/gptbot)"
74.7.241.28 - - [19/Mar/2026:13:50:56 +0000] "GET /buy.php?detail/05300006701814 HTTP/1.1" 200 160251 "https://inception-blue.com/buy.php?shopbrand/magnetic/053013837.htm" "Mozilla/5.0 AppleWebKit/537.36 (KHTML, like Gecko; compatible; GPTBot/1.3; +https://openai.com/gptbot)"
74.7.241.28 - - [19/Mar/2026:13:51:00 +0000] "GET /buy.php?m40188811432 HTTP/1.1" 200 158693 "https://inception-blue.com/buy.php?detail/19103813663188" "Mozilla/5.0 AppleWebKit/537.36 (KHTML, like Gecko; compatible; GPTBot/1.3; +https://openai.com/gptbot)"
74.7.241.28 - - [19/Mar/2026:13:51:03 +0000] "GET /buy.php?detail/12801875751196 HTTP/1.1" 200 157765 "https://inception-blue.com/buy.php?detail/12803478709749" "Mozilla/5.0 AppleWebKit/537.36 (KHTML, like Gecko; compatible; GPTBot/1.3; +https://openai.com/gptbot)"
74.7.241.28 - - [19/Mar/2026:13:51:06 +0000] "GET /buy.php?m21033394642 HTTP/1.1" 200 154266 "https://inception-blue.com/buy.php?detail/08900234724645" "Mozilla/5.0 AppleWebKit/537.36 (KHTML, like Gecko; compatible; GPTBot/1.3; +https://openai.com/gptbot)"
74.7.241.28 - - [19/Mar/2026:13:51:09 +0000] "GET /buy.php?m47360740002 HTTP/1.1" 200 153460 "https://inception-blue.com/buy.php?detail/20802018520350" "Mozilla/5.0 AppleWebKit/537.36 (KHTML, like Gecko; compatible; GPTBot/1.3; +https://openai.com/gptbot)"
74.7.241.28 - - [19/Mar/2026:13:51:12 +0000] "GET /buy.php?m25222630745 HTTP/1.1" 200 158321 "https://inception-blue.com/buy.php?detail/09504934161900" "Mozilla/5.0 AppleWebKit/537.36 (KHTML, like Gecko; compatible; GPTBot/1.3; +https://openai.com/gptbot)"
74.7.241.28 - - [19/Mar/2026:13:51:15 +0000] "GET /buy.php?m75539990883 HTTP/1.1" 200 154084 "https://inception-blue.com/buy.php?detail/18401072923919" "Mozilla/5.0 AppleWebKit/537.36 (KHTML, like Gecko; compatible; GPTBot/1.3; +https://openai.com/gptbot)"
74.7.241.28 - - [19/Mar/2026:13:51:19 +0000] "GET /buy.php?m91117452091 HTTP/1.1" 200 151658 "https://inception-blue.com/buy.php?detail/17200828016479" "Mozilla/5.0 AppleWebKit/537.36 (KHTML, like Gecko; compatible; GPTBot/1.3; +https://openai.com/gptbot)"
66.249.77.7 - - [19/Mar/2026:13:51:20 +0000] "GET /22460300 HTTP/1.1" 200 301190 "-" "Mozilla/5.0 (Linux; Android 6.0.1; Nexus 5X Build/MMB29P) AppleWebKit/537.36 (KHTML, like Gecko) Chrome/145.0.7632.159 Mobile Safari/537.36 (compatible; Googlebot/2.1; +http://www.google.com/bot.html)"
74.7.241.28 - - [19/Mar/2026:13:51:22 +0000] "GET /buy.php?074022295.htm HTTP/1.1" 200 145374 "https://inception-blue.com/buy.php?m80006844389" "Mozilla/5.0 AppleWebKit/537.36 (KHTML, like Gecko; compatible; GPTBot/1.3; +https://openai.com/gptbot)"
74.7.241.28 - - [19/Mar/2026:13:51:25 +0000] "GET /buy.php?169000216.htm HTTP/1.1" 200 153941 "https://inception-blue.com/buy.php?m45377421999" "Mozilla/5.0 AppleWebKit/537.36 (KHTML, like Gecko; compatible; GPTBot/1.3; +https://openai.com/gptbot)"
74.7.241.28 - - [19/Mar/2026:13:51:28 +0000] "GET /buy.php?244021555.htm HTTP/1.1" 200 156391 "https://inception-blue.com/buy.php?001000700.htm" "Mozilla/5.0 AppleWebKit/537.36 (KHTML, like Gecko; compatible; GPTBot/1.3; +https://openai.com/gptbot)"
74.7.241.28 - - [19/Mar/2026:13:51:31 +0000] "GET /buy.php?detail/11102320627207 HTTP/1.1" 200 166492 "https://inception-blue.com/buy.php?detail/05300006701814" "Mozilla/5.0 AppleWebKit/537.36 (KHTML, like Gecko; compatible; GPTBot/1.3; +https://openai.com/gptbot)"
74.7.241.28 - - [19/Mar/2026:13:51:34 +0000] "GET /buy.php?shopbrand/hostile/085027353.htm HTTP/1.1" 200 155333 "https://inception-blue.com/buy.php?m40188811432" "Mozilla/5.0 AppleWebKit/537.36 (KHTML, like Gecko; compatible; GPTBot/1.3; +https://openai.com/gptbot)"
74.7.241.28 - - [19/Mar/2026:13:51:38 +0000] "GET /buy.php?085000420.htm HTTP/1.1" 200 158803 "https://inception-blue.com/buy.php?m40188811432" "Mozilla/5.0 AppleWebKit/537.36 (KHTML, like Gecko; compatible; GPTBot/1.3; +https://openai.com/gptbot)"
74.7.241.28 - - [19/Mar/2026:13:51:41 +0000] "GET /buy.php?060000903.htm HTTP/1.1" 200 157285 "https://inception-blue.com/buy.php?060001041.htm" "Mozilla/5.0 AppleWebKit/537.36 (KHTML, like Gecko; compatible; GPTBot/1.3; +https://openai.com/gptbot)"
74.7.241.28 - - [19/Mar/2026:13:51:44 +0000] "GET /buy.php?082000015.htm HTTP/1.1" 200 155970 "https://inception-blue.com/buy.php?m83554850886" "Mozilla/5.0 AppleWebKit/537.36 (KHTML, like Gecko; compatible; GPTBot/1.3; +https://openai.com/gptbot)"
74.7.241.28 - - [19/Mar/2026:13:51:47 +0000] "GET /buy.php?060000579.htm HTTP/1.1" 200 152462 "https://inception-blue.com/buy.php?m45377421999" "Mozilla/5.0 AppleWebKit/537.36 (KHTML, like Gecko; compatible; GPTBot/1.3; +https://openai.com/gptbot)"
74.7.241.28 - - [19/Mar/2026:13:51:50 +0000] "GET /buy.php?069000842.htm HTTP/1.1" 200 154023 "https://inception-blue.com/buy.php?m75539990883" "Mozilla/5.0 AppleWebKit/537.36 (KHTML, like Gecko; compatible; GPTBot/1.3; +https://openai.com/gptbot)"
74.7.241.28 - - [19/Mar/2026:13:51:53 +0000] "GET /buy.php?046000551.htm HTTP/1.1" 200 151549 "https://inception-blue.com/buy.php?m91117452091" "Mozilla/5.0 AppleWebKit/537.36 (KHTML, like Gecko; compatible; GPTBot/1.3; +https://openai.com/gptbot)"
74.7.241.28 - - [19/Mar/2026:13:51:56 +0000] "GET /buy.php?shopbrand/breathe/136047446.htm HTTP/1.1" 200 153524 "https://inception-blue.com/buy.php?074022295.htm" "Mozilla/5.0 AppleWebKit/537.36 (KHTML, like Gecko; compatible; GPTBot/1.3; +https://openai.com/gptbot)"
74.7.241.28 - - [19/Mar/2026:13:52:00 +0000] "GET /buy.php?001000092.htm HTTP/1.1" 200 158153 "https://inception-blue.com/buy.php?m56517863222" "Mozilla/5.0 AppleWebKit/537.36 (KHTML, like Gecko; compatible; GPTBot/1.3; +https://openai.com/gptbot)"
74.7.241.28 - - [19/Mar/2026:13:52:03 +0000] "GET /buy.php?055000556.htm HTTP/1.1" 200 167715 "https://inception-blue.com/buy.php?m59053792338" "Mozilla/5.0 AppleWebKit/537.36 (KHTML, like Gecko; compatible; GPTBot/1.3; +https://openai.com/gptbot)"
74.7.241.28 - - [19/Mar/2026:13:52:06 +0000] "GET /buy.php?detail/14802692457832 HTTP/1.1" 200 158023 "https://inception-blue.com/buy.php?detail/16501200921041" "Mozilla/5.0 AppleWebKit/537.36 (KHTML, like Gecko; compatible; GPTBot/1.3; +https://openai.com/gptbot)"
216.73.216.36 - - [19/Mar/2026:13:52:10 +0000] "GET /robots.txt HTTP/1.1" 304 - "-" "Mozilla/5.0 AppleWebKit/537.36 (KHTML, like Gecko; compatible; ClaudeBot/1.0; +claudebot@anthropic.com)"
66.249.77.7 - - [19/Mar/2026:13:52:10 +0000] "GET /692632758 HTTP/1.1" 200 395050 "-" "Mozilla/5.0 (Linux; Android 6.0.1; Nexus 5X Build/MMB29P) AppleWebKit/537.36 (KHTML, like Gecko) Chrome/145.0.7632.159 Mobile Safari/537.36 (compatible; Googlebot/2.1; +http://www.google.com/bot.html)"
216.73.216.36 - - [19/Mar/2026:13:52:10 +0000] "GET /product/100003089 HTTP/1.1" 404 185482 "-" "Mozilla/5.0 AppleWebKit/537.36 (KHTML, like Gecko; compatible; ClaudeBot/1.0; +claudebot@anthropic.com)"
159.223.142.74 - - [19/Mar/2026:13:52:10 +0000] "POST /wp-cron.php?doing_wp_cron=1773928330.9364240169525146484375 HTTP/1.1" 403 185482 "-" "WordPress/6.9.4; https://inception-blue.com"
74.7.241.28 - - [19/Mar/2026:13:52:09 +0000] "GET /buy.php?detail/23900951087284 HTTP/1.1" 200 157188 "https://inception-blue.com/buy.php?detail/01002795520126" "Mozilla/5.0 AppleWebKit/537.36 (KHTML, like Gecko; compatible; GPTBot/1.3; +https://openai.com/gptbot)"
69.49.241.116 - - [19/Mar/2026:13:52:11 +0000] "GET /wp-login.php HTTP/1.1" 200 84587 "-" "Mozilla/5.0 (Macintosh; Intel Mac OS X 10_11_6) AppleWebKit/537.36 (KHTML, like Gecko) Chrome/67.0.3396.62 Safari/537.36"
69.49.241.116 - - [19/Mar/2026:13:52:12 +0000] "POST /wp-login.php HTTP/1.1" 200 84836 "https://inception-blue.com/wp-login.php" "Mozilla/5.0 (Macintosh; Intel Mac OS X 10_11_6) AppleWebKit/537.36 (KHTML, like Gecko) Chrome/67.0.3396.62 Safari/537.36"
74.7.241.28 - - [19/Mar/2026:13:52:12 +0000] "GET /buy.php?detail/29701432164082 HTTP/1.1" 200 160009 "https://inception-blue.com/buy.php?m56517863222" "Mozilla/5.0 AppleWebKit/537.36 (KHTML, like Gecko; compatible; GPTBot/1.3; +https://openai.com/gptbot)"
74.7.241.28 - - [19/Mar/2026:13:52:15 +0000] "GET /buy.php?detail/15803263429289 HTTP/1.1" 200 161382 "https://inception-blue.com/buy.php?detail/25800600464368" "Mozilla/5.0 AppleWebKit/537.36 (KHTML, like Gecko; compatible; GPTBot/1.3; +https://openai.com/gptbot)"
74.7.241.28 - - [19/Mar/2026:13:52:19 +0000] "GET /buy.php?detail/08204633986758 HTTP/1.1" 200 159536 "https://inception-blue.com/buy.php?detail/22504401953901" "Mozilla/5.0 AppleWebKit/537.36 (KHTML, like Gecko; compatible; GPTBot/1.3; +https://openai.com/gptbot)"
50.116.87.70 - - [19/Mar/2026:13:52:20 +0000] "GET /wp-login.php HTTP/1.1" 200 84587 "-" "Mozilla/5.0 (Windows NT 6.1; WOW64; Trident/7.0; EIE10;ENCAWOL; rv:11.0) like Gecko"
50.116.87.70 - - [19/Mar/2026:13:52:22 +0000] "POST /wp-login.php HTTP/1.1" 200 84837 "https://inception-blue.com/wp-login.php" "Mozilla/5.0 (Windows NT 6.1; WOW64; Trident/7.0; EIE10;ENCAWOL; rv:11.0) like Gecko"
74.7.241.28 - - [19/Mar/2026:13:52:22 +0000] "GET /buy.php?detail/03604654723948 HTTP/1.1" 200 148341 "https://inception-blue.com/buy.php?detail/13902430251126" "Mozilla/5.0 AppleWebKit/537.36 (KHTML, like Gecko; compatible; GPTBot/1.3; +https://openai.com/gptbot)"
74.7.241.28 - - [19/Mar/2026:13:52:25 +0000] "GET /buy.php?detail/01103291798453 HTTP/1.1" 200 164868 "https://inception-blue.com/buy.php?detail/08900085449312" "Mozilla/5.0 AppleWebKit/537.36 (KHTML, like Gecko; compatible; GPTBot/1.3; +https://openai.com/gptbot)"
74.7.241.28 - - [19/Mar/2026:13:52:28 +0000] "GET /buy.php?detail/25502824871649 HTTP/1.1" 200 162832 "https://inception-blue.com/buy.php?detail/18300042235852" "Mozilla/5.0 AppleWebKit/537.36 (KHTML, like Gecko; compatible; GPTBot/1.3; +https://openai.com/gptbot)"
74.7.241.28 - - [19/Mar/2026:13:52:31 +0000] "GET /buy.php?detail/13600539286999 HTTP/1.1" 200 169987 "https://inception-blue.com/buy.php?shopbrand/breathe/136047446.htm" "Mozilla/5.0 AppleWebKit/537.36 (KHTML, like Gecko; compatible; GPTBot/1.3; +https://openai.com/gptbot)"
74.7.241.28 - - [19/Mar/2026:13:52:34 +0000] "GET /buy.php?shopbrand/insight/077019869.htm HTTP/1.1" 200 160919 "https://inception-blue.com/buy.php?shopbrand/breathe/136047446.htm" "Mozilla/5.0 AppleWebKit/537.36 (KHTML, like Gecko; compatible; GPTBot/1.3; +https://openai.com/gptbot)"
74.7.241.28 - - [19/Mar/2026:13:52:38 +0000] "GET /buy.php?shopbrand/insight/180006504.htm HTTP/1.1" 200 146650 "https://inception-blue.com/buy.php?055000556.htm" "Mozilla/5.0 AppleWebKit/537.36 (KHTML, like Gecko; compatible; GPTBot/1.3; +https://openai.com/gptbot)"
74.7.241.28 - - [19/Mar/2026:13:52:41 +0000] "GET /buy.php?goods/148003013 HTTP/1.1" 200 166348 "https://inception-blue.com/buy.php?detail/14802692457832" "Mozilla/5.0 AppleWebKit/537.36 (KHTML, like Gecko; compatible; GPTBot/1.3; +https://openai.com/gptbot)"
74.7.241.28 - - [19/Mar/2026:13:52:44 +0000] "GET /buy.php?detail/20100268439915 HTTP/1.1" 200 143591 "https://inception-blue.com/buy.php?detail/27500555684310" "Mozilla/5.0 AppleWebKit/537.36 (KHTML, like Gecko; compatible; GPTBot/1.3; +https://openai.com/gptbot)"
74.7.241.28 - - [19/Mar/2026:13:52:47 +0000] "GET /buy.php?jp/297000691.html HTTP/1.1" 200 153096 "https://inception-blue.com/buy.php?detail/29701432164082" "Mozilla/5.0 AppleWebKit/537.36 (KHTML, like Gecko; compatible; GPTBot/1.3; +https://openai.com/gptbot)"
74.7.241.28 - - [19/Mar/2026:13:52:50 +0000] "GET /buy.php?detail/14203870988536 HTTP/1.1" 200 160313 "https://inception-blue.com/buy.php?detail/13601733850332" "Mozilla/5.0 AppleWebKit/537.36 (KHTML, like Gecko; compatible; GPTBot/1.3; +https://openai.com/gptbot)"
74.7.241.28 - - [19/Mar/2026:13:52:53 +0000] "GET /buy.php?detail/07501463809564 HTTP/1.1" 200 158502 "https://inception-blue.com/buy.php?detail/25104851205830" "Mozilla/5.0 AppleWebKit/537.36 (KHTML, like Gecko; compatible; GPTBot/1.3; +https://openai.com/gptbot)"
74.7.241.28 - - [19/Mar/2026:13:52:56 +0000] "GET /buy.php?detail/19501851870244 HTTP/1.1" 200 155393 "https://inception-blue.com/buy.php?detail/03604654723948" "Mozilla/5.0 AppleWebKit/537.36 (KHTML, like Gecko; compatible; GPTBot/1.3; +https://openai.com/gptbot)"
66.249.77.7 - - [19/Mar/2026:13:53:00 +0000] "GET /532480804 HTTP/1.1" 200 325547 "-" "Mozilla/5.0 (Linux; Android 6.0.1; Nexus 5X Build/MMB29P) AppleWebKit/537.36 (KHTML, like Gecko) Chrome/145.0.7632.159 Mobile Safari/537.36 (compatible; Googlebot/2.1; +http://www.google.com/bot.html)"
74.7.241.28 - - [19/Mar/2026:13:52:59 +0000] "GET /buy.php?detail/21303271598453 HTTP/1.1" 200 153928 "https://inception-blue.com/buy.php?detail/17504167709008" "Mozilla/5.0 AppleWebKit/537.36 (KHTML, like Gecko; compatible; GPTBot/1.3; +https://openai.com/gptbot)"
66.249.77.7 - - [19/Mar/2026:13:52:59 +0000] "GET /buy.php?005000434.htm HTTP/1.1" 200 161337 "-" "Mozilla/5.0 (Linux; Android 6.0.1; Nexus 5X Build/MMB29P) AppleWebKit/537.36 (KHTML, like Gecko) Chrome/145.0.7632.159 Mobile Safari/537.36 (compatible; Googlebot/2.1; +http://www.google.com/bot.html)"
74.7.241.28 - - [19/Mar/2026:13:53:02 +0000] "GET /buy.php?detail/15802199198663 HTTP/1.1" 200 145218 "https://inception-blue.com/buy.php?detail/25502824871649" "Mozilla/5.0 AppleWebKit/537.36 (KHTML, like Gecko; compatible; GPTBot/1.3; +https://openai.com/gptbot)"
74.7.241.28 - - [19/Mar/2026:13:53:06 +0000] "GET /buy.php?detail/25504620886078 HTTP/1.1" 200 174527 "https://inception-blue.com/buy.php?detail/25502824871649" "Mozilla/5.0 AppleWebKit/537.36 (KHTML, like Gecko; compatible; GPTBot/1.3; +https://openai.com/gptbot)"
74.7.241.28 - - [19/Mar/2026:13:53:09 +0000] "GET /buy.php?detail/13203378666874 HTTP/1.1" 200 145846 "https://inception-blue.com/buy.php?shopbrand/insight/077019869.htm" "Mozilla/5.0 AppleWebKit/537.36 (KHTML, like Gecko; compatible; GPTBot/1.3; +https://openai.com/gptbot)"
74.7.241.28 - - [19/Mar/2026:13:53:12 +0000] "GET /buy.php?detail/14902595953465 HTTP/1.1" 200 165647 "https://inception-blue.com/buy.php?shopbrand/insight/180006504.htm" "Mozilla/5.0 AppleWebKit/537.36 (KHTML, like Gecko; compatible; GPTBot/1.3; +https://openai.com/gptbot)"
74.7.241.28 - - [19/Mar/2026:13:53:15 +0000] "GET /buy.php?detail/08502134869426 HTTP/1.1" 200 153763 "https://inception-blue.com/buy.php?detail/25004252730941" "Mozilla/5.0 AppleWebKit/537.36 (KHTML, like Gecko; compatible; GPTBot/1.3; +https://openai.com/gptbot)"
74.7.241.28 - - [19/Mar/2026:13:53:19 +0000] "GET /buy.php?detail/24903149748819 HTTP/1.1" 200 161837 "https://inception-blue.com/buy.php?detail/20100268439915" "Mozilla/5.0 AppleWebKit/537.36 (KHTML, like Gecko; compatible; GPTBot/1.3; +https://openai.com/gptbot)"
74.7.241.28 - - [19/Mar/2026:13:53:22 +0000] "GET /buy.php?detail/26204061890385 HTTP/1.1" 200 165283 "https://inception-blue.com/buy.php?detail/18802643108851" "Mozilla/5.0 AppleWebKit/537.36 (KHTML, like Gecko; compatible; GPTBot/1.3; +https://openai.com/gptbot)"
74.7.241.28 - - [19/Mar/2026:13:53:25 +0000] "GET /buy.php?detail/22601579348668 HTTP/1.1" 200 142257 "https://inception-blue.com/buy.php?detail/12900016430961" "Mozilla/5.0 AppleWebKit/537.36 (KHTML, like Gecko; compatible; GPTBot/1.3; +https://openai.com/gptbot)"
74.7.241.28 - - [19/Mar/2026:13:53:28 +0000] "GET /buy.php?jp/192042866.html HTTP/1.1" 200 162425 "https://inception-blue.com/buy.php?detail/07501463809564" "Mozilla/5.0 AppleWebKit/537.36 (KHTML, like Gecko; compatible; GPTBot/1.3; +https://openai.com/gptbot)"
74.7.241.28 - - [19/Mar/2026:13:53:31 +0000] "GET /buy.php?detail/01602880066498 HTTP/1.1" 200 155302 "https://inception-blue.com/buy.php?detail/19501851870244" "Mozilla/5.0 AppleWebKit/537.36 (KHTML, like Gecko; compatible; GPTBot/1.3; +https://openai.com/gptbot)"
74.7.241.28 - - [19/Mar/2026:13:53:34 +0000] "GET /buy.php?jp/213032715.html HTTP/1.1" 200 153946 "https://inception-blue.com/buy.php?detail/21303271598453" "Mozilla/5.0 AppleWebKit/537.36 (KHTML, like Gecko; compatible; GPTBot/1.3; +https://openai.com/gptbot)"
74.7.241.28 - - [19/Mar/2026:13:53:38 +0000] "GET /buy.php?detail/25901113446377 HTTP/1.1" 200 154861 "https://inception-blue.com/buy.php?detail/15802199198663" "Mozilla/5.0 AppleWebKit/537.36 (KHTML, like Gecko; compatible; GPTBot/1.3; +https://openai.com/gptbot)"
74.7.241.28 - - [19/Mar/2026:13:53:41 +0000] "GET /buy.php?detail/03602728058896 HTTP/1.1" 200 162795 "https://inception-blue.com/buy.php?detail/19501851870244" "Mozilla/5.0 AppleWebKit/537.36 (KHTML, like Gecko; compatible; GPTBot/1.3; +https://openai.com/gptbot)"
74.7.241.28 - - [19/Mar/2026:13:53:44 +0000] "GET /buy.php?detail/29800841395177 HTTP/1.1" 200 154533 "https://inception-blue.com/buy.php?detail/03802303863539" "Mozilla/5.0 AppleWebKit/537.36 (KHTML, like Gecko; compatible; GPTBot/1.3; +https://openai.com/gptbot)"
74.7.241.28 - - [19/Mar/2026:13:53:47 +0000] "GET /buy.php?detail/25504109376890 HTTP/1.1" 200 156468 "https://inception-blue.com/buy.php?detail/25504440445596" "Mozilla/5.0 AppleWebKit/537.36 (KHTML, like Gecko; compatible; GPTBot/1.3; +https://openai.com/gptbot)"
66.249.77.7 - - [19/Mar/2026:13:53:50 +0000] "GET /727281819 HTTP/1.1" 200 303527 "-" "Mozilla/5.0 (Linux; Android 6.0.1; Nexus 5X Build/MMB29P) AppleWebKit/537.36 (KHTML, like Gecko) Chrome/145.0.7632.159 Mobile Safari/537.36 (compatible; Googlebot/2.1; +http://www.google.com/bot.html)"
74.7.241.28 - - [19/Mar/2026:13:53:50 +0000] "GET /buy.php?detail/08500701473001 HTTP/1.1" 200 157844 "https://inception-blue.com/buy.php?detail/08502134869426" "Mozilla/5.0 AppleWebKit/537.36 (KHTML, like Gecko; compatible; GPTBot/1.3; +https://openai.com/gptbot)"
74.7.241.28 - - [19/Mar/2026:13:53:53 +0000] "GET /buy.php?detail/12800391358850 HTTP/1.1" 200 154405 "https://inception-blue.com/buy.php?detail/08502134869426" "Mozilla/5.0 AppleWebKit/537.36 (KHTML, like Gecko; compatible; GPTBot/1.3; +https://openai.com/gptbot)"
74.7.241.28 - - [19/Mar/2026:13:53:57 +0000] "GET /buy.php?detail/15802477727417 HTTP/1.1" 200 153888 "https://inception-blue.com/buy.php?detail/26204061890385" "Mozilla/5.0 AppleWebKit/537.36 (KHTML, like Gecko; compatible; GPTBot/1.3; +https://openai.com/gptbot)"
74.7.241.28 - - [19/Mar/2026:13:54:00 +0000] "GET /buy.php?detail/26200051690377 HTTP/1.1" 200 156797 "https://inception-blue.com/buy.php?detail/26204061890385" "Mozilla/5.0 AppleWebKit/537.36 (KHTML, like Gecko; compatible; GPTBot/1.3; +https://openai.com/gptbot)"
74.7.241.28 - - [19/Mar/2026:13:54:03 +0000] "GET /buy.php?detail/08801747853539 HTTP/1.1" 200 157077 "https://inception-blue.com/buy.php?detail/26204061890385" "Mozilla/5.0 AppleWebKit/537.36 (KHTML, like Gecko; compatible; GPTBot/1.3; +https://openai.com/gptbot)"
74.7.241.28 - - [19/Mar/2026:13:54:06 +0000] "GET /buy.php?detail/01600478843610 HTTP/1.1" 200 165676 "https://inception-blue.com/buy.php?detail/01602880066498" "Mozilla/5.0 AppleWebKit/537.36 (KHTML, like Gecko; compatible; GPTBot/1.3; +https://openai.com/gptbot)"
74.7.241.28 - - [19/Mar/2026:13:54:09 +0000] "GET /buy.php?detail/21300608208979 HTTP/1.1" 200 159606 "https://inception-blue.com/buy.php?jp/213032715.html" "Mozilla/5.0 AppleWebKit/537.36 (KHTML, like Gecko; compatible; GPTBot/1.3; +https://openai.com/gptbot)"
74.7.241.28 - - [19/Mar/2026:13:54:12 +0000] "GET /buy.php?detail/10804037414477 HTTP/1.1" 200 156230 "https://inception-blue.com/buy.php?detail/25901113446377" "Mozilla/5.0 AppleWebKit/537.36 (KHTML, like Gecko; compatible; GPTBot/1.3; +https://openai.com/gptbot)"
74.7.241.28 - - [19/Mar/2026:13:54:15 +0000] "GET /buy.php?detail/04804017152875 HTTP/1.1" 200 153085 "https://inception-blue.com/buy.php?detail/03602728058896" "Mozilla/5.0 AppleWebKit/537.36 (KHTML, like Gecko; compatible; GPTBot/1.3; +https://openai.com/gptbot)"
74.7.241.28 - - [19/Mar/2026:13:54:18 +0000] "GET /buy.php?detail/29603198140806 HTTP/1.1" 200 150768 "https://inception-blue.com/buy.php?detail/24903149748819" "Mozilla/5.0 AppleWebKit/537.36 (KHTML, like Gecko; compatible; GPTBot/1.3; +https://openai.com/gptbot)"
74.7.241.28 - - [19/Mar/2026:13:54:22 +0000] "GET /buy.php?jp/255041093.html HTTP/1.1" 200 156218 "https://inception-blue.com/buy.php?detail/25504109376890" "Mozilla/5.0 AppleWebKit/537.36 (KHTML, like Gecko; compatible; GPTBot/1.3; +https://openai.com/gptbot)"
74.7.241.28 - - [19/Mar/2026:13:54:25 +0000] "GET /buy.php?detail/08500829282349 HTTP/1.1" 200 158981 "https://inception-blue.com/buy.php?detail/08500701473001" "Mozilla/5.0 AppleWebKit/537.36 (KHTML, like Gecko; compatible; GPTBot/1.3; +https://openai.com/gptbot)"
74.7.241.28 - - [19/Mar/2026:13:54:28 +0000] "GET /buy.php?detail/08500818925002 HTTP/1.1" 200 152321 "https://inception-blue.com/buy.php?detail/08500701473001" "Mozilla/5.0 AppleWebKit/537.36 (KHTML, like Gecko; compatible; GPTBot/1.3; +https://openai.com/gptbot)"
74.7.241.28 - - [19/Mar/2026:13:54:31 +0000] "GET /buy.php?detail/15800376769803 HTTP/1.1" 200 154727 "https://inception-blue.com/buy.php?detail/15802477727417" "Mozilla/5.0 AppleWebKit/537.36 (KHTML, like Gecko; compatible; GPTBot/1.3; +https://openai.com/gptbot)"
74.7.241.28 - - [19/Mar/2026:13:54:34 +0000] "GET /buy.php?detail/08501517215189 HTTP/1.1" 200 152488 "https://inception-blue.com/buy.php?detail/08500701473001" "Mozilla/5.0 AppleWebKit/537.36 (KHTML, like Gecko; compatible; GPTBot/1.3; +https://openai.com/gptbot)"
74.7.241.28 - - [19/Mar/2026:13:54:37 +0000] "GET /buy.php?detail/24900202301202 HTTP/1.1" 200 155635 "https://inception-blue.com/buy.php?detail/24903149748819" "Mozilla/5.0 AppleWebKit/537.36 (KHTML, like Gecko; compatible; GPTBot/1.3; +https://openai.com/gptbot)"
159.223.142.74 - - [19/Mar/2026:13:54:39 +0000] "POST /wp-cron.php?doing_wp_cron=1773928479.5981919765472412109375 HTTP/1.1" 404 185482 "-" "WordPress/6.9.4; https://inception-blue.com"
216.73.216.36 - - [19/Mar/2026:13:54:38 +0000] "GET /product/155005876 HTTP/1.1" 404 185482 "-" "Mozilla/5.0 AppleWebKit/537.36 (KHTML, like Gecko; compatible; ClaudeBot/1.0; +claudebot@anthropic.com)"
66.249.77.8 - - [19/Mar/2026:13:54:40 +0000] "GET /31728357 HTTP/1.1" 200 320449 "-" "Mozilla/5.0 (Linux; Android 6.0.1; Nexus 5X Build/MMB29P) AppleWebKit/537.36 (KHTML, like Gecko) Chrome/145.0.7632.159 Mobile Safari/537.36 (compatible; Googlebot/2.1; +http://www.google.com/bot.html)"
74.7.241.28 - - [19/Mar/2026:13:54:41 +0000] "GET /buy.php?detail/01600461651708 HTTP/1.1" 200 155214 "https://inception-blue.com/buy.php?detail/01600478843610" "Mozilla/5.0 AppleWebKit/537.36 (KHTML, like Gecko; compatible; GPTBot/1.3; +https://openai.com/gptbot)"
74.7.241.28 - - [19/Mar/2026:13:54:44 +0000] "GET /buy.php?detail/26204487594028 HTTP/1.1" 200 153264 "https://inception-blue.com/buy.php?detail/21300608208979" "Mozilla/5.0 AppleWebKit/537.36 (KHTML, like Gecko; compatible; GPTBot/1.3; +https://openai.com/gptbot)"
74.7.241.28 - - [19/Mar/2026:13:54:47 +0000] "GET /buy.php?detail/1080015656116 HTTP/1.1" 200 160466 "https://inception-blue.com/buy.php?detail/10804037414477" "Mozilla/5.0 AppleWebKit/537.36 (KHTML, like Gecko; compatible; GPTBot/1.3; +https://openai.com/gptbot)"
216.73.216.36 - - [19/Mar/2026:13:54:50 +0000] "GET /product/238005933 HTTP/1.1" 404 185482 "-" "Mozilla/5.0 AppleWebKit/537.36 (KHTML, like Gecko; compatible; ClaudeBot/1.0; +claudebot@anthropic.com)"
74.7.241.28 - - [19/Mar/2026:13:54:50 +0000] "GET /buy.php?detail/00404170957761 HTTP/1.1" 200 160358 "https://inception-blue.com/buy.php?detail/10804037414477" "Mozilla/5.0 AppleWebKit/537.36 (KHTML, like Gecko; compatible; GPTBot/1.3; +https://openai.com/gptbot)"
74.7.241.28 - - [19/Mar/2026:13:54:53 +0000] "GET /buy.php?detail/04800064770670 HTTP/1.1" 200 152401 "https://inception-blue.com/buy.php?detail/04804017152875" "Mozilla/5.0 AppleWebKit/537.36 (KHTML, like Gecko; compatible; GPTBot/1.3; +https://openai.com/gptbot)"
74.7.241.28 - - [19/Mar/2026:13:54:56 +0000] "GET /buy.php?detail/02704929910658 HTTP/1.1" 200 155590 "https://inception-blue.com/buy.php?jp/255041093.html" "Mozilla/5.0 AppleWebKit/537.36 (KHTML, like Gecko; compatible; GPTBot/1.3; +https://openai.com/gptbot)"
74.7.241.28 - - [19/Mar/2026:13:54:59 +0000] "GET /buy.php?m29971000514 HTTP/1.1" 200 154690 "https://inception-blue.com/buy.php?detail/21300608208979" "Mozilla/5.0 AppleWebKit/537.36 (KHTML, like Gecko; compatible; GPTBot/1.3; +https://openai.com/gptbot)"
74.7.241.28 - - [19/Mar/2026:13:55:02 +0000] "GET /buy.php?detail/03704824116099 HTTP/1.1" 200 159282 "https://inception-blue.com/buy.php?detail/10804037414477" "Mozilla/5.0 AppleWebKit/537.36 (KHTML, like Gecko; compatible; GPTBot/1.3; +https://openai.com/gptbot)"
74.7.241.28 - - [19/Mar/2026:13:55:05 +0000] "GET /buy.php?jp/158003767.html HTTP/1.1" 200 154625 "https://inception-blue.com/buy.php?detail/15800376769803" "Mozilla/5.0 AppleWebKit/537.36 (KHTML, like Gecko; compatible; GPTBot/1.3; +https://openai.com/gptbot)"
74.7.241.28 - - [19/Mar/2026:13:55:09 +0000] "GET /buy.php?detail/23603190665905 HTTP/1.1" 200 168052 "https://inception-blue.com/buy.php?detail/15800376769803" "Mozilla/5.0 AppleWebKit/537.36 (KHTML, like Gecko; compatible; GPTBot/1.3; +https://openai.com/gptbot)"
74.7.241.28 - - [19/Mar/2026:13:55:12 +0000] "GET /buy.php?detail/24900047052074 HTTP/1.1" 200 153368 "https://inception-blue.com/buy.php?detail/24900202301202" "Mozilla/5.0 AppleWebKit/537.36 (KHTML, like Gecko; compatible; GPTBot/1.3; +https://openai.com/gptbot)"
74.7.241.28 - - [19/Mar/2026:13:55:15 +0000] "GET /buy.php?detail/30003796598659 HTTP/1.1" 200 158535 "https://inception-blue.com/buy.php?detail/08501517215189" "Mozilla/5.0 AppleWebKit/537.36 (KHTML, like Gecko; compatible; GPTBot/1.3; +https://openai.com/gptbot)"
74.7.241.28 - - [19/Mar/2026:13:55:18 +0000] "GET /buy.php?detail/26201461549629 HTTP/1.1" 200 157162 "https://inception-blue.com/buy.php?detail/26204487594028" "Mozilla/5.0 AppleWebKit/537.36 (KHTML, like Gecko; compatible; GPTBot/1.3; +https://openai.com/gptbot)"
74.7.241.28 - - [19/Mar/2026:13:55:21 +0000] "GET /buy.php?detail/11403036913625 HTTP/1.1" 200 153272 "https://inception-blue.com/buy.php?detail/15800376769803" "Mozilla/5.0 AppleWebKit/537.36 (KHTML, like Gecko; compatible; GPTBot/1.3; +https://openai.com/gptbot)"
74.7.241.28 - - [19/Mar/2026:13:55:24 +0000] "GET /buy.php?detail/15800442291959 HTTP/1.1" 200 159366 "https://inception-blue.com/buy.php?detail/15800376769803" "Mozilla/5.0 AppleWebKit/537.36 (KHTML, like Gecko; compatible; GPTBot/1.3; +https://openai.com/gptbot)"
74.7.241.28 - - [19/Mar/2026:13:55:27 +0000] "GET /buy.php?detail/23602323940649 HTTP/1.1" 200 154074 "https://inception-blue.com/buy.php?detail/04800064770670" "Mozilla/5.0 AppleWebKit/537.36 (KHTML, like Gecko; compatible; GPTBot/1.3; +https://openai.com/gptbot)"
66.249.77.9 - - [19/Mar/2026:13:55:30 +0000] "GET /3264698 HTTP/1.1" 200 304456 "-" "Mozilla/5.0 (Linux; Android 6.0.1; Nexus 5X Build/MMB29P) AppleWebKit/537.36 (KHTML, like Gecko) Chrome/145.0.7632.159 Mobile Safari/537.36 (compatible; Googlebot/2.1; +http://www.google.com/bot.html)"
74.7.241.28 - - [19/Mar/2026:13:55:31 +0000] "GET /buy.php?detail/13704461182839 HTTP/1.1" 200 160790 "https://inception-blue.com/buy.php?detail/25504109376890" "Mozilla/5.0 AppleWebKit/537.36 (KHTML, like Gecko; compatible; GPTBot/1.3; +https://openai.com/gptbot)"
74.7.241.28 - - [19/Mar/2026:13:55:34 +0000] "GET /buy.php?082000171.htm HTTP/1.1" 200 155040 "https://inception-blue.com/buy.php?m29971000514" "Mozilla/5.0 AppleWebKit/537.36 (KHTML, like Gecko; compatible; GPTBot/1.3; +https://openai.com/gptbot)"
74.7.241.28 - - [19/Mar/2026:13:55:37 +0000] "GET /buy.php?detail/07904548469362 HTTP/1.1" 200 154867 "https://inception-blue.com/buy.php?detail/25901113446377" "Mozilla/5.0 AppleWebKit/537.36 (KHTML, like Gecko; compatible; GPTBot/1.3; +https://openai.com/gptbot)"
74.7.241.28 - - [19/Mar/2026:13:55:40 +0000] "GET /buy.php?jp/103040202.html HTTP/1.1" 200 159993 "https://inception-blue.com/buy.php?jp/158003767.html" "Mozilla/5.0 AppleWebKit/537.36 (KHTML, like Gecko; compatible; GPTBot/1.3; +https://openai.com/gptbot)"
74.7.241.28 - - [19/Mar/2026:13:55:43 +0000] "GET /buy.php?detail/23603949299205 HTTP/1.1" 200 152481 "https://inception-blue.com/buy.php?detail/23603190665905" "Mozilla/5.0 AppleWebKit/537.36 (KHTML, like Gecko; compatible; GPTBot/1.3; +https://openai.com/gptbot)"
74.7.241.28 - - [19/Mar/2026:13:55:46 +0000] "GET /buy.php?detail/24900290746555 HTTP/1.1" 200 159729 "https://inception-blue.com/buy.php?detail/24900047052074" "Mozilla/5.0 AppleWebKit/537.36 (KHTML, like Gecko; compatible; GPTBot/1.3; +https://openai.com/gptbot)"
74.7.241.28 - - [19/Mar/2026:13:55:49 +0000] "GET /buy.php?detail/24200398602451 HTTP/1.1" 200 156932 "https://inception-blue.com/buy.php?detail/30003796598659" "Mozilla/5.0 AppleWebKit/537.36 (KHTML, like Gecko; compatible; GPTBot/1.3; +https://openai.com/gptbot)"
74.7.241.28 - - [19/Mar/2026:13:55:52 +0000] "GET /buy.php?detail/170007529661 HTTP/1.1" 200 150114 "https://inception-blue.com/buy.php?detail/26201461549629" "Mozilla/5.0 AppleWebKit/537.36 (KHTML, like Gecko; compatible; GPTBot/1.3; +https://openai.com/gptbot)"
74.7.241.28 - - [19/Mar/2026:13:55:56 +0000] "GET /buy.php?detail/30000272056561 HTTP/1.1" 200 161561 "https://inception-blue.com/buy.php?detail/30003796598659" "Mozilla/5.0 AppleWebKit/537.36 (KHTML, like Gecko; compatible; GPTBot/1.3; +https://openai.com/gptbot)"
74.7.241.28 - - [19/Mar/2026:13:55:59 +0000] "GET /buy.php?detail/20901146964750 HTTP/1.1" 200 157107 "https://inception-blue.com/buy.php?detail/15800442291959" "Mozilla/5.0 AppleWebKit/537.36 (KHTML, like Gecko; compatible; GPTBot/1.3; +https://openai.com/gptbot)"
74.7.241.28 - - [19/Mar/2026:13:56:02 +0000] "GET /buy.php?jp/236016041.html HTTP/1.1" 200 154242 "https://inception-blue.com/buy.php?detail/23602323940649" "Mozilla/5.0 AppleWebKit/537.36 (KHTML, like Gecko; compatible; GPTBot/1.3; +https://openai.com/gptbot)"
192.185.4.103 - - [19/Mar/2026:13:56:04 +0000] "GET /wp-login.php HTTP/1.1" 200 84587 "-" "Mozilla/5.0 (Windows NT 6.1; Win64; x64; rv:61.0) Gecko/20100101 Firefox/61.0"
159.223.142.74 - - [19/Mar/2026:13:56:05 +0000] "POST /wp-cron.php?doing_wp_cron=1773928565.8543920516967773437500 HTTP/1.1" 404 185482 "-" "WordPress/6.9.4; https://inception-blue.com"
74.7.241.28 - - [19/Mar/2026:13:56:05 +0000] "GET /buy.php?jp/209011469.html HTTP/1.1" 200 157317 "https://inception-blue.com/buy.php?detail/20901146964750" "Mozilla/5.0 AppleWebKit/537.36 (KHTML, like Gecko; compatible; GPTBot/1.3; +https://openai.com/gptbot)"
192.185.4.103 - - [19/Mar/2026:13:56:07 +0000] "POST /wp-login.php HTTP/1.1" 200 84836 "https://inception-blue.com/wp-login.php" "Mozilla/5.0 (Windows NT 6.1; Win64; x64; rv:61.0) Gecko/20100101 Firefox/61.0"
74.7.241.28 - - [19/Mar/2026:13:56:08 +0000] "GET /buy.php?detail/1010168926653 HTTP/1.1" 200 147431 "https://inception-blue.com/buy.php?detail/13704461182839" "Mozilla/5.0 AppleWebKit/537.36 (KHTML, like Gecko; compatible; GPTBot/1.3; +https://openai.com/gptbot)"
74.7.241.28 - - [19/Mar/2026:13:56:12 +0000] "GET /buy.php?m28282995526 HTTP/1.1" 200 155195 "https://inception-blue.com/buy.php?detail/13704461182839" "Mozilla/5.0 AppleWebKit/537.36 (KHTML, like Gecko; compatible; GPTBot/1.3; +https://openai.com/gptbot)"
74.7.241.28 - - [19/Mar/2026:13:56:15 +0000] "GET /buy.php?detail/17204655613195 HTTP/1.1" 200 163229 "https://inception-blue.com/buy.php?detail/07904548469362" "Mozilla/5.0 AppleWebKit/537.36 (KHTML, like Gecko; compatible; GPTBot/1.3; +https://openai.com/gptbot)"
216.73.216.36 - - [19/Mar/2026:13:56:16 +0000] "GET /product/219011628 HTTP/1.1" 404 185483 "-" "Mozilla/5.0 AppleWebKit/537.36 (KHTML, like Gecko; compatible; ClaudeBot/1.0; +claudebot@anthropic.com)"
74.7.241.28 - - [19/Mar/2026:13:56:18 +0000] "GET /buy.php?detail/23601770075027 HTTP/1.1" 200 163296 "https://inception-blue.com/buy.php?detail/23602323940649" "Mozilla/5.0 AppleWebKit/537.36 (KHTML, like Gecko; compatible; GPTBot/1.3; +https://openai.com/gptbot)"
66.249.77.5 - - [19/Mar/2026:13:56:21 +0000] "GET /318599084 HTTP/1.1" 200 306919 "-" "Mozilla/5.0 (Linux; Android 6.0.1; Nexus 5X Build/MMB29P) AppleWebKit/537.36 (KHTML, like Gecko) Chrome/145.0.7632.159 Mobile Safari/537.36 (compatible; Googlebot/2.1; +http://www.google.com/bot.html)"
74.7.241.28 - - [19/Mar/2026:13:56:21 +0000] "GET /buy.php?detail/11702286815966 HTTP/1.1" 200 151666 "https://inception-blue.com/buy.php?detail/24900047052074" "Mozilla/5.0 AppleWebKit/537.36 (KHTML, like Gecko; compatible; GPTBot/1.3; +https://openai.com/gptbot)"
74.7.241.28 - - [19/Mar/2026:13:56:24 +0000] "GET /buy.php?detail/07901856050396 HTTP/1.1" 200 160036 "https://inception-blue.com/buy.php?detail/11403036913625" "Mozilla/5.0 AppleWebKit/537.36 (KHTML, like Gecko; compatible; GPTBot/1.3; +https://openai.com/gptbot)"
74.7.241.28 - - [19/Mar/2026:13:56:27 +0000] "GET /buy.php?m22291697934 HTTP/1.1" 200 154073 "https://inception-blue.com/buy.php?detail/30003796598659" "Mozilla/5.0 AppleWebKit/537.36 (KHTML, like Gecko; compatible; GPTBot/1.3; +https://openai.com/gptbot)"
74.7.241.28 - - [19/Mar/2026:13:56:31 +0000] "GET /buy.php?detail/13403893570967 HTTP/1.1" 200 165879 "https://inception-blue.com/buy.php?detail/28404705552429" "Mozilla/5.0 AppleWebKit/537.36 (KHTML, like Gecko; compatible; GPTBot/1.3; +https://openai.com/gptbot)"
74.7.241.28 - - [19/Mar/2026:13:56:34 +0000] "GET /buy.php?goods/233019443 HTTP/1.1" 200 155694 "https://inception-blue.com/buy.php?detail/30000272056561" "Mozilla/5.0 AppleWebKit/537.36 (KHTML, like Gecko; compatible; GPTBot/1.3; +https://openai.com/gptbot)"
74.7.241.28 - - [19/Mar/2026:13:56:37 +0000] "GET /buy.php?detail/30000251352241 HTTP/1.1" 200 156760 "https://inception-blue.com/buy.php?detail/30000272056561" "Mozilla/5.0 AppleWebKit/537.36 (KHTML, like Gecko; compatible; GPTBot/1.3; +https://openai.com/gptbot)"
216.73.216.36 - - [19/Mar/2026:13:56:41 +0000] "GET /?p=axbot98m17760wplxuntpx HTTP/1.1" 200 195271 "-" "Mozilla/5.0 AppleWebKit/537.36 (KHTML, like Gecko; compatible; ClaudeBot/1.0; +claudebot@anthropic.com)"
74.7.241.28 - - [19/Mar/2026:13:56:40 +0000] "GET /buy.php?detail/20900142894585 HTTP/1.1" 200 165970 "https://inception-blue.com/buy.php?detail/20901146964750" "Mozilla/5.0 AppleWebKit/537.36 (KHTML, like Gecko; compatible; GPTBot/1.3; +https://openai.com/gptbot)"
74.7.241.28 - - [19/Mar/2026:13:56:43 +0000] "GET /buy.php?detail/03300172398769 HTTP/1.1" 200 142873 "https://inception-blue.com/buy.php?jp/236016041.html" "Mozilla/5.0 AppleWebKit/537.36 (KHTML, like Gecko; compatible; GPTBot/1.3; +https://openai.com/gptbot)"
74.7.241.28 - - [19/Mar/2026:13:56:46 +0000] "GET /buy.php?m91308882351 HTTP/1.1" 200 154725 "https://inception-blue.com/buy.php?detail/30000272056561" "Mozilla/5.0 AppleWebKit/537.36 (KHTML, like Gecko; compatible; GPTBot/1.3; +https://openai.com/gptbot)"
74.7.241.28 - - [19/Mar/2026:13:56:49 +0000] "GET /buy.php?detail/24001180444536 HTTP/1.1" 200 144623 "https://inception-blue.com/buy.php?detail/17204655613195" "Mozilla/5.0 AppleWebKit/537.36 (KHTML, like Gecko; compatible; GPTBot/1.3; +https://openai.com/gptbot)"
74.7.241.28 - - [19/Mar/2026:13:56:52 +0000] "GET /buy.php?detail/20800294313546 HTTP/1.1" 200 159277 "https://inception-blue.com/buy.php?detail/20800848553962" "Mozilla/5.0 AppleWebKit/537.36 (KHTML, like Gecko; compatible; GPTBot/1.3; +https://openai.com/gptbot)"
74.7.241.28 - - [19/Mar/2026:13:56:55 +0000] "GET /buy.php?detail/23403183221188 HTTP/1.1" 200 157515 "https://inception-blue.com/buy.php?detail/11702286815966" "Mozilla/5.0 AppleWebKit/537.36 (KHTML, like Gecko; compatible; GPTBot/1.3; +https://openai.com/gptbot)"
74.7.241.28 - - [19/Mar/2026:13:56:58 +0000] "GET /buy.php?detail/11701261847194 HTTP/1.1" 200 156137 "https://inception-blue.com/buy.php?detail/11702286815966" "Mozilla/5.0 AppleWebKit/537.36 (KHTML, like Gecko; compatible; GPTBot/1.3; +https://openai.com/gptbot)"
74.7.241.28 - - [19/Mar/2026:13:57:02 +0000] "GET /buy.php?detail/15501670961423 HTTP/1.1" 200 153562 "https://inception-blue.com/buy.php?detail/13301696862485" "Mozilla/5.0 AppleWebKit/537.36 (KHTML, like Gecko; compatible; GPTBot/1.3; +https://openai.com/gptbot)"
162.241.60.76 - - [19/Mar/2026:13:57:04 +0000] "GET /wp-login.php HTTP/1.1" 200 84587 "-" "Mozilla/5.0 (Macintosh; Intel Mac OS X 10_12_6) AppleWebKit/537.36 (KHTML, like Gecko) Chrome/67.0.3396.87 Safari/537.36"
159.223.142.74 - - [19/Mar/2026:13:57:05 +0000] "POST /wp-cron.php?doing_wp_cron=1773928625.8864140510559082031250 HTTP/1.1" 404 185482 "-" "WordPress/6.9.4; https://inception-blue.com"
74.7.241.28 - - [19/Mar/2026:13:57:05 +0000] "GET /buy.php?detail/20601724123978 HTTP/1.1" 200 157836 "https://inception-blue.com/buy.php?detail/19402129782970" "Mozilla/5.0 AppleWebKit/537.36 (KHTML, like Gecko; compatible; GPTBot/1.3; +https://openai.com/gptbot)"
162.241.60.76 - - [19/Mar/2026:13:57:07 +0000] "POST /wp-login.php HTTP/1.1" 200 84837 "https://inception-blue.com/wp-login.php" "Mozilla/5.0 (Macintosh; Intel Mac OS X 10_12_6) AppleWebKit/537.36 (KHTML, like Gecko) Chrome/67.0.3396.87 Safari/537.36"
74.7.241.28 - - [19/Mar/2026:13:57:08 +0000] "GET /buy.php?detail/23301944355570 HTTP/1.1" 200 154956 "https://inception-blue.com/buy.php?goods/233019443" "Mozilla/5.0 AppleWebKit/537.36 (KHTML, like Gecko; compatible; GPTBot/1.3; +https://openai.com/gptbot)"
66.249.77.5 - - [19/Mar/2026:13:57:10 +0000] "GET /846398257 HTTP/1.1" 200 302725 "-" "Mozilla/5.0 (Linux; Android 6.0.1; Nexus 5X Build/MMB29P) AppleWebKit/537.36 (KHTML, like Gecko) Chrome/145.0.7632.159 Mobile Safari/537.36 (compatible; Googlebot/2.1; +http://www.google.com/bot.html)"
74.7.241.28 - - [19/Mar/2026:13:57:11 +0000] "GET /buy.php?detail/06103926588407 HTTP/1.1" 200 156980 "https://inception-blue.com/buy.php?detail/16900340414729" "Mozilla/5.0 AppleWebKit/537.36 (KHTML, like Gecko; compatible; GPTBot/1.3; +https://openai.com/gptbot)"
74.7.241.28 - - [19/Mar/2026:13:57:14 +0000] "GET /buy.php?detail/11202975693127 HTTP/1.1" 200 159974 "https://inception-blue.com/buy.php?detail/20900142894585" "Mozilla/5.0 AppleWebKit/537.36 (KHTML, like Gecko; compatible; GPTBot/1.3; +https://openai.com/gptbot)"
74.7.241.28 - - [19/Mar/2026:13:57:17 +0000] "GET /buy.php?detail/08500577356991 HTTP/1.1" 200 165250 "https://inception-blue.com/buy.php?detail/20900142894585" "Mozilla/5.0 AppleWebKit/537.36 (KHTML, like Gecko; compatible; GPTBot/1.3; +https://openai.com/gptbot)"
216.73.216.36 - - [19/Mar/2026:13:57:20 +0000] "GET /?w=tpppe157lll16905wwlttemvl HTTP/1.1" 200 195272 "-" "Mozilla/5.0 AppleWebKit/537.36 (KHTML, like Gecko; compatible; ClaudeBot/1.0; +claudebot@anthropic.com)"
74.7.241.28 - - [19/Mar/2026:13:57:21 +0000] "GET /buy.php?jp/150046673.html HTTP/1.1" 200 161397 "https://inception-blue.com/buy.php?m91308882351" "Mozilla/5.0 AppleWebKit/537.36 (KHTML, like Gecko; compatible; GPTBot/1.3; +https://openai.com/gptbot)"
216.73.216.36 - - [19/Mar/2026:13:57:22 +0000] "GET /?t=rhxta70hszp4436toxnmq HTTP/1.1" 200 223048 "-" "Mozilla/5.0 AppleWebKit/537.36 (KHTML, like Gecko; compatible; ClaudeBot/1.0; +claudebot@anthropic.com)"
74.7.241.28 - - [19/Mar/2026:13:57:24 +0000] "GET /buy.php?013000538.htm HTTP/1.1" 200 154772 "https://inception-blue.com/buy.php?m91308882351" "Mozilla/5.0 AppleWebKit/537.36 (KHTML, like Gecko; compatible; GPTBot/1.3; +https://openai.com/gptbot)"
74.7.241.28 - - [19/Mar/2026:13:57:27 +0000] "GET /buy.php?detail/20800291086391 HTTP/1.1" 200 169076 "https://inception-blue.com/buy.php?detail/20800294313546" "Mozilla/5.0 AppleWebKit/537.36 (KHTML, like Gecko; compatible; GPTBot/1.3; +https://openai.com/gptbot)"
74.7.241.28 - - [19/Mar/2026:13:57:30 +0000] "GET /buy.php?detail/23400076200657 HTTP/1.1" 200 162500 "https://inception-blue.com/buy.php?detail/23403183221188" "Mozilla/5.0 AppleWebKit/537.36 (KHTML, like Gecko; compatible; GPTBot/1.3; +https://openai.com/gptbot)"
74.7.241.28 - - [19/Mar/2026:13:57:33 +0000] "GET /buy.php?detail/05103910592602 HTTP/1.1" 200 146835 "https://inception-blue.com/buy.php?detail/23403183221188" "Mozilla/5.0 AppleWebKit/537.36 (KHTML, like Gecko; compatible; GPTBot/1.3; +https://openai.com/gptbot)"
74.7.241.28 - - [19/Mar/2026:13:57:36 +0000] "GET /buy.php?detail/08404564101016 HTTP/1.1" 200 155235 "https://inception-blue.com/buy.php?detail/20800294313546" "Mozilla/5.0 AppleWebKit/537.36 (KHTML, like Gecko; compatible; GPTBot/1.3; +https://openai.com/gptbot)"
74.7.241.28 - - [19/Mar/2026:13:57:40 +0000] "GET /buy.php?detail/29604734393700 HTTP/1.1" 200 156055 "https://inception-blue.com/buy.php?detail/11701261847194" "Mozilla/5.0 AppleWebKit/537.36 (KHTML, like Gecko; compatible; GPTBot/1.3; +https://openai.com/gptbot)"
74.7.241.28 - - [19/Mar/2026:13:57:43 +0000] "GET /buy.php?detail/11701608404643 HTTP/1.1" 200 155372 "https://inception-blue.com/buy.php?detail/15501670961423" "Mozilla/5.0 AppleWebKit/537.36 (KHTML, like Gecko; compatible; GPTBot/1.3; +https://openai.com/gptbot)"
74.7.241.28 - - [19/Mar/2026:13:57:46 +0000] "GET /buy.php?detail/17201777610699 HTTP/1.1" 200 160749 "https://inception-blue.com/buy.php?detail/06103926588407" "Mozilla/5.0 AppleWebKit/537.36 (KHTML, like Gecko; compatible; GPTBot/1.3; +https://openai.com/gptbot)"
74.7.241.28 - - [19/Mar/2026:13:57:49 +0000] "GET /buy.php?detail/03902771729422 HTTP/1.1" 200 152954 "https://inception-blue.com/buy.php?detail/06103926588407" "Mozilla/5.0 AppleWebKit/537.36 (KHTML, like Gecko; compatible; GPTBot/1.3; +https://openai.com/gptbot)"
74.7.241.28 - - [19/Mar/2026:13:57:52 +0000] "GET /buy.php?goods/085016379 HTTP/1.1" 200 152649 "https://inception-blue.com/buy.php?detail/08500577356991" "Mozilla/5.0 AppleWebKit/537.36 (KHTML, like Gecko; compatible; GPTBot/1.3; +https://openai.com/gptbot)"
74.7.241.28 - - [19/Mar/2026:13:57:55 +0000] "GET /buy.php?detail/20204013754011 HTTP/1.1" 200 155211 "https://inception-blue.com/buy.php?jp/150046673.html" "Mozilla/5.0 AppleWebKit/537.36 (KHTML, like Gecko; compatible; GPTBot/1.3; +https://openai.com/gptbot)"
216.73.216.36 - - [19/Mar/2026:13:57:59 +0000] "GET /?k=bos278kpjp13058nwnrkabro HTTP/1.1" 200 223061 "-" "Mozilla/5.0 AppleWebKit/537.36 (KHTML, like Gecko; compatible; ClaudeBot/1.0; +claudebot@anthropic.com)"
66.249.77.5 - - [19/Mar/2026:13:58:00 +0000] "GET /4026251 HTTP/1.1" 200 384905 "-" "Mozilla/5.0 (Linux; Android 6.0.1; Nexus 5X Build/MMB29P) AppleWebKit/537.36 (KHTML, like Gecko) Chrome/145.0.7632.159 Mobile Safari/537.36 (compatible; Googlebot/2.1; +http://www.google.com/bot.html)"
74.7.241.28 - - [19/Mar/2026:13:57:59 +0000] "GET /buy.php?detail/08501519045126 HTTP/1.1" 200 158054 "https://inception-blue.com/buy.php?detail/08500577356991" "Mozilla/5.0 AppleWebKit/537.36 (KHTML, like Gecko; compatible; GPTBot/1.3; +https://openai.com/gptbot)"
74.7.241.28 - - [19/Mar/2026:13:58:02 +0000] "GET /buy.php?detail/15004667365644 HTTP/1.1" 200 161348 "https://inception-blue.com/buy.php?jp/150046673.html" "Mozilla/5.0 AppleWebKit/537.36 (KHTML, like Gecko; compatible; GPTBot/1.3; +https://openai.com/gptbot)"
74.7.241.28 - - [19/Mar/2026:13:58:05 +0000] "GET /buy.php?detail/21602014398366 HTTP/1.1" 200 152273 "https://inception-blue.com/buy.php?detail/20800291086391" "Mozilla/5.0 AppleWebKit/537.36 (KHTML, like Gecko; compatible; GPTBot/1.3; +https://openai.com/gptbot)"
74.7.241.28 - - [19/Mar/2026:13:58:08 +0000] "GET /buy.php?detail/04101693781768 HTTP/1.1" 200 156204 "https://inception-blue.com/buy.php?detail/20601724123978" "Mozilla/5.0 AppleWebKit/537.36 (KHTML, like Gecko; compatible; GPTBot/1.3; +https://openai.com/gptbot)"
216.73.216.36 - - [19/Mar/2026:13:58:10 +0000] "GET /?n=fms6jl41926ihpqtmes HTTP/1.1" 200 223041 "-" "Mozilla/5.0 AppleWebKit/537.36 (KHTML, like Gecko; compatible; ClaudeBot/1.0; +claudebot@anthropic.com)"
159.223.142.74 - - [19/Mar/2026:13:58:11 +0000] "POST /wp-cron.php?doing_wp_cron=1773928691.7169768810272216796875 HTTP/1.1" 403 185483 "-" "WordPress/6.9.4; https://inception-blue.com"
74.7.241.28 - - [19/Mar/2026:13:58:11 +0000] "GET /buy.php?goods/210001264 HTTP/1.1" 200 153644 "https://inception-blue.com/buy.php?detail/08404564101016" "Mozilla/5.0 AppleWebKit/537.36 (KHTML, like Gecko; compatible; GPTBot/1.3; +https://openai.com/gptbot)"
216.73.216.36 - - [19/Mar/2026:13:58:13 +0000] "GET /product/227047202 HTTP/1.1" 404 185482 "-" "Mozilla/5.0 AppleWebKit/537.36 (KHTML, like Gecko; compatible; ClaudeBot/1.0; +claudebot@anthropic.com)"
74.7.241.28 - - [19/Mar/2026:13:58:15 +0000] "GET /buy.php?detail/29600958957902 HTTP/1.1" 200 157626 "https://inception-blue.com/buy.php?detail/29604734393700" "Mozilla/5.0 AppleWebKit/537.36 (KHTML, like Gecko; compatible; GPTBot/1.3; +https://openai.com/gptbot)"
162.241.216.50 - - [19/Mar/2026:13:58:18 +0000] "GET /wp-login.php HTTP/1.1" 200 84588 "-" "Mozilla/5.0 (Windows NT 6.3; WOW64; Trident/7.0; MATMJS; rv:11.0) like Gecko"
162.241.216.50 - - [19/Mar/2026:13:58:19 +0000] "POST /wp-login.php HTTP/1.1" 200 84837 "https://inception-blue.com/wp-login.php" "Mozilla/5.0 (Windows NT 6.3; WOW64; Trident/7.0; MATMJS; rv:11.0) like Gecko"
74.7.241.28 - - [19/Mar/2026:13:58:18 +0000] "GET /buy.php?detail/23300874883608 HTTP/1.1" 200 155252 "https://inception-blue.com/buy.php?detail/08404564101016" "Mozilla/5.0 AppleWebKit/537.36 (KHTML, like Gecko; compatible; GPTBot/1.3; +https://openai.com/gptbot)"
74.7.241.28 - - [19/Mar/2026:13:58:21 +0000] "GET /buy.php?detail/27804097835697 HTTP/1.1" 200 161507 "https://inception-blue.com/buy.php?jp/150046673.html" "Mozilla/5.0 AppleWebKit/537.36 (KHTML, like Gecko; compatible; GPTBot/1.3; +https://openai.com/gptbot)"
74.7.241.28 - - [19/Mar/2026:13:58:24 +0000] "GET /buy.php?detail/22803561888830 HTTP/1.1" 200 152348 "https://inception-blue.com/buy.php?detail/03902771729422" "Mozilla/5.0 AppleWebKit/537.36 (KHTML, like Gecko; compatible; GPTBot/1.3; +https://openai.com/gptbot)"
74.7.241.28 - - [19/Mar/2026:13:58:28 +0000] "GET /buy.php?detail/08502404491620 HTTP/1.1" 200 154435 "https://inception-blue.com/buy.php?goods/085016379" "Mozilla/5.0 AppleWebKit/537.36 (KHTML, like Gecko; compatible; GPTBot/1.3; +https://openai.com/gptbot)"
74.7.241.28 - - [19/Mar/2026:13:58:31 +0000] "GET /buy.php?detail/15503392680053 HTTP/1.1" 200 159083 "https://inception-blue.com/buy.php?detail/15501670961423" "Mozilla/5.0 AppleWebKit/537.36 (KHTML, like Gecko; compatible; GPTBot/1.3; +https://openai.com/gptbot)"
74.7.241.28 - - [19/Mar/2026:13:58:34 +0000] "GET /buy.php?m51713368888 HTTP/1.1" 200 164686 "https://inception-blue.com/buy.php?detail/03902771729422" "Mozilla/5.0 AppleWebKit/537.36 (KHTML, like Gecko; compatible; GPTBot/1.3; +https://openai.com/gptbot)"
74.7.241.28 - - [19/Mar/2026:13:58:37 +0000] "GET /buy.php?detail/09903181627465 HTTP/1.1" 200 154600 "https://inception-blue.com/buy.php?detail/20800294313546" "Mozilla/5.0 AppleWebKit/537.36 (KHTML, like Gecko; compatible; GPTBot/1.3; +https://openai.com/gptbot)"
