74.7.241.28 - - [19/Mar/2026:14:29:52 +0000] "GET /buy.php?detail/057046733939 HTTP/1.1" 200 154785 "https://inception-blue.com/buy.php?detail/18100747640971" "Mozilla/5.0 AppleWebKit/537.36 (KHTML, like Gecko; compatible; GPTBot/1.3; +https://openai.com/gptbot)"
216.73.216.36 - - [19/Mar/2026:14:29:54 +0000] "GET /289684681 HTTP/1.1" 404 185483 "-" "Mozilla/5.0 AppleWebKit/537.36 (KHTML, like Gecko; compatible; ClaudeBot/1.0; +claudebot@anthropic.com)"
74.7.241.28 - - [19/Mar/2026:14:29:55 +0000] "GET /buy.php?detail/14303520666407 HTTP/1.1" 200 155163 "https://inception-blue.com/buy.php?detail/18100747640971" "Mozilla/5.0 AppleWebKit/537.36 (KHTML, like Gecko; compatible; GPTBot/1.3; +https://openai.com/gptbot)"
74.7.241.28 - - [19/Mar/2026:14:29:58 +0000] "GET /buy.php?detail/13801176102101 HTTP/1.1" 200 162404 "https://inception-blue.com/buy.php?detail/13801749378690" "Mozilla/5.0 AppleWebKit/537.36 (KHTML, like Gecko; compatible; GPTBot/1.3; +https://openai.com/gptbot)"
74.7.241.28 - - [19/Mar/2026:14:30:01 +0000] "GET /buy.php?detail/18104183092127 HTTP/1.1" 200 162365 "https://inception-blue.com/buy.php?detail/18100747640971" "Mozilla/5.0 AppleWebKit/537.36 (KHTML, like Gecko; compatible; GPTBot/1.3; +https://openai.com/gptbot)"
74.7.241.28 - - [19/Mar/2026:14:30:05 +0000] "GET /buy.php?jp/181041830.html HTTP/1.1" 200 162487 "https://inception-blue.com/buy.php?detail/18104183092127" "Mozilla/5.0 AppleWebKit/537.36 (KHTML, like Gecko; compatible; GPTBot/1.3; +https://openai.com/gptbot)"
74.7.241.28 - - [19/Mar/2026:14:30:08 +0000] "GET /buy.php?goods/084048854 HTTP/1.1" 200 157945 "https://inception-blue.com/buy.php?detail/15700755181588" "Mozilla/5.0 AppleWebKit/537.36 (KHTML, like Gecko; compatible; GPTBot/1.3; +https://openai.com/gptbot)"
74.7.241.28 - - [19/Mar/2026:14:30:11 +0000] "GET /buy.php?detail/24801847191701 HTTP/1.1" 200 159441 "https://inception-blue.com/buy.php?detail/24803423903195" "Mozilla/5.0 AppleWebKit/537.36 (KHTML, like Gecko; compatible; GPTBot/1.3; +https://openai.com/gptbot)"
66.249.77.5 - - [19/Mar/2026:14:30:14 +0000] "GET /?goods/133022669 HTTP/1.1" 200 315145 "-" "Mozilla/5.0 (Linux; Android 6.0.1; Nexus 5X Build/MMB29P) AppleWebKit/537.36 (KHTML, like Gecko) Chrome/145.0.7632.159 Mobile Safari/537.36 (compatible; Googlebot/2.1; +http://www.google.com/bot.html)"
74.7.241.28 - - [19/Mar/2026:14:30:14 +0000] "GET /buy.php?detail/24801084786810 HTTP/1.1" 200 155940 "https://inception-blue.com/buy.php?detail/24803357874626" "Mozilla/5.0 AppleWebKit/537.36 (KHTML, like Gecko; compatible; GPTBot/1.3; +https://openai.com/gptbot)"
74.7.241.28 - - [19/Mar/2026:14:30:17 +0000] "GET /buy.php?detail/14500003551469 HTTP/1.1" 200 166615 "https://inception-blue.com/buy.php?detail/14502802472253" "Mozilla/5.0 AppleWebKit/537.36 (KHTML, like Gecko; compatible; GPTBot/1.3; +https://openai.com/gptbot)"
74.7.241.28 - - [19/Mar/2026:14:30:20 +0000] "GET /buy.php?detail/03904798913476 HTTP/1.1" 200 154877 "https://inception-blue.com/buy.php?detail/14502802472253" "Mozilla/5.0 AppleWebKit/537.36 (KHTML, like Gecko; compatible; GPTBot/1.3; +https://openai.com/gptbot)"
74.7.241.28 - - [19/Mar/2026:14:30:23 +0000] "GET /buy.php?detail/11302891998411 HTTP/1.1" 200 153610 "https://inception-blue.com/buy.php?detail/24803357874626" "Mozilla/5.0 AppleWebKit/537.36 (KHTML, like Gecko; compatible; GPTBot/1.3; +https://openai.com/gptbot)"
74.7.241.28 - - [19/Mar/2026:14:30:26 +0000] "GET /buy.php?detail/08104187400174 HTTP/1.1" 200 155542 "https://inception-blue.com/buy.php?detail/27802798611717" "Mozilla/5.0 AppleWebKit/537.36 (KHTML, like Gecko; compatible; GPTBot/1.3; +https://openai.com/gptbot)"
66.249.77.3 - - [19/Mar/2026:14:30:30 +0000] "GET /72628991 HTTP/1.1" 200 310433 "-" "Mozilla/5.0 (Linux; Android 6.0.1; Nexus 5X Build/MMB29P) AppleWebKit/537.36 (KHTML, like Gecko) Chrome/145.0.7632.159 Mobile Safari/537.36 (compatible; Googlebot/2.1; +http://www.google.com/bot.html)"
74.7.241.28 - - [19/Mar/2026:14:30:29 +0000] "GET /buy.php?detail/10200494881431 HTTP/1.1" 200 158141 "https://inception-blue.com/buy.php?detail/10204152548147" "Mozilla/5.0 AppleWebKit/537.36 (KHTML, like Gecko; compatible; GPTBot/1.3; +https://openai.com/gptbot)"
74.7.241.28 - - [19/Mar/2026:14:30:33 +0000] "GET /buy.php?detail/03404945823724 HTTP/1.1" 200 151862 "https://inception-blue.com/buy.php?detail/10204152548147" "Mozilla/5.0 AppleWebKit/537.36 (KHTML, like Gecko; compatible; GPTBot/1.3; +https://openai.com/gptbot)"
74.7.241.28 - - [19/Mar/2026:14:30:36 +0000] "GET /buy.php?111015142.htm HTTP/1.1" 200 156788 "https://inception-blue.com/buy.php?111042894.htm" "Mozilla/5.0 AppleWebKit/537.36 (KHTML, like Gecko; compatible; GPTBot/1.3; +https://openai.com/gptbot)"
74.7.241.28 - - [19/Mar/2026:14:30:39 +0000] "GET /buy.php?detail/11400902078872 HTTP/1.1" 200 152899 "https://inception-blue.com/buy.php?jp/181041830.html" "Mozilla/5.0 AppleWebKit/537.36 (KHTML, like Gecko; compatible; GPTBot/1.3; +https://openai.com/gptbot)"
74.7.241.28 - - [19/Mar/2026:14:30:42 +0000] "GET /buy.php?detail/17000531096924 HTTP/1.1" 200 165612 "https://inception-blue.com/buy.php?goods/084048854" "Mozilla/5.0 AppleWebKit/537.36 (KHTML, like Gecko; compatible; GPTBot/1.3; +https://openai.com/gptbot)"
74.7.241.28 - - [19/Mar/2026:14:30:45 +0000] "GET /buy.php?detail/27703426593705 HTTP/1.1" 200 161520 "https://inception-blue.com/buy.php?goods/084048854" "Mozilla/5.0 AppleWebKit/537.36 (KHTML, like Gecko; compatible; GPTBot/1.3; +https://openai.com/gptbot)"
159.223.142.74 - - [19/Mar/2026:14:30:50 +0000] "POST /wp-cron.php?doing_wp_cron=1773930650.0818989276885986328125 HTTP/1.1" 403 185482 "-" "WordPress/6.9.4; https://inception-blue.com"
216.73.216.36 - - [19/Mar/2026:14:30:49 +0000] "GET /25479928 HTTP/1.1" 404 185482 "-" "Mozilla/5.0 AppleWebKit/537.36 (KHTML, like Gecko; compatible; ClaudeBot/1.0; +claudebot@anthropic.com)"
74.7.241.28 - - [19/Mar/2026:14:30:48 +0000] "GET /buy.php?detail/27403161306447 HTTP/1.1" 200 153842 "https://inception-blue.com/buy.php?jp/181041830.html" "Mozilla/5.0 AppleWebKit/537.36 (KHTML, like Gecko; compatible; GPTBot/1.3; +https://openai.com/gptbot)"
216.73.216.36 - - [19/Mar/2026:14:30:51 +0000] "GET /shop/customer/entry.aspx HTTP/1.1" 404 185483 "-" "Mozilla/5.0 AppleWebKit/537.36 (KHTML, like Gecko; compatible; ClaudeBot/1.0; +claudebot@anthropic.com)"
74.7.241.28 - - [19/Mar/2026:14:30:51 +0000] "GET /buy.php?265000602.htm HTTP/1.1" 200 155208 "https://inception-blue.com/buy.php?shopbrand/ridge/208036074.htm" "Mozilla/5.0 AppleWebKit/537.36 (KHTML, like Gecko; compatible; GPTBot/1.3; +https://openai.com/gptbot)"
216.73.216.36 - - [19/Mar/2026:14:30:54 +0000] "GET /927897927 HTTP/1.1" 404 185482 "-" "Mozilla/5.0 AppleWebKit/537.36 (KHTML, like Gecko; compatible; ClaudeBot/1.0; +claudebot@anthropic.com)"
74.7.241.28 - - [19/Mar/2026:14:30:55 +0000] "GET /buy.php?detail/02504523642033 HTTP/1.1" 200 153289 "https://inception-blue.com/buy.php?detail/03904798913476" "Mozilla/5.0 AppleWebKit/537.36 (KHTML, like Gecko; compatible; GPTBot/1.3; +https://openai.com/gptbot)"
216.73.216.36 - - [19/Mar/2026:14:30:57 +0000] "GET /286864970 HTTP/1.1" 404 185482 "-" "Mozilla/5.0 AppleWebKit/537.36 (KHTML, like Gecko; compatible; ClaudeBot/1.0; +claudebot@anthropic.com)"
74.7.241.28 - - [19/Mar/2026:14:30:58 +0000] "GET /buy.php?m55591374927 HTTP/1.1" 200 143833 "https://inception-blue.com/buy.php?detail/24801084786810" "Mozilla/5.0 AppleWebKit/537.36 (KHTML, like Gecko; compatible; GPTBot/1.3; +https://openai.com/gptbot)"
216.73.216.36 - - [19/Mar/2026:14:31:00 +0000] "GET /498894349 HTTP/1.1" 404 185482 "-" "Mozilla/5.0 AppleWebKit/537.36 (KHTML, like Gecko; compatible; ClaudeBot/1.0; +claudebot@anthropic.com)"
74.7.241.28 - - [19/Mar/2026:14:31:01 +0000] "GET /buy.php?m21116823190 HTTP/1.1" 200 151030 "https://inception-blue.com/buy.php?detail/11302891998411" "Mozilla/5.0 AppleWebKit/537.36 (KHTML, like Gecko; compatible; GPTBot/1.3; +https://openai.com/gptbot)"
216.73.216.36 - - [19/Mar/2026:14:31:03 +0000] "GET /826513511 HTTP/1.1" 404 185482 "-" "Mozilla/5.0 AppleWebKit/537.36 (KHTML, like Gecko; compatible; ClaudeBot/1.0; +claudebot@anthropic.com)"
74.7.241.28 - - [19/Mar/2026:14:31:04 +0000] "GET /buy.php?m35222907283 HTTP/1.1" 200 153282 "https://inception-blue.com/buy.php?detail/11101302812137" "Mozilla/5.0 AppleWebKit/537.36 (KHTML, like Gecko; compatible; GPTBot/1.3; +https://openai.com/gptbot)"
216.73.216.36 - - [19/Mar/2026:14:31:06 +0000] "GET /shop/userreview/write.aspx HTTP/1.1" 404 185483 "-" "Mozilla/5.0 AppleWebKit/537.36 (KHTML, like Gecko; compatible; ClaudeBot/1.0; +claudebot@anthropic.com)"
74.7.241.28 - - [19/Mar/2026:14:31:07 +0000] "GET /buy.php?detail/03400595144694 HTTP/1.1" 200 155292 "https://inception-blue.com/buy.php?detail/03404945823724" "Mozilla/5.0 AppleWebKit/537.36 (KHTML, like Gecko; compatible; GPTBot/1.3; +https://openai.com/gptbot)"
216.73.216.36 - - [19/Mar/2026:14:31:10 +0000] "GET /product/047000596 HTTP/1.1" 404 185483 "-" "Mozilla/5.0 AppleWebKit/537.36 (KHTML, like Gecko; compatible; ClaudeBot/1.0; +claudebot@anthropic.com)"
74.7.241.28 - - [19/Mar/2026:14:31:11 +0000] "GET /buy.php?111021076.htm HTTP/1.1" 200 153869 "https://inception-blue.com/buy.php?111042894.htm" "Mozilla/5.0 AppleWebKit/537.36 (KHTML, like Gecko; compatible; GPTBot/1.3; +https://openai.com/gptbot)"
216.73.216.36 - - [19/Mar/2026:14:31:13 +0000] "GET /product/238043459 HTTP/1.1" 404 185483 "-" "Mozilla/5.0 AppleWebKit/537.36 (KHTML, like Gecko; compatible; ClaudeBot/1.0; +claudebot@anthropic.com)"
74.7.241.28 - - [19/Mar/2026:14:31:14 +0000] "GET /buy.php?111015868.htm HTTP/1.1" 200 152787 "https://inception-blue.com/buy.php?111042894.htm" "Mozilla/5.0 AppleWebKit/537.36 (KHTML, like Gecko; compatible; GPTBot/1.3; +https://openai.com/gptbot)"
74.7.241.28 - - [19/Mar/2026:14:31:17 +0000] "GET /buy.php?111027778.htm HTTP/1.1" 200 162169 "https://inception-blue.com/buy.php?111015142.htm" "Mozilla/5.0 AppleWebKit/537.36 (KHTML, like Gecko; compatible; GPTBot/1.3; +https://openai.com/gptbot)"
66.249.77.4 - - [19/Mar/2026:14:31:20 +0000] "GET /59535557 HTTP/1.1" 200 413310 "-" "Mozilla/5.0 (Linux; Android 6.0.1; Nexus 5X Build/MMB29P) AppleWebKit/537.36 (KHTML, like Gecko) Chrome/145.0.7632.159 Mobile Safari/537.36 (compatible; Googlebot/2.1; +http://www.google.com/bot.html)"
216.73.216.36 - - [19/Mar/2026:14:31:20 +0000] "GET /737245364 HTTP/1.1" 404 185482 "-" "Mozilla/5.0 AppleWebKit/537.36 (KHTML, like Gecko; compatible; ClaudeBot/1.0; +claudebot@anthropic.com)"
74.7.241.28 - - [19/Mar/2026:14:31:20 +0000] "GET /buy.php?detail/27701673822430 HTTP/1.1" 200 156238 "https://inception-blue.com/buy.php?detail/27703426593705" "Mozilla/5.0 AppleWebKit/537.36 (KHTML, like Gecko; compatible; GPTBot/1.3; +https://openai.com/gptbot)"
216.73.216.36 - - [19/Mar/2026:14:31:23 +0000] "GET /632346611 HTTP/1.1" 404 185483 "-" "Mozilla/5.0 AppleWebKit/537.36 (KHTML, like Gecko; compatible; ClaudeBot/1.0; +claudebot@anthropic.com)"
74.7.241.28 - - [19/Mar/2026:14:31:23 +0000] "GET /buy.php?detail/20200674931943 HTTP/1.1" 200 147296 "https://inception-blue.com/buy.php?detail/27403161306447" "Mozilla/5.0 AppleWebKit/537.36 (KHTML, like Gecko; compatible; GPTBot/1.3; +https://openai.com/gptbot)"
216.73.216.36 - - [19/Mar/2026:14:31:26 +0000] "GET /894578351 HTTP/1.1" 404 185483 "-" "Mozilla/5.0 AppleWebKit/537.36 (KHTML, like Gecko; compatible; ClaudeBot/1.0; +claudebot@anthropic.com)"
74.7.241.28 - - [19/Mar/2026:14:31:27 +0000] "GET /buy.php?detail/26903487179074 HTTP/1.1" 200 157290 "https://inception-blue.com/buy.php?detail/27403161306447" "Mozilla/5.0 AppleWebKit/537.36 (KHTML, like Gecko; compatible; GPTBot/1.3; +https://openai.com/gptbot)"
216.73.216.36 - - [19/Mar/2026:14:31:29 +0000] "GET /316352166 HTTP/1.1" 404 185483 "-" "Mozilla/5.0 AppleWebKit/537.36 (KHTML, like Gecko; compatible; ClaudeBot/1.0; +claudebot@anthropic.com)"
74.7.241.28 - - [19/Mar/2026:14:31:30 +0000] "GET /buy.php?detail/0780255505636 HTTP/1.1" 200 159013 "https://inception-blue.com/buy.php?detail/02504523642033" "Mozilla/5.0 AppleWebKit/537.36 (KHTML, like Gecko; compatible; GPTBot/1.3; +https://openai.com/gptbot)"
216.73.216.36 - - [19/Mar/2026:14:31:32 +0000] "GET /614029078 HTTP/1.1" 404 185482 "-" "Mozilla/5.0 AppleWebKit/537.36 (KHTML, like Gecko; compatible; ClaudeBot/1.0; +claudebot@anthropic.com)"
54.184.192.203 - - [19/Mar/2026:14:31:34 +0000] "GET /wp-login.php HTTP/1.1" 200 84587 "-" "Mozilla/5.0 (Macintosh; Intel Mac OS X 10_10_5) AppleWebKit/537.36 (KHTML, like Gecko) Chrome/65.0.3325.162 Safari/537.36"
74.7.241.28 - - [19/Mar/2026:14:31:33 +0000] "GET /buy.php?002000433.htm HTTP/1.1" 200 141616 "https://inception-blue.com/buy.php?m55591374927" "Mozilla/5.0 AppleWebKit/537.36 (KHTML, like Gecko; compatible; GPTBot/1.3; +https://openai.com/gptbot)"
216.73.216.36 - - [19/Mar/2026:14:31:35 +0000] "GET /846398257 HTTP/1.1" 404 185482 "-" "Mozilla/5.0 AppleWebKit/537.36 (KHTML, like Gecko; compatible; ClaudeBot/1.0; +claudebot@anthropic.com)"
54.184.192.203 - - [19/Mar/2026:14:31:35 +0000] "POST /wp-login.php HTTP/1.1" 200 84836 "https://inception-blue.com/wp-login.php" "Mozilla/5.0 (Macintosh; Intel Mac OS X 10_10_5) AppleWebKit/537.36 (KHTML, like Gecko) Chrome/65.0.3325.162 Safari/537.36"
74.7.241.28 - - [19/Mar/2026:14:31:36 +0000] "GET /buy.php?m56662903125 HTTP/1.1" 200 153256 "https://inception-blue.com/buy.php?detail/27403161306447" "Mozilla/5.0 AppleWebKit/537.36 (KHTML, like Gecko; compatible; GPTBot/1.3; +https://openai.com/gptbot)"
216.73.216.36 - - [19/Mar/2026:14:31:38 +0000] "GET /291907746 HTTP/1.1" 404 185482 "-" "Mozilla/5.0 AppleWebKit/537.36 (KHTML, like Gecko; compatible; ClaudeBot/1.0; +claudebot@anthropic.com)"
74.7.241.28 - - [19/Mar/2026:14:31:39 +0000] "GET /buy.php?detail/19700136223679 HTTP/1.1" 200 155381 "https://inception-blue.com/buy.php?m35222907283" "Mozilla/5.0 AppleWebKit/537.36 (KHTML, like Gecko; compatible; GPTBot/1.3; +https://openai.com/gptbot)"
74.7.241.28 - - [19/Mar/2026:14:31:42 +0000] "GET /buy.php?detail/21801173880123 HTTP/1.1" 200 158871 "https://inception-blue.com/buy.php?detail/03400595144694" "Mozilla/5.0 AppleWebKit/537.36 (KHTML, like Gecko; compatible; GPTBot/1.3; +https://openai.com/gptbot)"
216.73.216.36 - - [19/Mar/2026:14:31:44 +0000] "GET /shop/pg/1SiteUse HTTP/1.1" 404 185483 "-" "Mozilla/5.0 AppleWebKit/537.36 (KHTML, like Gecko; compatible; ClaudeBot/1.0; +claudebot@anthropic.com)"
74.7.241.28 - - [19/Mar/2026:14:31:45 +0000] "GET /buy.php?111013028.htm HTTP/1.1" 200 155213 "https://inception-blue.com/buy.php?111021076.htm" "Mozilla/5.0 AppleWebKit/537.36 (KHTML, like Gecko; compatible; GPTBot/1.3; +https://openai.com/gptbot)"
216.73.216.36 - - [19/Mar/2026:14:31:47 +0000] "GET /shop/order/make_estimate.aspx HTTP/1.1" 404 185483 "-" "Mozilla/5.0 AppleWebKit/537.36 (KHTML, like Gecko; compatible; ClaudeBot/1.0; +claudebot@anthropic.com)"
74.7.241.28 - - [19/Mar/2026:14:31:48 +0000] "GET /buy.php?111025828.htm HTTP/1.1" 200 155059 "https://inception-blue.com/buy.php?111015142.htm" "Mozilla/5.0 AppleWebKit/537.36 (KHTML, like Gecko; compatible; GPTBot/1.3; +https://openai.com/gptbot)"
159.223.142.74 - - [19/Mar/2026:14:31:51 +0000] "POST /wp-cron.php?doing_wp_cron=1773930711.6445660591125488281250 HTTP/1.1" 404 185482 "-" "WordPress/6.9.4; https://inception-blue.com"
216.73.216.36 - - [19/Mar/2026:14:31:50 +0000] "GET /715461155 HTTP/1.1" 404 185482 "-" "Mozilla/5.0 AppleWebKit/537.36 (KHTML, like Gecko; compatible; ClaudeBot/1.0; +claudebot@anthropic.com)"
74.7.241.28 - - [19/Mar/2026:14:31:52 +0000] "GET /buy.php?111021862.htm HTTP/1.1" 200 154108 "https://inception-blue.com/buy.php?111015142.htm" "Mozilla/5.0 AppleWebKit/537.36 (KHTML, like Gecko; compatible; GPTBot/1.3; +https://openai.com/gptbot)"
216.73.216.36 - - [19/Mar/2026:14:31:53 +0000] "GET /179763507 HTTP/1.1" 404 185482 "-" "Mozilla/5.0 AppleWebKit/537.36 (KHTML, like Gecko; compatible; ClaudeBot/1.0; +claudebot@anthropic.com)"
74.7.241.28 - - [19/Mar/2026:14:31:55 +0000] "GET /buy.php?detail/11001470525177 HTTP/1.1" 200 145747 "https://inception-blue.com/buy.php?detail/27701673822430" "Mozilla/5.0 AppleWebKit/537.36 (KHTML, like Gecko; compatible; GPTBot/1.3; +https://openai.com/gptbot)"
216.73.216.36 - - [19/Mar/2026:14:31:56 +0000] "GET /125251915 HTTP/1.1" 404 185482 "-" "Mozilla/5.0 AppleWebKit/537.36 (KHTML, like Gecko; compatible; ClaudeBot/1.0; +claudebot@anthropic.com)"
74.7.241.28 - - [19/Mar/2026:14:31:58 +0000] "GET /buy.php?006000039.htm HTTP/1.1" 200 155796 "https://inception-blue.com/buy.php?m36325550713" "Mozilla/5.0 AppleWebKit/537.36 (KHTML, like Gecko; compatible; GPTBot/1.3; +https://openai.com/gptbot)"
216.73.216.36 - - [19/Mar/2026:14:31:59 +0000] "GET /419270088 HTTP/1.1" 404 185483 "-" "Mozilla/5.0 AppleWebKit/537.36 (KHTML, like Gecko; compatible; ClaudeBot/1.0; +claudebot@anthropic.com)"
216.73.216.36 - - [19/Mar/2026:14:32:02 +0000] "GET /135077047 HTTP/1.1" 404 185483 "-" "Mozilla/5.0 AppleWebKit/537.36 (KHTML, like Gecko; compatible; ClaudeBot/1.0; +claudebot@anthropic.com)"
74.7.241.28 - - [19/Mar/2026:14:32:01 +0000] "GET /buy.php?detail/26901265182134 HTTP/1.1" 200 156773 "https://inception-blue.com/buy.php?detail/26903487179074" "Mozilla/5.0 AppleWebKit/537.36 (KHTML, like Gecko; compatible; GPTBot/1.3; +https://openai.com/gptbot)"
74.7.241.28 - - [19/Mar/2026:14:32:04 +0000] "GET /buy.php?detail/07800067473909 HTTP/1.1" 200 152762 "https://inception-blue.com/buy.php?detail/0780255505636" "Mozilla/5.0 AppleWebKit/537.36 (KHTML, like Gecko; compatible; GPTBot/1.3; +https://openai.com/gptbot)"
74.7.241.28 - - [19/Mar/2026:14:32:07 +0000] "GET /buy.php?detail/12703252307858 HTTP/1.1" 200 160272 "https://inception-blue.com/buy.php?detail/0780255505636" "Mozilla/5.0 AppleWebKit/537.36 (KHTML, like Gecko; compatible; GPTBot/1.3; +https://openai.com/gptbot)"
74.7.241.28 - - [19/Mar/2026:14:32:11 +0000] "GET /buy.php?m99953017310 HTTP/1.1" 200 153428 "https://inception-blue.com/buy.php?detail/26903487179074" "Mozilla/5.0 AppleWebKit/537.36 (KHTML, like Gecko; compatible; GPTBot/1.3; +https://openai.com/gptbot)"
66.249.77.5 - - [19/Mar/2026:14:32:11 +0000] "GET /483977457 HTTP/1.1" 200 322957 "-" "Mozilla/5.0 (Linux; Android 6.0.1; Nexus 5X Build/MMB29P) AppleWebKit/537.36 (KHTML, like Gecko) Chrome/145.0.7632.159 Mobile Safari/537.36 (compatible; Googlebot/2.1; +http://www.google.com/bot.html)"
74.7.241.28 - - [19/Mar/2026:14:32:14 +0000] "GET /buy.php?detail/17103889365211 HTTP/1.1" 200 152732 "https://inception-blue.com/buy.php?detail/19700136223679" "Mozilla/5.0 AppleWebKit/537.36 (KHTML, like Gecko; compatible; GPTBot/1.3; +https://openai.com/gptbot)"
74.7.241.28 - - [19/Mar/2026:14:32:17 +0000] "GET /buy.php?detail/21803024951349 HTTP/1.1" 200 155957 "https://inception-blue.com/buy.php?detail/21801173880123" "Mozilla/5.0 AppleWebKit/537.36 (KHTML, like Gecko; compatible; GPTBot/1.3; +https://openai.com/gptbot)"
74.7.241.28 - - [19/Mar/2026:14:32:20 +0000] "GET /buy.php?detail/25303300223750 HTTP/1.1" 200 159202 "https://inception-blue.com/buy.php?detail/21801173880123" "Mozilla/5.0 AppleWebKit/537.36 (KHTML, like Gecko; compatible; GPTBot/1.3; +https://openai.com/gptbot)"
74.7.241.28 - - [19/Mar/2026:14:32:23 +0000] "GET /buy.php?detail/11102401183948 HTTP/1.1" 200 153673 "https://inception-blue.com/buy.php?111025828.htm" "Mozilla/5.0 AppleWebKit/537.36 (KHTML, like Gecko; compatible; GPTBot/1.3; +https://openai.com/gptbot)"
74.7.241.28 - - [19/Mar/2026:14:32:26 +0000] "GET /buy.php?detail/05901441085584 HTTP/1.1" 200 153558 "https://inception-blue.com/buy.php?111013028.htm" "Mozilla/5.0 AppleWebKit/537.36 (KHTML, like Gecko; compatible; GPTBot/1.3; +https://openai.com/gptbot)"
216.73.216.36 - - [19/Mar/2026:14:32:30 +0000] "GET /730025165?dir=%2Fhome%2Finceptionblue%2Fpublic_html&read=%2Fhome%2Finceptionblue%2Fpublic_html%2Fwp-activate.php HTTP/1.1" 404 128247 "-" "Mozilla/5.0 AppleWebKit/537.36 (KHTML, like Gecko; compatible; ClaudeBot/1.0; +claudebot@anthropic.com)"
74.7.241.28 - - [19/Mar/2026:14:32:29 +0000] "GET /buy.php?detail/24902254064953 HTTP/1.1" 200 153822 "https://inception-blue.com/buy.php?detail/11001470525177" "Mozilla/5.0 AppleWebKit/537.36 (KHTML, like Gecko; compatible; GPTBot/1.3; +https://openai.com/gptbot)"
216.73.216.36 - - [19/Mar/2026:14:32:32 +0000] "GET /730025165?dir=%2Fhome%2Finceptionblue%2Fpublic_html&read=%2Fhome%2Finceptionblue%2Fpublic_html%2Fwp-load.php HTTP/1.1" 404 124275 "-" "Mozilla/5.0 AppleWebKit/537.36 (KHTML, like Gecko; compatible; ClaudeBot/1.0; +claudebot@anthropic.com)"
74.7.241.28 - - [19/Mar/2026:14:32:32 +0000] "GET /buy.php?detail/21703170759039 HTTP/1.1" 200 156214 "https://inception-blue.com/buy.php?detail/11001470525177" "Mozilla/5.0 AppleWebKit/537.36 (KHTML, like Gecko; compatible; GPTBot/1.3; +https://openai.com/gptbot)"
216.73.216.36 - - [19/Mar/2026:14:32:35 +0000] "GET /730025165?dir=%2Fhome%2Finceptionblue%2Fpublic_html&read=%2Fhome%2Finceptionblue%2Fpublic_html%2Fwp-config-sample.php HTTP/1.1" 404 123286 "-" "Mozilla/5.0 AppleWebKit/537.36 (KHTML, like Gecko; compatible; ClaudeBot/1.0; +claudebot@anthropic.com)"
74.7.241.28 - - [19/Mar/2026:14:32:36 +0000] "GET /buy.php?detail/06500902247369 HTTP/1.1" 200 154572 "https://inception-blue.com/buy.php?detail/19700136223679" "Mozilla/5.0 AppleWebKit/537.36 (KHTML, like Gecko; compatible; GPTBot/1.3; +https://openai.com/gptbot)"
216.73.216.36 - - [19/Mar/2026:14:32:38 +0000] "GET /730025165?dir=%2Fhome%2Finceptionblue%2Fpublic_html&read=%2Fhome%2Finceptionblue%2Fpublic_html%2Fxmlrpc.php HTTP/1.1" 404 123462 "-" "Mozilla/5.0 AppleWebKit/537.36 (KHTML, like Gecko; compatible; ClaudeBot/1.0; +claudebot@anthropic.com)"
74.7.241.28 - - [19/Mar/2026:14:32:39 +0000] "GET /buy.php?111008832.htm HTTP/1.1" 200 154224 "https://inception-blue.com/buy.php?111013028.htm" "Mozilla/5.0 AppleWebKit/537.36 (KHTML, like Gecko; compatible; GPTBot/1.3; +https://openai.com/gptbot)"
216.73.216.36 - - [19/Mar/2026:14:32:41 +0000] "GET /730025165?dir=%2Fhome%2Finceptionblue%2Fpublic_html&read=%2Fhome%2Finceptionblue%2Fpublic_html%2Fwp-comments-post.php HTTP/1.1" 404 122318 "-" "Mozilla/5.0 AppleWebKit/537.36 (KHTML, like Gecko; compatible; ClaudeBot/1.0; +claudebot@anthropic.com)"
74.7.241.28 - - [19/Mar/2026:14:32:42 +0000] "GET /buy.php?089000030.htm HTTP/1.1" 200 153076 "https://inception-blue.com/buy.php?m21116823190" "Mozilla/5.0 AppleWebKit/537.36 (KHTML, like Gecko; compatible; GPTBot/1.3; +https://openai.com/gptbot)"
216.73.216.36 - - [19/Mar/2026:14:32:44 +0000] "GET /730025165?dir=%2Fhome%2Finceptionblue%2Fpublic_html%2F.tmb HTTP/1.1" 404 133774 "-" "Mozilla/5.0 AppleWebKit/537.36 (KHTML, like Gecko; compatible; ClaudeBot/1.0; +claudebot@anthropic.com)"
74.7.241.28 - - [19/Mar/2026:14:32:45 +0000] "GET /buy.php?detail/14500873533401 HTTP/1.1" 200 143671 "https://inception-blue.com/buy.php?m99953017310" "Mozilla/5.0 AppleWebKit/537.36 (KHTML, like Gecko; compatible; GPTBot/1.3; +https://openai.com/gptbot)"
216.73.216.36 - - [19/Mar/2026:14:32:47 +0000] "GET /730025165?dir=%2Fhome%2Finceptionblue%2Fpublic_html%2Fa7b14 HTTP/1.1" 404 126356 "-" "Mozilla/5.0 AppleWebKit/537.36 (KHTML, like Gecko; compatible; ClaudeBot/1.0; +claudebot@anthropic.com)"
74.7.241.28 - - [19/Mar/2026:14:32:48 +0000] "GET /buy.php?detail/29601232328691 HTTP/1.1" 200 158703 "https://inception-blue.com/buy.php?detail/17103889365211" "Mozilla/5.0 AppleWebKit/537.36 (KHTML, like Gecko; compatible; GPTBot/1.3; +https://openai.com/gptbot)"
216.73.216.36 - - [19/Mar/2026:14:32:51 +0000] "GET /730025165?dir=%2F HTTP/1.1" 404 185483 "-" "Mozilla/5.0 AppleWebKit/537.36 (KHTML, like Gecko; compatible; ClaudeBot/1.0; +claudebot@anthropic.com)"
159.223.142.74 - - [19/Mar/2026:14:32:52 +0000] "POST /wp-cron.php?doing_wp_cron=1773930772.7235438823699951171875 HTTP/1.1" 403 185483 "-" "WordPress/6.9.4; https://inception-blue.com"
74.7.241.28 - - [19/Mar/2026:14:32:51 +0000] "GET /buy.php?detail/25704664256851 HTTP/1.1" 200 162229 "https://inception-blue.com/buy.php?detail/21803024951349" "Mozilla/5.0 AppleWebKit/537.36 (KHTML, like Gecko; compatible; GPTBot/1.3; +https://openai.com/gptbot)"
216.73.216.36 - - [19/Mar/2026:14:32:54 +0000] "GET /shop/customer/bookmark_guest.aspx HTTP/1.1" 404 185482 "-" "Mozilla/5.0 AppleWebKit/537.36 (KHTML, like Gecko; compatible; ClaudeBot/1.0; +claudebot@anthropic.com)"
74.7.241.28 - - [19/Mar/2026:14:32:55 +0000] "GET /buy.php?detail/10404345472466 HTTP/1.1" 200 152625 "https://inception-blue.com/buy.php?detail/25303300223750" "Mozilla/5.0 AppleWebKit/537.36 (KHTML, like Gecko; compatible; GPTBot/1.3; +https://openai.com/gptbot)"
216.73.216.36 - - [19/Mar/2026:14:32:57 +0000] "GET /shop/cart/cart.aspx HTTP/1.1" 404 185482 "-" "Mozilla/5.0 AppleWebKit/537.36 (KHTML, like Gecko; compatible; ClaudeBot/1.0; +claudebot@anthropic.com)"
74.7.241.28 - - [19/Mar/2026:14:32:58 +0000] "GET /buy.php?detail/07502402135535 HTTP/1.1" 200 143183 "https://inception-blue.com/buy.php?detail/25303300223750" "Mozilla/5.0 AppleWebKit/537.36 (KHTML, like Gecko; compatible; GPTBot/1.3; +https://openai.com/gptbot)"
66.249.77.5 - - [19/Mar/2026:14:33:00 +0000] "GET /498894349 HTTP/1.1" 200 300909 "-" "Mozilla/5.0 (Linux; Android 6.0.1; Nexus 5X Build/MMB29P) AppleWebKit/537.36 (KHTML, like Gecko) Chrome/145.0.7632.159 Mobile Safari/537.36 (compatible; Googlebot/2.1; +http://www.google.com/bot.html)"
216.73.216.36 - - [19/Mar/2026:14:33:00 +0000] "GET /product/047000614 HTTP/1.1" 404 185482 "-" "Mozilla/5.0 AppleWebKit/537.36 (KHTML, like Gecko; compatible; ClaudeBot/1.0; +claudebot@anthropic.com)"
74.7.241.28 - - [19/Mar/2026:14:33:01 +0000] "GET /buy.php?detail/21804702434354 HTTP/1.1" 200 159439 "https://inception-blue.com/buy.php?detail/21803024951349" "Mozilla/5.0 AppleWebKit/537.36 (KHTML, like Gecko; compatible; GPTBot/1.3; +https://openai.com/gptbot)"
216.73.216.36 - - [19/Mar/2026:14:33:03 +0000] "GET /product/110037769 HTTP/1.1" 404 185482 "-" "Mozilla/5.0 AppleWebKit/537.36 (KHTML, like Gecko; compatible; ClaudeBot/1.0; +claudebot@anthropic.com)"
74.7.241.28 - - [19/Mar/2026:14:33:04 +0000] "GET /buy.php?detail/03904154544548 HTTP/1.1" 200 163378 "https://inception-blue.com/buy.php?detail/24902254064953" "Mozilla/5.0 AppleWebKit/537.36 (KHTML, like Gecko; compatible; GPTBot/1.3; +https://openai.com/gptbot)"
216.73.216.36 - - [19/Mar/2026:14:33:08 +0000] "GET /shop/pg/1recruit HTTP/1.1" 404 185482 "-" "Mozilla/5.0 AppleWebKit/537.36 (KHTML, like Gecko; compatible; ClaudeBot/1.0; +claudebot@anthropic.com)"
74.7.241.28 - - [19/Mar/2026:14:33:07 +0000] "GET /buy.php?detail/2170015739856 HTTP/1.1" 200 160891 "https://inception-blue.com/buy.php?detail/21703170759039" "Mozilla/5.0 AppleWebKit/537.36 (KHTML, like Gecko; compatible; GPTBot/1.3; +https://openai.com/gptbot)"
216.73.216.36 - - [19/Mar/2026:14:33:09 +0000] "GET /shop/pg/1howto HTTP/1.1" 200 185482 "-" "Mozilla/5.0 AppleWebKit/537.36 (KHTML, like Gecko; compatible; ClaudeBot/1.0; +claudebot@anthropic.com)"
74.7.241.28 - - [19/Mar/2026:14:33:10 +0000] "GET /buy.php?detail/21804700886696 HTTP/1.1" 200 158690 "https://inception-blue.com/buy.php?detail/21803024951349" "Mozilla/5.0 AppleWebKit/537.36 (KHTML, like Gecko; compatible; GPTBot/1.3; +https://openai.com/gptbot)"
216.73.216.36 - - [19/Mar/2026:14:33:13 +0000] "GET /730025165?dir=%2Fhome%2Finceptionblue%2Fpublic_html&read=%2Fhome%2Finceptionblue%2Fpublic_html%2Fclick.php HTTP/1.1" 404 122260 "-" "Mozilla/5.0 AppleWebKit/537.36 (KHTML, like Gecko; compatible; ClaudeBot/1.0; +claudebot@anthropic.com)"
74.7.241.28 - - [19/Mar/2026:14:33:13 +0000] "GET /buy.php?019000124.htm HTTP/1.1" 200 152839 "https://inception-blue.com/buy.php?m99953017310" "Mozilla/5.0 AppleWebKit/537.36 (KHTML, like Gecko; compatible; GPTBot/1.3; +https://openai.com/gptbot)"
216.73.216.36 - - [19/Mar/2026:14:33:16 +0000] "GET /730025165?dir=%2Fhome%2Finceptionblue%2Fpublic_html&read=%2Fhome%2Finceptionblue%2Fpublic_html%2Fd9.php HTTP/1.1" 404 119896 "-" "Mozilla/5.0 AppleWebKit/537.36 (KHTML, like Gecko; compatible; ClaudeBot/1.0; +claudebot@anthropic.com)"
74.7.241.28 - - [19/Mar/2026:14:33:16 +0000] "GET /buy.php?detail/12402557958368 HTTP/1.1" 200 154566 "https://inception-blue.com/buy.php?detail/12400405861770" "Mozilla/5.0 AppleWebKit/537.36 (KHTML, like Gecko; compatible; GPTBot/1.3; +https://openai.com/gptbot)"
216.73.216.36 - - [19/Mar/2026:14:33:19 +0000] "GET /730025165?dir=%2Fhome%2Finceptionblue%2Fpublic_html&read=%2Fhome%2Finceptionblue%2Fpublic_html%2Fadminer_4.8.1.php HTTP/1.1" 404 119918 "-" "Mozilla/5.0 AppleWebKit/537.36 (KHTML, like Gecko; compatible; ClaudeBot/1.0; +claudebot@anthropic.com)"
74.7.241.28 - - [19/Mar/2026:14:33:20 +0000] "GET /buy.php?detail/16204752961364 HTTP/1.1" 200 160980 "https://inception-blue.com/buy.php?detail/28002534470550" "Mozilla/5.0 AppleWebKit/537.36 (KHTML, like Gecko; compatible; GPTBot/1.3; +https://openai.com/gptbot)"
216.73.216.36 - - [19/Mar/2026:14:33:22 +0000] "GET /730025165?dir=%2Fhome%2Finceptionblue%2Fpublic_html&read=%2Fhome%2Finceptionblue%2Fpublic_html%2Frum.php HTTP/1.1" 404 124272 "-" "Mozilla/5.0 AppleWebKit/537.36 (KHTML, like Gecko; compatible; ClaudeBot/1.0; +claudebot@anthropic.com)"
74.7.241.28 - - [19/Mar/2026:14:33:23 +0000] "GET /buy.php?detail/19903962353594 HTTP/1.1" 200 154957 "https://inception-blue.com/buy.php?detail/29601232328691" "Mozilla/5.0 AppleWebKit/537.36 (KHTML, like Gecko; compatible; GPTBot/1.3; +https://openai.com/gptbot)"
216.73.216.36 - - [19/Mar/2026:14:33:25 +0000] "GET /730025165?dir=%2Fhome%2Finceptionblue%2Fpublic_html&read=%2Fhome%2Finceptionblue%2Fpublic_html%2Fwp-trackback.php HTTP/1.1" 404 125421 "-" "Mozilla/5.0 AppleWebKit/537.36 (KHTML, like Gecko; compatible; ClaudeBot/1.0; +claudebot@anthropic.com)"
74.7.241.28 - - [19/Mar/2026:14:33:26 +0000] "GET /buy.php?detail/13803859979128 HTTP/1.1" 200 157876 "https://inception-blue.com/buy.php?detail/25704664256851" "Mozilla/5.0 AppleWebKit/537.36 (KHTML, like Gecko; compatible; GPTBot/1.3; +https://openai.com/gptbot)"
216.73.216.36 - - [19/Mar/2026:14:33:28 +0000] "GET /730025165?dir=%2Fhome%2Finceptionblue%2Fpublic_html&read=%2Fhome%2Finceptionblue%2Fpublic_html%2Fwp-settings.php HTTP/1.1" 404 151043 "-" "Mozilla/5.0 AppleWebKit/537.36 (KHTML, like Gecko; compatible; ClaudeBot/1.0; +claudebot@anthropic.com)"
74.7.241.28 - - [19/Mar/2026:14:33:29 +0000] "GET /buy.php?m19935698909 HTTP/1.1" 200 153716 "https://inception-blue.com/buy.php?detail/10404345472466" "Mozilla/5.0 AppleWebKit/537.36 (KHTML, like Gecko; compatible; GPTBot/1.3; +https://openai.com/gptbot)"
216.73.216.36 - - [19/Mar/2026:14:33:31 +0000] "GET /730025165?dir=%2Fhome%2Finceptionblue%2Fpublic_html&read=%2Fhome%2Finceptionblue%2Fpublic_html%2Fsff.php HTTP/1.1" 404 119898 "-" "Mozilla/5.0 AppleWebKit/537.36 (KHTML, like Gecko; compatible; ClaudeBot/1.0; +claudebot@anthropic.com)"
74.7.241.28 - - [19/Mar/2026:14:33:32 +0000] "GET /buy.php?detail/16801938595291 HTTP/1.1" 200 161970 "https://inception-blue.com/buy.php?detail/07502402135535" "Mozilla/5.0 AppleWebKit/537.36 (KHTML, like Gecko; compatible; GPTBot/1.3; +https://openai.com/gptbot)"
74.7.241.28 - - [19/Mar/2026:14:33:35 +0000] "GET /buy.php?detail/23803731714345 HTTP/1.1" 200 155402 "https://inception-blue.com/buy.php?detail/10404345472466" "Mozilla/5.0 AppleWebKit/537.36 (KHTML, like Gecko; compatible; GPTBot/1.3; +https://openai.com/gptbot)"
66.116.226.103 - - [19/Mar/2026:14:33:39 +0000] "GET /wp-login.php HTTP/1.1" 200 84588 "-" "Mozilla/4.0 (compatible; MSIE 7.0; Windows NT 10.0; WOW64; Trident/7.0; .NET4.0C; .NET4.0E; .NET CLR 2.0.50727; .NET CLR 3.0.30729; .NET CLR 3.5.30729; McAfee)"
74.7.241.28 - - [19/Mar/2026:14:33:38 +0000] "GET /buy.php?detail/06303279218058 HTTP/1.1" 200 152846 "https://inception-blue.com/buy.php?detail/12400405861770" "Mozilla/5.0 AppleWebKit/537.36 (KHTML, like Gecko; compatible; GPTBot/1.3; +https://openai.com/gptbot)"
66.116.226.103 - - [19/Mar/2026:14:33:40 +0000] "POST /wp-login.php HTTP/1.1" 200 84837 "https://inception-blue.com/wp-login.php" "Mozilla/4.0 (compatible; MSIE 7.0; Windows NT 10.0; WOW64; Trident/7.0; .NET4.0C; .NET4.0E; .NET CLR 2.0.50727; .NET CLR 3.0.30729; .NET CLR 3.5.30729; McAfee)"
74.7.241.28 - - [19/Mar/2026:14:33:41 +0000] "GET /buy.php?detail/06003136092262 HTTP/1.1" 200 142795 "https://inception-blue.com/buy.php?detail/2170015739856" "Mozilla/5.0 AppleWebKit/537.36 (KHTML, like Gecko; compatible; GPTBot/1.3; +https://openai.com/gptbot)"
216.73.216.36 - - [19/Mar/2026:14:33:44 +0000] "GET /730025165?dir=%2Fhome%2Finceptionblue%2Fpublic_html%2Fwp-content HTTP/1.1" 404 139745 "-" "Mozilla/5.0 AppleWebKit/537.36 (KHTML, like Gecko; compatible; ClaudeBot/1.0; +claudebot@anthropic.com)"
74.7.241.28 - - [19/Mar/2026:14:33:44 +0000] "GET /buy.php?detail/21803589318485 HTTP/1.1" 200 158463 "https://inception-blue.com/buy.php?detail/21804700886696" "Mozilla/5.0 AppleWebKit/537.36 (KHTML, like Gecko; compatible; GPTBot/1.3; +https://openai.com/gptbot)"
216.73.216.36 - - [19/Mar/2026:14:33:47 +0000] "GET /730025165?dir=%2Fhome%2Finceptionblue%2Fpublic_html HTTP/1.1" 404 185482 "-" "Mozilla/5.0 AppleWebKit/537.36 (KHTML, like Gecko; compatible; ClaudeBot/1.0; +claudebot@anthropic.com)"
74.7.241.28 - - [19/Mar/2026:14:33:48 +0000] "GET /buy.php?shopbrand/convince/203030767.htm HTTP/1.1" 200 155102 "https://inception-blue.com/buy.php?019000124.htm" "Mozilla/5.0 AppleWebKit/537.36 (KHTML, like Gecko; compatible; GPTBot/1.3; +https://openai.com/gptbot)"
66.249.77.3 - - [19/Mar/2026:14:33:50 +0000] "GET /715461155 HTTP/1.1" 200 398690 "-" "Mozilla/5.0 (Linux; Android 6.0.1; Nexus 5X Build/MMB29P) AppleWebKit/537.36 (KHTML, like Gecko) Chrome/145.0.7632.159 Mobile Safari/537.36 (compatible; Googlebot/2.1; +http://www.google.com/bot.html)"
216.73.216.36 - - [19/Mar/2026:14:33:50 +0000] "GET /730025165?dir=%2Fhome%2Finceptionblue HTTP/1.1" 404 157931 "-" "Mozilla/5.0 AppleWebKit/537.36 (KHTML, like Gecko; compatible; ClaudeBot/1.0; +claudebot@anthropic.com)"
74.7.241.28 - - [19/Mar/2026:14:33:51 +0000] "GET /buy.php?detail/21701074763427 HTTP/1.1" 200 156972 "https://inception-blue.com/buy.php?detail/2170015739856" "Mozilla/5.0 AppleWebKit/537.36 (KHTML, like Gecko; compatible; GPTBot/1.3; +https://openai.com/gptbot)"
159.223.142.74 - - [19/Mar/2026:14:33:54 +0000] "POST /wp-cron.php?doing_wp_cron=1773930834.3584458827972412109375 HTTP/1.1" 404 185482 "-" "WordPress/6.9.4; https://inception-blue.com"
216.73.216.36 - - [19/Mar/2026:14:33:53 +0000] "GET /730025165?dir=%2Fhome%2Finceptionblue%2Fpublic_html%2Fwp-includes HTTP/1.1" 404 578099 "-" "Mozilla/5.0 AppleWebKit/537.36 (KHTML, like Gecko; compatible; ClaudeBot/1.0; +claudebot@anthropic.com)"
74.7.241.28 - - [19/Mar/2026:14:33:54 +0000] "GET /buy.php?detail/16200771731702 HTTP/1.1" 200 165689 "https://inception-blue.com/buy.php?detail/16204752961364" "Mozilla/5.0 AppleWebKit/537.36 (KHTML, like Gecko; compatible; GPTBot/1.3; +https://openai.com/gptbot)"
216.73.216.36 - - [19/Mar/2026:14:33:56 +0000] "GET /730025165?dir=%2Fhome%2Finceptionblue%2Fpublic_html%2Fwp-admin HTTP/1.1" 404 287498 "-" "Mozilla/5.0 AppleWebKit/537.36 (KHTML, like Gecko; compatible; ClaudeBot/1.0; +claudebot@anthropic.com)"
74.7.241.28 - - [19/Mar/2026:14:33:57 +0000] "GET /buy.php?detail/16200778083310 HTTP/1.1" 200 158800 "https://inception-blue.com/buy.php?detail/16204752961364" "Mozilla/5.0 AppleWebKit/537.36 (KHTML, like Gecko; compatible; GPTBot/1.3; +https://openai.com/gptbot)"
216.73.216.36 - - [19/Mar/2026:14:33:59 +0000] "GET /730025165?dir=%2Fhome%2Finceptionblue%2Fpublic_html%2Fcgi-bin HTTP/1.1" 404 136869 "-" "Mozilla/5.0 AppleWebKit/537.36 (KHTML, like Gecko; compatible; ClaudeBot/1.0; +claudebot@anthropic.com)"
74.7.241.28 - - [19/Mar/2026:14:34:00 +0000] "GET /buy.php?m55044911126 HTTP/1.1" 200 144231 "https://inception-blue.com/buy.php?detail/2170015739856" "Mozilla/5.0 AppleWebKit/537.36 (KHTML, like Gecko; compatible; GPTBot/1.3; +https://openai.com/gptbot)"
216.73.216.36 - - [19/Mar/2026:14:34:02 +0000] "GET /730025165?dir=%2Fhome HTTP/1.1" 404 192317 "-" "Mozilla/5.0 AppleWebKit/537.36 (KHTML, like Gecko; compatible; ClaudeBot/1.0; +claudebot@anthropic.com)"
74.7.241.28 - - [19/Mar/2026:14:34:03 +0000] "GET /buy.php?detail/05803689725329 HTTP/1.1" 200 153503 "https://inception-blue.com/buy.php?m19935698909" "Mozilla/5.0 AppleWebKit/537.36 (KHTML, like Gecko; compatible; GPTBot/1.3; +https://openai.com/gptbot)"
74.7.241.28 - - [19/Mar/2026:14:34:06 +0000] "GET /buy.php?detail/16803241254643 HTTP/1.1" 200 158374 "https://inception-blue.com/buy.php?detail/16801938595291" "Mozilla/5.0 AppleWebKit/537.36 (KHTML, like Gecko; compatible; GPTBot/1.3; +https://openai.com/gptbot)"
74.7.241.28 - - [19/Mar/2026:14:34:10 +0000] "GET /buy.php?detail/12400393924811 HTTP/1.1" 200 164277 "https://inception-blue.com/buy.php?detail/23803731714345" "Mozilla/5.0 AppleWebKit/537.36 (KHTML, like Gecko; compatible; GPTBot/1.3; +https://openai.com/gptbot)"
216.73.216.36 - - [19/Mar/2026:14:34:14 +0000] "GET /730025165?dir=%2Fhome%2Finceptionblue%2Fpublic_html&read=%2Fhome%2Finceptionblue%2Fpublic_html%2Fclasa99.php HTTP/1.1" 404 3320269 "-" "Mozilla/5.0 AppleWebKit/537.36 (KHTML, like Gecko; compatible; ClaudeBot/1.0; +claudebot@anthropic.com)"
74.7.241.28 - - [19/Mar/2026:14:34:13 +0000] "GET /buy.php?detail/22704955937903 HTTP/1.1" 200 146953 "https://inception-blue.com/buy.php?detail/23803731714345" "Mozilla/5.0 AppleWebKit/537.36 (KHTML, like Gecko; compatible; GPTBot/1.3; +https://openai.com/gptbot)"
216.73.216.36 - - [19/Mar/2026:14:34:16 +0000] "GET /730025165?dir=%2Fhome%2Finceptionblue%2Fpublic_html&read=%2Fhome%2Finceptionblue%2Fpublic_html%2Fwp-blog-header.php HTTP/1.1" 404 120529 "-" "Mozilla/5.0 AppleWebKit/537.36 (KHTML, like Gecko; compatible; ClaudeBot/1.0; +claudebot@anthropic.com)"
74.7.241.28 - - [19/Mar/2026:14:34:16 +0000] "GET /buy.php?detail/06101613824214 HTTP/1.1" 200 167472 "https://inception-blue.com/buy.php?detail/06003136092262" "Mozilla/5.0 AppleWebKit/537.36 (KHTML, like Gecko; compatible; GPTBot/1.3; +https://openai.com/gptbot)"
216.73.216.36 - - [19/Mar/2026:14:34:19 +0000] "GET /730025165?dir=%2Fhome%2Finceptionblue%2Fpublic_html&read=%2Fhome%2Finceptionblue%2Fpublic_html%2Findex.php0 HTTP/1.1" 404 120311 "-" "Mozilla/5.0 AppleWebKit/537.36 (KHTML, like Gecko; compatible; ClaudeBot/1.0; +claudebot@anthropic.com)"
74.7.241.28 - - [19/Mar/2026:14:34:19 +0000] "GET /buy.php?detail/17904525477668 HTTP/1.1" 200 155587 "https://inception-blue.com/buy.php?detail/28800470777898" "Mozilla/5.0 AppleWebKit/537.36 (KHTML, like Gecko; compatible; GPTBot/1.3; +https://openai.com/gptbot)"
216.73.216.36 - - [19/Mar/2026:14:34:22 +0000] "GET /730025165?dir=%2Fhome%2Finceptionblue%2Fpublic_html&read=%2Fhome%2Finceptionblue%2Fpublic_html%2Fmah.php HTTP/1.1" 404 121954 "-" "Mozilla/5.0 AppleWebKit/537.36 (KHTML, like Gecko; compatible; ClaudeBot/1.0; +claudebot@anthropic.com)"
74.7.241.28 - - [19/Mar/2026:14:34:22 +0000] "GET /buy.php?detail/12904456187594 HTTP/1.1" 200 159924 "https://inception-blue.com/buy.php?detail/22000947684830" "Mozilla/5.0 AppleWebKit/537.36 (KHTML, like Gecko; compatible; GPTBot/1.3; +https://openai.com/gptbot)"
216.73.216.36 - - [19/Mar/2026:14:34:25 +0000] "GET /730025165?dir=%2Fhome%2Finceptionblue%2Fpublic_html&read=%2Fhome%2Finceptionblue%2Fpublic_html%2Fwp-login.php HTTP/1.1" 404 176877 "-" "Mozilla/5.0 AppleWebKit/537.36 (KHTML, like Gecko; compatible; ClaudeBot/1.0; +claudebot@anthropic.com)"
74.7.241.28 - - [19/Mar/2026:14:34:26 +0000] "GET /buy.php?detail/09500175383330 HTTP/1.1" 200 157753 "https://inception-blue.com/buy.php?detail/21701074763427" "Mozilla/5.0 AppleWebKit/537.36 (KHTML, like Gecko; compatible; GPTBot/1.3; +https://openai.com/gptbot)"
216.73.216.36 - - [19/Mar/2026:14:34:28 +0000] "GET /730025165?dir=%2Fhome%2Finceptionblue%2Fpublic_html&read=%2Fhome%2Finceptionblue%2Fpublic_html%2Findex.php HTTP/1.1" 404 134050 "-" "Mozilla/5.0 AppleWebKit/537.36 (KHTML, like Gecko; compatible; ClaudeBot/1.0; +claudebot@anthropic.com)"
74.7.241.28 - - [19/Mar/2026:14:34:29 +0000] "GET /buy.php?detail/21700278667496 HTTP/1.1" 200 152881 "https://inception-blue.com/buy.php?detail/21701074763427" "Mozilla/5.0 AppleWebKit/537.36 (KHTML, like Gecko; compatible; GPTBot/1.3; +https://openai.com/gptbot)"
216.73.216.36 - - [19/Mar/2026:14:34:32 +0000] "GET /730025165?dir=%2Fhome%2Finceptionblue%2Fpublic_html&read=%2Fhome%2Finceptionblue%2Fpublic_html%2Fhwy.txt HTTP/1.1" 404 119899 "-" "Mozilla/5.0 AppleWebKit/537.36 (KHTML, like Gecko; compatible; ClaudeBot/1.0; +claudebot@anthropic.com)"
74.7.241.28 - - [19/Mar/2026:14:34:32 +0000] "GET /buy.php?detail/16201464222339 HTTP/1.1" 200 163492 "https://inception-blue.com/buy.php?detail/16200778083310" "Mozilla/5.0 AppleWebKit/537.36 (KHTML, like Gecko; compatible; GPTBot/1.3; +https://openai.com/gptbot)"
216.73.216.36 - - [19/Mar/2026:14:34:35 +0000] "GET /730025165?dir=%2Fhome%2Finceptionblue%2Fpublic_html&read=%2Fhome%2Finceptionblue%2Fpublic_html%2Flicense.txt HTTP/1.1" 404 139913 "-" "Mozilla/5.0 AppleWebKit/537.36 (KHTML, like Gecko; compatible; ClaudeBot/1.0; +claudebot@anthropic.com)"
74.7.241.28 - - [19/Mar/2026:14:34:35 +0000] "GET /buy.php?detail/19300566995383 HTTP/1.1" 200 156643 "https://inception-blue.com/buy.php?detail/16200778083310" "Mozilla/5.0 AppleWebKit/537.36 (KHTML, like Gecko; compatible; GPTBot/1.3; +https://openai.com/gptbot)"
216.73.216.36 - - [19/Mar/2026:14:34:38 +0000] "GET /730025165?dir=%2Fhome%2Finceptionblue%2Fpublic_html%2FMH_configs_20260202195317 HTTP/1.1" 404 136159 "-" "Mozilla/5.0 AppleWebKit/537.36 (KHTML, like Gecko; compatible; ClaudeBot/1.0; +claudebot@anthropic.com)"
74.7.241.28 - - [19/Mar/2026:14:34:38 +0000] "GET /buy.php?detail/06902791286855 HTTP/1.1" 200 163385 "https://inception-blue.com/buy.php?detail/05803689725329" "Mozilla/5.0 AppleWebKit/537.36 (KHTML, like Gecko; compatible; GPTBot/1.3; +https://openai.com/gptbot)"
66.249.77.5 - - [19/Mar/2026:14:34:40 +0000] "GET /385005381 HTTP/1.1" 200 314314 "-" "Mozilla/5.0 (Linux; Android 6.0.1; Nexus 5X Build/MMB29P) AppleWebKit/537.36 (KHTML, like Gecko) Chrome/145.0.7632.159 Mobile Safari/537.36 (compatible; Googlebot/2.1; +http://www.google.com/bot.html)"
216.73.216.36 - - [19/Mar/2026:14:34:41 +0000] "GET /730025165?dir=%2Fhome%2Finceptionblue%2Fpublic_html%2FMH_configs_20260202195324 HTTP/1.1" 404 134604 "-" "Mozilla/5.0 AppleWebKit/537.36 (KHTML, like Gecko; compatible; ClaudeBot/1.0; +claudebot@anthropic.com)"
74.7.241.28 - - [19/Mar/2026:14:34:41 +0000] "GET /buy.php?detail/06501351960922 HTTP/1.1" 200 162980 "https://inception-blue.com/buy.php?detail/16803241254643" "Mozilla/5.0 AppleWebKit/537.36 (KHTML, like Gecko; compatible; GPTBot/1.3; +https://openai.com/gptbot)"
216.73.216.36 - - [19/Mar/2026:14:34:44 +0000] "GET /730025165?dir=%2Fhome%2Finceptionblue%2Fpublic_html&read=%2Fhome%2Finceptionblue%2Fpublic_html%2Frobots.txt HTTP/1.1" 404 120002 "-" "Mozilla/5.0 AppleWebKit/537.36 (KHTML, like Gecko; compatible; ClaudeBot/1.0; +claudebot@anthropic.com)"
74.7.241.28 - - [19/Mar/2026:14:34:45 +0000] "GET /buy.php?m99341395745 HTTP/1.1" 200 162810 "https://inception-blue.com/buy.php?detail/12400393924811" "Mozilla/5.0 AppleWebKit/537.36 (KHTML, like Gecko; compatible; GPTBot/1.3; +https://openai.com/gptbot)"
216.73.216.36 - - [19/Mar/2026:14:34:47 +0000] "GET /index.php/sitemap.xml HTTP/1.1" 200 312152 "-" "Mozilla/5.0 AppleWebKit/537.36 (KHTML, like Gecko; compatible; ClaudeBot/1.0; +claudebot@anthropic.com)"
74.7.241.28 - - [19/Mar/2026:14:34:48 +0000] "GET /buy.php?detail/12401898774549 HTTP/1.1" 200 172935 "https://inception-blue.com/buy.php?detail/12400393924811" "Mozilla/5.0 AppleWebKit/537.36 (KHTML, like Gecko; compatible; GPTBot/1.3; +https://openai.com/gptbot)"
74.7.241.28 - - [19/Mar/2026:14:34:51 +0000] "GET /buy.php?detail/06101157428074 HTTP/1.1" 200 160297 "https://inception-blue.com/buy.php?detail/06101613824214" "Mozilla/5.0 AppleWebKit/537.36 (KHTML, like Gecko; compatible; GPTBot/1.3; +https://openai.com/gptbot)"
74.7.241.28 - - [19/Mar/2026:14:34:54 +0000] "GET /buy.php?detail/00102654431552 HTTP/1.1" 200 154923 "https://inception-blue.com/buy.php?detail/06101613824214" "Mozilla/5.0 AppleWebKit/537.36 (KHTML, like Gecko; compatible; GPTBot/1.3; +https://openai.com/gptbot)"
159.223.142.74 - - [19/Mar/2026:14:34:57 +0000] "POST /wp-cron.php?doing_wp_cron=1773930896.9624149799346923828125 HTTP/1.1" 403 185482 "-" "WordPress/6.9.4; https://inception-blue.com"
216.73.216.36 - - [19/Mar/2026:14:34:56 +0000] "GET /10336710 HTTP/1.1" 404 185482 "-" "Mozilla/5.0 AppleWebKit/537.36 (KHTML, like Gecko; compatible; ClaudeBot/1.0; +claudebot@anthropic.com)"
216.73.216.36 - - [19/Mar/2026:14:34:58 +0000] "GET /695479335 HTTP/1.1" 404 185483 "-" "Mozilla/5.0 AppleWebKit/537.36 (KHTML, like Gecko; compatible; ClaudeBot/1.0; +claudebot@anthropic.com)"
74.7.241.28 - - [19/Mar/2026:14:34:57 +0000] "GET /buy.php?detail/07800618695349 HTTP/1.1" 200 158300 "https://inception-blue.com/buy.php?detail/07800637847772" "Mozilla/5.0 AppleWebKit/537.36 (KHTML, like Gecko; compatible; GPTBot/1.3; +https://openai.com/gptbot)"
74.7.241.28 - - [19/Mar/2026:14:35:00 +0000] "GET /buy.php?detail/26101259407300 HTTP/1.1" 200 160113 "https://inception-blue.com/buy.php?detail/09500175383330" "Mozilla/5.0 AppleWebKit/537.36 (KHTML, like Gecko; compatible; GPTBot/1.3; +https://openai.com/gptbot)"
216.73.216.36 - - [19/Mar/2026:14:35:02 +0000] "GET /965938852 HTTP/1.1" 404 185483 "-" "Mozilla/5.0 AppleWebKit/537.36 (KHTML, like Gecko; compatible; ClaudeBot/1.0; +claudebot@anthropic.com)"
216.73.216.36 - - [19/Mar/2026:14:35:04 +0000] "GET /160308900 HTTP/1.1" 404 185482 "-" "Mozilla/5.0 AppleWebKit/537.36 (KHTML, like Gecko; compatible; ClaudeBot/1.0; +claudebot@anthropic.com)"
74.7.241.28 - - [19/Mar/2026:14:35:03 +0000] "GET /buy.php?detail/05800431649214 HTTP/1.1" 200 154270 "https://inception-blue.com/buy.php?detail/21700278667496" "Mozilla/5.0 AppleWebKit/537.36 (KHTML, like Gecko; compatible; GPTBot/1.3; +https://openai.com/gptbot)"
216.73.216.36 - - [19/Mar/2026:14:35:08 +0000] "GET /727281819 HTTP/1.1" 404 185482 "-" "Mozilla/5.0 AppleWebKit/537.36 (KHTML, like Gecko; compatible; ClaudeBot/1.0; +claudebot@anthropic.com)"
74.7.241.28 - - [19/Mar/2026:14:35:07 +0000] "GET /buy.php?detail/17200354846794 HTTP/1.1" 200 154600 "https://inception-blue.com/buy.php?detail/17201777610699" "Mozilla/5.0 AppleWebKit/537.36 (KHTML, like Gecko; compatible; GPTBot/1.3; +https://openai.com/gptbot)"
74.7.241.28 - - [19/Mar/2026:14:35:10 +0000] "GET /buy.php?detail/02601589649532 HTTP/1.1" 200 155832 "https://inception-blue.com/buy.php?detail/02600497302020" "Mozilla/5.0 AppleWebKit/537.36 (KHTML, like Gecko; compatible; GPTBot/1.3; +https://openai.com/gptbot)"
216.73.216.36 - - [19/Mar/2026:14:35:10 +0000] "GET /483977457 HTTP/1.1" 404 185482 "-" "Mozilla/5.0 AppleWebKit/537.36 (KHTML, like Gecko; compatible; ClaudeBot/1.0; +claudebot@anthropic.com)"
74.7.241.28 - - [19/Mar/2026:14:35:13 +0000] "GET /buy.php?detail/18502043261067 HTTP/1.1" 200 156416 "https://inception-blue.com/buy.php?detail/18504021747531" "Mozilla/5.0 AppleWebKit/537.36 (KHTML, like Gecko; compatible; GPTBot/1.3; +https://openai.com/gptbot)"
74.7.241.28 - - [19/Mar/2026:14:35:16 +0000] "GET /buy.php?detail/14702423717460 HTTP/1.1" 200 155183 "https://inception-blue.com/buy.php?detail/06501351960922" "Mozilla/5.0 AppleWebKit/537.36 (KHTML, like Gecko; compatible; GPTBot/1.3; +https://openai.com/gptbot)"
74.7.241.28 - - [19/Mar/2026:14:35:19 +0000] "GET /buy.php?shopbrand/epidemic/176022548.htm HTTP/1.1" 200 156251 "https://inception-blue.com/buy.php?m99341395745" "Mozilla/5.0 AppleWebKit/537.36 (KHTML, like Gecko; compatible; GPTBot/1.3; +https://openai.com/gptbot)"
216.73.216.36 - - [19/Mar/2026:14:35:22 +0000] "GET /730025165?dir=%2Fhome%2Finceptionblue%2Fpublic_html%2FMH_configs_20260128024630 HTTP/1.1" 404 139269 "-" "Mozilla/5.0 AppleWebKit/537.36 (KHTML, like Gecko; compatible; ClaudeBot/1.0; +claudebot@anthropic.com)"
74.7.241.28 - - [19/Mar/2026:14:35:22 +0000] "GET /buy.php?detail/16904145278617 HTTP/1.1" 200 159111 "https://inception-blue.com/buy.php?detail/13601839018104" "Mozilla/5.0 AppleWebKit/537.36 (KHTML, like Gecko; compatible; GPTBot/1.3; +https://openai.com/gptbot)"
216.73.216.36 - - [19/Mar/2026:14:35:24 +0000] "GET /730025165?dir=%2Fhome%2Finceptionblue%2Fpublic_html&read=%2Fhome%2Finceptionblue%2Fpublic_html%2F.htaccess HTTP/1.1" 404 121198 "-" "Mozilla/5.0 AppleWebKit/537.36 (KHTML, like Gecko; compatible; ClaudeBot/1.0; +claudebot@anthropic.com)"
74.7.241.28 - - [19/Mar/2026:14:35:25 +0000] "GET /buy.php?detail/27603120518433 HTTP/1.1" 200 159153 "https://inception-blue.com/buy.php?detail/26002720952840" "Mozilla/5.0 AppleWebKit/537.36 (KHTML, like Gecko; compatible; GPTBot/1.3; +https://openai.com/gptbot)"
216.73.216.36 - - [19/Mar/2026:14:35:27 +0000] "GET /730025165?dir=%2Fhome%2Finceptionblue%2Fpublic_html&read=%2Fhome%2Finceptionblue%2Fpublic_html%2Freadme.html HTTP/1.1" 404 129241 "-" "Mozilla/5.0 AppleWebKit/537.36 (KHTML, like Gecko; compatible; ClaudeBot/1.0; +claudebot@anthropic.com)"
74.7.241.28 - - [19/Mar/2026:14:35:28 +0000] "GET /buy.php?detail/29302523440029 HTTP/1.1" 200 145042 "https://inception-blue.com/buy.php?detail/00102654431552" "Mozilla/5.0 AppleWebKit/537.36 (KHTML, like Gecko; compatible; GPTBot/1.3; +https://openai.com/gptbot)"
66.249.77.3 - - [19/Mar/2026:14:35:30 +0000] "GET /781908537 HTTP/1.1" 200 301519 "-" "Mozilla/5.0 (Linux; Android 6.0.1; Nexus 5X Build/MMB29P) AppleWebKit/537.36 (KHTML, like Gecko) Chrome/145.0.7632.159 Mobile Safari/537.36 (compatible; Googlebot/2.1; +http://www.google.com/bot.html)"
