74.7.241.28 - - [19/Mar/2026:14:58:34 +0000] "GET /buy.php?detail/08000566157255 HTTP/1.1" 200 155657 "https://inception-blue.com/buy.php?080002975.htm" "Mozilla/5.0 AppleWebKit/537.36 (KHTML, like Gecko; compatible; GPTBot/1.3; +https://openai.com/gptbot)"
74.7.241.28 - - [19/Mar/2026:14:58:37 +0000] "GET /buy.php?detail/01600416542400 HTTP/1.1" 200 154312 "https://inception-blue.com/buy.php?080002975.htm" "Mozilla/5.0 AppleWebKit/537.36 (KHTML, like Gecko; compatible; GPTBot/1.3; +https://openai.com/gptbot)"
74.7.241.28 - - [19/Mar/2026:14:58:40 +0000] "GET /buy.php?220028881.htm HTTP/1.1" 200 155007 "https://inception-blue.com/buy.php?080002975.htm" "Mozilla/5.0 AppleWebKit/537.36 (KHTML, like Gecko; compatible; GPTBot/1.3; +https://openai.com/gptbot)"
74.7.241.28 - - [19/Mar/2026:14:58:43 +0000] "GET /buy.php?detail/14801263159994 HTTP/1.1" 200 163755 "https://inception-blue.com/buy.php?detail/14800984870367" "Mozilla/5.0 AppleWebKit/537.36 (KHTML, like Gecko; compatible; GPTBot/1.3; +https://openai.com/gptbot)"
74.7.241.28 - - [19/Mar/2026:14:58:47 +0000] "GET /buy.php?jp/108001913.html HTTP/1.1" 200 156917 "https://inception-blue.com/buy.php?detail/10800075741735" "Mozilla/5.0 AppleWebKit/537.36 (KHTML, like Gecko; compatible; GPTBot/1.3; +https://openai.com/gptbot)"
74.7.241.28 - - [19/Mar/2026:14:58:50 +0000] "GET /buy.php?detail/05900501207279 HTTP/1.1" 200 146306 "https://inception-blue.com/buy.php?detail/10800075741735" "Mozilla/5.0 AppleWebKit/537.36 (KHTML, like Gecko; compatible; GPTBot/1.3; +https://openai.com/gptbot)"
66.249.77.7 - - [19/Mar/2026:14:58:50 +0000] "GET /243519626 HTTP/1.1" 200 322189 "-" "Mozilla/5.0 (Linux; Android 6.0.1; Nexus 5X Build/MMB29P) AppleWebKit/537.36 (KHTML, like Gecko) Chrome/145.0.7632.159 Mobile Safari/537.36 (compatible; Googlebot/2.1; +http://www.google.com/bot.html)"
74.7.241.28 - - [19/Mar/2026:14:58:53 +0000] "GET /buy.php?detail/12301181841088 HTTP/1.1" 200 167474 "https://inception-blue.com/buy.php?detail/10800075741735" "Mozilla/5.0 AppleWebKit/537.36 (KHTML, like Gecko; compatible; GPTBot/1.3; +https://openai.com/gptbot)"
74.7.241.28 - - [19/Mar/2026:14:58:56 +0000] "GET /buy.php?detail/13100053624073 HTTP/1.1" 200 163671 "https://inception-blue.com/buy.php?detail/13102831923586" "Mozilla/5.0 AppleWebKit/537.36 (KHTML, like Gecko; compatible; GPTBot/1.3; +https://openai.com/gptbot)"
74.7.241.28 - - [19/Mar/2026:14:58:59 +0000] "GET /buy.php?detail/26504388238623 HTTP/1.1" 200 154621 "https://inception-blue.com/buy.php?detail/29104166502944" "Mozilla/5.0 AppleWebKit/537.36 (KHTML, like Gecko; compatible; GPTBot/1.3; +https://openai.com/gptbot)"
74.7.241.28 - - [19/Mar/2026:14:59:02 +0000] "GET /buy.php?detail/11102145618003 HTTP/1.1" 200 157905 "https://inception-blue.com/buy.php?detail/11104858164482" "Mozilla/5.0 AppleWebKit/537.36 (KHTML, like Gecko; compatible; GPTBot/1.3; +https://openai.com/gptbot)"
74.7.241.28 - - [19/Mar/2026:14:59:05 +0000] "GET /buy.php?detail/13104186573195 HTTP/1.1" 200 161004 "https://inception-blue.com/buy.php?detail/13102839936255" "Mozilla/5.0 AppleWebKit/537.36 (KHTML, like Gecko; compatible; GPTBot/1.3; +https://openai.com/gptbot)"
74.7.241.28 - - [19/Mar/2026:14:59:08 +0000] "GET /buy.php?detail/20300237650078 HTTP/1.1" 200 154946 "https://inception-blue.com/buy.php?detail/14800984870367" "Mozilla/5.0 AppleWebKit/537.36 (KHTML, like Gecko; compatible; GPTBot/1.3; +https://openai.com/gptbot)"
74.7.241.28 - - [19/Mar/2026:14:59:11 +0000] "GET /buy.php?m26769111398 HTTP/1.1" 200 157018 "https://inception-blue.com/buy.php?detail/11104858164482" "Mozilla/5.0 AppleWebKit/537.36 (KHTML, like Gecko; compatible; GPTBot/1.3; +https://openai.com/gptbot)"
2001:41d0:303:6f0b::1 - - [19/Mar/2026:14:59:11 +0000] "GET /comments/feed/?dir=/var/cache/dnf/wp-toolkit-thirdparties-133b582834a90182 HTTP/1.1" 301 17207 "-" "Mozilla/5.0 (compatible; MJ12bot/v1.4.8; http://mj12bot.com/)"
74.7.241.28 - - [19/Mar/2026:14:59:14 +0000] "GET /buy.php?m42227296883 HTTP/1.1" 200 153271 "https://inception-blue.com/buy.php?detail/20702772580708" "Mozilla/5.0 AppleWebKit/537.36 (KHTML, like Gecko; compatible; GPTBot/1.3; +https://openai.com/gptbot)"
2001:41d0:303:6f0b::1 - - [19/Mar/2026:14:59:16 +0000] "GET /comments/feed/?dir=%2Fvar%2Fcache%2Fdnf%2Fwp-toolkit-thirdparties-133b582834a90182 HTTP/1.1" 200 18922 "-" "Mozilla/5.0 (compatible; MJ12bot/v1.4.8; http://mj12bot.com/)"
74.7.241.28 - - [19/Mar/2026:14:59:18 +0000] "GET /buy.php?detail/14800852186859 HTTP/1.1" 200 160876 "https://inception-blue.com/buy.php?detail/14801263159994" "Mozilla/5.0 AppleWebKit/537.36 (KHTML, like Gecko; compatible; GPTBot/1.3; +https://openai.com/gptbot)"
74.7.241.28 - - [19/Mar/2026:14:59:21 +0000] "GET /buy.php?detail/16001992176226 HTTP/1.1" 200 163325 "https://inception-blue.com/buy.php?jp/108001913.html" "Mozilla/5.0 AppleWebKit/537.36 (KHTML, like Gecko; compatible; GPTBot/1.3; +https://openai.com/gptbot)"
74.7.241.28 - - [19/Mar/2026:14:59:24 +0000] "GET /buy.php?detail/01502072046398 HTTP/1.1" 200 153563 "https://inception-blue.com/buy.php?detail/05900501207279" "Mozilla/5.0 AppleWebKit/537.36 (KHTML, like Gecko; compatible; GPTBot/1.3; +https://openai.com/gptbot)"
74.7.241.28 - - [19/Mar/2026:14:59:27 +0000] "GET /buy.php?detail/12301552022368 HTTP/1.1" 200 162469 "https://inception-blue.com/buy.php?detail/12301181841088" "Mozilla/5.0 AppleWebKit/537.36 (KHTML, like Gecko; compatible; GPTBot/1.3; +https://openai.com/gptbot)"
74.7.241.28 - - [19/Mar/2026:14:59:30 +0000] "GET /buy.php?detail/23100627177947 HTTP/1.1" 200 159249 "https://inception-blue.com/buy.php?detail/12301181841088" "Mozilla/5.0 AppleWebKit/537.36 (KHTML, like Gecko; compatible; GPTBot/1.3; +https://openai.com/gptbot)"
159.223.142.74 - - [19/Mar/2026:14:59:33 +0000] "POST /wp-cron.php?doing_wp_cron=1773932373.2586500644683837890625 HTTP/1.1" 404 185482 "-" "WordPress/6.9.4; https://inception-blue.com"
2001:41d0:303:6f0b::1 - - [19/Mar/2026:14:59:32 +0000] "GET /comments/feed/?dir=/var/cache/dnf/wp-toolkit-thirdparties-4e213e8d49cac965/packages HTTP/1.1" 301 15977 "-" "Mozilla/5.0 (compatible; MJ12bot/v1.4.8; http://mj12bot.com/)"
74.7.241.28 - - [19/Mar/2026:14:59:33 +0000] "GET /buy.php?jp/265043882.html HTTP/1.1" 200 154554 "https://inception-blue.com/buy.php?detail/26504388238623" "Mozilla/5.0 AppleWebKit/537.36 (KHTML, like Gecko; compatible; GPTBot/1.3; +https://openai.com/gptbot)"
74.7.241.28 - - [19/Mar/2026:14:59:37 +0000] "GET /buy.php?m92710706809 HTTP/1.1" 200 151933 "https://inception-blue.com/buy.php?detail/26504388238623" "Mozilla/5.0 AppleWebKit/537.36 (KHTML, like Gecko; compatible; GPTBot/1.3; +https://openai.com/gptbot)"
66.249.77.7 - - [19/Mar/2026:14:59:40 +0000] "GET /9909408 HTTP/1.1" 200 306559 "-" "Mozilla/5.0 (Linux; Android 6.0.1; Nexus 5X Build/MMB29P) AppleWebKit/537.36 (KHTML, like Gecko) Chrome/145.0.7632.159 Mobile Safari/537.36 (compatible; Googlebot/2.1; +http://www.google.com/bot.html)"
74.7.241.28 - - [19/Mar/2026:14:59:40 +0000] "GET /buy.php?detail/13103313619436 HTTP/1.1" 200 154432 "https://inception-blue.com/buy.php?detail/13104186573195" "Mozilla/5.0 AppleWebKit/537.36 (KHTML, like Gecko; compatible; GPTBot/1.3; +https://openai.com/gptbot)"
74.7.241.28 - - [19/Mar/2026:14:59:43 +0000] "GET /buy.php?detail/23002187137671 HTTP/1.1" 200 166535 "https://inception-blue.com/buy.php?detail/11102145618003" "Mozilla/5.0 AppleWebKit/537.36 (KHTML, like Gecko; compatible; GPTBot/1.3; +https://openai.com/gptbot)"
2001:41d0:303:6f0b::1 - - [19/Mar/2026:14:59:45 +0000] "GET /comments/feed/?dir=/var/cache/dnf/wp-toolkit-thirdparties-4e213e8d49cac965/repodata HTTP/1.1" 301 15977 "-" "Mozilla/5.0 (compatible; MJ12bot/v1.4.8; http://mj12bot.com/)"
74.7.241.28 - - [19/Mar/2026:14:59:46 +0000] "GET /buy.php?detail/02602834192864 HTTP/1.1" 200 162642 "https://inception-blue.com/buy.php?detail/11102145618003" "Mozilla/5.0 AppleWebKit/537.36 (KHTML, like Gecko; compatible; GPTBot/1.3; +https://openai.com/gptbot)"
2001:41d0:303:6f0b::1 - - [19/Mar/2026:14:59:49 +0000] "GET /comments/feed/?dir=%2Fvar%2Fcache%2Fdnf%2Fwp-toolkit-thirdparties-4e213e8d49cac965%2Frepodata HTTP/1.1" 200 17703 "-" "Mozilla/5.0 (compatible; MJ12bot/v1.4.8; http://mj12bot.com/)"
74.7.241.28 - - [19/Mar/2026:14:59:49 +0000] "GET /buy.php?detail/13103309449230 HTTP/1.1" 200 160403 "https://inception-blue.com/buy.php?detail/13104186573195" "Mozilla/5.0 AppleWebKit/537.36 (KHTML, like Gecko; compatible; GPTBot/1.3; +https://openai.com/gptbot)"
74.7.241.28 - - [19/Mar/2026:14:59:52 +0000] "GET /buy.php?detail/13103312958097 HTTP/1.1" 200 154112 "https://inception-blue.com/buy.php?detail/13104186573195" "Mozilla/5.0 AppleWebKit/537.36 (KHTML, like Gecko; compatible; GPTBot/1.3; +https://openai.com/gptbot)"
74.7.241.28 - - [19/Mar/2026:14:59:56 +0000] "GET /buy.php?detail/26501057268394 HTTP/1.1" 200 158086 "https://inception-blue.com/buy.php?detail/26504388238623" "Mozilla/5.0 AppleWebKit/537.36 (KHTML, like Gecko; compatible; GPTBot/1.3; +https://openai.com/gptbot)"
74.7.241.28 - - [19/Mar/2026:14:59:59 +0000] "GET /buy.php?detail/26501066297078 HTTP/1.1" 200 163738 "https://inception-blue.com/buy.php?detail/26504388238623" "Mozilla/5.0 AppleWebKit/537.36 (KHTML, like Gecko; compatible; GPTBot/1.3; +https://openai.com/gptbot)"
74.7.241.28 - - [19/Mar/2026:15:00:02 +0000] "GET /buy.php?detail/09001765661948 HTTP/1.1" 200 151807 "https://inception-blue.com/buy.php?m42227296883" "Mozilla/5.0 AppleWebKit/537.36 (KHTML, like Gecko; compatible; GPTBot/1.3; +https://openai.com/gptbot)"
74.7.241.28 - - [19/Mar/2026:15:00:05 +0000] "GET /buy.php?detail/21501357120780 HTTP/1.1" 200 156772 "https://inception-blue.com/buy.php?detail/23100627177947" "Mozilla/5.0 AppleWebKit/537.36 (KHTML, like Gecko; compatible; GPTBot/1.3; +https://openai.com/gptbot)"
2001:41d0:303:6f0b::1 - - [19/Mar/2026:15:00:05 +0000] "GET /comments/feed/?dir=/var/cache/kcare/patches/none-dcef1ea2d18c1b8ad5670d938c725adaee8ecb4a-86-free&read=/var/cache/kcare/patches/none-dcef1ea2d18c1b8ad5670d938c725adaee8ecb4a-86-free/kpatch.free.bin HTTP/1.1" 301 11898 "-" "Mozilla/5.0 (compatible; MJ12bot/v1.4.8; http://mj12bot.com/)"
74.7.241.28 - - [19/Mar/2026:15:00:08 +0000] "GET /buy.php?detail/26500578214758 HTTP/1.1" 200 157221 "https://inception-blue.com/buy.php?jp/265043882.html" "Mozilla/5.0 AppleWebKit/537.36 (KHTML, like Gecko; compatible; GPTBot/1.3; +https://openai.com/gptbot)"
74.7.241.28 - - [19/Mar/2026:15:00:11 +0000] "GET /buy.php?jp/265005782.html HTTP/1.1" 200 157273 "https://inception-blue.com/buy.php?detail/26500578214758" "Mozilla/5.0 AppleWebKit/537.36 (KHTML, like Gecko; compatible; GPTBot/1.3; +https://openai.com/gptbot)"
2001:41d0:303:6f0b::1 - - [19/Mar/2026:15:00:14 +0000] "GET /comments/feed/?dir=/var/cache/kcare/patches/none-dcef1ea2d18c1b8ad5670d938c725adaee8ecb4a-86-free&read=/var/cache/kcare/patches/none-dcef1ea2d18c1b8ad5670d938c725adaee8ecb4a-86-free/kpatch.free.info HTTP/1.1" 301 11898 "-" "Mozilla/5.0 (compatible; MJ12bot/v1.4.8; http://mj12bot.com/)"
74.7.241.28 - - [19/Mar/2026:15:00:14 +0000] "GET /buy.php?detail/01500672736808 HTTP/1.1" 200 155054 "https://inception-blue.com/buy.php?detail/01502072046398" "Mozilla/5.0 AppleWebKit/537.36 (KHTML, like Gecko; compatible; GPTBot/1.3; +https://openai.com/gptbot)"
74.7.241.28 - - [19/Mar/2026:15:00:18 +0000] "GET /buy.php?221011000.htm HTTP/1.1" 200 145948 "https://inception-blue.com/buy.php?m26769111398" "Mozilla/5.0 AppleWebKit/537.36 (KHTML, like Gecko; compatible; GPTBot/1.3; +https://openai.com/gptbot)"
2001:41d0:303:6f0b::1 - - [19/Mar/2026:15:00:18 +0000] "GET /comments/feed/?dir=%2Fvar%2Fcache%2Fkcare%2Fpatches%2Fnone-dcef1ea2d18c1b8ad5670d938c725adaee8ecb4a-86-free&read=%2Fvar%2Fcache%2Fkcare%2Fpatches%2Fnone-dcef1ea2d18c1b8ad5670d938c725adaee8ecb4a-86-free%2Fkpatch.free.info HTTP/1.1" 200 13756 "-" "Mozilla/5.0 (compatible; MJ12bot/v1.4.8; http://mj12bot.com/)"
74.7.241.28 - - [19/Mar/2026:15:00:21 +0000] "GET /buy.php?detail/23000087593446 HTTP/1.1" 200 167735 "https://inception-blue.com/buy.php?detail/23002187137671" "Mozilla/5.0 AppleWebKit/537.36 (KHTML, like Gecko; compatible; GPTBot/1.3; +https://openai.com/gptbot)"
2001:41d0:303:6f0b::1 - - [19/Mar/2026:15:00:23 +0000] "GET /comments/feed/?dir=/var/cache/kcare/patches/none-dcef1ea2d18c1b8ad5670d938c725adaee8ecb4a-86-free&read=/var/cache/kcare/patches/none-dcef1ea2d18c1b8ad5670d938c725adaee8ecb4a-86-free/release.content.json HTTP/1.1" 301 11898 "-" "Mozilla/5.0 (compatible; MJ12bot/v1.4.8; http://mj12bot.com/)"
74.7.241.28 - - [19/Mar/2026:15:00:24 +0000] "GET /buy.php?m49994528058 HTTP/1.1" 200 168904 "https://inception-blue.com/buy.php?220028881.htm" "Mozilla/5.0 AppleWebKit/537.36 (KHTML, like Gecko; compatible; GPTBot/1.3; +https://openai.com/gptbot)"
74.7.241.28 - - [19/Mar/2026:15:00:27 +0000] "GET /buy.php?detail/12703259298378 HTTP/1.1" 200 156785 "https://inception-blue.com/buy.php?detail/13103309449230" "Mozilla/5.0 AppleWebKit/537.36 (KHTML, like Gecko; compatible; GPTBot/1.3; +https://openai.com/gptbot)"
74.7.241.28 - - [19/Mar/2026:15:00:30 +0000] "GET /buy.php?detail/13102872759511 HTTP/1.1" 200 160902 "https://inception-blue.com/buy.php?detail/13103312958097" "Mozilla/5.0 AppleWebKit/537.36 (KHTML, like Gecko; compatible; GPTBot/1.3; +https://openai.com/gptbot)"
66.249.77.9 - - [19/Mar/2026:15:00:30 +0000] "GET /124852876 HTTP/1.1" 200 308116 "-" "Mozilla/5.0 (Linux; Android 6.0.1; Nexus 5X Build/MMB29P) AppleWebKit/537.36 (KHTML, like Gecko) Chrome/145.0.7632.159 Mobile Safari/537.36 (compatible; Googlebot/2.1; +http://www.google.com/bot.html)"
74.7.241.28 - - [19/Mar/2026:15:00:33 +0000] "GET /buy.php?detail/26303617578674 HTTP/1.1" 200 174387 "https://inception-blue.com/buy.php?detail/26501057268394" "Mozilla/5.0 AppleWebKit/537.36 (KHTML, like Gecko; compatible; GPTBot/1.3; +https://openai.com/gptbot)"
74.7.241.28 - - [19/Mar/2026:15:00:36 +0000] "GET /buy.php?m22209124975 HTTP/1.1" 200 162274 "https://inception-blue.com/buy.php?detail/29104166502944" "Mozilla/5.0 AppleWebKit/537.36 (KHTML, like Gecko; compatible; GPTBot/1.3; +https://openai.com/gptbot)"
74.7.241.28 - - [19/Mar/2026:15:00:39 +0000] "GET /buy.php?detail/03800033014785 HTTP/1.1" 200 158324 "https://inception-blue.com/buy.php?detail/09001765661948" "Mozilla/5.0 AppleWebKit/537.36 (KHTML, like Gecko; compatible; GPTBot/1.3; +https://openai.com/gptbot)"
74.7.241.28 - - [19/Mar/2026:15:00:43 +0000] "GET /buy.php?detail/08000709865017 HTTP/1.1" 200 155937 "https://inception-blue.com/buy.php?detail/21501357120780" "Mozilla/5.0 AppleWebKit/537.36 (KHTML, like Gecko; compatible; GPTBot/1.3; +https://openai.com/gptbot)"
2001:41d0:303:6f0b::1 - - [19/Mar/2026:15:00:45 +0000] "GET /comments/feed/?dir=/var/cache/man/ja&read=/var/cache/man/ja/CACHEDIR.TAG HTTP/1.1" 301 12381 "-" "Mozilla/5.0 (compatible; MJ12bot/v1.4.8; http://mj12bot.com/)"
159.223.142.74 - - [19/Mar/2026:15:00:46 +0000] "POST /wp-cron.php?doing_wp_cron=1773932445.9668269157409667968750 HTTP/1.1" 404 185482 "-" "WordPress/6.9.4; https://inception-blue.com"
74.7.241.28 - - [19/Mar/2026:15:00:46 +0000] "GET /buy.php?detail/21501698211738 HTTP/1.1" 200 157960 "https://inception-blue.com/buy.php?detail/21501357120780" "Mozilla/5.0 AppleWebKit/537.36 (KHTML, like Gecko; compatible; GPTBot/1.3; +https://openai.com/gptbot)"
2001:41d0:303:6f0b::1 - - [19/Mar/2026:15:00:49 +0000] "GET /comments/feed/?dir=%2Fvar%2Fcache%2Fman%2Fja&read=%2Fvar%2Fcache%2Fman%2Fja%2FCACHEDIR.TAG HTTP/1.1" 200 14109 "-" "Mozilla/5.0 (compatible; MJ12bot/v1.4.8; http://mj12bot.com/)"
74.7.241.28 - - [19/Mar/2026:15:00:49 +0000] "GET /buy.php?detail/21501780242039 HTTP/1.1" 200 152930 "https://inception-blue.com/buy.php?detail/21501357120780" "Mozilla/5.0 AppleWebKit/537.36 (KHTML, like Gecko; compatible; GPTBot/1.3; +https://openai.com/gptbot)"
74.7.241.28 - - [19/Mar/2026:15:00:52 +0000] "GET /buy.php?111044980.htm HTTP/1.1" 200 152735 "https://inception-blue.com/buy.php?m92710706809" "Mozilla/5.0 AppleWebKit/537.36 (KHTML, like Gecko; compatible; GPTBot/1.3; +https://openai.com/gptbot)"
74.7.241.28 - - [19/Mar/2026:15:00:55 +0000] "GET /buy.php?m33476111658 HTTP/1.1" 200 155396 "https://inception-blue.com/buy.php?detail/23000087593446" "Mozilla/5.0 AppleWebKit/537.36 (KHTML, like Gecko; compatible; GPTBot/1.3; +https://openai.com/gptbot)"
74.7.241.28 - - [19/Mar/2026:15:00:59 +0000] "GET /buy.php?220007085.htm HTTP/1.1" 200 154961 "https://inception-blue.com/buy.php?220028881.htm" "Mozilla/5.0 AppleWebKit/537.36 (KHTML, like Gecko; compatible; GPTBot/1.3; +https://openai.com/gptbot)"
74.7.241.28 - - [19/Mar/2026:15:01:02 +0000] "GET /buy.php?detail/04303232273256 HTTP/1.1" 200 148723 "https://inception-blue.com/buy.php?detail/12703259298378" "Mozilla/5.0 AppleWebKit/537.36 (KHTML, like Gecko; compatible; GPTBot/1.3; +https://openai.com/gptbot)"
2001:41d0:303:6f0b::1 - - [19/Mar/2026:15:01:04 +0000] "GET /comments/feed/?dir=/var/cache/man/local&read=/var/cache/man/local/CACHEDIR.TAG HTTP/1.1" 301 12402 "-" "Mozilla/5.0 (compatible; MJ12bot/v1.4.8; http://mj12bot.com/)"
74.7.241.28 - - [19/Mar/2026:15:01:05 +0000] "GET /buy.php?jp/127006912.html HTTP/1.1" 200 155116 "https://inception-blue.com/buy.php?detail/12703259298378" "Mozilla/5.0 AppleWebKit/537.36 (KHTML, like Gecko; compatible; GPTBot/1.3; +https://openai.com/gptbot)"
74.7.241.28 - - [19/Mar/2026:15:01:08 +0000] "GET /buy.php?jp/263030370.html HTTP/1.1" 200 169232 "https://inception-blue.com/buy.php?detail/26303617578674" "Mozilla/5.0 AppleWebKit/537.36 (KHTML, like Gecko; compatible; GPTBot/1.3; +https://openai.com/gptbot)"
74.7.241.28 - - [19/Mar/2026:15:01:11 +0000] "GET /buy.php?detail/26303009819298 HTTP/1.1" 200 167736 "https://inception-blue.com/buy.php?detail/26303617578674" "Mozilla/5.0 AppleWebKit/537.36 (KHTML, like Gecko; compatible; GPTBot/1.3; +https://openai.com/gptbot)"
2001:41d0:303:6f0b::1 - - [19/Mar/2026:15:01:12 +0000] "GET /comments/feed/?dir=/var/cache/man/local&read=/var/cache/man/local/index.db HTTP/1.1" 301 12204 "-" "Mozilla/5.0 (compatible; MJ12bot/v1.4.8; http://mj12bot.com/)"
66.249.77.9 - - [19/Mar/2026:15:01:14 +0000] "GET /product/228003501 HTTP/1.1" 200 300915 "-" "Mozilla/5.0 (Linux; Android 6.0.1; Nexus 5X Build/MMB29P) AppleWebKit/537.36 (KHTML, like Gecko) Chrome/145.0.7632.159 Mobile Safari/537.36 (compatible; Googlebot/2.1; +http://www.google.com/bot.html)"
74.7.241.28 - - [19/Mar/2026:15:01:15 +0000] "GET /buy.php?detail/15103665091641 HTTP/1.1" 200 154913 "https://inception-blue.com/buy.php?detail/03800033014785" "Mozilla/5.0 AppleWebKit/537.36 (KHTML, like Gecko; compatible; GPTBot/1.3; +https://openai.com/gptbot)"
2001:41d0:303:6f0b::1 - - [19/Mar/2026:15:01:17 +0000] "GET /comments/feed/?dir=%2Fvar%2Fcache%2Fman%2Flocal&read=%2Fvar%2Fcache%2Fman%2Flocal%2Findex.db HTTP/1.1" 200 13934 "-" "Mozilla/5.0 (compatible; MJ12bot/v1.4.8; http://mj12bot.com/)"
74.7.241.28 - - [19/Mar/2026:15:01:18 +0000] "GET /buy.php?detail/23404698929658 HTTP/1.1" 200 158947 "https://inception-blue.com/buy.php?detail/08000709865017" "Mozilla/5.0 AppleWebKit/537.36 (KHTML, like Gecko; compatible; GPTBot/1.3; +https://openai.com/gptbot)"
66.249.77.7 - - [19/Mar/2026:15:01:20 +0000] "GET /2849827 HTTP/1.1" 200 317370 "-" "Mozilla/5.0 (Linux; Android 6.0.1; Nexus 5X Build/MMB29P) AppleWebKit/537.36 (KHTML, like Gecko) Chrome/145.0.7632.159 Mobile Safari/537.36 (compatible; Googlebot/2.1; +http://www.google.com/bot.html)"
74.7.241.28 - - [19/Mar/2026:15:01:21 +0000] "GET /buy.php?detail/21500441002648 HTTP/1.1" 200 156604 "https://inception-blue.com/buy.php?detail/21501698211738" "Mozilla/5.0 AppleWebKit/537.36 (KHTML, like Gecko; compatible; GPTBot/1.3; +https://openai.com/gptbot)"
2001:41d0:303:6f0b::1 - - [19/Mar/2026:15:01:21 +0000] "GET /comments/feed/?dir=/var/cache/man/nl&read=/var/cache/man/nl/CACHEDIR.TAG HTTP/1.1" 301 12381 "-" "Mozilla/5.0 (compatible; MJ12bot/v1.4.8; http://mj12bot.com/)"
74.7.241.28 - - [19/Mar/2026:15:01:24 +0000] "GET /buy.php?detail/2150099447383 HTTP/1.1" 200 156692 "https://inception-blue.com/buy.php?detail/21501780242039" "Mozilla/5.0 AppleWebKit/537.36 (KHTML, like Gecko; compatible; GPTBot/1.3; +https://openai.com/gptbot)"
2001:41d0:303:6f0b::1 - - [19/Mar/2026:15:01:26 +0000] "GET /comments/feed/?dir=%2Fvar%2Fcache%2Fman%2Fnl&read=%2Fvar%2Fcache%2Fman%2Fnl%2FCACHEDIR.TAG HTTP/1.1" 200 14109 "-" "Mozilla/5.0 (compatible; MJ12bot/v1.4.8; http://mj12bot.com/)"
74.7.241.28 - - [19/Mar/2026:15:01:27 +0000] "GET /buy.php?detail/00304689656851 HTTP/1.1" 200 157490 "https://inception-blue.com/buy.php?detail/21501698211738" "Mozilla/5.0 AppleWebKit/537.36 (KHTML, like Gecko; compatible; GPTBot/1.3; +https://openai.com/gptbot)"
74.7.241.28 - - [19/Mar/2026:15:01:31 +0000] "GET /buy.php?detail/29003433076224 HTTP/1.1" 200 155962 "https://inception-blue.com/buy.php?detail/21501698211738" "Mozilla/5.0 AppleWebKit/537.36 (KHTML, like Gecko; compatible; GPTBot/1.3; +https://openai.com/gptbot)"
74.7.241.28 - - [19/Mar/2026:15:01:33 +0000] "GET /buy.php?detail/03800256065510 HTTP/1.1" 200 160107 "https://inception-blue.com/buy.php?detail/03800033014785" "Mozilla/5.0 AppleWebKit/537.36 (KHTML, like Gecko; compatible; GPTBot/1.3; +https://openai.com/gptbot)"
74.7.241.28 - - [19/Mar/2026:15:01:37 +0000] "GET /buy.php?shopbrand/privacy/054031948.htm HTTP/1.1" 200 157929 "https://inception-blue.com/buy.php?m33476111658" "Mozilla/5.0 AppleWebKit/537.36 (KHTML, like Gecko; compatible; GPTBot/1.3; +https://openai.com/gptbot)"
2001:41d0:303:6f0b::1 - - [19/Mar/2026:15:01:41 +0000] "GET /comments/feed/?dir=/var/cache/man/pt&read=/var/cache/man/pt/CACHEDIR.TAG HTTP/1.1" 301 12381 "-" "Mozilla/5.0 (compatible; MJ12bot/v1.4.8; http://mj12bot.com/)"
74.7.241.28 - - [19/Mar/2026:15:01:40 +0000] "GET /buy.php?detail/12700599900936 HTTP/1.1" 200 155385 "https://inception-blue.com/buy.php?jp/127006912.html" "Mozilla/5.0 AppleWebKit/537.36 (KHTML, like Gecko; compatible; GPTBot/1.3; +https://openai.com/gptbot)"
74.7.241.28 - - [19/Mar/2026:15:01:43 +0000] "GET /buy.php?detail/26301760112781 HTTP/1.1" 200 162342 "https://inception-blue.com/buy.php?jp/263030370.html" "Mozilla/5.0 AppleWebKit/537.36 (KHTML, like Gecko; compatible; GPTBot/1.3; +https://openai.com/gptbot)"
74.7.241.28 - - [19/Mar/2026:15:01:46 +0000] "GET /buy.php?detail/13501974669714 HTTP/1.1" 200 157673 "https://inception-blue.com/buy.php?detail/26303009819298" "Mozilla/5.0 AppleWebKit/537.36 (KHTML, like Gecko; compatible; GPTBot/1.3; +https://openai.com/gptbot)"
2001:41d0:303:6f0b::1 - - [19/Mar/2026:15:01:48 +0000] "GET /comments/feed/?dir=/var/cache/man/pt&read=/var/cache/man/pt/index.db HTTP/1.1" 301 12183 "-" "Mozilla/5.0 (compatible; MJ12bot/v1.4.8; http://mj12bot.com/)"
159.223.142.74 - - [19/Mar/2026:15:01:49 +0000] "POST /wp-cron.php?doing_wp_cron=1773932509.4778149127960205078125 HTTP/1.1" 403 185483 "-" "WordPress/6.9.4; https://inception-blue.com"
74.7.241.28 - - [19/Mar/2026:15:01:50 +0000] "GET /buy.php?detail/26701471573344 HTTP/1.1" 200 157533 "https://inception-blue.com/buy.php?detail/15103665091641" "Mozilla/5.0 AppleWebKit/537.36 (KHTML, like Gecko; compatible; GPTBot/1.3; +https://openai.com/gptbot)"
74.7.241.28 - - [19/Mar/2026:15:01:53 +0000] "GET /buy.php?detail/08001458329696 HTTP/1.1" 200 162132 "https://inception-blue.com/buy.php?detail/08000709865017" "Mozilla/5.0 AppleWebKit/537.36 (KHTML, like Gecko; compatible; GPTBot/1.3; +https://openai.com/gptbot)"
2001:41d0:303:6f0b::1 - - [19/Mar/2026:15:01:56 +0000] "GET /comments/feed/?dir=/var/cache/man/pt_BR&read=/var/cache/man/pt_BR/CACHEDIR.TAG HTTP/1.1" 301 12402 "-" "Mozilla/5.0 (compatible; MJ12bot/v1.4.8; http://mj12bot.com/)"
74.7.241.28 - - [19/Mar/2026:15:01:56 +0000] "GET /buy.php?detail/23402708258896 HTTP/1.1" 200 159123 "https://inception-blue.com/buy.php?detail/21500441002648" "Mozilla/5.0 AppleWebKit/537.36 (KHTML, like Gecko; compatible; GPTBot/1.3; +https://openai.com/gptbot)"
74.7.241.28 - - [19/Mar/2026:15:01:59 +0000] "GET /buy.php?detail/21501707043599 HTTP/1.1" 200 158755 "https://inception-blue.com/buy.php?detail/2150099447383" "Mozilla/5.0 AppleWebKit/537.36 (KHTML, like Gecko; compatible; GPTBot/1.3; +https://openai.com/gptbot)"
2001:41d0:303:6f0b::1 - - [19/Mar/2026:15:02:01 +0000] "GET /comments/feed/?dir=%2Fvar%2Fcache%2Fman%2Fpt_BR&read=%2Fvar%2Fcache%2Fman%2Fpt_BR%2FCACHEDIR.TAG HTTP/1.1" 200 14136 "-" "Mozilla/5.0 (compatible; MJ12bot/v1.4.8; http://mj12bot.com/)"
74.7.241.28 - - [19/Mar/2026:15:02:02 +0000] "GET /buy.php?detail/09704500774438 HTTP/1.1" 200 159610 "https://inception-blue.com/buy.php?detail/00304689656851" "Mozilla/5.0 AppleWebKit/537.36 (KHTML, like Gecko; compatible; GPTBot/1.3; +https://openai.com/gptbot)"
2001:41d0:303:6f0b::1 - - [19/Mar/2026:15:02:05 +0000] "GET /comments/feed/?dir=/var/cache/man/pt_BR&read=/var/cache/man/pt_BR/index.db HTTP/1.1" 301 12204 "-" "Mozilla/5.0 (compatible; MJ12bot/v1.4.8; http://mj12bot.com/)"
74.7.241.28 - - [19/Mar/2026:15:02:06 +0000] "GET /buy.php?220005027.htm HTTP/1.1" 200 158155 "https://inception-blue.com/buy.php?220007085.htm" "Mozilla/5.0 AppleWebKit/537.36 (KHTML, like Gecko; compatible; GPTBot/1.3; +https://openai.com/gptbot)"
74.7.241.28 - - [19/Mar/2026:15:02:09 +0000] "GET /buy.php?detail/03800047647232 HTTP/1.1" 200 170759 "https://inception-blue.com/buy.php?detail/03800256065510" "Mozilla/5.0 AppleWebKit/537.36 (KHTML, like Gecko; compatible; GPTBot/1.3; +https://openai.com/gptbot)"
2001:41d0:303:6f0b::1 - - [19/Mar/2026:15:02:10 +0000] "GET /comments/feed/?dir=%2Fvar%2Fcache%2Fman%2Fpt_BR&read=%2Fvar%2Fcache%2Fman%2Fpt_BR%2Findex.db HTTP/1.1" 200 13934 "-" "Mozilla/5.0 (compatible; MJ12bot/v1.4.8; http://mj12bot.com/)"
66.249.77.8 - - [19/Mar/2026:15:02:10 +0000] "GET /1673645 HTTP/1.1" 200 387699 "-" "Mozilla/5.0 (Linux; Android 6.0.1; Nexus 5X Build/MMB29P) AppleWebKit/537.36 (KHTML, like Gecko) Chrome/145.0.7632.159 Mobile Safari/537.36 (compatible; Googlebot/2.1; +http://www.google.com/bot.html)"
74.7.241.28 - - [19/Mar/2026:15:02:12 +0000] "GET /buy.php?014000103.htm HTTP/1.1" 200 161766 "https://inception-blue.com/buy.php?m22209124975" "Mozilla/5.0 AppleWebKit/537.36 (KHTML, like Gecko; compatible; GPTBot/1.3; +https://openai.com/gptbot)"
2001:41d0:303:6f0b::1 - - [19/Mar/2026:15:02:15 +0000] "GET /comments/feed/?dir=/var/cache/man/ru&read=/var/cache/man/ru/CACHEDIR.TAG HTTP/1.1" 301 12381 "-" "Mozilla/5.0 (compatible; MJ12bot/v1.4.8; http://mj12bot.com/)"
74.7.241.28 - - [19/Mar/2026:15:02:15 +0000] "GET /buy.php?m63332708725 HTTP/1.1" 200 159340 "https://inception-blue.com/buy.php?jp/127006912.html" "Mozilla/5.0 AppleWebKit/537.36 (KHTML, like Gecko; compatible; GPTBot/1.3; +https://openai.com/gptbot)"
74.7.241.28 - - [19/Mar/2026:15:02:18 +0000] "GET /buy.php?jp/263001795.html HTTP/1.1" 200 158544 "https://inception-blue.com/buy.php?detail/26301760112781" "Mozilla/5.0 AppleWebKit/537.36 (KHTML, like Gecko; compatible; GPTBot/1.3; +https://openai.com/gptbot)"
2001:41d0:303:6f0b::1 - - [19/Mar/2026:15:02:19 +0000] "GET /comments/feed/?dir=%2Fvar%2Fcache%2Fman%2Fru&read=%2Fvar%2Fcache%2Fman%2Fru%2FCACHEDIR.TAG HTTP/1.1" 200 14109 "-" "Mozilla/5.0 (compatible; MJ12bot/v1.4.8; http://mj12bot.com/)"
74.7.241.28 - - [19/Mar/2026:15:02:21 +0000] "GET /buy.php?detail/13500774583569 HTTP/1.1" 200 163934 "https://inception-blue.com/buy.php?detail/13501974669714" "Mozilla/5.0 AppleWebKit/537.36 (KHTML, like Gecko; compatible; GPTBot/1.3; +https://openai.com/gptbot)"
2001:41d0:303:6f0b::1 - - [19/Mar/2026:15:02:24 +0000] "GET /comments/feed/?dir=/var/cache/man/ru&read=/var/cache/man/ru/index.db HTTP/1.1" 301 12183 "-" "Mozilla/5.0 (compatible; MJ12bot/v1.4.8; http://mj12bot.com/)"
74.7.241.28 - - [19/Mar/2026:15:02:25 +0000] "GET /buy.php?detail/23702972151653 HTTP/1.1" 200 154375 "https://inception-blue.com/buy.php?detail/26701471573344" "Mozilla/5.0 AppleWebKit/537.36 (KHTML, like Gecko; compatible; GPTBot/1.3; +https://openai.com/gptbot)"
74.7.241.28 - - [19/Mar/2026:15:02:28 +0000] "GET /buy.php?detail/08000504331698 HTTP/1.1" 200 171839 "https://inception-blue.com/buy.php?detail/08001458329696" "Mozilla/5.0 AppleWebKit/537.36 (KHTML, like Gecko; compatible; GPTBot/1.3; +https://openai.com/gptbot)"
2001:41d0:303:6f0b::1 - - [19/Mar/2026:15:02:28 +0000] "GET /comments/feed/?dir=%2Fvar%2Fcache%2Fman%2Fru&read=%2Fvar%2Fcache%2Fman%2Fru%2Findex.db HTTP/1.1" 200 13907 "-" "Mozilla/5.0 (compatible; MJ12bot/v1.4.8; http://mj12bot.com/)"
74.7.241.28 - - [19/Mar/2026:15:02:31 +0000] "GET /buy.php?054000781.htm HTTP/1.1" 200 155205 "https://inception-blue.com/buy.php?m33476111658" "Mozilla/5.0 AppleWebKit/537.36 (KHTML, like Gecko; compatible; GPTBot/1.3; +https://openai.com/gptbot)"
74.7.241.28 - - [19/Mar/2026:15:02:34 +0000] "GET /buy.php?080003687.htm HTTP/1.1" 200 154877 "https://inception-blue.com/buy.php?080002975.htm" "Mozilla/5.0 AppleWebKit/537.36 (KHTML, like Gecko; compatible; GPTBot/1.3; +https://openai.com/gptbot)"
2001:41d0:303:6f0b::1 - - [19/Mar/2026:15:02:37 +0000] "GET /comments/feed/?dir=/var/cache/man/sk&read=/var/cache/man/sk/index.db HTTP/1.1" 301 12183 "-" "Mozilla/5.0 (compatible; MJ12bot/v1.4.8; http://mj12bot.com/)"
74.7.241.28 - - [19/Mar/2026:15:02:37 +0000] "GET /buy.php?142006111.htm HTTP/1.1" 200 152344 "https://inception-blue.com/buy.php?m26769111398" "Mozilla/5.0 AppleWebKit/537.36 (KHTML, like Gecko; compatible; GPTBot/1.3; +https://openai.com/gptbot)"
74.7.241.28 - - [19/Mar/2026:15:02:40 +0000] "GET /buy.php?080000655.htm HTTP/1.1" 200 155572 "https://inception-blue.com/buy.php?080006071.htm" "Mozilla/5.0 AppleWebKit/537.36 (KHTML, like Gecko; compatible; GPTBot/1.3; +https://openai.com/gptbot)"
74.7.241.28 - - [19/Mar/2026:15:02:44 +0000] "GET /buy.php?detail/03800785348124 HTTP/1.1" 200 158157 "https://inception-blue.com/buy.php?detail/03800047647232" "Mozilla/5.0 AppleWebKit/537.36 (KHTML, like Gecko; compatible; GPTBot/1.3; +https://openai.com/gptbot)"
74.7.241.28 - - [19/Mar/2026:15:02:47 +0000] "GET /buy.php?detail/11902976137952 HTTP/1.1" 200 158117 "https://inception-blue.com/buy.php?detail/03800047647232" "Mozilla/5.0 AppleWebKit/537.36 (KHTML, like Gecko; compatible; GPTBot/1.3; +https://openai.com/gptbot)"
74.7.241.28 - - [19/Mar/2026:15:02:50 +0000] "GET /buy.php?detail/16601696994995 HTTP/1.1" 200 143165 "https://inception-blue.com/buy.php?m63332708725" "Mozilla/5.0 AppleWebKit/537.36 (KHTML, like Gecko; compatible; GPTBot/1.3; +https://openai.com/gptbot)"
74.7.241.28 - - [19/Mar/2026:15:02:53 +0000] "GET /buy.php?014000145.htm HTTP/1.1" 200 160950 "https://inception-blue.com/buy.php?m22209124975" "Mozilla/5.0 AppleWebKit/537.36 (KHTML, like Gecko; compatible; GPTBot/1.3; +https://openai.com/gptbot)"
74.7.241.28 - - [19/Mar/2026:15:02:56 +0000] "GET /buy.php?080000349.htm HTTP/1.1" 200 153717 "https://inception-blue.com/buy.php?080006071.htm" "Mozilla/5.0 AppleWebKit/537.36 (KHTML, like Gecko; compatible; GPTBot/1.3; +https://openai.com/gptbot)"
159.223.142.74 - - [19/Mar/2026:15:02:59 +0000] "POST /wp-cron.php?doing_wp_cron=1773932579.0636839866638183593750 HTTP/1.1" 403 185482 "-" "WordPress/6.9.4; https://inception-blue.com"
2001:41d0:303:6f0b::1 - - [19/Mar/2026:15:02:58 +0000] "GET /comments/feed/?dir=/var/cache/dnf/wp-toolkit-cpanel-8cc53c7a0dd000e3 HTTP/1.1" 301 18593 "-" "Mozilla/5.0 (compatible; MJ12bot/v1.4.8; http://mj12bot.com/)"
74.7.241.28 - - [19/Mar/2026:15:03:00 +0000] "GET /buy.php?detail/27402747189148 HTTP/1.1" 200 159304 "https://inception-blue.com/buy.php?detail/23702972151653" "Mozilla/5.0 AppleWebKit/537.36 (KHTML, like Gecko; compatible; GPTBot/1.3; +https://openai.com/gptbot)"
66.249.77.8 - - [19/Mar/2026:15:03:00 +0000] "GET /75413718 HTTP/1.1" 200 397078 "-" "Mozilla/5.0 (Linux; Android 6.0.1; Nexus 5X Build/MMB29P) AppleWebKit/537.36 (KHTML, like Gecko) Chrome/145.0.7632.159 Mobile Safari/537.36 (compatible; Googlebot/2.1; +http://www.google.com/bot.html)"
2001:41d0:303:6f0b::1 - - [19/Mar/2026:15:03:02 +0000] "GET /comments/feed/?dir=%2Fvar%2Fcache%2Fdnf%2Fwp-toolkit-cpanel-8cc53c7a0dd000e3 HTTP/1.1" 200 20302 "-" "Mozilla/5.0 (compatible; MJ12bot/v1.4.8; http://mj12bot.com/)"
74.7.241.28 - - [19/Mar/2026:15:03:03 +0000] "GET /buy.php?m46982261333 HTTP/1.1" 200 167423 "https://inception-blue.com/buy.php?detail/23702972151653" "Mozilla/5.0 AppleWebKit/537.36 (KHTML, like Gecko; compatible; GPTBot/1.3; +https://openai.com/gptbot)"
74.7.241.28 - - [19/Mar/2026:15:03:06 +0000] "GET /buy.php?detail/14601996622857 HTTP/1.1" 200 157116 "https://inception-blue.com/buy.php?detail/09704500774438" "Mozilla/5.0 AppleWebKit/537.36 (KHTML, like Gecko; compatible; GPTBot/1.3; +https://openai.com/gptbot)"
74.7.241.28 - - [19/Mar/2026:15:03:09 +0000] "GET /buy.php?080005731.htm HTTP/1.1" 200 152593 "https://inception-blue.com/buy.php?080003687.htm" "Mozilla/5.0 AppleWebKit/537.36 (KHTML, like Gecko; compatible; GPTBot/1.3; +https://openai.com/gptbot)"
74.7.241.28 - - [19/Mar/2026:15:03:12 +0000] "GET /buy.php?detail/19200757694189 HTTP/1.1" 200 165661 "https://inception-blue.com/buy.php?detail/00304689656851" "Mozilla/5.0 AppleWebKit/537.36 (KHTML, like Gecko; compatible; GPTBot/1.3; +https://openai.com/gptbot)"
2001:41d0:303:6f0b::1 - - [19/Mar/2026:15:03:14 +0000] "GET /comments/feed/?dir=/var/cache/kcare/patches/none-dcef1ea2d18c1b8ad5670d938c725adaee8ecb4a-86-free&read=/var/cache/kcare/patches/none-dcef1ea2d18c1b8ad5670d938c725adaee8ecb4a-86-free/kcare.ko HTTP/1.1" 301 11898 "-" "Mozilla/5.0 (compatible; MJ12bot/v1.4.8; http://mj12bot.com/)"
74.7.241.28 - - [19/Mar/2026:15:03:15 +0000] "GET /buy.php?m28216444005 HTTP/1.1" 200 161657 "https://inception-blue.com/buy.php?080000655.htm" "Mozilla/5.0 AppleWebKit/537.36 (KHTML, like Gecko; compatible; GPTBot/1.3; +https://openai.com/gptbot)"
74.7.241.28 - - [19/Mar/2026:15:03:19 +0000] "GET /buy.php?detail/18104535682890 HTTP/1.1" 200 168875 "https://inception-blue.com/buy.php?detail/03800785348124" "Mozilla/5.0 AppleWebKit/537.36 (KHTML, like Gecko; compatible; GPTBot/1.3; +https://openai.com/gptbot)"
2001:41d0:303:6f0b::1 - - [19/Mar/2026:15:03:22 +0000] "GET /comments/feed/?dir=/var/cache/kcare/patches/none-dcef1ea2d18c1b8ad5670d938c725adaee8ecb4a-86-free&read=/var/cache/kcare/patches/none-dcef1ea2d18c1b8ad5670d938c725adaee8ecb4a-86-free/kpatch.free.bin HTTP/1.1" 301 11898 "-" "Mozilla/5.0 (compatible; MJ12bot/v1.4.8; http://mj12bot.com/)"
74.7.241.28 - - [19/Mar/2026:15:03:22 +0000] "GET /buy.php?detail/11903251006313 HTTP/1.1" 200 155524 "https://inception-blue.com/buy.php?detail/11902976137952" "Mozilla/5.0 AppleWebKit/537.36 (KHTML, like Gecko; compatible; GPTBot/1.3; +https://openai.com/gptbot)"
74.7.241.28 - - [19/Mar/2026:15:03:25 +0000] "GET /buy.php?detail/24600390691163 HTTP/1.1" 200 143711 "https://inception-blue.com/buy.php?detail/11902976137952" "Mozilla/5.0 AppleWebKit/537.36 (KHTML, like Gecko; compatible; GPTBot/1.3; +https://openai.com/gptbot)"
74.7.241.28 - - [19/Mar/2026:15:03:28 +0000] "GET /buy.php?detail/05200657964713 HTTP/1.1" 200 154062 "https://inception-blue.com/buy.php?detail/05201341913857" "Mozilla/5.0 AppleWebKit/537.36 (KHTML, like Gecko; compatible; GPTBot/1.3; +https://openai.com/gptbot)"
2001:41d0:303:6f0b::1 - - [19/Mar/2026:15:03:30 +0000] "GET /comments/feed/?dir=/var/cache/kcare/patches/none-dcef1ea2d18c1b8ad5670d938c725adaee8ecb4a-86-free&read=/var/cache/kcare/patches/none-dcef1ea2d18c1b8ad5670d938c725adaee8ecb4a-86-free/release.content.json HTTP/1.1" 301 11898 "-" "Mozilla/5.0 (compatible; MJ12bot/v1.4.8; http://mj12bot.com/)"
74.7.241.28 - - [19/Mar/2026:15:03:31 +0000] "GET /buy.php?shopbrand/strictly/080012070.htm HTTP/1.1" 200 159628 "https://inception-blue.com/buy.php?080000349.htm" "Mozilla/5.0 AppleWebKit/537.36 (KHTML, like Gecko; compatible; GPTBot/1.3; +https://openai.com/gptbot)"
2001:41d0:303:6f0b::1 - - [19/Mar/2026:15:03:34 +0000] "GET /comments/feed/?dir=%2Fvar%2Fcache%2Fkcare%2Fpatches%2Fnone-dcef1ea2d18c1b8ad5670d938c725adaee8ecb4a-86-free&read=%2Fvar%2Fcache%2Fkcare%2Fpatches%2Fnone-dcef1ea2d18c1b8ad5670d938c725adaee8ecb4a-86-free%2Frelease.content.json HTTP/1.1" 200 13760 "-" "Mozilla/5.0 (compatible; MJ12bot/v1.4.8; http://mj12bot.com/)"
74.7.241.28 - - [19/Mar/2026:15:03:34 +0000] "GET /buy.php?detail/06204346804411 HTTP/1.1" 200 155137 "https://inception-blue.com/buy.php?detail/27402747189148" "Mozilla/5.0 AppleWebKit/537.36 (KHTML, like Gecko; compatible; GPTBot/1.3; +https://openai.com/gptbot)"
74.7.241.28 - - [19/Mar/2026:15:03:38 +0000] "GET /buy.php?detail/18701549372764 HTTP/1.1" 200 144917 "https://inception-blue.com/buy.php?detail/14600278183899" "Mozilla/5.0 AppleWebKit/537.36 (KHTML, like Gecko; compatible; GPTBot/1.3; +https://openai.com/gptbot)"
74.7.241.28 - - [19/Mar/2026:15:03:41 +0000] "GET /buy.php?detail/14600708331918 HTTP/1.1" 200 155184 "https://inception-blue.com/buy.php?detail/14601996622857" "Mozilla/5.0 AppleWebKit/537.36 (KHTML, like Gecko; compatible; GPTBot/1.3; +https://openai.com/gptbot)"
2001:41d0:303:6f0b::1 - - [19/Mar/2026:15:03:43 +0000] "GET /comments/feed/?dir=/var/cache/man/id&read=/var/cache/man/id/index.db HTTP/1.1" 301 12183 "-" "Mozilla/5.0 (compatible; MJ12bot/v1.4.8; http://mj12bot.com/)"
74.7.241.28 - - [19/Mar/2026:15:03:44 +0000] "GET /buy.php?detail/10704709318255 HTTP/1.1" 200 152179 "https://inception-blue.com/buy.php?detail/14601996622857" "Mozilla/5.0 AppleWebKit/537.36 (KHTML, like Gecko; compatible; GPTBot/1.3; +https://openai.com/gptbot)"
2001:41d0:303:6f0b::1 - - [19/Mar/2026:15:03:47 +0000] "GET /comments/feed/?dir=%2Fvar%2Fcache%2Fman%2Fid&read=%2Fvar%2Fcache%2Fman%2Fid%2Findex.db HTTP/1.1" 200 13907 "-" "Mozilla/5.0 (compatible; MJ12bot/v1.4.8; http://mj12bot.com/)"
74.7.241.28 - - [19/Mar/2026:15:03:47 +0000] "GET /buy.php?detail/12901846553380 HTTP/1.1" 200 160730 "https://inception-blue.com/buy.php?detail/19200757694189" "Mozilla/5.0 AppleWebKit/537.36 (KHTML, like Gecko; compatible; GPTBot/1.3; +https://openai.com/gptbot)"
66.249.77.7 - - [19/Mar/2026:15:03:50 +0000] "GET /6791746 HTTP/1.1" 200 312620 "-" "Mozilla/5.0 (Linux; Android 6.0.1; Nexus 5X Build/MMB29P) AppleWebKit/537.36 (KHTML, like Gecko) Chrome/145.0.7632.159 Mobile Safari/537.36 (compatible; Googlebot/2.1; +http://www.google.com/bot.html)"
2001:41d0:303:6f0b::1 - - [19/Mar/2026:15:03:51 +0000] "GET /comments/feed/?dir=/var/cache/man/it&read=/var/cache/man/it/CACHEDIR.TAG HTTP/1.1" 301 12381 "-" "Mozilla/5.0 (compatible; MJ12bot/v1.4.8; http://mj12bot.com/)"
74.7.241.28 - - [19/Mar/2026:15:03:50 +0000] "GET /buy.php?017000490.htm HTTP/1.1" 200 161906 "https://inception-blue.com/buy.php?m28216444005" "Mozilla/5.0 AppleWebKit/537.36 (KHTML, like Gecko; compatible; GPTBot/1.3; +https://openai.com/gptbot)"
74.7.241.28 - - [19/Mar/2026:15:03:54 +0000] "GET /buy.php?detail/25801657305969 HTTP/1.1" 200 164967 "https://inception-blue.com/buy.php?detail/25800950436685" "Mozilla/5.0 AppleWebKit/537.36 (KHTML, like Gecko; compatible; GPTBot/1.3; +https://openai.com/gptbot)"
2001:41d0:303:6f0b::1 - - [19/Mar/2026:15:03:56 +0000] "GET /comments/feed/?dir=%2Fvar%2Fcache%2Fman%2Fit&read=%2Fvar%2Fcache%2Fman%2Fit%2FCACHEDIR.TAG HTTP/1.1" 200 14109 "-" "Mozilla/5.0 (compatible; MJ12bot/v1.4.8; http://mj12bot.com/)"
74.7.241.28 - - [19/Mar/2026:15:03:57 +0000] "GET /buy.php?detail/17903447452669 HTTP/1.1" 200 158868 "https://inception-blue.com/buy.php?detail/23903785572874" "Mozilla/5.0 AppleWebKit/537.36 (KHTML, like Gecko; compatible; GPTBot/1.3; +https://openai.com/gptbot)"
74.7.241.28 - - [19/Mar/2026:15:04:00 +0000] "GET /buy.php?detail/26102436859806 HTTP/1.1" 200 150882 "https://inception-blue.com/buy.php?detail/19102877252794" "Mozilla/5.0 AppleWebKit/537.36 (KHTML, like Gecko; compatible; GPTBot/1.3; +https://openai.com/gptbot)"
2001:41d0:303:6f0b::1 - - [19/Mar/2026:15:04:00 +0000] "GET /comments/feed/?dir=/var/cache/man/it&read=/var/cache/man/it/index.db HTTP/1.1" 301 12183 "-" "Mozilla/5.0 (compatible; MJ12bot/v1.4.8; http://mj12bot.com/)"
159.223.142.74 - - [19/Mar/2026:15:04:01 +0000] "POST /wp-cron.php?doing_wp_cron=1773932641.8255200386047363281250 HTTP/1.1" 403 185482 "-" "WordPress/6.9.4; https://inception-blue.com"
74.7.241.28 - - [19/Mar/2026:15:04:03 +0000] "GET /buy.php?detail/16001215540895 HTTP/1.1" 200 153597 "https://inception-blue.com/buy.php?detail/05200657964713" "Mozilla/5.0 AppleWebKit/537.36 (KHTML, like Gecko; compatible; GPTBot/1.3; +https://openai.com/gptbot)"
2001:41d0:303:6f0b::1 - - [19/Mar/2026:15:04:05 +0000] "GET /comments/feed/?dir=%2Fvar%2Fcache%2Fman%2Fit&read=%2Fvar%2Fcache%2Fman%2Fit%2Findex.db HTTP/1.1" 200 13907 "-" "Mozilla/5.0 (compatible; MJ12bot/v1.4.8; http://mj12bot.com/)"
74.7.241.28 - - [19/Mar/2026:15:04:06 +0000] "GET /buy.php?detail/25400214672913 HTTP/1.1" 200 165003 "https://inception-blue.com/buy.php?detail/25400491314442" "Mozilla/5.0 AppleWebKit/537.36 (KHTML, like Gecko; compatible; GPTBot/1.3; +https://openai.com/gptbot)"
74.7.241.28 - - [19/Mar/2026:15:04:09 +0000] "GET /buy.php?detail/08401603757329 HTTP/1.1" 200 159794 "https://inception-blue.com/buy.php?goods/091005478" "Mozilla/5.0 AppleWebKit/537.36 (KHTML, like Gecko; compatible; GPTBot/1.3; +https://openai.com/gptbot)"
2001:41d0:303:6f0b::1 - - [19/Mar/2026:15:04:09 +0000] "GET /comments/feed/?dir=/var/cache/man/ja&read=/var/cache/man/ja/index.db HTTP/1.1" 301 12183 "-" "Mozilla/5.0 (compatible; MJ12bot/v1.4.8; http://mj12bot.com/)"
74.7.241.28 - - [19/Mar/2026:15:04:12 +0000] "GET /buy.php?detail/10400886325673 HTTP/1.1" 200 154312 "https://inception-blue.com/buy.php?detail/10400778937283" "Mozilla/5.0 AppleWebKit/537.36 (KHTML, like Gecko; compatible; GPTBot/1.3; +https://openai.com/gptbot)"
2001:41d0:303:6f0b::1 - - [19/Mar/2026:15:04:14 +0000] "GET /comments/feed/?dir=%2Fvar%2Fcache%2Fman%2Fja&read=%2Fvar%2Fcache%2Fman%2Fja%2Findex.db HTTP/1.1" 200 13907 "-" "Mozilla/5.0 (compatible; MJ12bot/v1.4.8; http://mj12bot.com/)"
74.7.241.28 - - [19/Mar/2026:15:04:15 +0000] "GET /buy.php?detail/00202386687602 HTTP/1.1" 200 155631 "https://inception-blue.com/buy.php?detail/14600708331918" "Mozilla/5.0 AppleWebKit/537.36 (KHTML, like Gecko; compatible; GPTBot/1.3; +https://openai.com/gptbot)"
2001:41d0:303:6f0b::1 - - [19/Mar/2026:15:04:19 +0000] "GET /comments/feed/?dir=/var/cache/man/ko&read=/var/cache/man/ko/CACHEDIR.TAG HTTP/1.1" 301 12381 "-" "Mozilla/5.0 (compatible; MJ12bot/v1.4.8; http://mj12bot.com/)"
74.7.241.28 - - [19/Mar/2026:15:04:19 +0000] "GET /buy.php?detail/18904421954515 HTTP/1.1" 200 155367 "https://inception-blue.com/buy.php?detail/10704709318255" "Mozilla/5.0 AppleWebKit/537.36 (KHTML, like Gecko; compatible; GPTBot/1.3; +https://openai.com/gptbot)"
74.7.241.28 - - [19/Mar/2026:15:04:22 +0000] "GET /buy.php?detail/11204868457101 HTTP/1.1" 200 156510 "https://inception-blue.com/buy.php?detail/14600708331918" "Mozilla/5.0 AppleWebKit/537.36 (KHTML, like Gecko; compatible; GPTBot/1.3; +https://openai.com/gptbot)"
2001:41d0:303:6f0b::1 - - [19/Mar/2026:15:04:24 +0000] "GET /comments/feed/?dir=%2Fvar%2Fcache%2Fman%2Fko&read=%2Fvar%2Fcache%2Fman%2Fko%2FCACHEDIR.TAG HTTP/1.1" 200 14109 "-" "Mozilla/5.0 (compatible; MJ12bot/v1.4.8; http://mj12bot.com/)"
74.7.241.28 - - [19/Mar/2026:15:04:25 +0000] "GET /buy.php?017000938.htm HTTP/1.1" 200 163587 "https://inception-blue.com/buy.php?017000490.htm" "Mozilla/5.0 AppleWebKit/537.36 (KHTML, like Gecko; compatible; GPTBot/1.3; +https://openai.com/gptbot)"
2001:41d0:303:6f0b::1 - - [19/Mar/2026:15:04:28 +0000] "GET /comments/feed/?dir=/var/cache/man/ko&read=/var/cache/man/ko/index.db HTTP/1.1" 301 12183 "-" "Mozilla/5.0 (compatible; MJ12bot/v1.4.8; http://mj12bot.com/)"
74.7.241.28 - - [19/Mar/2026:15:04:28 +0000] "GET /buy.php?017000976.htm HTTP/1.1" 200 154276 "https://inception-blue.com/buy.php?017000490.htm" "Mozilla/5.0 AppleWebKit/537.36 (KHTML, like Gecko; compatible; GPTBot/1.3; +https://openai.com/gptbot)"
74.7.241.28 - - [19/Mar/2026:15:04:31 +0000] "GET /buy.php?detail/17901591740929 HTTP/1.1" 200 152699 "https://inception-blue.com/buy.php?detail/17903447452669" "Mozilla/5.0 AppleWebKit/537.36 (KHTML, like Gecko; compatible; GPTBot/1.3; +https://openai.com/gptbot)"
2001:41d0:303:6f0b::1 - - [19/Mar/2026:15:04:33 +0000] "GET /comments/feed/?dir=%2Fvar%2Fcache%2Fman%2Fko&read=%2Fvar%2Fcache%2Fman%2Fko%2Findex.db HTTP/1.1" 200 13907 "-" "Mozilla/5.0 (compatible; MJ12bot/v1.4.8; http://mj12bot.com/)"
74.7.241.28 - - [19/Mar/2026:15:04:34 +0000] "GET /buy.php?detail/26100756573307 HTTP/1.1" 200 149738 "https://inception-blue.com/buy.php?detail/26102436859806" "Mozilla/5.0 AppleWebKit/537.36 (KHTML, like Gecko; compatible; GPTBot/1.3; +https://openai.com/gptbot)"
2001:41d0:303:6f0b::1 - - [19/Mar/2026:15:04:37 +0000] "GET /comments/feed/?dir=/var/cache/man/local&read=/var/cache/man/local/CACHEDIR.TAG HTTP/1.1" 301 12402 "-" "Mozilla/5.0 (compatible; MJ12bot/v1.4.8; http://mj12bot.com/)"
74.7.241.28 - - [19/Mar/2026:15:04:37 +0000] "GET /buy.php?detail/15401628279652 HTTP/1.1" 200 155301 "https://inception-blue.com/buy.php?detail/15400884890703" "Mozilla/5.0 AppleWebKit/537.36 (KHTML, like Gecko; compatible; GPTBot/1.3; +https://openai.com/gptbot)"
66.249.77.8 - - [19/Mar/2026:15:04:40 +0000] "GET /4961553 HTTP/1.1" 200 310929 "-" "Mozilla/5.0 (Linux; Android 6.0.1; Nexus 5X Build/MMB29P) AppleWebKit/537.36 (KHTML, like Gecko) Chrome/145.0.7632.159 Mobile Safari/537.36 (compatible; Googlebot/2.1; +http://www.google.com/bot.html)"
2001:41d0:303:6f0b::1 - - [19/Mar/2026:15:04:42 +0000] "GET /comments/feed/?dir=%2Fvar%2Fcache%2Fman%2Flocal&read=%2Fvar%2Fcache%2Fman%2Flocal%2FCACHEDIR.TAG HTTP/1.1" 200 14136 "-" "Mozilla/5.0 (compatible; MJ12bot/v1.4.8; http://mj12bot.com/)"
74.7.241.28 - - [19/Mar/2026:15:04:40 +0000] "GET /buy.php?detail/07103736029185 HTTP/1.1" 200 154550 "https://inception-blue.com/buy.php?detail/29501870306510" "Mozilla/5.0 AppleWebKit/537.36 (KHTML, like Gecko; compatible; GPTBot/1.3; +https://openai.com/gptbot)"
74.7.241.28 - - [19/Mar/2026:15:04:43 +0000] "GET /buy.php?detail/08400192804046 HTTP/1.1" 200 154294 "https://inception-blue.com/buy.php?detail/08401603757329" "Mozilla/5.0 AppleWebKit/537.36 (KHTML, like Gecko; compatible; GPTBot/1.3; +https://openai.com/gptbot)"
2001:41d0:303:6f0b::1 - - [19/Mar/2026:15:04:46 +0000] "GET /comments/feed/?dir=/var/cache/man/nl&read=/var/cache/man/nl/index.db HTTP/1.1" 301 12183 "-" "Mozilla/5.0 (compatible; MJ12bot/v1.4.8; http://mj12bot.com/)"
74.7.241.28 - - [19/Mar/2026:15:04:47 +0000] "GET /buy.php?detail/10400888588861 HTTP/1.1" 200 158643 "https://inception-blue.com/buy.php?detail/10400886325673" "Mozilla/5.0 AppleWebKit/537.36 (KHTML, like Gecko; compatible; GPTBot/1.3; +https://openai.com/gptbot)"
74.7.241.28 - - [19/Mar/2026:15:04:50 +0000] "GET /buy.php?detail/00201125825014 HTTP/1.1" 200 155949 "https://inception-blue.com/buy.php?detail/00202386687602" "Mozilla/5.0 AppleWebKit/537.36 (KHTML, like Gecko; compatible; GPTBot/1.3; +https://openai.com/gptbot)"
2001:41d0:303:6f0b::1 - - [19/Mar/2026:15:04:51 +0000] "GET /comments/feed/?dir=%2Fvar%2Fcache%2Fman%2Fnl&read=%2Fvar%2Fcache%2Fman%2Fnl%2Findex.db HTTP/1.1" 200 13907 "-" "Mozilla/5.0 (compatible; MJ12bot/v1.4.8; http://mj12bot.com/)"
74.7.241.28 - - [19/Mar/2026:15:04:53 +0000] "GET /buy.php?detail/10401052861805 HTTP/1.1" 200 155437 "https://inception-blue.com/buy.php?detail/10400886325673" "Mozilla/5.0 AppleWebKit/537.36 (KHTML, like Gecko; compatible; GPTBot/1.3; +https://openai.com/gptbot)"
2001:41d0:303:6f0b::1 - - [19/Mar/2026:15:04:55 +0000] "GET /comments/feed/?dir=/var/cache/man/pl&read=/var/cache/man/pl/CACHEDIR.TAG HTTP/1.1" 301 12381 "-" "Mozilla/5.0 (compatible; MJ12bot/v1.4.8; http://mj12bot.com/)"
74.7.241.28 - - [19/Mar/2026:15:04:56 +0000] "GET /buy.php?jp/112028863.html HTTP/1.1" 200 163714 "https://inception-blue.com/buy.php?detail/11204868457101" "Mozilla/5.0 AppleWebKit/537.36 (KHTML, like Gecko; compatible; GPTBot/1.3; +https://openai.com/gptbot)"
2001:41d0:303:6f0b::1 - - [19/Mar/2026:15:05:00 +0000] "GET /comments/feed/?dir=%2Fvar%2Fcache%2Fman%2Fpl&read=%2Fvar%2Fcache%2Fman%2Fpl%2FCACHEDIR.TAG HTTP/1.1" 200 14109 "-" "Mozilla/5.0 (compatible; MJ12bot/v1.4.8; http://mj12bot.com/)"
74.7.241.28 - - [19/Mar/2026:15:04:59 +0000] "GET /buy.php?detail/25003456069742 HTTP/1.1" 200 148091 "https://inception-blue.com/buy.php?detail/08401603757329" "Mozilla/5.0 AppleWebKit/537.36 (KHTML, like Gecko; compatible; GPTBot/1.3; +https://openai.com/gptbot)"
74.7.241.28 - - [19/Mar/2026:15:05:02 +0000] "GET /buy.php?017000046.htm HTTP/1.1" 200 157136 "https://inception-blue.com/buy.php?017000976.htm" "Mozilla/5.0 AppleWebKit/537.36 (KHTML, like Gecko; compatible; GPTBot/1.3; +https://openai.com/gptbot)"
159.223.142.74 - - [19/Mar/2026:15:05:05 +0000] "POST /wp-cron.php?doing_wp_cron=1773932705.6425731182098388671875 HTTP/1.1" 403 185482 "-" "WordPress/6.9.4; https://inception-blue.com"
2001:41d0:303:6f0b::1 - - [19/Mar/2026:15:05:04 +0000] "GET /comments/feed/?dir=/var/cache/man/pl&read=/var/cache/man/pl/index.db HTTP/1.1" 301 12183 "-" "Mozilla/5.0 (compatible; MJ12bot/v1.4.8; http://mj12bot.com/)"
74.7.241.28 - - [19/Mar/2026:15:05:05 +0000] "GET /buy.php?detail/02300663880605 HTTP/1.1" 200 156442 "https://inception-blue.com/buy.php?detail/17901591740929" "Mozilla/5.0 AppleWebKit/537.36 (KHTML, like Gecko; compatible; GPTBot/1.3; +https://openai.com/gptbot)"
74.7.241.28 - - [19/Mar/2026:15:05:09 +0000] "GET /buy.php?detail/10801224099210 HTTP/1.1" 200 145563 "https://inception-blue.com/buy.php?detail/26100756573307" "Mozilla/5.0 AppleWebKit/537.36 (KHTML, like Gecko; compatible; GPTBot/1.3; +https://openai.com/gptbot)"
2001:41d0:303:6f0b::1 - - [19/Mar/2026:15:05:09 +0000] "GET /comments/feed/?dir=%2Fvar%2Fcache%2Fman%2Fpl&read=%2Fvar%2Fcache%2Fman%2Fpl%2Findex.db HTTP/1.1" 200 13907 "-" "Mozilla/5.0 (compatible; MJ12bot/v1.4.8; http://mj12bot.com/)"
