74.7.241.28 - - [19/Mar/2026:12:17:49 +0000] "GET /buy.php?detail/27101670781768 HTTP/1.1" 200 166756 "https://inception-blue.com/buy.php?detail/27102676832336" "Mozilla/5.0 AppleWebKit/537.36 (KHTML, like Gecko; compatible; GPTBot/1.3; +https://openai.com/gptbot)"
74.7.241.28 - - [19/Mar/2026:12:17:52 +0000] "GET /buy.php?200001911.htm HTTP/1.1" 200 141753 "https://inception-blue.com/buy.php?240007941.htm" "Mozilla/5.0 AppleWebKit/537.36 (KHTML, like Gecko; compatible; GPTBot/1.3; +https://openai.com/gptbot)"
74.7.241.28 - - [19/Mar/2026:12:17:55 +0000] "GET /buy.php?detail/23002700306631 HTTP/1.1" 200 150069 "https://inception-blue.com/buy.php?detail/29400185221030" "Mozilla/5.0 AppleWebKit/537.36 (KHTML, like Gecko; compatible; GPTBot/1.3; +https://openai.com/gptbot)"
74.7.241.28 - - [19/Mar/2026:12:17:58 +0000] "GET /buy.php?detail/29401448010122 HTTP/1.1" 200 154995 "https://inception-blue.com/buy.php?detail/29400185221030" "Mozilla/5.0 AppleWebKit/537.36 (KHTML, like Gecko; compatible; GPTBot/1.3; +https://openai.com/gptbot)"
66.249.77.7 - - [19/Mar/2026:12:18:01 +0000] "GET /?e=phr136xjh8898jotobbjr HTTP/1.1" 200 314625 "-" "Mozilla/5.0 (Linux; Android 6.0.1; Nexus 5X Build/MMB29P) AppleWebKit/537.36 (KHTML, like Gecko) Chrome/145.0.7632.159 Mobile Safari/537.36 (compatible; Googlebot/2.1; +http://www.google.com/bot.html)"
74.7.241.28 - - [19/Mar/2026:12:18:01 +0000] "GET /buy.php?detail/15100697710007 HTTP/1.1" 200 157266 "https://inception-blue.com/buy.php?detail/15104211142450" "Mozilla/5.0 AppleWebKit/537.36 (KHTML, like Gecko; compatible; GPTBot/1.3; +https://openai.com/gptbot)"
74.7.241.28 - - [19/Mar/2026:12:18:05 +0000] "GET /buy.php?detail/29401450737922 HTTP/1.1" 200 170521 "https://inception-blue.com/buy.php?detail/29400185221030" "Mozilla/5.0 AppleWebKit/537.36 (KHTML, like Gecko; compatible; GPTBot/1.3; +https://openai.com/gptbot)"
74.7.241.28 - - [19/Mar/2026:12:18:08 +0000] "GET /buy.php?detail/21501195614508 HTTP/1.1" 200 159776 "https://inception-blue.com/buy.php?detail/13601201194435" "Mozilla/5.0 AppleWebKit/537.36 (KHTML, like Gecko; compatible; GPTBot/1.3; +https://openai.com/gptbot)"
74.7.241.28 - - [19/Mar/2026:12:18:11 +0000] "GET /buy.php?detail/13602892358332 HTTP/1.1" 200 159174 "https://inception-blue.com/buy.php?detail/13602898243457" "Mozilla/5.0 AppleWebKit/537.36 (KHTML, like Gecko; compatible; GPTBot/1.3; +https://openai.com/gptbot)"
74.7.241.28 - - [19/Mar/2026:12:18:14 +0000] "GET /buy.php?detail/20402155934470 HTTP/1.1" 200 160498 "https://inception-blue.com/buy.php?detail/29400185221030" "Mozilla/5.0 AppleWebKit/537.36 (KHTML, like Gecko; compatible; GPTBot/1.3; +https://openai.com/gptbot)"
74.7.241.28 - - [19/Mar/2026:12:18:17 +0000] "GET /buy.php?m77793849635 HTTP/1.1" 200 159332 "https://inception-blue.com/buy.php?detail/13601201194435" "Mozilla/5.0 AppleWebKit/537.36 (KHTML, like Gecko; compatible; GPTBot/1.3; +https://openai.com/gptbot)"
74.7.241.28 - - [19/Mar/2026:12:18:20 +0000] "GET /buy.php?240008877.htm HTTP/1.1" 200 162432 "https://inception-blue.com/buy.php?240006053.htm" "Mozilla/5.0 AppleWebKit/537.36 (KHTML, like Gecko; compatible; GPTBot/1.3; +https://openai.com/gptbot)"
216.73.216.36 - - [19/Mar/2026:12:18:22 +0000] "GET /index.php/sitemap.xml HTTP/1.1" 200 311796 "-" "Mozilla/5.0 AppleWebKit/537.36 (KHTML, like Gecko; compatible; ClaudeBot/1.0; +claudebot@anthropic.com)"
74.7.241.28 - - [19/Mar/2026:12:18:24 +0000] "GET /buy.php?240008901.htm HTTP/1.1" 200 158703 "https://inception-blue.com/buy.php?240006053.htm" "Mozilla/5.0 AppleWebKit/537.36 (KHTML, like Gecko; compatible; GPTBot/1.3; +https://openai.com/gptbot)"
74.7.241.28 - - [19/Mar/2026:12:18:27 +0000] "GET /buy.php?270005047.htm HTTP/1.1" 200 151209 "https://inception-blue.com/buy.php?200001911.htm" "Mozilla/5.0 AppleWebKit/537.36 (KHTML, like Gecko; compatible; GPTBot/1.3; +https://openai.com/gptbot)"
74.7.241.28 - - [19/Mar/2026:12:18:30 +0000] "GET /buy.php?detail/25600806194379 HTTP/1.1" 200 158094 "https://inception-blue.com/buy.php?detail/17804910848401" "Mozilla/5.0 AppleWebKit/537.36 (KHTML, like Gecko; compatible; GPTBot/1.3; +https://openai.com/gptbot)"
74.7.241.28 - - [19/Mar/2026:12:18:33 +0000] "GET /buy.php?detail/29703408617801 HTTP/1.1" 200 170207 "https://inception-blue.com/buy.php?detail/08501502807783" "Mozilla/5.0 AppleWebKit/537.36 (KHTML, like Gecko; compatible; GPTBot/1.3; +https://openai.com/gptbot)"
74.7.241.28 - - [19/Mar/2026:12:18:36 +0000] "GET /buy.php?detail/15100344329213 HTTP/1.1" 200 153397 "https://inception-blue.com/buy.php?detail/15100697710007" "Mozilla/5.0 AppleWebKit/537.36 (KHTML, like Gecko; compatible; GPTBot/1.3; +https://openai.com/gptbot)"
74.7.241.28 - - [19/Mar/2026:12:18:40 +0000] "GET /buy.php?detail/10502857535076 HTTP/1.1" 200 164439 "https://inception-blue.com/buy.php?detail/29401450737922" "Mozilla/5.0 AppleWebKit/537.36 (KHTML, like Gecko; compatible; GPTBot/1.3; +https://openai.com/gptbot)"
74.7.241.28 - - [19/Mar/2026:12:18:43 +0000] "GET /buy.php?detail/10000338827556 HTTP/1.1" 200 153041 "https://inception-blue.com/buy.php?detail/21501195614508" "Mozilla/5.0 AppleWebKit/537.36 (KHTML, like Gecko; compatible; GPTBot/1.3; +https://openai.com/gptbot)"
74.7.241.28 - - [19/Mar/2026:12:18:46 +0000] "GET /buy.php?detail/21501285855185 HTTP/1.1" 200 153495 "https://inception-blue.com/buy.php?detail/21501195614508" "Mozilla/5.0 AppleWebKit/537.36 (KHTML, like Gecko; compatible; GPTBot/1.3; +https://openai.com/gptbot)"
66.249.77.7 - - [19/Mar/2026:12:18:51 +0000] "GET /927897927 HTTP/1.1" 200 301161 "-" "Mozilla/5.0 (Linux; Android 6.0.1; Nexus 5X Build/MMB29P) AppleWebKit/537.36 (KHTML, like Gecko) Chrome/145.0.7632.159 Mobile Safari/537.36 (compatible; Googlebot/2.1; +http://www.google.com/bot.html)"
74.7.241.28 - - [19/Mar/2026:12:18:49 +0000] "GET /buy.php?detail/21501412493963 HTTP/1.1" 200 157062 "https://inception-blue.com/buy.php?detail/21501195614508" "Mozilla/5.0 AppleWebKit/537.36 (KHTML, like Gecko; compatible; GPTBot/1.3; +https://openai.com/gptbot)"
74.7.241.28 - - [19/Mar/2026:12:18:52 +0000] "GET /buy.php?detail/29401820217815 HTTP/1.1" 200 155257 "https://inception-blue.com/buy.php?detail/29401450737922" "Mozilla/5.0 AppleWebKit/537.36 (KHTML, like Gecko; compatible; GPTBot/1.3; +https://openai.com/gptbot)"
74.7.241.28 - - [19/Mar/2026:12:18:55 +0000] "GET /buy.php?detail/24002753003327 HTTP/1.1" 200 161949 "https://inception-blue.com/buy.php?240008877.htm" "Mozilla/5.0 AppleWebKit/537.36 (KHTML, like Gecko; compatible; GPTBot/1.3; +https://openai.com/gptbot)"
74.7.241.28 - - [19/Mar/2026:12:18:59 +0000] "GET /buy.php?detail/05900179663780 HTTP/1.1" 200 162485 "https://inception-blue.com/buy.php?m77793849635" "Mozilla/5.0 AppleWebKit/537.36 (KHTML, like Gecko; compatible; GPTBot/1.3; +https://openai.com/gptbot)"
74.7.241.28 - - [19/Mar/2026:12:19:02 +0000] "GET /buy.php?detail/29401796881356 HTTP/1.1" 200 154220 "https://inception-blue.com/buy.php?detail/29401450737922" "Mozilla/5.0 AppleWebKit/537.36 (KHTML, like Gecko; compatible; GPTBot/1.3; +https://openai.com/gptbot)"
74.7.241.28 - - [19/Mar/2026:12:19:05 +0000] "GET /buy.php?detail/19604628723095 HTTP/1.1" 200 152351 "https://inception-blue.com/buy.php?detail/25600806194379" "Mozilla/5.0 AppleWebKit/537.36 (KHTML, like Gecko; compatible; GPTBot/1.3; +https://openai.com/gptbot)"
74.7.241.28 - - [19/Mar/2026:12:19:08 +0000] "GET /buy.php?goods/010040762 HTTP/1.1" 200 165622 "https://inception-blue.com/buy.php?detail/29703408617801" "Mozilla/5.0 AppleWebKit/537.36 (KHTML, like Gecko; compatible; GPTBot/1.3; +https://openai.com/gptbot)"
74.7.241.28 - - [19/Mar/2026:12:19:11 +0000] "GET /buy.php?detail/04101732574401 HTTP/1.1" 200 171686 "https://inception-blue.com/buy.php?detail/15100344329213" "Mozilla/5.0 AppleWebKit/537.36 (KHTML, like Gecko; compatible; GPTBot/1.3; +https://openai.com/gptbot)"
74.7.241.28 - - [19/Mar/2026:12:19:15 +0000] "GET /buy.php?240007557.htm HTTP/1.1" 200 158957 "https://inception-blue.com/buy.php?240008901.htm" "Mozilla/5.0 AppleWebKit/537.36 (KHTML, like Gecko; compatible; GPTBot/1.3; +https://openai.com/gptbot)"
74.7.241.28 - - [19/Mar/2026:12:19:18 +0000] "GET /buy.php?detail/10000632169346 HTTP/1.1" 200 153398 "https://inception-blue.com/buy.php?detail/10000338827556" "Mozilla/5.0 AppleWebKit/537.36 (KHTML, like Gecko; compatible; GPTBot/1.3; +https://openai.com/gptbot)"
74.7.241.28 - - [19/Mar/2026:12:19:21 +0000] "GET /buy.php?jp/100006321.html HTTP/1.1" 200 153185 "https://inception-blue.com/buy.php?detail/10000632169346" "Mozilla/5.0 AppleWebKit/537.36 (KHTML, like Gecko; compatible; GPTBot/1.3; +https://openai.com/gptbot)"
74.7.241.28 - - [19/Mar/2026:12:19:24 +0000] "GET /buy.php?240007605.htm HTTP/1.1" 200 170616 "https://inception-blue.com/buy.php?240008901.htm" "Mozilla/5.0 AppleWebKit/537.36 (KHTML, like Gecko; compatible; GPTBot/1.3; +https://openai.com/gptbot)"
74.7.241.28 - - [19/Mar/2026:12:19:27 +0000] "GET /buy.php?detail/23300307394168 HTTP/1.1" 200 155882 "https://inception-blue.com/buy.php?detail/21501412493963" "Mozilla/5.0 AppleWebKit/537.36 (KHTML, like Gecko; compatible; GPTBot/1.3; +https://openai.com/gptbot)"
74.7.241.28 - - [19/Mar/2026:12:19:30 +0000] "GET /buy.php?detail/29400556895383 HTTP/1.1" 200 157547 "https://inception-blue.com/buy.php?detail/29401820217815" "Mozilla/5.0 AppleWebKit/537.36 (KHTML, like Gecko; compatible; GPTBot/1.3; +https://openai.com/gptbot)"
74.7.241.28 - - [19/Mar/2026:12:19:34 +0000] "GET /buy.php?detail/24002294745774 HTTP/1.1" 200 159004 "https://inception-blue.com/buy.php?detail/24002753003327" "Mozilla/5.0 AppleWebKit/537.36 (KHTML, like Gecko; compatible; GPTBot/1.3; +https://openai.com/gptbot)"
74.7.241.28 - - [19/Mar/2026:12:19:37 +0000] "GET /buy.php?240007607.htm HTTP/1.1" 200 154979 "https://inception-blue.com/buy.php?240008901.htm" "Mozilla/5.0 AppleWebKit/537.36 (KHTML, like Gecko; compatible; GPTBot/1.3; +https://openai.com/gptbot)"
66.249.77.7 - - [19/Mar/2026:12:19:41 +0000] "GET /?p=uaujx284pt22342kszynloe HTTP/1.1" 200 312136 "-" "Mozilla/5.0 (Linux; Android 6.0.1; Nexus 5X Build/MMB29P) AppleWebKit/537.36 (KHTML, like Gecko) Chrome/145.0.7632.159 Mobile Safari/537.36 (compatible; Googlebot/2.1; +http://www.google.com/bot.html)"
74.7.241.28 - - [19/Mar/2026:12:19:40 +0000] "GET /buy.php?detail/07203260993172 HTTP/1.1" 200 156703 "https://inception-blue.com/buy.php?detail/29401796881356" "Mozilla/5.0 AppleWebKit/537.36 (KHTML, like Gecko; compatible; GPTBot/1.3; +https://openai.com/gptbot)"
74.7.241.28 - - [19/Mar/2026:12:19:43 +0000] "GET /buy.php?detail/18104793561259 HTTP/1.1" 200 152872 "https://inception-blue.com/buy.php?detail/18102717972663" "Mozilla/5.0 AppleWebKit/537.36 (KHTML, like Gecko; compatible; GPTBot/1.3; +https://openai.com/gptbot)"
74.7.241.28 - - [19/Mar/2026:12:19:46 +0000] "GET /buy.php?detail/01000189006240 HTTP/1.1" 200 162471 "https://inception-blue.com/buy.php?goods/010040762" "Mozilla/5.0 AppleWebKit/537.36 (KHTML, like Gecko; compatible; GPTBot/1.3; +https://openai.com/gptbot)"
74.7.241.28 - - [19/Mar/2026:12:19:49 +0000] "GET /buy.php?detail/05801801005553 HTTP/1.1" 200 154066 "https://inception-blue.com/buy.php?detail/04101732574401" "Mozilla/5.0 AppleWebKit/537.36 (KHTML, like Gecko; compatible; GPTBot/1.3; +https://openai.com/gptbot)"
74.7.241.28 - - [19/Mar/2026:12:19:52 +0000] "GET /buy.php?detail/01000187181001 HTTP/1.1" 200 158980 "https://inception-blue.com/buy.php?goods/010040762" "Mozilla/5.0 AppleWebKit/537.36 (KHTML, like Gecko; compatible; GPTBot/1.3; +https://openai.com/gptbot)"
74.7.241.28 - - [19/Mar/2026:12:19:55 +0000] "GET /buy.php?detail/10001314191035 HTTP/1.1" 200 153533 "https://inception-blue.com/buy.php?detail/10000632169346" "Mozilla/5.0 AppleWebKit/537.36 (KHTML, like Gecko; compatible; GPTBot/1.3; +https://openai.com/gptbot)"
74.7.241.28 - - [19/Mar/2026:12:19:58 +0000] "GET /buy.php?m94893574808 HTTP/1.1" 200 161616 "https://inception-blue.com/buy.php?240007605.htm" "Mozilla/5.0 AppleWebKit/537.36 (KHTML, like Gecko; compatible; GPTBot/1.3; +https://openai.com/gptbot)"
74.7.241.28 - - [19/Mar/2026:12:20:01 +0000] "GET /buy.php?240022241.htm HTTP/1.1" 200 157015 "https://inception-blue.com/buy.php?240007605.htm" "Mozilla/5.0 AppleWebKit/537.36 (KHTML, like Gecko; compatible; GPTBot/1.3; +https://openai.com/gptbot)"
74.7.241.28 - - [19/Mar/2026:12:20:04 +0000] "GET /buy.php?detail/24101988050676 HTTP/1.1" 200 157651 "https://inception-blue.com/buy.php?detail/24101529533049" "Mozilla/5.0 AppleWebKit/537.36 (KHTML, like Gecko; compatible; GPTBot/1.3; +https://openai.com/gptbot)"
74.7.241.28 - - [19/Mar/2026:12:20:08 +0000] "GET /buy.php?detail/25804324970192 HTTP/1.1" 200 154866 "https://inception-blue.com/buy.php?detail/24804839110123" "Mozilla/5.0 AppleWebKit/537.36 (KHTML, like Gecko; compatible; GPTBot/1.3; +https://openai.com/gptbot)"
74.7.241.28 - - [19/Mar/2026:12:20:11 +0000] "GET /buy.php?shopbrand/ceiling/054037412.htm HTTP/1.1" 200 145998 "https://inception-blue.com/buy.php?240007607.htm" "Mozilla/5.0 AppleWebKit/537.36 (KHTML, like Gecko; compatible; GPTBot/1.3; +https://openai.com/gptbot)"
74.7.241.28 - - [19/Mar/2026:12:20:14 +0000] "GET /buy.php?detail/24000354615398 HTTP/1.1" 200 164984 "https://inception-blue.com/buy.php?240007607.htm" "Mozilla/5.0 AppleWebKit/537.36 (KHTML, like Gecko; compatible; GPTBot/1.3; +https://openai.com/gptbot)"
74.7.241.28 - - [19/Mar/2026:12:20:17 +0000] "GET /buy.php?detail/23300476602020 HTTP/1.1" 200 157758 "https://inception-blue.com/buy.php?detail/07203260993172" "Mozilla/5.0 AppleWebKit/537.36 (KHTML, like Gecko; compatible; GPTBot/1.3; +https://openai.com/gptbot)"
74.7.241.28 - - [19/Mar/2026:12:20:20 +0000] "GET /buy.php?detail/12403911729099 HTTP/1.1" 200 154582 "https://inception-blue.com/buy.php?detail/07203260993172" "Mozilla/5.0 AppleWebKit/537.36 (KHTML, like Gecko; compatible; GPTBot/1.3; +https://openai.com/gptbot)"
74.7.241.28 - - [19/Mar/2026:12:20:23 +0000] "GET /buy.php?240003487.htm HTTP/1.1" 200 164856 "https://inception-blue.com/buy.php?240007607.htm" "Mozilla/5.0 AppleWebKit/537.36 (KHTML, like Gecko; compatible; GPTBot/1.3; +https://openai.com/gptbot)"
74.7.241.28 - - [19/Mar/2026:12:20:26 +0000] "GET /buy.php?detail/08800041607986 HTTP/1.1" 200 147045 "https://inception-blue.com/buy.php?detail/01000187181001" "Mozilla/5.0 AppleWebKit/537.36 (KHTML, like Gecko; compatible; GPTBot/1.3; +https://openai.com/gptbot)"
66.249.77.8 - - [19/Mar/2026:12:20:31 +0000] "GET /?goods/150035385 HTTP/1.1" 200 314229 "-" "Mozilla/5.0 (Linux; Android 6.0.1; Nexus 5X Build/MMB29P) AppleWebKit/537.36 (KHTML, like Gecko) Chrome/145.0.7632.159 Mobile Safari/537.36 (compatible; Googlebot/2.1; +http://www.google.com/bot.html)"
74.7.241.28 - - [19/Mar/2026:12:20:29 +0000] "GET /buy.php?240003507.htm HTTP/1.1" 200 158292 "https://inception-blue.com/buy.php?240007607.htm" "Mozilla/5.0 AppleWebKit/537.36 (KHTML, like Gecko; compatible; GPTBot/1.3; +https://openai.com/gptbot)"
74.7.241.28 - - [19/Mar/2026:12:20:33 +0000] "GET /buy.php?detail/17703734865909 HTTP/1.1" 200 159617 "https://inception-blue.com/buy.php?detail/00301691539476" "Mozilla/5.0 AppleWebKit/537.36 (KHTML, like Gecko; compatible; GPTBot/1.3; +https://openai.com/gptbot)"
74.7.241.28 - - [19/Mar/2026:12:20:36 +0000] "GET /buy.php?shopbrand/public/065046975.htm HTTP/1.1" 200 157894 "https://inception-blue.com/buy.php?240022241.htm" "Mozilla/5.0 AppleWebKit/537.36 (KHTML, like Gecko; compatible; GPTBot/1.3; +https://openai.com/gptbot)"
74.7.241.28 - - [19/Mar/2026:12:20:39 +0000] "GET /buy.php?detail/19700499901154 HTTP/1.1" 200 157045 "https://inception-blue.com/buy.php?detail/24101988050676" "Mozilla/5.0 AppleWebKit/537.36 (KHTML, like Gecko; compatible; GPTBot/1.3; +https://openai.com/gptbot)"
74.7.241.28 - - [19/Mar/2026:12:20:42 +0000] "GET /buy.php?detail/25801086116686 HTTP/1.1" 200 156624 "https://inception-blue.com/buy.php?detail/25804324970192" "Mozilla/5.0 AppleWebKit/537.36 (KHTML, like Gecko; compatible; GPTBot/1.3; +https://openai.com/gptbot)"
74.7.241.28 - - [19/Mar/2026:12:20:45 +0000] "GET /buy.php?detail/02500554359312 HTTP/1.1" 200 160402 "https://inception-blue.com/buy.php?detail/24101988050676" "Mozilla/5.0 AppleWebKit/537.36 (KHTML, like Gecko; compatible; GPTBot/1.3; +https://openai.com/gptbot)"
74.7.241.28 - - [19/Mar/2026:12:20:48 +0000] "GET /buy.php?240013555.htm HTTP/1.1" 200 160577 "https://inception-blue.com/buy.php?240022241.htm" "Mozilla/5.0 AppleWebKit/537.36 (KHTML, like Gecko; compatible; GPTBot/1.3; +https://openai.com/gptbot)"
74.7.241.28 - - [19/Mar/2026:12:20:51 +0000] "GET /buy.php?detail/29501254688053 HTTP/1.1" 200 155761 "https://inception-blue.com/buy.php?detail/10600258955443" "Mozilla/5.0 AppleWebKit/537.36 (KHTML, like Gecko; compatible; GPTBot/1.3; +https://openai.com/gptbot)"
74.7.241.28 - - [19/Mar/2026:12:20:54 +0000] "GET /buy.php?detail/07202999969674 HTTP/1.1" 200 146706 "https://inception-blue.com/buy.php?detail/12403911729099" "Mozilla/5.0 AppleWebKit/537.36 (KHTML, like Gecko; compatible; GPTBot/1.3; +https://openai.com/gptbot)"
74.7.241.28 - - [19/Mar/2026:12:20:58 +0000] "GET /buy.php?detail/18004037813978 HTTP/1.1" 200 155626 "https://inception-blue.com/buy.php?detail/12403911729099" "Mozilla/5.0 AppleWebKit/537.36 (KHTML, like Gecko; compatible; GPTBot/1.3; +https://openai.com/gptbot)"
74.7.241.28 - - [19/Mar/2026:12:21:01 +0000] "GET /buy.php?detail/08802865512684 HTTP/1.1" 200 147002 "https://inception-blue.com/buy.php?detail/08800041607986" "Mozilla/5.0 AppleWebKit/537.36 (KHTML, like Gecko; compatible; GPTBot/1.3; +https://openai.com/gptbot)"
74.7.241.28 - - [19/Mar/2026:12:21:04 +0000] "GET /buy.php?detail/22301486559616 HTTP/1.1" 200 157743 "https://inception-blue.com/buy.php?detail/22301918937199" "Mozilla/5.0 AppleWebKit/537.36 (KHTML, like Gecko; compatible; GPTBot/1.3; +https://openai.com/gptbot)"
74.7.241.28 - - [19/Mar/2026:12:21:07 +0000] "GET /buy.php?detail/17703864170493 HTTP/1.1" 200 159491 "https://inception-blue.com/buy.php?detail/17703734865909" "Mozilla/5.0 AppleWebKit/537.36 (KHTML, like Gecko; compatible; GPTBot/1.3; +https://openai.com/gptbot)"
74.7.241.28 - - [19/Mar/2026:12:21:10 +0000] "GET /buy.php?detail/12904753016461 HTTP/1.1" 200 156176 "https://inception-blue.com/buy.php?detail/06201113341253" "Mozilla/5.0 AppleWebKit/537.36 (KHTML, like Gecko; compatible; GPTBot/1.3; +https://openai.com/gptbot)"
74.7.241.28 - - [19/Mar/2026:12:21:13 +0000] "GET /buy.php?detail/14801679565895 HTTP/1.1" 200 147792 "https://inception-blue.com/buy.php?detail/19700499901154" "Mozilla/5.0 AppleWebKit/537.36 (KHTML, like Gecko; compatible; GPTBot/1.3; +https://openai.com/gptbot)"
74.7.241.28 - - [19/Mar/2026:12:21:16 +0000] "GET /buy.php?goods/258002561 HTTP/1.1" 200 154953 "https://inception-blue.com/buy.php?detail/25801086116686" "Mozilla/5.0 AppleWebKit/537.36 (KHTML, like Gecko; compatible; GPTBot/1.3; +https://openai.com/gptbot)"
74.7.241.28 - - [19/Mar/2026:12:21:19 +0000] "GET /buy.php?detail/19700366955855 HTTP/1.1" 200 157122 "https://inception-blue.com/buy.php?detail/19700499901154" "Mozilla/5.0 AppleWebKit/537.36 (KHTML, like Gecko; compatible; GPTBot/1.3; +https://openai.com/gptbot)"
66.249.77.8 - - [19/Mar/2026:12:21:21 +0000] "GET /675613549 HTTP/1.1" 200 307082 "-" "Mozilla/5.0 (Linux; Android 6.0.1; Nexus 5X Build/MMB29P) AppleWebKit/537.36 (KHTML, like Gecko) Chrome/145.0.7632.159 Mobile Safari/537.36 (compatible; Googlebot/2.1; +http://www.google.com/bot.html)"
74.7.241.28 - - [19/Mar/2026:12:21:23 +0000] "GET /buy.php?detail/02501338248944 HTTP/1.1" 200 160630 "https://inception-blue.com/buy.php?detail/02500554359312" "Mozilla/5.0 AppleWebKit/537.36 (KHTML, like Gecko; compatible; GPTBot/1.3; +https://openai.com/gptbot)"
74.7.241.28 - - [19/Mar/2026:12:21:26 +0000] "GET /buy.php?goods/295009453 HTTP/1.1" 200 152463 "https://inception-blue.com/buy.php?detail/29501254688053" "Mozilla/5.0 AppleWebKit/537.36 (KHTML, like Gecko; compatible; GPTBot/1.3; +https://openai.com/gptbot)"
74.7.241.28 - - [19/Mar/2026:12:21:29 +0000] "GET /buy.php?detail/07202331272923 HTTP/1.1" 200 163295 "https://inception-blue.com/buy.php?detail/07202999969674" "Mozilla/5.0 AppleWebKit/537.36 (KHTML, like Gecko; compatible; GPTBot/1.3; +https://openai.com/gptbot)"
74.7.241.28 - - [19/Mar/2026:12:21:32 +0000] "GET /buy.php?m23877888516 HTTP/1.1" 200 159235 "https://inception-blue.com/buy.php?detail/19700499901154" "Mozilla/5.0 AppleWebKit/537.36 (KHTML, like Gecko; compatible; GPTBot/1.3; +https://openai.com/gptbot)"
74.7.241.28 - - [19/Mar/2026:12:21:35 +0000] "GET /buy.php?240006265.htm HTTP/1.1" 200 161758 "https://inception-blue.com/buy.php?240013555.htm" "Mozilla/5.0 AppleWebKit/537.36 (KHTML, like Gecko; compatible; GPTBot/1.3; +https://openai.com/gptbot)"
74.7.241.28 - - [19/Mar/2026:12:21:38 +0000] "GET /buy.php?detail/29502002927121 HTTP/1.1" 200 154738 "https://inception-blue.com/buy.php?detail/22301486559616" "Mozilla/5.0 AppleWebKit/537.36 (KHTML, like Gecko; compatible; GPTBot/1.3; +https://openai.com/gptbot)"
74.7.241.28 - - [19/Mar/2026:12:21:42 +0000] "GET /buy.php?240006251.htm HTTP/1.1" 200 163274 "https://inception-blue.com/buy.php?240013555.htm" "Mozilla/5.0 AppleWebKit/537.36 (KHTML, like Gecko; compatible; GPTBot/1.3; +https://openai.com/gptbot)"
74.7.241.28 - - [19/Mar/2026:12:21:45 +0000] "GET /buy.php?001022226.htm HTTP/1.1" 200 146525 "https://inception-blue.com/buy.php?240013555.htm" "Mozilla/5.0 AppleWebKit/537.36 (KHTML, like Gecko; compatible; GPTBot/1.3; +https://openai.com/gptbot)"
74.7.241.28 - - [19/Mar/2026:12:21:48 +0000] "GET /buy.php?detail/148000430871 HTTP/1.1" 200 156037 "https://inception-blue.com/buy.php?detail/14801679565895" "Mozilla/5.0 AppleWebKit/537.36 (KHTML, like Gecko; compatible; GPTBot/1.3; +https://openai.com/gptbot)"
74.7.241.28 - - [19/Mar/2026:12:21:51 +0000] "GET /buy.php?detail/25801411258500 HTTP/1.1" 200 154065 "https://inception-blue.com/buy.php?goods/258002561" "Mozilla/5.0 AppleWebKit/537.36 (KHTML, like Gecko; compatible; GPTBot/1.3; +https://openai.com/gptbot)"
74.7.241.28 - - [19/Mar/2026:12:21:54 +0000] "GET /buy.php?detail/25800315547964 HTTP/1.1" 200 162021 "https://inception-blue.com/buy.php?detail/25801086116686" "Mozilla/5.0 AppleWebKit/537.36 (KHTML, like Gecko; compatible; GPTBot/1.3; +https://openai.com/gptbot)"
74.7.241.28 - - [19/Mar/2026:12:21:57 +0000] "GET /buy.php?detail/12401693258344 HTTP/1.1" 200 155228 "https://inception-blue.com/buy.php?detail/12401467646571" "Mozilla/5.0 AppleWebKit/537.36 (KHTML, like Gecko; compatible; GPTBot/1.3; +https://openai.com/gptbot)"
74.7.241.28 - - [19/Mar/2026:12:22:00 +0000] "GET /buy.php?detail/21900721678656 HTTP/1.1" 200 154580 "https://inception-blue.com/buy.php?goods/295009453" "Mozilla/5.0 AppleWebKit/537.36 (KHTML, like Gecko; compatible; GPTBot/1.3; +https://openai.com/gptbot)"
74.7.241.28 - - [19/Mar/2026:12:22:04 +0000] "GET /buy.php?jp/054017346.html HTTP/1.1" 200 155199 "https://inception-blue.com/buy.php?detail/07202331272923" "Mozilla/5.0 AppleWebKit/537.36 (KHTML, like Gecko; compatible; GPTBot/1.3; +https://openai.com/gptbot)"
74.7.241.28 - - [19/Mar/2026:12:22:07 +0000] "GET /buy.php?detail/10901513918282 HTTP/1.1" 200 154458 "https://inception-blue.com/buy.php?detail/07202331272923" "Mozilla/5.0 AppleWebKit/537.36 (KHTML, like Gecko; compatible; GPTBot/1.3; +https://openai.com/gptbot)"
74.7.241.28 - - [19/Mar/2026:12:22:10 +0000] "GET /buy.php?detail/05803231617671 HTTP/1.1" 200 153311 "https://inception-blue.com/buy.php?detail/07202331272923" "Mozilla/5.0 AppleWebKit/537.36 (KHTML, like Gecko; compatible; GPTBot/1.3; +https://openai.com/gptbot)"
66.249.77.7 - - [19/Mar/2026:12:22:11 +0000] "GET /product/030028925 HTTP/1.1" 200 306451 "-" "Mozilla/5.0 (Linux; Android 6.0.1; Nexus 5X Build/MMB29P) AppleWebKit/537.36 (KHTML, like Gecko) Chrome/145.0.7632.159 Mobile Safari/537.36 (compatible; Googlebot/2.1; +http://www.google.com/bot.html)"
74.7.241.28 - - [19/Mar/2026:12:22:13 +0000] "GET /buy.php?240003711.htm HTTP/1.1" 200 159516 "https://inception-blue.com/buy.php?240006265.htm" "Mozilla/5.0 AppleWebKit/537.36 (KHTML, like Gecko; compatible; GPTBot/1.3; +https://openai.com/gptbot)"
74.7.241.28 - - [19/Mar/2026:12:22:16 +0000] "GET /buy.php?270004003.htm HTTP/1.1" 200 145054 "https://inception-blue.com/buy.php?240006251.htm" "Mozilla/5.0 AppleWebKit/537.36 (KHTML, like Gecko; compatible; GPTBot/1.3; +https://openai.com/gptbot)"
74.7.241.28 - - [19/Mar/2026:12:22:19 +0000] "GET /buy.php?detail/21104113522127 HTTP/1.1" 200 164538 "https://inception-blue.com/buy.php?001022226.htm" "Mozilla/5.0 AppleWebKit/537.36 (KHTML, like Gecko; compatible; GPTBot/1.3; +https://openai.com/gptbot)"
74.7.241.28 - - [19/Mar/2026:12:22:22 +0000] "GET /buy.php?detail/17004408480254 HTTP/1.1" 200 144335 "https://inception-blue.com/buy.php?detail/148000430871" "Mozilla/5.0 AppleWebKit/537.36 (KHTML, like Gecko; compatible; GPTBot/1.3; +https://openai.com/gptbot)"
74.7.241.28 - - [19/Mar/2026:12:22:26 +0000] "GET /buy.php?detail/25801596179535 HTTP/1.1" 200 158610 "https://inception-blue.com/buy.php?detail/25801411258500" "Mozilla/5.0 AppleWebKit/537.36 (KHTML, like Gecko; compatible; GPTBot/1.3; +https://openai.com/gptbot)"
74.7.241.28 - - [19/Mar/2026:12:22:29 +0000] "GET /buy.php?detail/25801667213553 HTTP/1.1" 200 155096 "https://inception-blue.com/buy.php?detail/25801411258500" "Mozilla/5.0 AppleWebKit/537.36 (KHTML, like Gecko; compatible; GPTBot/1.3; +https://openai.com/gptbot)"
74.7.241.28 - - [19/Mar/2026:12:22:32 +0000] "GET /buy.php?detail/12404846090179 HTTP/1.1" 200 154072 "https://inception-blue.com/buy.php?detail/12401693258344" "Mozilla/5.0 AppleWebKit/537.36 (KHTML, like Gecko; compatible; GPTBot/1.3; +https://openai.com/gptbot)"
74.7.241.28 - - [19/Mar/2026:12:22:35 +0000] "GET /buy.php?detail/21901943241869 HTTP/1.1" 200 171433 "https://inception-blue.com/buy.php?detail/21900721678656" "Mozilla/5.0 AppleWebKit/537.36 (KHTML, like Gecko; compatible; GPTBot/1.3; +https://openai.com/gptbot)"
74.7.241.28 - - [19/Mar/2026:12:22:39 +0000] "GET /buy.php?240002577.htm HTTP/1.1" 200 159759 "https://inception-blue.com/buy.php?240006251.htm" "Mozilla/5.0 AppleWebKit/537.36 (KHTML, like Gecko; compatible; GPTBot/1.3; +https://openai.com/gptbot)"
74.7.241.28 - - [19/Mar/2026:12:22:42 +0000] "GET /buy.php?detail/24601644973553 HTTP/1.1" 200 149103 "https://inception-blue.com/buy.php?detail/2370093649090" "Mozilla/5.0 AppleWebKit/537.36 (KHTML, like Gecko; compatible; GPTBot/1.3; +https://openai.com/gptbot)"
74.7.241.28 - - [19/Mar/2026:12:22:45 +0000] "GET /buy.php?detail/15803284761564 HTTP/1.1" 200 153950 "https://inception-blue.com/buy.php?detail/05803231617671" "Mozilla/5.0 AppleWebKit/537.36 (KHTML, like Gecko; compatible; GPTBot/1.3; +https://openai.com/gptbot)"
74.7.241.28 - - [19/Mar/2026:12:22:48 +0000] "GET /buy.php?detail/05801983976122 HTTP/1.1" 200 160094 "https://inception-blue.com/buy.php?detail/05803231617671" "Mozilla/5.0 AppleWebKit/537.36 (KHTML, like Gecko; compatible; GPTBot/1.3; +https://openai.com/gptbot)"
74.7.241.28 - - [19/Mar/2026:12:22:51 +0000] "GET /buy.php?m49928133302 HTTP/1.1" 200 164253 "https://inception-blue.com/buy.php?270004003.htm" "Mozilla/5.0 AppleWebKit/537.36 (KHTML, like Gecko; compatible; GPTBot/1.3; +https://openai.com/gptbot)"
74.7.241.28 - - [19/Mar/2026:12:22:54 +0000] "GET /buy.php?goods/211011840 HTTP/1.1" 200 156677 "https://inception-blue.com/buy.php?detail/21104113522127" "Mozilla/5.0 AppleWebKit/537.36 (KHTML, like Gecko; compatible; GPTBot/1.3; +https://openai.com/gptbot)"
74.7.241.28 - - [19/Mar/2026:12:22:58 +0000] "GET /buy.php?detail/29003845776224 HTTP/1.1" 200 150675 "https://inception-blue.com/buy.php?detail/07103382468627" "Mozilla/5.0 AppleWebKit/537.36 (KHTML, like Gecko; compatible; GPTBot/1.3; +https://openai.com/gptbot)"
66.249.77.9 - - [19/Mar/2026:12:23:01 +0000] "GET /hg/ HTTP/1.1" 200 321278 "-" "Mozilla/5.0 (Linux; Android 6.0.1; Nexus 5X Build/MMB29P) AppleWebKit/537.36 (KHTML, like Gecko) Chrome/145.0.7632.159 Mobile Safari/537.36 (compatible; Googlebot/2.1; +http://www.google.com/bot.html)"
74.7.241.28 - - [19/Mar/2026:12:23:01 +0000] "GET /buy.php?detail/15203131157095 HTTP/1.1" 200 156560 "https://inception-blue.com/buy.php?detail/25801596179535" "Mozilla/5.0 AppleWebKit/537.36 (KHTML, like Gecko; compatible; GPTBot/1.3; +https://openai.com/gptbot)"
74.7.241.28 - - [19/Mar/2026:12:23:04 +0000] "GET /buy.php?detail/24802226810087 HTTP/1.1" 200 158690 "https://inception-blue.com/buy.php?detail/25801667213553" "Mozilla/5.0 AppleWebKit/537.36 (KHTML, like Gecko; compatible; GPTBot/1.3; +https://openai.com/gptbot)"
74.7.241.28 - - [19/Mar/2026:12:23:07 +0000] "GET /buy.php?detail/17603582131850 HTTP/1.1" 200 161340 "https://inception-blue.com/buy.php?detail/12404846090179" "Mozilla/5.0 AppleWebKit/537.36 (KHTML, like Gecko; compatible; GPTBot/1.3; +https://openai.com/gptbot)"
74.7.241.28 - - [19/Mar/2026:12:23:10 +0000] "GET /buy.php?detail/15104688030272 HTTP/1.1" 200 159922 "https://inception-blue.com/buy.php?jp/189004481.html" "Mozilla/5.0 AppleWebKit/537.36 (KHTML, like Gecko; compatible; GPTBot/1.3; +https://openai.com/gptbot)"
74.7.241.28 - - [19/Mar/2026:12:23:13 +0000] "GET /buy.php?detail/15500671230493 HTTP/1.1" 200 152940 "https://inception-blue.com/buy.php?jp/155028672.html" "Mozilla/5.0 AppleWebKit/537.36 (KHTML, like Gecko; compatible; GPTBot/1.3; +https://openai.com/gptbot)"
74.7.241.28 - - [19/Mar/2026:12:23:16 +0000] "GET /buy.php?detail/12603491383145 HTTP/1.1" 200 156071 "https://inception-blue.com/buy.php?detail/24601644973553" "Mozilla/5.0 AppleWebKit/537.36 (KHTML, like Gecko; compatible; GPTBot/1.3; +https://openai.com/gptbot)"
74.7.241.28 - - [19/Mar/2026:12:23:20 +0000] "GET /buy.php?detail/06301280578919 HTTP/1.1" 200 166873 "https://inception-blue.com/buy.php?detail/06301456001801" "Mozilla/5.0 AppleWebKit/537.36 (KHTML, like Gecko; compatible; GPTBot/1.3; +https://openai.com/gptbot)"
74.7.241.28 - - [19/Mar/2026:12:23:23 +0000] "GET /buy.php?jp/063012805.html HTTP/1.1" 200 166806 "https://inception-blue.com/buy.php?detail/06301280578919" "Mozilla/5.0 AppleWebKit/537.36 (KHTML, like Gecko; compatible; GPTBot/1.3; +https://openai.com/gptbot)"
74.7.241.28 - - [19/Mar/2026:12:23:26 +0000] "GET /buy.php?detail/05802484172229 HTTP/1.1" 200 154277 "https://inception-blue.com/buy.php?detail/05801983976122" "Mozilla/5.0 AppleWebKit/537.36 (KHTML, like Gecko; compatible; GPTBot/1.3; +https://openai.com/gptbot)"
74.7.241.28 - - [19/Mar/2026:12:23:29 +0000] "GET /buy.php?shopbrand/ass/256043996.htm HTTP/1.1" 200 159715 "https://inception-blue.com/buy.php?m49928133302" "Mozilla/5.0 AppleWebKit/537.36 (KHTML, like Gecko; compatible; GPTBot/1.3; +https://openai.com/gptbot)"
74.7.241.28 - - [19/Mar/2026:12:23:32 +0000] "GET /buy.php?shopbrand/tap/089003721.htm HTTP/1.1" 200 157112 "https://inception-blue.com/buy.php?m49928133302" "Mozilla/5.0 AppleWebKit/537.36 (KHTML, like Gecko; compatible; GPTBot/1.3; +https://openai.com/gptbot)"
74.7.241.28 - - [19/Mar/2026:12:23:36 +0000] "GET /buy.php?detail/06200368665442 HTTP/1.1" 200 154983 "https://inception-blue.com/buy.php?goods/211011840" "Mozilla/5.0 AppleWebKit/537.36 (KHTML, like Gecko; compatible; GPTBot/1.3; +https://openai.com/gptbot)"
74.7.241.28 - - [19/Mar/2026:12:23:39 +0000] "GET /buy.php?detail/15200539317579 HTTP/1.1" 200 167448 "https://inception-blue.com/buy.php?detail/15203131157095" "Mozilla/5.0 AppleWebKit/537.36 (KHTML, like Gecko; compatible; GPTBot/1.3; +https://openai.com/gptbot)"
74.7.241.28 - - [19/Mar/2026:12:23:42 +0000] "GET /buy.php?detail/24801048147313 HTTP/1.1" 200 156741 "https://inception-blue.com/buy.php?detail/24802226810087" "Mozilla/5.0 AppleWebKit/537.36 (KHTML, like Gecko; compatible; GPTBot/1.3; +https://openai.com/gptbot)"
74.7.241.28 - - [19/Mar/2026:12:23:45 +0000] "GET /buy.php?detail/17602651042616 HTTP/1.1" 200 157459 "https://inception-blue.com/buy.php?detail/17603582131850" "Mozilla/5.0 AppleWebKit/537.36 (KHTML, like Gecko; compatible; GPTBot/1.3; +https://openai.com/gptbot)"
74.7.241.28 - - [19/Mar/2026:12:23:48 +0000] "GET /buy.php?goods/151000339 HTTP/1.1" 200 152708 "https://inception-blue.com/buy.php?detail/15104688030272" "Mozilla/5.0 AppleWebKit/537.36 (KHTML, like Gecko; compatible; GPTBot/1.3; +https://openai.com/gptbot)"
66.249.77.7 - - [19/Mar/2026:12:23:51 +0000] "GET /?detail/26404165220180 HTTP/1.1" 200 307295 "-" "Mozilla/5.0 (Linux; Android 6.0.1; Nexus 5X Build/MMB29P) AppleWebKit/537.36 (KHTML, like Gecko) Chrome/145.0.7632.159 Mobile Safari/537.36 (compatible; Googlebot/2.1; +http://www.google.com/bot.html)"
74.7.241.28 - - [19/Mar/2026:12:23:51 +0000] "GET /buy.php?detail/15100015970906 HTTP/1.1" 200 153970 "https://inception-blue.com/buy.php?detail/15104688030272" "Mozilla/5.0 AppleWebKit/537.36 (KHTML, like Gecko; compatible; GPTBot/1.3; +https://openai.com/gptbot)"
74.7.241.28 - - [19/Mar/2026:12:23:54 +0000] "GET /buy.php?detail/126002184278 HTTP/1.1" 200 153139 "https://inception-blue.com/buy.php?detail/12603491383145" "Mozilla/5.0 AppleWebKit/537.36 (KHTML, like Gecko; compatible; GPTBot/1.3; +https://openai.com/gptbot)"
74.7.241.28 - - [19/Mar/2026:12:23:58 +0000] "GET /buy.php?detail/17601694625466 HTTP/1.1" 200 158818 "https://inception-blue.com/buy.php?detail/17603582131850" "Mozilla/5.0 AppleWebKit/537.36 (KHTML, like Gecko; compatible; GPTBot/1.3; +https://openai.com/gptbot)"
74.7.241.28 - - [19/Mar/2026:12:24:01 +0000] "GET /buy.php?detail/15503861940661 HTTP/1.1" 200 153198 "https://inception-blue.com/buy.php?detail/15500671230493" "Mozilla/5.0 AppleWebKit/537.36 (KHTML, like Gecko; compatible; GPTBot/1.3; +https://openai.com/gptbot)"
74.7.241.28 - - [19/Mar/2026:12:24:04 +0000] "GET /buy.php?detail/05800716863387 HTTP/1.1" 200 156750 "https://inception-blue.com/buy.php?detail/05802484172229" "Mozilla/5.0 AppleWebKit/537.36 (KHTML, like Gecko; compatible; GPTBot/1.3; +https://openai.com/gptbot)"
74.7.241.28 - - [19/Mar/2026:12:24:07 +0000] "GET /buy.php?detail/06601075452657 HTTP/1.1" 200 150447 "https://inception-blue.com/buy.php?jp/063012805.html" "Mozilla/5.0 AppleWebKit/537.36 (KHTML, like Gecko; compatible; GPTBot/1.3; +https://openai.com/gptbot)"
74.7.241.28 - - [19/Mar/2026:12:24:10 +0000] "GET /buy.php?detail/05800722657438 HTTP/1.1" 200 153568 "https://inception-blue.com/buy.php?detail/05802484172229" "Mozilla/5.0 AppleWebKit/537.36 (KHTML, like Gecko; compatible; GPTBot/1.3; +https://openai.com/gptbot)"
74.7.241.28 - - [19/Mar/2026:12:24:13 +0000] "GET /buy.php?jp/154010439.html HTTP/1.1" 200 159420 "https://inception-blue.com/buy.php?detail/15200539317579" "Mozilla/5.0 AppleWebKit/537.36 (KHTML, like Gecko; compatible; GPTBot/1.3; +https://openai.com/gptbot)"
74.7.241.28 - - [19/Mar/2026:12:24:16 +0000] "GET /buy.php?detail/25501174198272 HTTP/1.1" 200 160814 "https://inception-blue.com/buy.php?detail/24801048147313" "Mozilla/5.0 AppleWebKit/537.36 (KHTML, like Gecko; compatible; GPTBot/1.3; +https://openai.com/gptbot)"
74.7.241.28 - - [19/Mar/2026:12:24:19 +0000] "GET /buy.php?detail/29204146082473 HTTP/1.1" 200 156000 "https://inception-blue.com/buy.php?detail/17602651042616" "Mozilla/5.0 AppleWebKit/537.36 (KHTML, like Gecko; compatible; GPTBot/1.3; +https://openai.com/gptbot)"
74.7.241.28 - - [19/Mar/2026:12:24:23 +0000] "GET /buy.php?detail/20701812875725 HTTP/1.1" 200 149517 "https://inception-blue.com/buy.php?detail/17602651042616" "Mozilla/5.0 AppleWebKit/537.36 (KHTML, like Gecko; compatible; GPTBot/1.3; +https://openai.com/gptbot)"
74.7.241.28 - - [19/Mar/2026:12:24:26 +0000] "GET /buy.php?detail/15003081008221 HTTP/1.1" 200 152302 "https://inception-blue.com/buy.php?detail/15100015970906" "Mozilla/5.0 AppleWebKit/537.36 (KHTML, like Gecko; compatible; GPTBot/1.3; +https://openai.com/gptbot)"
74.7.241.28 - - [19/Mar/2026:12:24:29 +0000] "GET /buy.php?detail/12600179460978 HTTP/1.1" 200 155092 "https://inception-blue.com/buy.php?detail/126002184278" "Mozilla/5.0 AppleWebKit/537.36 (KHTML, like Gecko; compatible; GPTBot/1.3; +https://openai.com/gptbot)"
74.7.241.28 - - [19/Mar/2026:12:24:33 +0000] "GET /buy.php?detail/01101494146930 HTTP/1.1" 200 159073 "https://inception-blue.com/buy.php?detail/17601694625466" "Mozilla/5.0 AppleWebKit/537.36 (KHTML, like Gecko; compatible; GPTBot/1.3; +https://openai.com/gptbot)"
74.7.241.28 - - [19/Mar/2026:12:24:36 +0000] "GET /buy.php?detail/09900861295177 HTTP/1.1" 200 162225 "https://inception-blue.com/buy.php?detail/15503861940661" "Mozilla/5.0 AppleWebKit/537.36 (KHTML, like Gecko; compatible; GPTBot/1.3; +https://openai.com/gptbot)"
74.7.241.28 - - [19/Mar/2026:12:24:39 +0000] "GET /buy.php?detail/05800469408001 HTTP/1.1" 200 156013 "https://inception-blue.com/buy.php?detail/05800716863387" "Mozilla/5.0 AppleWebKit/537.36 (KHTML, like Gecko; compatible; GPTBot/1.3; +https://openai.com/gptbot)"
66.249.77.7 - - [19/Mar/2026:12:24:41 +0000] "GET /?n=wddi189llid19505ebsswjakah HTTP/1.1" 200 312890 "-" "Mozilla/5.0 (Linux; Android 6.0.1; Nexus 5X Build/MMB29P) AppleWebKit/537.36 (KHTML, like Gecko) Chrome/145.0.7632.159 Mobile Safari/537.36 (compatible; Googlebot/2.1; +http://www.google.com/bot.html)"
74.7.241.28 - - [19/Mar/2026:12:24:42 +0000] "GET /buy.php?detail/23103660532130 HTTP/1.1" 200 169150 "https://inception-blue.com/buy.php?detail/06601075452657" "Mozilla/5.0 AppleWebKit/537.36 (KHTML, like Gecko; compatible; GPTBot/1.3; +https://openai.com/gptbot)"
74.7.241.28 - - [19/Mar/2026:12:24:45 +0000] "GET /buy.php?detail/05802313690325 HTTP/1.1" 200 152798 "https://inception-blue.com/buy.php?detail/05800722657438" "Mozilla/5.0 AppleWebKit/537.36 (KHTML, like Gecko; compatible; GPTBot/1.3; +https://openai.com/gptbot)"
74.7.241.28 - - [19/Mar/2026:12:24:48 +0000] "GET /buy.php?detail/15402565765798 HTTP/1.1" 200 159657 "https://inception-blue.com/buy.php?jp/154010439.html" "Mozilla/5.0 AppleWebKit/537.36 (KHTML, like Gecko; compatible; GPTBot/1.3; +https://openai.com/gptbot)"
74.7.241.28 - - [19/Mar/2026:12:24:51 +0000] "GET /buy.php?jp/057022534.html HTTP/1.1" 200 146422 "https://inception-blue.com/buy.php?detail/25501174198272" "Mozilla/5.0 AppleWebKit/537.36 (KHTML, like Gecko; compatible; GPTBot/1.3; +https://openai.com/gptbot)"
74.7.241.28 - - [19/Mar/2026:12:24:55 +0000] "GET /buy.php?detail/29203177035552 HTTP/1.1" 200 157461 "https://inception-blue.com/buy.php?detail/29204146082473" "Mozilla/5.0 AppleWebKit/537.36 (KHTML, like Gecko; compatible; GPTBot/1.3; +https://openai.com/gptbot)"
74.7.241.28 - - [19/Mar/2026:12:24:58 +0000] "GET /buy.php?detail/20700051252074 HTTP/1.1" 200 143595 "https://inception-blue.com/buy.php?detail/20701812875725" "Mozilla/5.0 AppleWebKit/537.36 (KHTML, like Gecko; compatible; GPTBot/1.3; +https://openai.com/gptbot)"
74.7.241.28 - - [19/Mar/2026:12:25:01 +0000] "GET /buy.php?detail/23900164099106 HTTP/1.1" 200 158935 "https://inception-blue.com/buy.php?detail/29204146082473" "Mozilla/5.0 AppleWebKit/537.36 (KHTML, like Gecko; compatible; GPTBot/1.3; +https://openai.com/gptbot)"
74.7.241.28 - - [19/Mar/2026:12:25:04 +0000] "GET /buy.php?detail/15402558839094 HTTP/1.1" 200 157221 "https://inception-blue.com/buy.php?jp/154010439.html" "Mozilla/5.0 AppleWebKit/537.36 (KHTML, like Gecko; compatible; GPTBot/1.3; +https://openai.com/gptbot)"
74.7.241.28 - - [19/Mar/2026:12:25:08 +0000] "GET /buy.php?detail/06701911065783 HTTP/1.1" 200 154578 "https://inception-blue.com/buy.php?detail/01101494146930" "Mozilla/5.0 AppleWebKit/537.36 (KHTML, like Gecko; compatible; GPTBot/1.3; +https://openai.com/gptbot)"
74.7.241.28 - - [19/Mar/2026:12:25:11 +0000] "GET /buy.php?detail/04502791525365 HTTP/1.1" 200 158484 "https://inception-blue.com/buy.php?detail/09900861295177" "Mozilla/5.0 AppleWebKit/537.36 (KHTML, like Gecko; compatible; GPTBot/1.3; +https://openai.com/gptbot)"
74.7.241.28 - - [19/Mar/2026:12:25:14 +0000] "GET /buy.php?detail/18801664081386 HTTP/1.1" 200 154279 "https://inception-blue.com/buy.php?detail/05800469408001" "Mozilla/5.0 AppleWebKit/537.36 (KHTML, like Gecko; compatible; GPTBot/1.3; +https://openai.com/gptbot)"
74.7.241.28 - - [19/Mar/2026:12:25:17 +0000] "GET /buy.php?detail/15503500054075 HTTP/1.1" 200 153109 "https://inception-blue.com/buy.php?detail/15503861940661" "Mozilla/5.0 AppleWebKit/537.36 (KHTML, like Gecko; compatible; GPTBot/1.3; +https://openai.com/gptbot)"
74.7.241.28 - - [19/Mar/2026:12:25:20 +0000] "GET /buy.php?detail/05800196113746 HTTP/1.1" 200 154071 "https://inception-blue.com/buy.php?detail/05802313690325" "Mozilla/5.0 AppleWebKit/537.36 (KHTML, like Gecko; compatible; GPTBot/1.3; +https://openai.com/gptbot)"
74.7.241.28 - - [19/Mar/2026:12:25:23 +0000] "GET /buy.php?detail/21200016172101 HTTP/1.1" 200 166419 "https://inception-blue.com/buy.php?detail/23103660532130" "Mozilla/5.0 AppleWebKit/537.36 (KHTML, like Gecko; compatible; GPTBot/1.3; +https://openai.com/gptbot)"
74.7.241.28 - - [19/Mar/2026:12:25:26 +0000] "GET /buy.php?detail/22602379117558 HTTP/1.1" 200 152986 "https://inception-blue.com/buy.php?detail/29003845776224" "Mozilla/5.0 AppleWebKit/537.36 (KHTML, like Gecko; compatible; GPTBot/1.3; +https://openai.com/gptbot)"
66.249.77.9 - - [19/Mar/2026:12:25:31 +0000] "GET /38155979 HTTP/1.1" 200 328226 "-" "Mozilla/5.0 (Linux; Android 6.0.1; Nexus 5X Build/MMB29P) AppleWebKit/537.36 (KHTML, like Gecko) Chrome/145.0.7632.159 Mobile Safari/537.36 (compatible; Googlebot/2.1; +http://www.google.com/bot.html)"
74.7.241.28 - - [19/Mar/2026:12:25:29 +0000] "GET /buy.php?detail/29202339793773 HTTP/1.1" 200 159096 "https://inception-blue.com/buy.php?detail/29203177035552" "Mozilla/5.0 AppleWebKit/537.36 (KHTML, like Gecko; compatible; GPTBot/1.3; +https://openai.com/gptbot)"
74.7.241.28 - - [19/Mar/2026:12:25:33 +0000] "GET /buy.php?detail/21901091585743 HTTP/1.1" 200 154823 "https://inception-blue.com/buy.php?detail/21902053994921" "Mozilla/5.0 AppleWebKit/537.36 (KHTML, like Gecko; compatible; GPTBot/1.3; +https://openai.com/gptbot)"
74.7.241.28 - - [19/Mar/2026:12:25:36 +0000] "GET /buy.php?detail/23903458243486 HTTP/1.1" 200 153055 "https://inception-blue.com/buy.php?detail/23900164099106" "Mozilla/5.0 AppleWebKit/537.36 (KHTML, like Gecko; compatible; GPTBot/1.3; +https://openai.com/gptbot)"
74.7.241.28 - - [19/Mar/2026:12:25:39 +0000] "GET /buy.php?detail/25804177804049 HTTP/1.1" 200 155086 "https://inception-blue.com/buy.php?detail/15402558839094" "Mozilla/5.0 AppleWebKit/537.36 (KHTML, like Gecko; compatible; GPTBot/1.3; +https://openai.com/gptbot)"
74.7.241.28 - - [19/Mar/2026:12:25:42 +0000] "GET /buy.php?detail/28001519169283 HTTP/1.1" 200 153606 "https://inception-blue.com/buy.php?detail/06701911065783" "Mozilla/5.0 AppleWebKit/537.36 (KHTML, like Gecko; compatible; GPTBot/1.3; +https://openai.com/gptbot)"
74.7.241.28 - - [19/Mar/2026:12:25:45 +0000] "GET /buy.php?detail/23504502585629 HTTP/1.1" 200 158398 "https://inception-blue.com/buy.php?detail/06701911065783" "Mozilla/5.0 AppleWebKit/537.36 (KHTML, like Gecko; compatible; GPTBot/1.3; +https://openai.com/gptbot)"
74.7.241.28 - - [19/Mar/2026:12:25:48 +0000] "GET /buy.php?detail/18801230055155 HTTP/1.1" 200 155382 "https://inception-blue.com/buy.php?detail/18801664081386" "Mozilla/5.0 AppleWebKit/537.36 (KHTML, like Gecko; compatible; GPTBot/1.3; +https://openai.com/gptbot)"
74.7.241.28 - - [19/Mar/2026:12:25:51 +0000] "GET /buy.php?jp/155011943.html HTTP/1.1" 200 156116 "https://inception-blue.com/buy.php?detail/15503500054075" "Mozilla/5.0 AppleWebKit/537.36 (KHTML, like Gecko; compatible; GPTBot/1.3; +https://openai.com/gptbot)"
159.223.142.74 - - [19/Mar/2026:12:25:53 +0000] "POST /wp-cron.php?doing_wp_cron=1773923153.6190700531005859375000 HTTP/1.1" 403 185482 "-" "WordPress/6.9.4; https://inception-blue.com"
101.32.49.171 - - [19/Mar/2026:12:25:52 +0000] "GET / HTTP/1.1" 200 222989 "http://inception-blue.com" "Mozilla/5.0 (iPhone; CPU iPhone OS 13_2_3 like Mac OS X) AppleWebKit/605.1.15 (KHTML, like Gecko) Version/13.0.3 Mobile/15E148 Safari/604.1"
74.7.241.28 - - [19/Mar/2026:12:25:54 +0000] "GET /buy.php?detail/15501298912151 HTTP/1.1" 200 153222 "https://inception-blue.com/buy.php?detail/15503500054075" "Mozilla/5.0 AppleWebKit/537.36 (KHTML, like Gecko; compatible; GPTBot/1.3; +https://openai.com/gptbot)"
74.7.241.28 - - [19/Mar/2026:12:25:57 +0000] "GET /buy.php?detail/23001366307572 HTTP/1.1" 200 157831 "https://inception-blue.com/buy.php?detail/18801664081386" "Mozilla/5.0 AppleWebKit/537.36 (KHTML, like Gecko; compatible; GPTBot/1.3; +https://openai.com/gptbot)"
74.7.241.28 - - [19/Mar/2026:12:26:01 +0000] "GET /buy.php?detail/00404128590546 HTTP/1.1" 200 142718 "https://inception-blue.com/buy.php?detail/18801664081386" "Mozilla/5.0 AppleWebKit/537.36 (KHTML, like Gecko; compatible; GPTBot/1.3; +https://openai.com/gptbot)"
74.7.241.28 - - [19/Mar/2026:12:26:04 +0000] "GET /buy.php?detail/15004880244795 HTTP/1.1" 200 155924 "https://inception-blue.com/buy.php?detail/22602379117558" "Mozilla/5.0 AppleWebKit/537.36 (KHTML, like Gecko; compatible; GPTBot/1.3; +https://openai.com/gptbot)"
74.7.241.28 - - [19/Mar/2026:12:26:07 +0000] "GET /buy.php?detail/25304605466553 HTTP/1.1" 200 151806 "https://inception-blue.com/buy.php?detail/21901091585743" "Mozilla/5.0 AppleWebKit/537.36 (KHTML, like Gecko; compatible; GPTBot/1.3; +https://openai.com/gptbot)"
74.7.241.28 - - [19/Mar/2026:12:26:10 +0000] "GET /buy.php?detail/08901290230218 HTTP/1.1" 200 155961 "https://inception-blue.com/buy.php?detail/23903458243486" "Mozilla/5.0 AppleWebKit/537.36 (KHTML, like Gecko; compatible; GPTBot/1.3; +https://openai.com/gptbot)"
74.7.241.28 - - [19/Mar/2026:12:26:13 +0000] "GET /buy.php?detail/09800698727140 HTTP/1.1" 200 154819 "https://inception-blue.com/buy.php?detail/23903458243486" "Mozilla/5.0 AppleWebKit/537.36 (KHTML, like Gecko; compatible; GPTBot/1.3; +https://openai.com/gptbot)"
74.7.241.28 - - [19/Mar/2026:12:26:16 +0000] "GET /buy.php?detail/21901125232008 HTTP/1.1" 200 154712 "https://inception-blue.com/buy.php?detail/21901091585743" "Mozilla/5.0 AppleWebKit/537.36 (KHTML, like Gecko; compatible; GPTBot/1.3; +https://openai.com/gptbot)"
66.249.77.7 - - [19/Mar/2026:12:26:21 +0000] "GET /?jp/089009245.html HTTP/1.1" 200 338385 "-" "Mozilla/5.0 (Linux; Android 6.0.1; Nexus 5X Build/MMB29P) AppleWebKit/537.36 (KHTML, like Gecko) Chrome/145.0.7632.159 Mobile Safari/537.36 (compatible; Googlebot/2.1; +http://www.google.com/bot.html)"
74.7.241.28 - - [19/Mar/2026:12:26:20 +0000] "GET /buy.php?detail/23503846029400 HTTP/1.1" 200 155144 "https://inception-blue.com/buy.php?detail/23504502585629" "Mozilla/5.0 AppleWebKit/537.36 (KHTML, like Gecko; compatible; GPTBot/1.3; +https://openai.com/gptbot)"
74.7.241.28 - - [19/Mar/2026:12:26:23 +0000] "GET /buy.php?detail/18800024295628 HTTP/1.1" 200 156079 "https://inception-blue.com/buy.php?detail/18801230055155" "Mozilla/5.0 AppleWebKit/537.36 (KHTML, like Gecko; compatible; GPTBot/1.3; +https://openai.com/gptbot)"
74.7.241.28 - - [19/Mar/2026:12:26:26 +0000] "GET /buy.php?detail/29102824562838 HTTP/1.1" 200 159114 "https://inception-blue.com/buy.php?jp/155011943.html" "Mozilla/5.0 AppleWebKit/537.36 (KHTML, like Gecko; compatible; GPTBot/1.3; +https://openai.com/gptbot)"
74.7.241.28 - - [19/Mar/2026:12:26:29 +0000] "GET /buy.php?detail/05403073616297 HTTP/1.1" 200 156234 "https://inception-blue.com/buy.php?detail/15402558839094" "Mozilla/5.0 AppleWebKit/537.36 (KHTML, like Gecko; compatible; GPTBot/1.3; +https://openai.com/gptbot)"
74.7.241.28 - - [19/Mar/2026:12:26:32 +0000] "GET /buy.php?detail/29101737964775 HTTP/1.1" 200 160222 "https://inception-blue.com/buy.php?detail/23001366307572" "Mozilla/5.0 AppleWebKit/537.36 (KHTML, like Gecko; compatible; GPTBot/1.3; +https://openai.com/gptbot)"
74.7.241.28 - - [19/Mar/2026:12:26:35 +0000] "GET /buy.php?detail/25200395368220 HTTP/1.1" 200 170976 "https://inception-blue.com/buy.php?detail/00404128590546" "Mozilla/5.0 AppleWebKit/537.36 (KHTML, like Gecko; compatible; GPTBot/1.3; +https://openai.com/gptbot)"
74.7.241.28 - - [19/Mar/2026:12:26:38 +0000] "GET /buy.php?goods/252003953 HTTP/1.1" 200 170820 "https://inception-blue.com/buy.php?detail/25200395368220" "Mozilla/5.0 AppleWebKit/537.36 (KHTML, like Gecko; compatible; GPTBot/1.3; +https://openai.com/gptbot)"
74.7.241.28 - - [19/Mar/2026:12:26:41 +0000] "GET /buy.php?detail/15001502213504 HTTP/1.1" 200 155374 "https://inception-blue.com/buy.php?detail/15004880244795" "Mozilla/5.0 AppleWebKit/537.36 (KHTML, like Gecko; compatible; GPTBot/1.3; +https://openai.com/gptbot)"
74.7.241.28 - - [19/Mar/2026:12:26:44 +0000] "GET /buy.php?detail/24803702829169 HTTP/1.1" 200 158404 "https://inception-blue.com/buy.php?detail/23504243384605" "Mozilla/5.0 AppleWebKit/537.36 (KHTML, like Gecko; compatible; GPTBot/1.3; +https://openai.com/gptbot)"
74.7.241.28 - - [19/Mar/2026:12:26:48 +0000] "GET /buy.php?detail/16600902760878 HTTP/1.1" 200 163456 "https://inception-blue.com/buy.php?detail/08901290230218" "Mozilla/5.0 AppleWebKit/537.36 (KHTML, like Gecko; compatible; GPTBot/1.3; +https://openai.com/gptbot)"
74.7.241.28 - - [19/Mar/2026:12:26:51 +0000] "GET /buy.php?detail/13604611689106 HTTP/1.1" 200 156150 "https://inception-blue.com/buy.php?detail/08901290230218" "Mozilla/5.0 AppleWebKit/537.36 (KHTML, like Gecko; compatible; GPTBot/1.3; +https://openai.com/gptbot)"
74.7.241.28 - - [19/Mar/2026:12:26:54 +0000] "GET /buy.php?detail/21901950213681 HTTP/1.1" 200 156375 "https://inception-blue.com/buy.php?detail/21901125232008" "Mozilla/5.0 AppleWebKit/537.36 (KHTML, like Gecko; compatible; GPTBot/1.3; +https://openai.com/gptbot)"
74.7.241.28 - - [19/Mar/2026:12:26:57 +0000] "GET /buy.php?detail/29701286629038 HTTP/1.1" 200 153777 "https://inception-blue.com/buy.php?detail/23503846029400" "Mozilla/5.0 AppleWebKit/537.36 (KHTML, like Gecko; compatible; GPTBot/1.3; +https://openai.com/gptbot)"
