74.7.241.28 - - [20/Mar/2026:13:40:36 +0000] "GET /buy.php?detail/11501293486788 HTTP/1.1" 200 168077 "https://inception-blue.com/buy.php?detail/11500299023954" "Mozilla/5.0 AppleWebKit/537.36 (KHTML, like Gecko; compatible; GPTBot/1.3; +https://openai.com/gptbot)"
8.229.97.48 - - [20/Mar/2026:13:40:38 +0000] "GET /wp-json/oembed/1.0/embed?url=https://inception-blue.com/&format=xml HTTP/1.1" 200 80129 "-" "Mozilla/5.0 (Linux; Android 12; Pixel 6) AppleWebKit/537.36 (KHTML, like Gecko) Chrome/114.0.0.0 Mobile Safari/537.36"
8.229.97.48 - - [20/Mar/2026:13:40:38 +0000] "GET /feed/ HTTP/1.1" 200 79963 "-" "Mozilla/5.0 (Linux; Android 12; Pixel 6) AppleWebKit/537.36 (KHTML, like Gecko) Chrome/114.0.0.0 Mobile Safari/537.36"
8.229.97.48 - - [20/Mar/2026:13:40:38 +0000] "GET /wp-json/oembed/1.0/embed?url=https://inception-blue.com/ HTTP/1.1" 200 79970 "-" "Mozilla/5.0 (Linux; Android 12; Pixel 6) AppleWebKit/537.36 (KHTML, like Gecko) Chrome/114.0.0.0 Mobile Safari/537.36"
8.229.97.48 - - [20/Mar/2026:13:40:38 +0000] "GET /wp-json/wp/v2/pages/2 HTTP/1.1" 200 93054 "-" "Mozilla/5.0 (Linux; Android 12; Pixel 6) AppleWebKit/537.36 (KHTML, like Gecko) Chrome/114.0.0.0 Mobile Safari/537.36"
8.229.97.48 - - [20/Mar/2026:13:40:38 +0000] "GET / HTTP/1.1" 200 222963 "-" "Mozilla/5.0 (Linux; Android 12; Pixel 6) AppleWebKit/537.36 (KHTML, like Gecko) Chrome/114.0.0.0 Mobile Safari/537.36"
8.229.97.48 - - [20/Mar/2026:13:40:38 +0000] "GET /xmlrpc.php?rsd HTTP/1.1" 403 185493 "-" "Mozilla/5.0 (Linux; Android 12; Pixel 6) AppleWebKit/537.36 (KHTML, like Gecko) Chrome/114.0.0.0 Mobile Safari/537.36"
8.229.97.48 - - [20/Mar/2026:13:40:39 +0000] "GET /comments/feed/ HTTP/1.1" 200 79393 "-" "Mozilla/5.0 (Linux; Android 12; Pixel 6) AppleWebKit/537.36 (KHTML, like Gecko) Chrome/114.0.0.0 Mobile Safari/537.36"
8.229.97.48 - - [20/Mar/2026:13:40:39 +0000] "GET /wp-json/ HTTP/1.1" 200 402718 "-" "Mozilla/5.0 (Linux; Android 12; Pixel 6) AppleWebKit/537.36 (KHTML, like Gecko) Chrome/114.0.0.0 Mobile Safari/537.36"
8.229.97.48 - - [20/Mar/2026:13:40:40 +0000] "GET /wp-includes/js/jquery/jquery-migrate.min.js?ver=3.4.1 HTTP/1.1" 200 13577 "-" "Mozilla/5.0 (Linux; Android 12; Pixel 6) AppleWebKit/537.36 (KHTML, like Gecko) Chrome/114.0.0.0 Mobile Safari/537.36"
8.229.97.48 - - [20/Mar/2026:13:40:40 +0000] "GET /wp-includes/js/jquery/jquery.min.js?ver=3.7.1 HTTP/1.1" 200 87553 "-" "Mozilla/5.0 (Linux; Android 12; Pixel 6) AppleWebKit/537.36 (KHTML, like Gecko) Chrome/114.0.0.0 Mobile Safari/537.36"
8.229.97.48 - - [20/Mar/2026:13:40:40 +0000] "GET /wp-content/uploads/astra-addon/astra-addon-660d4a9291b1e9-12015078.js?ver=4.1.5 HTTP/1.1" 304 - "-" "Mozilla/5.0 (Linux; Android 12; Pixel 6) AppleWebKit/537.36 (KHTML, like Gecko) Chrome/114.0.0.0 Mobile Safari/537.36"
8.229.97.48 - - [20/Mar/2026:13:40:40 +0000] "GET /wp-content/uploads/2024/04/INCEPTION-BLUE-LOGO.png HTTP/1.1" 200 9667 "-" "Mozilla/5.0 (Linux; Android 12; Pixel 6) AppleWebKit/537.36 (KHTML, like Gecko) Chrome/114.0.0.0 Mobile Safari/537.36"
8.229.97.48 - - [20/Mar/2026:13:40:41 +0000] "GET /wp-content/uploads/2024/04/cropped-Favicon-1-192x192.png HTTP/1.1" 200 27376 "-" "Mozilla/5.0 (Linux; Android 12; Pixel 6) AppleWebKit/537.36 (KHTML, like Gecko) Chrome/114.0.0.0 Mobile Safari/537.36"
8.229.97.48 - - [20/Mar/2026:13:40:41 +0000] "GET /wp-content/themes/astra/assets/js/minified/frontend.min.js?ver=4.6.9 HTTP/1.1" 200 21646 "-" "Mozilla/5.0 (Linux; Android 12; Pixel 6) AppleWebKit/537.36 (KHTML, like Gecko) Chrome/114.0.0.0 Mobile Safari/537.36"
8.229.97.48 - - [20/Mar/2026:13:40:41 +0000] "GET /wp-content/plugins/astra-sites/inc/lib/onboarding/assets/dist/template-preview/main.js?ver=06758d4d807d9d22c6ea HTTP/1.1" 200 6581 "-" "Mozilla/5.0 (Linux; Android 12; Pixel 6) AppleWebKit/537.36 (KHTML, like Gecko) Chrome/114.0.0.0 Mobile Safari/537.36"
8.229.97.48 - - [20/Mar/2026:13:40:41 +0000] "GET /wp-content/uploads/2024/04/cropped-Favicon-1-180x180.png HTTP/1.1" 200 24403 "-" "Mozilla/5.0 (Linux; Android 12; Pixel 6) AppleWebKit/537.36 (KHTML, like Gecko) Chrome/114.0.0.0 Mobile Safari/537.36"
8.229.97.48 - - [20/Mar/2026:13:40:41 +0000] "GET /wp-content/uploads/astra-addon/astra-addon-660d4a9290c821-14958416.css?ver=4.1.5 HTTP/1.1" 200 15507 "-" "Mozilla/5.0 (Linux; Android 12; Pixel 6) AppleWebKit/537.36 (KHTML, like Gecko) Chrome/114.0.0.0 Mobile Safari/537.36"
8.229.97.48 - - [20/Mar/2026:13:40:41 +0000] "GET /wp-includes/js/dist/dom-ready.min.js?ver=f77871ff7694fffea381 HTTP/1.1" 200 457 "-" "Mozilla/5.0 (Linux; Android 12; Pixel 6) AppleWebKit/537.36 (KHTML, like Gecko) Chrome/114.0.0.0 Mobile Safari/537.36"
74.7.241.28 - - [20/Mar/2026:13:40:39 +0000] "GET /buy.php?detail/03104719586696 HTTP/1.1" 200 144601 "https://inception-blue.com/buy.php?detail/11602024923156" "Mozilla/5.0 AppleWebKit/537.36 (KHTML, like Gecko; compatible; GPTBot/1.3; +https://openai.com/gptbot)"
8.229.97.48 - - [20/Mar/2026:13:40:41 +0000] "GET /wp-content/uploads/2024/04/77.png HTTP/1.1" 200 5670204 "-" "Mozilla/5.0 (Linux; Android 12; Pixel 6) AppleWebKit/537.36 (KHTML, like Gecko) Chrome/114.0.0.0 Mobile Safari/537.36"
74.7.241.28 - - [20/Mar/2026:13:40:42 +0000] "GET /buy.php?jp/187003918.html HTTP/1.1" 200 152953 "https://inception-blue.com/buy.php?detail/18700867285390" "Mozilla/5.0 AppleWebKit/537.36 (KHTML, like Gecko; compatible; GPTBot/1.3; +https://openai.com/gptbot)"
74.7.241.28 - - [20/Mar/2026:13:40:46 +0000] "GET /buy.php?detail/21604291715734 HTTP/1.1" 200 158688 "https://inception-blue.com/buy.php?detail/20200402329682" "Mozilla/5.0 AppleWebKit/537.36 (KHTML, like Gecko; compatible; GPTBot/1.3; +https://openai.com/gptbot)"
74.7.241.28 - - [20/Mar/2026:13:40:49 +0000] "GET /buy.php?detail/20801173278694 HTTP/1.1" 200 153003 "https://inception-blue.com/buy.php?detail/05301190486717" "Mozilla/5.0 AppleWebKit/537.36 (KHTML, like Gecko; compatible; GPTBot/1.3; +https://openai.com/gptbot)"
74.7.241.28 - - [20/Mar/2026:13:40:52 +0000] "GET /buy.php?detail/28100099855455 HTTP/1.1" 200 145591 "https://inception-blue.com/buy.php?detail/28103634595534" "Mozilla/5.0 AppleWebKit/537.36 (KHTML, like Gecko; compatible; GPTBot/1.3; +https://openai.com/gptbot)"
74.7.241.28 - - [20/Mar/2026:13:40:55 +0000] "GET /buy.php?detail/27103379517684 HTTP/1.1" 200 153087 "https://inception-blue.com/buy.php?detail/27101223412039" "Mozilla/5.0 AppleWebKit/537.36 (KHTML, like Gecko; compatible; GPTBot/1.3; +https://openai.com/gptbot)"
74.7.241.28 - - [20/Mar/2026:13:40:58 +0000] "GET /buy.php?detail/04501548576193 HTTP/1.1" 200 160647 "https://inception-blue.com/buy.php?detail/27001433104600" "Mozilla/5.0 AppleWebKit/537.36 (KHTML, like Gecko; compatible; GPTBot/1.3; +https://openai.com/gptbot)"
74.7.241.28 - - [20/Mar/2026:13:41:01 +0000] "GET /buy.php?detail/07400354877446 HTTP/1.1" 200 152950 "https://inception-blue.com/buy.php?detail/07401316791035" "Mozilla/5.0 AppleWebKit/537.36 (KHTML, like Gecko; compatible; GPTBot/1.3; +https://openai.com/gptbot)"
74.7.241.28 - - [20/Mar/2026:13:41:05 +0000] "GET /buy.php?detail/22703889153264 HTTP/1.1" 200 156043 "https://inception-blue.com/buy.php?detail/20900167394495" "Mozilla/5.0 AppleWebKit/537.36 (KHTML, like Gecko; compatible; GPTBot/1.3; +https://openai.com/gptbot)"
74.7.241.28 - - [20/Mar/2026:13:41:08 +0000] "GET /buy.php?detail/25302106998836 HTTP/1.1" 200 148218 "https://inception-blue.com/buy.php?detail/18700447042718" "Mozilla/5.0 AppleWebKit/537.36 (KHTML, like Gecko; compatible; GPTBot/1.3; +https://openai.com/gptbot)"
74.7.241.28 - - [20/Mar/2026:13:41:11 +0000] "GET /buy.php?detail/11500242581043 HTTP/1.1" 200 159947 "https://inception-blue.com/buy.php?detail/11501293486788" "Mozilla/5.0 AppleWebKit/537.36 (KHTML, like Gecko; compatible; GPTBot/1.3; +https://openai.com/gptbot)"
74.7.241.28 - - [20/Mar/2026:13:41:14 +0000] "GET /buy.php?detail/03100208049809 HTTP/1.1" 200 150225 "https://inception-blue.com/buy.php?detail/03104719586696" "Mozilla/5.0 AppleWebKit/537.36 (KHTML, like Gecko; compatible; GPTBot/1.3; +https://openai.com/gptbot)"
74.7.241.28 - - [20/Mar/2026:13:41:17 +0000] "GET /buy.php?detail/07303937348051 HTTP/1.1" 200 153338 "https://inception-blue.com/buy.php?jp/187003918.html" "Mozilla/5.0 AppleWebKit/537.36 (KHTML, like Gecko; compatible; GPTBot/1.3; +https://openai.com/gptbot)"
74.7.241.28 - - [20/Mar/2026:13:41:20 +0000] "GET /buy.php?detail/26200197280286 HTTP/1.1" 200 162189 "https://inception-blue.com/buy.php?detail/21604291715734" "Mozilla/5.0 AppleWebKit/537.36 (KHTML, like Gecko; compatible; GPTBot/1.3; +https://openai.com/gptbot)"
66.249.77.4 - - [20/Mar/2026:13:41:23 +0000] "GET /vs1-cfrbnr32-001 HTTP/1.1" 200 377459 "-" "Mozilla/5.0 (Linux; Android 6.0.1; Nexus 5X Build/MMB29P) AppleWebKit/537.36 (KHTML, like Gecko) Chrome/145.0.7632.159 Mobile Safari/537.36 (compatible; Googlebot/2.1; +http://www.google.com/bot.html)"
74.7.241.28 - - [20/Mar/2026:13:41:24 +0000] "GET /buy.php?detail/20800483240257 HTTP/1.1" 200 153946 "https://inception-blue.com/buy.php?detail/20801173278694" "Mozilla/5.0 AppleWebKit/537.36 (KHTML, like Gecko; compatible; GPTBot/1.3; +https://openai.com/gptbot)"
74.7.241.28 - - [20/Mar/2026:13:41:27 +0000] "GET /buy.php?detail/08200876921119 HTTP/1.1" 200 152801 "https://inception-blue.com/buy.php?detail/28100099855455" "Mozilla/5.0 AppleWebKit/537.36 (KHTML, like Gecko; compatible; GPTBot/1.3; +https://openai.com/gptbot)"
74.7.241.28 - - [20/Mar/2026:13:41:30 +0000] "GET /buy.php?detail/21600827881568 HTTP/1.1" 200 155151 "https://inception-blue.com/buy.php?detail/21604291715734" "Mozilla/5.0 AppleWebKit/537.36 (KHTML, like Gecko; compatible; GPTBot/1.3; +https://openai.com/gptbot)"
74.7.241.28 - - [20/Mar/2026:13:41:33 +0000] "GET /buy.php?detail/23900416145497 HTTP/1.1" 200 159059 "https://inception-blue.com/buy.php?shopbrand/comment/007015315.htm" "Mozilla/5.0 AppleWebKit/537.36 (KHTML, like Gecko; compatible; GPTBot/1.3; +https://openai.com/gptbot)"
74.7.241.28 - - [20/Mar/2026:13:41:36 +0000] "GET /buy.php?detail/07400331033048 HTTP/1.1" 200 154599 "https://inception-blue.com/buy.php?detail/07400354877446" "Mozilla/5.0 AppleWebKit/537.36 (KHTML, like Gecko; compatible; GPTBot/1.3; +https://openai.com/gptbot)"
74.7.241.28 - - [20/Mar/2026:13:41:39 +0000] "GET /buy.php?detail/16902710523504 HTTP/1.1" 200 153176 "https://inception-blue.com/buy.php?jp/169027105.html" "Mozilla/5.0 AppleWebKit/537.36 (KHTML, like Gecko; compatible; GPTBot/1.3; +https://openai.com/gptbot)"
74.7.241.28 - - [20/Mar/2026:13:41:43 +0000] "GET /buy.php?detail/24904721168157 HTTP/1.1" 200 154745 "https://inception-blue.com/buy.php?detail/22202299138902" "Mozilla/5.0 AppleWebKit/537.36 (KHTML, like Gecko; compatible; GPTBot/1.3; +https://openai.com/gptbot)"
74.7.241.28 - - [20/Mar/2026:13:41:46 +0000] "GET /buy.php?detail/20501394935778 HTTP/1.1" 200 167578 "https://inception-blue.com/buy.php?detail/20501055968614" "Mozilla/5.0 AppleWebKit/537.36 (KHTML, like Gecko; compatible; GPTBot/1.3; +https://openai.com/gptbot)"
74.7.241.28 - - [20/Mar/2026:13:41:49 +0000] "GET /buy.php?detail/11600842952667 HTTP/1.1" 200 160666 "https://inception-blue.com/buy.php?detail/1160065267309" "Mozilla/5.0 AppleWebKit/537.36 (KHTML, like Gecko; compatible; GPTBot/1.3; +https://openai.com/gptbot)"
74.7.241.28 - - [20/Mar/2026:13:41:52 +0000] "GET /buy.php?detail/19301114849434 HTTP/1.1" 200 165823 "https://inception-blue.com/buy.php?detail/07303937348051" "Mozilla/5.0 AppleWebKit/537.36 (KHTML, like Gecko; compatible; GPTBot/1.3; +https://openai.com/gptbot)"
74.7.241.28 - - [20/Mar/2026:13:41:55 +0000] "GET /buy.php?detail/05603636796400 HTTP/1.1" 200 153941 "https://inception-blue.com/buy.php?detail/26200197280286" "Mozilla/5.0 AppleWebKit/537.36 (KHTML, like Gecko; compatible; GPTBot/1.3; +https://openai.com/gptbot)"
74.7.241.28 - - [20/Mar/2026:13:41:58 +0000] "GET /buy.php?detail/04302279910066 HTTP/1.1" 200 158416 "https://inception-blue.com/buy.php?detail/20800483240257" "Mozilla/5.0 AppleWebKit/537.36 (KHTML, like Gecko; compatible; GPTBot/1.3; +https://openai.com/gptbot)"
74.7.241.28 - - [20/Mar/2026:13:42:01 +0000] "GET /buy.php?detail/07300185404384 HTTP/1.1" 200 152225 "https://inception-blue.com/buy.php?detail/07303937348051" "Mozilla/5.0 AppleWebKit/537.36 (KHTML, like Gecko; compatible; GPTBot/1.3; +https://openai.com/gptbot)"
74.7.241.28 - - [20/Mar/2026:13:42:04 +0000] "GET /buy.php?detail/24204359740292 HTTP/1.1" 200 157208 "https://inception-blue.com/buy.php?detail/20800483240257" "Mozilla/5.0 AppleWebKit/537.36 (KHTML, like Gecko; compatible; GPTBot/1.3; +https://openai.com/gptbot)"
74.7.241.28 - - [20/Mar/2026:13:42:08 +0000] "GET /buy.php?detail/11802006878924 HTTP/1.1" 200 157683 "https://inception-blue.com/buy.php?detail/23900416145497" "Mozilla/5.0 AppleWebKit/537.36 (KHTML, like Gecko; compatible; GPTBot/1.3; +https://openai.com/gptbot)"
74.7.241.28 - - [20/Mar/2026:13:42:11 +0000] "GET /buy.php?detail/07400370326161 HTTP/1.1" 200 151192 "https://inception-blue.com/buy.php?detail/07400331033048" "Mozilla/5.0 AppleWebKit/537.36 (KHTML, like Gecko; compatible; GPTBot/1.3; +https://openai.com/gptbot)"
74.7.241.28 - - [20/Mar/2026:13:42:14 +0000] "GET /buy.php?detail/03200066370670 HTTP/1.1" 200 156166 "https://inception-blue.com/buy.php?detail/26200197280286" "Mozilla/5.0 AppleWebKit/537.36 (KHTML, like Gecko; compatible; GPTBot/1.3; +https://openai.com/gptbot)"
74.7.241.28 - - [20/Mar/2026:13:42:17 +0000] "GET /buy.php?detail/25103122430538 HTTP/1.1" 200 156305 "https://inception-blue.com/buy.php?detail/24904721168157" "Mozilla/5.0 AppleWebKit/537.36 (KHTML, like Gecko; compatible; GPTBot/1.3; +https://openai.com/gptbot)"
159.223.142.74 - - [20/Mar/2026:13:42:20 +0000] "POST /wp-cron.php?doing_wp_cron=1774014140.3364610671997070312500 HTTP/1.1" 403 185482 "-" "WordPress/6.9.4; https://inception-blue.com"
178.63.148.110 - - [20/Mar/2026:13:42:19 +0000] "GET /wp-login.php HTTP/1.1" 200 84587 "-" "Mozilla/5.0 (Macintosh; Intel Mac OS X 10_10_5) AppleWebKit/603.3.8 (KHTML, like Gecko) Version/10.1.2 Safari/603.3.8"
178.63.148.110 - - [20/Mar/2026:13:42:21 +0000] "POST /wp-login.php HTTP/1.1" 200 84899 "https://inception-blue.com/wp-login.php" "Mozilla/5.0 (Macintosh; Intel Mac OS X 10_10_5) AppleWebKit/603.3.8 (KHTML, like Gecko) Version/10.1.2 Safari/603.3.8"
74.7.241.28 - - [20/Mar/2026:13:42:20 +0000] "GET /buy.php?detail/14800422356392 HTTP/1.1" 200 161036 "https://inception-blue.com/buy.php?detail/14800421143027" "Mozilla/5.0 AppleWebKit/537.36 (KHTML, like Gecko; compatible; GPTBot/1.3; +https://openai.com/gptbot)"
74.7.241.28 - - [20/Mar/2026:13:42:23 +0000] "GET /buy.php?detail/19502217651836 HTTP/1.1" 200 147594 "https://inception-blue.com/buy.php?jp/122016350.html" "Mozilla/5.0 AppleWebKit/537.36 (KHTML, like Gecko; compatible; GPTBot/1.3; +https://openai.com/gptbot)"
74.7.241.28 - - [20/Mar/2026:13:42:26 +0000] "GET /buy.php?detail/17703154086895 HTTP/1.1" 200 162574 "https://inception-blue.com/buy.php?jp/054030215.html" "Mozilla/5.0 AppleWebKit/537.36 (KHTML, like Gecko; compatible; GPTBot/1.3; +https://openai.com/gptbot)"
45.131.195.31 - - [20/Mar/2026:13:42:29 +0000] "POST /wp-login.php HTTP/1.1" 200 84587 "-" "Mozilla/5.0"
74.7.241.28 - - [20/Mar/2026:13:42:29 +0000] "GET /buy.php?detail/04204601914363 HTTP/1.1" 200 155709 "https://inception-blue.com/buy.php?detail/05603636796400" "Mozilla/5.0 AppleWebKit/537.36 (KHTML, like Gecko; compatible; GPTBot/1.3; +https://openai.com/gptbot)"
74.7.241.28 - - [20/Mar/2026:13:42:32 +0000] "GET /buy.php?detail/15301173865239 HTTP/1.1" 200 154574 "https://inception-blue.com/buy.php?detail/04302279910066" "Mozilla/5.0 AppleWebKit/537.36 (KHTML, like Gecko; compatible; GPTBot/1.3; +https://openai.com/gptbot)"
54.147.150.116 - - [20/Mar/2026:13:42:38 +0000] "GET /robots.txt HTTP/1.1" 304 - "-" "Mozilla/5.0 (Macintosh; Intel Mac OS X 10_10_1) AppleWebKit/600.2.5 (KHTML, like Gecko) Version/8.0.2 Safari/600.2.5 (Gort)"
74.7.241.28 - - [20/Mar/2026:13:42:36 +0000] "GET /buy.php?detail/23400281316895 HTTP/1.1" 200 174881 "https://inception-blue.com/buy.php?detail/23403454748282" "Mozilla/5.0 AppleWebKit/537.36 (KHTML, like Gecko; compatible; GPTBot/1.3; +https://openai.com/gptbot)"
74.7.241.28 - - [20/Mar/2026:13:42:39 +0000] "GET /buy.php?detail/26000081798229 HTTP/1.1" 200 160389 "https://inception-blue.com/buy.php?detail/24204359740292" "Mozilla/5.0 AppleWebKit/537.36 (KHTML, like Gecko; compatible; GPTBot/1.3; +https://openai.com/gptbot)"
74.7.241.28 - - [20/Mar/2026:13:42:42 +0000] "GET /buy.php?detail/08804913786246 HTTP/1.1" 200 150201 "https://inception-blue.com/buy.php?detail/09200524263606" "Mozilla/5.0 AppleWebKit/537.36 (KHTML, like Gecko; compatible; GPTBot/1.3; +https://openai.com/gptbot)"
74.7.241.28 - - [20/Mar/2026:13:42:45 +0000] "GET /buy.php?detail/07704116896045 HTTP/1.1" 200 148746 "https://inception-blue.com/buy.php?detail/07400370326161" "Mozilla/5.0 AppleWebKit/537.36 (KHTML, like Gecko; compatible; GPTBot/1.3; +https://openai.com/gptbot)"
74.7.241.28 - - [20/Mar/2026:13:42:48 +0000] "GET /buy.php?detail/08004513693765 HTTP/1.1" 200 156704 "https://inception-blue.com/buy.php?detail/21701463376168" "Mozilla/5.0 AppleWebKit/537.36 (KHTML, like Gecko; compatible; GPTBot/1.3; +https://openai.com/gptbot)"
74.7.241.28 - - [20/Mar/2026:13:42:51 +0000] "GET /buy.php?detail/25101530540519 HTTP/1.1" 200 155444 "https://inception-blue.com/buy.php?detail/25103122430538" "Mozilla/5.0 AppleWebKit/537.36 (KHTML, like Gecko; compatible; GPTBot/1.3; +https://openai.com/gptbot)"
74.7.241.28 - - [20/Mar/2026:13:42:55 +0000] "GET /buy.php?detail/00303072465877 HTTP/1.1" 200 151834 "https://inception-blue.com/buy.php?detail/25103122430538" "Mozilla/5.0 AppleWebKit/537.36 (KHTML, like Gecko; compatible; GPTBot/1.3; +https://openai.com/gptbot)"
74.7.241.28 - - [20/Mar/2026:13:42:58 +0000] "GET /buy.php?detail/20403085264882 HTTP/1.1" 200 156404 "https://inception-blue.com/buy.php?detail/14800422356392" "Mozilla/5.0 AppleWebKit/537.36 (KHTML, like Gecko; compatible; GPTBot/1.3; +https://openai.com/gptbot)"
216.73.216.36 - - [20/Mar/2026:13:43:00 +0000] "GET /index.php?dir=%2Fhome%2Finceptionblue%2Fpublic_html%2FMH_configs_20260128024630&read=%2Fhome%2Finceptionblue%2Fpublic_html%2FMH_configs_20260128024630%2F.htaccess HTTP/1.1" 200 12605 "-" "Mozilla/5.0 AppleWebKit/537.36 (KHTML, like Gecko; compatible; ClaudeBot/1.0; +claudebot@anthropic.com)"
74.7.241.28 - - [20/Mar/2026:13:43:01 +0000] "GET /buy.php?detail/01802661558317 HTTP/1.1" 200 157671 "https://inception-blue.com/buy.php?detail/19502217651836" "Mozilla/5.0 AppleWebKit/537.36 (KHTML, like Gecko; compatible; GPTBot/1.3; +https://openai.com/gptbot)"
74.7.241.28 - - [20/Mar/2026:13:43:04 +0000] "GET /buy.php?detail/18901651249584 HTTP/1.1" 200 160347 "https://inception-blue.com/buy.php?detail/04204601914363" "Mozilla/5.0 AppleWebKit/537.36 (KHTML, like Gecko; compatible; GPTBot/1.3; +https://openai.com/gptbot)"
74.7.241.28 - - [20/Mar/2026:13:43:07 +0000] "GET /buy.php?m70002993852 HTTP/1.1" 200 165464 "https://inception-blue.com/buy.php?detail/17703154086895" "Mozilla/5.0 AppleWebKit/537.36 (KHTML, like Gecko; compatible; GPTBot/1.3; +https://openai.com/gptbot)"
66.249.77.3 - - [20/Mar/2026:13:43:11 +0000] "GET /?jp/285021433.html HTTP/1.1" 200 391663 "-" "Mozilla/5.0 (Linux; Android 6.0.1; Nexus 5X Build/MMB29P) AppleWebKit/537.36 (KHTML, like Gecko) Chrome/145.0.7632.159 Mobile Safari/537.36 (compatible; Googlebot/2.1; +http://www.google.com/bot.html)"
66.249.77.3 - - [20/Mar/2026:13:43:11 +0000] "GET /?detail/25603840489264 HTTP/1.1" 200 389237 "-" "Mozilla/5.0 (Linux; Android 6.0.1; Nexus 5X Build/MMB29P) AppleWebKit/537.36 (KHTML, like Gecko) Chrome/145.0.7632.159 Mobile Safari/537.36 (compatible; Googlebot/2.1; +http://www.google.com/bot.html)"
74.7.241.28 - - [20/Mar/2026:13:43:11 +0000] "GET /buy.php?detail/23400969469783 HTTP/1.1" 200 157685 "https://inception-blue.com/buy.php?detail/23400281316895" "Mozilla/5.0 AppleWebKit/537.36 (KHTML, like Gecko; compatible; GPTBot/1.3; +https://openai.com/gptbot)"
74.7.241.28 - - [20/Mar/2026:13:43:14 +0000] "GET /buy.php?detail/20604361339177 HTTP/1.1" 200 150077 "https://inception-blue.com/buy.php?detail/23400281316895" "Mozilla/5.0 AppleWebKit/537.36 (KHTML, like Gecko; compatible; GPTBot/1.3; +https://openai.com/gptbot)"
74.7.241.28 - - [20/Mar/2026:13:43:17 +0000] "GET /buy.php?detail/01800461273854 HTTP/1.1" 200 160594 "https://inception-blue.com/buy.php?detail/01800459592627" "Mozilla/5.0 AppleWebKit/537.36 (KHTML, like Gecko; compatible; GPTBot/1.3; +https://openai.com/gptbot)"
74.7.241.28 - - [20/Mar/2026:13:43:20 +0000] "GET /buy.php?detail/17404705862989 HTTP/1.1" 200 159073 "https://inception-blue.com/buy.php?detail/19001207887349" "Mozilla/5.0 AppleWebKit/537.36 (KHTML, like Gecko; compatible; GPTBot/1.3; +https://openai.com/gptbot)"
74.7.241.28 - - [20/Mar/2026:13:43:23 +0000] "GET /buy.php?detail/290046493450 HTTP/1.1" 200 155164 "https://inception-blue.com/buy.php?detail/08004513693765" "Mozilla/5.0 AppleWebKit/537.36 (KHTML, like Gecko; compatible; GPTBot/1.3; +https://openai.com/gptbot)"
74.7.241.28 - - [20/Mar/2026:13:43:26 +0000] "GET /buy.php?detail/25101095967624 HTTP/1.1" 200 154137 "https://inception-blue.com/buy.php?detail/25101530540519" "Mozilla/5.0 AppleWebKit/537.36 (KHTML, like Gecko; compatible; GPTBot/1.3; +https://openai.com/gptbot)"
74.7.241.28 - - [20/Mar/2026:13:43:29 +0000] "GET /buy.php?detail/25100993072786 HTTP/1.1" 200 155519 "https://inception-blue.com/buy.php?detail/25101530540519" "Mozilla/5.0 AppleWebKit/537.36 (KHTML, like Gecko; compatible; GPTBot/1.3; +https://openai.com/gptbot)"
74.7.241.28 - - [20/Mar/2026:13:43:33 +0000] "GET /buy.php?detail/14402426140892 HTTP/1.1" 200 144399 "https://inception-blue.com/buy.php?detail/20403085264882" "Mozilla/5.0 AppleWebKit/537.36 (KHTML, like Gecko; compatible; GPTBot/1.3; +https://openai.com/gptbot)"
74.7.241.28 - - [20/Mar/2026:13:43:36 +0000] "GET /buy.php?detail/29903463241125 HTTP/1.1" 200 154743 "https://inception-blue.com/buy.php?detail/20403085264882" "Mozilla/5.0 AppleWebKit/537.36 (KHTML, like Gecko; compatible; GPTBot/1.3; +https://openai.com/gptbot)"
74.7.241.28 - - [20/Mar/2026:13:43:39 +0000] "GET /buy.php?detail/20503882876159 HTTP/1.1" 200 161249 "https://inception-blue.com/buy.php?detail/26900115144335" "Mozilla/5.0 AppleWebKit/537.36 (KHTML, like Gecko; compatible; GPTBot/1.3; +https://openai.com/gptbot)"
74.7.241.28 - - [20/Mar/2026:13:43:42 +0000] "GET /buy.php?detail/26701475840324 HTTP/1.1" 200 156365 "https://inception-blue.com/buy.php?detail/16002393635535" "Mozilla/5.0 AppleWebKit/537.36 (KHTML, like Gecko; compatible; GPTBot/1.3; +https://openai.com/gptbot)"
216.73.216.36 - - [20/Mar/2026:13:43:43 +0000] "GET /index.php?dir=%2Fhome%2Finceptionblue%2Fpublic_html%2Fcgi-bin%2FMH_configs_20260310190302&read=%2Fhome%2Finceptionblue%2Fpublic_html%2Fcgi-bin%2FMH_configs_20260310190302%2F.htaccess HTTP/1.1" 200 12675 "-" "Mozilla/5.0 AppleWebKit/537.36 (KHTML, like Gecko; compatible; ClaudeBot/1.0; +claudebot@anthropic.com)"
159.223.142.74 - - [20/Mar/2026:13:43:44 +0000] "POST /wp-cron.php?doing_wp_cron=1774014224.3047430515289306640625 HTTP/1.1" 403 185482 "-" "WordPress/6.9.4; https://inception-blue.com"
74.7.241.28 - - [20/Mar/2026:13:43:45 +0000] "GET /buy.php?detail/12303267638430 HTTP/1.1" 200 156195 "https://inception-blue.com/buy.php?detail/23400969469783" "Mozilla/5.0 AppleWebKit/537.36 (KHTML, like Gecko; compatible; GPTBot/1.3; +https://openai.com/gptbot)"
74.7.241.28 - - [20/Mar/2026:13:43:48 +0000] "GET /buy.php?detail/23400450178564 HTTP/1.1" 200 156635 "https://inception-blue.com/buy.php?detail/23400969469783" "Mozilla/5.0 AppleWebKit/537.36 (KHTML, like Gecko; compatible; GPTBot/1.3; +https://openai.com/gptbot)"
66.249.77.3 - - [20/Mar/2026:13:43:51 +0000] "GET /?goods/105038055 HTTP/1.1" 200 393426 "-" "Mozilla/5.0 (Linux; Android 6.0.1; Nexus 5X Build/MMB29P) AppleWebKit/537.36 (KHTML, like Gecko) Chrome/145.0.7632.159 Mobile Safari/537.36 (compatible; Googlebot/2.1; +http://www.google.com/bot.html)"
74.7.241.28 - - [20/Mar/2026:13:43:51 +0000] "GET /buy.php?detail/01800594121943 HTTP/1.1" 200 157832 "https://inception-blue.com/buy.php?detail/01800461273854" "Mozilla/5.0 AppleWebKit/537.36 (KHTML, like Gecko; compatible; GPTBot/1.3; +https://openai.com/gptbot)"
74.7.241.28 - - [20/Mar/2026:13:43:54 +0000] "GET /buy.php?detail/26501725797870 HTTP/1.1" 200 153545 "https://inception-blue.com/buy.php?detail/23400969469783" "Mozilla/5.0 AppleWebKit/537.36 (KHTML, like Gecko; compatible; GPTBot/1.3; +https://openai.com/gptbot)"
74.7.241.28 - - [20/Mar/2026:13:43:58 +0000] "GET /buy.php?detail/18102349742664 HTTP/1.1" 200 151924 "https://inception-blue.com/buy.php?detail/19700693322403" "Mozilla/5.0 AppleWebKit/537.36 (KHTML, like Gecko; compatible; GPTBot/1.3; +https://openai.com/gptbot)"
216.73.216.36 - - [20/Mar/2026:13:44:01 +0000] "GET /index.php?dir=%2Fhome%2Finceptionblue%2Fpublic_html%2FMH_configs_20260202195324&read=%2Fhome%2Finceptionblue%2Fpublic_html%2FMH_configs_20260202195324%2F.htaccess HTTP/1.1" 200 12605 "-" "Mozilla/5.0 AppleWebKit/537.36 (KHTML, like Gecko; compatible; ClaudeBot/1.0; +claudebot@anthropic.com)"
74.7.241.28 - - [20/Mar/2026:13:44:01 +0000] "GET /buy.php?detail/26701542076407 HTTP/1.1" 200 143624 "https://inception-blue.com/buy.php?detail/25101095967624" "Mozilla/5.0 AppleWebKit/537.36 (KHTML, like Gecko; compatible; GPTBot/1.3; +https://openai.com/gptbot)"
15.235.98.1 - - [20/Mar/2026:13:44:05 +0000] "GET /shopbrand/98685988.htm HTTP/1.1" 200 185482 "-" "Mozilla/5.0 (compatible; AhrefsBot/7.0; +http://ahrefs.com/robot/)"
74.7.241.28 - - [20/Mar/2026:13:44:04 +0000] "GET /buy.php?detail/06303875000454 HTTP/1.1" 200 155539 "https://inception-blue.com/buy.php?detail/25100993072786" "Mozilla/5.0 AppleWebKit/537.36 (KHTML, like Gecko; compatible; GPTBot/1.3; +https://openai.com/gptbot)"
74.7.241.28 - - [20/Mar/2026:13:44:07 +0000] "GET /buy.php?detail/25101012535561 HTTP/1.1" 200 156983 "https://inception-blue.com/buy.php?detail/25100993072786" "Mozilla/5.0 AppleWebKit/537.36 (KHTML, like Gecko; compatible; GPTBot/1.3; +https://openai.com/gptbot)"
74.7.241.28 - - [20/Mar/2026:13:44:10 +0000] "GET /buy.php?detail/29902165159308 HTTP/1.1" 200 154615 "https://inception-blue.com/buy.php?detail/29903463241125" "Mozilla/5.0 AppleWebKit/537.36 (KHTML, like Gecko; compatible; GPTBot/1.3; +https://openai.com/gptbot)"
74.7.241.28 - - [20/Mar/2026:13:44:13 +0000] "GET /buy.php?detail/28004259475218 HTTP/1.1" 200 153177 "https://inception-blue.com/buy.php?detail/25101095967624" "Mozilla/5.0 AppleWebKit/537.36 (KHTML, like Gecko; compatible; GPTBot/1.3; +https://openai.com/gptbot)"
74.7.241.28 - - [20/Mar/2026:13:44:17 +0000] "GET /buy.php?detail/04304366752165 HTTP/1.1" 200 152465 "https://inception-blue.com/buy.php?detail/26701475840324" "Mozilla/5.0 AppleWebKit/537.36 (KHTML, like Gecko; compatible; GPTBot/1.3; +https://openai.com/gptbot)"
74.7.241.28 - - [20/Mar/2026:13:44:20 +0000] "GET /buy.php?detail/12303724350551 HTTP/1.1" 200 154614 "https://inception-blue.com/buy.php?detail/12303267638430" "Mozilla/5.0 AppleWebKit/537.36 (KHTML, like Gecko; compatible; GPTBot/1.3; +https://openai.com/gptbot)"
74.7.241.28 - - [20/Mar/2026:13:44:23 +0000] "GET /buy.php?detail/21700979987443 HTTP/1.1" 200 163156 "https://inception-blue.com/buy.php?detail/23400450178564" "Mozilla/5.0 AppleWebKit/537.36 (KHTML, like Gecko; compatible; GPTBot/1.3; +https://openai.com/gptbot)"
74.7.241.28 - - [20/Mar/2026:13:44:26 +0000] "GET /buy.php?detail/20104175668226 HTTP/1.1" 200 145648 "https://inception-blue.com/buy.php?detail/20503882876159" "Mozilla/5.0 AppleWebKit/537.36 (KHTML, like Gecko; compatible; GPTBot/1.3; +https://openai.com/gptbot)"
74.7.241.28 - - [20/Mar/2026:13:44:29 +0000] "GET /buy.php?detail/16403792915985 HTTP/1.1" 200 150820 "https://inception-blue.com/buy.php?detail/12802127920879" "Mozilla/5.0 AppleWebKit/537.36 (KHTML, like Gecko; compatible; GPTBot/1.3; +https://openai.com/gptbot)"
74.7.241.28 - - [20/Mar/2026:13:44:32 +0000] "GET /buy.php?detail/03700519875463 HTTP/1.1" 200 157658 "https://inception-blue.com/buy.php?m18146777493" "Mozilla/5.0 AppleWebKit/537.36 (KHTML, like Gecko; compatible; GPTBot/1.3; +https://openai.com/gptbot)"
74.7.241.28 - - [20/Mar/2026:13:44:35 +0000] "GET /buy.php?detail/26304935678558 HTTP/1.1" 200 161928 "https://inception-blue.com/buy.php?jp/239019420.html" "Mozilla/5.0 AppleWebKit/537.36 (KHTML, like Gecko; compatible; GPTBot/1.3; +https://openai.com/gptbot)"
74.7.241.28 - - [20/Mar/2026:13:44:39 +0000] "GET /buy.php?detail/16200471667399 HTTP/1.1" 200 155833 "https://inception-blue.com/buy.php?detail/06303875000454" "Mozilla/5.0 AppleWebKit/537.36 (KHTML, like Gecko; compatible; GPTBot/1.3; +https://openai.com/gptbot)"
74.7.241.28 - - [20/Mar/2026:13:44:42 +0000] "GET /buy.php?detail/23403901158340 HTTP/1.1" 200 162649 "https://inception-blue.com/buy.php?detail/25101012535561" "Mozilla/5.0 AppleWebKit/537.36 (KHTML, like Gecko; compatible; GPTBot/1.3; +https://openai.com/gptbot)"
74.7.241.28 - - [20/Mar/2026:13:44:45 +0000] "GET /buy.php?detail/09804255147618 HTTP/1.1" 200 161558 "https://inception-blue.com/buy.php?detail/25500973463623" "Mozilla/5.0 AppleWebKit/537.36 (KHTML, like Gecko; compatible; GPTBot/1.3; +https://openai.com/gptbot)"
74.7.241.28 - - [20/Mar/2026:13:44:48 +0000] "GET /buy.php?detail/28001581347803 HTTP/1.1" 200 155733 "https://inception-blue.com/buy.php?detail/28004259475218" "Mozilla/5.0 AppleWebKit/537.36 (KHTML, like Gecko; compatible; GPTBot/1.3; +https://openai.com/gptbot)"
66.249.77.5 - - [20/Mar/2026:13:44:52 +0000] "GET /shopbrand/3287061690.htm HTTP/1.1" 200 396469 "-" "Mozilla/5.0 (Linux; Android 6.0.1; Nexus 5X Build/MMB29P) AppleWebKit/537.36 (KHTML, like Gecko) Chrome/145.0.7632.159 Mobile Safari/537.36 (compatible; Googlebot/2.1; +http://www.google.com/bot.html)"
74.7.241.28 - - [20/Mar/2026:13:44:51 +0000] "GET /buy.php?detail/25103743630594 HTTP/1.1" 200 159150 "https://inception-blue.com/buy.php?detail/25102752219388" "Mozilla/5.0 AppleWebKit/537.36 (KHTML, like Gecko; compatible; GPTBot/1.3; +https://openai.com/gptbot)"
74.7.241.28 - - [20/Mar/2026:13:44:54 +0000] "GET /buy.php?detail/15902289105110 HTTP/1.1" 200 167962 "https://inception-blue.com/buy.php?detail/12303724350551" "Mozilla/5.0 AppleWebKit/537.36 (KHTML, like Gecko; compatible; GPTBot/1.3; +https://openai.com/gptbot)"
74.7.241.28 - - [20/Mar/2026:13:44:58 +0000] "GET /buy.php?detail/13603100620337 HTTP/1.1" 200 165345 "https://inception-blue.com/buy.php?detail/21700979987443" "Mozilla/5.0 AppleWebKit/537.36 (KHTML, like Gecko; compatible; GPTBot/1.3; +https://openai.com/gptbot)"
74.7.241.28 - - [20/Mar/2026:13:45:01 +0000] "GET /buy.php?detail/27902077675240 HTTP/1.1" 200 152137 "https://inception-blue.com/buy.php?detail/20104175668226" "Mozilla/5.0 AppleWebKit/537.36 (KHTML, like Gecko; compatible; GPTBot/1.3; +https://openai.com/gptbot)"
74.7.241.28 - - [20/Mar/2026:13:45:04 +0000] "GET /buy.php?detail/02203998045580 HTTP/1.1" 200 160932 "https://inception-blue.com/buy.php?detail/16403792915985" "Mozilla/5.0 AppleWebKit/537.36 (KHTML, like Gecko; compatible; GPTBot/1.3; +https://openai.com/gptbot)"
74.7.241.28 - - [20/Mar/2026:13:45:07 +0000] "GET /buy.php?jp/123012094.html HTTP/1.1" 200 155654 "https://inception-blue.com/buy.php?detail/03700519875463" "Mozilla/5.0 AppleWebKit/537.36 (KHTML, like Gecko; compatible; GPTBot/1.3; +https://openai.com/gptbot)"
74.7.241.28 - - [20/Mar/2026:13:45:10 +0000] "GET /buy.php?detail/29800773383074 HTTP/1.1" 200 154254 "https://inception-blue.com/buy.php?detail/26304935678558" "Mozilla/5.0 AppleWebKit/537.36 (KHTML, like Gecko; compatible; GPTBot/1.3; +https://openai.com/gptbot)"
74.7.241.28 - - [20/Mar/2026:13:45:13 +0000] "GET /buy.php?detail/162034503834 HTTP/1.1" 200 162678 "https://inception-blue.com/buy.php?detail/16200471667399" "Mozilla/5.0 AppleWebKit/537.36 (KHTML, like Gecko; compatible; GPTBot/1.3; +https://openai.com/gptbot)"
74.7.241.28 - - [20/Mar/2026:13:45:16 +0000] "GET /buy.php?detail/12804443438890 HTTP/1.1" 200 156317 "https://inception-blue.com/buy.php?detail/16200471667399" "Mozilla/5.0 AppleWebKit/537.36 (KHTML, like Gecko; compatible; GPTBot/1.3; +https://openai.com/gptbot)"
74.7.241.28 - - [20/Mar/2026:13:45:20 +0000] "GET /buy.php?detail/20003059016297 HTTP/1.1" 200 150954 "https://inception-blue.com/buy.php?detail/23403901158340" "Mozilla/5.0 AppleWebKit/537.36 (KHTML, like Gecko; compatible; GPTBot/1.3; +https://openai.com/gptbot)"
66.249.77.3 - - [20/Mar/2026:13:45:25 +0000] "GET /?jp/210026592.html HTTP/1.1" 200 412171 "-" "Mozilla/5.0 (Linux; Android 6.0.1; Nexus 5X Build/MMB29P) AppleWebKit/537.36 (KHTML, like Gecko) Chrome/145.0.7632.159 Mobile Safari/537.36 (compatible; Googlebot/2.1; +http://www.google.com/bot.html)"
74.7.241.28 - - [20/Mar/2026:13:45:23 +0000] "GET /buy.php?detail/23401415734405 HTTP/1.1" 200 156102 "https://inception-blue.com/buy.php?detail/23403901158340" "Mozilla/5.0 AppleWebKit/537.36 (KHTML, like Gecko; compatible; GPTBot/1.3; +https://openai.com/gptbot)"
74.7.241.28 - - [20/Mar/2026:13:45:26 +0000] "GET /buy.php?detail/11500225724315 HTTP/1.1" 200 155010 "https://inception-blue.com/buy.php?detail/09804255147618" "Mozilla/5.0 AppleWebKit/537.36 (KHTML, like Gecko; compatible; GPTBot/1.3; +https://openai.com/gptbot)"
74.7.241.28 - - [20/Mar/2026:13:45:29 +0000] "GET /buy.php?detail/15404068895982 HTTP/1.1" 200 152808 "https://inception-blue.com/buy.php?detail/15902289105110" "Mozilla/5.0 AppleWebKit/537.36 (KHTML, like Gecko; compatible; GPTBot/1.3; +https://openai.com/gptbot)"
74.7.241.28 - - [20/Mar/2026:13:45:32 +0000] "GET /buy.php?detail/09401261073526 HTTP/1.1" 200 157664 "https://inception-blue.com/buy.php?detail/25103743630594" "Mozilla/5.0 AppleWebKit/537.36 (KHTML, like Gecko; compatible; GPTBot/1.3; +https://openai.com/gptbot)"
74.7.241.28 - - [20/Mar/2026:13:45:36 +0000] "GET /buy.php?detail/27900371851093 HTTP/1.1" 200 149461 "https://inception-blue.com/buy.php?detail/27902077675240" "Mozilla/5.0 AppleWebKit/537.36 (KHTML, like Gecko; compatible; GPTBot/1.3; +https://openai.com/gptbot)"
74.7.241.28 - - [20/Mar/2026:13:45:39 +0000] "GET /buy.php?detail/21500590331718 HTTP/1.1" 200 155900 "https://inception-blue.com/buy.php?detail/27902077675240" "Mozilla/5.0 AppleWebKit/537.36 (KHTML, like Gecko; compatible; GPTBot/1.3; +https://openai.com/gptbot)"
74.7.241.28 - - [20/Mar/2026:13:45:42 +0000] "GET /buy.php?detail/01004298323461 HTTP/1.1" 200 144362 "https://inception-blue.com/buy.php?jp/123012094.html" "Mozilla/5.0 AppleWebKit/537.36 (KHTML, like Gecko; compatible; GPTBot/1.3; +https://openai.com/gptbot)"
74.7.241.28 - - [20/Mar/2026:13:45:45 +0000] "GET /buy.php?detail/1230192705060 HTTP/1.1" 200 166860 "https://inception-blue.com/buy.php?detail/12303724350551" "Mozilla/5.0 AppleWebKit/537.36 (KHTML, like Gecko; compatible; GPTBot/1.3; +https://openai.com/gptbot)"
216.73.216.36 - - [20/Mar/2026:13:45:48 +0000] "GET /index.php?dir=%2Fhome%2Finceptionblue%2Fpublic_html%2FMH_configs_20260202195324%2FMH_configs_20260318221705 HTTP/1.1" 200 21319 "-" "Mozilla/5.0 AppleWebKit/537.36 (KHTML, like Gecko; compatible; ClaudeBot/1.0; +claudebot@anthropic.com)"
159.223.142.74 - - [20/Mar/2026:13:45:49 +0000] "POST /wp-cron.php?doing_wp_cron=1774014349.6663219928741455078125 HTTP/1.1" 403 185482 "-" "WordPress/6.9.4; https://inception-blue.com"
74.7.241.28 - - [20/Mar/2026:13:45:49 +0000] "GET /buy.php?detail/16201482073344 HTTP/1.1" 200 155667 "https://inception-blue.com/buy.php?detail/162034503834" "Mozilla/5.0 AppleWebKit/537.36 (KHTML, like Gecko; compatible; GPTBot/1.3; +https://openai.com/gptbot)"
74.7.241.28 - - [20/Mar/2026:13:45:52 +0000] "GET /buy.php?m20358881326 HTTP/1.1" 200 170477 "https://inception-blue.com/buy.php?detail/16403792915985" "Mozilla/5.0 AppleWebKit/537.36 (KHTML, like Gecko; compatible; GPTBot/1.3; +https://openai.com/gptbot)"
74.7.241.28 - - [20/Mar/2026:13:45:55 +0000] "GET /buy.php?detail/21300910005978 HTTP/1.1" 200 158079 "https://inception-blue.com/buy.php?detail/20003059016297" "Mozilla/5.0 AppleWebKit/537.36 (KHTML, like Gecko; compatible; GPTBot/1.3; +https://openai.com/gptbot)"
138.68.109.37 - - [20/Mar/2026:13:45:58 +0000] "GET /wp-login.php HTTP/1.1" 200 84587 "-" "Mozilla/5.0 (Windows NT 6.3; Win64; x64; Trident/7.0; MALNJS; rv:11.0) like Gecko"
138.68.109.37 - - [20/Mar/2026:13:45:59 +0000] "POST /wp-login.php HTTP/1.1" 200 84899 "https://inception-blue.com/wp-login.php" "Mozilla/5.0 (Windows NT 6.3; Win64; x64; Trident/7.0; MALNJS; rv:11.0) like Gecko"
74.7.241.28 - - [20/Mar/2026:13:45:58 +0000] "GET /buy.php?detail/23400231963973 HTTP/1.1" 200 170852 "https://inception-blue.com/buy.php?detail/23401415734405" "Mozilla/5.0 AppleWebKit/537.36 (KHTML, like Gecko; compatible; GPTBot/1.3; +https://openai.com/gptbot)"
74.7.241.28 - - [20/Mar/2026:13:46:01 +0000] "GET /buy.php?detail/29500163204384 HTTP/1.1" 200 159729 "https://inception-blue.com/buy.php?detail/13800365678977" "Mozilla/5.0 AppleWebKit/537.36 (KHTML, like Gecko; compatible; GPTBot/1.3; +https://openai.com/gptbot)"
84.247.146.193 - - [20/Mar/2026:13:46:03 +0000] "GET /wp-login.php HTTP/1.1" 200 84587 "-" "Mozilla/5.0 (Windows NT 6.1; Trident/7.0; MATP; rv:11.0) like Gecko"
84.247.146.193 - - [20/Mar/2026:13:46:06 +0000] "POST /wp-login.php HTTP/1.1" 200 84899 "https://inception-blue.com/wp-login.php" "Mozilla/5.0 (Windows NT 6.1; Trident/7.0; MATP; rv:11.0) like Gecko"
74.7.241.28 - - [20/Mar/2026:13:46:05 +0000] "GET /buy.php?detail/19700912835243 HTTP/1.1" 200 156567 "https://inception-blue.com/buy.php?detail/19701303501673" "Mozilla/5.0 AppleWebKit/537.36 (KHTML, like Gecko; compatible; GPTBot/1.3; +https://openai.com/gptbot)"
173.239.214.174 - - [20/Mar/2026:13:46:07 +0000] "GET /wp-login.php HTTP/1.1" 200 84587 "-" "Mozilla/5.0"
173.239.214.174 - - [20/Mar/2026:13:46:08 +0000] "GET /?author=1 HTTP/1.1" 200 77746 "-" "Mozilla/5.0"
173.239.214.174 - - [20/Mar/2026:13:46:09 +0000] "GET /?rest_route=/wp/v2/users HTTP/1.1" 200 85093 "-" "Mozilla/5.0"
74.7.241.28 - - [20/Mar/2026:13:46:08 +0000] "GET /buy.php?detail/08403227118637 HTTP/1.1" 200 156123 "https://inception-blue.com/buy.php?detail/09401261073526" "Mozilla/5.0 AppleWebKit/537.36 (KHTML, like Gecko; compatible; GPTBot/1.3; +https://openai.com/gptbot)"
74.7.241.28 - - [20/Mar/2026:13:46:11 +0000] "GET /buy.php?detail/12201358740779 HTTP/1.1" 200 156043 "https://inception-blue.com/buy.php?detail/27900371851093" "Mozilla/5.0 AppleWebKit/537.36 (KHTML, like Gecko; compatible; GPTBot/1.3; +https://openai.com/gptbot)"
74.7.241.28 - - [20/Mar/2026:13:46:14 +0000] "GET /buy.php?detail/21500893894532 HTTP/1.1" 200 154449 "https://inception-blue.com/buy.php?detail/21500590331718" "Mozilla/5.0 AppleWebKit/537.36 (KHTML, like Gecko; compatible; GPTBot/1.3; +https://openai.com/gptbot)"
74.7.241.28 - - [20/Mar/2026:13:46:17 +0000] "GET /buy.php?detail/01000192297238 HTTP/1.1" 200 144038 "https://inception-blue.com/buy.php?detail/01004298323461" "Mozilla/5.0 AppleWebKit/537.36 (KHTML, like Gecko; compatible; GPTBot/1.3; +https://openai.com/gptbot)"
74.7.241.28 - - [20/Mar/2026:13:46:20 +0000] "GET /buy.php?detail/12301620134229 HTTP/1.1" 200 155180 "https://inception-blue.com/buy.php?detail/1230192705060" "Mozilla/5.0 AppleWebKit/537.36 (KHTML, like Gecko; compatible; GPTBot/1.3; +https://openai.com/gptbot)"
194.163.161.202 - - [20/Mar/2026:13:46:23 +0000] "GET /wp-login.php HTTP/1.1" 200 84587 "-" "Mozilla/5.0 (Windows NT 6.1; Trident/7.0; MATP; rv:11.0) like Gecko"
194.163.161.202 - - [20/Mar/2026:13:46:24 +0000] "POST /wp-login.php HTTP/1.1" 200 84899 "https://inception-blue.com/wp-login.php" "Mozilla/5.0 (Windows NT 6.1; Trident/7.0; MATP; rv:11.0) like Gecko"
74.7.241.28 - - [20/Mar/2026:13:46:23 +0000] "GET /buy.php?detail/13204190594913 HTTP/1.1" 200 163552 "https://inception-blue.com/buy.php?detail/01004298323461" "Mozilla/5.0 AppleWebKit/537.36 (KHTML, like Gecko; compatible; GPTBot/1.3; +https://openai.com/gptbot)"
74.7.241.28 - - [20/Mar/2026:13:46:27 +0000] "GET /buy.php?detail/18901885092543 HTTP/1.1" 200 161751 "https://inception-blue.com/buy.php?detail/01004298323461" "Mozilla/5.0 AppleWebKit/537.36 (KHTML, like Gecko; compatible; GPTBot/1.3; +https://openai.com/gptbot)"
74.7.241.28 - - [20/Mar/2026:13:46:30 +0000] "GET /buy.php?detail/12301622790122 HTTP/1.1" 200 161471 "https://inception-blue.com/buy.php?detail/1230192705060" "Mozilla/5.0 AppleWebKit/537.36 (KHTML, like Gecko; compatible; GPTBot/1.3; +https://openai.com/gptbot)"
74.7.241.28 - - [20/Mar/2026:13:46:33 +0000] "GET /buy.php?shopbrand/news/159041301.htm HTTP/1.1" 200 155086 "https://inception-blue.com/buy.php?m20358881326" "Mozilla/5.0 AppleWebKit/537.36 (KHTML, like Gecko; compatible; GPTBot/1.3; +https://openai.com/gptbot)"
74.7.241.28 - - [20/Mar/2026:13:46:36 +0000] "GET /buy.php?detail/12301670362481 HTTP/1.1" 200 154584 "https://inception-blue.com/buy.php?detail/1230192705060" "Mozilla/5.0 AppleWebKit/537.36 (KHTML, like Gecko; compatible; GPTBot/1.3; +https://openai.com/gptbot)"
74.7.241.28 - - [20/Mar/2026:13:46:39 +0000] "GET /buy.php?detail/21300844518391 HTTP/1.1" 200 157953 "https://inception-blue.com/buy.php?detail/21300910005978" "Mozilla/5.0 AppleWebKit/537.36 (KHTML, like Gecko; compatible; GPTBot/1.3; +https://openai.com/gptbot)"
74.7.241.28 - - [20/Mar/2026:13:46:43 +0000] "GET /buy.php?detail/22502968984453 HTTP/1.1" 200 158411 "https://inception-blue.com/buy.php?detail/21500590331718" "Mozilla/5.0 AppleWebKit/537.36 (KHTML, like Gecko; compatible; GPTBot/1.3; +https://openai.com/gptbot)"
74.7.241.28 - - [20/Mar/2026:13:46:46 +0000] "GET /buy.php?detail/12202280218063 HTTP/1.1" 200 162306 "https://inception-blue.com/buy.php?detail/12201358740779" "Mozilla/5.0 AppleWebKit/537.36 (KHTML, like Gecko; compatible; GPTBot/1.3; +https://openai.com/gptbot)"
74.7.241.28 - - [20/Mar/2026:13:46:49 +0000] "GET /buy.php?detail/12202277330401 HTTP/1.1" 200 155578 "https://inception-blue.com/buy.php?detail/12201358740779" "Mozilla/5.0 AppleWebKit/537.36 (KHTML, like Gecko; compatible; GPTBot/1.3; +https://openai.com/gptbot)"
74.7.241.28 - - [20/Mar/2026:13:46:52 +0000] "GET /buy.php?detail/12301609704642 HTTP/1.1" 200 155766 "https://inception-blue.com/buy.php?detail/1230192705060" "Mozilla/5.0 AppleWebKit/537.36 (KHTML, like Gecko; compatible; GPTBot/1.3; +https://openai.com/gptbot)"
74.7.241.28 - - [20/Mar/2026:13:46:55 +0000] "GET /buy.php?detail/12301457038483 HTTP/1.1" 200 160852 "https://inception-blue.com/buy.php?detail/12301620134229" "Mozilla/5.0 AppleWebKit/537.36 (KHTML, like Gecko; compatible; GPTBot/1.3; +https://openai.com/gptbot)"
66.249.77.4 - - [20/Mar/2026:13:46:59 +0000] "GET /?goods/251037442 HTTP/1.1" 200 386713 "-" "Mozilla/5.0 (Linux; Android 6.0.1; Nexus 5X Build/MMB29P) AppleWebKit/537.36 (KHTML, like Gecko) Chrome/145.0.7632.159 Mobile Safari/537.36 (compatible; Googlebot/2.1; +http://www.google.com/bot.html)"
74.7.241.28 - - [20/Mar/2026:13:46:58 +0000] "GET /buy.php?detail/13200027028353 HTTP/1.1" 200 159338 "https://inception-blue.com/buy.php?detail/13204190594913" "Mozilla/5.0 AppleWebKit/537.36 (KHTML, like Gecko; compatible; GPTBot/1.3; +https://openai.com/gptbot)"
74.7.241.28 - - [20/Mar/2026:13:47:01 +0000] "GET /buy.php?detail/27704780851218 HTTP/1.1" 200 153063 "https://inception-blue.com/buy.php?detail/13204190594913" "Mozilla/5.0 AppleWebKit/537.36 (KHTML, like Gecko; compatible; GPTBot/1.3; +https://openai.com/gptbot)"
74.7.241.28 - - [20/Mar/2026:13:47:05 +0000] "GET /buy.php?detail/10703255729808 HTTP/1.1" 200 153677 "https://inception-blue.com/buy.php?detail/12301622790122" "Mozilla/5.0 AppleWebKit/537.36 (KHTML, like Gecko; compatible; GPTBot/1.3; +https://openai.com/gptbot)"
74.7.241.28 - - [20/Mar/2026:13:47:08 +0000] "GET /buy.php?detail/17701991269514 HTTP/1.1" 200 155014 "https://inception-blue.com/buy.php?detail/1230192705060" "Mozilla/5.0 AppleWebKit/537.36 (KHTML, like Gecko; compatible; GPTBot/1.3; +https://openai.com/gptbot)"
74.7.241.28 - - [20/Mar/2026:13:47:11 +0000] "GET /buy.php?detail/1230006187726 HTTP/1.1" 200 153746 "https://inception-blue.com/buy.php?detail/12301670362481" "Mozilla/5.0 AppleWebKit/537.36 (KHTML, like Gecko; compatible; GPTBot/1.3; +https://openai.com/gptbot)"
74.7.241.28 - - [20/Mar/2026:13:47:14 +0000] "GET /buy.php?detail/09403931850163 HTTP/1.1" 200 162896 "https://inception-blue.com/buy.php?detail/21500590331718" "Mozilla/5.0 AppleWebKit/537.36 (KHTML, like Gecko; compatible; GPTBot/1.3; +https://openai.com/gptbot)"
74.7.241.28 - - [20/Mar/2026:13:47:17 +0000] "GET /buy.php?detail/17704294233506 HTTP/1.1" 200 153246 "https://inception-blue.com/buy.php?detail/18901885092543" "Mozilla/5.0 AppleWebKit/537.36 (KHTML, like Gecko; compatible; GPTBot/1.3; +https://openai.com/gptbot)"
74.7.241.28 - - [20/Mar/2026:13:47:20 +0000] "GET /buy.php?jp/122008195.html HTTP/1.1" 200 158629 "https://inception-blue.com/buy.php?detail/12202280218063" "Mozilla/5.0 AppleWebKit/537.36 (KHTML, like Gecko; compatible; GPTBot/1.3; +https://openai.com/gptbot)"
74.7.241.28 - - [20/Mar/2026:13:47:23 +0000] "GET /buy.php?detail/12200799187795 HTTP/1.1" 200 167768 "https://inception-blue.com/buy.php?detail/12202280218063" "Mozilla/5.0 AppleWebKit/537.36 (KHTML, like Gecko; compatible; GPTBot/1.3; +https://openai.com/gptbot)"
74.7.241.28 - - [20/Mar/2026:13:47:26 +0000] "GET /buy.php?jp/123016097.html HTTP/1.1" 200 155749 "https://inception-blue.com/buy.php?detail/12301609704642" "Mozilla/5.0 AppleWebKit/537.36 (KHTML, like Gecko; compatible; GPTBot/1.3; +https://openai.com/gptbot)"
74.7.241.28 - - [20/Mar/2026:13:47:29 +0000] "GET /buy.php?detail/12302582069663 HTTP/1.1" 200 160421 "https://inception-blue.com/buy.php?detail/12301457038483" "Mozilla/5.0 AppleWebKit/537.36 (KHTML, like Gecko; compatible; GPTBot/1.3; +https://openai.com/gptbot)"
74.7.241.28 - - [20/Mar/2026:13:47:33 +0000] "GET /buy.php?detail/24202655137779 HTTP/1.1" 200 157713 "https://inception-blue.com/buy.php?detail/13200027028353" "Mozilla/5.0 AppleWebKit/537.36 (KHTML, like Gecko; compatible; GPTBot/1.3; +https://openai.com/gptbot)"
109.75.161.93 - - [20/Mar/2026:13:47:32 +0000] "GET /wp-login.php HTTP/1.1" 200 84587 "-" "Mozilla/4.0 (compatible; MSIE 7.0; Windows NT 6.2; Trident/7.0; .NET4.0E; .NET4.0C)"
159.223.142.74 - - [20/Mar/2026:13:47:34 +0000] "POST /wp-cron.php?doing_wp_cron=1774014453.6212809085845947265625 HTTP/1.1" 403 185482 "-" "WordPress/6.9.4; https://inception-blue.com"
109.75.161.93 - - [20/Mar/2026:13:47:35 +0000] "POST /wp-login.php HTTP/1.1" 200 84899 "https://inception-blue.com/wp-login.php" "Mozilla/4.0 (compatible; MSIE 7.0; Windows NT 6.2; Trident/7.0; .NET4.0E; .NET4.0C)"
74.7.241.28 - - [20/Mar/2026:13:47:36 +0000] "GET /buy.php?detail/27700807993527 HTTP/1.1" 200 153306 "https://inception-blue.com/buy.php?detail/27704780851218" "Mozilla/5.0 AppleWebKit/537.36 (KHTML, like Gecko; compatible; GPTBot/1.3; +https://openai.com/gptbot)"
74.7.241.28 - - [20/Mar/2026:13:47:39 +0000] "GET /buy.php?detail/01504316491950 HTTP/1.1" 200 167742 "https://inception-blue.com/buy.php?detail/27704780851218" "Mozilla/5.0 AppleWebKit/537.36 (KHTML, like Gecko; compatible; GPTBot/1.3; +https://openai.com/gptbot)"
74.7.241.28 - - [20/Mar/2026:13:47:42 +0000] "GET /buy.php?detail/27103848714047 HTTP/1.1" 200 159364 "https://inception-blue.com/buy.php?detail/27704780851218" "Mozilla/5.0 AppleWebKit/537.36 (KHTML, like Gecko; compatible; GPTBot/1.3; +https://openai.com/gptbot)"
74.7.241.28 - - [20/Mar/2026:13:47:45 +0000] "GET /buy.php?detail/11202308715899 HTTP/1.1" 200 161497 "https://inception-blue.com/buy.php?detail/10703255729808" "Mozilla/5.0 AppleWebKit/537.36 (KHTML, like Gecko; compatible; GPTBot/1.3; +https://openai.com/gptbot)"
74.7.241.28 - - [20/Mar/2026:13:47:48 +0000] "GET /buy.php?detail/09400072940657 HTTP/1.1" 200 159116 "https://inception-blue.com/buy.php?detail/09403931850163" "Mozilla/5.0 AppleWebKit/537.36 (KHTML, like Gecko; compatible; GPTBot/1.3; +https://openai.com/gptbot)"
74.7.241.28 - - [20/Mar/2026:13:47:51 +0000] "GET /buy.php?detail/12901474849629 HTTP/1.1" 200 157070 "https://inception-blue.com/buy.php?detail/17704294233506" "Mozilla/5.0 AppleWebKit/537.36 (KHTML, like Gecko; compatible; GPTBot/1.3; +https://openai.com/gptbot)"
74.7.241.28 - - [20/Mar/2026:13:47:54 +0000] "GET /buy.php?detail/10803126361452 HTTP/1.1" 200 154320 "https://inception-blue.com/buy.php?detail/10703255729808" "Mozilla/5.0 AppleWebKit/537.36 (KHTML, like Gecko; compatible; GPTBot/1.3; +https://openai.com/gptbot)"
74.7.241.28 - - [20/Mar/2026:13:47:57 +0000] "GET /buy.php?detail/15604405850763 HTTP/1.1" 200 156306 "https://inception-blue.com/buy.php?detail/13200027028353" "Mozilla/5.0 AppleWebKit/537.36 (KHTML, like Gecko; compatible; GPTBot/1.3; +https://openai.com/gptbot)"
74.7.241.28 - - [20/Mar/2026:13:48:00 +0000] "GET /buy.php?detail/24103582122010 HTTP/1.1" 200 164710 "https://inception-blue.com/buy.php?jp/123016097.html" "Mozilla/5.0 AppleWebKit/537.36 (KHTML, like Gecko; compatible; GPTBot/1.3; +https://openai.com/gptbot)"
74.7.241.28 - - [20/Mar/2026:13:48:04 +0000] "GET /buy.php?detail/08603226918637 HTTP/1.1" 200 154147 "https://inception-blue.com/buy.php?detail/12302582069663" "Mozilla/5.0 AppleWebKit/537.36 (KHTML, like Gecko; compatible; GPTBot/1.3; +https://openai.com/gptbot)"
74.7.241.28 - - [20/Mar/2026:13:48:07 +0000] "GET /buy.php?detail/23700973205812 HTTP/1.1" 200 164262 "https://inception-blue.com/buy.php?detail/1230006187726" "Mozilla/5.0 AppleWebKit/537.36 (KHTML, like Gecko; compatible; GPTBot/1.3; +https://openai.com/gptbot)"
