66.249.77.4 - - [20/Mar/2026:13:01:53 +0000] "GET /?jp/300003139.html HTTP/1.1" 200 384232 "-" "Mozilla/5.0 (Linux; Android 6.0.1; Nexus 5X Build/MMB29P) AppleWebKit/537.36 (KHTML, like Gecko) Chrome/145.0.7632.159 Mobile Safari/537.36 (compatible; Googlebot/2.1; +http://www.google.com/bot.html)"
74.7.241.28 - - [20/Mar/2026:13:01:52 +0000] "GET /buy.php?166049333.htm HTTP/1.1" 200 156663 "https://inception-blue.com/buy.php?m55591925817" "Mozilla/5.0 AppleWebKit/537.36 (KHTML, like Gecko; compatible; GPTBot/1.3; +https://openai.com/gptbot)"
66.249.77.3 - - [20/Mar/2026:13:01:53 +0000] "GET /buy.php?jp/186009043.html HTTP/1.1" 200 164792 "-" "Mozilla/5.0 (Linux; Android 6.0.1; Nexus 5X Build/MMB29P) AppleWebKit/537.36 (KHTML, like Gecko) Chrome/145.0.7632.159 Mobile Safari/537.36 (compatible; Googlebot/2.1; +http://www.google.com/bot.html)"
66.249.77.4 - - [20/Mar/2026:13:01:56 +0000] "GET /?y=vuo285emakc49927fpdoht HTTP/1.1" 200 382222 "-" "Mozilla/5.0 (Linux; Android 6.0.1; Nexus 5X Build/MMB29P) AppleWebKit/537.36 (KHTML, like Gecko) Chrome/145.0.7632.159 Mobile Safari/537.36 (compatible; Googlebot/2.1; +http://www.google.com/bot.html)"
74.7.241.28 - - [20/Mar/2026:13:01:55 +0000] "GET /buy.php?detail/22200264653115 HTTP/1.1" 200 156530 "https://inception-blue.com/buy.php?detail/222010844913" "Mozilla/5.0 AppleWebKit/537.36 (KHTML, like Gecko; compatible; GPTBot/1.3; +https://openai.com/gptbot)"
74.7.241.28 - - [20/Mar/2026:13:01:58 +0000] "GET /buy.php?detail/22200267968140 HTTP/1.1" 200 163908 "https://inception-blue.com/buy.php?detail/222010844913" "Mozilla/5.0 AppleWebKit/537.36 (KHTML, like Gecko; compatible; GPTBot/1.3; +https://openai.com/gptbot)"
74.7.241.28 - - [20/Mar/2026:13:02:02 +0000] "GET /buy.php?detail/18204766322844 HTTP/1.1" 200 153087 "https://inception-blue.com/buy.php?detail/06901188886717" "Mozilla/5.0 AppleWebKit/537.36 (KHTML, like Gecko; compatible; GPTBot/1.3; +https://openai.com/gptbot)"
74.7.241.28 - - [20/Mar/2026:13:02:05 +0000] "GET /buy.php?detail/28601861425689 HTTP/1.1" 200 169409 "https://inception-blue.com/buy.php?detail/26502415731998" "Mozilla/5.0 AppleWebKit/537.36 (KHTML, like Gecko; compatible; GPTBot/1.3; +https://openai.com/gptbot)"
74.7.241.28 - - [20/Mar/2026:13:02:08 +0000] "GET /buy.php?detail/11504813535133 HTTP/1.1" 200 156470 "https://inception-blue.com/buy.php?detail/01903385607188" "Mozilla/5.0 AppleWebKit/537.36 (KHTML, like Gecko; compatible; GPTBot/1.3; +https://openai.com/gptbot)"
74.7.241.28 - - [20/Mar/2026:13:02:11 +0000] "GET /buy.php?detail/11404320152259 HTTP/1.1" 200 154575 "https://inception-blue.com/buy.php?detail/26502415731998" "Mozilla/5.0 AppleWebKit/537.36 (KHTML, like Gecko; compatible; GPTBot/1.3; +https://openai.com/gptbot)"
74.7.241.28 - - [20/Mar/2026:13:02:14 +0000] "GET /buy.php?detail/13400975909674 HTTP/1.1" 200 151833 "https://inception-blue.com/buy.php?detail/13402650539024" "Mozilla/5.0 AppleWebKit/537.36 (KHTML, like Gecko; compatible; GPTBot/1.3; +https://openai.com/gptbot)"
54.37.150.153 - - [20/Mar/2026:13:02:18 +0000] "GET /wp-content/uploads/2024/04/INCEPTION-BLUE-LOGO.png HTTP/1.1" 304 - "-" "python-urllib3/1.26.20"
74.7.241.28 - - [20/Mar/2026:13:02:17 +0000] "GET /buy.php?detail/10703128232081 HTTP/1.1" 200 155632 "https://inception-blue.com/buy.php?detail/13402650539024" "Mozilla/5.0 AppleWebKit/537.36 (KHTML, like Gecko; compatible; GPTBot/1.3; +https://openai.com/gptbot)"
74.7.241.28 - - [20/Mar/2026:13:02:21 +0000] "GET /buy.php?detail/13402015309216 HTTP/1.1" 200 155201 "https://inception-blue.com/buy.php?detail/13404906182571" "Mozilla/5.0 AppleWebKit/537.36 (KHTML, like Gecko; compatible; GPTBot/1.3; +https://openai.com/gptbot)"
74.7.241.28 - - [20/Mar/2026:13:02:24 +0000] "GET /buy.php?detail/11102369707278 HTTP/1.1" 200 158926 "https://inception-blue.com/buy.php?detail/05201422687899" "Mozilla/5.0 AppleWebKit/537.36 (KHTML, like Gecko; compatible; GPTBot/1.3; +https://openai.com/gptbot)"
74.7.241.28 - - [20/Mar/2026:13:02:27 +0000] "GET /buy.php?detail/20603126215675 HTTP/1.1" 200 153671 "https://inception-blue.com/buy.php?detail/05201422687899" "Mozilla/5.0 AppleWebKit/537.36 (KHTML, like Gecko; compatible; GPTBot/1.3; +https://openai.com/gptbot)"
74.7.241.28 - - [20/Mar/2026:13:02:30 +0000] "GET /buy.php?detail/17603858442683 HTTP/1.1" 200 160195 "https://inception-blue.com/buy.php?detail/22200264653115" "Mozilla/5.0 AppleWebKit/537.36 (KHTML, like Gecko; compatible; GPTBot/1.3; +https://openai.com/gptbot)"
74.7.241.28 - - [20/Mar/2026:13:02:33 +0000] "GET /buy.php?detail/22200267032242 HTTP/1.1" 200 156890 "https://inception-blue.com/buy.php?detail/222010844913" "Mozilla/5.0 AppleWebKit/537.36 (KHTML, like Gecko; compatible; GPTBot/1.3; +https://openai.com/gptbot)"
54.37.150.153 - - [20/Mar/2026:13:02:38 +0000] "GET /wp-content/uploads/2024/04/77.png HTTP/1.1" 304 - "-" "python-urllib3/1.26.20"
74.7.241.28 - - [20/Mar/2026:13:02:36 +0000] "GET /buy.php?detail/29102521777254 HTTP/1.1" 200 153692 "https://inception-blue.com/buy.php?detail/18204766322844" "Mozilla/5.0 AppleWebKit/537.36 (KHTML, like Gecko; compatible; GPTBot/1.3; +https://openai.com/gptbot)"
74.7.241.28 - - [20/Mar/2026:13:02:39 +0000] "GET /buy.php?m93514018696 HTTP/1.1" 200 154093 "https://inception-blue.com/buy.php?detail/28601861425689" "Mozilla/5.0 AppleWebKit/537.36 (KHTML, like Gecko; compatible; GPTBot/1.3; +https://openai.com/gptbot)"
74.7.241.28 - - [20/Mar/2026:13:02:43 +0000] "GET /buy.php?detail/22400696555629 HTTP/1.1" 200 161086 "https://inception-blue.com/buy.php?detail/28601861425689" "Mozilla/5.0 AppleWebKit/537.36 (KHTML, like Gecko; compatible; GPTBot/1.3; +https://openai.com/gptbot)"
74.7.241.28 - - [20/Mar/2026:13:02:46 +0000] "GET /buy.php?detail/11202031875924 HTTP/1.1" 200 153629 "https://inception-blue.com/buy.php?detail/18204766322844" "Mozilla/5.0 AppleWebKit/537.36 (KHTML, like Gecko; compatible; GPTBot/1.3; +https://openai.com/gptbot)"
74.7.241.28 - - [20/Mar/2026:13:02:49 +0000] "GET /buy.php?jp/157048531.html HTTP/1.1" 200 159138 "https://inception-blue.com/buy.php?detail/13400975909674" "Mozilla/5.0 AppleWebKit/537.36 (KHTML, like Gecko; compatible; GPTBot/1.3; +https://openai.com/gptbot)"
74.7.241.28 - - [20/Mar/2026:13:02:52 +0000] "GET /buy.php?detail/23103675566730 HTTP/1.1" 200 155158 "https://inception-blue.com/buy.php?detail/18204766322844" "Mozilla/5.0 AppleWebKit/537.36 (KHTML, like Gecko; compatible; GPTBot/1.3; +https://openai.com/gptbot)"
74.7.241.28 - - [20/Mar/2026:13:02:55 +0000] "GET /buy.php?detail/14203208514754 HTTP/1.1" 200 155030 "https://inception-blue.com/buy.php?detail/10703128232081" "Mozilla/5.0 AppleWebKit/537.36 (KHTML, like Gecko; compatible; GPTBot/1.3; +https://openai.com/gptbot)"
74.7.241.28 - - [20/Mar/2026:13:02:58 +0000] "GET /buy.php?detail/13404627741357 HTTP/1.1" 200 154512 "https://inception-blue.com/buy.php?detail/13402015309216" "Mozilla/5.0 AppleWebKit/537.36 (KHTML, like Gecko; compatible; GPTBot/1.3; +https://openai.com/gptbot)"
74.7.241.28 - - [20/Mar/2026:13:03:01 +0000] "GET /buy.php?detail/20600302916040 HTTP/1.1" 200 161300 "https://inception-blue.com/buy.php?detail/20603126215675" "Mozilla/5.0 AppleWebKit/537.36 (KHTML, like Gecko; compatible; GPTBot/1.3; +https://openai.com/gptbot)"
74.7.241.28 - - [20/Mar/2026:13:03:04 +0000] "GET /buy.php?detail/1760387345228 HTTP/1.1" 200 161889 "https://inception-blue.com/buy.php?detail/17603858442683" "Mozilla/5.0 AppleWebKit/537.36 (KHTML, like Gecko; compatible; GPTBot/1.3; +https://openai.com/gptbot)"
74.7.241.28 - - [20/Mar/2026:13:03:07 +0000] "GET /buy.php?detail/21900757019743 HTTP/1.1" 200 141747 "https://inception-blue.com/buy.php?detail/22200267032242" "Mozilla/5.0 AppleWebKit/537.36 (KHTML, like Gecko; compatible; GPTBot/1.3; +https://openai.com/gptbot)"
74.7.241.28 - - [20/Mar/2026:13:03:10 +0000] "GET /buy.php?detail/22402749822480 HTTP/1.1" 200 155335 "https://inception-blue.com/buy.php?detail/28601861425689" "Mozilla/5.0 AppleWebKit/537.36 (KHTML, like Gecko; compatible; GPTBot/1.3; +https://openai.com/gptbot)"
74.7.241.28 - - [20/Mar/2026:13:03:14 +0000] "GET /buy.php?detail/05404673802780 HTTP/1.1" 200 157087 "https://inception-blue.com/buy.php?detail/11404320152259" "Mozilla/5.0 AppleWebKit/537.36 (KHTML, like Gecko; compatible; GPTBot/1.3; +https://openai.com/gptbot)"
74.7.241.28 - - [20/Mar/2026:13:03:17 +0000] "GET /buy.php?detail/13703338589382 HTTP/1.1" 200 146867 "https://inception-blue.com/buy.php?detail/22400696555629" "Mozilla/5.0 AppleWebKit/537.36 (KHTML, like Gecko; compatible; GPTBot/1.3; +https://openai.com/gptbot)"
45.131.195.246 - - [20/Mar/2026:13:03:20 +0000] "POST /wp-login.php HTTP/1.1" 200 84587 "-" "Mozilla/5.0"
159.223.142.74 - - [20/Mar/2026:13:03:21 +0000] "POST /wp-cron.php?doing_wp_cron=1774011801.5524590015411376953125 HTTP/1.1" 403 185482 "-" "WordPress/6.9.4; https://inception-blue.com"
74.7.241.28 - - [20/Mar/2026:13:03:20 +0000] "GET /buy.php?detail/29604016169558 HTTP/1.1" 200 159177 "https://inception-blue.com/buy.php?detail/22400696555629" "Mozilla/5.0 AppleWebKit/537.36 (KHTML, like Gecko; compatible; GPTBot/1.3; +https://openai.com/gptbot)"
74.7.241.28 - - [20/Mar/2026:13:03:23 +0000] "GET /buy.php?detail/17603866327216 HTTP/1.1" 200 159586 "https://inception-blue.com/buy.php?detail/17603858442683" "Mozilla/5.0 AppleWebKit/537.36 (KHTML, like Gecko; compatible; GPTBot/1.3; +https://openai.com/gptbot)"
74.7.241.28 - - [20/Mar/2026:13:03:26 +0000] "GET /buy.php?detail/2850451883979 HTTP/1.1" 200 162064 "https://inception-blue.com/buy.php?detail/23103675566730" "Mozilla/5.0 AppleWebKit/537.36 (KHTML, like Gecko; compatible; GPTBot/1.3; +https://openai.com/gptbot)"
74.7.241.28 - - [20/Mar/2026:13:03:30 +0000] "GET /buy.php?detail/14200615424544 HTTP/1.1" 200 157201 "https://inception-blue.com/buy.php?detail/14203208514754" "Mozilla/5.0 AppleWebKit/537.36 (KHTML, like Gecko; compatible; GPTBot/1.3; +https://openai.com/gptbot)"
74.7.241.28 - - [20/Mar/2026:13:03:33 +0000] "GET /buy.php?detail/13403933476995 HTTP/1.1" 200 154443 "https://inception-blue.com/buy.php?detail/13404627741357" "Mozilla/5.0 AppleWebKit/537.36 (KHTML, like Gecko; compatible; GPTBot/1.3; +https://openai.com/gptbot)"
74.7.241.28 - - [20/Mar/2026:13:03:36 +0000] "GET /buy.php?detail/28601258278919 HTTP/1.1" 200 161318 "https://inception-blue.com/buy.php?detail/11102369707278" "Mozilla/5.0 AppleWebKit/537.36 (KHTML, like Gecko; compatible; GPTBot/1.3; +https://openai.com/gptbot)"
74.7.241.28 - - [20/Mar/2026:13:03:39 +0000] "GET /buy.php?detail/16500923725302 HTTP/1.1" 200 152268 "https://inception-blue.com/buy.php?detail/28601861425689" "Mozilla/5.0 AppleWebKit/537.36 (KHTML, like Gecko; compatible; GPTBot/1.3; +https://openai.com/gptbot)"
74.7.241.28 - - [20/Mar/2026:13:03:42 +0000] "GET /buy.php?detail/1050317371229 HTTP/1.1" 200 156301 "https://inception-blue.com/buy.php?detail/21900757019743" "Mozilla/5.0 AppleWebKit/537.36 (KHTML, like Gecko; compatible; GPTBot/1.3; +https://openai.com/gptbot)"
74.7.241.28 - - [20/Mar/2026:13:03:45 +0000] "GET /buy.php?detail/18803216883549 HTTP/1.1" 200 153524 "https://inception-blue.com/buy.php?detail/21900757019743" "Mozilla/5.0 AppleWebKit/537.36 (KHTML, like Gecko; compatible; GPTBot/1.3; +https://openai.com/gptbot)"
52.204.37.237 - - [20/Mar/2026:13:03:49 +0000] "GET /lets-dive/?dir=/home/inceptionblue/public_html/wp-includes/css/dist/commands&read=/home/inceptionblue/public_html/wp-includes/css/dist/commands/style.min.css HTTP/1.1" 200 166507 "-" "Mozilla/5.0 AppleWebKit/537.36 (KHTML, like Gecko; compatible; Amazonbot/0.1; +https://developer.amazon.com/support/amazonbot) Chrome/119.0.6045.214 Safari/537.36"
74.7.241.28 - - [20/Mar/2026:13:03:49 +0000] "GET /buy.php?detail/13402935424714 HTTP/1.1" 200 154674 "https://inception-blue.com/buy.php?detail/13404627741357" "Mozilla/5.0 AppleWebKit/537.36 (KHTML, like Gecko; compatible; GPTBot/1.3; +https://openai.com/gptbot)"
54.83.180.239 - - [20/Mar/2026:13:03:53 +0000] "GET /author/scott/?dir=/home/inceptionblue/public_html/wp-content/plugins/wordpress-seo/js/dist/externals HTTP/1.1" 200 170802 "-" "Mozilla/5.0 AppleWebKit/537.36 (KHTML, like Gecko; compatible; Amazonbot/0.1; +https://developer.amazon.com/support/amazonbot) Chrome/119.0.6045.214 Safari/537.36"
74.7.241.28 - - [20/Mar/2026:13:03:52 +0000] "GET /buy.php?044002999.htm HTTP/1.1" 200 153308 "https://inception-blue.com/buy.php?m93514018696" "Mozilla/5.0 AppleWebKit/537.36 (KHTML, like Gecko; compatible; GPTBot/1.3; +https://openai.com/gptbot)"
74.7.241.28 - - [20/Mar/2026:13:03:55 +0000] "GET /buy.php?detail/296004074285 HTTP/1.1" 200 158083 "https://inception-blue.com/buy.php?detail/29604016169558" "Mozilla/5.0 AppleWebKit/537.36 (KHTML, like Gecko; compatible; GPTBot/1.3; +https://openai.com/gptbot)"
52.44.174.136 - - [20/Mar/2026:13:03:57 +0000] "GET /lets-dive/?dir=/home/inceptionblue/public_html/wp-includes/css/dist/format-library&read=/home/inceptionblue/public_html/wp-includes/css/dist/format-library/style.min.css HTTP/1.1" 200 160337 "-" "Mozilla/5.0 AppleWebKit/537.36 (KHTML, like Gecko; compatible; Amazonbot/0.1; +https://developer.amazon.com/support/amazonbot) Chrome/119.0.6045.214 Safari/537.36"
74.7.241.28 - - [20/Mar/2026:13:03:58 +0000] "GET /buy.php?detail/08603332544781 HTTP/1.1" 200 146228 "https://inception-blue.com/buy.php?detail/29604016169558" "Mozilla/5.0 AppleWebKit/537.36 (KHTML, like Gecko; compatible; GPTBot/1.3; +https://openai.com/gptbot)"
44.215.210.112 - - [20/Mar/2026:13:04:01 +0000] "GET /lets-dive/?dir=/home/inceptionblue/public_html/wp-includes/rest-api/fields&read=/home/inceptionblue/public_html/wp-includes/rest-api/fields/class-wp-rest-post-meta-fields.php HTTP/1.1" 200 160804 "-" "Mozilla/5.0 AppleWebKit/537.36 (KHTML, like Gecko; compatible; Amazonbot/0.1; +https://developer.amazon.com/support/amazonbot) Chrome/119.0.6045.214 Safari/537.36"
74.7.241.28 - - [20/Mar/2026:13:04:01 +0000] "GET /buy.php?detail/21501551447379 HTTP/1.1" 200 164269 "https://inception-blue.com/buy.php?detail/2850451883979" "Mozilla/5.0 AppleWebKit/537.36 (KHTML, like Gecko; compatible; GPTBot/1.3; +https://openai.com/gptbot)"
44.221.227.90 - - [20/Mar/2026:13:04:05 +0000] "GET /lets-dive/?dir=/home/inceptionblue/public_html/wp-includes/rest-api/endpoints&read=/home/inceptionblue/public_html/wp-includes/rest-api/endpoints/error_log HTTP/1.1" 200 417591 "-" "Mozilla/5.0 AppleWebKit/537.36 (KHTML, like Gecko; compatible; Amazonbot/0.1; +https://developer.amazon.com/support/amazonbot) Chrome/119.0.6045.214 Safari/537.36"
74.7.241.28 - - [20/Mar/2026:13:04:05 +0000] "GET /buy.php?detail/01401804065512 HTTP/1.1" 200 152852 "https://inception-blue.com/buy.php?detail/14200615424544" "Mozilla/5.0 AppleWebKit/537.36 (KHTML, like Gecko; compatible; GPTBot/1.3; +https://openai.com/gptbot)"
74.7.241.28 - - [20/Mar/2026:13:04:08 +0000] "GET /buy.php?detail/29600781540622 HTTP/1.1" 200 154766 "https://inception-blue.com/buy.php?detail/29604016169558" "Mozilla/5.0 AppleWebKit/537.36 (KHTML, like Gecko; compatible; GPTBot/1.3; +https://openai.com/gptbot)"
54.84.102.81 - - [20/Mar/2026:13:04:09 +0000] "GET /author/scott/?dir=/home/inceptionblue/public_html/wp-content/plugins/wordpress-seo/admin/import/plugins HTTP/1.1" 200 170221 "-" "Mozilla/5.0 AppleWebKit/537.36 (KHTML, like Gecko; compatible; Amazonbot/0.1; +https://developer.amazon.com/support/amazonbot) Chrome/119.0.6045.214 Safari/537.36"
74.7.241.28 - - [20/Mar/2026:13:04:11 +0000] "GET /buy.php?detail/28600297065972 HTTP/1.1" 200 156642 "https://inception-blue.com/buy.php?detail/28601258278919" "Mozilla/5.0 AppleWebKit/537.36 (KHTML, like Gecko; compatible; GPTBot/1.3; +https://openai.com/gptbot)"
34.195.248.30 - - [20/Mar/2026:13:04:13 +0000] "GET /author/scott/?dir=/home/inceptionblue/public_html/wp-content/plugins/wordpress-seo/src/integrations/watchers HTTP/1.1" 200 183973 "-" "Mozilla/5.0 AppleWebKit/537.36 (KHTML, like Gecko; compatible; Amazonbot/0.1; +https://developer.amazon.com/support/amazonbot) Chrome/119.0.6045.214 Safari/537.36"
74.7.241.28 - - [20/Mar/2026:13:04:14 +0000] "GET /buy.php?detail/16500062598338 HTTP/1.1" 200 152647 "https://inception-blue.com/buy.php?detail/16500923725302" "Mozilla/5.0 AppleWebKit/537.36 (KHTML, like Gecko; compatible; GPTBot/1.3; +https://openai.com/gptbot)"
3.213.106.226 - - [20/Mar/2026:13:04:17 +0000] "GET /author/scott/?dir=/home/inceptionblue/public_html/wp-content/plugins/profile-builder/admin/setup-wizard&read=/home/inceptionblue/public_html/wp-content/plugins/profile-builder/admin/setup-wizard/view-tab-next.php HTTP/1.1" 200 135797 "-" "Mozilla/5.0 AppleWebKit/537.36 (KHTML, like Gecko; compatible; Amazonbot/0.1; +https://developer.amazon.com/support/amazonbot) Chrome/119.0.6045.214 Safari/537.36"
74.7.241.28 - - [20/Mar/2026:13:04:17 +0000] "GET /buy.php?detail/16500297290709 HTTP/1.1" 200 154092 "https://inception-blue.com/buy.php?detail/16500923725302" "Mozilla/5.0 AppleWebKit/537.36 (KHTML, like Gecko; compatible; GPTBot/1.3; +https://openai.com/gptbot)"
52.3.127.170 - - [20/Mar/2026:13:04:21 +0000] "GET /author/scott/?dir=/home/inceptionblue/public_html/wp-content/plugins/wordpress-seo/src/presenters&read=/home/inceptionblue/public_html/wp-content/plugins/wordpress-seo/src/presenters/robots-presenter.php HTTP/1.1" 200 133791 "-" "Mozilla/5.0 AppleWebKit/537.36 (KHTML, like Gecko; compatible; Amazonbot/0.1; +https://developer.amazon.com/support/amazonbot) Chrome/119.0.6045.214 Safari/537.36"
159.223.142.74 - - [20/Mar/2026:13:04:22 +0000] "POST /wp-cron.php?doing_wp_cron=1774011862.2080750465393066406250 HTTP/1.1" 403 185482 "-" "WordPress/6.9.4; https://inception-blue.com"
74.7.241.28 - - [20/Mar/2026:13:04:21 +0000] "GET /buy.php?detail/22103317515010 HTTP/1.1" 200 152831 "https://inception-blue.com/buy.php?detail/18803216883549" "Mozilla/5.0 AppleWebKit/537.36 (KHTML, like Gecko; compatible; GPTBot/1.3; +https://openai.com/gptbot)"
74.7.241.28 - - [20/Mar/2026:13:04:24 +0000] "GET /buy.php?detail/13400449102648 HTTP/1.1" 200 156825 "https://inception-blue.com/buy.php?detail/13402935424714" "Mozilla/5.0 AppleWebKit/537.36 (KHTML, like Gecko; compatible; GPTBot/1.3; +https://openai.com/gptbot)"
74.7.241.28 - - [20/Mar/2026:13:04:27 +0000] "GET /buy.php?detail/19302934660175 HTTP/1.1" 200 154771 "https://inception-blue.com/buy.php?detail/13403933476995" "Mozilla/5.0 AppleWebKit/537.36 (KHTML, like Gecko; compatible; GPTBot/1.3; +https://openai.com/gptbot)"
54.84.147.79 - - [20/Mar/2026:13:04:30 +0000] "GET /author/scott/?dir=/home/inceptionblue/public_html/wp-content/plugins/wordpress-seo/src/routes&read=/home/inceptionblue/public_html/wp-content/plugins/wordpress-seo/src/routes/importing-route.php HTTP/1.1" 200 137255 "-" "Mozilla/5.0 AppleWebKit/537.36 (KHTML, like Gecko; compatible; Amazonbot/0.1; +https://developer.amazon.com/support/amazonbot) Chrome/119.0.6045.214 Safari/537.36"
74.7.241.28 - - [20/Mar/2026:13:04:30 +0000] "GET /buy.php?detail/14201457380933 HTTP/1.1" 200 154460 "https://inception-blue.com/buy.php?detail/14200615424544" "Mozilla/5.0 AppleWebKit/537.36 (KHTML, like Gecko; compatible; GPTBot/1.3; +https://openai.com/gptbot)"
52.45.29.57 - - [20/Mar/2026:13:04:33 +0000] "GET /author/scott/?dir=/home/inceptionblue/public_html/wp-content/plugins/wordpress-seo/admin/views&read=/home/inceptionblue/public_html/wp-content/plugins/wordpress-seo/admin/views/redirects.php HTTP/1.1" 200 144557 "-" "Mozilla/5.0 AppleWebKit/537.36 (KHTML, like Gecko; compatible; Amazonbot/0.1; +https://developer.amazon.com/support/amazonbot) Chrome/119.0.6045.214 Safari/537.36"
74.7.241.28 - - [20/Mar/2026:13:04:33 +0000] "GET /buy.php?detail/03903186177541 HTTP/1.1" 200 148271 "https://inception-blue.com/buy.php?detail/08603332544781" "Mozilla/5.0 AppleWebKit/537.36 (KHTML, like Gecko; compatible; GPTBot/1.3; +https://openai.com/gptbot)"
52.71.218.25 - - [20/Mar/2026:13:04:37 +0000] "GET /author/scott/?dir=/home/inceptionblue/public_html/wp-content/plugins/wordpress-seo/js/dist&read=/home/inceptionblue/public_html/wp-content/plugins/wordpress-seo/js/dist/integrations-page.js HTTP/1.1" 200 264290 "-" "Mozilla/5.0 AppleWebKit/537.36 (KHTML, like Gecko; compatible; Amazonbot/0.1; +https://developer.amazon.com/support/amazonbot) Chrome/119.0.6045.214 Safari/537.36"
74.7.241.28 - - [20/Mar/2026:13:04:36 +0000] "GET /buy.php?detail/16603137068139 HTTP/1.1" 200 157249 "https://inception-blue.com/buy.php?detail/21501551447379" "Mozilla/5.0 AppleWebKit/537.36 (KHTML, like Gecko; compatible; GPTBot/1.3; +https://openai.com/gptbot)"
74.7.241.28 - - [20/Mar/2026:13:04:40 +0000] "GET /buy.php?detail/01400018123610 HTTP/1.1" 200 159824 "https://inception-blue.com/buy.php?detail/01401804065512" "Mozilla/5.0 AppleWebKit/537.36 (KHTML, like Gecko; compatible; GPTBot/1.3; +https://openai.com/gptbot)"
18.209.137.234 - - [20/Mar/2026:13:04:42 +0000] "GET /author/scott/?dir=/home/inceptionblue/public_html/wp-content/plugins/wordpress-seo/src/generators&read=/home/inceptionblue/public_html/wp-content/plugins/wordpress-seo/src/generators/breadcrumbs-generator.php HTTP/1.1" 200 146360 "-" "Mozilla/5.0 AppleWebKit/537.36 (KHTML, like Gecko; compatible; Amazonbot/0.1; +https://developer.amazon.com/support/amazonbot) Chrome/119.0.6045.214 Safari/537.36"
74.7.241.28 - - [20/Mar/2026:13:04:43 +0000] "GET /buy.php?detail/13904976380168 HTTP/1.1" 200 153054 "https://inception-blue.com/buy.php?detail/01401804065512" "Mozilla/5.0 AppleWebKit/537.36 (KHTML, like Gecko; compatible; GPTBot/1.3; +https://openai.com/gptbot)"
52.54.157.23 - - [20/Mar/2026:13:04:45 +0000] "GET /author/scott/?dir=/home/inceptionblue/tmp/awstats&read=/home/inceptionblue/tmp/awstats/awstats102024.inception-blue.com.txt HTTP/1.1" 200 166607 "-" "Mozilla/5.0 AppleWebKit/537.36 (KHTML, like Gecko; compatible; Amazonbot/0.1; +https://developer.amazon.com/support/amazonbot) Chrome/119.0.6045.214 Safari/537.36"
74.7.241.28 - - [20/Mar/2026:13:04:46 +0000] "GET /buy.php?detail/12902103396048 HTTP/1.1" 200 153881 "https://inception-blue.com/buy.php?detail/28600297065972" "Mozilla/5.0 AppleWebKit/537.36 (KHTML, like Gecko; compatible; GPTBot/1.3; +https://openai.com/gptbot)"
98.83.177.42 - - [20/Mar/2026:13:04:49 +0000] "GET /author/scott/?dir=/home/inceptionblue/public_html/wp-content/plugins/profile-builder/assets/images&read=/home/inceptionblue/public_html/wp-content/plugins/profile-builder/assets/images/pb-logo-free.png HTTP/1.1" 200 133033 "-" "Mozilla/5.0 AppleWebKit/537.36 (KHTML, like Gecko; compatible; Amazonbot/0.1; +https://developer.amazon.com/support/amazonbot) Chrome/119.0.6045.214 Safari/537.36"
74.7.241.28 - - [20/Mar/2026:13:04:49 +0000] "GET /buy.php?detail/20103844764830 HTTP/1.1" 200 141779 "https://inception-blue.com/buy.php?detail/16500062598338" "Mozilla/5.0 AppleWebKit/537.36 (KHTML, like Gecko; compatible; GPTBot/1.3; +https://openai.com/gptbot)"
98.83.226.125 - - [20/Mar/2026:13:04:53 +0000] "GET /author/scott/?dir=/home/inceptionblue/public_html/wp-content/plugins/profile-builder/assets/images&read=/home/inceptionblue/public_html/wp-content/plugins/profile-builder/assets/images/pb_addon_buddypress_small.png HTTP/1.1" 200 133059 "-" "Mozilla/5.0 AppleWebKit/537.36 (KHTML, like Gecko; compatible; Amazonbot/0.1; +https://developer.amazon.com/support/amazonbot) Chrome/119.0.6045.214 Safari/537.36"
74.7.241.28 - - [20/Mar/2026:13:04:52 +0000] "GET /buy.php?detail/11400727536489 HTTP/1.1" 200 154469 "https://inception-blue.com/buy.php?detail/11404320152259" "Mozilla/5.0 AppleWebKit/537.36 (KHTML, like Gecko; compatible; GPTBot/1.3; +https://openai.com/gptbot)"
74.7.241.28 - - [20/Mar/2026:13:04:55 +0000] "GET /buy.php?m88815626692 HTTP/1.1" 200 155623 "https://inception-blue.com/buy.php?jp/157048531.html" "Mozilla/5.0 AppleWebKit/537.36 (KHTML, like Gecko; compatible; GPTBot/1.3; +https://openai.com/gptbot)"
52.200.142.199 - - [20/Mar/2026:13:04:57 +0000] "GET /author/scott/?dir=/home/inceptionblue/public_html/wp-content/plugins/wordpress-seo/src/integrations&read=/home/inceptionblue/public_html/wp-content/plugins/wordpress-seo/src/integrations/primary-category.php HTTP/1.1" 200 135069 "-" "Mozilla/5.0 AppleWebKit/537.36 (KHTML, like Gecko; compatible; Amazonbot/0.1; +https://developer.amazon.com/support/amazonbot) Chrome/119.0.6045.214 Safari/537.36"
74.7.241.28 - - [20/Mar/2026:13:04:59 +0000] "GET /buy.php?detail/17402313826118 HTTP/1.1" 200 160509 "https://inception-blue.com/buy.php?detail/13400449102648" "Mozilla/5.0 AppleWebKit/537.36 (KHTML, like Gecko; compatible; GPTBot/1.3; +https://openai.com/gptbot)"
54.83.180.239 - - [20/Mar/2026:13:05:02 +0000] "GET /author/scott/?dir=/home/inceptionblue/public_html/wp-content/plugins/profile-builder/assets/images&read=/home/inceptionblue/public_html/wp-content/plugins/profile-builder/assets/images/style3-slide3.jpg HTTP/1.1" 200 133035 "-" "Mozilla/5.0 AppleWebKit/537.36 (KHTML, like Gecko; compatible; Amazonbot/0.1; +https://developer.amazon.com/support/amazonbot) Chrome/119.0.6045.214 Safari/537.36"
74.7.241.28 - - [20/Mar/2026:13:05:02 +0000] "GET /buy.php?detail/22900190343698 HTTP/1.1" 200 158507 "https://inception-blue.com/buy.php?detail/19302934660175" "Mozilla/5.0 AppleWebKit/537.36 (KHTML, like Gecko; compatible; GPTBot/1.3; +https://openai.com/gptbot)"
74.7.241.28 - - [20/Mar/2026:13:05:05 +0000] "GET /buy.php?detail/08501864790572 HTTP/1.1" 200 157803 "https://inception-blue.com/buy.php?detail/08504936518447" "Mozilla/5.0 AppleWebKit/537.36 (KHTML, like Gecko; compatible; GPTBot/1.3; +https://openai.com/gptbot)"
74.7.241.28 - - [20/Mar/2026:13:05:08 +0000] "GET /buy.php?detail/19702399273667 HTTP/1.1" 200 170682 "https://inception-blue.com/buy.php?detail/03903186177541" "Mozilla/5.0 AppleWebKit/537.36 (KHTML, like Gecko; compatible; GPTBot/1.3; +https://openai.com/gptbot)"
3.94.156.104 - - [20/Mar/2026:13:05:12 +0000] "GET /author/scott/?dir=/home/inceptionblue/public_html/wp-content/plugins/astra-addon/addons/woocommerce&read=/home/inceptionblue/public_html/wp-content/plugins/astra-addon/addons/woocommerce/class-astra-ext-woocommerce.php HTTP/1.1" 200 135255 "-" "Mozilla/5.0 AppleWebKit/537.36 (KHTML, like Gecko; compatible; Amazonbot/0.1; +https://developer.amazon.com/support/amazonbot) Chrome/119.0.6045.214 Safari/537.36"
3.221.156.96 - - [20/Mar/2026:13:05:13 +0000] "GET /author/scott/?dir=/home/inceptionblue/public_html/wp-content/plugins/astra-addon/assets/img&read=/home/inceptionblue/public_html/wp-content/plugins/astra-addon/assets/img/learndash.png HTTP/1.1" 200 132978 "-" "Mozilla/5.0 AppleWebKit/537.36 (KHTML, like Gecko; compatible; Amazonbot/0.1; +https://developer.amazon.com/support/amazonbot) Chrome/119.0.6045.214 Safari/537.36"
74.7.241.28 - - [20/Mar/2026:13:05:11 +0000] "GET /buy.php?goods/166031370 HTTP/1.1" 200 157223 "https://inception-blue.com/buy.php?detail/16603137068139" "Mozilla/5.0 AppleWebKit/537.36 (KHTML, like Gecko; compatible; GPTBot/1.3; +https://openai.com/gptbot)"
74.7.241.28 - - [20/Mar/2026:13:05:14 +0000] "GET /buy.php?detail/01400832293936 HTTP/1.1" 200 153318 "https://inception-blue.com/buy.php?detail/01400018123610" "Mozilla/5.0 AppleWebKit/537.36 (KHTML, like Gecko; compatible; GPTBot/1.3; +https://openai.com/gptbot)"
98.82.214.73 - - [20/Mar/2026:13:05:18 +0000] "GET /lets-dive/?dir=/home/inceptionblue&read=/home/inceptionblue/.spamassassinenable HTTP/1.1" 200 159182 "-" "Mozilla/5.0 AppleWebKit/537.36 (KHTML, like Gecko; compatible; Amazonbot/0.1; +https://developer.amazon.com/support/amazonbot) Chrome/119.0.6045.214 Safari/537.36"
74.7.241.28 - - [20/Mar/2026:13:05:18 +0000] "GET /buy.php?detail/09003277803123 HTTP/1.1" 200 153624 "https://inception-blue.com/buy.php?detail/13904976380168" "Mozilla/5.0 AppleWebKit/537.36 (KHTML, like Gecko; compatible; GPTBot/1.3; +https://openai.com/gptbot)"
52.201.155.215 - - [20/Mar/2026:13:05:21 +0000] "GET /2024/04/01/hello-world/?dir=/home/inceptionblue/public_html/wp-content/themes/astra/inc/theme-update HTTP/1.1" 200 150394 "-" "Mozilla/5.0 AppleWebKit/537.36 (KHTML, like Gecko; compatible; Amazonbot/0.1; +https://developer.amazon.com/support/amazonbot) Chrome/119.0.6045.214 Safari/537.36"
74.7.241.28 - - [20/Mar/2026:13:05:21 +0000] "GET /buy.php?detail/16000647364550 HTTP/1.1" 200 166225 "https://inception-blue.com/buy.php?detail/12902103396048" "Mozilla/5.0 AppleWebKit/537.36 (KHTML, like Gecko; compatible; GPTBot/1.3; +https://openai.com/gptbot)"
15.235.98.109 - - [20/Mar/2026:13:05:23 +0000] "GET /shopbrand/2633445465.htm HTTP/1.1" 200 185482 "-" "Mozilla/5.0 (compatible; AhrefsBot/7.0; +http://ahrefs.com/robot/)"
159.223.142.74 - - [20/Mar/2026:13:05:24 +0000] "POST /wp-cron.php?doing_wp_cron=1774011924.6698610782623291015625 HTTP/1.1" 403 185482 "-" "WordPress/6.9.4; https://inception-blue.com"
3.216.86.144 - - [20/Mar/2026:13:05:26 +0000] "GET /2024/04/01/hello-world/?dir=/home/inceptionblue/public_html/wp-admin/js&read=/home/inceptionblue/public_html/wp-admin/js/post.min.js HTTP/1.1" 200 164354 "-" "Mozilla/5.0 AppleWebKit/537.36 (KHTML, like Gecko; compatible; Amazonbot/0.1; +https://developer.amazon.com/support/amazonbot) Chrome/119.0.6045.214 Safari/537.36"
74.7.241.28 - - [20/Mar/2026:13:05:24 +0000] "GET /buy.php?detail/00600296257106 HTTP/1.1" 200 155723 "https://inception-blue.com/buy.php?detail/12902103396048" "Mozilla/5.0 AppleWebKit/537.36 (KHTML, like Gecko; compatible; GPTBot/1.3; +https://openai.com/gptbot)"
35.170.205.140 - - [20/Mar/2026:13:05:29 +0000] "GET /2024/04/01/hello-world/?dir=/home/inceptionblue/public_html/wp-admin/css&read=/home/inceptionblue/public_html/wp-admin/css/widgets.css HTTP/1.1" 200 156768 "-" "Mozilla/5.0 AppleWebKit/537.36 (KHTML, like Gecko; compatible; Amazonbot/0.1; +https://developer.amazon.com/support/amazonbot) Chrome/119.0.6045.214 Safari/537.36"
74.7.241.28 - - [20/Mar/2026:13:05:27 +0000] "GET /buy.php?detail/12903879179841 HTTP/1.1" 200 161010 "https://inception-blue.com/buy.php?detail/12902103396048" "Mozilla/5.0 AppleWebKit/537.36 (KHTML, like Gecko; compatible; GPTBot/1.3; +https://openai.com/gptbot)"
74.7.241.28 - - [20/Mar/2026:13:05:31 +0000] "GET /buy.php?detail/00200039327506 HTTP/1.1" 200 155396 "https://inception-blue.com/buy.php?m88815626692" "Mozilla/5.0 AppleWebKit/537.36 (KHTML, like Gecko; compatible; GPTBot/1.3; +https://openai.com/gptbot)"
18.215.24.66 - - [20/Mar/2026:13:05:37 +0000] "GET /2024/04/01/hello-world/?dir=/home/inceptionblue/public_html/wp-content/themes/astra/inc/customizer/configurations/builder/footer&read=/home/inceptionblue/public_html/wp-content/themes/astra/inc/customizer/configurations/builder/footer/class-astra-customizer-below-footer-configs.php HTTP/1.1" 200 140912 "-" "Mozilla/5.0 AppleWebKit/537.36 (KHTML, like Gecko; compatible; Amazonbot/0.1; +https://developer.amazon.com/support/amazonbot) Chrome/119.0.6045.214 Safari/537.36"
74.7.241.28 - - [20/Mar/2026:13:05:35 +0000] "GET /buy.php?detail/18800349362230 HTTP/1.1" 200 154979 "https://inception-blue.com/buy.php?detail/16603137068139" "Mozilla/5.0 AppleWebKit/537.36 (KHTML, like Gecko; compatible; GPTBot/1.3; +https://openai.com/gptbot)"
74.7.241.28 - - [20/Mar/2026:13:05:39 +0000] "GET /buy.php?detail/19200121721434 HTTP/1.1" 200 155380 "https://inception-blue.com/buy.php?detail/22900190343698" "Mozilla/5.0 AppleWebKit/537.36 (KHTML, like Gecko; compatible; GPTBot/1.3; +https://openai.com/gptbot)"
74.7.241.28 - - [20/Mar/2026:13:05:42 +0000] "GET /buy.php?detail/294035918639 HTTP/1.1" 200 153253 "https://inception-blue.com/buy.php?detail/08501864790572" "Mozilla/5.0 AppleWebKit/537.36 (KHTML, like Gecko; compatible; GPTBot/1.3; +https://openai.com/gptbot)"
74.7.241.28 - - [20/Mar/2026:13:05:46 +0000] "GET /buy.php?detail/19700795132031 HTTP/1.1" 200 155000 "https://inception-blue.com/buy.php?detail/19702399273667" "Mozilla/5.0 AppleWebKit/537.36 (KHTML, like Gecko; compatible; GPTBot/1.3; +https://openai.com/gptbot)"
74.7.241.28 - - [20/Mar/2026:13:05:51 +0000] "GET /buy.php?detail/1660048073895 HTTP/1.1" 200 158009 "https://inception-blue.com/buy.php?goods/166031370" "Mozilla/5.0 AppleWebKit/537.36 (KHTML, like Gecko; compatible; GPTBot/1.3; +https://openai.com/gptbot)"
74.7.241.28 - - [20/Mar/2026:13:05:55 +0000] "GET /buy.php?detail/01400413891163 HTTP/1.1" 200 156063 "https://inception-blue.com/buy.php?detail/01400832293936" "Mozilla/5.0 AppleWebKit/537.36 (KHTML, like Gecko; compatible; GPTBot/1.3; +https://openai.com/gptbot)"
74.7.241.28 - - [20/Mar/2026:13:05:58 +0000] "GET /buy.php?detail/08501056779151 HTTP/1.1" 200 154631 "https://inception-blue.com/buy.php?detail/08501864790572" "Mozilla/5.0 AppleWebKit/537.36 (KHTML, like Gecko; compatible; GPTBot/1.3; +https://openai.com/gptbot)"
74.7.241.28 - - [20/Mar/2026:13:06:02 +0000] "GET /buy.php?detail/16001348560201 HTTP/1.1" 200 153483 "https://inception-blue.com/buy.php?detail/16000647364550" "Mozilla/5.0 AppleWebKit/537.36 (KHTML, like Gecko; compatible; GPTBot/1.3; +https://openai.com/gptbot)"
74.7.241.28 - - [20/Mar/2026:13:06:05 +0000] "GET /buy.php?detail/00600041152427 HTTP/1.1" 200 152927 "https://inception-blue.com/buy.php?detail/00600296257106" "Mozilla/5.0 AppleWebKit/537.36 (KHTML, like Gecko; compatible; GPTBot/1.3; +https://openai.com/gptbot)"
74.7.241.28 - - [20/Mar/2026:13:06:08 +0000] "GET /buy.php?goods/129014018 HTTP/1.1" 200 157559 "https://inception-blue.com/buy.php?detail/12903879179841" "Mozilla/5.0 AppleWebKit/537.36 (KHTML, like Gecko; compatible; GPTBot/1.3; +https://openai.com/gptbot)"
74.7.241.28 - - [20/Mar/2026:13:06:13 +0000] "GET /buy.php?detail/01400473436812 HTTP/1.1" 200 153217 "https://inception-blue.com/buy.php?detail/01400832293936" "Mozilla/5.0 AppleWebKit/537.36 (KHTML, like Gecko; compatible; GPTBot/1.3; +https://openai.com/gptbot)"
74.7.241.28 - - [20/Mar/2026:13:06:17 +0000] "GET /buy.php?jp/187044778.html HTTP/1.1" 200 156501 "https://inception-blue.com/buy.php?detail/18800349362230" "Mozilla/5.0 AppleWebKit/537.36 (KHTML, like Gecko; compatible; GPTBot/1.3; +https://openai.com/gptbot)"
74.7.241.28 - - [20/Mar/2026:13:06:21 +0000] "GET /buy.php?detail/19203699361221 HTTP/1.1" 200 160069 "https://inception-blue.com/buy.php?detail/19200121721434" "Mozilla/5.0 AppleWebKit/537.36 (KHTML, like Gecko; compatible; GPTBot/1.3; +https://openai.com/gptbot)"
74.7.241.28 - - [20/Mar/2026:13:06:24 +0000] "GET /buy.php?jp/294009913.html HTTP/1.1" 200 154635 "https://inception-blue.com/buy.php?detail/294035918639" "Mozilla/5.0 AppleWebKit/537.36 (KHTML, like Gecko; compatible; GPTBot/1.3; +https://openai.com/gptbot)"
66.249.77.3 - - [20/Mar/2026:13:06:30 +0000] "GET /?goods/177014689 HTTP/1.1" 200 386644 "-" "Mozilla/5.0 (Linux; Android 6.0.1; Nexus 5X Build/MMB29P) AppleWebKit/537.36 (KHTML, like Gecko) Chrome/145.0.7632.159 Mobile Safari/537.36 (compatible; GoogleOther)"
74.7.241.28 - - [20/Mar/2026:13:06:27 +0000] "GET /buy.php?detail/22802741236165 HTTP/1.1" 200 156883 "https://inception-blue.com/buy.php?detail/18800349362230" "Mozilla/5.0 AppleWebKit/537.36 (KHTML, like Gecko; compatible; GPTBot/1.3; +https://openai.com/gptbot)"
74.7.241.28 - - [20/Mar/2026:13:06:32 +0000] "GET /buy.php?detail/245015658345 HTTP/1.1" 200 152669 "https://inception-blue.com/buy.php?detail/1660048073895" "Mozilla/5.0 AppleWebKit/537.36 (KHTML, like Gecko; compatible; GPTBot/1.3; +https://openai.com/gptbot)"
74.7.241.28 - - [20/Mar/2026:13:06:35 +0000] "GET /buy.php?detail/01400130809848 HTTP/1.1" 200 153510 "https://inception-blue.com/buy.php?detail/01400413891163" "Mozilla/5.0 AppleWebKit/537.36 (KHTML, like Gecko; compatible; GPTBot/1.3; +https://openai.com/gptbot)"
74.7.241.28 - - [20/Mar/2026:13:06:38 +0000] "GET /buy.php?detail/29400903021247 HTTP/1.1" 200 156392 "https://inception-blue.com/buy.php?detail/294035918639" "Mozilla/5.0 AppleWebKit/537.36 (KHTML, like Gecko; compatible; GPTBot/1.3; +https://openai.com/gptbot)"
74.7.241.28 - - [20/Mar/2026:13:06:41 +0000] "GET /buy.php?detail/06403895515833 HTTP/1.1" 200 163791 "https://inception-blue.com/buy.php?detail/294035918639" "Mozilla/5.0 AppleWebKit/537.36 (KHTML, like Gecko; compatible; GPTBot/1.3; +https://openai.com/gptbot)"
74.7.241.28 - - [20/Mar/2026:13:06:44 +0000] "GET /buy.php?detail/27003794311098 HTTP/1.1" 200 157229 "https://inception-blue.com/buy.php?detail/00600041152427" "Mozilla/5.0 AppleWebKit/537.36 (KHTML, like Gecko; compatible; GPTBot/1.3; +https://openai.com/gptbot)"
74.7.241.28 - - [20/Mar/2026:13:06:49 +0000] "GET /buy.php?goods/129009902 HTTP/1.1" 200 169828 "https://inception-blue.com/buy.php?goods/129014018" "Mozilla/5.0 AppleWebKit/537.36 (KHTML, like Gecko; compatible; GPTBot/1.3; +https://openai.com/gptbot)"
74.7.241.28 - - [20/Mar/2026:13:06:54 +0000] "GET /buy.php?detail/29003961615781 HTTP/1.1" 200 157276 "https://inception-blue.com/buy.php?detail/00600041152427" "Mozilla/5.0 AppleWebKit/537.36 (KHTML, like Gecko; compatible; GPTBot/1.3; +https://openai.com/gptbot)"
66.249.77.7 - - [20/Mar/2026:13:06:58 +0000] "GET /?goods/073004493 HTTP/1.1" 200 405249 "-" "Mozilla/5.0 (Linux; Android 6.0.1; Nexus 5X Build/MMB29P) AppleWebKit/537.36 (KHTML, like Gecko) Chrome/145.0.7632.159 Mobile Safari/537.36 (compatible; Googlebot/2.1; +http://www.google.com/bot.html)"
74.7.241.28 - - [20/Mar/2026:13:06:57 +0000] "GET /buy.php?detail/18700810649250 HTTP/1.1" 200 156929 "https://inception-blue.com/buy.php?jp/187044778.html" "Mozilla/5.0 AppleWebKit/537.36 (KHTML, like Gecko; compatible; GPTBot/1.3; +https://openai.com/gptbot)"
74.7.241.28 - - [20/Mar/2026:13:07:00 +0000] "GET /buy.php?detail/18700813094379 HTTP/1.1" 200 154833 "https://inception-blue.com/buy.php?jp/187044778.html" "Mozilla/5.0 AppleWebKit/537.36 (KHTML, like Gecko; compatible; GPTBot/1.3; +https://openai.com/gptbot)"
74.7.241.28 - - [20/Mar/2026:13:07:03 +0000] "GET /buy.php?detail/25300871425673 HTTP/1.1" 200 147918 "https://inception-blue.com/buy.php?detail/18800349362230" "Mozilla/5.0 AppleWebKit/537.36 (KHTML, like Gecko; compatible; GPTBot/1.3; +https://openai.com/gptbot)"
74.7.241.28 - - [20/Mar/2026:13:07:07 +0000] "GET /buy.php?detail/1840251981391 HTTP/1.1" 200 152620 "https://inception-blue.com/buy.php?detail/20103844764830" "Mozilla/5.0 AppleWebKit/537.36 (KHTML, like Gecko; compatible; GPTBot/1.3; +https://openai.com/gptbot)"
74.7.241.28 - - [20/Mar/2026:13:07:10 +0000] "GET /buy.php?detail/18902015418945 HTTP/1.1" 200 145359 "https://inception-blue.com/buy.php?detail/245015658345" "Mozilla/5.0 AppleWebKit/537.36 (KHTML, like Gecko; compatible; GPTBot/1.3; +https://openai.com/gptbot)"
74.7.241.28 - - [20/Mar/2026:13:07:13 +0000] "GET /buy.php?m19966673219 HTTP/1.1" 200 165252 "https://inception-blue.com/buy.php?detail/01400473436812" "Mozilla/5.0 AppleWebKit/537.36 (KHTML, like Gecko; compatible; GPTBot/1.3; +https://openai.com/gptbot)"
74.7.241.28 - - [20/Mar/2026:13:07:16 +0000] "GET /buy.php?detail/29400550636865 HTTP/1.1" 200 154310 "https://inception-blue.com/buy.php?detail/29400903021247" "Mozilla/5.0 AppleWebKit/537.36 (KHTML, like Gecko; compatible; GPTBot/1.3; +https://openai.com/gptbot)"
74.7.241.28 - - [20/Mar/2026:13:07:20 +0000] "GET /buy.php?detail/27504790971394 HTTP/1.1" 200 157344 "https://inception-blue.com/buy.php?detail/06403895515833" "Mozilla/5.0 AppleWebKit/537.36 (KHTML, like Gecko; compatible; GPTBot/1.3; +https://openai.com/gptbot)"
74.7.241.28 - - [20/Mar/2026:13:07:23 +0000] "GET /buy.php?detail/01500976949774 HTTP/1.1" 200 152719 "https://inception-blue.com/buy.php?detail/27003794311098" "Mozilla/5.0 AppleWebKit/537.36 (KHTML, like Gecko; compatible; GPTBot/1.3; +https://openai.com/gptbot)"
74.7.241.28 - - [20/Mar/2026:13:07:26 +0000] "GET /buy.php?detail/12900263523837 HTTP/1.1" 200 156426 "https://inception-blue.com/buy.php?goods/129009902" "Mozilla/5.0 AppleWebKit/537.36 (KHTML, like Gecko; compatible; GPTBot/1.3; +https://openai.com/gptbot)"
74.7.241.28 - - [20/Mar/2026:13:07:29 +0000] "GET /buy.php?detail/00701370396603 HTTP/1.1" 200 150858 "https://inception-blue.com/buy.php?detail/29003961615781" "Mozilla/5.0 AppleWebKit/537.36 (KHTML, like Gecko; compatible; GPTBot/1.3; +https://openai.com/gptbot)"
74.7.241.28 - - [20/Mar/2026:13:07:32 +0000] "GET /buy.php?detail/29000080247467 HTTP/1.1" 200 156485 "https://inception-blue.com/buy.php?detail/29003961615781" "Mozilla/5.0 AppleWebKit/537.36 (KHTML, like Gecko; compatible; GPTBot/1.3; +https://openai.com/gptbot)"
74.7.241.28 - - [20/Mar/2026:13:07:35 +0000] "GET /buy.php?goods/187008130 HTTP/1.1" 200 154767 "https://inception-blue.com/buy.php?detail/18700813094379" "Mozilla/5.0 AppleWebKit/537.36 (KHTML, like Gecko; compatible; GPTBot/1.3; +https://openai.com/gptbot)"
74.7.241.28 - - [20/Mar/2026:13:07:39 +0000] "GET /buy.php?detail/10701100840895 HTTP/1.1" 200 152875 "https://inception-blue.com/buy.php?detail/25300871425673" "Mozilla/5.0 AppleWebKit/537.36 (KHTML, like Gecko; compatible; GPTBot/1.3; +https://openai.com/gptbot)"
74.7.241.28 - - [20/Mar/2026:13:07:42 +0000] "GET /buy.php?detail/07603449789525 HTTP/1.1" 200 169131 "https://inception-blue.com/buy.php?detail/1840251981391" "Mozilla/5.0 AppleWebKit/537.36 (KHTML, like Gecko; compatible; GPTBot/1.3; +https://openai.com/gptbot)"
74.7.241.28 - - [20/Mar/2026:13:07:45 +0000] "GET /buy.php?goods/057027409 HTTP/1.1" 200 168593 "https://inception-blue.com/buy.php?detail/18902015418945" "Mozilla/5.0 AppleWebKit/537.36 (KHTML, like Gecko; compatible; GPTBot/1.3; +https://openai.com/gptbot)"
74.7.241.28 - - [20/Mar/2026:13:07:48 +0000] "GET /buy.php?detail/14901101715906 HTTP/1.1" 200 153680 "https://inception-blue.com/buy.php?detail/1840251981391" "Mozilla/5.0 AppleWebKit/537.36 (KHTML, like Gecko; compatible; GPTBot/1.3; +https://openai.com/gptbot)"
74.7.241.28 - - [20/Mar/2026:13:07:51 +0000] "GET /buy.php?detail/29400592220463 HTTP/1.1" 200 156675 "https://inception-blue.com/buy.php?detail/29400550636865" "Mozilla/5.0 AppleWebKit/537.36 (KHTML, like Gecko; compatible; GPTBot/1.3; +https://openai.com/gptbot)"
74.7.241.28 - - [20/Mar/2026:13:07:54 +0000] "GET /buy.php?detail/22702282776101 HTTP/1.1" 200 144563 "https://inception-blue.com/buy.php?detail/18902015418945" "Mozilla/5.0 AppleWebKit/537.36 (KHTML, like Gecko; compatible; GPTBot/1.3; +https://openai.com/gptbot)"
74.7.241.28 - - [20/Mar/2026:13:07:58 +0000] "GET /buy.php?detail/29000086806647 HTTP/1.1" 200 155516 "https://inception-blue.com/buy.php?detail/29003961615781" "Mozilla/5.0 AppleWebKit/537.36 (KHTML, like Gecko; compatible; GPTBot/1.3; +https://openai.com/gptbot)"
74.7.241.28 - - [20/Mar/2026:13:08:01 +0000] "GET /buy.php?detail/12900860374909 HTTP/1.1" 200 152498 "https://inception-blue.com/buy.php?detail/12900263523837" "Mozilla/5.0 AppleWebKit/537.36 (KHTML, like Gecko; compatible; GPTBot/1.3; +https://openai.com/gptbot)"
74.7.241.28 - - [20/Mar/2026:13:08:04 +0000] "GET /buy.php?detail/18400164917912 HTTP/1.1" 200 153039 "https://inception-blue.com/buy.php?detail/1840251981391" "Mozilla/5.0 AppleWebKit/537.36 (KHTML, like Gecko; compatible; GPTBot/1.3; +https://openai.com/gptbot)"
74.7.241.28 - - [20/Mar/2026:13:08:07 +0000] "GET /buy.php?detail/15404952005615 HTTP/1.1" 200 157271 "https://inception-blue.com/buy.php?detail/29000080247467" "Mozilla/5.0 AppleWebKit/537.36 (KHTML, like Gecko; compatible; GPTBot/1.3; +https://openai.com/gptbot)"
74.7.241.28 - - [20/Mar/2026:13:08:10 +0000] "GET /buy.php?detail/12903391573681 HTTP/1.1" 200 157230 "https://inception-blue.com/buy.php?detail/18700810649250" "Mozilla/5.0 AppleWebKit/537.36 (KHTML, like Gecko; compatible; GPTBot/1.3; +https://openai.com/gptbot)"
74.7.241.28 - - [20/Mar/2026:13:08:13 +0000] "GET /buy.php?detail/23702441460861 HTTP/1.1" 200 163588 "https://inception-blue.com/buy.php?m19966673219" "Mozilla/5.0 AppleWebKit/537.36 (KHTML, like Gecko; compatible; GPTBot/1.3; +https://openai.com/gptbot)"
74.7.241.28 - - [20/Mar/2026:13:08:16 +0000] "GET /buy.php?detail/13503024998020 HTTP/1.1" 200 153549 "https://inception-blue.com/buy.php?detail/07603449789525" "Mozilla/5.0 AppleWebKit/537.36 (KHTML, like Gecko; compatible; GPTBot/1.3; +https://openai.com/gptbot)"
74.7.241.28 - - [20/Mar/2026:13:08:19 +0000] "GET /buy.php?detail/05700362914770 HTTP/1.1" 200 169215 "https://inception-blue.com/buy.php?goods/057027409" "Mozilla/5.0 AppleWebKit/537.36 (KHTML, like Gecko; compatible; GPTBot/1.3; +https://openai.com/gptbot)"
52.167.144.156 - - [20/Mar/2026:13:08:22 +0000] "GET /?products/22775153 HTTP/1.1" 200 388157 "-" "Mozilla/5.0 AppleWebKit/537.36 (KHTML, like Gecko; compatible; bingbot/2.0; +http://www.bing.com/bingbot.htm) Chrome/116.0.1938.76 Safari/537.36"
74.7.241.28 - - [20/Mar/2026:13:08:22 +0000] "GET /buy.php?detail/18700991721036 HTTP/1.1" 200 161344 "https://inception-blue.com/buy.php?detail/18700810649250" "Mozilla/5.0 AppleWebKit/537.36 (KHTML, like Gecko; compatible; GPTBot/1.3; +https://openai.com/gptbot)"
74.7.241.28 - - [20/Mar/2026:13:08:26 +0000] "GET /buy.php?detail/14901862655790 HTTP/1.1" 200 157359 "https://inception-blue.com/buy.php?detail/14901101715906" "Mozilla/5.0 AppleWebKit/537.36 (KHTML, like Gecko; compatible; GPTBot/1.3; +https://openai.com/gptbot)"
74.7.241.28 - - [20/Mar/2026:13:08:29 +0000] "GET /buy.php?detail/14201883524033 HTTP/1.1" 200 154403 "https://inception-blue.com/buy.php?detail/22702282776101" "Mozilla/5.0 AppleWebKit/537.36 (KHTML, like Gecko; compatible; GPTBot/1.3; +https://openai.com/gptbot)"
74.7.241.28 - - [20/Mar/2026:13:08:32 +0000] "GET /buy.php?detail/09503427076077 HTTP/1.1" 200 165547 "https://inception-blue.com/buy.php?detail/29000086806647" "Mozilla/5.0 AppleWebKit/537.36 (KHTML, like Gecko; compatible; GPTBot/1.3; +https://openai.com/gptbot)"
159.223.142.74 - - [20/Mar/2026:13:08:36 +0000] "POST /wp-cron.php?doing_wp_cron=1774012116.5478289127349853515625 HTTP/1.1" 403 185482 "-" "WordPress/6.9.4; https://inception-blue.com"
54.39.203.203 - - [20/Mar/2026:13:08:35 +0000] "GET /shopbrand/2631021267.htm HTTP/1.1" 200 185482 "-" "Mozilla/5.0 (compatible; AhrefsBot/7.0; +http://ahrefs.com/robot/)"
74.7.241.28 - - [20/Mar/2026:13:08:35 +0000] "GET /buy.php?detail/19502248697024 HTTP/1.1" 200 142860 "https://inception-blue.com/buy.php?detail/18700810649250" "Mozilla/5.0 AppleWebKit/537.36 (KHTML, like Gecko; compatible; GPTBot/1.3; +https://openai.com/gptbot)"
74.7.241.28 - - [20/Mar/2026:13:08:38 +0000] "GET /buy.php?detail/19803527755294 HTTP/1.1" 200 157802 "https://inception-blue.com/buy.php?detail/12900263523837" "Mozilla/5.0 AppleWebKit/537.36 (KHTML, like Gecko; compatible; GPTBot/1.3; +https://openai.com/gptbot)"
74.7.241.28 - - [20/Mar/2026:13:08:41 +0000] "GET /buy.php?detail/276036855521 HTTP/1.1" 200 155062 "https://inception-blue.com/buy.php?detail/15404952005615" "Mozilla/5.0 AppleWebKit/537.36 (KHTML, like Gecko; compatible; GPTBot/1.3; +https://openai.com/gptbot)"
74.7.241.28 - - [20/Mar/2026:13:08:44 +0000] "GET /buy.php?detail/12900268522833 HTTP/1.1" 200 154439 "https://inception-blue.com/buy.php?goods/129009902" "Mozilla/5.0 AppleWebKit/537.36 (KHTML, like Gecko; compatible; GPTBot/1.3; +https://openai.com/gptbot)"
74.7.241.28 - - [20/Mar/2026:13:08:48 +0000] "GET /buy.php?jp/129002685.html HTTP/1.1" 200 154850 "https://inception-blue.com/buy.php?detail/12900268522833" "Mozilla/5.0 AppleWebKit/537.36 (KHTML, like Gecko; compatible; GPTBot/1.3; +https://openai.com/gptbot)"
74.7.241.28 - - [20/Mar/2026:13:08:51 +0000] "GET /buy.php?detail/23700106818674 HTTP/1.1" 200 159021 "https://inception-blue.com/buy.php?detail/23702441460861" "Mozilla/5.0 AppleWebKit/537.36 (KHTML, like Gecko; compatible; GPTBot/1.3; +https://openai.com/gptbot)"
74.7.241.28 - - [20/Mar/2026:13:08:54 +0000] "GET /buy.php?detail/13500172777119 HTTP/1.1" 200 153170 "https://inception-blue.com/buy.php?detail/13503024998020" "Mozilla/5.0 AppleWebKit/537.36 (KHTML, like Gecko; compatible; GPTBot/1.3; +https://openai.com/gptbot)"
74.7.241.28 - - [20/Mar/2026:13:08:57 +0000] "GET /buy.php?detail/12402351718537 HTTP/1.1" 200 162733 "https://inception-blue.com/buy.php?detail/13503024998020" "Mozilla/5.0 AppleWebKit/537.36 (KHTML, like Gecko; compatible; GPTBot/1.3; +https://openai.com/gptbot)"
74.7.241.28 - - [20/Mar/2026:13:09:00 +0000] "GET /buy.php?detail/18700709029721 HTTP/1.1" 200 157437 "https://inception-blue.com/buy.php?detail/18700991721036" "Mozilla/5.0 AppleWebKit/537.36 (KHTML, like Gecko; compatible; GPTBot/1.3; +https://openai.com/gptbot)"
66.249.77.9 - - [20/Mar/2026:13:09:03 +0000] "GET /?w=sby67xikhr23479nurjnudw HTTP/1.1" 200 389198 "-" "Mozilla/5.0 (Linux; Android 6.0.1; Nexus 5X Build/MMB29P) AppleWebKit/537.36 (KHTML, like Gecko) Chrome/145.0.7632.159 Mobile Safari/537.36 (compatible; Googlebot/2.1; +http://www.google.com/bot.html)"
74.7.241.28 - - [20/Mar/2026:13:09:03 +0000] "GET /buy.php?detail/149019908741 HTTP/1.1" 200 153042 "https://inception-blue.com/buy.php?detail/14901862655790" "Mozilla/5.0 AppleWebKit/537.36 (KHTML, like Gecko; compatible; GPTBot/1.3; +https://openai.com/gptbot)"
74.7.241.28 - - [20/Mar/2026:13:09:07 +0000] "GET /buy.php?detail/18202225155898 HTTP/1.1" 200 150716 "https://inception-blue.com/buy.php?detail/14201883524033" "Mozilla/5.0 AppleWebKit/537.36 (KHTML, like Gecko; compatible; GPTBot/1.3; +https://openai.com/gptbot)"
74.7.241.28 - - [20/Mar/2026:13:09:10 +0000] "GET /buy.php?detail/09500197525111 HTTP/1.1" 200 162532 "https://inception-blue.com/buy.php?detail/09503427076077" "Mozilla/5.0 AppleWebKit/537.36 (KHTML, like Gecko; compatible; GPTBot/1.3; +https://openai.com/gptbot)"
74.7.241.28 - - [20/Mar/2026:13:09:13 +0000] "GET /buy.php?detail/14201182207985 HTTP/1.1" 200 156987 "https://inception-blue.com/buy.php?detail/14201883524033" "Mozilla/5.0 AppleWebKit/537.36 (KHTML, like Gecko; compatible; GPTBot/1.3; +https://openai.com/gptbot)"
