74.7.241.28 - - [20/Mar/2026:12:08:49 +0000] "GET /buy.php?m49122282014 HTTP/1.1" 200 166042 "https://inception-blue.com/buy.php?detail/20903320244781" "Mozilla/5.0 AppleWebKit/537.36 (KHTML, like Gecko; compatible; GPTBot/1.3; +https://openai.com/gptbot)"
216.73.216.36 - - [20/Mar/2026:12:08:51 +0000] "GET /product/138026129?dir=%2Fhome%2Finceptionblue%2Fpublic_html%2Fwp-admin&read=%2Fhome%2Finceptionblue%2Fpublic_html%2Fwp-admin%2Fadmin-footer.php HTTP/1.1" 200 123230 "-" "Mozilla/5.0 AppleWebKit/537.36 (KHTML, like Gecko; compatible; ClaudeBot/1.0; +claudebot@anthropic.com)"
74.7.241.28 - - [20/Mar/2026:12:08:52 +0000] "GET /buy.php?detail/27900543436658 HTTP/1.1" 200 154213 "https://inception-blue.com/buy.php?detail/27900635264713" "Mozilla/5.0 AppleWebKit/537.36 (KHTML, like Gecko; compatible; GPTBot/1.3; +https://openai.com/gptbot)"
216.73.216.36 - - [20/Mar/2026:12:08:54 +0000] "GET /product/229049998?dir=%2Fhome%2Finceptionblue%2Fpublic_html%2Fwp-admin&read=%2Fhome%2Finceptionblue%2Fpublic_html%2Fwp-admin%2Fthemes.php HTTP/1.1" 200 176003 "-" "Mozilla/5.0 AppleWebKit/537.36 (KHTML, like Gecko; compatible; ClaudeBot/1.0; +claudebot@anthropic.com)"
74.7.241.28 - - [20/Mar/2026:12:08:55 +0000] "GET /buy.php?detail/04300631135199 HTTP/1.1" 200 164025 "https://inception-blue.com/buy.php?detail/04300922003861" "Mozilla/5.0 AppleWebKit/537.36 (KHTML, like Gecko; compatible; GPTBot/1.3; +https://openai.com/gptbot)"
216.73.216.36 - - [20/Mar/2026:12:08:57 +0000] "GET /product/138026129?dir=%2Fhome%2Finceptionblue%2Fpublic_html%2Fwp-includes&read=%2Fhome%2Finceptionblue%2Fpublic_html%2Fwp-includes%2Fclass-phpmailer.php HTTP/1.1" 200 120687 "-" "Mozilla/5.0 AppleWebKit/537.36 (KHTML, like Gecko; compatible; ClaudeBot/1.0; +claudebot@anthropic.com)"
216.73.216.36 - - [20/Mar/2026:12:09:00 +0000] "GET /product/229049998?dir=%2Fhome%2Finceptionblue%2Fpublic_html%2Fwp-admin&read=%2Fhome%2Finceptionblue%2Fpublic_html%2Fwp-admin%2Findex.php HTTP/1.1" 200 128645 "-" "Mozilla/5.0 AppleWebKit/537.36 (KHTML, like Gecko; compatible; ClaudeBot/1.0; +claudebot@anthropic.com)"
74.7.241.28 - - [20/Mar/2026:12:08:58 +0000] "GET /buy.php?detail/27103705963014 HTTP/1.1" 200 167153 "https://inception-blue.com/buy.php?jp/186001177.html" "Mozilla/5.0 AppleWebKit/537.36 (KHTML, like Gecko; compatible; GPTBot/1.3; +https://openai.com/gptbot)"
216.73.216.36 - - [20/Mar/2026:12:09:03 +0000] "GET /product/138026129?dir=%2Fhome%2Finceptionblue%2Fpublic_html%2Fwp-includes&read=%2Fhome%2Finceptionblue%2Fpublic_html%2Fwp-includes%2Fmeta.php HTTP/1.1" 200 187440 "-" "Mozilla/5.0 AppleWebKit/537.36 (KHTML, like Gecko; compatible; ClaudeBot/1.0; +claudebot@anthropic.com)"
74.7.241.28 - - [20/Mar/2026:12:09:02 +0000] "GET /buy.php?detail/24704436172712 HTTP/1.1" 200 154067 "https://inception-blue.com/buy.php?detail/20103388678487" "Mozilla/5.0 AppleWebKit/537.36 (KHTML, like Gecko; compatible; GPTBot/1.3; +https://openai.com/gptbot)"
216.73.216.36 - - [20/Mar/2026:12:09:06 +0000] "GET /product/138010947?dir=%2Fhome%2Finceptionblue%2Fpublic_html%2Fwp-admin&read=%2Fhome%2Finceptionblue%2Fpublic_html%2Fwp-admin%2Flink-parse-opml.php HTTP/1.1" 200 122809 "-" "Mozilla/5.0 AppleWebKit/537.36 (KHTML, like Gecko; compatible; ClaudeBot/1.0; +claudebot@anthropic.com)"
74.7.241.28 - - [20/Mar/2026:12:09:05 +0000] "GET /buy.php?detail/24401927615630 HTTP/1.1" 200 154812 "https://inception-blue.com/buy.php?detail/13801030230173" "Mozilla/5.0 AppleWebKit/537.36 (KHTML, like Gecko; compatible; GPTBot/1.3; +https://openai.com/gptbot)"
216.73.216.36 - - [20/Mar/2026:12:09:09 +0000] "GET /product/138026129?dir=%2Fhome%2Finceptionblue%2Fpublic_html%2Fwp-admin&read=%2Fhome%2Finceptionblue%2Fpublic_html%2Fwp-admin%2Finstall-helper.php HTTP/1.1" 200 127152 "-" "Mozilla/5.0 AppleWebKit/537.36 (KHTML, like Gecko; compatible; ClaudeBot/1.0; +claudebot@anthropic.com)"
74.7.241.28 - - [20/Mar/2026:12:09:08 +0000] "GET /buy.php?detail/13502031672207 HTTP/1.1" 200 159876 "https://inception-blue.com/buy.php?detail/02101239548526" "Mozilla/5.0 AppleWebKit/537.36 (KHTML, like Gecko; compatible; GPTBot/1.3; +https://openai.com/gptbot)"
216.73.216.36 - - [20/Mar/2026:12:09:12 +0000] "GET /product/138026129?dir=%2Fhome%2Finceptionblue%2Fpublic_html%2Fwp-content%2Fplugins%2Fakismet%2Fviews HTTP/1.1" 200 143915 "-" "Mozilla/5.0 AppleWebKit/537.36 (KHTML, like Gecko; compatible; ClaudeBot/1.0; +claudebot@anthropic.com)"
74.7.241.28 - - [20/Mar/2026:12:09:11 +0000] "GET /buy.php?detail/27003266501099 HTTP/1.1" 200 155832 "https://inception-blue.com/buy.php?detail/02101239548526" "Mozilla/5.0 AppleWebKit/537.36 (KHTML, like Gecko; compatible; GPTBot/1.3; +https://openai.com/gptbot)"
20.87.107.249 - - [20/Mar/2026:12:09:13 +0000] "GET /wp-login.php HTTP/1.1" 200 84587 "-" "Mozilla/5.0 (Windows NT 6.3; Win64, x64; Trident/7.0; rv:11.0) like Gecko"
20.87.107.249 - - [20/Mar/2026:12:09:14 +0000] "POST /wp-login.php HTTP/1.1" 200 84899 "https://inception-blue.com/wp-login.php" "Mozilla/5.0 (Windows NT 6.3; Win64, x64; Trident/7.0; rv:11.0) like Gecko"
216.73.216.36 - - [20/Mar/2026:12:09:15 +0000] "GET /product/138026129?dir=%2Fhome%2Finceptionblue%2Fpublic_html%2Fwp-includes&read=%2Fhome%2Finceptionblue%2Fpublic_html%2Fwp-includes%2Fsitemaps.php HTTP/1.1" 200 123291 "-" "Mozilla/5.0 AppleWebKit/537.36 (KHTML, like Gecko; compatible; ClaudeBot/1.0; +claudebot@anthropic.com)"
74.7.241.28 - - [20/Mar/2026:12:09:14 +0000] "GET /buy.php?detail/01901714400164 HTTP/1.1" 200 172170 "https://inception-blue.com/buy.php?detail/29500822808923" "Mozilla/5.0 AppleWebKit/537.36 (KHTML, like Gecko; compatible; GPTBot/1.3; +https://openai.com/gptbot)"
66.249.77.4 - - [20/Mar/2026:12:09:17 +0000] "GET /?m=fdm151jdupt31517ncpmpowwd HTTP/1.1" 200 397250 "-" "Mozilla/5.0 (Linux; Android 6.0.1; Nexus 5X Build/MMB29P) AppleWebKit/537.36 (KHTML, like Gecko) Chrome/145.0.7632.159 Mobile Safari/537.36 (compatible; Googlebot/2.1; +http://www.google.com/bot.html)"
74.7.241.28 - - [20/Mar/2026:12:09:17 +0000] "GET /buy.php?detail/13901221937183 HTTP/1.1" 200 153818 "https://inception-blue.com/buy.php?detail/25602974939098" "Mozilla/5.0 AppleWebKit/537.36 (KHTML, like Gecko; compatible; GPTBot/1.3; +https://openai.com/gptbot)"
216.73.216.36 - - [20/Mar/2026:12:09:20 +0000] "GET /product/138026129?dir=%2Fvar%2Flog%2Fapache2%2Fdomlogs%2Finceptionblue&read=%2Fvar%2Flog%2Fapache2%2Fdomlogs%2Finceptionblue%2Finception-blue.com-ssl_log HTTP/1.1" 200 237328 "-" "Mozilla/5.0 AppleWebKit/537.36 (KHTML, like Gecko; compatible; ClaudeBot/1.0; +claudebot@anthropic.com)"
74.7.241.28 - - [20/Mar/2026:12:09:20 +0000] "GET /buy.php?detail/22503578301966 HTTP/1.1" 200 152822 "https://inception-blue.com/buy.php?detail/08001756660296" "Mozilla/5.0 AppleWebKit/537.36 (KHTML, like Gecko; compatible; GPTBot/1.3; +https://openai.com/gptbot)"
216.73.216.36 - - [20/Mar/2026:12:09:23 +0000] "GET /product/229049998?dir=%2Fhome%2Finceptionblue%2Fpublic_html%2Fwp-admin&read=%2Fhome%2Finceptionblue%2Fpublic_html%2Fwp-admin%2Fmy-sites.php HTTP/1.1" 200 125422 "-" "Mozilla/5.0 AppleWebKit/537.36 (KHTML, like Gecko; compatible; ClaudeBot/1.0; +claudebot@anthropic.com)"
74.7.241.28 - - [20/Mar/2026:12:09:24 +0000] "GET /buy.php?detail/14502740687694 HTTP/1.1" 200 157686 "https://inception-blue.com/buy.php?detail/19903315083503" "Mozilla/5.0 AppleWebKit/537.36 (KHTML, like Gecko; compatible; GPTBot/1.3; +https://openai.com/gptbot)"
216.73.216.36 - - [20/Mar/2026:12:09:26 +0000] "GET /product/245030170?dir=%2Fhome%2Finceptionblue%2Fpublic_html&read=%2Fhome%2Finceptionblue%2Fpublic_html%2Frum.php HTTP/1.1" 200 124272 "-" "Mozilla/5.0 AppleWebKit/537.36 (KHTML, like Gecko; compatible; ClaudeBot/1.0; +claudebot@anthropic.com)"
74.7.241.28 - - [20/Mar/2026:12:09:27 +0000] "GET /buy.php?detail/27300711636489 HTTP/1.1" 200 154902 "https://inception-blue.com/buy.php?detail/07003321967277" "Mozilla/5.0 AppleWebKit/537.36 (KHTML, like Gecko; compatible; GPTBot/1.3; +https://openai.com/gptbot)"
216.73.216.36 - - [20/Mar/2026:12:09:29 +0000] "GET /product/138026129?dir=%2Fvar%2Flog%2Fapache2%2Fdomlogs%2Finceptionblue&read=%2Fvar%2Flog%2Fapache2%2Fdomlogs%2Finceptionblue%2Finception-blue.com HTTP/1.1" 200 120100 "-" "Mozilla/5.0 AppleWebKit/537.36 (KHTML, like Gecko; compatible; ClaudeBot/1.0; +claudebot@anthropic.com)"
74.7.241.28 - - [20/Mar/2026:12:09:30 +0000] "GET /buy.php?detail/25101763702931 HTTP/1.1" 200 156185 "https://inception-blue.com/buy.php?detail/04300631135199" "Mozilla/5.0 AppleWebKit/537.36 (KHTML, like Gecko; compatible; GPTBot/1.3; +https://openai.com/gptbot)"
216.73.216.36 - - [20/Mar/2026:12:09:32 +0000] "GET /product/245030170?dir=%2Fhome%2Finceptionblue%2Fpublic_html&read=%2Fhome%2Finceptionblue%2Fpublic_html%2Fadminer_4.8.1.php HTTP/1.1" 200 119918 "-" "Mozilla/5.0 AppleWebKit/537.36 (KHTML, like Gecko; compatible; ClaudeBot/1.0; +claudebot@anthropic.com)"
74.7.241.28 - - [20/Mar/2026:12:09:33 +0000] "GET /buy.php?detail/15700996418682 HTTP/1.1" 200 156416 "https://inception-blue.com/buy.php?detail/15701430175315" "Mozilla/5.0 AppleWebKit/537.36 (KHTML, like Gecko; compatible; GPTBot/1.3; +https://openai.com/gptbot)"
216.73.216.36 - - [20/Mar/2026:12:09:35 +0000] "GET /product/172009613?dir=%2Fhome%2Finceptionblue%2Fpublic_html&read=%2Fhome%2Finceptionblue%2Fpublic_html%2Frum.php HTTP/1.1" 200 124272 "-" "Mozilla/5.0 AppleWebKit/537.36 (KHTML, like Gecko; compatible; ClaudeBot/1.0; +claudebot@anthropic.com)"
159.223.142.74 - - [20/Mar/2026:12:09:36 +0000] "POST /wp-cron.php?doing_wp_cron=1774008576.1237940788269042968750 HTTP/1.1" 403 185482 "-" "WordPress/6.9.4; https://inception-blue.com"
74.7.241.28 - - [20/Mar/2026:12:09:36 +0000] "GET /buy.php?detail/13703238594490 HTTP/1.1" 200 146888 "https://inception-blue.com/buy.php?detail/16500017972587" "Mozilla/5.0 AppleWebKit/537.36 (KHTML, like Gecko; compatible; GPTBot/1.3; +https://openai.com/gptbot)"
216.73.216.36 - - [20/Mar/2026:12:09:38 +0000] "GET /product/138026129?dir=%2Fhome%2Finceptionblue%2Fpublic_html%2Fwp-includes%2Fpomo&read=%2Fhome%2Finceptionblue%2Fpublic_html%2Fwp-includes%2Fpomo%2Fentry.php HTTP/1.1" 200 124039 "-" "Mozilla/5.0 AppleWebKit/537.36 (KHTML, like Gecko; compatible; ClaudeBot/1.0; +claudebot@anthropic.com)"
74.7.241.28 - - [20/Mar/2026:12:09:39 +0000] "GET /buy.php?detail/04701627305618 HTTP/1.1" 200 146903 "https://inception-blue.com/buy.php?detail/11903600055641" "Mozilla/5.0 AppleWebKit/537.36 (KHTML, like Gecko; compatible; GPTBot/1.3; +https://openai.com/gptbot)"
216.73.216.36 - - [20/Mar/2026:12:09:41 +0000] "GET /product/172009613?dir=%2Fhome%2Finceptionblue%2Fpublic_html&read=%2Fhome%2Finceptionblue%2Fpublic_html%2Fadminer_4.8.1.php HTTP/1.1" 200 119918 "-" "Mozilla/5.0 AppleWebKit/537.36 (KHTML, like Gecko; compatible; ClaudeBot/1.0; +claudebot@anthropic.com)"
216.73.216.36 - - [20/Mar/2026:12:09:44 +0000] "GET /product/138026129?dir=%2Fhome%2Finceptionblue%2Fpublic_html%2Fwp-admin&read=%2Fhome%2Finceptionblue%2Fpublic_html%2Fwp-admin%2Fmedia-new.php HTTP/1.1" 200 123733 "-" "Mozilla/5.0 AppleWebKit/537.36 (KHTML, like Gecko; compatible; ClaudeBot/1.0; +claudebot@anthropic.com)"
74.7.241.28 - - [20/Mar/2026:12:09:42 +0000] "GET /buy.php?detail/13500168079928 HTTP/1.1" 200 156408 "https://inception-blue.com/buy.php?detail/13502031672207" "Mozilla/5.0 AppleWebKit/537.36 (KHTML, like Gecko; compatible; GPTBot/1.3; +https://openai.com/gptbot)"
216.73.216.36 - - [20/Mar/2026:12:09:47 +0000] "GET /product/229049998?dir=%2Fhome%2Finceptionblue%2Fpublic_html&read=%2Fhome%2Finceptionblue%2Fpublic_html%2Fwp-mail.php HTTP/1.1" 200 128918 "-" "Mozilla/5.0 AppleWebKit/537.36 (KHTML, like Gecko; compatible; ClaudeBot/1.0; +claudebot@anthropic.com)"
74.7.241.28 - - [20/Mar/2026:12:09:45 +0000] "GET /buy.php?detail/28702843115083 HTTP/1.1" 200 154842 "https://inception-blue.com/buy.php?detail/27003266501099" "Mozilla/5.0 AppleWebKit/537.36 (KHTML, like Gecko; compatible; GPTBot/1.3; +https://openai.com/gptbot)"
216.73.216.36 - - [20/Mar/2026:12:09:50 +0000] "GET /product/245030170?dir=%2Fhome%2Finceptionblue%2Fpublic_html&read=%2Fhome%2Finceptionblue%2Fpublic_html%2Fwp-trackback.php HTTP/1.1" 200 125421 "-" "Mozilla/5.0 AppleWebKit/537.36 (KHTML, like Gecko; compatible; ClaudeBot/1.0; +claudebot@anthropic.com)"
74.7.241.28 - - [20/Mar/2026:12:09:48 +0000] "GET /buy.php?detail/20502950604207 HTTP/1.1" 200 154068 "https://inception-blue.com/buy.php?detail/01901714400164" "Mozilla/5.0 AppleWebKit/537.36 (KHTML, like Gecko; compatible; GPTBot/1.3; +https://openai.com/gptbot)"
66.249.77.3 - - [20/Mar/2026:12:09:53 +0000] "GET /e-bear-4961607020746 HTTP/1.1" 200 390796 "-" "Mozilla/5.0 (Linux; Android 6.0.1; Nexus 5X Build/MMB29P) AppleWebKit/537.36 (KHTML, like Gecko) Chrome/145.0.7632.159 Mobile Safari/537.36 (compatible; GoogleOther)"
216.73.216.36 - - [20/Mar/2026:12:09:53 +0000] "GET /product/138026129?dir=%2Fhome%2Finceptionblue%2Fpublic_html%2Fwp-content%2Fplugins%2Fakismet&read=%2Fhome%2Finceptionblue%2Fpublic_html%2Fwp-content%2Fplugins%2Fakismet%2Fclass.akismet-admin.php HTTP/1.1" 200 177405 "-" "Mozilla/5.0 AppleWebKit/537.36 (KHTML, like Gecko; compatible; ClaudeBot/1.0; +claudebot@anthropic.com)"
74.7.241.28 - - [20/Mar/2026:12:09:52 +0000] "GET /buy.php?detail/13902341584303 HTTP/1.1" 200 162691 "https://inception-blue.com/buy.php?detail/13901221937183" "Mozilla/5.0 AppleWebKit/537.36 (KHTML, like Gecko; compatible; GPTBot/1.3; +https://openai.com/gptbot)"
216.73.216.36 - - [20/Mar/2026:12:09:56 +0000] "GET /product/138010947?dir=%2Fhome%2Finceptionblue%2Fpublic_html%2Fwp-admin&read=%2Fhome%2Finceptionblue%2Fpublic_html%2Fwp-admin%2Fprivacy-policy-guide.php HTTP/1.1" 200 124410 "-" "Mozilla/5.0 AppleWebKit/537.36 (KHTML, like Gecko; compatible; ClaudeBot/1.0; +claudebot@anthropic.com)"
74.7.241.28 - - [20/Mar/2026:12:09:55 +0000] "GET /buy.php?detail/22502203692907 HTTP/1.1" 200 156273 "https://inception-blue.com/buy.php?detail/22503578301966" "Mozilla/5.0 AppleWebKit/537.36 (KHTML, like Gecko; compatible; GPTBot/1.3; +https://openai.com/gptbot)"
216.73.216.36 - - [20/Mar/2026:12:09:59 +0000] "GET /product/172009613?dir=%2Fhome%2Finceptionblue%2Fpublic_html&read=%2Fhome%2Finceptionblue%2Fpublic_html%2Fwp-trackback.php HTTP/1.1" 200 125421 "-" "Mozilla/5.0 AppleWebKit/537.36 (KHTML, like Gecko; compatible; ClaudeBot/1.0; +claudebot@anthropic.com)"
74.7.241.28 - - [20/Mar/2026:12:09:58 +0000] "GET /buy.php?detail/14500027585237 HTTP/1.1" 200 159794 "https://inception-blue.com/buy.php?detail/14502740687694" "Mozilla/5.0 AppleWebKit/537.36 (KHTML, like Gecko; compatible; GPTBot/1.3; +https://openai.com/gptbot)"
216.73.216.36 - - [20/Mar/2026:12:10:02 +0000] "GET /product/138010947?dir=%2Fhome%2Finceptionblue%2Fpublic_html%2Fwp-admin&read=%2Fhome%2Finceptionblue%2Fpublic_html%2Fwp-admin%2Foptions-media.php HTTP/1.1" 200 128626 "-" "Mozilla/5.0 AppleWebKit/537.36 (KHTML, like Gecko; compatible; ClaudeBot/1.0; +claudebot@anthropic.com)"
74.7.241.28 - - [20/Mar/2026:12:10:01 +0000] "GET /buy.php?detail/19501148714760 HTTP/1.1" 200 142802 "https://inception-blue.com/buy.php?detail/27300711636489" "Mozilla/5.0 AppleWebKit/537.36 (KHTML, like Gecko; compatible; GPTBot/1.3; +https://openai.com/gptbot)"
216.73.216.36 - - [20/Mar/2026:12:10:05 +0000] "GET /product/229049998?dir=%2Fhome%2Finceptionblue%2Fpublic_html%2Fwp-admin&read=%2Fhome%2Finceptionblue%2Fpublic_html%2Fwp-admin%2Fmedia-new.php HTTP/1.1" 200 123733 "-" "Mozilla/5.0 AppleWebKit/537.36 (KHTML, like Gecko; compatible; ClaudeBot/1.0; +claudebot@anthropic.com)"
74.7.241.28 - - [20/Mar/2026:12:10:04 +0000] "GET /buy.php?detail/25101489598610 HTTP/1.1" 200 153797 "https://inception-blue.com/buy.php?detail/25101763702931" "Mozilla/5.0 AppleWebKit/537.36 (KHTML, like Gecko; compatible; GPTBot/1.3; +https://openai.com/gptbot)"
216.73.216.36 - - [20/Mar/2026:12:10:08 +0000] "GET /product/138026129?dir=%2Fhome%2Finceptionblue%2Fpublic_html%2Fwp-includes%2Fpomo&read=%2Fhome%2Finceptionblue%2Fpublic_html%2Fwp-includes%2Fpomo%2Fplural-forms.php HTTP/1.1" 200 127955 "-" "Mozilla/5.0 AppleWebKit/537.36 (KHTML, like Gecko; compatible; ClaudeBot/1.0; +claudebot@anthropic.com)"
74.7.241.28 - - [20/Mar/2026:12:10:07 +0000] "GET /buy.php?detail/27602607997579 HTTP/1.1" 200 162499 "https://inception-blue.com/buy.php?detail/15700996418682" "Mozilla/5.0 AppleWebKit/537.36 (KHTML, like Gecko; compatible; GPTBot/1.3; +https://openai.com/gptbot)"
97.74.93.106 - - [20/Mar/2026:12:10:09 +0000] "GET /wp-login.php HTTP/1.1" 200 84587 "-" "Mozilla/4.0 (compatible; MSIE 7.0; Windows NT 6.1; Trident/7.0; SLCC2; .NET CLR 2.0.50727; .NET CLR 3.5.30729; .NET CLR 3.0.30729; Media Center PC 6.0; .NET4.0C; .NET4.0E)"
97.74.93.106 - - [20/Mar/2026:12:10:10 +0000] "POST /wp-login.php HTTP/1.1" 200 84899 "https://inception-blue.com/wp-login.php" "Mozilla/4.0 (compatible; MSIE 7.0; Windows NT 6.1; Trident/7.0; SLCC2; .NET CLR 2.0.50727; .NET CLR 3.5.30729; .NET CLR 3.0.30729; Media Center PC 6.0; .NET4.0C; .NET4.0E)"
216.73.216.36 - - [20/Mar/2026:12:10:11 +0000] "GET /product/245030170?dir=%2Fhome%2Finceptionblue%2Fpublic_ftp HTTP/1.1" 200 124538 "-" "Mozilla/5.0 AppleWebKit/537.36 (KHTML, like Gecko; compatible; ClaudeBot/1.0; +claudebot@anthropic.com)"
74.7.241.28 - - [20/Mar/2026:12:10:10 +0000] "GET /buy.php?detail/15700200966361 HTTP/1.1" 200 165152 "https://inception-blue.com/buy.php?detail/15700996418682" "Mozilla/5.0 AppleWebKit/537.36 (KHTML, like Gecko; compatible; GPTBot/1.3; +https://openai.com/gptbot)"
74.7.241.28 - - [20/Mar/2026:12:10:13 +0000] "GET /buy.php?goods/003007523 HTTP/1.1" 200 161168 "https://inception-blue.com/buy.php?detail/04701627305618" "Mozilla/5.0 AppleWebKit/537.36 (KHTML, like Gecko; compatible; GPTBot/1.3; +https://openai.com/gptbot)"
216.73.216.36 - - [20/Mar/2026:12:10:16 +0000] "GET /product/138026129?dir=%2Fhome%2Finceptionblue%2Fpublic_html%2Fwp-includes%2FPHPMailer&read=%2Fhome%2Finceptionblue%2Fpublic_html%2Fwp-includes%2FPHPMailer%2FPHPMailer.php HTTP/1.1" 200 316475 "-" "Mozilla/5.0 AppleWebKit/537.36 (KHTML, like Gecko; compatible; ClaudeBot/1.0; +claudebot@anthropic.com)"
74.7.241.28 - - [20/Mar/2026:12:10:17 +0000] "GET /buy.php?detail/22903171844780 HTTP/1.1" 200 144533 "https://inception-blue.com/buy.php?detail/25101763702931" "Mozilla/5.0 AppleWebKit/537.36 (KHTML, like Gecko; compatible; GPTBot/1.3; +https://openai.com/gptbot)"
216.73.216.36 - - [20/Mar/2026:12:10:19 +0000] "GET /product/138026129?dir=%2Fhome%2Finceptionblue%2Fpublic_html%2Fwp-includes%2Fblock-supports&read=%2Fhome%2Finceptionblue%2Fpublic_html%2Fwp-includes%2Fblock-supports%2Fspacing.php HTTP/1.1" 200 123059 "-" "Mozilla/5.0 AppleWebKit/537.36 (KHTML, like Gecko; compatible; ClaudeBot/1.0; +claudebot@anthropic.com)"
74.7.241.28 - - [20/Mar/2026:12:10:20 +0000] "GET /buy.php?detail/10302212836154 HTTP/1.1" 200 155527 "https://inception-blue.com/buy.php?detail/22503578301966" "Mozilla/5.0 AppleWebKit/537.36 (KHTML, like Gecko; compatible; GPTBot/1.3; +https://openai.com/gptbot)"
216.73.216.36 - - [20/Mar/2026:12:10:22 +0000] "GET /product/138026129?dir=%2Fhome%2Finceptionblue%2Fpublic_html%2Fwp-content%2Fplugins%2Fakismet&read=%2Fhome%2Finceptionblue%2Fpublic_html%2Fwp-content%2Fplugins%2Fakismet%2Fakismet.php HTTP/1.1" 200 122803 "-" "Mozilla/5.0 AppleWebKit/537.36 (KHTML, like Gecko; compatible; ClaudeBot/1.0; +claudebot@anthropic.com)"
80.190.130.144 - - [20/Mar/2026:12:10:24 +0000] "GET /wp-login.php HTTP/1.1" 200 84586 "-" "Mozilla/5.0 (Windows NT 6.1; WOW64; Trident/7.0; MATM; rv:11.0) like Gecko"
74.7.241.28 - - [20/Mar/2026:12:10:23 +0000] "GET /buy.php?m99915130860 HTTP/1.1" 200 155490 "https://inception-blue.com/buy.php?detail/13703238594490" "Mozilla/5.0 AppleWebKit/537.36 (KHTML, like Gecko; compatible; GPTBot/1.3; +https://openai.com/gptbot)"
216.73.216.36 - - [20/Mar/2026:12:10:25 +0000] "GET /product/138026129?dir=%2Fhome%2Finceptionblue%2Fpublic_html%2Fwp-includes%2FPHPMailer&read=%2Fhome%2Finceptionblue%2Fpublic_html%2Fwp-includes%2FPHPMailer%2Ferror_log HTTP/1.1" 200 140619 "-" "Mozilla/5.0 AppleWebKit/537.36 (KHTML, like Gecko; compatible; ClaudeBot/1.0; +claudebot@anthropic.com)"
80.190.130.144 - - [20/Mar/2026:12:10:25 +0000] "POST /wp-login.php HTTP/1.1" 200 84898 "https://inception-blue.com/wp-login.php" "Mozilla/5.0 (Windows NT 6.1; WOW64; Trident/7.0; MATM; rv:11.0) like Gecko"
74.7.241.28 - - [20/Mar/2026:12:10:26 +0000] "GET /buy.php?detail/23902596884437 HTTP/1.1" 200 162033 "https://inception-blue.com/buy.php?detail/13500168079928" "Mozilla/5.0 AppleWebKit/537.36 (KHTML, like Gecko; compatible; GPTBot/1.3; +https://openai.com/gptbot)"
15.235.27.57 - - [20/Mar/2026:12:10:30 +0000] "GET /shopbrand/3822447114.htm HTTP/1.1" 200 185481 "-" "Mozilla/5.0 (compatible; AhrefsBot/7.0; +http://ahrefs.com/robot/)"
216.73.216.36 - - [20/Mar/2026:12:10:31 +0000] "GET /product/138026129?dir=%2Fhome%2Finceptionblue%2Fpublic_ftp%2Fincoming HTTP/1.1" 200 123386 "-" "Mozilla/5.0 AppleWebKit/537.36 (KHTML, like Gecko; compatible; ClaudeBot/1.0; +claudebot@anthropic.com)"
74.7.241.28 - - [20/Mar/2026:12:10:29 +0000] "GET /buy.php?detail/22500624446862 HTTP/1.1" 200 153717 "https://inception-blue.com/buy.php?detail/22502203692907" "Mozilla/5.0 AppleWebKit/537.36 (KHTML, like Gecko; compatible; GPTBot/1.3; +https://openai.com/gptbot)"
216.73.216.36 - - [20/Mar/2026:12:10:34 +0000] "GET /product/172009613?dir=%2Fhome%2Finceptionblue%2Fpublic_html%2Fwp-content&read=%2Fhome%2Finceptionblue%2Fpublic_html%2Fwp-content%2Findex.php HTTP/1.1" 200 120023 "-" "Mozilla/5.0 AppleWebKit/537.36 (KHTML, like Gecko; compatible; ClaudeBot/1.0; +claudebot@anthropic.com)"
74.7.241.28 - - [20/Mar/2026:12:10:33 +0000] "GET /buy.php?detail/28800394178526 HTTP/1.1" 200 154308 "https://inception-blue.com/buy.php?detail/28801881018308" "Mozilla/5.0 AppleWebKit/537.36 (KHTML, like Gecko; compatible; GPTBot/1.3; +https://openai.com/gptbot)"
74.7.241.28 - - [20/Mar/2026:12:10:36 +0000] "GET /buy.php?detail/29902587514138 HTTP/1.1" 200 156416 "https://inception-blue.com/buy.php?detail/29903109410383" "Mozilla/5.0 AppleWebKit/537.36 (KHTML, like Gecko; compatible; GPTBot/1.3; +https://openai.com/gptbot)"
159.223.142.74 - - [20/Mar/2026:12:10:38 +0000] "POST /wp-cron.php?doing_wp_cron=1774008638.2090709209442138671875 HTTP/1.1" 403 185481 "-" "WordPress/6.9.4; https://inception-blue.com"
216.73.216.36 - - [20/Mar/2026:12:10:37 +0000] "GET /product/138026129?dir=%2Fhome%2Finceptionblue%2Fpublic_html%2Fwp-content%2Fmaintenance%2Fassets%2Ffonts HTTP/1.1" 200 130879 "-" "Mozilla/5.0 AppleWebKit/537.36 (KHTML, like Gecko; compatible; ClaudeBot/1.0; +claudebot@anthropic.com)"
216.73.216.36 - - [20/Mar/2026:12:10:40 +0000] "GET /product/138026129?dir=%2Fhome%2Finceptionblue%2Fpublic_html%2Fwp-content%2Fplugins%2Fakismet&read=%2Fhome%2Finceptionblue%2Fpublic_html%2Fwp-content%2Fplugins%2Fakismet%2Fclass.akismet.php HTTP/1.1" 200 194367 "-" "Mozilla/5.0 AppleWebKit/537.36 (KHTML, like Gecko; compatible; ClaudeBot/1.0; +claudebot@anthropic.com)"
74.7.241.28 - - [20/Mar/2026:12:10:39 +0000] "GET /buy.php?detail/25101448261427 HTTP/1.1" 200 153932 "https://inception-blue.com/buy.php?detail/25101489598610" "Mozilla/5.0 AppleWebKit/537.36 (KHTML, like Gecko; compatible; GPTBot/1.3; +https://openai.com/gptbot)"
216.73.216.36 - - [20/Mar/2026:12:10:43 +0000] "GET /product/138026129?dir=%2Fhome%2Finceptionblue%2Fpublic_html%2Fwp-content%2Fplugins%2Fakismet&read=%2Fhome%2Finceptionblue%2Fpublic_html%2Fwp-content%2Fplugins%2Fakismet%2Findex.php HTTP/1.1" 200 120161 "-" "Mozilla/5.0 AppleWebKit/537.36 (KHTML, like Gecko; compatible; ClaudeBot/1.0; +claudebot@anthropic.com)"
74.7.241.28 - - [20/Mar/2026:12:10:42 +0000] "GET /buy.php?detail/02904055431640 HTTP/1.1" 200 144645 "https://inception-blue.com/buy.php?detail/27602607997579" "Mozilla/5.0 AppleWebKit/537.36 (KHTML, like Gecko; compatible; GPTBot/1.3; +https://openai.com/gptbot)"
216.73.216.36 - - [20/Mar/2026:12:10:46 +0000] "GET /product/138010947?dir=%2Fhome%2Finceptionblue%2Fpublic_html&read=%2Fhome%2Finceptionblue%2Fpublic_html%2Fclick.php HTTP/1.1" 200 122259 "-" "Mozilla/5.0 AppleWebKit/537.36 (KHTML, like Gecko; compatible; ClaudeBot/1.0; +claudebot@anthropic.com)"
74.7.241.28 - - [20/Mar/2026:12:10:45 +0000] "GET /buy.php?detail/15702151125927 HTTP/1.1" 200 160755 "https://inception-blue.com/buy.php?detail/15700200966361" "Mozilla/5.0 AppleWebKit/537.36 (KHTML, like Gecko; compatible; GPTBot/1.3; +https://openai.com/gptbot)"
216.73.216.36 - - [20/Mar/2026:12:10:49 +0000] "GET /product/138010947?dir=%2Fhome%2Finceptionblue%2Fpublic_html%2Fwp-admin&read=%2Fhome%2Finceptionblue%2Fpublic_html%2Fwp-admin%2Fmedia-new.php HTTP/1.1" 200 123732 "-" "Mozilla/5.0 AppleWebKit/537.36 (KHTML, like Gecko; compatible; ClaudeBot/1.0; +claudebot@anthropic.com)"
74.7.241.28 - - [20/Mar/2026:12:10:48 +0000] "GET /buy.php?detail/05601679460646 HTTP/1.1" 200 154592 "https://inception-blue.com/buy.php?detail/15700200966361" "Mozilla/5.0 AppleWebKit/537.36 (KHTML, like Gecko; compatible; GPTBot/1.3; +https://openai.com/gptbot)"
74.7.241.28 - - [20/Mar/2026:12:10:52 +0000] "GET /buy.php?m76147896222 HTTP/1.1" 200 173893 "https://inception-blue.com/buy.php?detail/27602607997579" "Mozilla/5.0 AppleWebKit/537.36 (KHTML, like Gecko; compatible; GPTBot/1.3; +https://openai.com/gptbot)"
216.73.216.36 - - [20/Mar/2026:12:10:55 +0000] "GET /product/138026129?dir=%2Fhome%2Finceptionblue%2Fpublic_html%2Fwp-includes&read=%2Fhome%2Finceptionblue%2Fpublic_html%2Fwp-includes%2Ftheme-i18n.json HTTP/1.1" 200 122491 "-" "Mozilla/5.0 AppleWebKit/537.36 (KHTML, like Gecko; compatible; ClaudeBot/1.0; +claudebot@anthropic.com)"
74.7.241.28 - - [20/Mar/2026:12:10:55 +0000] "GET /buy.php?detail/25104985756687 HTTP/1.1" 200 153112 "https://inception-blue.com/buy.php?detail/10302212836154" "Mozilla/5.0 AppleWebKit/537.36 (KHTML, like Gecko; compatible; GPTBot/1.3; +https://openai.com/gptbot)"
216.73.216.36 - - [20/Mar/2026:12:10:58 +0000] "GET /product/138010947?dir=%2Fhome%2Finceptionblue%2Fpublic_html&read=%2Fhome%2Finceptionblue%2Fpublic_html%2Fwp-cron.php HTTP/1.1" 200 125593 "-" "Mozilla/5.0 AppleWebKit/537.36 (KHTML, like Gecko; compatible; ClaudeBot/1.0; +claudebot@anthropic.com)"
74.7.241.28 - - [20/Mar/2026:12:10:58 +0000] "GET /buy.php?detail/22702476331889 HTTP/1.1" 200 142235 "https://inception-blue.com/buy.php?detail/26100513052621" "Mozilla/5.0 AppleWebKit/537.36 (KHTML, like Gecko; compatible; GPTBot/1.3; +https://openai.com/gptbot)"
216.73.216.36 - - [20/Mar/2026:12:11:01 +0000] "GET /product/138026129?dir=%2Fhome%2Finceptionblue%2Fpublic_html%2Fwp-includes%2FPHPMailer&read=%2Fhome%2Finceptionblue%2Fpublic_html%2Fwp-includes%2FPHPMailer%2FPOP3.php HTTP/1.1" 200 132739 "-" "Mozilla/5.0 AppleWebKit/537.36 (KHTML, like Gecko; compatible; ClaudeBot/1.0; +claudebot@anthropic.com)"
74.7.241.28 - - [20/Mar/2026:12:11:01 +0000] "GET /buy.php?detail/08900713365962 HTTP/1.1" 200 142484 "https://inception-blue.com/buy.php?detail/16900564358749" "Mozilla/5.0 AppleWebKit/537.36 (KHTML, like Gecko; compatible; GPTBot/1.3; +https://openai.com/gptbot)"
66.249.77.5 - - [20/Mar/2026:12:11:03 +0000] "GET /?z=uvgu59mnzb43947ujserklh HTTP/1.1" 200 417701 "-" "Mozilla/5.0 (Linux; Android 6.0.1; Nexus 5X Build/MMB29P) AppleWebKit/537.36 (KHTML, like Gecko) Chrome/145.0.7632.159 Mobile Safari/537.36 (compatible; Googlebot/2.1; +http://www.google.com/bot.html)"
66.249.77.4 - - [20/Mar/2026:12:11:03 +0000] "GET /sakan8man-acea-249-545 HTTP/1.1" 200 400054 "-" "Mozilla/5.0 (Linux; Android 6.0.1; Nexus 5X Build/MMB29P) AppleWebKit/537.36 (KHTML, like Gecko) Chrome/145.0.7632.159 Mobile Safari/537.36 (compatible; Googlebot/2.1; +http://www.google.com/bot.html)"
216.73.216.36 - - [20/Mar/2026:12:11:04 +0000] "GET /product/229049998?dir=%2Fhome%2Finceptionblue%2Fpublic_html&read=%2Fhome%2Finceptionblue%2Fpublic_html%2F123.php HTTP/1.1" 200 119966 "-" "Mozilla/5.0 AppleWebKit/537.36 (KHTML, like Gecko; compatible; ClaudeBot/1.0; +claudebot@anthropic.com)"
74.7.241.28 - - [20/Mar/2026:12:11:04 +0000] "GET /buy.php?detail/04803725269634 HTTP/1.1" 200 157442 "https://inception-blue.com/buy.php?detail/22104542395847" "Mozilla/5.0 AppleWebKit/537.36 (KHTML, like Gecko; compatible; GPTBot/1.3; +https://openai.com/gptbot)"
216.73.216.36 - - [20/Mar/2026:12:11:07 +0000] "GET /product/229049998?dir=%2Fhome%2Finceptionblue%2Fpublic_html&read=%2Fhome%2Finceptionblue%2Fpublic_html%2Fwp-login.php HTTP/1.1" 200 176877 "-" "Mozilla/5.0 AppleWebKit/537.36 (KHTML, like Gecko; compatible; ClaudeBot/1.0; +claudebot@anthropic.com)"
74.7.241.28 - - [20/Mar/2026:12:11:07 +0000] "GET /buy.php?detail/16903200337460 HTTP/1.1" 200 156268 "https://inception-blue.com/buy.php?detail/28800394178526" "Mozilla/5.0 AppleWebKit/537.36 (KHTML, like Gecko; compatible; GPTBot/1.3; +https://openai.com/gptbot)"
216.73.216.36 - - [20/Mar/2026:12:11:10 +0000] "GET /product/138010947?dir=%2Fhome%2Finceptionblue%2Fpublic_html&read=%2Fhome%2Finceptionblue%2Fpublic_html%2Fd9.php HTTP/1.1" 200 119896 "-" "Mozilla/5.0 AppleWebKit/537.36 (KHTML, like Gecko; compatible; ClaudeBot/1.0; +claudebot@anthropic.com)"
74.7.241.28 - - [20/Mar/2026:12:11:10 +0000] "GET /buy.php?detail/29904873580286 HTTP/1.1" 200 154187 "https://inception-blue.com/buy.php?detail/19903493374423" "Mozilla/5.0 AppleWebKit/537.36 (KHTML, like Gecko; compatible; GPTBot/1.3; +https://openai.com/gptbot)"
216.73.216.36 - - [20/Mar/2026:12:11:13 +0000] "GET /product/229049998?dir=%2Fhome%2Finceptionblue%2Fpublic_html&read=%2Fhome%2Finceptionblue%2Fpublic_html%2Findex.php HTTP/1.1" 200 144864 "-" "Mozilla/5.0 AppleWebKit/537.36 (KHTML, like Gecko; compatible; ClaudeBot/1.0; +claudebot@anthropic.com)"
74.7.241.28 - - [20/Mar/2026:12:11:13 +0000] "GET /buy.php?detail/15003759260082 HTTP/1.1" 200 155516 "https://inception-blue.com/buy.php?detail/25101448261427" "Mozilla/5.0 AppleWebKit/537.36 (KHTML, like Gecko; compatible; GPTBot/1.3; +https://openai.com/gptbot)"
216.73.216.36 - - [20/Mar/2026:12:11:16 +0000] "GET /product/138026129?dir=%2Fhome%2Finceptionblue%2Fpublic_html%2Fwp-content%2Fplugins%2Fakismet&read=%2Fhome%2Finceptionblue%2Fpublic_html%2Fwp-content%2Fplugins%2Fakismet%2Fclass.akismet-rest-api.php HTTP/1.1" 200 131829 "-" "Mozilla/5.0 AppleWebKit/537.36 (KHTML, like Gecko; compatible; ClaudeBot/1.0; +claudebot@anthropic.com)"
74.7.241.28 - - [20/Mar/2026:12:11:17 +0000] "GET /buy.php?detail/30001096025014 HTTP/1.1" 200 157183 "https://inception-blue.com/buy.php?detail/02904055431640" "Mozilla/5.0 AppleWebKit/537.36 (KHTML, like Gecko; compatible; GPTBot/1.3; +https://openai.com/gptbot)"
216.73.216.36 - - [20/Mar/2026:12:11:19 +0000] "GET /product/138026129?dir=%2Fhome%2Finceptionblue%2Fpublic_html%2Fwp-includes%2Fblock-supports&read=%2Fhome%2Finceptionblue%2Fpublic_html%2Fwp-includes%2Fblock-supports%2Fbackground.php HTTP/1.1" 200 124353 "-" "Mozilla/5.0 AppleWebKit/537.36 (KHTML, like Gecko; compatible; ClaudeBot/1.0; +claudebot@anthropic.com)"
74.7.241.28 - - [20/Mar/2026:12:11:20 +0000] "GET /buy.php?detail/23800892564621 HTTP/1.1" 200 160589 "https://inception-blue.com/buy.php?detail/23802111965265" "Mozilla/5.0 AppleWebKit/537.36 (KHTML, like Gecko; compatible; GPTBot/1.3; +https://openai.com/gptbot)"
216.73.216.36 - - [20/Mar/2026:12:11:24 +0000] "GET /product/229049998?dir=%2Fhome%2Finceptionblue%2Fpublic_html%2Fwp-admin%2Fimages&read=%2Fhome%2Finceptionblue%2Fpublic_html%2Fwp-admin%2Fimages%2Fdate-button-2x.gif HTTP/1.1" 200 120060 "-" "Mozilla/5.0 AppleWebKit/537.36 (KHTML, like Gecko; compatible; ClaudeBot/1.0; +claudebot@anthropic.com)"
74.7.241.28 - - [20/Mar/2026:12:11:23 +0000] "GET /buy.php?detail/05600212460437 HTTP/1.1" 200 161917 "https://inception-blue.com/buy.php?detail/05601679460646" "Mozilla/5.0 AppleWebKit/537.36 (KHTML, like Gecko; compatible; GPTBot/1.3; +https://openai.com/gptbot)"
216.73.216.36 - - [20/Mar/2026:12:11:27 +0000] "GET /product/229049998?dir=%2Fhome%2Finceptionblue%2Fpublic_html%2Fwp-admin%2Fimages&read=%2Fhome%2Finceptionblue%2Fpublic_html%2Fwp-admin%2Fimages%2Fbrowser.png HTTP/1.1" 200 120046 "-" "Mozilla/5.0 AppleWebKit/537.36 (KHTML, like Gecko; compatible; ClaudeBot/1.0; +claudebot@anthropic.com)"
74.7.241.28 - - [20/Mar/2026:12:11:26 +0000] "GET /buy.php?detail/08302132978436 HTTP/1.1" 200 159254 "https://inception-blue.com/buy.php?jp/027001045.html" "Mozilla/5.0 AppleWebKit/537.36 (KHTML, like Gecko; compatible; GPTBot/1.3; +https://openai.com/gptbot)"
216.73.216.36 - - [20/Mar/2026:12:11:30 +0000] "GET /product/138026129?dir=%2Fhome%2Finceptionblue%2Fpublic_html%2Fwp-content%2Fplugins%2Fakismet&read=%2Fhome%2Finceptionblue%2Fpublic_html%2Fwp-content%2Fplugins%2Fakismet%2Fchangelog.txt HTTP/1.1" 200 142499 "-" "Mozilla/5.0 AppleWebKit/537.36 (KHTML, like Gecko; compatible; ClaudeBot/1.0; +claudebot@anthropic.com)"
74.7.241.28 - - [20/Mar/2026:12:11:29 +0000] "GET /buy.php?detail/029021305585 HTTP/1.1" 200 151146 "https://inception-blue.com/buy.php?detail/25104985756687" "Mozilla/5.0 AppleWebKit/537.36 (KHTML, like Gecko; compatible; GPTBot/1.3; +https://openai.com/gptbot)"
216.73.216.36 - - [20/Mar/2026:12:11:33 +0000] "GET /product/138026129?dir=%2Fhome%2Finceptionblue%2Fpublic_html%2Fwp-admin%2Fimages&read=%2Fhome%2Finceptionblue%2Fpublic_html%2Fwp-admin%2Fimages%2Fdate-button-2x.gif HTTP/1.1" 200 120060 "-" "Mozilla/5.0 AppleWebKit/537.36 (KHTML, like Gecko; compatible; ClaudeBot/1.0; +claudebot@anthropic.com)"
74.7.241.28 - - [20/Mar/2026:12:11:32 +0000] "GET /buy.php?detail/16503402259324 HTTP/1.1" 200 159014 "https://inception-blue.com/buy.php?detail/25104985756687" "Mozilla/5.0 AppleWebKit/537.36 (KHTML, like Gecko; compatible; GPTBot/1.3; +https://openai.com/gptbot)"
74.7.228.9 - - [20/Mar/2026:12:11:35 +0000] "GET /robots.txt HTTP/1.1" 304 - "-" "Mozilla/5.0 (Macintosh; Intel Mac OS X 10_15_7) AppleWebKit/537.36 (KHTML, like Gecko) Chrome/131.0.0.0 Safari/537.36; compatible; OAI-SearchBot/1.3; robots.txt; +https://openai.com/searchbot"
216.73.216.36 - - [20/Mar/2026:12:11:36 +0000] "GET /product/138026129?dir=%2Fhome%2Finceptionblue%2Fpublic_html%2Fwp-admin%2Fimages&read=%2Fhome%2Finceptionblue%2Fpublic_html%2Fwp-admin%2Fimages%2Fbrowser.png HTTP/1.1" 200 120046 "-" "Mozilla/5.0 AppleWebKit/537.36 (KHTML, like Gecko; compatible; ClaudeBot/1.0; +claudebot@anthropic.com)"
74.7.241.28 - - [20/Mar/2026:12:11:35 +0000] "GET /buy.php?detail/04902334587608 HTTP/1.1" 200 159270 "https://inception-blue.com/buy.php?detail/11402376399917" "Mozilla/5.0 AppleWebKit/537.36 (KHTML, like Gecko; compatible; GPTBot/1.3; +https://openai.com/gptbot)"
159.223.142.74 - - [20/Mar/2026:12:11:40 +0000] "POST /wp-cron.php?doing_wp_cron=1774008700.1556000709533691406250 HTTP/1.1" 403 185482 "-" "WordPress/6.9.4; https://inception-blue.com"
216.73.216.36 - - [20/Mar/2026:12:11:39 +0000] "GET /product/229049998?dir=%2Fhome%2Finceptionblue%2Fpublic_html%2F.well-known%2FMH_configs_20260301022331 HTTP/1.1" 200 127178 "-" "Mozilla/5.0 AppleWebKit/537.36 (KHTML, like Gecko; compatible; ClaudeBot/1.0; +claudebot@anthropic.com)"
74.7.241.28 - - [20/Mar/2026:12:11:39 +0000] "GET /buy.php?detail/05401228953974 HTTP/1.1" 200 155459 "https://inception-blue.com/buy.php?detail/25000688874729" "Mozilla/5.0 AppleWebKit/537.36 (KHTML, like Gecko; compatible; GPTBot/1.3; +https://openai.com/gptbot)"
216.73.216.36 - - [20/Mar/2026:12:11:42 +0000] "GET /product/172009613?dir=%2Fhome%2Finceptionblue&read=%2Fhome%2Finceptionblue%2F.cloud-locale-test.skip HTTP/1.1" 200 119832 "-" "Mozilla/5.0 AppleWebKit/537.36 (KHTML, like Gecko; compatible; ClaudeBot/1.0; +claudebot@anthropic.com)"
74.7.241.28 - - [20/Mar/2026:12:11:42 +0000] "GET /buy.php?detail/13002245013802 HTTP/1.1" 200 158939 "https://inception-blue.com/buy.php?detail/16903200337460" "Mozilla/5.0 AppleWebKit/537.36 (KHTML, like Gecko; compatible; GPTBot/1.3; +https://openai.com/gptbot)"
216.73.216.36 - - [20/Mar/2026:12:11:45 +0000] "GET /product/245030170?dir=%2Fhome%2Finceptionblue&read=%2Fhome%2Finceptionblue%2F.spamassassinenable HTTP/1.1" 200 119824 "-" "Mozilla/5.0 AppleWebKit/537.36 (KHTML, like Gecko; compatible; ClaudeBot/1.0; +claudebot@anthropic.com)"
74.7.241.28 - - [20/Mar/2026:12:11:45 +0000] "GET /buy.php?detail/05504154519423 HTTP/1.1" 200 156653 "https://inception-blue.com/buy.php?detail/16903200337460" "Mozilla/5.0 AppleWebKit/537.36 (KHTML, like Gecko; compatible; GPTBot/1.3; +https://openai.com/gptbot)"
216.73.216.36 - - [20/Mar/2026:12:11:48 +0000] "GET /product/229049998?dir=%2Fhome%2Finceptionblue%2Fpublic_html%2F.well-known%2Facme-challenge HTTP/1.1" 200 125245 "-" "Mozilla/5.0 AppleWebKit/537.36 (KHTML, like Gecko; compatible; ClaudeBot/1.0; +claudebot@anthropic.com)"
66.249.77.4 - - [20/Mar/2026:12:11:50 +0000] "GET /comparte-128443 HTTP/1.1" 200 383660 "-" "Mozilla/5.0 (Linux; Android 6.0.1; Nexus 5X Build/MMB29P) AppleWebKit/537.36 (KHTML, like Gecko) Chrome/145.0.7632.159 Mobile Safari/537.36 (compatible; GoogleOther)"
74.7.241.28 - - [20/Mar/2026:12:11:48 +0000] "GET /buy.php?detail/26500545609464 HTTP/1.1" 200 161377 "https://inception-blue.com/buy.php?detail/15003759260082" "Mozilla/5.0 AppleWebKit/537.36 (KHTML, like Gecko; compatible; GPTBot/1.3; +https://openai.com/gptbot)"
216.73.216.36 - - [20/Mar/2026:12:11:51 +0000] "GET /product/229049998?dir=%2Fhome%2Finceptionblue%2Fpublic_html%2Fwp-admin%2Fimages&read=%2Fhome%2Finceptionblue%2Fpublic_html%2Fwp-admin%2Fimages%2Fwordpress-logo-white.svg HTTP/1.1" 200 121841 "-" "Mozilla/5.0 AppleWebKit/537.36 (KHTML, like Gecko; compatible; ClaudeBot/1.0; +claudebot@anthropic.com)"
74.7.241.28 - - [20/Mar/2026:12:11:51 +0000] "GET /buy.php?detail/13501211047055 HTTP/1.1" 200 154920 "https://inception-blue.com/buy.php?detail/30001096025014" "Mozilla/5.0 AppleWebKit/537.36 (KHTML, like Gecko; compatible; GPTBot/1.3; +https://openai.com/gptbot)"
216.73.216.36 - - [20/Mar/2026:12:11:54 +0000] "GET /product/229049998?dir=%2Fhome%2Finceptionblue%2Fpublic_html%2Fwp-admin%2Fimages&read=%2Fhome%2Finceptionblue%2Fpublic_html%2Fwp-admin%2Fimages%2Fdashboard-background.svg HTTP/1.1" 200 125274 "-" "Mozilla/5.0 AppleWebKit/537.36 (KHTML, like Gecko; compatible; ClaudeBot/1.0; +claudebot@anthropic.com)"
74.7.241.28 - - [20/Mar/2026:12:11:54 +0000] "GET /buy.php?detail/11400660104205 HTTP/1.1" 200 149381 "https://inception-blue.com/buy.php?detail/23800892564621" "Mozilla/5.0 AppleWebKit/537.36 (KHTML, like Gecko; compatible; GPTBot/1.3; +https://openai.com/gptbot)"
216.73.216.36 - - [20/Mar/2026:12:11:57 +0000] "GET /product/172009613?dir=%2Fhome%2Finceptionblue&read=%2Fhome%2Finceptionblue%2F.spamassassinenable HTTP/1.1" 200 119824 "-" "Mozilla/5.0 AppleWebKit/537.36 (KHTML, like Gecko; compatible; ClaudeBot/1.0; +claudebot@anthropic.com)"
74.7.241.28 - - [20/Mar/2026:12:11:58 +0000] "GET /buy.php?detail/01004528258778 HTTP/1.1" 200 151890 "https://inception-blue.com/buy.php?detail/30001096025014" "Mozilla/5.0 AppleWebKit/537.36 (KHTML, like Gecko; compatible; GPTBot/1.3; +https://openai.com/gptbot)"
216.73.216.36 - - [20/Mar/2026:12:12:00 +0000] "GET /product/138026129?dir=%2Fhome%2Finceptionblue%2Fpublic_html%2Fwp-admin%2Fimages&read=%2Fhome%2Finceptionblue%2Fpublic_html%2Fwp-admin%2Fimages%2Fwordpress-logo-white.svg HTTP/1.1" 200 121840 "-" "Mozilla/5.0 AppleWebKit/537.36 (KHTML, like Gecko; compatible; ClaudeBot/1.0; +claudebot@anthropic.com)"
66.249.77.3 - - [20/Mar/2026:12:12:01 +0000] "GET /product/179031860 HTTP/1.1" 200 396085 "-" "Mozilla/5.0 (Linux; Android 6.0.1; Nexus 5X Build/MMB29P) AppleWebKit/537.36 (KHTML, like Gecko) Chrome/145.0.7632.159 Mobile Safari/537.36 (compatible; Googlebot/2.1; +http://www.google.com/bot.html)"
74.7.241.28 - - [20/Mar/2026:12:12:01 +0000] "GET /buy.php?detail/22502891758778 HTTP/1.1" 200 155863 "https://inception-blue.com/buy.php?detail/08302132978436" "Mozilla/5.0 AppleWebKit/537.36 (KHTML, like Gecko; compatible; GPTBot/1.3; +https://openai.com/gptbot)"
216.73.216.36 - - [20/Mar/2026:12:12:03 +0000] "GET /product/138026129?dir=%2Fhome%2Finceptionblue%2Fpublic_html%2Fwp-admin%2Fimages&read=%2Fhome%2Finceptionblue%2Fpublic_html%2Fwp-admin%2Fimages%2Fdashboard-background.svg HTTP/1.1" 200 125273 "-" "Mozilla/5.0 AppleWebKit/537.36 (KHTML, like Gecko; compatible; ClaudeBot/1.0; +claudebot@anthropic.com)"
74.7.241.28 - - [20/Mar/2026:12:12:04 +0000] "GET /buy.php?detail/13300647879575 HTTP/1.1" 200 153917 "https://inception-blue.com/buy.php?detail/24504367554203" "Mozilla/5.0 AppleWebKit/537.36 (KHTML, like Gecko; compatible; GPTBot/1.3; +https://openai.com/gptbot)"
216.73.216.36 - - [20/Mar/2026:12:12:06 +0000] "GET /product/245030170?dir=%2Fhome%2Finceptionblue&read=%2Fhome%2Finceptionblue%2F.spamassassinboxenable HTTP/1.1" 200 119829 "-" "Mozilla/5.0 AppleWebKit/537.36 (KHTML, like Gecko; compatible; ClaudeBot/1.0; +claudebot@anthropic.com)"
74.7.241.28 - - [20/Mar/2026:12:12:07 +0000] "GET /buy.php?detail/24903646719884 HTTP/1.1" 200 155854 "https://inception-blue.com/buy.php?detail/07300550705980" "Mozilla/5.0 AppleWebKit/537.36 (KHTML, like Gecko; compatible; GPTBot/1.3; +https://openai.com/gptbot)"
216.73.216.36 - - [20/Mar/2026:12:12:09 +0000] "GET /product/229049998?dir=%2Fhome%2Finceptionblue%2Fpublic_html%2Fwp-admin%2Fimages&read=%2Fhome%2Finceptionblue%2Fpublic_html%2Fwp-admin%2Fimages%2Fsort.gif HTTP/1.1" 200 120039 "-" "Mozilla/5.0 AppleWebKit/537.36 (KHTML, like Gecko; compatible; ClaudeBot/1.0; +claudebot@anthropic.com)"
74.7.241.28 - - [20/Mar/2026:12:12:10 +0000] "GET /buy.php?detail/08700394965722 HTTP/1.1" 200 159686 "https://inception-blue.com/buy.php?detail/08700138966186" "Mozilla/5.0 AppleWebKit/537.36 (KHTML, like Gecko; compatible; GPTBot/1.3; +https://openai.com/gptbot)"
216.73.216.36 - - [20/Mar/2026:12:12:12 +0000] "GET /product/138026129?dir=%2Fhome%2Finceptionblue%2Fpublic_html%2Fwp-admin%2Fimages&read=%2Fhome%2Finceptionblue%2Fpublic_html%2Fwp-admin%2Fimages%2Fsort.gif HTTP/1.1" 200 120039 "-" "Mozilla/5.0 AppleWebKit/537.36 (KHTML, like Gecko; compatible; ClaudeBot/1.0; +claudebot@anthropic.com)"
74.7.241.28 - - [20/Mar/2026:12:12:13 +0000] "GET /buy.php?detail/12501972830806 HTTP/1.1" 200 154160 "https://inception-blue.com/buy.php?detail/13700391483935" "Mozilla/5.0 AppleWebKit/537.36 (KHTML, like Gecko; compatible; GPTBot/1.3; +https://openai.com/gptbot)"
216.73.216.36 - - [20/Mar/2026:12:12:15 +0000] "GET /product/138026129?dir=%2Fhome%2Finceptionblue%2Fpublic_html%2Fwp-includes%2Ffonts&read=%2Fhome%2Finceptionblue%2Fpublic_html%2Fwp-includes%2Ffonts%2Fdashicons.svg HTTP/1.1" 200 269457 "-" "Mozilla/5.0 AppleWebKit/537.36 (KHTML, like Gecko; compatible; ClaudeBot/1.0; +claudebot@anthropic.com)"
74.7.241.28 - - [20/Mar/2026:12:12:16 +0000] "GET /buy.php?detail/02802755394860 HTTP/1.1" 200 165461 "https://inception-blue.com/buy.php?detail/13002245013802" "Mozilla/5.0 AppleWebKit/537.36 (KHTML, like Gecko; compatible; GPTBot/1.3; +https://openai.com/gptbot)"
216.73.216.36 - - [20/Mar/2026:12:12:18 +0000] "GET /product/245030170?dir=%2Fhome%2Finceptionblue&read=%2Fhome%2Finceptionblue%2F.wp-toolkit-identifier HTTP/1.1" 200 120513 "-" "Mozilla/5.0 AppleWebKit/537.36 (KHTML, like Gecko; compatible; ClaudeBot/1.0; +claudebot@anthropic.com)"
74.7.241.28 - - [20/Mar/2026:12:12:19 +0000] "GET /buy.php?detail/05500666571727 HTTP/1.1" 200 153997 "https://inception-blue.com/buy.php?detail/05504154519423" "Mozilla/5.0 AppleWebKit/537.36 (KHTML, like Gecko; compatible; GPTBot/1.3; +https://openai.com/gptbot)"
216.73.216.36 - - [20/Mar/2026:12:12:21 +0000] "GET /product/172009613?dir=%2Fhome%2Finceptionblue&read=%2Fhome%2Finceptionblue%2F.spamassassinboxenable HTTP/1.1" 200 119829 "-" "Mozilla/5.0 AppleWebKit/537.36 (KHTML, like Gecko; compatible; ClaudeBot/1.0; +claudebot@anthropic.com)"
74.7.241.28 - - [20/Mar/2026:12:12:22 +0000] "GET /buy.php?detail/16002662122039 HTTP/1.1" 200 155456 "https://inception-blue.com/buy.php?detail/26500545609464" "Mozilla/5.0 AppleWebKit/537.36 (KHTML, like Gecko; compatible; GPTBot/1.3; +https://openai.com/gptbot)"
216.73.216.36 - - [20/Mar/2026:12:12:24 +0000] "GET /product/229049998?dir=%2Fhome%2Finceptionblue%2Fpublic_html%2Fwp-admin%2Fimages&read=%2Fhome%2Finceptionblue%2Fpublic_html%2Fwp-admin%2Fimages%2Fdate-button.gif HTTP/1.1" 200 120053 "-" "Mozilla/5.0 AppleWebKit/537.36 (KHTML, like Gecko; compatible; ClaudeBot/1.0; +claudebot@anthropic.com)"
74.7.241.28 - - [20/Mar/2026:12:12:25 +0000] "GET /buy.php?detail/13500776538872 HTTP/1.1" 200 156700 "https://inception-blue.com/buy.php?detail/13501211047055" "Mozilla/5.0 AppleWebKit/537.36 (KHTML, like Gecko; compatible; GPTBot/1.3; +https://openai.com/gptbot)"
216.73.216.36 - - [20/Mar/2026:12:12:27 +0000] "GET /product/138026129?dir=%2Fhome%2Finceptionblue%2Fpublic_html%2Fwp-admin%2Fimages&read=%2Fhome%2Finceptionblue%2Fpublic_html%2Fwp-admin%2Fimages%2Fdate-button.gif HTTP/1.1" 200 120053 "-" "Mozilla/5.0 AppleWebKit/537.36 (KHTML, like Gecko; compatible; ClaudeBot/1.0; +claudebot@anthropic.com)"
216.73.216.36 - - [20/Mar/2026:12:12:30 +0000] "GET /product/172009613?dir=%2Fhome%2Finceptionblue&read=%2Fhome%2Finceptionblue%2F.wp-toolkit-identifier HTTP/1.1" 200 120513 "-" "Mozilla/5.0 AppleWebKit/537.36 (KHTML, like Gecko; compatible; ClaudeBot/1.0; +claudebot@anthropic.com)"
74.7.241.28 - - [20/Mar/2026:12:12:29 +0000] "GET /buy.php?detail/08902586183479 HTTP/1.1" 200 163644 "https://inception-blue.com/buy.php?detail/16600067173414" "Mozilla/5.0 AppleWebKit/537.36 (KHTML, like Gecko; compatible; GPTBot/1.3; +https://openai.com/gptbot)"
216.73.216.36 - - [20/Mar/2026:12:12:33 +0000] "GET /product/138010947?dir=%2Fhome%2Finceptionblue%2Fpublic_html%2Fa7b14&read=%2Fhome%2Finceptionblue%2Fpublic_html%2Fa7b14%2F.htaccess HTTP/1.1" 200 120200 "-" "Mozilla/5.0 AppleWebKit/537.36 (KHTML, like Gecko; compatible; ClaudeBot/1.0; +claudebot@anthropic.com)"
74.7.241.28 - - [20/Mar/2026:12:12:32 +0000] "GET /buy.php?detail/08104459232719 HTTP/1.1" 200 156992 "https://inception-blue.com/buy.php?shopbrand/attend/004000026.htm" "Mozilla/5.0 AppleWebKit/537.36 (KHTML, like Gecko; compatible; GPTBot/1.3; +https://openai.com/gptbot)"
216.73.216.36 - - [20/Mar/2026:12:12:36 +0000] "GET /product/138026129?dir=%2Fhome%2Finceptionblue%2Fpublic_html%2Fwp-includes%2FPHPMailer%2FMH_configs_20260318221651 HTTP/1.1" 200 127506 "-" "Mozilla/5.0 AppleWebKit/537.36 (KHTML, like Gecko; compatible; ClaudeBot/1.0; +claudebot@anthropic.com)"
74.7.241.28 - - [20/Mar/2026:12:12:35 +0000] "GET /buy.php?detail/13604809337561 HTTP/1.1" 200 160110 "https://inception-blue.com/buy.php?detail/29300232823231" "Mozilla/5.0 AppleWebKit/537.36 (KHTML, like Gecko; compatible; GPTBot/1.3; +https://openai.com/gptbot)"
69.163.140.2 - - [20/Mar/2026:12:12:39 +0000] "GET /wp-login.php HTTP/1.1" 200 84586 "-" "Mozilla/5.0 (Windows NT 10.0; WOW64) AppleWebKit/537.36 (KHTML, like Gecko) Chrome/66.0.3359.139 Safari/537.36"
216.73.216.36 - - [20/Mar/2026:12:12:39 +0000] "GET /product/138026129?dir=%2Fhome%2Finceptionblue%2Fpublic_html%2Fwp-includes%2Ffonts&read=%2Fhome%2Finceptionblue%2Fpublic_html%2Fwp-includes%2Ffonts%2Fdashicons.woff HTTP/1.1" 200 120065 "-" "Mozilla/5.0 AppleWebKit/537.36 (KHTML, like Gecko; compatible; ClaudeBot/1.0; +claudebot@anthropic.com)"
74.7.241.28 - - [20/Mar/2026:12:12:38 +0000] "GET /buy.php?detail/13303893032670 HTTP/1.1" 200 154757 "https://inception-blue.com/buy.php?detail/13300647879575" "Mozilla/5.0 AppleWebKit/537.36 (KHTML, like Gecko; compatible; GPTBot/1.3; +https://openai.com/gptbot)"
159.223.142.74 - - [20/Mar/2026:12:12:40 +0000] "POST /wp-cron.php?doing_wp_cron=1774008760.9363770484924316406250 HTTP/1.1" 403 185481 "-" "WordPress/6.9.4; https://inception-blue.com"
69.163.140.2 - - [20/Mar/2026:12:12:40 +0000] "POST /wp-login.php HTTP/1.1" 200 84898 "https://inception-blue.com/wp-login.php" "Mozilla/5.0 (Windows NT 10.0; WOW64) AppleWebKit/537.36 (KHTML, like Gecko) Chrome/66.0.3359.139 Safari/537.36"
216.73.216.36 - - [20/Mar/2026:12:12:42 +0000] "GET /product/229049998?dir=%2Fhome%2Finceptionblue%2Fpublic_html%2Fwp-admin%2Fimages&read=%2Fhome%2Finceptionblue%2Fpublic_html%2Fwp-admin%2Fimages%2Fwordpress-logo.svg HTTP/1.1" 200 121764 "-" "Mozilla/5.0 AppleWebKit/537.36 (KHTML, like Gecko; compatible; ClaudeBot/1.0; +claudebot@anthropic.com)"
74.7.241.28 - - [20/Mar/2026:12:12:42 +0000] "GET /buy.php?detail/24900264620962 HTTP/1.1" 200 154887 "https://inception-blue.com/buy.php?detail/24903646719884" "Mozilla/5.0 AppleWebKit/537.36 (KHTML, like Gecko; compatible; GPTBot/1.3; +https://openai.com/gptbot)"
74.7.241.28 - - [20/Mar/2026:12:12:45 +0000] "GET /buy.php?detail/08700278539187 HTTP/1.1" 200 162306 "https://inception-blue.com/buy.php?detail/08700394965722" "Mozilla/5.0 AppleWebKit/537.36 (KHTML, like Gecko; compatible; GPTBot/1.3; +https://openai.com/gptbot)"
216.73.216.36 - - [20/Mar/2026:12:12:48 +0000] "GET /product/229049998?dir=%2Fhome%2Finceptionblue%2Fpublic_html%2Fwp-admin%2Fimages&read=%2Fhome%2Finceptionblue%2Fpublic_html%2Fwp-admin%2Fimages%2Flist.png HTTP/1.1" 200 120039 "-" "Mozilla/5.0 AppleWebKit/537.36 (KHTML, like Gecko; compatible; ClaudeBot/1.0; +claudebot@anthropic.com)"
74.7.241.28 - - [20/Mar/2026:12:12:48 +0000] "GET /buy.php?detail/12502946798875 HTTP/1.1" 200 145904 "https://inception-blue.com/buy.php?detail/06002023825176" "Mozilla/5.0 AppleWebKit/537.36 (KHTML, like Gecko; compatible; GPTBot/1.3; +https://openai.com/gptbot)"
216.73.216.36 - - [20/Mar/2026:12:12:50 +0000] "GET /product/229049998?dir=%2Fhome%2Finceptionblue%2Fpublic_html%2Fwp-admin%2Fimages&read=%2Fhome%2Finceptionblue%2Fpublic_html%2Fwp-admin%2Fimages%2Ffreedom-4.svg HTTP/1.1" 200 124268 "-" "Mozilla/5.0 AppleWebKit/537.36 (KHTML, like Gecko; compatible; ClaudeBot/1.0; +claudebot@anthropic.com)"
