74.7.241.28 - - [20/Mar/2026:12:17:39 +0000] "GET /buy.php?detail/24400371208980 HTTP/1.1" 200 154720 "https://inception-blue.com/buy.php?detail/24404958190693" "Mozilla/5.0 AppleWebKit/537.36 (KHTML, like Gecko; compatible; GPTBot/1.3; +https://openai.com/gptbot)"
74.7.241.28 - - [20/Mar/2026:12:17:42 +0000] "GET /buy.php?goods/244003712 HTTP/1.1" 200 154585 "https://inception-blue.com/buy.php?detail/24400371208980" "Mozilla/5.0 AppleWebKit/537.36 (KHTML, like Gecko; compatible; GPTBot/1.3; +https://openai.com/gptbot)"
74.7.241.28 - - [20/Mar/2026:12:17:45 +0000] "GET /buy.php?goods/053022606 HTTP/1.1" 200 159770 "https://inception-blue.com/buy.php?detail/29200628412542" "Mozilla/5.0 AppleWebKit/537.36 (KHTML, like Gecko; compatible; GPTBot/1.3; +https://openai.com/gptbot)"
74.7.241.28 - - [20/Mar/2026:12:17:48 +0000] "GET /buy.php?detail/24402789295130 HTTP/1.1" 200 153827 "https://inception-blue.com/buy.php?detail/21501664863759" "Mozilla/5.0 AppleWebKit/537.36 (KHTML, like Gecko; compatible; GPTBot/1.3; +https://openai.com/gptbot)"
74.7.241.28 - - [20/Mar/2026:12:17:51 +0000] "GET /buy.php?detail/21501824562453 HTTP/1.1" 200 155782 "https://inception-blue.com/buy.php?detail/21501826948468" "Mozilla/5.0 AppleWebKit/537.36 (KHTML, like Gecko; compatible; GPTBot/1.3; +https://openai.com/gptbot)"
74.7.241.28 - - [20/Mar/2026:12:17:55 +0000] "GET /buy.php?detail/24600819772619 HTTP/1.1" 200 159054 "https://inception-blue.com/buy.php?detail/02401150952921" "Mozilla/5.0 AppleWebKit/537.36 (KHTML, like Gecko; compatible; GPTBot/1.3; +https://openai.com/gptbot)"
74.7.241.28 - - [20/Mar/2026:12:17:58 +0000] "GET /buy.php?detail/13901968271703 HTTP/1.1" 200 156720 "https://inception-blue.com/buy.php?detail/13901320586206" "Mozilla/5.0 AppleWebKit/537.36 (KHTML, like Gecko; compatible; GPTBot/1.3; +https://openai.com/gptbot)"
74.7.241.28 - - [20/Mar/2026:12:18:01 +0000] "GET /buy.php?detail/13902353347485 HTTP/1.1" 200 156491 "https://inception-blue.com/buy.php?jp/139013206.html" "Mozilla/5.0 AppleWebKit/537.36 (KHTML, like Gecko; compatible; GPTBot/1.3; +https://openai.com/gptbot)"
74.7.241.28 - - [20/Mar/2026:12:18:04 +0000] "GET /buy.php?detail/08900052384823 HTTP/1.1" 200 154110 "https://inception-blue.com/buy.php?detail/08901593048668" "Mozilla/5.0 AppleWebKit/537.36 (KHTML, like Gecko; compatible; GPTBot/1.3; +https://openai.com/gptbot)"
74.7.241.28 - - [20/Mar/2026:12:18:07 +0000] "GET /buy.php?detail/22400199614504 HTTP/1.1" 200 166387 "https://inception-blue.com/buy.php?goods/224048349" "Mozilla/5.0 AppleWebKit/537.36 (KHTML, like Gecko; compatible; GPTBot/1.3; +https://openai.com/gptbot)"
74.7.241.28 - - [20/Mar/2026:12:18:10 +0000] "GET /buy.php?detail/24002537391421 HTTP/1.1" 200 158628 "https://inception-blue.com/buy.php?detail/13901320586206" "Mozilla/5.0 AppleWebKit/537.36 (KHTML, like Gecko; compatible; GPTBot/1.3; +https://openai.com/gptbot)"
74.7.241.28 - - [20/Mar/2026:12:18:13 +0000] "GET /buy.php?detail/02804618607679 HTTP/1.1" 200 155307 "https://inception-blue.com/buy.php?goods/224048349" "Mozilla/5.0 AppleWebKit/537.36 (KHTML, like Gecko; compatible; GPTBot/1.3; +https://openai.com/gptbot)"
74.7.241.28 - - [20/Mar/2026:12:18:16 +0000] "GET /buy.php?detail/2260252573915 HTTP/1.1" 200 152559 "https://inception-blue.com/buy.php?detail/24400371208980" "Mozilla/5.0 AppleWebKit/537.36 (KHTML, like Gecko; compatible; GPTBot/1.3; +https://openai.com/gptbot)"
74.7.241.28 - - [20/Mar/2026:12:18:20 +0000] "GET /buy.php?detail/09601301022815 HTTP/1.1" 200 155438 "https://inception-blue.com/buy.php?goods/244003712" "Mozilla/5.0 AppleWebKit/537.36 (KHTML, like Gecko; compatible; GPTBot/1.3; +https://openai.com/gptbot)"
74.7.241.28 - - [20/Mar/2026:12:18:23 +0000] "GET /buy.php?detail/26302887769261 HTTP/1.1" 200 151845 "https://inception-blue.com/buy.php?detail/24402789295130" "Mozilla/5.0 AppleWebKit/537.36 (KHTML, like Gecko; compatible; GPTBot/1.3; +https://openai.com/gptbot)"
74.7.241.28 - - [20/Mar/2026:12:18:26 +0000] "GET /buy.php?detail/00704388271800 HTTP/1.1" 200 150772 "https://inception-blue.com/buy.php?detail/21501824562453" "Mozilla/5.0 AppleWebKit/537.36 (KHTML, like Gecko; compatible; GPTBot/1.3; +https://openai.com/gptbot)"
74.7.241.28 - - [20/Mar/2026:12:18:29 +0000] "GET /buy.php?detail/24403213925731 HTTP/1.1" 200 160502 "https://inception-blue.com/buy.php?detail/24400371208980" "Mozilla/5.0 AppleWebKit/537.36 (KHTML, like Gecko; compatible; GPTBot/1.3; +https://openai.com/gptbot)"
74.7.241.28 - - [20/Mar/2026:12:18:32 +0000] "GET /buy.php?detail/22400198583502 HTTP/1.1" 200 160899 "https://inception-blue.com/buy.php?goods/224048349" "Mozilla/5.0 AppleWebKit/537.36 (KHTML, like Gecko; compatible; GPTBot/1.3; +https://openai.com/gptbot)"
74.7.241.28 - - [20/Mar/2026:12:18:36 +0000] "GET /buy.php?detail/13900947918215 HTTP/1.1" 200 160034 "https://inception-blue.com/buy.php?detail/13902353347485" "Mozilla/5.0 AppleWebKit/537.36 (KHTML, like Gecko; compatible; GPTBot/1.3; +https://openai.com/gptbot)"
74.7.241.28 - - [20/Mar/2026:12:18:39 +0000] "GET /buy.php?detail/15202954416805 HTTP/1.1" 200 152702 "https://inception-blue.com/buy.php?detail/08900052384823" "Mozilla/5.0 AppleWebKit/537.36 (KHTML, like Gecko; compatible; GPTBot/1.3; +https://openai.com/gptbot)"
74.7.241.28 - - [20/Mar/2026:12:18:42 +0000] "GET /buy.php?detail/08900186419816 HTTP/1.1" 200 156161 "https://inception-blue.com/buy.php?detail/08900052384823" "Mozilla/5.0 AppleWebKit/537.36 (KHTML, like Gecko; compatible; GPTBot/1.3; +https://openai.com/gptbot)"
216.73.216.36 - - [20/Mar/2026:12:18:44 +0000] "GET /product/245030170?dir=%2Fhome%2Finceptionblue%2Fpublic_html%2F.tmb%2FMH_configs_20260310190242%2FMH_configs_20260318221612 HTTP/1.1" 200 127653 "-" "Mozilla/5.0 AppleWebKit/537.36 (KHTML, like Gecko; compatible; ClaudeBot/1.0; +claudebot@anthropic.com)"
159.223.142.74 - - [20/Mar/2026:12:18:45 +0000] "POST /wp-cron.php?doing_wp_cron=1774009125.7732160091400146484375 HTTP/1.1" 403 185482 "-" "WordPress/6.9.4; https://inception-blue.com"
74.7.241.28 - - [20/Mar/2026:12:18:45 +0000] "GET /buy.php?detail/02804509757976 HTTP/1.1" 200 150280 "https://inception-blue.com/buy.php?detail/24002537391421" "Mozilla/5.0 AppleWebKit/537.36 (KHTML, like Gecko; compatible; GPTBot/1.3; +https://openai.com/gptbot)"
216.73.216.36 - - [20/Mar/2026:12:18:47 +0000] "GET /product/245030170?dir=%2Fhome%2Finceptionblue%2Fpublic_html%2F.tmb%2FMH_configs_20260310190242%2FMH_configs_20260318221603 HTTP/1.1" 200 127653 "-" "Mozilla/5.0 AppleWebKit/537.36 (KHTML, like Gecko; compatible; ClaudeBot/1.0; +claudebot@anthropic.com)"
74.7.241.28 - - [20/Mar/2026:12:18:48 +0000] "GET /buy.php?detail/29502880224874 HTTP/1.1" 200 162556 "https://inception-blue.com/buy.php?detail/02804618607679" "Mozilla/5.0 AppleWebKit/537.36 (KHTML, like Gecko; compatible; GPTBot/1.3; +https://openai.com/gptbot)"
74.7.241.28 - - [20/Mar/2026:12:18:51 +0000] "GET /buy.php?detail/02800195610152 HTTP/1.1" 200 153402 "https://inception-blue.com/buy.php?detail/02804618607679" "Mozilla/5.0 AppleWebKit/537.36 (KHTML, like Gecko; compatible; GPTBot/1.3; +https://openai.com/gptbot)"
74.7.241.28 - - [20/Mar/2026:12:18:54 +0000] "GET /buy.php?detail/22600239523231 HTTP/1.1" 200 151919 "https://inception-blue.com/buy.php?detail/2260252573915" "Mozilla/5.0 AppleWebKit/537.36 (KHTML, like Gecko; compatible; GPTBot/1.3; +https://openai.com/gptbot)"
74.7.241.28 - - [20/Mar/2026:12:18:57 +0000] "GET /buy.php?detail/26301987121211 HTTP/1.1" 200 159417 "https://inception-blue.com/buy.php?detail/26302887769261" "Mozilla/5.0 AppleWebKit/537.36 (KHTML, like Gecko; compatible; GPTBot/1.3; +https://openai.com/gptbot)"
74.7.241.28 - - [20/Mar/2026:12:19:01 +0000] "GET /buy.php?detail/24001396215649 HTTP/1.1" 200 161644 "https://inception-blue.com/buy.php?detail/24002537391421" "Mozilla/5.0 AppleWebKit/537.36 (KHTML, like Gecko; compatible; GPTBot/1.3; +https://openai.com/gptbot)"
66.249.77.8 - - [20/Mar/2026:12:19:04 +0000] "GET /?detail/17301925846225 HTTP/1.1" 200 375730 "-" "Mozilla/5.0 (Linux; Android 6.0.1; Nexus 5X Build/MMB29P) AppleWebKit/537.36 (KHTML, like Gecko) Chrome/145.0.7632.159 Mobile Safari/537.36 (compatible; GoogleOther)"
74.7.241.28 - - [20/Mar/2026:12:19:04 +0000] "GET /buy.php?detail/19500449010535 HTTP/1.1" 200 154047 "https://inception-blue.com/buy.php?detail/26302887769261" "Mozilla/5.0 AppleWebKit/537.36 (KHTML, like Gecko; compatible; GPTBot/1.3; +https://openai.com/gptbot)"
66.249.77.9 - - [20/Mar/2026:12:19:07 +0000] "GET /re-vida-k0-6424450-blue HTTP/1.1" 200 185493 "-" "Mozilla/5.0 (Linux; Android 6.0.1; Nexus 5X Build/MMB29P) AppleWebKit/537.36 (KHTML, like Gecko) Chrome/145.0.7632.159 Mobile Safari/537.36 (compatible; GoogleOther)"
74.7.241.28 - - [20/Mar/2026:12:19:07 +0000] "GET /buy.php?detail/16303950114532 HTTP/1.1" 200 153358 "https://inception-blue.com/buy.php?detail/00704388271800" "Mozilla/5.0 AppleWebKit/537.36 (KHTML, like Gecko; compatible; GPTBot/1.3; +https://openai.com/gptbot)"
74.7.241.28 - - [20/Mar/2026:12:19:10 +0000] "GET /buy.php?detail/16502262464953 HTTP/1.1" 200 162594 "https://inception-blue.com/buy.php?detail/08900052384823" "Mozilla/5.0 AppleWebKit/537.36 (KHTML, like Gecko; compatible; GPTBot/1.3; +https://openai.com/gptbot)"
74.7.241.28 - - [20/Mar/2026:12:19:13 +0000] "GET /buy.php?detail/09000690254191 HTTP/1.1" 200 156194 "https://inception-blue.com/buy.php?detail/15202954416805" "Mozilla/5.0 AppleWebKit/537.36 (KHTML, like Gecko; compatible; GPTBot/1.3; +https://openai.com/gptbot)"
66.249.77.7 - - [20/Mar/2026:12:19:18 +0000] "GET /?jp/146003491.html HTTP/1.1" 200 382812 "-" "Mozilla/5.0 (Linux; Android 6.0.1; Nexus 5X Build/MMB29P) AppleWebKit/537.36 (KHTML, like Gecko) Chrome/145.0.7632.159 Mobile Safari/537.36 (compatible; Googlebot/2.1; +http://www.google.com/bot.html)"
74.7.241.28 - - [20/Mar/2026:12:19:16 +0000] "GET /buy.php?detail/05301460773724 HTTP/1.1" 200 155406 "https://inception-blue.com/buy.php?goods/053022606" "Mozilla/5.0 AppleWebKit/537.36 (KHTML, like Gecko; compatible; GPTBot/1.3; +https://openai.com/gptbot)"
74.7.241.28 - - [20/Mar/2026:12:19:20 +0000] "GET /buy.php?goods/266025254 HTTP/1.1" 200 157110 "https://inception-blue.com/buy.php?detail/02804509757976" "Mozilla/5.0 AppleWebKit/537.36 (KHTML, like Gecko; compatible; GPTBot/1.3; +https://openai.com/gptbot)"
74.7.241.28 - - [20/Mar/2026:12:19:23 +0000] "GET /buy.php?detail/15200210461283 HTTP/1.1" 200 152942 "https://inception-blue.com/buy.php?detail/15202954416805" "Mozilla/5.0 AppleWebKit/537.36 (KHTML, like Gecko; compatible; GPTBot/1.3; +https://openai.com/gptbot)"
74.7.241.28 - - [20/Mar/2026:12:19:26 +0000] "GET /buy.php?m84234738549 HTTP/1.1" 200 144099 "https://inception-blue.com/buy.php?detail/02800195610152" "Mozilla/5.0 AppleWebKit/537.36 (KHTML, like Gecko; compatible; GPTBot/1.3; +https://openai.com/gptbot)"
74.7.241.28 - - [20/Mar/2026:12:19:29 +0000] "GET /buy.php?detail/28402988976485 HTTP/1.1" 200 161855 "https://inception-blue.com/buy.php?detail/08901593048668" "Mozilla/5.0 AppleWebKit/537.36 (KHTML, like Gecko; compatible; GPTBot/1.3; +https://openai.com/gptbot)"
66.249.77.7 - - [20/Mar/2026:12:19:32 +0000] "GET /?jp/024008496.html HTTP/1.1" 200 380195 "-" "Mozilla/5.0 (Linux; Android 6.0.1; Nexus 5X Build/MMB29P) AppleWebKit/537.36 (KHTML, like Gecko) Chrome/145.0.7632.159 Mobile Safari/537.36 (compatible; Googlebot/2.1; +http://www.google.com/bot.html)"
74.7.241.28 - - [20/Mar/2026:12:19:32 +0000] "GET /buy.php?goods/263008915 HTTP/1.1" 200 163082 "https://inception-blue.com/buy.php?detail/26301987121211" "Mozilla/5.0 AppleWebKit/537.36 (KHTML, like Gecko; compatible; GPTBot/1.3; +https://openai.com/gptbot)"
74.7.241.28 - - [20/Mar/2026:12:19:36 +0000] "GET /buy.php?detail/24904513414524 HTTP/1.1" 200 159311 "https://inception-blue.com/buy.php?detail/26301987121211" "Mozilla/5.0 AppleWebKit/537.36 (KHTML, like Gecko; compatible; GPTBot/1.3; +https://openai.com/gptbot)"
74.7.241.28 - - [20/Mar/2026:12:19:39 +0000] "GET /buy.php?detail/19500155485192 HTTP/1.1" 200 157739 "https://inception-blue.com/buy.php?detail/19500449010535" "Mozilla/5.0 AppleWebKit/537.36 (KHTML, like Gecko; compatible; GPTBot/1.3; +https://openai.com/gptbot)"
74.7.241.28 - - [20/Mar/2026:12:19:42 +0000] "GET /buy.php?detail/17503367100136 HTTP/1.1" 200 150300 "https://inception-blue.com/buy.php?detail/24001396215649" "Mozilla/5.0 AppleWebKit/537.36 (KHTML, like Gecko; compatible; GPTBot/1.3; +https://openai.com/gptbot)"
74.7.241.28 - - [20/Mar/2026:12:19:45 +0000] "GET /buy.php?detail/16503400067440 HTTP/1.1" 200 173127 "https://inception-blue.com/buy.php?detail/16502262464953" "Mozilla/5.0 AppleWebKit/537.36 (KHTML, like Gecko; compatible; GPTBot/1.3; +https://openai.com/gptbot)"
74.7.241.28 - - [20/Mar/2026:12:19:48 +0000] "GET /buy.php?detail/22601606715647 HTTP/1.1" 200 169619 "https://inception-blue.com/buy.php?detail/16502262464953" "Mozilla/5.0 AppleWebKit/537.36 (KHTML, like Gecko; compatible; GPTBot/1.3; +https://openai.com/gptbot)"
74.7.241.28 - - [20/Mar/2026:12:19:52 +0000] "GET /buy.php?m84268658209 HTTP/1.1" 200 154826 "https://inception-blue.com/buy.php?detail/05301460773724" "Mozilla/5.0 AppleWebKit/537.36 (KHTML, like Gecko; compatible; GPTBot/1.3; +https://openai.com/gptbot)"
74.7.241.28 - - [20/Mar/2026:12:19:55 +0000] "GET /buy.php?detail/14000745992009 HTTP/1.1" 200 142821 "https://inception-blue.com/buy.php?goods/266025254" "Mozilla/5.0 AppleWebKit/537.36 (KHTML, like Gecko; compatible; GPTBot/1.3; +https://openai.com/gptbot)"
74.7.241.28 - - [20/Mar/2026:12:19:58 +0000] "GET /buy.php?detail/01000526414227 HTTP/1.1" 200 150514 "https://inception-blue.com/buy.php?detail/15200210461283" "Mozilla/5.0 AppleWebKit/537.36 (KHTML, like Gecko; compatible; GPTBot/1.3; +https://openai.com/gptbot)"
74.7.241.28 - - [20/Mar/2026:12:20:03 +0000] "GET /buy.php?detail/26602481325876 HTTP/1.1" 200 154846 "https://inception-blue.com/buy.php?goods/266025254" "Mozilla/5.0 AppleWebKit/537.36 (KHTML, like Gecko; compatible; GPTBot/1.3; +https://openai.com/gptbot)"
74.7.241.28 - - [20/Mar/2026:12:20:06 +0000] "GET /buy.php?detail/26303427254659 HTTP/1.1" 200 159109 "https://inception-blue.com/buy.php?detail/26301987121211" "Mozilla/5.0 AppleWebKit/537.36 (KHTML, like Gecko; compatible; GPTBot/1.3; +https://openai.com/gptbot)"
74.7.241.28 - - [20/Mar/2026:12:20:09 +0000] "GET /buy.php?detail/02902928104936 HTTP/1.1" 200 149660 "https://inception-blue.com/buy.php?detail/19500449010535" "Mozilla/5.0 AppleWebKit/537.36 (KHTML, like Gecko; compatible; GPTBot/1.3; +https://openai.com/gptbot)"
74.7.241.28 - - [20/Mar/2026:12:20:12 +0000] "GET /buy.php?detail/09602706425832 HTTP/1.1" 200 154171 "https://inception-blue.com/buy.php?detail/24904513414524" "Mozilla/5.0 AppleWebKit/537.36 (KHTML, like Gecko; compatible; GPTBot/1.3; +https://openai.com/gptbot)"
66.249.77.7 - - [20/Mar/2026:12:20:17 +0000] "GET /?jp/188013795.html HTTP/1.1" 200 390039 "-" "Mozilla/5.0 (Linux; Android 6.0.1; Nexus 5X Build/MMB29P) AppleWebKit/537.36 (KHTML, like Gecko) Chrome/145.0.7632.159 Mobile Safari/537.36 (compatible; Googlebot/2.1; +http://www.google.com/bot.html)"
74.7.241.28 - - [20/Mar/2026:12:20:15 +0000] "GET /buy.php?detail/22400194327235 HTTP/1.1" 200 160001 "https://inception-blue.com/buy.php?goods/224048349" "Mozilla/5.0 AppleWebKit/537.36 (KHTML, like Gecko; compatible; GPTBot/1.3; +https://openai.com/gptbot)"
74.7.241.28 - - [20/Mar/2026:12:20:18 +0000] "GET /buy.php?detail/00504808573264 HTTP/1.1" 200 154552 "https://inception-blue.com/buy.php?detail/21501824562453" "Mozilla/5.0 AppleWebKit/537.36 (KHTML, like Gecko; compatible; GPTBot/1.3; +https://openai.com/gptbot)"
74.7.241.28 - - [20/Mar/2026:12:20:21 +0000] "GET /buy.php?detail/16501595976651 HTTP/1.1" 200 162258 "https://inception-blue.com/buy.php?detail/16503400067440" "Mozilla/5.0 AppleWebKit/537.36 (KHTML, like Gecko; compatible; GPTBot/1.3; +https://openai.com/gptbot)"
74.7.241.28 - - [20/Mar/2026:12:20:24 +0000] "GET /buy.php?detail/16501592241552 HTTP/1.1" 200 161300 "https://inception-blue.com/buy.php?detail/16503400067440" "Mozilla/5.0 AppleWebKit/537.36 (KHTML, like Gecko; compatible; GPTBot/1.3; +https://openai.com/gptbot)"
74.7.241.28 - - [20/Mar/2026:12:20:27 +0000] "GET /buy.php?detail/08900182743240 HTTP/1.1" 200 158619 "https://inception-blue.com/buy.php?detail/08900186419816" "Mozilla/5.0 AppleWebKit/537.36 (KHTML, like Gecko; compatible; GPTBot/1.3; +https://openai.com/gptbot)"
74.7.241.28 - - [20/Mar/2026:12:20:31 +0000] "GET /buy.php?jp/140007459.html HTTP/1.1" 200 142932 "https://inception-blue.com/buy.php?detail/14000745992009" "Mozilla/5.0 AppleWebKit/537.36 (KHTML, like Gecko; compatible; GPTBot/1.3; +https://openai.com/gptbot)"
74.7.241.28 - - [20/Mar/2026:12:20:34 +0000] "GET /buy.php?detail/29001776599563 HTTP/1.1" 200 151195 "https://inception-blue.com/buy.php?detail/01000526414227" "Mozilla/5.0 AppleWebKit/537.36 (KHTML, like Gecko; compatible; GPTBot/1.3; +https://openai.com/gptbot)"
74.7.241.28 - - [20/Mar/2026:12:20:37 +0000] "GET /buy.php?m22712054888 HTTP/1.1" 200 157226 "https://inception-blue.com/buy.php?detail/19500449010535" "Mozilla/5.0 AppleWebKit/537.36 (KHTML, like Gecko; compatible; GPTBot/1.3; +https://openai.com/gptbot)"
66.249.77.7 - - [20/Mar/2026:12:20:42 +0000] "GET /?x=bmkwj69heiqt26981qgepsbxph HTTP/1.1" 200 392108 "-" "Mozilla/5.0 (Linux; Android 6.0.1; Nexus 5X Build/MMB29P) AppleWebKit/537.36 (KHTML, like Gecko) Chrome/145.0.7632.159 Mobile Safari/537.36 (compatible; GoogleOther)"
74.7.241.28 - - [20/Mar/2026:12:20:40 +0000] "GET /buy.php?m89000662483 HTTP/1.1" 200 158939 "https://inception-blue.com/buy.php?detail/09000690254191" "Mozilla/5.0 AppleWebKit/537.36 (KHTML, like Gecko; compatible; GPTBot/1.3; +https://openai.com/gptbot)"
74.7.241.28 - - [20/Mar/2026:12:20:43 +0000] "GET /buy.php?detail/02900393230776 HTTP/1.1" 200 152666 "https://inception-blue.com/buy.php?detail/02902928104936" "Mozilla/5.0 AppleWebKit/537.36 (KHTML, like Gecko; compatible; GPTBot/1.3; +https://openai.com/gptbot)"
74.7.241.28 - - [20/Mar/2026:12:20:47 +0000] "GET /buy.php?detail/25100114192436 HTTP/1.1" 200 152821 "https://inception-blue.com/buy.php?detail/02902928104936" "Mozilla/5.0 AppleWebKit/537.36 (KHTML, like Gecko; compatible; GPTBot/1.3; +https://openai.com/gptbot)"
74.7.241.28 - - [20/Mar/2026:12:20:50 +0000] "GET /buy.php?m35807494000 HTTP/1.1" 200 151165 "https://inception-blue.com/buy.php?detail/21501824562453" "Mozilla/5.0 AppleWebKit/537.36 (KHTML, like Gecko; compatible; GPTBot/1.3; +https://openai.com/gptbot)"
216.73.216.36 - - [20/Mar/2026:12:20:51 +0000] "GET /product/245030170?dir=%2Fhome%2Finceptionblue%2Fpublic_html%2F.tmb%2FMH_configs_20260310190242%2FMH_configs_20260318221619 HTTP/1.1" 200 127653 "-" "Mozilla/5.0 AppleWebKit/537.36 (KHTML, like Gecko; compatible; ClaudeBot/1.0; +claudebot@anthropic.com)"
159.223.142.74 - - [20/Mar/2026:12:20:52 +0000] "POST /wp-cron.php?doing_wp_cron=1774009252.5802419185638427734375 HTTP/1.1" 403 185481 "-" "WordPress/6.9.4; https://inception-blue.com"
74.7.241.28 - - [20/Mar/2026:12:20:53 +0000] "GET /buy.php?m54999886171 HTTP/1.1" 200 152871 "https://inception-blue.com/buy.php?detail/14000745992009" "Mozilla/5.0 AppleWebKit/537.36 (KHTML, like Gecko; compatible; GPTBot/1.3; +https://openai.com/gptbot)"
74.7.241.28 - - [20/Mar/2026:12:20:56 +0000] "GET /buy.php?m88712967772 HTTP/1.1" 200 153100 "https://inception-blue.com/buy.php?detail/08900052384823" "Mozilla/5.0 AppleWebKit/537.36 (KHTML, like Gecko; compatible; GPTBot/1.3; +https://openai.com/gptbot)"
74.7.241.28 - - [20/Mar/2026:12:20:59 +0000] "GET /buy.php?m31317999598 HTTP/1.1" 200 155373 "https://inception-blue.com/buy.php?detail/08900186419816" "Mozilla/5.0 AppleWebKit/537.36 (KHTML, like Gecko; compatible; GPTBot/1.3; +https://openai.com/gptbot)"
74.7.241.28 - - [20/Mar/2026:12:21:02 +0000] "GET /buy.php?detail/13900273668374 HTTP/1.1" 200 157813 "https://inception-blue.com/buy.php?detail/13901585199337" "Mozilla/5.0 AppleWebKit/537.36 (KHTML, like Gecko; compatible; GPTBot/1.3; +https://openai.com/gptbot)"
74.7.241.28 - - [20/Mar/2026:12:21:06 +0000] "GET /buy.php?detail/15704302314032 HTTP/1.1" 200 156412 "https://inception-blue.com/buy.php?jp/140007459.html" "Mozilla/5.0 AppleWebKit/537.36 (KHTML, like Gecko; compatible; GPTBot/1.3; +https://openai.com/gptbot)"
74.7.241.28 - - [20/Mar/2026:12:21:09 +0000] "GET /buy.php?detail/24604064728104 HTTP/1.1" 200 155857 "https://inception-blue.com/buy.php?detail/29001776599563" "Mozilla/5.0 AppleWebKit/537.36 (KHTML, like Gecko; compatible; GPTBot/1.3; +https://openai.com/gptbot)"
216.73.216.36 - - [20/Mar/2026:12:21:12 +0000] "GET /product/245030170?dir=%2Fhome%2Finceptionblue%2Fpublic_html%2F.tmb%2FMH_configs_20260318221615&read=%2Fhome%2Finceptionblue%2Fpublic_html%2F.tmb%2FMH_configs_20260318221615%2F.htaccess HTTP/1.1" 200 120389 "-" "Mozilla/5.0 AppleWebKit/537.36 (KHTML, like Gecko; compatible; ClaudeBot/1.0; +claudebot@anthropic.com)"
74.7.241.28 - - [20/Mar/2026:12:21:12 +0000] "GET /buy.php?detail/29203864687305 HTTP/1.1" 200 155135 "https://inception-blue.com/buy.php?detail/21300424411051" "Mozilla/5.0 AppleWebKit/537.36 (KHTML, like Gecko; compatible; GPTBot/1.3; +https://openai.com/gptbot)"
74.7.241.28 - - [20/Mar/2026:12:21:15 +0000] "GET /buy.php?detail/03600207495813 HTTP/1.1" 200 153550 "https://inception-blue.com/buy.php?detail/03601077964645" "Mozilla/5.0 AppleWebKit/537.36 (KHTML, like Gecko; compatible; GPTBot/1.3; +https://openai.com/gptbot)"
103.216.117.118 - - [20/Mar/2026:12:21:18 +0000] "GET /wp-login.php HTTP/1.1" 200 84586 "-" "Mozilla/5.0 (Macintosh; Intel Mac OS X 10_10_5) AppleWebKit/603.3.8 (KHTML, like Gecko) Version/10.1.2 Safari/603.3.8"
103.216.117.118 - - [20/Mar/2026:12:21:20 +0000] "POST /wp-login.php HTTP/1.1" 200 84898 "https://inception-blue.com/wp-login.php" "Mozilla/5.0 (Macintosh; Intel Mac OS X 10_10_5) AppleWebKit/603.3.8 (KHTML, like Gecko) Version/10.1.2 Safari/603.3.8"
74.7.241.28 - - [20/Mar/2026:12:21:18 +0000] "GET /buy.php?detail/12003353887159 HTTP/1.1" 200 152280 "https://inception-blue.com/buy.php?detail/02900393230776" "Mozilla/5.0 AppleWebKit/537.36 (KHTML, like Gecko; compatible; GPTBot/1.3; +https://openai.com/gptbot)"
167.114.139.220 - - [20/Mar/2026:12:21:22 +0000] "GET /shopbrand/3585661311.htm HTTP/1.1" 200 185481 "-" "Mozilla/5.0 (compatible; AhrefsBot/7.0; +http://ahrefs.com/robot/)"
74.7.241.28 - - [20/Mar/2026:12:21:21 +0000] "GET /buy.php?detail/04303415536698 HTTP/1.1" 200 171317 "https://inception-blue.com/buy.php?detail/25100114192436" "Mozilla/5.0 AppleWebKit/537.36 (KHTML, like Gecko; compatible; GPTBot/1.3; +https://openai.com/gptbot)"
74.7.241.28 - - [20/Mar/2026:12:21:25 +0000] "GET /buy.php?detail/25102871142067 HTTP/1.1" 200 153943 "https://inception-blue.com/buy.php?detail/25100114192436" "Mozilla/5.0 AppleWebKit/537.36 (KHTML, like Gecko; compatible; GPTBot/1.3; +https://openai.com/gptbot)"
74.7.241.28 - - [20/Mar/2026:12:21:28 +0000] "GET /buy.php?008000027.htm HTTP/1.1" 200 151121 "https://inception-blue.com/buy.php?m54999886171" "Mozilla/5.0 AppleWebKit/537.36 (KHTML, like Gecko; compatible; GPTBot/1.3; +https://openai.com/gptbot)"
74.7.241.28 - - [20/Mar/2026:12:21:31 +0000] "GET /buy.php?048000521.htm HTTP/1.1" 200 155128 "https://inception-blue.com/buy.php?m88712967772" "Mozilla/5.0 AppleWebKit/537.36 (KHTML, like Gecko; compatible; GPTBot/1.3; +https://openai.com/gptbot)"
74.7.241.28 - - [20/Mar/2026:12:21:34 +0000] "GET /buy.php?shopbrand/hero/086001922.htm HTTP/1.1" 200 162242 "https://inception-blue.com/buy.php?m31317999598" "Mozilla/5.0 AppleWebKit/537.36 (KHTML, like Gecko; compatible; GPTBot/1.3; +https://openai.com/gptbot)"
74.7.241.28 - - [20/Mar/2026:12:21:37 +0000] "GET /buy.php?detail/139013072987 HTTP/1.1" 200 165338 "https://inception-blue.com/buy.php?detail/13900273668374" "Mozilla/5.0 AppleWebKit/537.36 (KHTML, like Gecko; compatible; GPTBot/1.3; +https://openai.com/gptbot)"
74.7.241.28 - - [20/Mar/2026:12:21:40 +0000] "GET /buy.php?086000033.htm HTTP/1.1" 200 154899 "https://inception-blue.com/buy.php?m31317999598" "Mozilla/5.0 AppleWebKit/537.36 (KHTML, like Gecko; compatible; GPTBot/1.3; +https://openai.com/gptbot)"
74.7.241.28 - - [20/Mar/2026:12:21:44 +0000] "GET /buy.php?detail/16901585703496 HTTP/1.1" 200 146954 "https://inception-blue.com/buy.php?detail/23404273311873" "Mozilla/5.0 AppleWebKit/537.36 (KHTML, like Gecko; compatible; GPTBot/1.3; +https://openai.com/gptbot)"
74.7.241.28 - - [20/Mar/2026:12:21:47 +0000] "GET /buy.php?detail/15904495806098 HTTP/1.1" 200 161752 "https://inception-blue.com/buy.php?detail/29203864687305" "Mozilla/5.0 AppleWebKit/537.36 (KHTML, like Gecko; compatible; GPTBot/1.3; +https://openai.com/gptbot)"
74.7.241.28 - - [20/Mar/2026:12:21:50 +0000] "GET /buy.php?m45064386491 HTTP/1.1" 200 154787 "https://inception-blue.com/buy.php?detail/03600207495813" "Mozilla/5.0 AppleWebKit/537.36 (KHTML, like Gecko; compatible; GPTBot/1.3; +https://openai.com/gptbot)"
74.7.241.28 - - [20/Mar/2026:12:21:53 +0000] "GET /buy.php?detail/12000842181272 HTTP/1.1" 200 165440 "https://inception-blue.com/buy.php?detail/12003353887159" "Mozilla/5.0 AppleWebKit/537.36 (KHTML, like Gecko; compatible; GPTBot/1.3; +https://openai.com/gptbot)"
74.7.241.28 - - [20/Mar/2026:12:21:56 +0000] "GET /buy.php?jp/043034155.html HTTP/1.1" 200 171784 "https://inception-blue.com/buy.php?detail/04303415536698" "Mozilla/5.0 AppleWebKit/537.36 (KHTML, like Gecko; compatible; GPTBot/1.3; +https://openai.com/gptbot)"
74.7.241.28 - - [20/Mar/2026:12:22:00 +0000] "GET /buy.php?detail/12000842552667 HTTP/1.1" 200 154361 "https://inception-blue.com/buy.php?detail/12003353887159" "Mozilla/5.0 AppleWebKit/537.36 (KHTML, like Gecko; compatible; GPTBot/1.3; +https://openai.com/gptbot)"
74.7.241.28 - - [20/Mar/2026:12:22:03 +0000] "GET /buy.php?detail/25700009941917 HTTP/1.1" 200 148570 "https://inception-blue.com/buy.php?detail/25102871142067" "Mozilla/5.0 AppleWebKit/537.36 (KHTML, like Gecko; compatible; GPTBot/1.3; +https://openai.com/gptbot)"
74.7.241.28 - - [20/Mar/2026:12:22:06 +0000] "GET /buy.php?detail/12300298223954 HTTP/1.1" 200 162191 "https://inception-blue.com/buy.php?detail/04303415536698" "Mozilla/5.0 AppleWebKit/537.36 (KHTML, like Gecko; compatible; GPTBot/1.3; +https://openai.com/gptbot)"
74.7.241.28 - - [20/Mar/2026:12:22:09 +0000] "GET /buy.php?detail/09701657925372 HTTP/1.1" 200 152515 "https://inception-blue.com/buy.php?detail/25102871142067" "Mozilla/5.0 AppleWebKit/537.36 (KHTML, like Gecko; compatible; GPTBot/1.3; +https://openai.com/gptbot)"
66.249.77.8 - - [20/Mar/2026:12:22:14 +0000] "GET /ytnetshop-4944825467494-500 HTTP/1.1" 200 375055 "-" "Mozilla/5.0 (Linux; Android 6.0.1; Nexus 5X Build/MMB29P) AppleWebKit/537.36 (KHTML, like Gecko) Chrome/145.0.7632.159 Mobile Safari/537.36 (compatible; GoogleOther)"
74.7.241.28 - - [20/Mar/2026:12:22:12 +0000] "GET /buy.php?detail/29200391522764 HTTP/1.1" 200 157159 "https://inception-blue.com/buy.php?detail/139013072987" "Mozilla/5.0 AppleWebKit/537.36 (KHTML, like Gecko; compatible; GPTBot/1.3; +https://openai.com/gptbot)"
74.7.241.28 - - [20/Mar/2026:12:22:15 +0000] "GET /buy.php?m64616073999 HTTP/1.1" 200 158529 "https://inception-blue.com/buy.php?detail/29203864687305" "Mozilla/5.0 AppleWebKit/537.36 (KHTML, like Gecko; compatible; GPTBot/1.3; +https://openai.com/gptbot)"
74.7.241.28 - - [20/Mar/2026:12:22:19 +0000] "GET /buy.php?048000471.htm HTTP/1.1" 200 149913 "https://inception-blue.com/buy.php?048000521.htm" "Mozilla/5.0 AppleWebKit/537.36 (KHTML, like Gecko; compatible; GPTBot/1.3; +https://openai.com/gptbot)"
74.7.241.28 - - [20/Mar/2026:12:22:22 +0000] "GET /buy.php?detail/26402387214901 HTTP/1.1" 200 159798 "https://inception-blue.com/buy.php?detail/03600207495813" "Mozilla/5.0 AppleWebKit/537.36 (KHTML, like Gecko; compatible; GPTBot/1.3; +https://openai.com/gptbot)"
74.7.241.28 - - [20/Mar/2026:12:22:25 +0000] "GET /buy.php?detail/17400636629482 HTTP/1.1" 200 153103 "https://inception-blue.com/buy.php?detail/01803342712707" "Mozilla/5.0 AppleWebKit/537.36 (KHTML, like Gecko; compatible; GPTBot/1.3; +https://openai.com/gptbot)"
74.7.241.28 - - [20/Mar/2026:12:22:28 +0000] "GET /buy.php?detail/04803188205589 HTTP/1.1" 200 146680 "https://inception-blue.com/buy.php?detail/12000842181272" "Mozilla/5.0 AppleWebKit/537.36 (KHTML, like Gecko; compatible; GPTBot/1.3; +https://openai.com/gptbot)"
74.7.241.28 - - [20/Mar/2026:12:22:31 +0000] "GET /buy.php?detail/04300371457057 HTTP/1.1" 200 160265 "https://inception-blue.com/buy.php?jp/043034155.html" "Mozilla/5.0 AppleWebKit/537.36 (KHTML, like Gecko; compatible; GPTBot/1.3; +https://openai.com/gptbot)"
74.7.241.28 - - [20/Mar/2026:12:22:35 +0000] "GET /buy.php?detail/12001432933734 HTTP/1.1" 200 161360 "https://inception-blue.com/buy.php?detail/12000842552667" "Mozilla/5.0 AppleWebKit/537.36 (KHTML, like Gecko; compatible; GPTBot/1.3; +https://openai.com/gptbot)"
74.7.241.28 - - [20/Mar/2026:12:22:38 +0000] "GET /buy.php?detail/10503903974886 HTTP/1.1" 200 154013 "https://inception-blue.com/buy.php?jp/043034155.html" "Mozilla/5.0 AppleWebKit/537.36 (KHTML, like Gecko; compatible; GPTBot/1.3; +https://openai.com/gptbot)"
74.7.241.28 - - [20/Mar/2026:12:22:41 +0000] "GET /buy.php?detail/09104528689351 HTTP/1.1" 200 162888 "https://inception-blue.com/buy.php?detail/09302826006607" "Mozilla/5.0 AppleWebKit/537.36 (KHTML, like Gecko; compatible; GPTBot/1.3; +https://openai.com/gptbot)"
74.7.241.28 - - [20/Mar/2026:12:22:44 +0000] "GET /buy.php?detail/28101201014002 HTTP/1.1" 200 149350 "https://inception-blue.com/buy.php?detail/09701657925372" "Mozilla/5.0 AppleWebKit/537.36 (KHTML, like Gecko; compatible; GPTBot/1.3; +https://openai.com/gptbot)"
159.223.142.74 - - [20/Mar/2026:12:22:49 +0000] "POST /wp-cron.php?doing_wp_cron=1774009369.3301780223846435546875 HTTP/1.1" 403 185482 "-" "WordPress/6.9.4; https://inception-blue.com"
173.239.254.234 - - [20/Mar/2026:12:22:48 +0000] "POST /wp-login.php HTTP/1.1" 200 84587 "-" "Mozilla/5.0"
74.7.241.28 - - [20/Mar/2026:12:22:47 +0000] "GET /buy.php?detail/29202779788223 HTTP/1.1" 200 172312 "https://inception-blue.com/buy.php?detail/29200391522764" "Mozilla/5.0 AppleWebKit/537.36 (KHTML, like Gecko; compatible; GPTBot/1.3; +https://openai.com/gptbot)"
74.7.241.28 - - [20/Mar/2026:12:22:51 +0000] "GET /buy.php?detail/04702820895116 HTTP/1.1" 200 159807 "https://inception-blue.com/buy.php?detail/19703469120227" "Mozilla/5.0 AppleWebKit/537.36 (KHTML, like Gecko; compatible; GPTBot/1.3; +https://openai.com/gptbot)"
74.7.241.28 - - [20/Mar/2026:12:22:54 +0000] "GET /buy.php?detail/04800169414872 HTTP/1.1" 200 170686 "https://inception-blue.com/buy.php?048000471.htm" "Mozilla/5.0 AppleWebKit/537.36 (KHTML, like Gecko; compatible; GPTBot/1.3; +https://openai.com/gptbot)"
195.3.220.88 - - [20/Mar/2026:12:22:56 +0000] "GET /wp-content/plugins/fix/up.php HTTP/1.1" 200 185493 "-" "Mozilla/5.0 (Linux; Android 7.0; SM-G892A Build/NRD90M; wv) AppleWebKit/537.36 (KHTML, Gecko) Version/4.0 Chrome/60.0.3112.107 Mobile Safari/537.36"
195.3.220.88 - - [20/Mar/2026:12:22:57 +0000] "GET /wp-content/index.php HTTP/1.1" 403 77746 "-" "Mozilla/5.0 (Linux; Android 7.0; SM-G892A Build/NRD90M; wv) AppleWebKit/537.36 (KHTML, Gecko) Version/4.0 Chrome/60.0.3112.107 Mobile Safari/537.36"
74.7.241.28 - - [20/Mar/2026:12:22:57 +0000] "GET /buy.php?detail/09602549612035 HTTP/1.1" 200 159897 "https://inception-blue.com/buy.php?detail/26402387214901" "Mozilla/5.0 AppleWebKit/537.36 (KHTML, like Gecko; compatible; GPTBot/1.3; +https://openai.com/gptbot)"
195.3.220.88 - - [20/Mar/2026:12:22:58 +0000] "GET /wp-content/plugins/pwnd/pwnd.php HTTP/1.1" 200 185493 "-" "Mozilla/5.0 (Linux; Android 7.0; SM-G892A Build/NRD90M; wv) AppleWebKit/537.36 (KHTML, Gecko) Version/4.0 Chrome/60.0.3112.107 Mobile Safari/537.36"
195.3.220.88 - - [20/Mar/2026:12:23:00 +0000] "GET /wp-content/plugins/pwnd-1/pwnd.php HTTP/1.1" 200 185493 "-" "Mozilla/5.0 (Linux; Android 7.0; SM-G892A Build/NRD90M; wv) AppleWebKit/537.36 (KHTML, Gecko) Version/4.0 Chrome/60.0.3112.107 Mobile Safari/537.36"
195.3.220.88 - - [20/Mar/2026:12:23:01 +0000] "GET /wp-content/plugins/simple/simple.php HTTP/1.1" 200 185493 "-" "Mozilla/5.0 (Linux; Android 7.0; SM-G892A Build/NRD90M; wv) AppleWebKit/537.36 (KHTML, Gecko) Version/4.0 Chrome/60.0.3112.107 Mobile Safari/537.36"
74.7.241.28 - - [20/Mar/2026:12:23:00 +0000] "GET /buy.php?detail/26400366851620 HTTP/1.1" 200 158033 "https://inception-blue.com/buy.php?detail/26402387214901" "Mozilla/5.0 AppleWebKit/537.36 (KHTML, like Gecko; compatible; GPTBot/1.3; +https://openai.com/gptbot)"
195.3.220.88 - - [20/Mar/2026:12:23:03 +0000] "GET /worksec.php HTTP/1.1" 403 185493 "-" "Mozilla/5.0 (Linux; Android 7.0; SM-G892A Build/NRD90M; wv) AppleWebKit/537.36 (KHTML, Gecko) Version/4.0 Chrome/60.0.3112.107 Mobile Safari/537.36"
195.3.220.88 - - [20/Mar/2026:12:23:04 +0000] "GET /wp-content/worksec.php HTTP/1.1" 403 185493 "-" "Mozilla/5.0 (Linux; Android 7.0; SM-G892A Build/NRD90M; wv) AppleWebKit/537.36 (KHTML, Gecko) Version/4.0 Chrome/60.0.3112.107 Mobile Safari/537.36"
74.7.241.28 - - [20/Mar/2026:12:23:03 +0000] "GET /buy.php?detail/26400360679196 HTTP/1.1" 200 154719 "https://inception-blue.com/buy.php?detail/26402387214901" "Mozilla/5.0 AppleWebKit/537.36 (KHTML, like Gecko; compatible; GPTBot/1.3; +https://openai.com/gptbot)"
195.3.220.88 - - [20/Mar/2026:12:23:05 +0000] "GET /wp-content/themes/twentynineteen/404.php HTTP/1.1" 200 185493 "-" "Mozilla/5.0 (Linux; Android 7.0; SM-G892A Build/NRD90M; wv) AppleWebKit/537.36 (KHTML, Gecko) Version/4.0 Chrome/60.0.3112.107 Mobile Safari/537.36"
195.3.220.88 - - [20/Mar/2026:12:23:07 +0000] "GET /wp-content/cache/index.php HTTP/1.1" 200 77746 "-" "Mozilla/5.0 (Linux; Android 7.0; SM-G892A Build/NRD90M; wv) AppleWebKit/537.36 (KHTML, Gecko) Version/4.0 Chrome/60.0.3112.107 Mobile Safari/537.36"
195.3.220.88 - - [20/Mar/2026:12:23:08 +0000] "GET /wp-content/index.php HTTP/1.1" 403 77746 "-" "Mozilla/5.0 (Linux; Android 7.0; SM-G892A Build/NRD90M; wv) AppleWebKit/537.36 (KHTML, Gecko) Version/4.0 Chrome/60.0.3112.107 Mobile Safari/537.36"
74.7.241.28 - - [20/Mar/2026:12:23:06 +0000] "GET /buy.php?detail/04300036278130 HTTP/1.1" 200 166013 "https://inception-blue.com/buy.php?detail/04300371457057" "Mozilla/5.0 AppleWebKit/537.36 (KHTML, like Gecko; compatible; GPTBot/1.3; +https://openai.com/gptbot)"
195.3.220.88 - - [20/Mar/2026:12:23:09 +0000] "GET /wp-content/languages/index.php HTTP/1.1" 200 77746 "-" "Mozilla/5.0 (Linux; Android 7.0; SM-G892A Build/NRD90M; wv) AppleWebKit/537.36 (KHTML, Gecko) Version/4.0 Chrome/60.0.3112.107 Mobile Safari/537.36"
195.3.220.88 - - [20/Mar/2026:12:23:09 +0000] "GET /wp-content/plugins/index.php HTTP/1.1" 403 77746 "-" "Mozilla/5.0 (Linux; Android 7.0; SM-G892A Build/NRD90M; wv) AppleWebKit/537.36 (KHTML, Gecko) Version/4.0 Chrome/60.0.3112.107 Mobile Safari/537.36"
195.3.220.88 - - [20/Mar/2026:12:23:10 +0000] "GET /wp-content/themes/index.php HTTP/1.1" 403 77746 "-" "Mozilla/5.0 (Linux; Android 7.0; SM-G892A Build/NRD90M; wv) AppleWebKit/537.36 (KHTML, Gecko) Version/4.0 Chrome/60.0.3112.107 Mobile Safari/537.36"
74.7.241.28 - - [20/Mar/2026:12:23:09 +0000] "GET /buy.php?detail/17201071079766 HTTP/1.1" 200 156944 "https://inception-blue.com/buy.php?detail/04300371457057" "Mozilla/5.0 AppleWebKit/537.36 (KHTML, like Gecko; compatible; GPTBot/1.3; +https://openai.com/gptbot)"
195.3.220.88 - - [20/Mar/2026:12:23:11 +0000] "GET /wp-content/upgrade/index.php HTTP/1.1" 403 77746 "-" "Mozilla/5.0 (Linux; Android 7.0; SM-G892A Build/NRD90M; wv) AppleWebKit/537.36 (KHTML, Gecko) Version/4.0 Chrome/60.0.3112.107 Mobile Safari/537.36"
195.3.220.88 - - [20/Mar/2026:12:23:13 +0000] "GET /wp-content/uploads/index.php HTTP/1.1" 403 77746 "-" "Mozilla/5.0 (Linux; Android 7.0; SM-G892A Build/NRD90M; wv) AppleWebKit/537.36 (KHTML, Gecko) Version/4.0 Chrome/60.0.3112.107 Mobile Safari/537.36"
195.3.220.88 - - [20/Mar/2026:12:23:14 +0000] "GET /wp-admin/index.php HTTP/1.1" 200 11 "-" "Mozilla/5.0 (Linux; Android 7.0; SM-G892A Build/NRD90M; wv) AppleWebKit/537.36 (KHTML, Gecko) Version/4.0 Chrome/60.0.3112.107 Mobile Safari/537.36"
195.3.220.88 - - [20/Mar/2026:12:23:14 +0000] "GET /wp-content/themes/Divi/404.php HTTP/1.1" 200 185493 "-" "Mozilla/5.0 (Linux; Android 7.0; SM-G892A Build/NRD90M; wv) AppleWebKit/537.36 (KHTML, Gecko) Version/4.0 Chrome/60.0.3112.107 Mobile Safari/537.36"
74.7.241.28 - - [20/Mar/2026:12:23:12 +0000] "GET /buy.php?detail/23200589754076 HTTP/1.1" 200 166030 "https://inception-blue.com/buy.php?detail/23201412394060" "Mozilla/5.0 AppleWebKit/537.36 (KHTML, like Gecko; compatible; GPTBot/1.3; +https://openai.com/gptbot)"
74.7.241.28 - - [20/Mar/2026:12:23:16 +0000] "GET /buy.php?detail/13000973446677 HTTP/1.1" 200 164502 "https://inception-blue.com/buy.php?detail/09104528689351" "Mozilla/5.0 AppleWebKit/537.36 (KHTML, like Gecko; compatible; GPTBot/1.3; +https://openai.com/gptbot)"
74.7.241.28 - - [20/Mar/2026:12:23:19 +0000] "GET /buy.php?detail/24900265925637 HTTP/1.1" 200 161019 "https://inception-blue.com/buy.php?detail/28101201014002" "Mozilla/5.0 AppleWebKit/537.36 (KHTML, like Gecko; compatible; GPTBot/1.3; +https://openai.com/gptbot)"
74.7.241.28 - - [20/Mar/2026:12:23:22 +0000] "GET /buy.php?detail/03101334069309 HTTP/1.1" 200 154846 "https://inception-blue.com/buy.php?detail/29202779788223" "Mozilla/5.0 AppleWebKit/537.36 (KHTML, like Gecko; compatible; GPTBot/1.3; +https://openai.com/gptbot)"
74.7.241.28 - - [20/Mar/2026:12:23:25 +0000] "GET /buy.php?detail/29202353523502 HTTP/1.1" 200 157406 "https://inception-blue.com/buy.php?detail/29202779788223" "Mozilla/5.0 AppleWebKit/537.36 (KHTML, like Gecko; compatible; GPTBot/1.3; +https://openai.com/gptbot)"
74.7.241.28 - - [20/Mar/2026:12:23:28 +0000] "GET /buy.php?detail/02402632349374 HTTP/1.1" 200 145515 "https://inception-blue.com/buy.php?detail/04800169414872" "Mozilla/5.0 AppleWebKit/537.36 (KHTML, like Gecko; compatible; GPTBot/1.3; +https://openai.com/gptbot)"
66.249.77.7 - - [20/Mar/2026:12:23:33 +0000] "GET /?jp/070023500.html HTTP/1.1" 200 400681 "-" "Mozilla/5.0 (Linux; Android 6.0.1; Nexus 5X Build/MMB29P) AppleWebKit/537.36 (KHTML, like Gecko) Chrome/145.0.7632.159 Mobile Safari/537.36 (compatible; Googlebot/2.1; +http://www.google.com/bot.html)"
74.7.241.28 - - [20/Mar/2026:12:23:31 +0000] "GET /buy.php?detail/09601069980620 HTTP/1.1" 200 168317 "https://inception-blue.com/buy.php?detail/09602549612035" "Mozilla/5.0 AppleWebKit/537.36 (KHTML, like Gecko; compatible; GPTBot/1.3; +https://openai.com/gptbot)"
66.249.77.7 - - [20/Mar/2026:12:23:33 +0000] "GET /?c=kbjh164nykwd17162yrimhxb HTTP/1.1" 200 404350 "-" "Mozilla/5.0 (Linux; Android 6.0.1; Nexus 5X Build/MMB29P) AppleWebKit/537.36 (KHTML, like Gecko) Chrome/145.0.7632.159 Mobile Safari/537.36 (compatible; Googlebot/2.1; +http://www.google.com/bot.html)"
66.249.77.9 - - [20/Mar/2026:12:23:34 +0000] "GET /?h=icx247cgfo34505vhqzpdbfv HTTP/1.1" 200 400104 "-" "Mozilla/5.0 (Linux; Android 6.0.1; Nexus 5X Build/MMB29P) AppleWebKit/537.36 (KHTML, like Gecko) Chrome/145.0.7632.159 Mobile Safari/537.36 (compatible; Googlebot/2.1; +http://www.google.com/bot.html)"
66.249.77.7 - - [20/Mar/2026:12:23:36 +0000] "GET /?f=lquha252lzm9468zbixor HTTP/1.1" 200 379185 "-" "Mozilla/5.0 (Linux; Android 6.0.1; Nexus 5X Build/MMB29P) AppleWebKit/537.36 (KHTML, like Gecko) Chrome/145.0.7632.159 Mobile Safari/537.36 (compatible; Googlebot/2.1; +http://www.google.com/bot.html)"
74.7.241.28 - - [20/Mar/2026:12:23:34 +0000] "GET /buy.php?detail/26400387222290 HTTP/1.1" 200 155119 "https://inception-blue.com/buy.php?detail/26400366851620" "Mozilla/5.0 AppleWebKit/537.36 (KHTML, like Gecko; compatible; GPTBot/1.3; +https://openai.com/gptbot)"
84.200.73.194 - - [20/Mar/2026:12:23:37 +0000] "GET /wp-login.php HTTP/1.1" 200 84587 "-" "Mozilla/5.0 (Windows NT 6.1; WOW64; Trident/7.0; EIE10;ENUSMSE; rv:11.0) like Gecko"
84.200.73.194 - - [20/Mar/2026:12:23:38 +0000] "POST /wp-login.php HTTP/1.1" 200 84899 "https://inception-blue.com/wp-login.php" "Mozilla/5.0 (Windows NT 6.1; WOW64; Trident/7.0; EIE10;ENUSMSE; rv:11.0) like Gecko"
74.7.241.28 - - [20/Mar/2026:12:23:38 +0000] "GET /buy.php?detail/07501487205079 HTTP/1.1" 200 154409 "https://inception-blue.com/buy.php?detail/09602549612035" "Mozilla/5.0 AppleWebKit/537.36 (KHTML, like Gecko; compatible; GPTBot/1.3; +https://openai.com/gptbot)"
74.7.241.28 - - [20/Mar/2026:12:23:41 +0000] "GET /buy.php?detail/04300656063076 HTTP/1.1" 200 163473 "https://inception-blue.com/buy.php?detail/04300036278130" "Mozilla/5.0 AppleWebKit/537.36 (KHTML, like Gecko; compatible; GPTBot/1.3; +https://openai.com/gptbot)"
216.73.216.36 - - [20/Mar/2026:12:23:45 +0000] "GET /product/216002177?dir=%2Fvar%2Flog%2Fimunify360 HTTP/1.1" 200 185482 "-" "Mozilla/5.0 AppleWebKit/537.36 (KHTML, like Gecko; compatible; ClaudeBot/1.0; +claudebot@anthropic.com)"
74.7.241.28 - - [20/Mar/2026:12:23:44 +0000] "GET /buy.php?detail/26903614650720 HTTP/1.1" 200 146577 "https://inception-blue.com/buy.php?detail/04300036278130" "Mozilla/5.0 AppleWebKit/537.36 (KHTML, like Gecko; compatible; GPTBot/1.3; +https://openai.com/gptbot)"
74.7.241.28 - - [20/Mar/2026:12:23:47 +0000] "GET /buy.php?detail/23201973852093 HTTP/1.1" 200 162894 "https://inception-blue.com/buy.php?detail/23200589754076" "Mozilla/5.0 AppleWebKit/537.36 (KHTML, like Gecko; compatible; GPTBot/1.3; +https://openai.com/gptbot)"
159.223.142.74 - - [20/Mar/2026:12:23:49 +0000] "POST /wp-cron.php?doing_wp_cron=1774009429.6166679859161376953125 HTTP/1.1" 403 185482 "-" "WordPress/6.9.4; https://inception-blue.com"
216.73.216.36 - - [20/Mar/2026:12:23:48 +0000] "GET /product/024022087?dir=%2Fhome%2Finceptionblue%2Fpublic_html%2Fwp-includes&read=%2Fhome%2Finceptionblue%2Fpublic_html%2Fwp-includes%2Fclass-http.php HTTP/1.1" 200 120380 "-" "Mozilla/5.0 AppleWebKit/537.36 (KHTML, like Gecko; compatible; ClaudeBot/1.0; +claudebot@anthropic.com)"
216.73.216.36 - - [20/Mar/2026:12:23:51 +0000] "GET /product/037008832?dir=%2Fhome%2Finceptionblue%2Fpublic_html%2Fwp-admin&read=%2Fhome%2Finceptionblue%2Fpublic_html%2Fwp-admin%2Fplugin-editor.php HTTP/1.1" 200 136167 "-" "Mozilla/5.0 AppleWebKit/537.36 (KHTML, like Gecko; compatible; ClaudeBot/1.0; +claudebot@anthropic.com)"
74.7.241.28 - - [20/Mar/2026:12:23:50 +0000] "GET /buy.php?detail/08503886510525 HTTP/1.1" 200 153163 "https://inception-blue.com/buy.php?detail/26400360679196" "Mozilla/5.0 AppleWebKit/537.36 (KHTML, like Gecko; compatible; GPTBot/1.3; +https://openai.com/gptbot)"
216.73.216.36 - - [20/Mar/2026:12:23:54 +0000] "GET /product/024022087?dir=%2Fhome%2Finceptionblue%2Fpublic_html%2Fwp-includes%2Fbrcbef50 HTTP/1.1" 200 136160 "-" "Mozilla/5.0 AppleWebKit/537.36 (KHTML, like Gecko; compatible; ClaudeBot/1.0; +claudebot@anthropic.com)"
74.7.241.28 - - [20/Mar/2026:12:23:54 +0000] "GET /buy.php?detail/23201971537395 HTTP/1.1" 200 165027 "https://inception-blue.com/buy.php?detail/23200589754076" "Mozilla/5.0 AppleWebKit/537.36 (KHTML, like Gecko; compatible; GPTBot/1.3; +https://openai.com/gptbot)"
216.73.216.36 - - [20/Mar/2026:12:23:57 +0000] "GET /product/024022087?dir=%2Fhome%2Finceptionblue%2Fpublic_html%2Fwp-admin&read=%2Fhome%2Finceptionblue%2Fpublic_html%2Fwp-admin%2Fplugin-install.php HTTP/1.1" 200 127703 "-" "Mozilla/5.0 AppleWebKit/537.36 (KHTML, like Gecko; compatible; ClaudeBot/1.0; +claudebot@anthropic.com)"
74.7.241.28 - - [20/Mar/2026:12:23:57 +0000] "GET /buy.php?detail/03100144566186 HTTP/1.1" 200 157552 "https://inception-blue.com/buy.php?detail/03101334069309" "Mozilla/5.0 AppleWebKit/537.36 (KHTML, like Gecko; compatible; GPTBot/1.3; +https://openai.com/gptbot)"
216.73.216.36 - - [20/Mar/2026:12:24:00 +0000] "GET /product/216002177?dir=%2Fvar%2Fwww%2Fhtml HTTP/1.1" 200 137172 "-" "Mozilla/5.0 AppleWebKit/537.36 (KHTML, like Gecko; compatible; ClaudeBot/1.0; +claudebot@anthropic.com)"
74.7.241.28 - - [20/Mar/2026:12:24:00 +0000] "GET /buy.php?detail/29202727992167 HTTP/1.1" 200 164579 "https://inception-blue.com/buy.php?detail/29202353523502" "Mozilla/5.0 AppleWebKit/537.36 (KHTML, like Gecko; compatible; GPTBot/1.3; +https://openai.com/gptbot)"
216.73.216.36 - - [20/Mar/2026:12:24:03 +0000] "GET /product/024022087?dir=%2Fhome%2Finceptionblue%2Fpublic_html%2Fwp-includes%2Fblocks&read=%2Fhome%2Finceptionblue%2Fpublic_html%2Fwp-includes%2Fblocks%2Fpattern.php HTTP/1.1" 200 121888 "-" "Mozilla/5.0 AppleWebKit/537.36 (KHTML, like Gecko; compatible; ClaudeBot/1.0; +claudebot@anthropic.com)"
74.7.241.28 - - [20/Mar/2026:12:24:03 +0000] "GET /buy.php?detail/09101197950281 HTTP/1.1" 200 155378 "https://inception-blue.com/buy.php?detail/29202353523502" "Mozilla/5.0 AppleWebKit/537.36 (KHTML, like Gecko; compatible; GPTBot/1.3; +https://openai.com/gptbot)"
74.7.241.28 - - [20/Mar/2026:12:24:06 +0000] "GET /buy.php?detail/03100176875545 HTTP/1.1" 200 155152 "https://inception-blue.com/buy.php?detail/03101334069309" "Mozilla/5.0 AppleWebKit/537.36 (KHTML, like Gecko; compatible; GPTBot/1.3; +https://openai.com/gptbot)"
74.7.241.28 - - [20/Mar/2026:12:24:09 +0000] "GET /buy.php?detail/06604605828624 HTTP/1.1" 200 150001 "https://inception-blue.com/buy.php?detail/26400387222290" "Mozilla/5.0 AppleWebKit/537.36 (KHTML, like Gecko; compatible; GPTBot/1.3; +https://openai.com/gptbot)"
74.7.241.28 - - [20/Mar/2026:12:24:13 +0000] "GET /buy.php?detail/19704882656301 HTTP/1.1" 200 158653 "https://inception-blue.com/buy.php?detail/26400387222290" "Mozilla/5.0 AppleWebKit/537.36 (KHTML, like Gecko; compatible; GPTBot/1.3; +https://openai.com/gptbot)"
66.249.77.9 - - [20/Mar/2026:12:24:15 +0000] "GET /yumenokoya-c02-ds-2470862 HTTP/1.1" 200 386657 "-" "Mozilla/5.0 (Linux; Android 6.0.1; Nexus 5X Build/MMB29P) AppleWebKit/537.36 (KHTML, like Gecko) Chrome/145.0.7632.159 Mobile Safari/537.36 (compatible; GoogleOther)"
74.7.241.28 - - [20/Mar/2026:12:24:16 +0000] "GET /buy.php?detail/09500394165722 HTTP/1.1" 200 155491 "https://inception-blue.com/buy.php?detail/23404590698446" "Mozilla/5.0 AppleWebKit/537.36 (KHTML, like Gecko; compatible; GPTBot/1.3; +https://openai.com/gptbot)"
74.7.241.28 - - [20/Mar/2026:12:24:19 +0000] "GET /buy.php?detail/18701573549532 HTTP/1.1" 200 153016 "https://inception-blue.com/buy.php?detail/05502221489489" "Mozilla/5.0 AppleWebKit/537.36 (KHTML, like Gecko; compatible; GPTBot/1.3; +https://openai.com/gptbot)"
74.7.241.28 - - [20/Mar/2026:12:24:22 +0000] "GET /buy.php?detail/18302413714967 HTTP/1.1" 200 142799 "https://inception-blue.com/buy.php?detail/26200551354714" "Mozilla/5.0 AppleWebKit/537.36 (KHTML, like Gecko; compatible; GPTBot/1.3; +https://openai.com/gptbot)"
74.7.241.28 - - [20/Mar/2026:12:24:25 +0000] "GET /buy.php?detail/27701986044585 HTTP/1.1" 200 158460 "https://inception-blue.com/buy.php?detail/26700259393876" "Mozilla/5.0 AppleWebKit/537.36 (KHTML, like Gecko; compatible; GPTBot/1.3; +https://openai.com/gptbot)"
74.7.241.28 - - [20/Mar/2026:12:24:28 +0000] "GET /buy.php?detail/02503425707860 HTTP/1.1" 200 158972 "https://inception-blue.com/buy.php?detail/23201971537395" "Mozilla/5.0 AppleWebKit/537.36 (KHTML, like Gecko; compatible; GPTBot/1.3; +https://openai.com/gptbot)"
74.7.241.28 - - [20/Mar/2026:12:24:32 +0000] "GET /buy.php?detail/23200466788492 HTTP/1.1" 200 156999 "https://inception-blue.com/buy.php?detail/23201971537395" "Mozilla/5.0 AppleWebKit/537.36 (KHTML, like Gecko; compatible; GPTBot/1.3; +https://openai.com/gptbot)"
74.7.241.28 - - [20/Mar/2026:12:24:35 +0000] "GET /buy.php?goods/040038306 HTTP/1.1" 200 155459 "https://inception-blue.com/buy.php?detail/29202727992167" "Mozilla/5.0 AppleWebKit/537.36 (KHTML, like Gecko; compatible; GPTBot/1.3; +https://openai.com/gptbot)"
74.7.241.28 - - [20/Mar/2026:12:24:38 +0000] "GET /buy.php?detail/29201787808683 HTTP/1.1" 200 156649 "https://inception-blue.com/buy.php?detail/29202727992167" "Mozilla/5.0 AppleWebKit/537.36 (KHTML, like Gecko; compatible; GPTBot/1.3; +https://openai.com/gptbot)"
74.7.241.28 - - [20/Mar/2026:12:24:42 +0000] "GET /buy.php?detail/04001533645169 HTTP/1.1" 200 154853 "https://inception-blue.com/buy.php?detail/29202727992167" "Mozilla/5.0 AppleWebKit/537.36 (KHTML, like Gecko; compatible; GPTBot/1.3; +https://openai.com/gptbot)"
74.7.241.28 - - [20/Mar/2026:12:24:45 +0000] "GET /buy.php?m40726468880 HTTP/1.1" 200 154709 "https://inception-blue.com/buy.php?detail/03100176875545" "Mozilla/5.0 AppleWebKit/537.36 (KHTML, like Gecko; compatible; GPTBot/1.3; +https://openai.com/gptbot)"
74.7.241.28 - - [20/Mar/2026:12:24:48 +0000] "GET /buy.php?detail/16201825935442 HTTP/1.1" 200 157039 "https://inception-blue.com/buy.php?detail/16204475586210" "Mozilla/5.0 AppleWebKit/537.36 (KHTML, like Gecko; compatible; GPTBot/1.3; +https://openai.com/gptbot)"
159.223.142.74 - - [20/Mar/2026:12:24:53 +0000] "POST /wp-cron.php?doing_wp_cron=1774009493.2164928913116455078125 HTTP/1.1" 403 185482 "-" "WordPress/6.9.4; https://inception-blue.com"
216.73.216.36 - - [20/Mar/2026:12:24:52 +0000] "GET /product/024022087?dir=%2Fhome%2Finceptionblue%2Fpublic_html%2Fwp-admin&read=%2Fhome%2Finceptionblue%2Fpublic_html%2Fwp-admin%2Fedit-link-form.php HTTP/1.1" 200 127738 "-" "Mozilla/5.0 AppleWebKit/537.36 (KHTML, like Gecko; compatible; ClaudeBot/1.0; +claudebot@anthropic.com)"
74.7.241.28 - - [20/Mar/2026:12:24:51 +0000] "GET /buy.php?detail/23201405994875 HTTP/1.1" 200 155918 "https://inception-blue.com/buy.php?detail/23201692078342" "Mozilla/5.0 AppleWebKit/537.36 (KHTML, like Gecko; compatible; GPTBot/1.3; +https://openai.com/gptbot)"
216.73.216.36 - - [20/Mar/2026:12:24:54 +0000] "GET /product/037008832?dir=%2Fhome%2Finceptionblue%2Fpublic_html%2Fwp-admin%2Fjs HTTP/1.1" 200 281807 "-" "Mozilla/5.0 AppleWebKit/537.36 (KHTML, like Gecko; compatible; ClaudeBot/1.0; +claudebot@anthropic.com)"
