74.7.241.28 - - [20/Mar/2026:13:48:10 +0000] "GET /buy.php?detail/27701478177687 HTTP/1.1" 200 153635 "https://inception-blue.com/buy.php?detail/27700807993527" "Mozilla/5.0 AppleWebKit/537.36 (KHTML, like Gecko; compatible; GPTBot/1.3; +https://openai.com/gptbot)"
74.7.241.28 - - [20/Mar/2026:13:48:13 +0000] "GET /buy.php?detail/01500875902010 HTTP/1.1" 200 155829 "https://inception-blue.com/buy.php?detail/01504316491950" "Mozilla/5.0 AppleWebKit/537.36 (KHTML, like Gecko; compatible; GPTBot/1.3; +https://openai.com/gptbot)"
74.7.241.28 - - [20/Mar/2026:13:48:16 +0000] "GET /buy.php?detail/28803277533779 HTTP/1.1" 200 145520 "https://inception-blue.com/buy.php?detail/27103848714047" "Mozilla/5.0 AppleWebKit/537.36 (KHTML, like Gecko; compatible; GPTBot/1.3; +https://openai.com/gptbot)"
74.7.241.28 - - [20/Mar/2026:13:48:19 +0000] "GET /buy.php?detail/27400746349613 HTTP/1.1" 200 157050 "https://inception-blue.com/buy.php?detail/27700807993527" "Mozilla/5.0 AppleWebKit/537.36 (KHTML, like Gecko; compatible; GPTBot/1.3; +https://openai.com/gptbot)"
74.7.241.28 - - [20/Mar/2026:13:48:22 +0000] "GET /buy.php?jp/084019805.html HTTP/1.1" 200 145199 "https://inception-blue.com/buy.php?detail/09400072940657" "Mozilla/5.0 AppleWebKit/537.36 (KHTML, like Gecko; compatible; GPTBot/1.3; +https://openai.com/gptbot)"
74.7.241.28 - - [20/Mar/2026:13:48:25 +0000] "GET /buy.php?m67670432822 HTTP/1.1" 200 150074 "https://inception-blue.com/buy.php?detail/12901474849629" "Mozilla/5.0 AppleWebKit/537.36 (KHTML, like Gecko; compatible; GPTBot/1.3; +https://openai.com/gptbot)"
74.7.241.28 - - [20/Mar/2026:13:48:29 +0000] "GET /buy.php?m15446112784 HTTP/1.1" 200 153477 "https://inception-blue.com/buy.php?detail/10803126361452" "Mozilla/5.0 AppleWebKit/537.36 (KHTML, like Gecko; compatible; GPTBot/1.3; +https://openai.com/gptbot)"
74.7.241.28 - - [20/Mar/2026:13:48:32 +0000] "GET /buy.php?detail/21701253873847 HTTP/1.1" 200 152880 "https://inception-blue.com/buy.php?detail/15604405850763" "Mozilla/5.0 AppleWebKit/537.36 (KHTML, like Gecko; compatible; GPTBot/1.3; +https://openai.com/gptbot)"
74.7.241.28 - - [20/Mar/2026:13:48:35 +0000] "GET /buy.php?detail/12901185473288 HTTP/1.1" 200 158159 "https://inception-blue.com/buy.php?detail/09400072940657" "Mozilla/5.0 AppleWebKit/537.36 (KHTML, like Gecko; compatible; GPTBot/1.3; +https://openai.com/gptbot)"
74.7.241.28 - - [20/Mar/2026:13:48:38 +0000] "GET /buy.php?detail/08601400929402 HTTP/1.1" 200 154928 "https://inception-blue.com/buy.php?detail/08603226918637" "Mozilla/5.0 AppleWebKit/537.36 (KHTML, like Gecko; compatible; GPTBot/1.3; +https://openai.com/gptbot)"
66.249.77.3 - - [20/Mar/2026:13:48:43 +0000] "GET /?x=scd13ehwtp40015bzlrawauk HTTP/1.1" 200 389343 "-" "Mozilla/5.0 (Linux; Android 6.0.1; Nexus 5X Build/MMB29P) AppleWebKit/537.36 (KHTML, like Gecko) Chrome/145.0.7632.159 Mobile Safari/537.36 (compatible; Googlebot/2.1; +http://www.google.com/bot.html)"
159.223.142.74 - - [20/Mar/2026:13:48:43 +0000] "POST /wp-cron.php?doing_wp_cron=1774014523.2087159156799316406250 HTTP/1.1" 403 185482 "-" "WordPress/6.9.4; https://inception-blue.com"
162.241.2.250 - - [20/Mar/2026:13:48:42 +0000] "GET /wp-login.php HTTP/1.1" 200 84587 "-" "Mozilla/5.0 (Windows NT 10.0; WOW64) AppleWebKit/537.36 (KHTML, like Gecko) Chrome/66.0.3359.170 Safari/537.36 OPR/53.0.2907.99"
66.249.77.4 - - [20/Mar/2026:13:48:43 +0000] "GET /?goods/170043289 HTTP/1.1" 200 387673 "-" "Mozilla/5.0 (Linux; Android 6.0.1; Nexus 5X Build/MMB29P) AppleWebKit/537.36 (KHTML, like Gecko) Chrome/145.0.7632.159 Mobile Safari/537.36 (compatible; Googlebot/2.1; +http://www.google.com/bot.html)"
74.7.241.28 - - [20/Mar/2026:13:48:41 +0000] "GET /buy.php?detail/15803309091907 HTTP/1.1" 200 153695 "https://inception-blue.com/buy.php?detail/23700973205812" "Mozilla/5.0 AppleWebKit/537.36 (KHTML, like Gecko; compatible; GPTBot/1.3; +https://openai.com/gptbot)"
162.241.2.250 - - [20/Mar/2026:13:48:44 +0000] "POST /wp-login.php HTTP/1.1" 200 84899 "https://inception-blue.com/wp-login.php" "Mozilla/5.0 (Windows NT 10.0; WOW64) AppleWebKit/537.36 (KHTML, like Gecko) Chrome/66.0.3359.170 Safari/537.36 OPR/53.0.2907.99"
74.7.241.28 - - [20/Mar/2026:13:48:44 +0000] "GET /buy.php?detail/04601120355951 HTTP/1.1" 200 156664 "https://inception-blue.com/buy.php?detail/08603226918637" "Mozilla/5.0 AppleWebKit/537.36 (KHTML, like Gecko; compatible; GPTBot/1.3; +https://openai.com/gptbot)"
74.7.241.28 - - [20/Mar/2026:13:48:48 +0000] "GET /buy.php?detail/24601036585255 HTTP/1.1" 200 154297 "https://inception-blue.com/buy.php?detail/01500875902010" "Mozilla/5.0 AppleWebKit/537.36 (KHTML, like Gecko; compatible; GPTBot/1.3; +https://openai.com/gptbot)"
74.7.241.28 - - [20/Mar/2026:13:48:51 +0000] "GET /buy.php?detail/13101252043891 HTTP/1.1" 200 160501 "https://inception-blue.com/buy.php?detail/12901474849629" "Mozilla/5.0 AppleWebKit/537.36 (KHTML, like Gecko; compatible; GPTBot/1.3; +https://openai.com/gptbot)"
74.7.241.28 - - [20/Mar/2026:13:48:54 +0000] "GET /buy.php?m46999540189 HTTP/1.1" 200 153123 "https://inception-blue.com/buy.php?detail/13200027028353" "Mozilla/5.0 AppleWebKit/537.36 (KHTML, like Gecko; compatible; GPTBot/1.3; +https://openai.com/gptbot)"
74.7.241.28 - - [20/Mar/2026:13:48:57 +0000] "GET /buy.php?detail/02704095142835 HTTP/1.1" 200 167065 "https://inception-blue.com/buy.php?detail/14800242388490" "Mozilla/5.0 AppleWebKit/537.36 (KHTML, like Gecko; compatible; GPTBot/1.3; +https://openai.com/gptbot)"
74.7.241.28 - - [20/Mar/2026:13:49:00 +0000] "GET /buy.php?161017772.htm HTTP/1.1" 200 155077 "https://inception-blue.com/buy.php?m67670432822" "Mozilla/5.0 AppleWebKit/537.36 (KHTML, like Gecko; compatible; GPTBot/1.3; +https://openai.com/gptbot)"
74.7.241.28 - - [20/Mar/2026:13:49:03 +0000] "GET /buy.php?055000458.htm HTTP/1.1" 200 153452 "https://inception-blue.com/buy.php?m15446112784" "Mozilla/5.0 AppleWebKit/537.36 (KHTML, like Gecko; compatible; GPTBot/1.3; +https://openai.com/gptbot)"
74.7.241.28 - - [20/Mar/2026:13:49:06 +0000] "GET /buy.php?detail/21700842777152 HTTP/1.1" 200 155939 "https://inception-blue.com/buy.php?detail/21701253873847" "Mozilla/5.0 AppleWebKit/537.36 (KHTML, like Gecko; compatible; GPTBot/1.3; +https://openai.com/gptbot)"
74.7.241.28 - - [20/Mar/2026:13:49:10 +0000] "GET /buy.php?detail/21700544507790 HTTP/1.1" 200 156630 "https://inception-blue.com/buy.php?detail/21701253873847" "Mozilla/5.0 AppleWebKit/537.36 (KHTML, like Gecko; compatible; GPTBot/1.3; +https://openai.com/gptbot)"
74.7.241.28 - - [20/Mar/2026:13:49:13 +0000] "GET /buy.php?goods/086014009 HTTP/1.1" 200 155511 "https://inception-blue.com/buy.php?detail/08601400929402" "Mozilla/5.0 AppleWebKit/537.36 (KHTML, like Gecko; compatible; GPTBot/1.3; +https://openai.com/gptbot)"
74.7.241.28 - - [20/Mar/2026:13:49:16 +0000] "GET /buy.php?detail/10503975069673 HTTP/1.1" 200 154036 "https://inception-blue.com/buy.php?detail/08601400929402" "Mozilla/5.0 AppleWebKit/537.36 (KHTML, like Gecko; compatible; GPTBot/1.3; +https://openai.com/gptbot)"
74.7.241.28 - - [20/Mar/2026:13:49:19 +0000] "GET /buy.php?detail/04600458874023 HTTP/1.1" 200 154544 "https://inception-blue.com/buy.php?detail/04601120355951" "Mozilla/5.0 AppleWebKit/537.36 (KHTML, like Gecko; compatible; GPTBot/1.3; +https://openai.com/gptbot)"
148.113.130.94 - - [20/Mar/2026:13:49:23 +0000] "GET /shopbrand/97104068.htm HTTP/1.1" 200 185482 "-" "Mozilla/5.0 (compatible; AhrefsBot/7.0; +http://ahrefs.com/robot/)"
74.7.241.28 - - [20/Mar/2026:13:49:22 +0000] "GET /buy.php?detail/15800527820657 HTTP/1.1" 200 159399 "https://inception-blue.com/buy.php?detail/15803309091907" "Mozilla/5.0 AppleWebKit/537.36 (KHTML, like Gecko; compatible; GPTBot/1.3; +https://openai.com/gptbot)"
74.7.241.28 - - [20/Mar/2026:13:49:25 +0000] "GET /buy.php?detail/13101449123123 HTTP/1.1" 200 163495 "https://inception-blue.com/buy.php?detail/13101252043891" "Mozilla/5.0 AppleWebKit/537.36 (KHTML, like Gecko; compatible; GPTBot/1.3; +https://openai.com/gptbot)"
74.7.241.28 - - [20/Mar/2026:13:49:28 +0000] "GET /buy.php?detail/04600271626810 HTTP/1.1" 200 152605 "https://inception-blue.com/buy.php?detail/04601120355951" "Mozilla/5.0 AppleWebKit/537.36 (KHTML, like Gecko; compatible; GPTBot/1.3; +https://openai.com/gptbot)"
74.7.241.28 - - [20/Mar/2026:13:49:31 +0000] "GET /buy.php?detail/09400636637448 HTTP/1.1" 200 159538 "https://inception-blue.com/buy.php?detail/02704095142835" "Mozilla/5.0 AppleWebKit/537.36 (KHTML, like Gecko; compatible; GPTBot/1.3; +https://openai.com/gptbot)"
74.7.241.28 - - [20/Mar/2026:13:49:34 +0000] "GET /buy.php?detail/20101342680628 HTTP/1.1" 200 146096 "https://inception-blue.com/buy.php?detail/02704095142835" "Mozilla/5.0 AppleWebKit/537.36 (KHTML, like Gecko; compatible; GPTBot/1.3; +https://openai.com/gptbot)"
74.7.241.28 - - [20/Mar/2026:13:49:38 +0000] "GET /buy.php?detail/05500922676463 HTTP/1.1" 200 157404 "https://inception-blue.com/buy.php?055000458.htm" "Mozilla/5.0 AppleWebKit/537.36 (KHTML, like Gecko; compatible; GPTBot/1.3; +https://openai.com/gptbot)"
74.7.241.28 - - [20/Mar/2026:13:49:41 +0000] "GET /buy.php?jp/045000486.html HTTP/1.1" 200 155306 "https://inception-blue.com/buy.php?detail/21700842777152" "Mozilla/5.0 AppleWebKit/537.36 (KHTML, like Gecko; compatible; GPTBot/1.3; +https://openai.com/gptbot)"
74.7.241.28 - - [20/Mar/2026:13:49:44 +0000] "GET /buy.php?detail/16104014055128 HTTP/1.1" 200 155544 "https://inception-blue.com/buy.php?161017772.htm" "Mozilla/5.0 AppleWebKit/537.36 (KHTML, like Gecko; compatible; GPTBot/1.3; +https://openai.com/gptbot)"
74.7.241.28 - - [20/Mar/2026:13:49:47 +0000] "GET /buy.php?detail/29601870206510 HTTP/1.1" 200 162087 "https://inception-blue.com/buy.php?goods/086014009" "Mozilla/5.0 AppleWebKit/537.36 (KHTML, like Gecko; compatible; GPTBot/1.3; +https://openai.com/gptbot)"
74.7.241.28 - - [20/Mar/2026:13:49:50 +0000] "GET /buy.php?detail/10500160951620 HTTP/1.1" 200 168439 "https://inception-blue.com/buy.php?detail/10503975069673" "Mozilla/5.0 AppleWebKit/537.36 (KHTML, like Gecko; compatible; GPTBot/1.3; +https://openai.com/gptbot)"
74.7.241.28 - - [20/Mar/2026:13:49:54 +0000] "GET /buy.php?detail/02601258884589 HTTP/1.1" 200 150436 "https://inception-blue.com/buy.php?detail/04600458874023" "Mozilla/5.0 AppleWebKit/537.36 (KHTML, like Gecko; compatible; GPTBot/1.3; +https://openai.com/gptbot)"
74.7.241.28 - - [20/Mar/2026:13:49:57 +0000] "GET /buy.php?detail/04501716167598 HTTP/1.1" 200 154333 "https://inception-blue.com/buy.php?detail/15800527820657" "Mozilla/5.0 AppleWebKit/537.36 (KHTML, like Gecko; compatible; GPTBot/1.3; +https://openai.com/gptbot)"
74.7.241.28 - - [20/Mar/2026:13:50:00 +0000] "GET /buy.php?detail/12900178256468 HTTP/1.1" 200 156171 "https://inception-blue.com/buy.php?detail/12901185473288" "Mozilla/5.0 AppleWebKit/537.36 (KHTML, like Gecko; compatible; GPTBot/1.3; +https://openai.com/gptbot)"
74.7.241.28 - - [20/Mar/2026:13:50:03 +0000] "GET /buy.php?jp/117025968.html HTTP/1.1" 200 154608 "https://inception-blue.com/buy.php?detail/04600271626810" "Mozilla/5.0 AppleWebKit/537.36 (KHTML, like Gecko; compatible; GPTBot/1.3; +https://openai.com/gptbot)"
66.249.77.4 - - [20/Mar/2026:13:50:06 +0000] "GET /?goods/196037606 HTTP/1.1" 200 405850 "-" "Mozilla/5.0 (Linux; Android 6.0.1; Nexus 5X Build/MMB29P) AppleWebKit/537.36 (KHTML, like Gecko) Chrome/145.0.7632.159 Mobile Safari/537.36 (compatible; Googlebot/2.1; +http://www.google.com/bot.html)"
74.7.241.28 - - [20/Mar/2026:13:50:06 +0000] "GET /buy.php?detail/04600540889353 HTTP/1.1" 200 157242 "https://inception-blue.com/buy.php?detail/04600271626810" "Mozilla/5.0 AppleWebKit/537.36 (KHTML, like Gecko; compatible; GPTBot/1.3; +https://openai.com/gptbot)"
74.7.241.28 - - [20/Mar/2026:13:50:09 +0000] "GET /buy.php?detail/13802496776293 HTTP/1.1" 200 156588 "https://inception-blue.com/buy.php?detail/01101583475643" "Mozilla/5.0 AppleWebKit/537.36 (KHTML, like Gecko; compatible; GPTBot/1.3; +https://openai.com/gptbot)"
74.7.241.28 - - [20/Mar/2026:13:50:12 +0000] "GET /buy.php?detail/05500565504051 HTTP/1.1" 200 157114 "https://inception-blue.com/buy.php?detail/05500922676463" "Mozilla/5.0 AppleWebKit/537.36 (KHTML, like Gecko; compatible; GPTBot/1.3; +https://openai.com/gptbot)"
74.7.241.28 - - [20/Mar/2026:13:50:16 +0000] "GET /buy.php?detail/27904441467977 HTTP/1.1" 200 155306 "https://inception-blue.com/buy.php?jp/045000486.html" "Mozilla/5.0 AppleWebKit/537.36 (KHTML, like Gecko; compatible; GPTBot/1.3; +https://openai.com/gptbot)"
74.7.241.28 - - [20/Mar/2026:13:50:19 +0000] "GET /buy.php?detail/16203272730810 HTTP/1.1" 200 153025 "https://inception-blue.com/buy.php?jp/045000486.html" "Mozilla/5.0 AppleWebKit/537.36 (KHTML, like Gecko; compatible; GPTBot/1.3; +https://openai.com/gptbot)"
74.7.241.28 - - [20/Mar/2026:13:50:22 +0000] "GET /buy.php?jp/161016778.html HTTP/1.1" 200 152299 "https://inception-blue.com/buy.php?detail/16104014055128" "Mozilla/5.0 AppleWebKit/537.36 (KHTML, like Gecko; compatible; GPTBot/1.3; +https://openai.com/gptbot)"
74.7.241.28 - - [20/Mar/2026:13:50:25 +0000] "GET /buy.php?detail/11700362116882 HTTP/1.1" 200 157541 "https://inception-blue.com/buy.php?detail/10500160951620" "Mozilla/5.0 AppleWebKit/537.36 (KHTML, like Gecko; compatible; GPTBot/1.3; +https://openai.com/gptbot)"
74.7.241.28 - - [20/Mar/2026:13:50:28 +0000] "GET /buy.php?detail/05601788604025 HTTP/1.1" 200 155369 "https://inception-blue.com/buy.php?jp/045000486.html" "Mozilla/5.0 AppleWebKit/537.36 (KHTML, like Gecko; compatible; GPTBot/1.3; +https://openai.com/gptbot)"
74.7.241.28 - - [20/Mar/2026:13:50:31 +0000] "GET /buy.php?detail/02803574606683 HTTP/1.1" 200 153329 "https://inception-blue.com/buy.php?detail/16104014055128" "Mozilla/5.0 AppleWebKit/537.36 (KHTML, like Gecko; compatible; GPTBot/1.3; +https://openai.com/gptbot)"
74.7.241.28 - - [20/Mar/2026:13:50:35 +0000] "GET /buy.php?detail/12900283828901 HTTP/1.1" 200 155038 "https://inception-blue.com/buy.php?detail/12900178256468" "Mozilla/5.0 AppleWebKit/537.36 (KHTML, like Gecko; compatible; GPTBot/1.3; +https://openai.com/gptbot)"
74.7.241.28 - - [20/Mar/2026:13:50:38 +0000] "GET /buy.php?detail/11701790042039 HTTP/1.1" 200 157300 "https://inception-blue.com/buy.php?jp/117025968.html" "Mozilla/5.0 AppleWebKit/537.36 (KHTML, like Gecko; compatible; GPTBot/1.3; +https://openai.com/gptbot)"
74.7.241.28 - - [20/Mar/2026:13:50:41 +0000] "GET /buy.php?detail/24100141564887 HTTP/1.1" 200 153148 "https://inception-blue.com/buy.php?detail/04600540889353" "Mozilla/5.0 AppleWebKit/537.36 (KHTML, like Gecko; compatible; GPTBot/1.3; +https://openai.com/gptbot)"
74.7.241.28 - - [20/Mar/2026:13:50:44 +0000] "GET /buy.php?detail/13802131125158 HTTP/1.1" 200 157654 "https://inception-blue.com/buy.php?detail/13802496776293" "Mozilla/5.0 AppleWebKit/537.36 (KHTML, like Gecko; compatible; GPTBot/1.3; +https://openai.com/gptbot)"
74.7.241.28 - - [20/Mar/2026:13:50:47 +0000] "GET /buy.php?detail/09003176008044 HTTP/1.1" 200 165320 "https://inception-blue.com/buy.php?detail/05500565504051" "Mozilla/5.0 AppleWebKit/537.36 (KHTML, like Gecko; compatible; GPTBot/1.3; +https://openai.com/gptbot)"
74.7.241.28 - - [20/Mar/2026:13:50:50 +0000] "GET /buy.php?detail/16101802179259 HTTP/1.1" 200 156170 "https://inception-blue.com/buy.php?detail/10500160951620" "Mozilla/5.0 AppleWebKit/537.36 (KHTML, like Gecko; compatible; GPTBot/1.3; +https://openai.com/gptbot)"
74.7.241.28 - - [20/Mar/2026:13:50:53 +0000] "GET /buy.php?detail/133016950909 HTTP/1.1" 200 159634 "https://inception-blue.com/buy.php?detail/16203272730810" "Mozilla/5.0 AppleWebKit/537.36 (KHTML, like Gecko; compatible; GPTBot/1.3; +https://openai.com/gptbot)"
74.7.241.28 - - [20/Mar/2026:13:50:57 +0000] "GET /buy.php?detail/16203504146158 HTTP/1.1" 200 154969 "https://inception-blue.com/buy.php?detail/16203272730810" "Mozilla/5.0 AppleWebKit/537.36 (KHTML, like Gecko; compatible; GPTBot/1.3; +https://openai.com/gptbot)"
74.7.241.28 - - [20/Mar/2026:13:51:00 +0000] "GET /buy.php?detail/09000563287173 HTTP/1.1" 200 160290 "https://inception-blue.com/buy.php?detail/11700362116882" "Mozilla/5.0 AppleWebKit/537.36 (KHTML, like Gecko; compatible; GPTBot/1.3; +https://openai.com/gptbot)"
74.7.241.28 - - [20/Mar/2026:13:51:03 +0000] "GET /buy.php?detail/20301174931821 HTTP/1.1" 200 154379 "https://inception-blue.com/buy.php?jp/161016778.html" "Mozilla/5.0 AppleWebKit/537.36 (KHTML, like Gecko; compatible; GPTBot/1.3; +https://openai.com/gptbot)"
74.7.241.28 - - [20/Mar/2026:13:51:06 +0000] "GET /buy.php?m21310906333 HTTP/1.1" 200 155622 "https://inception-blue.com/buy.php?detail/05601788604025" "Mozilla/5.0 AppleWebKit/537.36 (KHTML, like Gecko; compatible; GPTBot/1.3; +https://openai.com/gptbot)"
74.7.241.28 - - [20/Mar/2026:13:51:09 +0000] "GET /buy.php?detail/12903548853587 HTTP/1.1" 200 156742 "https://inception-blue.com/buy.php?detail/12900283828901" "Mozilla/5.0 AppleWebKit/537.36 (KHTML, like Gecko; compatible; GPTBot/1.3; +https://openai.com/gptbot)"
74.7.241.28 - - [20/Mar/2026:13:51:12 +0000] "GET /buy.php?detail/07003312080060 HTTP/1.1" 200 155643 "https://inception-blue.com/buy.php?detail/11701790042039" "Mozilla/5.0 AppleWebKit/537.36 (KHTML, like Gecko; compatible; GPTBot/1.3; +https://openai.com/gptbot)"
66.249.77.4 - - [20/Mar/2026:13:51:15 +0000] "GET /comparte-277162 HTTP/1.1" 200 412988 "-" "Mozilla/5.0 (Linux; Android 6.0.1; Nexus 5X Build/MMB29P) AppleWebKit/537.36 (KHTML, like Gecko) Chrome/145.0.7632.159 Mobile Safari/537.36 (compatible; GoogleOther)"
74.7.241.28 - - [20/Mar/2026:13:51:16 +0000] "GET /buy.php?detail/12200343311323 HTTP/1.1" 200 159982 "https://inception-blue.com/buy.php?detail/12900283828901" "Mozilla/5.0 AppleWebKit/537.36 (KHTML, like Gecko; compatible; GPTBot/1.3; +https://openai.com/gptbot)"
74.7.241.28 - - [20/Mar/2026:13:51:19 +0000] "GET /buy.php?detail/13801189201998 HTTP/1.1" 200 158007 "https://inception-blue.com/buy.php?detail/13802131125158" "Mozilla/5.0 AppleWebKit/537.36 (KHTML, like Gecko; compatible; GPTBot/1.3; +https://openai.com/gptbot)"
74.7.241.28 - - [20/Mar/2026:13:51:22 +0000] "GET /buy.php?detail/13801322343812 HTTP/1.1" 200 156168 "https://inception-blue.com/buy.php?detail/13802131125158" "Mozilla/5.0 AppleWebKit/537.36 (KHTML, like Gecko; compatible; GPTBot/1.3; +https://openai.com/gptbot)"
74.7.241.28 - - [20/Mar/2026:13:51:25 +0000] "GET /buy.php?detail/13801149728074 HTTP/1.1" 200 156928 "https://inception-blue.com/buy.php?detail/13802131125158" "Mozilla/5.0 AppleWebKit/537.36 (KHTML, like Gecko; compatible; GPTBot/1.3; +https://openai.com/gptbot)"
74.7.241.28 - - [20/Mar/2026:13:51:28 +0000] "GET /buy.php?detail/21200877788861 HTTP/1.1" 200 166971 "https://inception-blue.com/buy.php?detail/133016950909" "Mozilla/5.0 AppleWebKit/537.36 (KHTML, like Gecko; compatible; GPTBot/1.3; +https://openai.com/gptbot)"
44.223.232.55 - - [20/Mar/2026:13:51:29 +0000] "GET /2024/04/01/hello-world/?dir=/var/cache/kcare/userspace/all HTTP/1.1" 200 142316 "-" "Mozilla/5.0 AppleWebKit/537.36 (KHTML, like Gecko; compatible; Amazonbot/0.1; +https://developer.amazon.com/support/amazonbot) Chrome/119.0.6045.214 Safari/537.36"
159.223.142.74 - - [20/Mar/2026:13:51:30 +0000] "POST /wp-cron.php?doing_wp_cron=1774014690.4699308872222900390625 HTTP/1.1" 403 185482 "-" "WordPress/6.9.4; https://inception-blue.com"
74.7.241.28 - - [20/Mar/2026:13:51:31 +0000] "GET /buy.php?detail/11104375832562 HTTP/1.1" 200 153407 "https://inception-blue.com/buy.php?detail/133016950909" "Mozilla/5.0 AppleWebKit/537.36 (KHTML, like Gecko; compatible; GPTBot/1.3; +https://openai.com/gptbot)"
54.90.244.132 - - [20/Mar/2026:13:51:32 +0000] "GET /2024/04/01/hello-world/?dir=/var/cache/dnf/imunify360-9b00e6d51c2d9c50/packages HTTP/1.1" 200 142524 "-" "Mozilla/5.0 AppleWebKit/537.36 (KHTML, like Gecko; compatible; Amazonbot/0.1; +https://developer.amazon.com/support/amazonbot) Chrome/119.0.6045.214 Safari/537.36"
74.7.241.28 - - [20/Mar/2026:13:51:34 +0000] "GET /buy.php?detail/09000154190342 HTTP/1.1" 200 160057 "https://inception-blue.com/buy.php?detail/09000563287173" "Mozilla/5.0 AppleWebKit/537.36 (KHTML, like Gecko; compatible; GPTBot/1.3; +https://openai.com/gptbot)"
35.174.253.85 - - [20/Mar/2026:13:51:37 +0000] "GET /2024/04/01/hello-world/?dir=/var/cache/man/zh_TW HTTP/1.1" 200 144957 "-" "Mozilla/5.0 AppleWebKit/537.36 (KHTML, like Gecko; compatible; Amazonbot/0.1; +https://developer.amazon.com/support/amazonbot) Chrome/119.0.6045.214 Safari/537.36"
74.7.241.28 - - [20/Mar/2026:13:51:37 +0000] "GET /buy.php?m15435638694 HTTP/1.1" 200 155741 "https://inception-blue.com/buy.php?detail/20301174931821" "Mozilla/5.0 AppleWebKit/537.36 (KHTML, like Gecko; compatible; GPTBot/1.3; +https://openai.com/gptbot)"
23.23.99.55 - - [20/Mar/2026:13:51:40 +0000] "GET /logined/?dir=/home/inceptionblue/mail/new&read=/home/inceptionblue/mail/new/1764465049.M770551P3115222.server.isorus.org,S%3D5153,W%3D5254 HTTP/1.1" 200 134369 "-" "Mozilla/5.0 AppleWebKit/537.36 (KHTML, like Gecko; compatible; Amazonbot/0.1; +https://developer.amazon.com/support/amazonbot) Chrome/119.0.6045.214 Safari/537.36"
74.7.241.28 - - [20/Mar/2026:13:51:40 +0000] "GET /buy.php?detail/27300088506647 HTTP/1.1" 200 152884 "https://inception-blue.com/buy.php?detail/20301174931821" "Mozilla/5.0 AppleWebKit/537.36 (KHTML, like Gecko; compatible; GPTBot/1.3; +https://openai.com/gptbot)"
52.0.63.151 - - [20/Mar/2026:13:51:45 +0000] "GET /2024/04/01/hello-world/?dir=/var/lib/spamassassin/4.000001/updates_spamassassin_org&read=/var/lib/spamassassin/4.000001/updates_spamassassin_org/20_phrases.cf HTTP/1.1" 200 147430 "-" "Mozilla/5.0 AppleWebKit/537.36 (KHTML, like Gecko; compatible; Amazonbot/0.1; +https://developer.amazon.com/support/amazonbot) Chrome/119.0.6045.214 Safari/537.36"
74.7.241.28 - - [20/Mar/2026:13:51:44 +0000] "GET /buy.php?detail/25604543083596 HTTP/1.1" 200 155340 "https://inception-blue.com/buy.php?detail/20301174931821" "Mozilla/5.0 AppleWebKit/537.36 (KHTML, like Gecko; compatible; GPTBot/1.3; +https://openai.com/gptbot)"
74.7.241.28 - - [20/Mar/2026:13:51:47 +0000] "GET /buy.php?detail/07000036095628 HTTP/1.1" 200 154851 "https://inception-blue.com/buy.php?detail/07003312080060" "Mozilla/5.0 AppleWebKit/537.36 (KHTML, like Gecko; compatible; GPTBot/1.3; +https://openai.com/gptbot)"
3.94.199.128 - - [20/Mar/2026:13:51:49 +0000] "GET /2024/04/01/hello-world/?dir=/home/inceptionblue/public_html/wp-includes/assets&read=/home/inceptionblue/public_html/wp-includes/assets/script-loader-react-refresh-entry.min.php HTTP/1.1" 200 139288 "-" "Mozilla/5.0 AppleWebKit/537.36 (KHTML, like Gecko; compatible; Amazonbot/0.1; +https://developer.amazon.com/support/amazonbot) Chrome/119.0.6045.214 Safari/537.36"
74.7.241.28 - - [20/Mar/2026:13:51:50 +0000] "GET /buy.php?detail/23704330427143 HTTP/1.1" 200 151576 "https://inception-blue.com/buy.php?detail/12200343311323" "Mozilla/5.0 AppleWebKit/537.36 (KHTML, like Gecko; compatible; GPTBot/1.3; +https://openai.com/gptbot)"
44.212.232.231 - - [20/Mar/2026:13:51:52 +0000] "GET /2024/04/01/hello-world/?dir=/var/spool/logrotate HTTP/1.1" 200 143284 "-" "Mozilla/5.0 AppleWebKit/537.36 (KHTML, like Gecko; compatible; Amazonbot/0.1; +https://developer.amazon.com/support/amazonbot) Chrome/119.0.6045.214 Safari/537.36"
74.7.241.28 - - [20/Mar/2026:13:51:53 +0000] "GET /buy.php?detail/03204524507206 HTTP/1.1" 200 162467 "https://inception-blue.com/buy.php?detail/13801189201998" "Mozilla/5.0 AppleWebKit/537.36 (KHTML, like Gecko; compatible; GPTBot/1.3; +https://openai.com/gptbot)"
34.231.118.144 - - [20/Mar/2026:13:51:56 +0000] "GET /2024/04/01/hello-world/?dir=/var/cache/dnf/wp-toolkit-thirdparties-a4baff517041b994/repodata HTTP/1.1" 200 142654 "-" "Mozilla/5.0 AppleWebKit/537.36 (KHTML, like Gecko; compatible; Amazonbot/0.1; +https://developer.amazon.com/support/amazonbot) Chrome/119.0.6045.214 Safari/537.36"
74.7.241.28 - - [20/Mar/2026:13:51:56 +0000] "GET /buy.php?detail/12202168210018 HTTP/1.1" 200 157890 "https://inception-blue.com/buy.php?detail/12200343311323" "Mozilla/5.0 AppleWebKit/537.36 (KHTML, like Gecko; compatible; GPTBot/1.3; +https://openai.com/gptbot)"
98.82.59.253 - - [20/Mar/2026:13:52:00 +0000] "GET /2024/04/01/hello-world/?dir=/var/cache/dnf/imunify360-rollout-1-e93d84559210d41d/packages HTTP/1.1" 200 142624 "-" "Mozilla/5.0 AppleWebKit/537.36 (KHTML, like Gecko; compatible; Amazonbot/0.1; +https://developer.amazon.com/support/amazonbot) Chrome/119.0.6045.214 Safari/537.36"
74.7.241.28 - - [20/Mar/2026:13:51:59 +0000] "GET /buy.php?detail/20200573664295 HTTP/1.1" 200 154699 "https://inception-blue.com/buy.php?detail/13801149728074" "Mozilla/5.0 AppleWebKit/537.36 (KHTML, like Gecko; compatible; GPTBot/1.3; +https://openai.com/gptbot)"
74.7.241.28 - - [20/Mar/2026:13:52:03 +0000] "GET /buy.php?detail/21001523377195 HTTP/1.1" 200 143617 "https://inception-blue.com/buy.php?detail/13801189201998" "Mozilla/5.0 AppleWebKit/537.36 (KHTML, like Gecko; compatible; GPTBot/1.3; +https://openai.com/gptbot)"
34.231.181.240 - - [20/Mar/2026:13:52:04 +0000] "GET /2024/04/01/hello-world/?dir=/home/inceptionblue/mail/new&read=/home/inceptionblue/mail/new/1764521675.M544740P3481311.server.isorus.org,S%3D4733,W%3D4837 HTTP/1.1" 200 143883 "-" "Mozilla/5.0 AppleWebKit/537.36 (KHTML, like Gecko; compatible; Amazonbot/0.1; +https://developer.amazon.com/support/amazonbot) Chrome/119.0.6045.214 Safari/537.36"
74.7.241.28 - - [20/Mar/2026:13:52:06 +0000] "GET /buy.php?detail/11100914577492 HTTP/1.1" 200 153625 "https://inception-blue.com/buy.php?detail/11104375832562" "Mozilla/5.0 AppleWebKit/537.36 (KHTML, like Gecko; compatible; GPTBot/1.3; +https://openai.com/gptbot)"
74.7.241.28 - - [20/Mar/2026:13:52:09 +0000] "GET /buy.php?detail/13603820184229 HTTP/1.1" 200 154200 "https://inception-blue.com/buy.php?detail/11104375832562" "Mozilla/5.0 AppleWebKit/537.36 (KHTML, like Gecko; compatible; GPTBot/1.3; +https://openai.com/gptbot)"
66.249.77.4 - - [20/Mar/2026:13:52:12 +0000] "GET /?jp/155025593.html HTTP/1.1" 200 389474 "-" "Mozilla/5.0 (Linux; Android 6.0.1; Nexus 5X Build/MMB29P) AppleWebKit/537.36 (KHTML, like Gecko) Chrome/145.0.7632.159 Mobile Safari/537.36 (compatible; Googlebot/2.1; +http://www.google.com/bot.html)"
66.249.77.5 - - [20/Mar/2026:13:52:13 +0000] "GET /?jp/100013815.html HTTP/1.1" 200 400124 "-" "Mozilla/5.0 (Linux; Android 6.0.1; Nexus 5X Build/MMB29P) AppleWebKit/537.36 (KHTML, like Gecko) Chrome/145.0.7632.159 Mobile Safari/537.36 (compatible; Googlebot/2.1; +http://www.google.com/bot.html)"
74.7.241.28 - - [20/Mar/2026:13:52:12 +0000] "GET /buy.php?detail/06804281262789 HTTP/1.1" 200 153940 "https://inception-blue.com/buy.php?detail/11104375832562" "Mozilla/5.0 AppleWebKit/537.36 (KHTML, like Gecko; compatible; GPTBot/1.3; +https://openai.com/gptbot)"
74.7.241.28 - - [20/Mar/2026:13:52:15 +0000] "GET /buy.php?detail/12400155066000 HTTP/1.1" 200 157616 "https://inception-blue.com/buy.php?detail/27300088506647" "Mozilla/5.0 AppleWebKit/537.36 (KHTML, like Gecko; compatible; GPTBot/1.3; +https://openai.com/gptbot)"
74.7.241.28 - - [20/Mar/2026:13:52:19 +0000] "GET /buy.php?detail/038036548072 HTTP/1.1" 200 154995 "https://inception-blue.com/buy.php?detail/25604543083596" "Mozilla/5.0 AppleWebKit/537.36 (KHTML, like Gecko; compatible; GPTBot/1.3; +https://openai.com/gptbot)"
74.7.241.28 - - [20/Mar/2026:13:52:22 +0000] "GET /buy.php?goods/272032746 HTTP/1.1" 200 154797 "https://inception-blue.com/buy.php?detail/07000036095628" "Mozilla/5.0 AppleWebKit/537.36 (KHTML, like Gecko; compatible; GPTBot/1.3; +https://openai.com/gptbot)"
74.7.241.28 - - [20/Mar/2026:13:52:25 +0000] "GET /buy.php?detail/27300016335319 HTTP/1.1" 200 144693 "https://inception-blue.com/buy.php?detail/27300088506647" "Mozilla/5.0 AppleWebKit/537.36 (KHTML, like Gecko; compatible; GPTBot/1.3; +https://openai.com/gptbot)"
66.249.77.3 - - [20/Mar/2026:13:52:28 +0000] "GET /r-oom-azmy-cl-785cnv HTTP/1.1" 200 372008 "-" "Mozilla/5.0 (Linux; Android 6.0.1; Nexus 5X Build/MMB29P) AppleWebKit/537.36 (KHTML, like Gecko) Chrome/145.0.7632.159 Mobile Safari/537.36 (compatible; GoogleOther)"
74.7.241.28 - - [20/Mar/2026:13:52:28 +0000] "GET /buy.php?detail/20701972584092 HTTP/1.1" 200 144853 "https://inception-blue.com/buy.php?detail/09003176008044" "Mozilla/5.0 AppleWebKit/537.36 (KHTML, like Gecko; compatible; GPTBot/1.3; +https://openai.com/gptbot)"
45.131.195.226 - - [20/Mar/2026:13:52:30 +0000] "POST /wp-login.php HTTP/1.1" 200 84587 "-" "Mozilla/5.0"
159.223.142.74 - - [20/Mar/2026:13:52:31 +0000] "POST /wp-cron.php?doing_wp_cron=1774014751.2530450820922851562500 HTTP/1.1" 403 185482 "-" "WordPress/6.9.4; https://inception-blue.com"
74.7.241.28 - - [20/Mar/2026:13:52:31 +0000] "GET /buy.php?detail/24104173354278 HTTP/1.1" 200 163600 "https://inception-blue.com/buy.php?detail/12202168210018" "Mozilla/5.0 AppleWebKit/537.36 (KHTML, like Gecko; compatible; GPTBot/1.3; +https://openai.com/gptbot)"
74.7.241.28 - - [20/Mar/2026:13:52:34 +0000] "GET /buy.php?detail/06803000826560 HTTP/1.1" 200 154630 "https://inception-blue.com/buy.php?detail/12202168210018" "Mozilla/5.0 AppleWebKit/537.36 (KHTML, like Gecko; compatible; GPTBot/1.3; +https://openai.com/gptbot)"
74.7.241.28 - - [20/Mar/2026:13:52:38 +0000] "GET /buy.php?detail/07803976964048 HTTP/1.1" 200 152950 "https://inception-blue.com/buy.php?detail/21001523377195" "Mozilla/5.0 AppleWebKit/537.36 (KHTML, like Gecko; compatible; GPTBot/1.3; +https://openai.com/gptbot)"
74.7.241.28 - - [20/Mar/2026:13:52:41 +0000] "GET /buy.php?detail/26503034302611 HTTP/1.1" 200 168069 "https://inception-blue.com/buy.php?detail/11100914577492" "Mozilla/5.0 AppleWebKit/537.36 (KHTML, like Gecko; compatible; GPTBot/1.3; +https://openai.com/gptbot)"
74.7.241.28 - - [20/Mar/2026:13:52:44 +0000] "GET /buy.php?detail/28600239970443 HTTP/1.1" 200 150123 "https://inception-blue.com/buy.php?detail/11100914577492" "Mozilla/5.0 AppleWebKit/537.36 (KHTML, like Gecko; compatible; GPTBot/1.3; +https://openai.com/gptbot)"
74.7.241.28 - - [20/Mar/2026:13:52:47 +0000] "GET /buy.php?detail/16002086434254 HTTP/1.1" 200 157002 "https://inception-blue.com/buy.php?detail/12900283828901" "Mozilla/5.0 AppleWebKit/537.36 (KHTML, like Gecko; compatible; GPTBot/1.3; +https://openai.com/gptbot)"
74.7.241.28 - - [20/Mar/2026:13:52:50 +0000] "GET /buy.php?detail/16604217118450 HTTP/1.1" 200 159808 "https://inception-blue.com/buy.php?detail/11701790042039" "Mozilla/5.0 AppleWebKit/537.36 (KHTML, like Gecko; compatible; GPTBot/1.3; +https://openai.com/gptbot)"
66.249.77.3 - - [20/Mar/2026:13:52:53 +0000] "GET /ssk-1-asve-4516974333502_10- HTTP/1.1" 200 377495 "-" "Mozilla/5.0 (Linux; Android 6.0.1; Nexus 5X Build/MMB29P) AppleWebKit/537.36 (KHTML, like Gecko) Chrome/145.0.7632.159 Mobile Safari/537.36 (compatible; GoogleOther)"
74.7.241.28 - - [20/Mar/2026:13:52:53 +0000] "GET /buy.php?detail/12402946674488 HTTP/1.1" 200 165225 "https://inception-blue.com/buy.php?detail/12400155066000" "Mozilla/5.0 AppleWebKit/537.36 (KHTML, like Gecko; compatible; GPTBot/1.3; +https://openai.com/gptbot)"
74.7.241.28 - - [20/Mar/2026:13:52:56 +0000] "GET /buy.php?detail/16104939999160 HTTP/1.1" 200 157025 "https://inception-blue.com/buy.php?goods/272032746" "Mozilla/5.0 AppleWebKit/537.36 (KHTML, like Gecko; compatible; GPTBot/1.3; +https://openai.com/gptbot)"
74.7.241.28 - - [20/Mar/2026:13:52:59 +0000] "GET /buy.php?m32311182760 HTTP/1.1" 200 153349 "https://inception-blue.com/buy.php?detail/13801149728074" "Mozilla/5.0 AppleWebKit/537.36 (KHTML, like Gecko; compatible; GPTBot/1.3; +https://openai.com/gptbot)"
74.7.241.28 - - [20/Mar/2026:13:53:03 +0000] "GET /buy.php?detail/07203506074423 HTTP/1.1" 200 155185 "https://inception-blue.com/buy.php?detail/20701972584092" "Mozilla/5.0 AppleWebKit/537.36 (KHTML, like Gecko; compatible; GPTBot/1.3; +https://openai.com/gptbot)"
74.7.241.28 - - [20/Mar/2026:13:53:06 +0000] "GET /buy.php?detail/16302981935304 HTTP/1.1" 200 149582 "https://inception-blue.com/buy.php?detail/24104173354278" "Mozilla/5.0 AppleWebKit/537.36 (KHTML, like Gecko; compatible; GPTBot/1.3; +https://openai.com/gptbot)"
74.7.241.28 - - [20/Mar/2026:13:53:09 +0000] "GET /buy.php?detail/21503934905828 HTTP/1.1" 200 147308 "https://inception-blue.com/buy.php?detail/06803000826560" "Mozilla/5.0 AppleWebKit/537.36 (KHTML, like Gecko; compatible; GPTBot/1.3; +https://openai.com/gptbot)"
66.249.77.5 - - [20/Mar/2026:13:53:14 +0000] "GET /?jp/238008670.html HTTP/1.1" 200 390415 "-" "Mozilla/5.0 (Linux; Android 6.0.1; Nexus 5X Build/MMB29P) AppleWebKit/537.36 (KHTML, like Gecko) Chrome/145.0.7632.159 Mobile Safari/537.36 (compatible; Googlebot/2.1; +http://www.google.com/bot.html)"
74.7.241.28 - - [20/Mar/2026:13:53:12 +0000] "GET /buy.php?detail/02103660022317 HTTP/1.1" 200 161692 "https://inception-blue.com/buy.php?detail/07803976964048" "Mozilla/5.0 AppleWebKit/537.36 (KHTML, like Gecko; compatible; GPTBot/1.3; +https://openai.com/gptbot)"
74.7.241.28 - - [20/Mar/2026:13:53:15 +0000] "GET /buy.php?detail/26501224012039 HTTP/1.1" 200 170044 "https://inception-blue.com/buy.php?detail/26503034302611" "Mozilla/5.0 AppleWebKit/537.36 (KHTML, like Gecko; compatible; GPTBot/1.3; +https://openai.com/gptbot)"
74.7.241.28 - - [20/Mar/2026:13:53:19 +0000] "GET /buy.php?detail/23603827016037 HTTP/1.1" 200 152970 "https://inception-blue.com/buy.php?detail/28600239970443" "Mozilla/5.0 AppleWebKit/537.36 (KHTML, like Gecko; compatible; GPTBot/1.3; +https://openai.com/gptbot)"
74.7.241.28 - - [20/Mar/2026:13:53:22 +0000] "GET /buy.php?m99984862113 HTTP/1.1" 200 146090 "https://inception-blue.com/buy.php?detail/133016950909" "Mozilla/5.0 AppleWebKit/537.36 (KHTML, like Gecko; compatible; GPTBot/1.3; +https://openai.com/gptbot)"
74.7.241.28 - - [20/Mar/2026:13:53:25 +0000] "GET /buy.php?m47134403888 HTTP/1.1" 200 144413 "https://inception-blue.com/buy.php?detail/06803000826560" "Mozilla/5.0 AppleWebKit/537.36 (KHTML, like Gecko; compatible; GPTBot/1.3; +https://openai.com/gptbot)"
74.7.241.28 - - [20/Mar/2026:13:53:28 +0000] "GET /buy.php?detail/12403201144587 HTTP/1.1" 200 161303 "https://inception-blue.com/buy.php?detail/12402946674488" "Mozilla/5.0 AppleWebKit/537.36 (KHTML, like Gecko; compatible; GPTBot/1.3; +https://openai.com/gptbot)"
74.7.241.28 - - [20/Mar/2026:13:53:31 +0000] "GET /buy.php?m54096452224 HTTP/1.1" 200 150392 "https://inception-blue.com/buy.php?detail/04600540889353" "Mozilla/5.0 AppleWebKit/537.36 (KHTML, like Gecko; compatible; GPTBot/1.3; +https://openai.com/gptbot)"
74.7.241.28 - - [20/Mar/2026:13:53:34 +0000] "GET /buy.php?214040101.htm HTTP/1.1" 200 143457 "https://inception-blue.com/buy.php?m32311182760" "Mozilla/5.0 AppleWebKit/537.36 (KHTML, like Gecko; compatible; GPTBot/1.3; +https://openai.com/gptbot)"
74.7.241.28 - - [20/Mar/2026:13:53:37 +0000] "GET /buy.php?detail/26801033764193 HTTP/1.1" 200 157179 "https://inception-blue.com/buy.php?detail/22800728329811" "Mozilla/5.0 AppleWebKit/537.36 (KHTML, like Gecko; compatible; GPTBot/1.3; +https://openai.com/gptbot)"
74.7.241.28 - - [20/Mar/2026:13:53:41 +0000] "GET /buy.php?jp/093017189.html HTTP/1.1" 200 150225 "https://inception-blue.com/buy.php?detail/16302981935304" "Mozilla/5.0 AppleWebKit/537.36 (KHTML, like Gecko; compatible; GPTBot/1.3; +https://openai.com/gptbot)"
193.19.109.66 - - [20/Mar/2026:13:53:42 +0000] "POST /wp-login.php HTTP/1.1" 200 84587 "-" "Mozilla/5.0"
159.223.142.74 - - [20/Mar/2026:13:53:43 +0000] "POST /wp-cron.php?doing_wp_cron=1774014822.9663410186767578125000 HTTP/1.1" 403 185482 "-" "WordPress/6.9.4; https://inception-blue.com"
74.7.241.28 - - [20/Mar/2026:13:53:44 +0000] "GET /buy.php?detail/10800020756232 HTTP/1.1" 200 150537 "https://inception-blue.com/buy.php?detail/16302981935304" "Mozilla/5.0 AppleWebKit/537.36 (KHTML, like Gecko; compatible; GPTBot/1.3; +https://openai.com/gptbot)"
74.7.241.28 - - [20/Mar/2026:13:53:47 +0000] "GET /buy.php?detail/19302001398622 HTTP/1.1" 200 157027 "https://inception-blue.com/buy.php?detail/21503934905828" "Mozilla/5.0 AppleWebKit/537.36 (KHTML, like Gecko; compatible; GPTBot/1.3; +https://openai.com/gptbot)"
74.7.241.28 - - [20/Mar/2026:13:53:50 +0000] "GET /buy.php?detail/23303689164192 HTTP/1.1" 200 154090 "https://inception-blue.com/buy.php?detail/16302981935304" "Mozilla/5.0 AppleWebKit/537.36 (KHTML, like Gecko; compatible; GPTBot/1.3; +https://openai.com/gptbot)"
74.7.241.28 - - [20/Mar/2026:13:53:53 +0000] "GET /buy.php?detail/23600533938553 HTTP/1.1" 200 151845 "https://inception-blue.com/buy.php?detail/23603827016037" "Mozilla/5.0 AppleWebKit/537.36 (KHTML, like Gecko; compatible; GPTBot/1.3; +https://openai.com/gptbot)"
74.7.241.28 - - [20/Mar/2026:13:53:56 +0000] "GET /buy.php?m73629861333 HTTP/1.1" 200 154153 "https://inception-blue.com/buy.php?detail/16302981935304" "Mozilla/5.0 AppleWebKit/537.36 (KHTML, like Gecko; compatible; GPTBot/1.3; +https://openai.com/gptbot)"
74.7.241.28 - - [20/Mar/2026:13:53:59 +0000] "GET /buy.php?004000557.htm HTTP/1.1" 200 146396 "https://inception-blue.com/buy.php?m47134403888" "Mozilla/5.0 AppleWebKit/537.36 (KHTML, like Gecko; compatible; GPTBot/1.3; +https://openai.com/gptbot)"
74.7.241.28 - - [20/Mar/2026:13:54:03 +0000] "GET /buy.php?220004899.htm HTTP/1.1" 200 153239 "https://inception-blue.com/buy.php?m47134403888" "Mozilla/5.0 AppleWebKit/537.36 (KHTML, like Gecko; compatible; GPTBot/1.3; +https://openai.com/gptbot)"
74.7.241.28 - - [20/Mar/2026:13:54:06 +0000] "GET /buy.php?detail/01504204127597 HTTP/1.1" 200 153812 "https://inception-blue.com/buy.php?m54096452224" "Mozilla/5.0 AppleWebKit/537.36 (KHTML, like Gecko; compatible; GPTBot/1.3; +https://openai.com/gptbot)"
74.7.241.28 - - [20/Mar/2026:13:54:09 +0000] "GET /buy.php?shopbrand/reliable/222041686.htm HTTP/1.1" 200 158360 "https://inception-blue.com/buy.php?214040101.htm" "Mozilla/5.0 AppleWebKit/537.36 (KHTML, like Gecko; compatible; GPTBot/1.3; +https://openai.com/gptbot)"
216.73.216.36 - - [20/Mar/2026:13:54:15 +0000] "GET /index.php/sitemap.xml HTTP/1.1" 200 177590 "-" "Mozilla/5.0 AppleWebKit/537.36 (KHTML, like Gecko; compatible; ClaudeBot/1.0; +claudebot@anthropic.com)"
74.7.241.28 - - [20/Mar/2026:13:54:12 +0000] "GET /buy.php?detail/04704048099150 HTTP/1.1" 200 144436 "https://inception-blue.com/buy.php?detail/26801033764193" "Mozilla/5.0 AppleWebKit/537.36 (KHTML, like Gecko; compatible; GPTBot/1.3; +https://openai.com/gptbot)"
74.7.241.28 - - [20/Mar/2026:13:54:15 +0000] "GET /buy.php?031000852.htm HTTP/1.1" 200 150379 "https://inception-blue.com/buy.php?m54096452224" "Mozilla/5.0 AppleWebKit/537.36 (KHTML, like Gecko; compatible; GPTBot/1.3; +https://openai.com/gptbot)"
74.7.241.28 - - [20/Mar/2026:13:54:18 +0000] "GET /buy.php?detail/03500654112542 HTTP/1.1" 200 144242 "https://inception-blue.com/buy.php?detail/10800020756232" "Mozilla/5.0 AppleWebKit/537.36 (KHTML, like Gecko; compatible; GPTBot/1.3; +https://openai.com/gptbot)"
74.7.241.28 - - [20/Mar/2026:13:54:22 +0000] "GET /buy.php?031000972.htm HTTP/1.1" 200 154426 "https://inception-blue.com/buy.php?m54096452224" "Mozilla/5.0 AppleWebKit/537.36 (KHTML, like Gecko; compatible; GPTBot/1.3; +https://openai.com/gptbot)"
74.7.241.28 - - [20/Mar/2026:13:54:25 +0000] "GET /buy.php?detail/19703630575137 HTTP/1.1" 200 154994 "https://inception-blue.com/buy.php?detail/23303689164192" "Mozilla/5.0 AppleWebKit/537.36 (KHTML, like Gecko; compatible; GPTBot/1.3; +https://openai.com/gptbot)"
74.7.241.28 - - [20/Mar/2026:13:54:28 +0000] "GET /buy.php?detail/12801407350318 HTTP/1.1" 200 142353 "https://inception-blue.com/buy.php?detail/23600533938553" "Mozilla/5.0 AppleWebKit/537.36 (KHTML, like Gecko; compatible; GPTBot/1.3; +https://openai.com/gptbot)"
74.7.241.28 - - [20/Mar/2026:13:54:31 +0000] "GET /buy.php?detail/27200181758649 HTTP/1.1" 200 156174 "https://inception-blue.com/buy.php?detail/27201202813660" "Mozilla/5.0 AppleWebKit/537.36 (KHTML, like Gecko; compatible; GPTBot/1.3; +https://openai.com/gptbot)"
74.7.241.28 - - [20/Mar/2026:13:54:34 +0000] "GET /buy.php?detail/08602381428937 HTTP/1.1" 200 158718 "https://inception-blue.com/buy.php?detail/04300248715478" "Mozilla/5.0 AppleWebKit/537.36 (KHTML, like Gecko; compatible; GPTBot/1.3; +https://openai.com/gptbot)"
54.39.203.36 - - [20/Mar/2026:13:54:30 +0000] "GET /shopbrand/940305838.htm HTTP/1.1" 200 185482 "-" "Mozilla/5.0 (compatible; AhrefsBot/7.0; +http://ahrefs.com/robot/)"
159.223.142.74 - - [20/Mar/2026:13:54:36 +0000] "POST /wp-cron.php?doing_wp_cron=1774014876.1561698913574218750000 HTTP/1.1" 403 185482 "-" "WordPress/6.9.4; https://inception-blue.com"
159.223.142.74 - - [20/Mar/2026:13:54:36 +0000] "POST /wp-cron.php?doing_wp_cron=1774014876.4736919403076171875000 HTTP/1.1" 403 185482 "-" "WordPress/6.9.4; https://inception-blue.com"
159.223.142.74 - - [20/Mar/2026:13:54:32 +0000] "POST /wp-cron.php?doing_wp_cron=1774014872.2377989292144775390625 HTTP/1.1" 403 185482 "-" "WordPress/6.9.4; https://inception-blue.com"
159.223.142.74 - - [20/Mar/2026:13:54:34 +0000] "POST /wp-cron.php?doing_wp_cron=1774014874.0669729709625244140625 HTTP/1.1" 403 185482 "-" "WordPress/6.9.4; https://inception-blue.com"
159.223.142.74 - - [20/Mar/2026:13:54:35 +0000] "POST /wp-cron.php?doing_wp_cron=1774014875.4061150550842285156250 HTTP/1.1" 403 185482 "-" "WordPress/6.9.4; https://inception-blue.com"
159.223.142.74 - - [20/Mar/2026:13:54:31 +0000] "POST /wp-cron.php?doing_wp_cron=1774014871.3925580978393554687500 HTTP/1.1" 403 185482 "-" "WordPress/6.9.4; https://inception-blue.com"
159.223.142.74 - - [20/Mar/2026:13:54:34 +0000] "POST /wp-cron.php?doing_wp_cron=1774014874.4136390686035156250000 HTTP/1.1" 403 185482 "-" "WordPress/6.9.4; https://inception-blue.com"
159.223.142.74 - - [20/Mar/2026:13:54:37 +0000] "POST /wp-cron.php?doing_wp_cron=1774014877.4268689155578613281250 HTTP/1.1" 403 185482 "-" "WordPress/6.9.4; https://inception-blue.com"
159.223.142.74 - - [20/Mar/2026:13:54:36 +0000] "POST /wp-cron.php?doing_wp_cron=1774014876.1813590526580810546875 HTTP/1.1" 403 185482 "-" "WordPress/6.9.4; https://inception-blue.com"
159.223.142.74 - - [20/Mar/2026:13:54:37 +0000] "POST /wp-cron.php?doing_wp_cron=1774014877.4253890514373779296875 HTTP/1.1" 403 185482 "-" "WordPress/6.9.4; https://inception-blue.com"
159.223.142.74 - - [20/Mar/2026:13:54:34 +0000] "POST /wp-cron.php?doing_wp_cron=1774014874.9111750125885009765625 HTTP/1.1" 403 185482 "-" "WordPress/6.9.4; https://inception-blue.com"
159.223.142.74 - - [20/Mar/2026:13:54:37 +0000] "POST /wp-cron.php?doing_wp_cron=1774014877.1096479892730712890625 HTTP/1.1" 403 185482 "-" "WordPress/6.9.4; https://inception-blue.com"
159.223.142.74 - - [20/Mar/2026:13:54:36 +0000] "POST /wp-cron.php?doing_wp_cron=1774014875.9968259334564208984375 HTTP/1.1" 403 185482 "-" "WordPress/6.9.4; https://inception-blue.com"
159.223.142.74 - - [20/Mar/2026:13:54:35 +0000] "POST /wp-cron.php?doing_wp_cron=1774014875.2516770362854003906250 HTTP/1.1" 403 185482 "-" "WordPress/6.9.4; https://inception-blue.com"
159.223.142.74 - - [20/Mar/2026:13:54:33 +0000] "POST /wp-cron.php?doing_wp_cron=1774014873.1430299282073974609375 HTTP/1.1" 403 185482 "-" "WordPress/6.9.4; https://inception-blue.com"
74.7.241.28 - - [20/Mar/2026:13:54:38 +0000] "GET /buy.php?detail/24500148167899 HTTP/1.1" 200 152507 "https://inception-blue.com/buy.php?detail/13000816100509" "Mozilla/5.0 AppleWebKit/537.36 (KHTML, like Gecko; compatible; GPTBot/1.3; +https://openai.com/gptbot)"
74.7.241.28 - - [20/Mar/2026:13:54:41 +0000] "GET /buy.php?jp/201023977.html HTTP/1.1" 200 156153 "https://inception-blue.com/buy.php?detail/01504204127597" "Mozilla/5.0 AppleWebKit/537.36 (KHTML, like Gecko; compatible; GPTBot/1.3; +https://openai.com/gptbot)"
74.7.241.28 - - [20/Mar/2026:13:54:44 +0000] "GET /buy.php?detail/01500043180982 HTTP/1.1" 200 156713 "https://inception-blue.com/buy.php?detail/01504204127597" "Mozilla/5.0 AppleWebKit/537.36 (KHTML, like Gecko; compatible; GPTBot/1.3; +https://openai.com/gptbot)"
66.249.77.3 - - [20/Mar/2026:13:54:47 +0000] "GET /?jp/197039840.html HTTP/1.1" 200 392051 "-" "Mozilla/5.0 (Linux; Android 6.0.1; Nexus 5X Build/MMB29P) AppleWebKit/537.36 (KHTML, like Gecko) Chrome/145.0.7632.159 Mobile Safari/537.36 (compatible; Googlebot/2.1; +http://www.google.com/bot.html)"
74.7.241.28 - - [20/Mar/2026:13:54:47 +0000] "GET /buy.php?detail/03404728921140 HTTP/1.1" 200 156472 "https://inception-blue.com/buy.php?detail/01504204127597" "Mozilla/5.0 AppleWebKit/537.36 (KHTML, like Gecko; compatible; GPTBot/1.3; +https://openai.com/gptbot)"
74.7.241.28 - - [20/Mar/2026:13:54:50 +0000] "GET /buy.php?m55585174048 HTTP/1.1" 200 150972 "https://inception-blue.com/buy.php?detail/04704048099150" "Mozilla/5.0 AppleWebKit/537.36 (KHTML, like Gecko; compatible; GPTBot/1.3; +https://openai.com/gptbot)"
74.7.241.28 - - [20/Mar/2026:13:54:53 +0000] "GET /buy.php?detail/26604931478097 HTTP/1.1" 200 152214 "https://inception-blue.com/buy.php?detail/26600995748894" "Mozilla/5.0 AppleWebKit/537.36 (KHTML, like Gecko; compatible; GPTBot/1.3; +https://openai.com/gptbot)"
45.131.195.39 - - [20/Mar/2026:13:54:55 +0000] "POST /wp-login.php HTTP/1.1" 200 84587 "-" "Mozilla/5.0"
159.223.142.74 - - [20/Mar/2026:13:54:56 +0000] "POST /wp-cron.php?doing_wp_cron=1774014896.7388401031494140625000 HTTP/1.1" 403 185482 "-" "WordPress/6.9.4; https://inception-blue.com"
74.7.241.28 - - [20/Mar/2026:13:54:57 +0000] "GET /buy.php?detail/11302479660812 HTTP/1.1" 200 155294 "https://inception-blue.com/buy.php?detail/11300366426161" "Mozilla/5.0 AppleWebKit/537.36 (KHTML, like Gecko; compatible; GPTBot/1.3; +https://openai.com/gptbot)"
74.7.241.28 - - [20/Mar/2026:13:55:00 +0000] "GET /buy.php?detail/20300301189644 HTTP/1.1" 200 153597 "https://inception-blue.com/buy.php?detail/19703630575137" "Mozilla/5.0 AppleWebKit/537.36 (KHTML, like Gecko; compatible; GPTBot/1.3; +https://openai.com/gptbot)"
74.7.241.28 - - [20/Mar/2026:13:55:03 +0000] "GET /buy.php?detail/20403690274446 HTTP/1.1" 200 154208 "https://inception-blue.com/buy.php?detail/12801407350318" "Mozilla/5.0 AppleWebKit/537.36 (KHTML, like Gecko; compatible; GPTBot/1.3; +https://openai.com/gptbot)"
74.7.241.28 - - [20/Mar/2026:13:55:06 +0000] "GET /buy.php?detail/04400525718651 HTTP/1.1" 200 154811 "https://inception-blue.com/buy.php?detail/27200181758649" "Mozilla/5.0 AppleWebKit/537.36 (KHTML, like Gecko; compatible; GPTBot/1.3; +https://openai.com/gptbot)"
74.7.241.28 - - [20/Mar/2026:13:55:09 +0000] "GET /buy.php?detail/08600406007245 HTTP/1.1" 200 157490 "https://inception-blue.com/buy.php?detail/08602381428937" "Mozilla/5.0 AppleWebKit/537.36 (KHTML, like Gecko; compatible; GPTBot/1.3; +https://openai.com/gptbot)"
74.7.241.28 - - [20/Mar/2026:13:55:12 +0000] "GET /buy.php?detail/08600410212775 HTTP/1.1" 200 165774 "https://inception-blue.com/buy.php?detail/08602381428937" "Mozilla/5.0 AppleWebKit/537.36 (KHTML, like Gecko; compatible; GPTBot/1.3; +https://openai.com/gptbot)"
74.7.241.28 - - [20/Mar/2026:13:55:15 +0000] "GET /buy.php?detail/17901156889653 HTTP/1.1" 200 156097 "https://inception-blue.com/buy.php?jp/201023977.html" "Mozilla/5.0 AppleWebKit/537.36 (KHTML, like Gecko; compatible; GPTBot/1.3; +https://openai.com/gptbot)"
74.7.241.28 - - [20/Mar/2026:13:55:18 +0000] "GET /buy.php?detail/01502615439750 HTTP/1.1" 200 162475 "https://inception-blue.com/buy.php?detail/01500043180982" "Mozilla/5.0 AppleWebKit/537.36 (KHTML, like Gecko; compatible; GPTBot/1.3; +https://openai.com/gptbot)"
74.7.241.28 - - [20/Mar/2026:13:55:21 +0000] "GET /buy.php?m88891818758 HTTP/1.1" 200 150814 "https://inception-blue.com/buy.php?detail/03404728921140" "Mozilla/5.0 AppleWebKit/537.36 (KHTML, like Gecko; compatible; GPTBot/1.3; +https://openai.com/gptbot)"
74.7.241.28 - - [20/Mar/2026:13:55:24 +0000] "GET /buy.php?detail/03400644336968 HTTP/1.1" 200 153253 "https://inception-blue.com/buy.php?detail/03404728921140" "Mozilla/5.0 AppleWebKit/537.36 (KHTML, like Gecko; compatible; GPTBot/1.3; +https://openai.com/gptbot)"
74.7.241.28 - - [20/Mar/2026:13:55:27 +0000] "GET /buy.php?detail/08201802891950 HTTP/1.1" 200 173019 "https://inception-blue.com/buy.php?detail/26604931478097" "Mozilla/5.0 AppleWebKit/537.36 (KHTML, like Gecko; compatible; GPTBot/1.3; +https://openai.com/gptbot)"
74.7.241.28 - - [20/Mar/2026:13:55:31 +0000] "GET /buy.php?076000617.htm HTTP/1.1" 200 150964 "https://inception-blue.com/buy.php?m55585174048" "Mozilla/5.0 AppleWebKit/537.36 (KHTML, like Gecko; compatible; GPTBot/1.3; +https://openai.com/gptbot)"
74.7.241.28 - - [20/Mar/2026:13:55:34 +0000] "GET /buy.php?detail/20300201714504 HTTP/1.1" 200 155110 "https://inception-blue.com/buy.php?detail/20300301189644" "Mozilla/5.0 AppleWebKit/537.36 (KHTML, like Gecko; compatible; GPTBot/1.3; +https://openai.com/gptbot)"
74.7.241.28 - - [20/Mar/2026:13:55:37 +0000] "GET /buy.php?detail/07204358369591 HTTP/1.1" 200 147458 "https://inception-blue.com/buy.php?jp/201023977.html" "Mozilla/5.0 AppleWebKit/537.36 (KHTML, like Gecko; compatible; GPTBot/1.3; +https://openai.com/gptbot)"
74.7.241.28 - - [20/Mar/2026:13:55:40 +0000] "GET /buy.php?detail/19602026972279 HTTP/1.1" 200 153162 "https://inception-blue.com/buy.php?detail/04400525718651" "Mozilla/5.0 AppleWebKit/537.36 (KHTML, like Gecko; compatible; GPTBot/1.3; +https://openai.com/gptbot)"
74.7.241.28 - - [20/Mar/2026:13:55:43 +0000] "GET /buy.php?goods/196020269 HTTP/1.1" 200 153273 "https://inception-blue.com/buy.php?detail/19602026972279" "Mozilla/5.0 AppleWebKit/537.36 (KHTML, like Gecko; compatible; GPTBot/1.3; +https://openai.com/gptbot)"
74.7.241.28 - - [20/Mar/2026:13:55:46 +0000] "GET /buy.php?detail/04003239562972 HTTP/1.1" 200 153660 "https://inception-blue.com/buy.php?detail/04400525718651" "Mozilla/5.0 AppleWebKit/537.36 (KHTML, like Gecko; compatible; GPTBot/1.3; +https://openai.com/gptbot)"
