74.7.241.28 - - [20/Mar/2026:13:09:16 +0000] "GET /buy.php?detail/22301213263559 HTTP/1.1" 200 159107 "https://inception-blue.com/buy.php?detail/09503427076077" "Mozilla/5.0 AppleWebKit/537.36 (KHTML, like Gecko; compatible; GPTBot/1.3; +https://openai.com/gptbot)"
74.7.241.28 - - [20/Mar/2026:13:09:19 +0000] "GET /buy.php?detail/18700712081701 HTTP/1.1" 200 160737 "https://inception-blue.com/buy.php?detail/18700991721036" "Mozilla/5.0 AppleWebKit/537.36 (KHTML, like Gecko; compatible; GPTBot/1.3; +https://openai.com/gptbot)"
74.7.241.28 - - [20/Mar/2026:13:09:22 +0000] "GET /buy.php?detail/05700121797430 HTTP/1.1" 200 166021 "https://inception-blue.com/buy.php?detail/05700362914770" "Mozilla/5.0 AppleWebKit/537.36 (KHTML, like Gecko; compatible; GPTBot/1.3; +https://openai.com/gptbot)"
74.7.241.28 - - [20/Mar/2026:13:09:26 +0000] "GET /buy.php?detail/23700574844694 HTTP/1.1" 200 155944 "https://inception-blue.com/buy.php?detail/23700106818674" "Mozilla/5.0 AppleWebKit/537.36 (KHTML, like Gecko; compatible; GPTBot/1.3; +https://openai.com/gptbot)"
74.7.241.28 - - [20/Mar/2026:13:09:29 +0000] "GET /buy.php?detail/00601140474968 HTTP/1.1" 200 150679 "https://inception-blue.com/buy.php?detail/13500172777119" "Mozilla/5.0 AppleWebKit/537.36 (KHTML, like Gecko; compatible; GPTBot/1.3; +https://openai.com/gptbot)"
74.7.241.28 - - [20/Mar/2026:13:09:32 +0000] "GET /buy.php?m99444732698 HTTP/1.1" 200 162410 "https://inception-blue.com/buy.php?detail/15404952005615" "Mozilla/5.0 AppleWebKit/537.36 (KHTML, like Gecko; compatible; GPTBot/1.3; +https://openai.com/gptbot)"
74.7.241.28 - - [20/Mar/2026:13:09:35 +0000] "GET /buy.php?detail/11401277488968 HTTP/1.1" 200 154854 "https://inception-blue.com/buy.php?detail/18700709029721" "Mozilla/5.0 AppleWebKit/537.36 (KHTML, like Gecko; compatible; GPTBot/1.3; +https://openai.com/gptbot)"
74.7.241.28 - - [20/Mar/2026:13:09:38 +0000] "GET /buy.php?detail/14901690390032 HTTP/1.1" 200 160958 "https://inception-blue.com/buy.php?detail/149019908741" "Mozilla/5.0 AppleWebKit/537.36 (KHTML, like Gecko; compatible; GPTBot/1.3; +https://openai.com/gptbot)"
74.7.241.28 - - [20/Mar/2026:13:09:41 +0000] "GET /buy.php?detail/18200016342671 HTTP/1.1" 200 151065 "https://inception-blue.com/buy.php?detail/18202225155898" "Mozilla/5.0 AppleWebKit/537.36 (KHTML, like Gecko; compatible; GPTBot/1.3; +https://openai.com/gptbot)"
74.7.241.28 - - [20/Mar/2026:13:09:44 +0000] "GET /buy.php?detail/14901558257210 HTTP/1.1" 200 155359 "https://inception-blue.com/buy.php?detail/149019908741" "Mozilla/5.0 AppleWebKit/537.36 (KHTML, like Gecko; compatible; GPTBot/1.3; +https://openai.com/gptbot)"
74.7.241.28 - - [20/Mar/2026:13:09:47 +0000] "GET /buy.php?m71689998853 HTTP/1.1" 200 152116 "https://inception-blue.com/buy.php?detail/14901101715906" "Mozilla/5.0 AppleWebKit/537.36 (KHTML, like Gecko; compatible; GPTBot/1.3; +https://openai.com/gptbot)"
74.7.241.28 - - [20/Mar/2026:13:09:50 +0000] "GET /buy.php?detail/06000525973983 HTTP/1.1" 200 169056 "https://inception-blue.com/buy.php?detail/22301213263559" "Mozilla/5.0 AppleWebKit/537.36 (KHTML, like Gecko; compatible; GPTBot/1.3; +https://openai.com/gptbot)"
74.7.241.28 - - [20/Mar/2026:13:09:54 +0000] "GET /buy.php?detail/07801326458329 HTTP/1.1" 200 156503 "https://inception-blue.com/buy.php?detail/22301213263559" "Mozilla/5.0 AppleWebKit/537.36 (KHTML, like Gecko; compatible; GPTBot/1.3; +https://openai.com/gptbot)"
74.7.241.28 - - [20/Mar/2026:13:09:57 +0000] "GET /buy.php?detail/22302407818326 HTTP/1.1" 200 155386 "https://inception-blue.com/buy.php?detail/22301213263559" "Mozilla/5.0 AppleWebKit/537.36 (KHTML, like Gecko; compatible; GPTBot/1.3; +https://openai.com/gptbot)"
74.7.241.28 - - [20/Mar/2026:13:10:00 +0000] "GET /buy.php?m33309096141 HTTP/1.1" 200 147964 "https://inception-blue.com/buy.php?detail/23700574844694" "Mozilla/5.0 AppleWebKit/537.36 (KHTML, like Gecko; compatible; GPTBot/1.3; +https://openai.com/gptbot)"
74.7.241.28 - - [20/Mar/2026:13:10:03 +0000] "GET /buy.php?detail/29900644554518 HTTP/1.1" 200 159605 "https://inception-blue.com/buy.php?detail/00601140474968" "Mozilla/5.0 AppleWebKit/537.36 (KHTML, like Gecko; compatible; GPTBot/1.3; +https://openai.com/gptbot)"
74.7.241.28 - - [20/Mar/2026:13:10:06 +0000] "GET /buy.php?detail/14504873164384 HTTP/1.1" 200 170413 "https://inception-blue.com/buy.php?detail/23700574844694" "Mozilla/5.0 AppleWebKit/537.36 (KHTML, like Gecko; compatible; GPTBot/1.3; +https://openai.com/gptbot)"
74.7.241.28 - - [20/Mar/2026:13:10:09 +0000] "GET /buy.php?detail/11400596354812 HTTP/1.1" 200 162579 "https://inception-blue.com/buy.php?detail/11401277488968" "Mozilla/5.0 AppleWebKit/537.36 (KHTML, like Gecko; compatible; GPTBot/1.3; +https://openai.com/gptbot)"
74.7.241.28 - - [20/Mar/2026:13:10:13 +0000] "GET /buy.php?detail/05502454026120 HTTP/1.1" 200 156820 "https://inception-blue.com/buy.php?detail/14901690390032" "Mozilla/5.0 AppleWebKit/537.36 (KHTML, like Gecko; compatible; GPTBot/1.3; +https://openai.com/gptbot)"
74.7.241.28 - - [20/Mar/2026:13:10:16 +0000] "GET /buy.php?detail/07601887843740 HTTP/1.1" 200 143578 "https://inception-blue.com/buy.php?detail/14901690390032" "Mozilla/5.0 AppleWebKit/537.36 (KHTML, like Gecko; compatible; GPTBot/1.3; +https://openai.com/gptbot)"
74.7.241.28 - - [20/Mar/2026:13:10:19 +0000] "GET /buy.php?m54828889125 HTTP/1.1" 200 170732 "https://inception-blue.com/buy.php?detail/14901558257210" "Mozilla/5.0 AppleWebKit/537.36 (KHTML, like Gecko; compatible; GPTBot/1.3; +https://openai.com/gptbot)"
74.7.241.28 - - [20/Mar/2026:13:10:22 +0000] "GET /buy.php?069000562.htm HTTP/1.1" 200 152460 "https://inception-blue.com/buy.php?m71689998853" "Mozilla/5.0 AppleWebKit/537.36 (KHTML, like Gecko; compatible; GPTBot/1.3; +https://openai.com/gptbot)"
159.223.142.74 - - [20/Mar/2026:13:10:25 +0000] "POST /wp-cron.php?doing_wp_cron=1774012225.8928549289703369140625 HTTP/1.1" 403 185482 "-" "WordPress/6.9.4; https://inception-blue.com"
212.116.73.210 - - [20/Mar/2026:13:10:25 +0000] "GET /wp-login.php HTTP/1.1" 200 84587 "-" "Mozilla/5.0 (Windows NT 6.3; Win64; x64; Trident/7.0; MAARJS; rv:11.0) like Gecko"
212.116.73.210 - - [20/Mar/2026:13:10:27 +0000] "POST /wp-login.php HTTP/1.1" 200 84899 "https://inception-blue.com/wp-login.php" "Mozilla/5.0 (Windows NT 6.3; Win64; x64; Trident/7.0; MAARJS; rv:11.0) like Gecko"
74.7.241.28 - - [20/Mar/2026:13:10:26 +0000] "GET /buy.php?detail/20803427318141 HTTP/1.1" 200 154475 "https://inception-blue.com/buy.php?detail/06000525973983" "Mozilla/5.0 AppleWebKit/537.36 (KHTML, like Gecko; compatible; GPTBot/1.3; +https://openai.com/gptbot)"
74.7.241.28 - - [20/Mar/2026:13:10:29 +0000] "GET /buy.php?detail/07800484636857 HTTP/1.1" 200 155755 "https://inception-blue.com/buy.php?detail/07801326458329" "Mozilla/5.0 AppleWebKit/537.36 (KHTML, like Gecko; compatible; GPTBot/1.3; +https://openai.com/gptbot)"
74.7.241.28 - - [20/Mar/2026:13:10:32 +0000] "GET /buy.php?detail/22301875424033 HTTP/1.1" 200 159270 "https://inception-blue.com/buy.php?detail/22302407818326" "Mozilla/5.0 AppleWebKit/537.36 (KHTML, like Gecko; compatible; GPTBot/1.3; +https://openai.com/gptbot)"
74.7.241.28 - - [20/Mar/2026:13:10:35 +0000] "GET /buy.php?shopbrand/driving/238035476.htm HTTP/1.1" 200 159620 "https://inception-blue.com/buy.php?m33309096141" "Mozilla/5.0 AppleWebKit/537.36 (KHTML, like Gecko; compatible; GPTBot/1.3; +https://openai.com/gptbot)"
74.7.241.28 - - [20/Mar/2026:13:10:38 +0000] "GET /buy.php?083000220.htm HTTP/1.1" 200 150161 "https://inception-blue.com/buy.php?m33309096141" "Mozilla/5.0 AppleWebKit/537.36 (KHTML, like Gecko; compatible; GPTBot/1.3; +https://openai.com/gptbot)"
74.7.241.28 - - [20/Mar/2026:13:10:41 +0000] "GET /buy.php?detail/04600546721115 HTTP/1.1" 200 160145 "https://inception-blue.com/buy.php?detail/14504873164384" "Mozilla/5.0 AppleWebKit/537.36 (KHTML, like Gecko; compatible; GPTBot/1.3; +https://openai.com/gptbot)"
74.7.241.28 - - [20/Mar/2026:13:10:44 +0000] "GET /buy.php?083000368.htm HTTP/1.1" 200 149605 "https://inception-blue.com/buy.php?m33309096141" "Mozilla/5.0 AppleWebKit/537.36 (KHTML, like Gecko; compatible; GPTBot/1.3; +https://openai.com/gptbot)"
74.7.241.28 - - [20/Mar/2026:13:10:47 +0000] "GET /buy.php?detail/29204780381800 HTTP/1.1" 200 158039 "https://inception-blue.com/buy.php?detail/05502454026120" "Mozilla/5.0 AppleWebKit/537.36 (KHTML, like Gecko; compatible; GPTBot/1.3; +https://openai.com/gptbot)"
74.7.241.28 - - [20/Mar/2026:13:10:50 +0000] "GET /buy.php?detail/03103616285844 HTTP/1.1" 200 150164 "https://inception-blue.com/buy.php?detail/07601887843740" "Mozilla/5.0 AppleWebKit/537.36 (KHTML, like Gecko; compatible; GPTBot/1.3; +https://openai.com/gptbot)"
74.7.241.28 - - [20/Mar/2026:13:10:54 +0000] "GET /buy.php?detail/09001232467473 HTTP/1.1" 200 165358 "https://inception-blue.com/buy.php?detail/07601887843740" "Mozilla/5.0 AppleWebKit/537.36 (KHTML, like Gecko; compatible; GPTBot/1.3; +https://openai.com/gptbot)"
74.7.241.28 - - [20/Mar/2026:13:10:57 +0000] "GET /buy.php?detail/16102023186920 HTTP/1.1" 200 158046 "https://inception-blue.com/buy.php?069000562.htm" "Mozilla/5.0 AppleWebKit/537.36 (KHTML, like Gecko; compatible; GPTBot/1.3; +https://openai.com/gptbot)"
74.7.241.28 - - [20/Mar/2026:13:11:00 +0000] "GET /buy.php?detail/20801447725214 HTTP/1.1" 200 162498 "https://inception-blue.com/buy.php?detail/20803427318141" "Mozilla/5.0 AppleWebKit/537.36 (KHTML, like Gecko; compatible; GPTBot/1.3; +https://openai.com/gptbot)"
66.249.77.8 - - [20/Mar/2026:13:11:04 +0000] "GET /?jp/128000983.html HTTP/1.1" 200 403856 "-" "Mozilla/5.0 (Linux; Android 6.0.1; Nexus 5X Build/MMB29P) AppleWebKit/537.36 (KHTML, like Gecko) Chrome/145.0.7632.159 Mobile Safari/537.36 (compatible; Googlebot/2.1; +http://www.google.com/bot.html)"
74.7.241.28 - - [20/Mar/2026:13:11:03 +0000] "GET /buy.php?goods/224035930 HTTP/1.1" 200 152351 "https://inception-blue.com/buy.php?detail/07800484636857" "Mozilla/5.0 AppleWebKit/537.36 (KHTML, like Gecko; compatible; GPTBot/1.3; +https://openai.com/gptbot)"
66.249.77.9 - - [20/Mar/2026:13:11:05 +0000] "GET /?goods/243008707 HTTP/1.1" 200 383153 "-" "Mozilla/5.0 (Linux; Android 6.0.1; Nexus 5X Build/MMB29P) AppleWebKit/537.36 (KHTML, like Gecko) Chrome/145.0.7632.159 Mobile Safari/537.36 (compatible; Googlebot/2.1; +http://www.google.com/bot.html)"
66.249.77.8 - - [20/Mar/2026:13:11:06 +0000] "GET /?detail/12603484931566 HTTP/1.1" 200 404253 "-" "Mozilla/5.0 (Linux; Android 6.0.1; Nexus 5X Build/MMB29P) AppleWebKit/537.36 (KHTML, like Gecko) Chrome/145.0.7632.159 Mobile Safari/537.36 (compatible; Googlebot/2.1; +http://www.google.com/bot.html)"
74.7.241.28 - - [20/Mar/2026:13:11:06 +0000] "GET /buy.php?detail/27002589406630 HTTP/1.1" 200 158004 "https://inception-blue.com/buy.php?detail/22301875424033" "Mozilla/5.0 AppleWebKit/537.36 (KHTML, like Gecko; compatible; GPTBot/1.3; +https://openai.com/gptbot)"
74.7.241.28 - - [20/Mar/2026:13:11:10 +0000] "GET /buy.php?detail/11002015734740 HTTP/1.1" 200 153822 "https://inception-blue.com/buy.php?detail/20803427318141" "Mozilla/5.0 AppleWebKit/537.36 (KHTML, like Gecko; compatible; GPTBot/1.3; +https://openai.com/gptbot)"
74.7.241.28 - - [20/Mar/2026:13:11:13 +0000] "GET /buy.php?002000793.htm HTTP/1.1" 200 159510 "https://inception-blue.com/buy.php?m54828889125" "Mozilla/5.0 AppleWebKit/537.36 (KHTML, like Gecko; compatible; GPTBot/1.3; +https://openai.com/gptbot)"
74.7.241.28 - - [20/Mar/2026:13:11:16 +0000] "GET /buy.php?detail/04600542528121 HTTP/1.1" 200 154468 "https://inception-blue.com/buy.php?detail/04600546721115" "Mozilla/5.0 AppleWebKit/537.36 (KHTML, like Gecko; compatible; GPTBot/1.3; +https://openai.com/gptbot)"
74.7.241.28 - - [20/Mar/2026:13:11:19 +0000] "GET /buy.php?002000649.htm HTTP/1.1" 200 170501 "https://inception-blue.com/buy.php?m54828889125" "Mozilla/5.0 AppleWebKit/537.36 (KHTML, like Gecko; compatible; GPTBot/1.3; +https://openai.com/gptbot)"
74.7.241.28 - - [20/Mar/2026:13:11:22 +0000] "GET /buy.php?detail/16602999131870 HTTP/1.1" 200 159794 "https://inception-blue.com/buy.php?detail/29204780381800" "Mozilla/5.0 AppleWebKit/537.36 (KHTML, like Gecko; compatible; GPTBot/1.3; +https://openai.com/gptbot)"
74.7.241.28 - - [20/Mar/2026:13:11:25 +0000] "GET /buy.php?detail/29202705270418 HTTP/1.1" 200 153160 "https://inception-blue.com/buy.php?detail/29204780381800" "Mozilla/5.0 AppleWebKit/537.36 (KHTML, like Gecko; compatible; GPTBot/1.3; +https://openai.com/gptbot)"
74.7.241.28 - - [20/Mar/2026:13:11:29 +0000] "GET /buy.php?detail/09702310348008 HTTP/1.1" 200 155533 "https://inception-blue.com/buy.php?detail/29204780381800" "Mozilla/5.0 AppleWebKit/537.36 (KHTML, like Gecko; compatible; GPTBot/1.3; +https://openai.com/gptbot)"
74.7.241.28 - - [20/Mar/2026:13:11:32 +0000] "GET /buy.php?detail/29904951502449 HTTP/1.1" 200 152258 "https://inception-blue.com/buy.php?detail/16102023186920" "Mozilla/5.0 AppleWebKit/537.36 (KHTML, like Gecko; compatible; GPTBot/1.3; +https://openai.com/gptbot)"
74.7.241.28 - - [20/Mar/2026:13:11:35 +0000] "GET /buy.php?detail/18800559302776 HTTP/1.1" 200 149183 "https://inception-blue.com/buy.php?detail/09003277803123" "Mozilla/5.0 AppleWebKit/537.36 (KHTML, like Gecko; compatible; GPTBot/1.3; +https://openai.com/gptbot)"
74.7.241.28 - - [20/Mar/2026:13:11:38 +0000] "GET /buy.php?detail/22403593049155 HTTP/1.1" 200 152336 "https://inception-blue.com/buy.php?goods/224035930" "Mozilla/5.0 AppleWebKit/537.36 (KHTML, like Gecko; compatible; GPTBot/1.3; +https://openai.com/gptbot)"
74.7.241.28 - - [20/Mar/2026:13:11:41 +0000] "GET /buy.php?detail/14800331395843 HTTP/1.1" 200 154249 "https://inception-blue.com/buy.php?detail/27002589406630" "Mozilla/5.0 AppleWebKit/537.36 (KHTML, like Gecko; compatible; GPTBot/1.3; +https://openai.com/gptbot)"
74.7.241.28 - - [20/Mar/2026:13:11:44 +0000] "GET /buy.php?detail/28200747231653 HTTP/1.1" 200 154792 "https://inception-blue.com/buy.php?detail/11202031875924" "Mozilla/5.0 AppleWebKit/537.36 (KHTML, like Gecko; compatible; GPTBot/1.3; +https://openai.com/gptbot)"
74.7.241.28 - - [20/Mar/2026:13:11:47 +0000] "GET /buy.php?detail/06803390256717 HTTP/1.1" 200 166074 "https://inception-blue.com/buy.php?detail/22301213263559" "Mozilla/5.0 AppleWebKit/537.36 (KHTML, like Gecko; compatible; GPTBot/1.3; +https://openai.com/gptbot)"
74.7.241.28 - - [20/Mar/2026:13:11:50 +0000] "GET /buy.php?detail/04600553944286 HTTP/1.1" 200 155271 "https://inception-blue.com/buy.php?detail/04600542528121" "Mozilla/5.0 AppleWebKit/537.36 (KHTML, like Gecko; compatible; GPTBot/1.3; +https://openai.com/gptbot)"
142.44.225.24 - - [20/Mar/2026:13:11:54 +0000] "GET /shopbrand/2556390552.htm HTTP/1.1" 200 185482 "-" "Mozilla/5.0 (compatible; AhrefsBot/7.0; +http://ahrefs.com/robot/)"
159.223.142.74 - - [20/Mar/2026:13:11:55 +0000] "POST /wp-cron.php?doing_wp_cron=1774012315.4320409297943115234375 HTTP/1.1" 403 185482 "-" "WordPress/6.9.4; https://inception-blue.com"
74.7.241.28 - - [20/Mar/2026:13:11:53 +0000] "GET /buy.php?shopbrand/recognition/002002978.htm HTTP/1.1" 200 155754 "https://inception-blue.com/buy.php?002000649.htm" "Mozilla/5.0 AppleWebKit/537.36 (KHTML, like Gecko; compatible; GPTBot/1.3; +https://openai.com/gptbot)"
74.7.241.28 - - [20/Mar/2026:13:11:57 +0000] "GET /buy.php?detail/05402645192784 HTTP/1.1" 200 155506 "https://inception-blue.com/buy.php?detail/27003794311098" "Mozilla/5.0 AppleWebKit/537.36 (KHTML, like Gecko; compatible; GPTBot/1.3; +https://openai.com/gptbot)"
74.7.241.28 - - [20/Mar/2026:13:12:00 +0000] "GET /buy.php?detail/13101943078339 HTTP/1.1" 200 150114 "https://inception-blue.com/buy.php?detail/29202705270418" "Mozilla/5.0 AppleWebKit/537.36 (KHTML, like Gecko; compatible; GPTBot/1.3; +https://openai.com/gptbot)"
74.7.241.28 - - [20/Mar/2026:13:12:03 +0000] "GET /buy.php?detail/02303255890945 HTTP/1.1" 200 154714 "https://inception-blue.com/buy.php?detail/29202705270418" "Mozilla/5.0 AppleWebKit/537.36 (KHTML, like Gecko; compatible; GPTBot/1.3; +https://openai.com/gptbot)"
66.249.77.4 - - [20/Mar/2026:13:12:07 +0000] "GET /?f=tyov181zpwx15861dhshiprh HTTP/1.1" 200 394641 "-" "Mozilla/5.0 (Linux; Android 6.0.1; Nexus 5X Build/MMB29P) AppleWebKit/537.36 (KHTML, like Gecko) Chrome/145.0.7632.159 Mobile Safari/537.36 (compatible; Googlebot/2.1; +http://www.google.com/bot.html)"
74.7.241.28 - - [20/Mar/2026:13:12:06 +0000] "GET /buy.php?detail/18002319998620 HTTP/1.1" 200 151241 "https://inception-blue.com/buy.php?detail/29904951502449" "Mozilla/5.0 AppleWebKit/537.36 (KHTML, like Gecko; compatible; GPTBot/1.3; +https://openai.com/gptbot)"
74.7.241.28 - - [20/Mar/2026:13:12:09 +0000] "GET /buy.php?detail/19600729853210 HTTP/1.1" 200 168634 "https://inception-blue.com/buy.php?detail/19600513863606" "Mozilla/5.0 AppleWebKit/537.36 (KHTML, like Gecko; compatible; GPTBot/1.3; +https://openai.com/gptbot)"
74.7.241.28 - - [20/Mar/2026:13:12:13 +0000] "GET /buy.php?detail/23103976218750 HTTP/1.1" 200 151232 "https://inception-blue.com/buy.php?detail/23103845843046" "Mozilla/5.0 AppleWebKit/537.36 (KHTML, like Gecko; compatible; GPTBot/1.3; +https://openai.com/gptbot)"
74.7.241.28 - - [20/Mar/2026:13:12:16 +0000] "GET /buy.php?detail/19702334293110 HTTP/1.1" 200 160010 "https://inception-blue.com/buy.php?detail/14800331395843" "Mozilla/5.0 AppleWebKit/537.36 (KHTML, like Gecko; compatible; GPTBot/1.3; +https://openai.com/gptbot)"
74.7.241.28 - - [20/Mar/2026:13:12:19 +0000] "GET /buy.php?detail/16902416847802 HTTP/1.1" 200 155401 "https://inception-blue.com/buy.php?detail/28200747231653" "Mozilla/5.0 AppleWebKit/537.36 (KHTML, like Gecko; compatible; GPTBot/1.3; +https://openai.com/gptbot)"
74.7.241.28 - - [20/Mar/2026:13:12:22 +0000] "GET /buy.php?detail/22803924586834 HTTP/1.1" 200 158395 "https://inception-blue.com/buy.php?detail/06803390256717" "Mozilla/5.0 AppleWebKit/537.36 (KHTML, like Gecko; compatible; GPTBot/1.3; +https://openai.com/gptbot)"
74.7.241.28 - - [20/Mar/2026:13:12:25 +0000] "GET /buy.php?detail/06904553372179 HTTP/1.1" 200 162970 "https://inception-blue.com/buy.php?detail/25203784272874" "Mozilla/5.0 AppleWebKit/537.36 (KHTML, like Gecko; compatible; GPTBot/1.3; +https://openai.com/gptbot)"
74.7.241.28 - - [20/Mar/2026:13:12:28 +0000] "GET /buy.php?detail/14703951650578 HTTP/1.1" 200 154101 "https://inception-blue.com/buy.php?detail/14702648219560" "Mozilla/5.0 AppleWebKit/537.36 (KHTML, like Gecko; compatible; GPTBot/1.3; +https://openai.com/gptbot)"
74.7.241.28 - - [20/Mar/2026:13:12:32 +0000] "GET /buy.php?detail/11001255622778 HTTP/1.1" 200 160755 "https://inception-blue.com/buy.php?detail/05402645192784" "Mozilla/5.0 AppleWebKit/537.36 (KHTML, like Gecko; compatible; GPTBot/1.3; +https://openai.com/gptbot)"
74.7.241.28 - - [20/Mar/2026:13:12:35 +0000] "GET /buy.php?detail/16700868020029 HTTP/1.1" 200 165888 "https://inception-blue.com/buy.php?detail/13101943078339" "Mozilla/5.0 AppleWebKit/537.36 (KHTML, like Gecko; compatible; GPTBot/1.3; +https://openai.com/gptbot)"
45.61.115.245 - - [20/Mar/2026:13:12:39 +0000] "GET / HTTP/1.1" 200 222952 "-" "Mozilla/5.0 (Macintosh; Intel Mac OS X 10_15_7) AppleWebKit/537.36 (KHTML, like Gecko) Chrome/142.0.0.0 Safari/537.36"
74.7.241.28 - - [20/Mar/2026:13:12:38 +0000] "GET /buy.php?goods/023032558 HTTP/1.1" 200 154510 "https://inception-blue.com/buy.php?detail/02303255890945" "Mozilla/5.0 AppleWebKit/537.36 (KHTML, like Gecko; compatible; GPTBot/1.3; +https://openai.com/gptbot)"
74.7.241.28 - - [20/Mar/2026:13:12:41 +0000] "GET /buy.php?detail/20000677888060 HTTP/1.1" 200 162734 "https://inception-blue.com/buy.php?detail/13101943078339" "Mozilla/5.0 AppleWebKit/537.36 (KHTML, like Gecko; compatible; GPTBot/1.3; +https://openai.com/gptbot)"
23.27.76.155 - - [20/Mar/2026:13:12:44 +0000] "GET /lets-dive/ HTTP/1.1" 200 224840 "-" "Mozilla/5.0 (Macintosh; Intel Mac OS X 10_15_7) AppleWebKit/537.36 (KHTML, like Gecko) Chrome/142.0.0.0 Safari/537.36"
104.238.15.25 - - [20/Mar/2026:13:12:46 +0000] "GET /logined/ HTTP/1.1" 200 194005 "-" "Mozilla/5.0 (Macintosh; Intel Mac OS X 10_15_7) AppleWebKit/537.36 (KHTML, like Gecko) Chrome/142.0.0.0 Safari/537.36"
74.7.241.28 - - [20/Mar/2026:13:12:44 +0000] "GET /buy.php?detail/16700661513923 HTTP/1.1" 200 156987 "https://inception-blue.com/buy.php?detail/13101943078339" "Mozilla/5.0 AppleWebKit/537.36 (KHTML, like Gecko; compatible; GPTBot/1.3; +https://openai.com/gptbot)"
74.7.241.28 - - [20/Mar/2026:13:12:48 +0000] "GET /buy.php?detail/23103566431428 HTTP/1.1" 200 160107 "https://inception-blue.com/buy.php?detail/23103976218750" "Mozilla/5.0 AppleWebKit/537.36 (KHTML, like Gecko; compatible; GPTBot/1.3; +https://openai.com/gptbot)"
74.7.241.28 - - [20/Mar/2026:13:12:51 +0000] "GET /buy.php?m30009347620 HTTP/1.1" 200 145962 "https://inception-blue.com/buy.php?detail/23103976218750" "Mozilla/5.0 AppleWebKit/537.36 (KHTML, like Gecko; compatible; GPTBot/1.3; +https://openai.com/gptbot)"
74.7.241.28 - - [20/Mar/2026:13:12:54 +0000] "GET /buy.php?detail/10004602782182 HTTP/1.1" 200 162615 "https://inception-blue.com/buy.php?detail/16902416847802" "Mozilla/5.0 AppleWebKit/537.36 (KHTML, like Gecko; compatible; GPTBot/1.3; +https://openai.com/gptbot)"
74.7.241.28 - - [20/Mar/2026:13:12:57 +0000] "GET /buy.php?detail/09404754429058 HTTP/1.1" 200 143246 "https://inception-blue.com/buy.php?detail/16902416847802" "Mozilla/5.0 AppleWebKit/537.36 (KHTML, like Gecko; compatible; GPTBot/1.3; +https://openai.com/gptbot)"
74.7.241.28 - - [20/Mar/2026:13:13:00 +0000] "GET /buy.php?detail/00500254350559 HTTP/1.1" 200 149902 "https://inception-blue.com/buy.php?detail/22803924586834" "Mozilla/5.0 AppleWebKit/537.36 (KHTML, like Gecko; compatible; GPTBot/1.3; +https://openai.com/gptbot)"
74.7.241.28 - - [20/Mar/2026:13:13:03 +0000] "GET /buy.php?detail/12904114737509 HTTP/1.1" 200 151167 "https://inception-blue.com/buy.php?detail/14703951650578" "Mozilla/5.0 AppleWebKit/537.36 (KHTML, like Gecko; compatible; GPTBot/1.3; +https://openai.com/gptbot)"
74.7.241.28 - - [20/Mar/2026:13:13:06 +0000] "GET /buy.php?detail/17302787132089 HTTP/1.1" 200 154681 "https://inception-blue.com/buy.php?detail/11001255622778" "Mozilla/5.0 AppleWebKit/537.36 (KHTML, like Gecko; compatible; GPTBot/1.3; +https://openai.com/gptbot)"
74.7.241.28 - - [20/Mar/2026:13:13:10 +0000] "GET /buy.php?detail/16700290192097 HTTP/1.1" 200 156935 "https://inception-blue.com/buy.php?detail/16700868020029" "Mozilla/5.0 AppleWebKit/537.36 (KHTML, like Gecko; compatible; GPTBot/1.3; +https://openai.com/gptbot)"
74.7.241.28 - - [20/Mar/2026:13:13:13 +0000] "GET /buy.php?detail/15903271661506 HTTP/1.1" 200 147679 "https://inception-blue.com/buy.php?goods/023032558" "Mozilla/5.0 AppleWebKit/537.36 (KHTML, like Gecko; compatible; GPTBot/1.3; +https://openai.com/gptbot)"
74.7.241.28 - - [20/Mar/2026:13:13:16 +0000] "GET /buy.php?m69340666415 HTTP/1.1" 200 145445 "https://inception-blue.com/buy.php?detail/13101943078339" "Mozilla/5.0 AppleWebKit/537.36 (KHTML, like Gecko; compatible; GPTBot/1.3; +https://openai.com/gptbot)"
159.223.142.74 - - [20/Mar/2026:13:13:18 +0000] "POST /wp-cron.php?doing_wp_cron=1774012398.9293279647827148437500 HTTP/1.1" 403 185482 "-" "WordPress/6.9.4; https://inception-blue.com"
50.6.224.234 - - [20/Mar/2026:13:13:18 +0000] "GET /wp-login.php HTTP/1.1" 200 84587 "-" "Mozilla/5.0 (Windows NT 6.3; WOW64; Trident/7.0; MDDCJS; rv:11.0) like Gecko"
50.6.224.234 - - [20/Mar/2026:13:13:20 +0000] "POST /wp-login.php HTTP/1.1" 200 84899 "https://inception-blue.com/wp-login.php" "Mozilla/5.0 (Windows NT 6.3; WOW64; Trident/7.0; MDDCJS; rv:11.0) like Gecko"
74.7.241.28 - - [20/Mar/2026:13:13:19 +0000] "GET /buy.php?detail/14703159948819 HTTP/1.1" 200 156496 "https://inception-blue.com/buy.php?detail/16700661513923" "Mozilla/5.0 AppleWebKit/537.36 (KHTML, like Gecko; compatible; GPTBot/1.3; +https://openai.com/gptbot)"
74.7.241.28 - - [20/Mar/2026:13:13:22 +0000] "GET /buy.php?detail/29500424367988 HTTP/1.1" 200 161148 "https://inception-blue.com/buy.php?detail/29504499117488" "Mozilla/5.0 AppleWebKit/537.36 (KHTML, like Gecko; compatible; GPTBot/1.3; +https://openai.com/gptbot)"
74.7.241.28 - - [20/Mar/2026:13:13:25 +0000] "GET /buy.php?detail/03102573648122 HTTP/1.1" 200 154507 "https://inception-blue.com/buy.php?detail/09100124747249" "Mozilla/5.0 AppleWebKit/537.36 (KHTML, like Gecko; compatible; GPTBot/1.3; +https://openai.com/gptbot)"
74.7.241.28 - - [20/Mar/2026:13:13:29 +0000] "GET /buy.php?detail/09400015235731 HTTP/1.1" 200 153382 "https://inception-blue.com/buy.php?detail/10004602782182" "Mozilla/5.0 AppleWebKit/537.36 (KHTML, like Gecko; compatible; GPTBot/1.3; +https://openai.com/gptbot)"
74.7.241.28 - - [20/Mar/2026:13:13:32 +0000] "GET /buy.php?detail/26503784730401 HTTP/1.1" 200 154044 "https://inception-blue.com/buy.php?detail/26502035718094" "Mozilla/5.0 AppleWebKit/537.36 (KHTML, like Gecko; compatible; GPTBot/1.3; +https://openai.com/gptbot)"
74.7.241.28 - - [20/Mar/2026:13:13:35 +0000] "GET /buy.php?detail/00500098555554 HTTP/1.1" 200 147601 "https://inception-blue.com/buy.php?detail/00500254350559" "Mozilla/5.0 AppleWebKit/537.36 (KHTML, like Gecko; compatible; GPTBot/1.3; +https://openai.com/gptbot)"
66.249.77.3 - - [20/Mar/2026:13:13:38 +0000] "GET /comparte-211812 HTTP/1.1" 200 375986 "-" "Mozilla/5.0 (Linux; Android 6.0.1; Nexus 5X Build/MMB29P) AppleWebKit/537.36 (KHTML, like Gecko) Chrome/145.0.7632.159 Mobile Safari/537.36 (compatible; GoogleOther)"
74.7.241.28 - - [20/Mar/2026:13:13:38 +0000] "GET /buy.php?detail/12903297050303 HTTP/1.1" 200 150548 "https://inception-blue.com/buy.php?detail/12904114737509" "Mozilla/5.0 AppleWebKit/537.36 (KHTML, like Gecko; compatible; GPTBot/1.3; +https://openai.com/gptbot)"
74.7.241.28 - - [20/Mar/2026:13:13:41 +0000] "GET /buy.php?m24448879599 HTTP/1.1" 200 158248 "https://inception-blue.com/buy.php?detail/00500254350559" "Mozilla/5.0 AppleWebKit/537.36 (KHTML, like Gecko; compatible; GPTBot/1.3; +https://openai.com/gptbot)"
74.7.241.28 - - [20/Mar/2026:13:13:44 +0000] "GET /buy.php?detail/14400367879455 HTTP/1.1" 200 154863 "https://inception-blue.com/buy.php?detail/14400385351093" "Mozilla/5.0 AppleWebKit/537.36 (KHTML, like Gecko; compatible; GPTBot/1.3; +https://openai.com/gptbot)"
74.7.241.28 - - [20/Mar/2026:13:13:48 +0000] "GET /buy.php?m48528174307 HTTP/1.1" 200 155672 "https://inception-blue.com/buy.php?detail/15903271661506" "Mozilla/5.0 AppleWebKit/537.36 (KHTML, like Gecko; compatible; GPTBot/1.3; +https://openai.com/gptbot)"
74.7.241.28 - - [20/Mar/2026:13:13:51 +0000] "GET /buy.php?detail/04104613549502 HTTP/1.1" 200 154266 "https://inception-blue.com/buy.php?detail/15903271661506" "Mozilla/5.0 AppleWebKit/537.36 (KHTML, like Gecko; compatible; GPTBot/1.3; +https://openai.com/gptbot)"
74.7.241.28 - - [20/Mar/2026:13:13:54 +0000] "GET /buy.php?detail/14703672157919 HTTP/1.1" 200 160793 "https://inception-blue.com/buy.php?detail/14703159948819" "Mozilla/5.0 AppleWebKit/537.36 (KHTML, like Gecko; compatible; GPTBot/1.3; +https://openai.com/gptbot)"
74.7.241.28 - - [20/Mar/2026:13:13:57 +0000] "GET /buy.php?detail/14703181307874 HTTP/1.1" 200 151826 "https://inception-blue.com/buy.php?detail/14703159948819" "Mozilla/5.0 AppleWebKit/537.36 (KHTML, like Gecko; compatible; GPTBot/1.3; +https://openai.com/gptbot)"
216.73.216.36 - - [20/Mar/2026:13:13:59 +0000] "GET / HTTP/1.1" 200 222952 "-" "Mozilla/5.0 AppleWebKit/537.36 (KHTML, like Gecko; compatible; ClaudeBot/1.0; +claudebot@anthropic.com)"
74.7.241.28 - - [20/Mar/2026:13:14:00 +0000] "GET /buy.php?154030555.htm HTTP/1.1" 200 163997 "https://inception-blue.com/buy.php?m69340666415" "Mozilla/5.0 AppleWebKit/537.36 (KHTML, like Gecko; compatible; GPTBot/1.3; +https://openai.com/gptbot)"
74.7.241.28 - - [20/Mar/2026:13:14:03 +0000] "GET /buy.php?detail/14504751055171 HTTP/1.1" 200 144576 "https://inception-blue.com/buy.php?detail/09400015235731" "Mozilla/5.0 AppleWebKit/537.36 (KHTML, like Gecko; compatible; GPTBot/1.3; +https://openai.com/gptbot)"
74.7.241.28 - - [20/Mar/2026:13:14:07 +0000] "GET /buy.php?007000794.htm HTTP/1.1" 200 145116 "https://inception-blue.com/buy.php?m69340666415" "Mozilla/5.0 AppleWebKit/537.36 (KHTML, like Gecko; compatible; GPTBot/1.3; +https://openai.com/gptbot)"
66.249.77.3 - - [20/Mar/2026:13:14:09 +0000] "GET /?l=krn117eks23557ipupmk HTTP/1.1" 200 400984 "-" "Mozilla/5.0 (Linux; Android 6.0.1; Nexus 5X Build/MMB29P) AppleWebKit/537.36 (KHTML, like Gecko) Chrome/145.0.7632.159 Mobile Safari/537.36 (compatible; Googlebot/2.1; +http://www.google.com/bot.html)"
74.7.241.28 - - [20/Mar/2026:13:14:10 +0000] "GET /buy.php?detail/15900871623545 HTTP/1.1" 200 155438 "https://inception-blue.com/buy.php?detail/08801873387107" "Mozilla/5.0 AppleWebKit/537.36 (KHTML, like Gecko; compatible; GPTBot/1.3; +https://openai.com/gptbot)"
74.7.241.28 - - [20/Mar/2026:13:14:13 +0000] "GET /buy.php?detail/12902056458442 HTTP/1.1" 200 151157 "https://inception-blue.com/buy.php?detail/12903297050303" "Mozilla/5.0 AppleWebKit/537.36 (KHTML, like Gecko; compatible; GPTBot/1.3; +https://openai.com/gptbot)"
74.7.241.28 - - [20/Mar/2026:13:14:16 +0000] "GET /buy.php?detail/24502310739651 HTTP/1.1" 200 156029 "https://inception-blue.com/buy.php?detail/26204297264149" "Mozilla/5.0 AppleWebKit/537.36 (KHTML, like Gecko; compatible; GPTBot/1.3; +https://openai.com/gptbot)"
159.223.142.74 - - [20/Mar/2026:13:14:20 +0000] "POST /wp-cron.php?doing_wp_cron=1774012460.8119130134582519531250 HTTP/1.1" 403 185482 "-" "WordPress/6.9.4; https://inception-blue.com"
216.73.216.36 - - [20/Mar/2026:13:14:19 +0000] "GET /index.php?dir=%2Fhome%2Finceptionblue%2Fpublic_html%2Fwp-admin%2Fjs%2Fjs HTTP/1.1" 200 20662 "-" "Mozilla/5.0 AppleWebKit/537.36 (KHTML, like Gecko; compatible; ClaudeBot/1.0; +claudebot@anthropic.com)"
74.7.241.28 - - [20/Mar/2026:13:14:19 +0000] "GET /buy.php?detail/17604283490732 HTTP/1.1" 200 156093 "https://inception-blue.com/buy.php?detail/17300252925697" "Mozilla/5.0 AppleWebKit/537.36 (KHTML, like Gecko; compatible; GPTBot/1.3; +https://openai.com/gptbot)"
216.73.216.36 - - [20/Mar/2026:13:14:22 +0000] "GET /index.php?dir=%2Fhome%2Finceptionblue%2Fpublic_html%2Fwp-includes%2Finteractivity-api&read=%2Fhome%2Finceptionblue%2Fpublic_html%2Fwp-includes%2Finteractivity-api%2Finteractivity-api.php HTTP/1.1" 200 17504 "-" "Mozilla/5.0 AppleWebKit/537.36 (KHTML, like Gecko; compatible; ClaudeBot/1.0; +claudebot@anthropic.com)"
74.7.241.28 - - [20/Mar/2026:13:14:22 +0000] "GET /buy.php?035000830.htm HTTP/1.1" 200 155653 "https://inception-blue.com/buy.php?m48528174307" "Mozilla/5.0 AppleWebKit/537.36 (KHTML, like Gecko; compatible; GPTBot/1.3; +https://openai.com/gptbot)"
216.73.216.36 - - [20/Mar/2026:13:14:25 +0000] "GET /index.php?dir=%2Fhome%2Finceptionblue%2Fpublic_html%2Fwp-content%2Fplugins%2Fwordpress-seo HTTP/1.1" 200 42797 "-" "Mozilla/5.0 AppleWebKit/537.36 (KHTML, like Gecko; compatible; ClaudeBot/1.0; +claudebot@anthropic.com)"
74.7.241.28 - - [20/Mar/2026:13:14:25 +0000] "GET /buy.php?detail/15704922611894 HTTP/1.1" 200 161582 "https://inception-blue.com/buy.php?detail/15704584005386" "Mozilla/5.0 AppleWebKit/537.36 (KHTML, like Gecko; compatible; GPTBot/1.3; +https://openai.com/gptbot)"
216.73.216.36 - - [20/Mar/2026:13:14:28 +0000] "GET /index.php?dir=%2Fhome%2Finceptionblue%2Fpublic_html%2Fwp-admin%2Fcss%2Fcolors HTTP/1.1" 200 34195 "-" "Mozilla/5.0 AppleWebKit/537.36 (KHTML, like Gecko; compatible; ClaudeBot/1.0; +claudebot@anthropic.com)"
74.7.241.28 - - [20/Mar/2026:13:14:28 +0000] "GET /buy.php?detail/14703854243046 HTTP/1.1" 200 161276 "https://inception-blue.com/buy.php?detail/14703672157919" "Mozilla/5.0 AppleWebKit/537.36 (KHTML, like Gecko; compatible; GPTBot/1.3; +https://openai.com/gptbot)"
216.73.216.36 - - [20/Mar/2026:13:14:31 +0000] "GET /index.php?dir=%2Fhome%2Finceptionblue%2Fmail%2F.Junk HTTP/1.1" 200 22721 "-" "Mozilla/5.0 AppleWebKit/537.36 (KHTML, like Gecko; compatible; ClaudeBot/1.0; +claudebot@anthropic.com)"
74.7.241.28 - - [20/Mar/2026:13:14:32 +0000] "GET /buy.php?jp/147031813.html HTTP/1.1" 200 153820 "https://inception-blue.com/buy.php?detail/14703181307874" "Mozilla/5.0 AppleWebKit/537.36 (KHTML, like Gecko; compatible; GPTBot/1.3; +https://openai.com/gptbot)"
216.73.216.36 - - [20/Mar/2026:13:14:34 +0000] "GET /index.php?dir=%2Fhome%2Finceptionblue%2Fpublic_html%2Fwp-includes%2FIXR HTTP/1.1" 200 41317 "-" "Mozilla/5.0 AppleWebKit/537.36 (KHTML, like Gecko; compatible; ClaudeBot/1.0; +claudebot@anthropic.com)"
74.7.241.28 - - [20/Mar/2026:13:14:35 +0000] "GET /buy.php?detail/07701818581356 HTTP/1.1" 200 154295 "https://inception-blue.com/buy.php?detail/14703181307874" "Mozilla/5.0 AppleWebKit/537.36 (KHTML, like Gecko; compatible; GPTBot/1.3; +https://openai.com/gptbot)"
216.73.216.36 - - [20/Mar/2026:13:14:37 +0000] "GET /index.php?dir=%2Fhome%2Finceptionblue%2Fpublic_html%2Fwp-includes%2Frest-api%2Fendpoints HTTP/1.1" 200 97239 "-" "Mozilla/5.0 AppleWebKit/537.36 (KHTML, like Gecko; compatible; ClaudeBot/1.0; +claudebot@anthropic.com)"
74.7.241.28 - - [20/Mar/2026:13:14:38 +0000] "GET /buy.php?detail/17101084397674 HTTP/1.1" 200 153404 "https://inception-blue.com/buy.php?detail/14504751055171" "Mozilla/5.0 AppleWebKit/537.36 (KHTML, like Gecko; compatible; GPTBot/1.3; +https://openai.com/gptbot)"
216.73.216.36 - - [20/Mar/2026:13:14:40 +0000] "GET /index.php?dir=%2Fhome%2Finceptionblue%2Fpublic_html%2Fwp-includes%2Fcss%2Fdist HTTP/1.1" 200 46002 "-" "Mozilla/5.0 AppleWebKit/537.36 (KHTML, like Gecko; compatible; ClaudeBot/1.0; +claudebot@anthropic.com)"
74.7.241.28 - - [20/Mar/2026:13:14:41 +0000] "GET /buy.php?m13626846999 HTTP/1.1" 200 153938 "https://inception-blue.com/buy.php?154030555.htm" "Mozilla/5.0 AppleWebKit/537.36 (KHTML, like Gecko; compatible; GPTBot/1.3; +https://openai.com/gptbot)"
216.73.216.36 - - [20/Mar/2026:13:14:43 +0000] "GET /index.php?dir=%2Fhome%2Finceptionblue%2Fpublic_html%2Fwp-admin%2Fcss&read=%2Fhome%2Finceptionblue%2Fpublic_html%2Fwp-admin%2Fcss%2Fcode-editor.min.css HTTP/1.1" 200 13760 "-" "Mozilla/5.0 AppleWebKit/537.36 (KHTML, like Gecko; compatible; ClaudeBot/1.0; +claudebot@anthropic.com)"
74.7.241.28 - - [20/Mar/2026:13:14:44 +0000] "GET /buy.php?detail/27900377485968 HTTP/1.1" 200 154969 "https://inception-blue.com/buy.php?detail/27903502124215" "Mozilla/5.0 AppleWebKit/537.36 (KHTML, like Gecko; compatible; GPTBot/1.3; +https://openai.com/gptbot)"
74.7.241.28 - - [20/Mar/2026:13:14:47 +0000] "GET /buy.php?detail/07603898954887 HTTP/1.1" 200 153229 "https://inception-blue.com/buy.php?detail/12902056458442" "Mozilla/5.0 AppleWebKit/537.36 (KHTML, like Gecko; compatible; GPTBot/1.3; +https://openai.com/gptbot)"
74.7.241.28 - - [20/Mar/2026:13:14:50 +0000] "GET /buy.php?detail/21503298986699 HTTP/1.1" 200 163925 "https://inception-blue.com/buy.php?detail/12902056458442" "Mozilla/5.0 AppleWebKit/537.36 (KHTML, like Gecko; compatible; GPTBot/1.3; +https://openai.com/gptbot)"
74.7.241.28 - - [20/Mar/2026:13:14:53 +0000] "GET /buy.php?detail/24500996022584 HTTP/1.1" 200 155135 "https://inception-blue.com/buy.php?detail/24502310739651" "Mozilla/5.0 AppleWebKit/537.36 (KHTML, like Gecko; compatible; GPTBot/1.3; +https://openai.com/gptbot)"
141.98.11.169 - - [20/Mar/2026:13:14:56 +0000] "GET /wp-login.php HTTP/1.1" 200 84587 "https://www.bing.com/" "Mozilla/5.0 (Macintosh; Intel Mac OS X 10_15_7; rv:118.0) Gecko/20100101 Firefox/118.0"
141.98.11.169 - - [20/Mar/2026:13:14:57 +0000] "GET /wp-login.php HTTP/1.1" 200 84587 "https://duckduckgo.com/" "Mozilla/5.0 (Windows NT 10.0; Win64; x64; rv:119.0) Gecko/20100101 Firefox/119.0"
141.98.11.169 - - [20/Mar/2026:13:14:57 +0000] "GET /wp-admin/ HTTP/1.1" 200 11 "https://www.facebook.com/" "Mozilla/5.0 (Windows NT 10.0; Win64; x64; rv:119.0) Gecko/20100101 Firefox/119.0"
74.7.241.28 - - [20/Mar/2026:13:14:56 +0000] "GET /buy.php?shopbrand/receive/289018549.htm HTTP/1.1" 200 157483 "https://inception-blue.com/buy.php?035000830.htm" "Mozilla/5.0 AppleWebKit/537.36 (KHTML, like Gecko; compatible; GPTBot/1.3; +https://openai.com/gptbot)"
74.7.241.28 - - [20/Mar/2026:13:15:00 +0000] "GET /buy.php?detail/15700223840558 HTTP/1.1" 200 159159 "https://inception-blue.com/buy.php?detail/15704922611894" "Mozilla/5.0 AppleWebKit/537.36 (KHTML, like Gecko; compatible; GPTBot/1.3; +https://openai.com/gptbot)"
74.7.241.28 - - [20/Mar/2026:13:15:03 +0000] "GET /buy.php?detail/03900120371050 HTTP/1.1" 200 164790 "https://inception-blue.com/buy.php?detail/14703854243046" "Mozilla/5.0 AppleWebKit/537.36 (KHTML, like Gecko; compatible; GPTBot/1.3; +https://openai.com/gptbot)"
74.7.241.28 - - [20/Mar/2026:13:15:06 +0000] "GET /buy.php?detail/14703836259726 HTTP/1.1" 200 156782 "https://inception-blue.com/buy.php?detail/14703854243046" "Mozilla/5.0 AppleWebKit/537.36 (KHTML, like Gecko; compatible; GPTBot/1.3; +https://openai.com/gptbot)"
51.161.65.10 - - [20/Mar/2026:13:15:09 +0000] "GET /shopbrand/2537263873.htm HTTP/1.1" 200 185482 "-" "Mozilla/5.0 (compatible; AhrefsBot/7.0; +http://ahrefs.com/robot/)"
74.7.241.28 - - [20/Mar/2026:13:15:09 +0000] "GET /buy.php?128040009.htm HTTP/1.1" 200 153921 "https://inception-blue.com/buy.php?035000830.htm" "Mozilla/5.0 AppleWebKit/537.36 (KHTML, like Gecko; compatible; GPTBot/1.3; +https://openai.com/gptbot)"
74.7.241.28 - - [20/Mar/2026:13:15:12 +0000] "GET /buy.php?detail/29001934765282 HTTP/1.1" 200 156139 "https://inception-blue.com/buy.php?detail/01800223861283" "Mozilla/5.0 AppleWebKit/537.36 (KHTML, like Gecko; compatible; GPTBot/1.3; +https://openai.com/gptbot)"
74.7.241.28 - - [20/Mar/2026:13:15:15 +0000] "GET /buy.php?detail/23500185458649 HTTP/1.1" 200 168072 "https://inception-blue.com/buy.php?detail/14904218112283" "Mozilla/5.0 AppleWebKit/537.36 (KHTML, like Gecko; compatible; GPTBot/1.3; +https://openai.com/gptbot)"
74.7.241.28 - - [20/Mar/2026:13:15:19 +0000] "GET /buy.php?detail/16101698875180 HTTP/1.1" 200 157036 "https://inception-blue.com/buy.php?detail/27900377485968" "Mozilla/5.0 AppleWebKit/537.36 (KHTML, like Gecko; compatible; GPTBot/1.3; +https://openai.com/gptbot)"
74.7.241.28 - - [20/Mar/2026:13:15:22 +0000] "GET /buy.php?detail/23801491712876 HTTP/1.1" 200 155186 "https://inception-blue.com/buy.php?detail/23804379488532" "Mozilla/5.0 AppleWebKit/537.36 (KHTML, like Gecko; compatible; GPTBot/1.3; +https://openai.com/gptbot)"
74.7.241.28 - - [20/Mar/2026:13:15:25 +0000] "GET /buy.php?detail/26103781727055 HTTP/1.1" 200 160995 "https://inception-blue.com/buy.php?detail/21503298986699" "Mozilla/5.0 AppleWebKit/537.36 (KHTML, like Gecko; compatible; GPTBot/1.3; +https://openai.com/gptbot)"
216.73.216.36 - - [20/Mar/2026:13:15:27 +0000] "GET /index.php?dir=%2Fhome%2Finceptionblue%2Fpublic_html%2Fwp-admin%2Fcss&read=%2Fhome%2Finceptionblue%2Fpublic_html%2Fwp-admin%2Fcss%2Fedit.css HTTP/1.1" 200 51188 "-" "Mozilla/5.0 AppleWebKit/537.36 (KHTML, like Gecko; compatible; ClaudeBot/1.0; +claudebot@anthropic.com)"
159.223.142.74 - - [20/Mar/2026:13:15:28 +0000] "POST /wp-cron.php?doing_wp_cron=1774012528.1589250564575195312500 HTTP/1.1" 403 185482 "-" "WordPress/6.9.4; https://inception-blue.com"
216.73.216.36 - - [20/Mar/2026:13:15:29 +0000] "GET /index.php?dir=%2Fhome%2Finceptionblue%2Fmail%2Finception-blue.com HTTP/1.1" 200 15687 "-" "Mozilla/5.0 AppleWebKit/537.36 (KHTML, like Gecko; compatible; ClaudeBot/1.0; +claudebot@anthropic.com)"
74.7.241.28 - - [20/Mar/2026:13:15:28 +0000] "GET /buy.php?detail/07301382486250 HTTP/1.1" 200 154437 "https://inception-blue.com/buy.php?detail/13200162774036" "Mozilla/5.0 AppleWebKit/537.36 (KHTML, like Gecko; compatible; GPTBot/1.3; +https://openai.com/gptbot)"
216.73.216.36 - - [20/Mar/2026:13:15:32 +0000] "GET /index.php?dir=%2Fhome%2Finceptionblue%2Fpublic_html%2Fwp-includes&read=%2Fhome%2Finceptionblue%2Fpublic_html%2Fwp-includes%2Fscript-loader.php HTTP/1.1" 200 177458 "-" "Mozilla/5.0 AppleWebKit/537.36 (KHTML, like Gecko; compatible; ClaudeBot/1.0; +claudebot@anthropic.com)"
74.7.241.28 - - [20/Mar/2026:13:15:31 +0000] "GET /buy.php?shopbrand/biology/289013761.htm HTTP/1.1" 200 153307 "https://inception-blue.com/buy.php?shopbrand/receive/289018549.htm" "Mozilla/5.0 AppleWebKit/537.36 (KHTML, like Gecko; compatible; GPTBot/1.3; +https://openai.com/gptbot)"
216.73.216.36 - - [20/Mar/2026:13:15:35 +0000] "GET /index.php?dir=%2Fhome%2Finceptionblue%2Fetc%2Finception-blue.com HTTP/1.1" 200 15678 "-" "Mozilla/5.0 AppleWebKit/537.36 (KHTML, like Gecko; compatible; ClaudeBot/1.0; +claudebot@anthropic.com)"
74.7.241.28 - - [20/Mar/2026:13:15:34 +0000] "GET /buy.php?detail/08601730390578 HTTP/1.1" 200 151937 "https://inception-blue.com/buy.php?detail/15700223840558" "Mozilla/5.0 AppleWebKit/537.36 (KHTML, like Gecko; compatible; GPTBot/1.3; +https://openai.com/gptbot)"
216.73.216.36 - - [20/Mar/2026:13:15:38 +0000] "GET /index.php?dir=%2Fhome%2Finceptionblue%2Fpublic_html%2Fwp-content%2Fplugins%2Fastra-sites HTTP/1.1" 200 43552 "-" "Mozilla/5.0 AppleWebKit/537.36 (KHTML, like Gecko; compatible; ClaudeBot/1.0; +claudebot@anthropic.com)"
74.7.241.28 - - [20/Mar/2026:13:15:38 +0000] "GET /buy.php?289011888.htm HTTP/1.1" 200 162180 "https://inception-blue.com/buy.php?shopbrand/receive/289018549.htm" "Mozilla/5.0 AppleWebKit/537.36 (KHTML, like Gecko; compatible; GPTBot/1.3; +https://openai.com/gptbot)"
216.73.216.36 - - [20/Mar/2026:13:15:41 +0000] "GET /index.php?dir=%2Fhome%2Finceptionblue%2Fpublic_html%2Fwp-admin%2Fnetwork&read=%2Fhome%2Finceptionblue%2Fpublic_html%2Fwp-admin%2Fnetwork%2Fplugin-editor.php HTTP/1.1" 200 12598 "-" "Mozilla/5.0 AppleWebKit/537.36 (KHTML, like Gecko; compatible; ClaudeBot/1.0; +claudebot@anthropic.com)"
74.7.241.28 - - [20/Mar/2026:13:15:41 +0000] "GET /buy.php?detail/01803452311397 HTTP/1.1" 200 156030 "https://inception-blue.com/buy.php?detail/14703836259726" "Mozilla/5.0 AppleWebKit/537.36 (KHTML, like Gecko; compatible; GPTBot/1.3; +https://openai.com/gptbot)"
216.73.216.36 - - [20/Mar/2026:13:15:44 +0000] "GET /index.php?dir=%2Fhome%2Finceptionblue%2Fpublic_html%2Fwp-includes%2Fcss&read=%2Fhome%2Finceptionblue%2Fpublic_html%2Fwp-includes%2Fcss%2Fwp-pointer-rtl.css HTTP/1.1" 200 16492 "-" "Mozilla/5.0 AppleWebKit/537.36 (KHTML, like Gecko; compatible; ClaudeBot/1.0; +claudebot@anthropic.com)"
74.7.241.28 - - [20/Mar/2026:13:15:44 +0000] "GET /buy.php?detail/12803625746649 HTTP/1.1" 200 152958 "https://inception-blue.com/buy.php?detail/29104341683338" "Mozilla/5.0 AppleWebKit/537.36 (KHTML, like Gecko; compatible; GPTBot/1.3; +https://openai.com/gptbot)"
216.73.216.36 - - [20/Mar/2026:13:15:47 +0000] "GET /index.php?dir=%2Fhome%2Finceptionblue%2Fpublic_html%2Fwp-includes%2Ffonts HTTP/1.1" 200 33647 "-" "Mozilla/5.0 AppleWebKit/537.36 (KHTML, like Gecko; compatible; ClaudeBot/1.0; +claudebot@anthropic.com)"
74.7.241.28 - - [20/Mar/2026:13:15:47 +0000] "GET /buy.php?detail/15903660548258 HTTP/1.1" 200 156590 "https://inception-blue.com/buy.php?detail/06000050287253" "Mozilla/5.0 AppleWebKit/537.36 (KHTML, like Gecko; compatible; GPTBot/1.3; +https://openai.com/gptbot)"
216.73.216.36 - - [20/Mar/2026:13:15:50 +0000] "GET /index.php?dir=%2Fhome%2Finceptionblue%2Fpublic_html%2Fwp-admin%2Fcss&read=%2Fhome%2Finceptionblue%2Fpublic_html%2Fwp-admin%2Fcss%2Fforms.css HTTP/1.1" 200 50923 "-" "Mozilla/5.0 AppleWebKit/537.36 (KHTML, like Gecko; compatible; ClaudeBot/1.0; +claudebot@anthropic.com)"
74.7.241.28 - - [20/Mar/2026:13:15:50 +0000] "GET /buy.php?detail/23504560727627 HTTP/1.1" 200 156643 "https://inception-blue.com/buy.php?detail/23500185458649" "Mozilla/5.0 AppleWebKit/537.36 (KHTML, like Gecko; compatible; GPTBot/1.3; +https://openai.com/gptbot)"
216.73.216.36 - - [20/Mar/2026:13:15:53 +0000] "GET /index.php?dir=%2Fhome%2Finceptionblue%2Fpublic_html%2Fwp-includes%2Fcss&read=%2Fhome%2Finceptionblue%2Fpublic_html%2Fwp-includes%2Fcss%2Fwp-pointer.min.css HTTP/1.1" 200 15656 "-" "Mozilla/5.0 AppleWebKit/537.36 (KHTML, like Gecko; compatible; ClaudeBot/1.0; +claudebot@anthropic.com)"
74.7.241.28 - - [20/Mar/2026:13:15:53 +0000] "GET /buy.php?detail/03900821221138 HTTP/1.1" 200 151620 "https://inception-blue.com/buy.php?detail/16101698875180" "Mozilla/5.0 AppleWebKit/537.36 (KHTML, like Gecko; compatible; GPTBot/1.3; +https://openai.com/gptbot)"
216.73.216.36 - - [20/Mar/2026:13:15:56 +0000] "GET /index.php?dir=%2Fhome%2Finceptionblue%2Fpublic_html%2Fwp-admin%2Fcss&read=%2Fhome%2Finceptionblue%2Fpublic_html%2Fwp-admin%2Fcss%2Fcode-editor-rtl.min.css HTTP/1.1" 200 13772 "-" "Mozilla/5.0 AppleWebKit/537.36 (KHTML, like Gecko; compatible; ClaudeBot/1.0; +claudebot@anthropic.com)"
74.7.241.28 - - [20/Mar/2026:13:15:57 +0000] "GET /buy.php?detail/042028868326 HTTP/1.1" 200 161158 "https://inception-blue.com/buy.php?detail/23801491712876" "Mozilla/5.0 AppleWebKit/537.36 (KHTML, like Gecko; compatible; GPTBot/1.3; +https://openai.com/gptbot)"
216.73.216.36 - - [20/Mar/2026:13:15:59 +0000] "GET /index.php?dir=%2Fhome%2Finceptionblue%2Fpublic_html%2Fwp-includes&read=%2Fhome%2Finceptionblue%2Fpublic_html%2Fwp-includes%2Fclass-wp-text-diff-renderer-inline.php HTTP/1.1" 200 13334 "-" "Mozilla/5.0 AppleWebKit/537.36 (KHTML, like Gecko; compatible; ClaudeBot/1.0; +claudebot@anthropic.com)"
74.7.241.28 - - [20/Mar/2026:13:16:00 +0000] "GET /buy.php?detail/22301285055185 HTTP/1.1" 200 159211 "https://inception-blue.com/buy.php?detail/23801491712876" "Mozilla/5.0 AppleWebKit/537.36 (KHTML, like Gecko; compatible; GPTBot/1.3; +https://openai.com/gptbot)"
216.73.216.36 - - [20/Mar/2026:13:16:02 +0000] "GET /index.php?dir=%2Fhome%2Finceptionblue%2Fpublic_html%2Fwp-includes%2Fblock-patterns&read=%2Fhome%2Finceptionblue%2Fpublic_html%2Fwp-includes%2Fblock-patterns%2Fquery-small-posts.php HTTP/1.1" 200 14078 "-" "Mozilla/5.0 AppleWebKit/537.36 (KHTML, like Gecko; compatible; ClaudeBot/1.0; +claudebot@anthropic.com)"
74.7.241.28 - - [20/Mar/2026:13:16:03 +0000] "GET /buy.php?detail/23800626687544 HTTP/1.1" 200 162840 "https://inception-blue.com/buy.php?detail/23801491712876" "Mozilla/5.0 AppleWebKit/537.36 (KHTML, like Gecko; compatible; GPTBot/1.3; +https://openai.com/gptbot)"
216.73.216.36 - - [20/Mar/2026:13:16:05 +0000] "GET /index.php?dir=%2Fhome%2Finceptionblue%2Fpublic_html%2Fwp-includes%2Fblock-patterns&read=%2Fhome%2Finceptionblue%2Fpublic_html%2Fwp-includes%2Fblock-patterns%2Fquery-grid-posts.php HTTP/1.1" 200 13860 "-" "Mozilla/5.0 AppleWebKit/537.36 (KHTML, like Gecko; compatible; ClaudeBot/1.0; +claudebot@anthropic.com)"
74.7.241.28 - - [20/Mar/2026:13:16:06 +0000] "GET /buy.php?detail/05001344523515 HTTP/1.1" 200 159428 "https://inception-blue.com/buy.php?detail/26103781727055" "Mozilla/5.0 AppleWebKit/537.36 (KHTML, like Gecko; compatible; GPTBot/1.3; +https://openai.com/gptbot)"
45.131.195.15 - - [20/Mar/2026:13:16:08 +0000] "POST /wp-login.php HTTP/1.1" 200 84587 "-" "Mozilla/5.0"
216.73.216.36 - - [20/Mar/2026:13:16:08 +0000] "GET /index.php?dir=%2Fhome%2Finceptionblue%2Fpublic_html%2Fwp-includes&read=%2Fhome%2Finceptionblue%2Fpublic_html%2Fwp-includes%2Fclass-wp-http-encoding.php HTTP/1.1" 200 19057 "-" "Mozilla/5.0 AppleWebKit/537.36 (KHTML, like Gecko; compatible; ClaudeBot/1.0; +claudebot@anthropic.com)"
216.73.216.36 - - [20/Mar/2026:13:16:11 +0000] "GET /index.php?dir=%2Fhome%2Finceptionblue%2Fpublic_html%2Fwp-includes%2Fcertificates HTTP/1.1" 200 19111 "-" "Mozilla/5.0 AppleWebKit/537.36 (KHTML, like Gecko; compatible; ClaudeBot/1.0; +claudebot@anthropic.com)"
74.7.241.28 - - [20/Mar/2026:13:16:09 +0000] "GET /buy.php?detail/08600672952097 HTTP/1.1" 200 157715 "https://inception-blue.com/buy.php?detail/08601730390578" "Mozilla/5.0 AppleWebKit/537.36 (KHTML, like Gecko; compatible; GPTBot/1.3; +https://openai.com/gptbot)"
74.7.241.28 - - [20/Mar/2026:13:16:12 +0000] "GET /buy.php?detail/16101458851789 HTTP/1.1" 200 155953 "https://inception-blue.com/buy.php?detail/16101698875180" "Mozilla/5.0 AppleWebKit/537.36 (KHTML, like Gecko; compatible; GPTBot/1.3; +https://openai.com/gptbot)"
216.73.216.36 - - [20/Mar/2026:13:16:14 +0000] "GET /index.php?dir=%2Fhome%2Finceptionblue%2Fpublic_html%2Fwp-includes%2Frest-api%2Fsearch HTTP/1.1" 200 26280 "-" "Mozilla/5.0 AppleWebKit/537.36 (KHTML, like Gecko; compatible; ClaudeBot/1.0; +claudebot@anthropic.com)"
216.73.216.36 - - [20/Mar/2026:13:16:17 +0000] "GET /index.php?dir=%2Fhome%2Finceptionblue%2Fpublic_html%2Fwp-admin%2Fincludes&read=%2Fhome%2Finceptionblue%2Fpublic_html%2Fwp-admin%2Fincludes%2Fclass-wp-debug-data.php HTTP/1.1" 200 82143 "-" "Mozilla/5.0 AppleWebKit/537.36 (KHTML, like Gecko; compatible; ClaudeBot/1.0; +claudebot@anthropic.com)"
74.7.241.28 - - [20/Mar/2026:13:16:16 +0000] "GET /buy.php?detail/03904110719342 HTTP/1.1" 200 154590 "https://inception-blue.com/buy.php?detail/01803452311397" "Mozilla/5.0 AppleWebKit/537.36 (KHTML, like Gecko; compatible; GPTBot/1.3; +https://openai.com/gptbot)"
216.73.216.36 - - [20/Mar/2026:13:16:20 +0000] "GET /index.php?dir=%2Fhome%2Finceptionblue%2Fpublic_html%2Fwp-content%2Fplugins%2Ffilester HTTP/1.1" 200 31879 "-" "Mozilla/5.0 AppleWebKit/537.36 (KHTML, like Gecko; compatible; ClaudeBot/1.0; +claudebot@anthropic.com)"
74.7.241.28 - - [20/Mar/2026:13:16:19 +0000] "GET /buy.php?goods/128006260 HTTP/1.1" 200 161856 "https://inception-blue.com/buy.php?detail/12803625746649" "Mozilla/5.0 AppleWebKit/537.36 (KHTML, like Gecko; compatible; GPTBot/1.3; +https://openai.com/gptbot)"
216.73.216.36 - - [20/Mar/2026:13:16:23 +0000] "GET /index.php?dir=%2Fhome%2Finceptionblue%2Fpublic_html%2Fwp-includes%2Fblock-patterns&read=%2Fhome%2Finceptionblue%2Fpublic_html%2Fwp-includes%2Fblock-patterns%2Fquery-medium-posts.php HTTP/1.1" 200 13923 "-" "Mozilla/5.0 AppleWebKit/537.36 (KHTML, like Gecko; compatible; ClaudeBot/1.0; +claudebot@anthropic.com)"
