74.7.241.28 - - [20/Mar/2026:12:53:55 +0000] "GET /buy.php?detail/12000163764501 HTTP/1.1" 200 159115 "https://inception-blue.com/buy.php?detail/20100452968118" "Mozilla/5.0 AppleWebKit/537.36 (KHTML, like Gecko; compatible; GPTBot/1.3; +https://openai.com/gptbot)"
74.7.241.28 - - [20/Mar/2026:12:53:58 +0000] "GET /buy.php?detail/11203043417749 HTTP/1.1" 200 151951 "https://inception-blue.com/buy.php?detail/07300642720881" "Mozilla/5.0 AppleWebKit/537.36 (KHTML, like Gecko; compatible; GPTBot/1.3; +https://openai.com/gptbot)"
74.7.241.28 - - [20/Mar/2026:12:54:01 +0000] "GET /buy.php?jp/112030434.html HTTP/1.1" 200 149390 "https://inception-blue.com/buy.php?detail/11203043417749" "Mozilla/5.0 AppleWebKit/537.36 (KHTML, like Gecko; compatible; GPTBot/1.3; +https://openai.com/gptbot)"
74.7.241.28 - - [20/Mar/2026:12:54:04 +0000] "GET /buy.php?jp/297019360.html HTTP/1.1" 200 163695 "https://inception-blue.com/buy.php?jp/287029784.html" "Mozilla/5.0 AppleWebKit/537.36 (KHTML, like Gecko; compatible; GPTBot/1.3; +https://openai.com/gptbot)"
74.7.241.28 - - [20/Mar/2026:12:54:07 +0000] "GET /buy.php?jp/121003534.html HTTP/1.1" 200 152925 "https://inception-blue.com/buy.php?detail/12101587971849" "Mozilla/5.0 AppleWebKit/537.36 (KHTML, like Gecko; compatible; GPTBot/1.3; +https://openai.com/gptbot)"
74.7.241.28 - - [20/Mar/2026:12:54:10 +0000] "GET /buy.php?detail/15302953863823 HTTP/1.1" 200 156983 "https://inception-blue.com/buy.php?jp/287029784.html" "Mozilla/5.0 AppleWebKit/537.36 (KHTML, like Gecko; compatible; GPTBot/1.3; +https://openai.com/gptbot)"
74.7.241.28 - - [20/Mar/2026:12:54:13 +0000] "GET /buy.php?detail/12100414518249 HTTP/1.1" 200 154455 "https://inception-blue.com/buy.php?detail/12101587971849" "Mozilla/5.0 AppleWebKit/537.36 (KHTML, like Gecko; compatible; GPTBot/1.3; +https://openai.com/gptbot)"
74.7.241.28 - - [20/Mar/2026:12:54:16 +0000] "GET /buy.php?detail/21700567153815 HTTP/1.1" 200 155892 "https://inception-blue.com/buy.php?detail/21700278229940" "Mozilla/5.0 AppleWebKit/537.36 (KHTML, like Gecko; compatible; GPTBot/1.3; +https://openai.com/gptbot)"
74.7.241.28 - - [20/Mar/2026:12:54:19 +0000] "GET /buy.php?detail/15404847720470 HTTP/1.1" 200 151451 "https://inception-blue.com/buy.php?detail/21203872982980" "Mozilla/5.0 AppleWebKit/537.36 (KHTML, like Gecko; compatible; GPTBot/1.3; +https://openai.com/gptbot)"
74.7.241.28 - - [20/Mar/2026:12:54:23 +0000] "GET /buy.php?detail/09200977472241 HTTP/1.1" 200 149568 "https://inception-blue.com/buy.php?detail/21203872982980" "Mozilla/5.0 AppleWebKit/537.36 (KHTML, like Gecko; compatible; GPTBot/1.3; +https://openai.com/gptbot)"
159.223.142.74 - - [20/Mar/2026:12:54:26 +0000] "POST /wp-cron.php?doing_wp_cron=1774011266.2702460289001464843750 HTTP/1.1" 403 185482 "-" "WordPress/6.9.4; https://inception-blue.com"
159.223.142.74 - - [20/Mar/2026:12:54:25 +0000] "POST /wp-cron.php?doing_wp_cron=1774011265.3395719528198242187500 HTTP/1.1" 403 185482 "-" "WordPress/6.9.4; https://inception-blue.com"
159.223.142.74 - - [20/Mar/2026:12:54:24 +0000] "POST /wp-cron.php?doing_wp_cron=1774011264.4862709045410156250000 HTTP/1.1" 403 185482 "-" "WordPress/6.9.4; https://inception-blue.com"
159.223.142.74 - - [20/Mar/2026:12:54:26 +0000] "POST /wp-cron.php?doing_wp_cron=1774011266.5261349678039550781250 HTTP/1.1" 403 185482 "-" "WordPress/6.9.4; https://inception-blue.com"
159.223.142.74 - - [20/Mar/2026:12:54:23 +0000] "POST /wp-cron.php?doing_wp_cron=1774011263.5820810794830322265625 HTTP/1.1" 403 185482 "-" "WordPress/6.9.4; https://inception-blue.com"
159.223.142.74 - - [20/Mar/2026:12:54:26 +0000] "POST /wp-cron.php?doing_wp_cron=1774011266.6409680843353271484375 HTTP/1.1" 403 185482 "-" "WordPress/6.9.4; https://inception-blue.com"
159.223.142.74 - - [20/Mar/2026:12:54:26 +0000] "POST /wp-cron.php?doing_wp_cron=1774011266.5911118984222412109375 HTTP/1.1" 403 185482 "-" "WordPress/6.9.4; https://inception-blue.com"
159.223.142.74 - - [20/Mar/2026:12:54:25 +0000] "POST /wp-cron.php?doing_wp_cron=1774011265.6106181144714355468750 HTTP/1.1" 403 185482 "-" "WordPress/6.9.4; https://inception-blue.com"
159.223.142.74 - - [20/Mar/2026:12:54:26 +0000] "POST /wp-cron.php?doing_wp_cron=1774011266.6433649063110351562500 HTTP/1.1" 403 185482 "-" "WordPress/6.9.4; https://inception-blue.com"
159.223.142.74 - - [20/Mar/2026:12:54:25 +0000] "POST /wp-cron.php?doing_wp_cron=1774011265.7607231140136718750000 HTTP/1.1" 403 185482 "-" "WordPress/6.9.4; https://inception-blue.com"
159.223.142.74 - - [20/Mar/2026:12:54:22 +0000] "POST /wp-cron.php?doing_wp_cron=1774011262.7505199909210205078125 HTTP/1.1" 403 185482 "-" "WordPress/6.9.4; https://inception-blue.com"
159.223.142.74 - - [20/Mar/2026:12:54:24 +0000] "POST /wp-cron.php?doing_wp_cron=1774011264.8088450431823730468750 HTTP/1.1" 403 185482 "-" "WordPress/6.9.4; https://inception-blue.com"
159.223.142.74 - - [20/Mar/2026:12:54:23 +0000] "POST /wp-cron.php?doing_wp_cron=1774011263.8636090755462646484375 HTTP/1.1" 403 185482 "-" "WordPress/6.9.4; https://inception-blue.com"
159.223.142.74 - - [20/Mar/2026:12:54:20 +0000] "POST /wp-cron.php?doing_wp_cron=1774011260.8517870903015136718750 HTTP/1.1" 403 185482 "-" "WordPress/6.9.4; https://inception-blue.com"
159.223.142.74 - - [20/Mar/2026:12:54:21 +0000] "POST /wp-cron.php?doing_wp_cron=1774011261.8152539730072021484375 HTTP/1.1" 403 185482 "-" "WordPress/6.9.4; https://inception-blue.com"
148.113.130.197 - - [20/Mar/2026:12:54:19 +0000] "GET /shopbrand/2683806424.htm HTTP/1.1" 200 185482 "-" "Mozilla/5.0 (compatible; AhrefsBot/7.0; +http://ahrefs.com/robot/)"
159.223.142.74 - - [20/Mar/2026:12:54:25 +0000] "POST /wp-cron.php?doing_wp_cron=1774011265.7294979095458984375000 HTTP/1.1" 403 185482 "-" "WordPress/6.9.4; https://inception-blue.com"
159.223.142.74 - - [20/Mar/2026:12:54:24 +0000] "POST /wp-cron.php?doing_wp_cron=1774011264.8257060050964355468750 HTTP/1.1" 403 185482 "-" "WordPress/6.9.4; https://inception-blue.com"
159.223.142.74 - - [20/Mar/2026:12:54:27 +0000] "POST /wp-cron.php?doing_wp_cron=1774011266.9775888919830322265625 HTTP/1.1" 403 185482 "-" "WordPress/6.9.4; https://inception-blue.com"
74.7.241.28 - - [20/Mar/2026:12:54:26 +0000] "GET /buy.php?detail/17701257576002 HTTP/1.1" 200 159036 "https://inception-blue.com/buy.php?detail/05700438061549" "Mozilla/5.0 AppleWebKit/537.36 (KHTML, like Gecko; compatible; GPTBot/1.3; +https://openai.com/gptbot)"
74.7.241.28 - - [20/Mar/2026:12:54:29 +0000] "GET /buy.php?detail/24900440842718 HTTP/1.1" 200 148515 "https://inception-blue.com/buy.php?detail/21700278229940" "Mozilla/5.0 AppleWebKit/537.36 (KHTML, like Gecko; compatible; GPTBot/1.3; +https://openai.com/gptbot)"
82.196.25.136 - - [20/Mar/2026:12:54:33 +0000] "GET /wp-login.php HTTP/1.1" 200 84587 "-" "Mozilla/5.0 (Windows NT 6.3; WOW64; Trident/7.0; MDDCJS; rv:11.0) like Gecko"
74.7.241.28 - - [20/Mar/2026:12:54:32 +0000] "GET /buy.php?detail/05700385173299 HTTP/1.1" 200 154288 "https://inception-blue.com/buy.php?detail/05700438061549" "Mozilla/5.0 AppleWebKit/537.36 (KHTML, like Gecko; compatible; GPTBot/1.3; +https://openai.com/gptbot)"
82.196.25.136 - - [20/Mar/2026:12:54:35 +0000] "POST /wp-login.php HTTP/1.1" 200 84899 "https://inception-blue.com/wp-login.php" "Mozilla/5.0 (Windows NT 6.3; WOW64; Trident/7.0; MDDCJS; rv:11.0) like Gecko"
74.7.241.28 - - [20/Mar/2026:12:54:35 +0000] "GET /buy.php?detail/21603346269416 HTTP/1.1" 200 155657 "https://inception-blue.com/buy.php?detail/11203043417749" "Mozilla/5.0 AppleWebKit/537.36 (KHTML, like Gecko; compatible; GPTBot/1.3; +https://openai.com/gptbot)"
74.7.241.28 - - [20/Mar/2026:12:54:38 +0000] "GET /buy.php?detail/02300635678574 HTTP/1.1" 200 154560 "https://inception-blue.com/buy.php?detail/05700438061549" "Mozilla/5.0 AppleWebKit/537.36 (KHTML, like Gecko; compatible; GPTBot/1.3; +https://openai.com/gptbot)"
74.7.241.28 - - [20/Mar/2026:12:54:41 +0000] "GET /buy.php?detail/12101865455790 HTTP/1.1" 200 153747 "https://inception-blue.com/buy.php?jp/121003534.html" "Mozilla/5.0 AppleWebKit/537.36 (KHTML, like Gecko; compatible; GPTBot/1.3; +https://openai.com/gptbot)"
74.7.241.28 - - [20/Mar/2026:12:54:44 +0000] "GET /buy.php?detail/17502326948176 HTTP/1.1" 200 152659 "https://inception-blue.com/buy.php?detail/15302953863823" "Mozilla/5.0 AppleWebKit/537.36 (KHTML, like Gecko; compatible; GPTBot/1.3; +https://openai.com/gptbot)"
74.7.241.28 - - [20/Mar/2026:12:54:48 +0000] "GET /buy.php?detail/2940369032781 HTTP/1.1" 200 154670 "https://inception-blue.com/buy.php?detail/12100414518249" "Mozilla/5.0 AppleWebKit/537.36 (KHTML, like Gecko; compatible; GPTBot/1.3; +https://openai.com/gptbot)"
74.7.241.28 - - [20/Mar/2026:12:54:51 +0000] "GET /buy.php?detail/27500667473164 HTTP/1.1" 200 154411 "https://inception-blue.com/buy.php?detail/27100945316854" "Mozilla/5.0 AppleWebKit/537.36 (KHTML, like Gecko; compatible; GPTBot/1.3; +https://openai.com/gptbot)"
74.7.241.28 - - [20/Mar/2026:12:54:54 +0000] "GET /buy.php?detail/08100658514335 HTTP/1.1" 200 155291 "https://inception-blue.com/buy.php?detail/15404847720470" "Mozilla/5.0 AppleWebKit/537.36 (KHTML, like Gecko; compatible; GPTBot/1.3; +https://openai.com/gptbot)"
74.7.241.28 - - [20/Mar/2026:12:54:57 +0000] "GET /buy.php?detail/15401804984361 HTTP/1.1" 200 153734 "https://inception-blue.com/buy.php?detail/15404847720470" "Mozilla/5.0 AppleWebKit/537.36 (KHTML, like Gecko; compatible; GPTBot/1.3; +https://openai.com/gptbot)"
74.7.241.28 - - [20/Mar/2026:12:55:00 +0000] "GET /buy.php?detail/29202513964928 HTTP/1.1" 200 149198 "https://inception-blue.com/buy.php?detail/17701257576002" "Mozilla/5.0 AppleWebKit/537.36 (KHTML, like Gecko; compatible; GPTBot/1.3; +https://openai.com/gptbot)"
74.7.241.28 - - [20/Mar/2026:12:55:03 +0000] "GET /buy.php?detail/17702013158917 HTTP/1.1" 200 156949 "https://inception-blue.com/buy.php?detail/17701257576002" "Mozilla/5.0 AppleWebKit/537.36 (KHTML, like Gecko; compatible; GPTBot/1.3; +https://openai.com/gptbot)"
74.7.241.28 - - [20/Mar/2026:12:55:06 +0000] "GET /buy.php?detail/08103624228961 HTTP/1.1" 200 150040 "https://inception-blue.com/buy.php?detail/05700385173299" "Mozilla/5.0 AppleWebKit/537.36 (KHTML, like Gecko; compatible; GPTBot/1.3; +https://openai.com/gptbot)"
74.7.241.28 - - [20/Mar/2026:12:55:09 +0000] "GET /buy.php?detail/21602055549169 HTTP/1.1" 200 153861 "https://inception-blue.com/buy.php?detail/21603346269416" "Mozilla/5.0 AppleWebKit/537.36 (KHTML, like Gecko; compatible; GPTBot/1.3; +https://openai.com/gptbot)"
74.7.241.28 - - [20/Mar/2026:12:55:13 +0000] "GET /buy.php?detail/21201307106588 HTTP/1.1" 200 160334 "https://inception-blue.com/buy.php?detail/21203872982980" "Mozilla/5.0 AppleWebKit/537.36 (KHTML, like Gecko; compatible; GPTBot/1.3; +https://openai.com/gptbot)"
74.7.241.28 - - [20/Mar/2026:12:55:16 +0000] "GET /buy.php?detail/18800443702648 HTTP/1.1" 200 158661 "https://inception-blue.com/buy.php?detail/21203872982980" "Mozilla/5.0 AppleWebKit/537.36 (KHTML, like Gecko; compatible; GPTBot/1.3; +https://openai.com/gptbot)"
74.7.241.28 - - [20/Mar/2026:12:55:19 +0000] "GET /buy.php?detail/17500146464638 HTTP/1.1" 200 150509 "https://inception-blue.com/buy.php?detail/17502326948176" "Mozilla/5.0 AppleWebKit/537.36 (KHTML, like Gecko; compatible; GPTBot/1.3; +https://openai.com/gptbot)"
74.7.241.28 - - [20/Mar/2026:12:55:22 +0000] "GET /buy.php?detail/29401010673860 HTTP/1.1" 200 156363 "https://inception-blue.com/buy.php?detail/2940369032781" "Mozilla/5.0 AppleWebKit/537.36 (KHTML, like Gecko; compatible; GPTBot/1.3; +https://openai.com/gptbot)"
74.7.241.28 - - [20/Mar/2026:12:55:25 +0000] "GET /buy.php?detail/27500813727299 HTTP/1.1" 200 163012 "https://inception-blue.com/buy.php?detail/27500667473164" "Mozilla/5.0 AppleWebKit/537.36 (KHTML, like Gecko; compatible; GPTBot/1.3; +https://openai.com/gptbot)"
74.7.241.28 - - [20/Mar/2026:12:55:28 +0000] "GET /buy.php?detail/29200714925490 HTTP/1.1" 200 154291 "https://inception-blue.com/buy.php?detail/08100658514335" "Mozilla/5.0 AppleWebKit/537.36 (KHTML, like Gecko; compatible; GPTBot/1.3; +https://openai.com/gptbot)"
74.7.241.28 - - [20/Mar/2026:12:55:31 +0000] "GET /buy.php?detail/15403205200153 HTTP/1.1" 200 153499 "https://inception-blue.com/buy.php?detail/15401804984361" "Mozilla/5.0 AppleWebKit/537.36 (KHTML, like Gecko; compatible; GPTBot/1.3; +https://openai.com/gptbot)"
74.7.241.28 - - [20/Mar/2026:12:55:34 +0000] "GET /buy.php?m51999932385 HTTP/1.1" 200 156316 "https://inception-blue.com/buy.php?detail/21203872982980" "Mozilla/5.0 AppleWebKit/537.36 (KHTML, like Gecko; compatible; GPTBot/1.3; +https://openai.com/gptbot)"
66.249.77.9 - - [20/Mar/2026:12:55:38 +0000] "GET /?y=hou10i7026oxazsx HTTP/1.1" 200 411266 "-" "Mozilla/5.0 (Linux; Android 6.0.1; Nexus 5X Build/MMB29P) AppleWebKit/537.36 (KHTML, like Gecko) Chrome/145.0.7632.159 Mobile Safari/537.36 (compatible; Googlebot/2.1; +http://www.google.com/bot.html)"
74.7.241.28 - - [20/Mar/2026:12:55:38 +0000] "GET /buy.php?detail/15301786442039 HTTP/1.1" 200 156099 "https://inception-blue.com/buy.php?detail/15302953863823" "Mozilla/5.0 AppleWebKit/537.36 (KHTML, like Gecko; compatible; GPTBot/1.3; +https://openai.com/gptbot)"
74.7.241.28 - - [20/Mar/2026:12:55:41 +0000] "GET /buy.php?m59792774888 HTTP/1.1" 200 154893 "https://inception-blue.com/buy.php?detail/11903686077699" "Mozilla/5.0 AppleWebKit/537.36 (KHTML, like Gecko; compatible; GPTBot/1.3; +https://openai.com/gptbot)"
74.7.241.28 - - [20/Mar/2026:12:55:44 +0000] "GET /buy.php?detail/27402893229702 HTTP/1.1" 200 151816 "https://inception-blue.com/buy.php?detail/21602055549169" "Mozilla/5.0 AppleWebKit/537.36 (KHTML, like Gecko; compatible; GPTBot/1.3; +https://openai.com/gptbot)"
74.7.241.28 - - [20/Mar/2026:12:55:47 +0000] "GET /buy.php?m11134552495 HTTP/1.1" 200 144625 "https://inception-blue.com/buy.php?detail/27100055087968" "Mozilla/5.0 AppleWebKit/537.36 (KHTML, like Gecko; compatible; GPTBot/1.3; +https://openai.com/gptbot)"
74.7.241.28 - - [20/Mar/2026:12:55:50 +0000] "GET /buy.php?jp/263043099.html HTTP/1.1" 200 153277 "https://inception-blue.com/buy.php?detail/18800443702648" "Mozilla/5.0 AppleWebKit/537.36 (KHTML, like Gecko; compatible; GPTBot/1.3; +https://openai.com/gptbot)"
74.7.241.28 - - [20/Mar/2026:12:55:53 +0000] "GET /buy.php?detail/17500226641059 HTTP/1.1" 200 153234 "https://inception-blue.com/buy.php?detail/17500146464638" "Mozilla/5.0 AppleWebKit/537.36 (KHTML, like Gecko; compatible; GPTBot/1.3; +https://openai.com/gptbot)"
74.7.241.28 - - [20/Mar/2026:12:55:56 +0000] "GET /buy.php?detail/29400320797371 HTTP/1.1" 200 158542 "https://inception-blue.com/buy.php?detail/29401010673860" "Mozilla/5.0 AppleWebKit/537.36 (KHTML, like Gecko; compatible; GPTBot/1.3; +https://openai.com/gptbot)"
74.7.241.28 - - [20/Mar/2026:12:56:00 +0000] "GET /buy.php?detail/09102338440649 HTTP/1.1" 200 158610 "https://inception-blue.com/buy.php?detail/27500813727299" "Mozilla/5.0 AppleWebKit/537.36 (KHTML, like Gecko; compatible; GPTBot/1.3; +https://openai.com/gptbot)"
66.249.77.8 - - [20/Mar/2026:12:56:03 +0000] "GET /?x=mrhg267oqes43519abmokgvtms HTTP/1.1" 200 409997 "-" "Mozilla/5.0 (Linux; Android 6.0.1; Nexus 5X Build/MMB29P) AppleWebKit/537.36 (KHTML, like Gecko) Chrome/145.0.7632.159 Mobile Safari/537.36 (compatible; GoogleOther)"
74.7.241.28 - - [20/Mar/2026:12:56:03 +0000] "GET /buy.php?detail/22802009117917 HTTP/1.1" 200 155968 "https://inception-blue.com/buy.php?detail/29200714925490" "Mozilla/5.0 AppleWebKit/537.36 (KHTML, like Gecko; compatible; GPTBot/1.3; +https://openai.com/gptbot)"
66.249.77.7 - - [20/Mar/2026:12:56:06 +0000] "GET /re-vida-71-535137-black HTTP/1.1" 200 390566 "-" "Mozilla/5.0 (Linux; Android 6.0.1; Nexus 5X Build/MMB29P) AppleWebKit/537.36 (KHTML, like Gecko) Chrome/145.0.7632.159 Mobile Safari/537.36 (compatible; GoogleOther)"
74.7.241.28 - - [20/Mar/2026:12:56:06 +0000] "GET /buy.php?detail/07300269332437 HTTP/1.1" 200 164682 "https://inception-blue.com/buy.php?detail/29200714925490" "Mozilla/5.0 AppleWebKit/537.36 (KHTML, like Gecko; compatible; GPTBot/1.3; +https://openai.com/gptbot)"
66.249.77.7 - - [20/Mar/2026:12:56:09 +0000] "GET /?e=icsqf108q41184ygokovjuyb HTTP/1.1" 200 402192 "-" "Mozilla/5.0 (Linux; Android 6.0.1; Nexus 5X Build/MMB29P) AppleWebKit/537.36 (KHTML, like Gecko) Chrome/145.0.7632.159 Mobile Safari/537.36 (compatible; GoogleOther)"
74.7.241.28 - - [20/Mar/2026:12:56:09 +0000] "GET /buy.php?m37230444927 HTTP/1.1" 200 156679 "https://inception-blue.com/buy.php?024000709.htm" "Mozilla/5.0 AppleWebKit/537.36 (KHTML, like Gecko; compatible; GPTBot/1.3; +https://openai.com/gptbot)"
74.7.241.28 - - [20/Mar/2026:12:56:12 +0000] "GET /buy.php?detail/08001354864035 HTTP/1.1" 200 155425 "https://inception-blue.com/buy.php?detail/15301786442039" "Mozilla/5.0 AppleWebKit/537.36 (KHTML, like Gecko; compatible; GPTBot/1.3; +https://openai.com/gptbot)"
74.7.241.28 - - [20/Mar/2026:12:56:15 +0000] "GET /buy.php?detail/07300436366538 HTTP/1.1" 200 162084 "https://inception-blue.com/buy.php?m59792774888" "Mozilla/5.0 AppleWebKit/537.36 (KHTML, like Gecko; compatible; GPTBot/1.3; +https://openai.com/gptbot)"
74.7.241.28 - - [20/Mar/2026:12:56:18 +0000] "GET /buy.php?goods/099015960 HTTP/1.1" 200 158216 "https://inception-blue.com/buy.php?detail/27402893229702" "Mozilla/5.0 AppleWebKit/537.36 (KHTML, like Gecko; compatible; GPTBot/1.3; +https://openai.com/gptbot)"
74.7.241.28 - - [20/Mar/2026:12:56:21 +0000] "GET /buy.php?m95820511774 HTTP/1.1" 200 156925 "https://inception-blue.com/buy.php?m11134552495" "Mozilla/5.0 AppleWebKit/537.36 (KHTML, like Gecko; compatible; GPTBot/1.3; +https://openai.com/gptbot)"
74.7.241.28 - - [20/Mar/2026:12:56:24 +0000] "GET /buy.php?goods/263012985 HTTP/1.1" 200 156860 "https://inception-blue.com/buy.php?jp/263043099.html" "Mozilla/5.0 AppleWebKit/537.36 (KHTML, like Gecko; compatible; GPTBot/1.3; +https://openai.com/gptbot)"
74.7.241.28 - - [20/Mar/2026:12:56:27 +0000] "GET /buy.php?detail/26301164532945 HTTP/1.1" 200 159804 "https://inception-blue.com/buy.php?jp/263043099.html" "Mozilla/5.0 AppleWebKit/537.36 (KHTML, like Gecko; compatible; GPTBot/1.3; +https://openai.com/gptbot)"
74.7.241.28 - - [20/Mar/2026:12:56:31 +0000] "GET /buy.php?detail/22000633063075 HTTP/1.1" 200 153299 "https://inception-blue.com/buy.php?detail/27402893229702" "Mozilla/5.0 AppleWebKit/537.36 (KHTML, like Gecko; compatible; GPTBot/1.3; +https://openai.com/gptbot)"
74.7.241.28 - - [20/Mar/2026:12:56:34 +0000] "GET /buy.php?shopbrand/ceiling/182035220.htm HTTP/1.1" 200 143264 "https://inception-blue.com/buy.php?m11134552495" "Mozilla/5.0 AppleWebKit/537.36 (KHTML, like Gecko; compatible; GPTBot/1.3; +https://openai.com/gptbot)"
74.7.241.28 - - [20/Mar/2026:12:56:37 +0000] "GET /buy.php?detail/09100796858567 HTTP/1.1" 200 160803 "https://inception-blue.com/buy.php?detail/09102338440649" "Mozilla/5.0 AppleWebKit/537.36 (KHTML, like Gecko; compatible; GPTBot/1.3; +https://openai.com/gptbot)"
74.7.241.28 - - [20/Mar/2026:12:56:40 +0000] "GET /buy.php?detail/03901948554790 HTTP/1.1" 200 153389 "https://inception-blue.com/buy.php?detail/17500226641059" "Mozilla/5.0 AppleWebKit/537.36 (KHTML, like Gecko; compatible; GPTBot/1.3; +https://openai.com/gptbot)"
74.7.241.28 - - [20/Mar/2026:12:56:43 +0000] "GET /buy.php?detail/15301776263136 HTTP/1.1" 200 158202 "https://inception-blue.com/buy.php?detail/15301786442039" "Mozilla/5.0 AppleWebKit/537.36 (KHTML, like Gecko; compatible; GPTBot/1.3; +https://openai.com/gptbot)"
74.7.241.28 - - [20/Mar/2026:12:56:46 +0000] "GET /buy.php?detail/22100123458808 HTTP/1.1" 200 162286 "https://inception-blue.com/buy.php?detail/09102338440649" "Mozilla/5.0 AppleWebKit/537.36 (KHTML, like Gecko; compatible; GPTBot/1.3; +https://openai.com/gptbot)"
74.7.241.28 - - [20/Mar/2026:12:56:50 +0000] "GET /buy.php?detail/13000372947971 HTTP/1.1" 200 169540 "https://inception-blue.com/buy.php?detail/07300436366538" "Mozilla/5.0 AppleWebKit/537.36 (KHTML, like Gecko; compatible; GPTBot/1.3; +https://openai.com/gptbot)"
159.223.142.74 - - [20/Mar/2026:12:56:53 +0000] "POST /wp-cron.php?doing_wp_cron=1774011413.0229918956756591796875 HTTP/1.1" 403 185482 "-" "WordPress/6.9.4; https://inception-blue.com"
193.19.109.69 - - [20/Mar/2026:12:56:52 +0000] "POST /wp-login.php HTTP/1.1" 200 84587 "-" "Mozilla/5.0"
74.7.241.28 - - [20/Mar/2026:12:56:53 +0000] "GET /buy.php?detail/08900670715605 HTTP/1.1" 200 147797 "https://inception-blue.com/buy.php?goods/099015960" "Mozilla/5.0 AppleWebKit/537.36 (KHTML, like Gecko; compatible; GPTBot/1.3; +https://openai.com/gptbot)"
74.7.241.28 - - [20/Mar/2026:12:56:56 +0000] "GET /buy.php?detail/16504156774958 HTTP/1.1" 200 158132 "https://inception-blue.com/buy.php?detail/27402893229702" "Mozilla/5.0 AppleWebKit/537.36 (KHTML, like Gecko; compatible; GPTBot/1.3; +https://openai.com/gptbot)"
74.7.241.28 - - [20/Mar/2026:12:56:59 +0000] "GET /buy.php?detail/1730235600468 HTTP/1.1" 200 147399 "https://inception-blue.com/buy.php?goods/263012985" "Mozilla/5.0 AppleWebKit/537.36 (KHTML, like Gecko; compatible; GPTBot/1.3; +https://openai.com/gptbot)"
74.7.241.28 - - [20/Mar/2026:12:57:03 +0000] "GET /buy.php?detail/26303357050385 HTTP/1.1" 200 157744 "https://inception-blue.com/buy.php?goods/263012985" "Mozilla/5.0 AppleWebKit/537.36 (KHTML, like Gecko; compatible; GPTBot/1.3; +https://openai.com/gptbot)"
74.7.241.28 - - [20/Mar/2026:12:57:06 +0000] "GET /buy.php?detail/20104630734791 HTTP/1.1" 200 143890 "https://inception-blue.com/buy.php?detail/15301786442039" "Mozilla/5.0 AppleWebKit/537.36 (KHTML, like Gecko; compatible; GPTBot/1.3; +https://openai.com/gptbot)"
74.7.241.28 - - [20/Mar/2026:12:57:09 +0000] "GET /buy.php?shopbrand/context/086031050.htm HTTP/1.1" 200 150630 "https://inception-blue.com/buy.php?shopbrand/ceiling/182035220.htm" "Mozilla/5.0 AppleWebKit/537.36 (KHTML, like Gecko; compatible; GPTBot/1.3; +https://openai.com/gptbot)"
74.7.241.28 - - [20/Mar/2026:12:57:12 +0000] "GET /buy.php?detail/0910112911417 HTTP/1.1" 200 162045 "https://inception-blue.com/buy.php?detail/09100796858567" "Mozilla/5.0 AppleWebKit/537.36 (KHTML, like Gecko; compatible; GPTBot/1.3; +https://openai.com/gptbot)"
66.249.77.8 - - [20/Mar/2026:12:57:17 +0000] "GET /?jp/051007371.html HTTP/1.1" 200 404690 "-" "Mozilla/5.0 (Linux; Android 6.0.1; Nexus 5X Build/MMB29P) AppleWebKit/537.36 (KHTML, like Gecko) Chrome/145.0.7632.159 Mobile Safari/537.36 (compatible; GoogleOther)"
74.7.241.28 - - [20/Mar/2026:12:57:15 +0000] "GET /buy.php?detail/20901845099881 HTTP/1.1" 200 145298 "https://inception-blue.com/buy.php?detail/09100796858567" "Mozilla/5.0 AppleWebKit/537.36 (KHTML, like Gecko; compatible; GPTBot/1.3; +https://openai.com/gptbot)"
74.7.241.28 - - [20/Mar/2026:12:57:18 +0000] "GET /buy.php?detail/14703416785140 HTTP/1.1" 200 157441 "https://inception-blue.com/buy.php?detail/03901948554790" "Mozilla/5.0 AppleWebKit/537.36 (KHTML, like Gecko; compatible; GPTBot/1.3; +https://openai.com/gptbot)"
74.7.241.28 - - [20/Mar/2026:12:57:21 +0000] "GET /buy.php?detail/22100008208951 HTTP/1.1" 200 154999 "https://inception-blue.com/buy.php?detail/22100123458808" "Mozilla/5.0 AppleWebKit/537.36 (KHTML, like Gecko; compatible; GPTBot/1.3; +https://openai.com/gptbot)"
74.7.241.28 - - [20/Mar/2026:12:57:24 +0000] "GET /buy.php?detail/26303467039429 HTTP/1.1" 200 156832 "https://inception-blue.com/buy.php?detail/13000372947971" "Mozilla/5.0 AppleWebKit/537.36 (KHTML, like Gecko; compatible; GPTBot/1.3; +https://openai.com/gptbot)"
74.7.241.28 - - [20/Mar/2026:12:57:28 +0000] "GET /buy.php?detail/05604419793517 HTTP/1.1" 200 152209 "https://inception-blue.com/buy.php?detail/22100123458808" "Mozilla/5.0 AppleWebKit/537.36 (KHTML, like Gecko; compatible; GPTBot/1.3; +https://openai.com/gptbot)"
74.7.241.28 - - [20/Mar/2026:12:57:31 +0000] "GET /buy.php?detail/05302011248344 HTTP/1.1" 200 154911 "https://inception-blue.com/buy.php?detail/13000372947971" "Mozilla/5.0 AppleWebKit/537.36 (KHTML, like Gecko; compatible; GPTBot/1.3; +https://openai.com/gptbot)"
74.7.241.28 - - [20/Mar/2026:12:57:34 +0000] "GET /buy.php?detail/23701028000052 HTTP/1.1" 200 157878 "https://inception-blue.com/buy.php?detail/1730235600468" "Mozilla/5.0 AppleWebKit/537.36 (KHTML, like Gecko; compatible; GPTBot/1.3; +https://openai.com/gptbot)"
74.7.241.28 - - [20/Mar/2026:12:57:37 +0000] "GET /buy.php?jp/263005099.html HTTP/1.1" 200 156016 "https://inception-blue.com/buy.php?detail/26303357050385" "Mozilla/5.0 AppleWebKit/537.36 (KHTML, like Gecko; compatible; GPTBot/1.3; +https://openai.com/gptbot)"
74.7.241.28 - - [20/Mar/2026:12:57:40 +0000] "GET /buy.php?detail/26300599588372 HTTP/1.1" 200 155580 "https://inception-blue.com/buy.php?detail/26303357050385" "Mozilla/5.0 AppleWebKit/537.36 (KHTML, like Gecko; compatible; GPTBot/1.3; +https://openai.com/gptbot)"
74.7.241.28 - - [20/Mar/2026:12:57:43 +0000] "GET /buy.php?detail/08601806377478 HTTP/1.1" 200 147543 "https://inception-blue.com/buy.php?shopbrand/context/086031050.htm" "Mozilla/5.0 AppleWebKit/537.36 (KHTML, like Gecko; compatible; GPTBot/1.3; +https://openai.com/gptbot)"
74.7.241.28 - - [20/Mar/2026:12:57:47 +0000] "GET /buy.php?detail/26301948938843 HTTP/1.1" 200 159823 "https://inception-blue.com/buy.php?detail/26301164532945" "Mozilla/5.0 AppleWebKit/537.36 (KHTML, like Gecko; compatible; GPTBot/1.3; +https://openai.com/gptbot)"
74.7.241.28 - - [20/Mar/2026:12:57:50 +0000] "GET /buy.php?detail/09101134169772 HTTP/1.1" 200 160613 "https://inception-blue.com/buy.php?detail/09100796858567" "Mozilla/5.0 AppleWebKit/537.36 (KHTML, like Gecko; compatible; GPTBot/1.3; +https://openai.com/gptbot)"
74.7.241.28 - - [20/Mar/2026:12:57:53 +0000] "GET /buy.php?detail/14704320734007 HTTP/1.1" 200 157791 "https://inception-blue.com/buy.php?detail/14703416785140" "Mozilla/5.0 AppleWebKit/537.36 (KHTML, like Gecko; compatible; GPTBot/1.3; +https://openai.com/gptbot)"
74.7.241.28 - - [20/Mar/2026:12:57:56 +0000] "GET /buy.php?detail/22100077500657 HTTP/1.1" 200 155353 "https://inception-blue.com/buy.php?detail/22100008208951" "Mozilla/5.0 AppleWebKit/537.36 (KHTML, like Gecko; compatible; GPTBot/1.3; +https://openai.com/gptbot)"
82.196.25.136 - - [20/Mar/2026:12:57:59 +0000] "GET /wp-login.php HTTP/1.1" 200 84587 "-" "Mozilla/5.0 (Windows NT 10.0; WOW64) AppleWebKit/537.36 (KHTML, like Gecko) Chrome/66.0.3359.117 Safari/537.36"
74.7.241.28 - - [20/Mar/2026:12:57:59 +0000] "GET /buy.php?jp/048015126.html HTTP/1.1" 200 153422 "https://inception-blue.com/buy.php?detail/26303467039429" "Mozilla/5.0 AppleWebKit/537.36 (KHTML, like Gecko; compatible; GPTBot/1.3; +https://openai.com/gptbot)"
159.223.142.74 - - [20/Mar/2026:12:58:00 +0000] "POST /wp-cron.php?doing_wp_cron=1774011480.8045909404754638671875 HTTP/1.1" 403 185482 "-" "WordPress/6.9.4; https://inception-blue.com"
82.196.25.136 - - [20/Mar/2026:12:58:02 +0000] "POST /wp-login.php HTTP/1.1" 200 84899 "https://inception-blue.com/wp-login.php" "Mozilla/5.0 (Windows NT 10.0; WOW64) AppleWebKit/537.36 (KHTML, like Gecko) Chrome/66.0.3359.117 Safari/537.36"
74.7.241.28 - - [20/Mar/2026:12:58:02 +0000] "GET /buy.php?detail/26301387635211 HTTP/1.1" 200 155445 "https://inception-blue.com/buy.php?detail/26303467039429" "Mozilla/5.0 AppleWebKit/537.36 (KHTML, like Gecko; compatible; GPTBot/1.3; +https://openai.com/gptbot)"
142.44.233.119 - - [20/Mar/2026:12:58:04 +0000] "GET /shopbrand/2636822154.htm HTTP/1.1" 200 185482 "-" "Mozilla/5.0 (compatible; AhrefsBot/7.0; +http://ahrefs.com/robot/)"
74.7.241.28 - - [20/Mar/2026:12:58:05 +0000] "GET /buy.php?detail/05301137764142 HTTP/1.1" 200 154277 "https://inception-blue.com/buy.php?detail/05302011248344" "Mozilla/5.0 AppleWebKit/537.36 (KHTML, like Gecko; compatible; GPTBot/1.3; +https://openai.com/gptbot)"
74.7.241.28 - - [20/Mar/2026:12:58:08 +0000] "GET /buy.php?m37444528327 HTTP/1.1" 200 154094 "https://inception-blue.com/buy.php?detail/12101687922117" "Mozilla/5.0 AppleWebKit/537.36 (KHTML, like Gecko; compatible; GPTBot/1.3; +https://openai.com/gptbot)"
91.134.36.210 - - [20/Mar/2026:12:58:11 +0000] "GET /wp-login.php HTTP/1.1" 200 84587 "-" "Mozilla/5.0 (Windows NT 10.0; WOW64) AppleWebKit/537.36 (KHTML, like Gecko) Chrome/66.0.3359.117 Safari/537.36"
91.134.36.210 - - [20/Mar/2026:12:58:12 +0000] "POST /wp-login.php HTTP/1.1" 200 84899 "https://inception-blue.com/wp-login.php" "Mozilla/5.0 (Windows NT 10.0; WOW64) AppleWebKit/537.36 (KHTML, like Gecko) Chrome/66.0.3359.117 Safari/537.36"
74.7.241.28 - - [20/Mar/2026:12:58:12 +0000] "GET /buy.php?detail/18402619444775 HTTP/1.1" 200 144126 "https://inception-blue.com/buy.php?jp/263005099.html" "Mozilla/5.0 AppleWebKit/537.36 (KHTML, like Gecko; compatible; GPTBot/1.3; +https://openai.com/gptbot)"
74.7.241.28 - - [20/Mar/2026:12:58:15 +0000] "GET /buy.php?detail/23000163277119 HTTP/1.1" 200 154261 "https://inception-blue.com/buy.php?jp/263005099.html" "Mozilla/5.0 AppleWebKit/537.36 (KHTML, like Gecko; compatible; GPTBot/1.3; +https://openai.com/gptbot)"
84.200.73.194 - - [20/Mar/2026:12:58:19 +0000] "GET /wp-login.php HTTP/1.1" 200 84587 "-" "Mozilla/5.0 (Windows NT 10.0; WOW64) AppleWebKit/537.36 (KHTML, like Gecko) Chrome/67.0.3396.79 Safari/537.36"
74.7.241.28 - - [20/Mar/2026:12:58:18 +0000] "GET /buy.php?detail/07703038756328 HTTP/1.1" 200 154782 "https://inception-blue.com/buy.php?detail/26300599588372" "Mozilla/5.0 AppleWebKit/537.36 (KHTML, like Gecko; compatible; GPTBot/1.3; +https://openai.com/gptbot)"
84.200.73.194 - - [20/Mar/2026:12:58:20 +0000] "POST /wp-login.php HTTP/1.1" 200 84899 "https://inception-blue.com/wp-login.php" "Mozilla/5.0 (Windows NT 10.0; WOW64) AppleWebKit/537.36 (KHTML, like Gecko) Chrome/67.0.3396.79 Safari/537.36"
74.7.241.28 - - [20/Mar/2026:12:58:21 +0000] "GET /buy.php?m72457773716 HTTP/1.1" 200 148965 "https://inception-blue.com/buy.php?detail/05700438061549" "Mozilla/5.0 AppleWebKit/537.36 (KHTML, like Gecko; compatible; GPTBot/1.3; +https://openai.com/gptbot)"
74.7.241.28 - - [20/Mar/2026:12:58:24 +0000] "GET /buy.php?m55536750591 HTTP/1.1" 200 159787 "https://inception-blue.com/buy.php?jp/297019360.html" "Mozilla/5.0 AppleWebKit/537.36 (KHTML, like Gecko; compatible; GPTBot/1.3; +https://openai.com/gptbot)"
74.7.241.28 - - [20/Mar/2026:12:58:27 +0000] "GET /buy.php?m67133326257 HTTP/1.1" 200 168449 "https://inception-blue.com/buy.php?detail/20104630734791" "Mozilla/5.0 AppleWebKit/537.36 (KHTML, like Gecko; compatible; GPTBot/1.3; +https://openai.com/gptbot)"
74.7.241.28 - - [20/Mar/2026:12:58:31 +0000] "GET /buy.php?detail/10502884731694 HTTP/1.1" 200 154244 "https://inception-blue.com/buy.php?detail/22100077500657" "Mozilla/5.0 AppleWebKit/537.36 (KHTML, like Gecko; compatible; GPTBot/1.3; +https://openai.com/gptbot)"
74.7.241.28 - - [20/Mar/2026:12:58:34 +0000] "GET /buy.php?detail/07203910248167 HTTP/1.1" 200 159452 "https://inception-blue.com/buy.php?detail/16504156774958" "Mozilla/5.0 AppleWebKit/537.36 (KHTML, like Gecko; compatible; GPTBot/1.3; +https://openai.com/gptbot)"
74.7.241.28 - - [20/Mar/2026:12:58:37 +0000] "GET /buy.php?detail/06104729078233 HTTP/1.1" 200 163497 "https://inception-blue.com/buy.php?detail/12801387812573" "Mozilla/5.0 AppleWebKit/537.36 (KHTML, like Gecko; compatible; GPTBot/1.3; +https://openai.com/gptbot)"
74.7.241.28 - - [20/Mar/2026:12:58:40 +0000] "GET /buy.php?detail/05300077040657 HTTP/1.1" 200 153225 "https://inception-blue.com/buy.php?detail/05301137764142" "Mozilla/5.0 AppleWebKit/537.36 (KHTML, like Gecko; compatible; GPTBot/1.3; +https://openai.com/gptbot)"
74.7.241.28 - - [20/Mar/2026:12:58:43 +0000] "GET /buy.php?detail/16002940940950 HTTP/1.1" 200 161646 "https://inception-blue.com/buy.php?detail/05301137764142" "Mozilla/5.0 AppleWebKit/537.36 (KHTML, like Gecko; compatible; GPTBot/1.3; +https://openai.com/gptbot)"
66.249.77.8 - - [20/Mar/2026:12:58:48 +0000] "GET /?n=plcp109wq32437igeuzao HTTP/1.1" 200 393956 "-" "Mozilla/5.0 (Linux; Android 6.0.1; Nexus 5X Build/MMB29P) AppleWebKit/537.36 (KHTML, like Gecko) Chrome/145.0.7632.159 Mobile Safari/537.36 (compatible; Googlebot/2.1; +http://www.google.com/bot.html)"
74.7.241.28 - - [20/Mar/2026:12:58:46 +0000] "GET /buy.php?detail/02404847788970 HTTP/1.1" 200 149935 "https://inception-blue.com/buy.php?detail/18402619444775" "Mozilla/5.0 AppleWebKit/537.36 (KHTML, like Gecko; compatible; GPTBot/1.3; +https://openai.com/gptbot)"
74.7.241.28 - - [20/Mar/2026:12:58:49 +0000] "GET /buy.php?detail/23000142972736 HTTP/1.1" 200 153334 "https://inception-blue.com/buy.php?detail/23000163277119" "Mozilla/5.0 AppleWebKit/537.36 (KHTML, like Gecko; compatible; GPTBot/1.3; +https://openai.com/gptbot)"
74.7.241.28 - - [20/Mar/2026:12:58:52 +0000] "GET /buy.php?detail/05500036774894 HTTP/1.1" 200 156218 "https://inception-blue.com/buy.php?detail/23000163277119" "Mozilla/5.0 AppleWebKit/537.36 (KHTML, like Gecko; compatible; GPTBot/1.3; +https://openai.com/gptbot)"
74.7.241.28 - - [20/Mar/2026:12:58:55 +0000] "GET /buy.php?detail/11403490191044 HTTP/1.1" 200 159813 "https://inception-blue.com/buy.php?detail/23000163277119" "Mozilla/5.0 AppleWebKit/537.36 (KHTML, like Gecko; compatible; GPTBot/1.3; +https://openai.com/gptbot)"
74.7.241.28 - - [20/Mar/2026:12:58:58 +0000] "GET /buy.php?001000380.htm HTTP/1.1" 200 146774 "https://inception-blue.com/buy.php?m72457773716" "Mozilla/5.0 AppleWebKit/537.36 (KHTML, like Gecko; compatible; GPTBot/1.3; +https://openai.com/gptbot)"
74.7.241.28 - - [20/Mar/2026:12:59:02 +0000] "GET /buy.php?shopbrand/comment/099000553.htm HTTP/1.1" 200 168833 "https://inception-blue.com/buy.php?m55536750591" "Mozilla/5.0 AppleWebKit/537.36 (KHTML, like Gecko; compatible; GPTBot/1.3; +https://openai.com/gptbot)"
74.7.241.28 - - [20/Mar/2026:12:59:05 +0000] "GET /buy.php?detail/04900006353440 HTTP/1.1" 200 155326 "https://inception-blue.com/buy.php?detail/10502884731694" "Mozilla/5.0 AppleWebKit/537.36 (KHTML, like Gecko; compatible; GPTBot/1.3; +https://openai.com/gptbot)"
74.7.241.28 - - [20/Mar/2026:12:59:08 +0000] "GET /buy.php?detail/10503842071152 HTTP/1.1" 200 155565 "https://inception-blue.com/buy.php?detail/10502884731694" "Mozilla/5.0 AppleWebKit/537.36 (KHTML, like Gecko; compatible; GPTBot/1.3; +https://openai.com/gptbot)"
74.7.241.28 - - [20/Mar/2026:12:59:11 +0000] "GET /buy.php?detail/25401058368394 HTTP/1.1" 200 170255 "https://inception-blue.com/buy.php?detail/06104729078233" "Mozilla/5.0 AppleWebKit/537.36 (KHTML, like Gecko; compatible; GPTBot/1.3; +https://openai.com/gptbot)"
74.7.241.28 - - [20/Mar/2026:12:59:15 +0000] "GET /buy.php?detail/0530009029334 HTTP/1.1" 200 154455 "https://inception-blue.com/buy.php?detail/05300077040657" "Mozilla/5.0 AppleWebKit/537.36 (KHTML, like Gecko; compatible; GPTBot/1.3; +https://openai.com/gptbot)"
74.7.241.28 - - [20/Mar/2026:12:59:18 +0000] "GET /buy.php?detail/08900238213462 HTTP/1.1" 200 153734 "https://inception-blue.com/buy.php?detail/05300077040657" "Mozilla/5.0 AppleWebKit/537.36 (KHTML, like Gecko; compatible; GPTBot/1.3; +https://openai.com/gptbot)"
74.7.241.28 - - [20/Mar/2026:12:59:21 +0000] "GET /buy.php?175000422.htm HTTP/1.1" 200 148875 "https://inception-blue.com/buy.php?m37444528327" "Mozilla/5.0 AppleWebKit/537.36 (KHTML, like Gecko; compatible; GPTBot/1.3; +https://openai.com/gptbot)"
74.7.241.28 - - [20/Mar/2026:12:59:24 +0000] "GET /buy.php?detail/29200260968140 HTTP/1.1" 200 160154 "https://inception-blue.com/buy.php?detail/23000142972736" "Mozilla/5.0 AppleWebKit/537.36 (KHTML, like Gecko; compatible; GPTBot/1.3; +https://openai.com/gptbot)"
74.7.241.28 - - [20/Mar/2026:12:59:27 +0000] "GET /buy.php?detail/05500214207070 HTTP/1.1" 200 154534 "https://inception-blue.com/buy.php?detail/05500036774894" "Mozilla/5.0 AppleWebKit/537.36 (KHTML, like Gecko; compatible; GPTBot/1.3; +https://openai.com/gptbot)"
74.7.241.28 - - [20/Mar/2026:12:59:30 +0000] "GET /buy.php?detail/27600998786869 HTTP/1.1" 200 154070 "https://inception-blue.com/buy.php?detail/11403490191044" "Mozilla/5.0 AppleWebKit/537.36 (KHTML, like Gecko; compatible; GPTBot/1.3; +https://openai.com/gptbot)"
74.7.241.28 - - [20/Mar/2026:12:59:33 +0000] "GET /buy.php?detail/06904081380160 HTTP/1.1" 200 155426 "https://inception-blue.com/buy.php?detail/11403490191044" "Mozilla/5.0 AppleWebKit/537.36 (KHTML, like Gecko; compatible; GPTBot/1.3; +https://openai.com/gptbot)"
74.7.241.28 - - [20/Mar/2026:12:59:36 +0000] "GET /buy.php?detail/17002581445567 HTTP/1.1" 200 166935 "https://inception-blue.com/buy.php?detail/11403490191044" "Mozilla/5.0 AppleWebKit/537.36 (KHTML, like Gecko; compatible; GPTBot/1.3; +https://openai.com/gptbot)"
66.249.77.7 - - [20/Mar/2026:12:59:40 +0000] "GET /?z=eqr12upzs25556nzibbofn HTTP/1.1" 200 400404 "-" "Mozilla/5.0 (Linux; Android 6.0.1; Nexus 5X Build/MMB29P) AppleWebKit/537.36 (KHTML, like Gecko) Chrome/145.0.7632.159 Mobile Safari/537.36 (compatible; GoogleOther)"
74.7.241.28 - - [20/Mar/2026:12:59:39 +0000] "GET /buy.php?012028887.htm HTTP/1.1" 200 158097 "https://inception-blue.com/buy.php?shopbrand/comment/099000553.htm" "Mozilla/5.0 AppleWebKit/537.36 (KHTML, like Gecko; compatible; GPTBot/1.3; +https://openai.com/gptbot)"
217.216.89.72 - - [20/Mar/2026:12:59:42 +0000] "GET /wp-login.php HTTP/1.1" 200 84587 "-" "Mozilla/5.0 (Macintosh; Intel Mac OS X 10_13_2) AppleWebKit/604.4.7 (KHTML, like Gecko) Version/11.0.2 Safari/604.4.7"
159.223.142.74 - - [20/Mar/2026:12:59:43 +0000] "POST /wp-cron.php?doing_wp_cron=1774011583.2908658981323242187500 HTTP/1.1" 403 185482 "-" "WordPress/6.9.4; https://inception-blue.com"
74.7.241.28 - - [20/Mar/2026:12:59:42 +0000] "GET /buy.php?detail/29004929275247 HTTP/1.1" 200 168315 "https://inception-blue.com/buy.php?detail/10503842071152" "Mozilla/5.0 AppleWebKit/537.36 (KHTML, like Gecko; compatible; GPTBot/1.3; +https://openai.com/gptbot)"
217.216.89.72 - - [20/Mar/2026:12:59:44 +0000] "POST /wp-login.php HTTP/1.1" 200 84899 "https://inception-blue.com/wp-login.php" "Mozilla/5.0 (Macintosh; Intel Mac OS X 10_13_2) AppleWebKit/604.4.7 (KHTML, like Gecko) Version/11.0.2 Safari/604.4.7"
74.7.241.28 - - [20/Mar/2026:12:59:45 +0000] "GET /buy.php?detail/02200549819474 HTTP/1.1" 200 154776 "https://inception-blue.com/buy.php?detail/10503842071152" "Mozilla/5.0 AppleWebKit/537.36 (KHTML, like Gecko; compatible; GPTBot/1.3; +https://openai.com/gptbot)"
66.249.77.7 - - [20/Mar/2026:12:59:49 +0000] "GET /?jp/027033480.html HTTP/1.1" 200 403888 "-" "Mozilla/5.0 (Linux; Android 6.0.1; Nexus 5X Build/MMB29P) AppleWebKit/537.36 (KHTML, like Gecko) Chrome/145.0.7632.159 Mobile Safari/537.36 (compatible; Googlebot/2.1; +http://www.google.com/bot.html)"
74.7.241.28 - - [20/Mar/2026:12:59:49 +0000] "GET /buy.php?detail/25400819816479 HTTP/1.1" 200 155025 "https://inception-blue.com/buy.php?detail/25401058368394" "Mozilla/5.0 AppleWebKit/537.36 (KHTML, like Gecko; compatible; GPTBot/1.3; +https://openai.com/gptbot)"
74.7.241.28 - - [20/Mar/2026:12:59:52 +0000] "GET /buy.php?detail/06003037041352 HTTP/1.1" 200 145618 "https://inception-blue.com/buy.php?detail/08900238213462" "Mozilla/5.0 AppleWebKit/537.36 (KHTML, like Gecko; compatible; GPTBot/1.3; +https://openai.com/gptbot)"
74.7.241.28 - - [20/Mar/2026:12:59:55 +0000] "GET /buy.php?175000874.htm HTTP/1.1" 200 149977 "https://inception-blue.com/buy.php?175000422.htm" "Mozilla/5.0 AppleWebKit/537.36 (KHTML, like Gecko; compatible; GPTBot/1.3; +https://openai.com/gptbot)"
74.7.241.28 - - [20/Mar/2026:12:59:58 +0000] "GET /buy.php?detail/17901465732639 HTTP/1.1" 200 166019 "https://inception-blue.com/buy.php?detail/29200260968140" "Mozilla/5.0 AppleWebKit/537.36 (KHTML, like Gecko; compatible; GPTBot/1.3; +https://openai.com/gptbot)"
74.7.241.28 - - [20/Mar/2026:13:00:02 +0000] "GET /buy.php?detail/21500204588859 HTTP/1.1" 200 155522 "https://inception-blue.com/buy.php?detail/05500214207070" "Mozilla/5.0 AppleWebKit/537.36 (KHTML, like Gecko; compatible; GPTBot/1.3; +https://openai.com/gptbot)"
74.7.241.28 - - [20/Mar/2026:13:00:05 +0000] "GET /buy.php?detail/04500943898314 HTTP/1.1" 200 155480 "https://inception-blue.com/buy.php?detail/27600998786869" "Mozilla/5.0 AppleWebKit/537.36 (KHTML, like Gecko; compatible; GPTBot/1.3; +https://openai.com/gptbot)"
74.7.241.28 - - [20/Mar/2026:13:00:08 +0000] "GET /buy.php?detail/06900183850075 HTTP/1.1" 200 175142 "https://inception-blue.com/buy.php?detail/06904081380160" "Mozilla/5.0 AppleWebKit/537.36 (KHTML, like Gecko; compatible; GPTBot/1.3; +https://openai.com/gptbot)"
74.7.241.28 - - [20/Mar/2026:13:00:11 +0000] "GET /buy.php?detail/06900070990377 HTTP/1.1" 200 154628 "https://inception-blue.com/buy.php?detail/06904081380160" "Mozilla/5.0 AppleWebKit/537.36 (KHTML, like Gecko; compatible; GPTBot/1.3; +https://openai.com/gptbot)"
74.7.241.28 - - [20/Mar/2026:13:00:15 +0000] "GET /buy.php?m80006173837 HTTP/1.1" 200 152243 "https://inception-blue.com/buy.php?detail/05500214207070" "Mozilla/5.0 AppleWebKit/537.36 (KHTML, like Gecko; compatible; GPTBot/1.3; +https://openai.com/gptbot)"
74.7.241.28 - - [20/Mar/2026:13:00:18 +0000] "GET /buy.php?detail/25402681857832 HTTP/1.1" 200 157198 "https://inception-blue.com/buy.php?detail/29004929275247" "Mozilla/5.0 AppleWebKit/537.36 (KHTML, like Gecko; compatible; GPTBot/1.3; +https://openai.com/gptbot)"
74.7.241.28 - - [20/Mar/2026:13:00:21 +0000] "GET /buy.php?detail/21700786286412 HTTP/1.1" 200 154769 "https://inception-blue.com/buy.php?detail/02200549819474" "Mozilla/5.0 AppleWebKit/537.36 (KHTML, like Gecko; compatible; GPTBot/1.3; +https://openai.com/gptbot)"
74.7.241.28 - - [20/Mar/2026:13:00:24 +0000] "GET /buy.php?detail/14400064197430 HTTP/1.1" 200 156863 "https://inception-blue.com/buy.php?detail/25400819816479" "Mozilla/5.0 AppleWebKit/537.36 (KHTML, like Gecko; compatible; GPTBot/1.3; +https://openai.com/gptbot)"
74.7.241.28 - - [20/Mar/2026:13:00:27 +0000] "GET /buy.php?detail/15503696110478 HTTP/1.1" 200 148007 "https://inception-blue.com/buy.php?detail/16604387568886" "Mozilla/5.0 AppleWebKit/537.36 (KHTML, like Gecko; compatible; GPTBot/1.3; +https://openai.com/gptbot)"
74.7.241.28 - - [20/Mar/2026:13:00:30 +0000] "GET /buy.php?detail/13404550267842 HTTP/1.1" 200 153248 "https://inception-blue.com/buy.php?detail/13400391783935" "Mozilla/5.0 AppleWebKit/537.36 (KHTML, like Gecko; compatible; GPTBot/1.3; +https://openai.com/gptbot)"
74.7.241.28 - - [20/Mar/2026:13:00:33 +0000] "GET /buy.php?detail/17902965760964 HTTP/1.1" 200 153732 "https://inception-blue.com/buy.php?detail/17901465732639" "Mozilla/5.0 AppleWebKit/537.36 (KHTML, like Gecko; compatible; GPTBot/1.3; +https://openai.com/gptbot)"
74.7.241.28 - - [20/Mar/2026:13:00:37 +0000] "GET /buy.php?detail/21500651294906 HTTP/1.1" 200 156114 "https://inception-blue.com/buy.php?detail/21500204588859" "Mozilla/5.0 AppleWebKit/537.36 (KHTML, like Gecko; compatible; GPTBot/1.3; +https://openai.com/gptbot)"
74.7.241.28 - - [20/Mar/2026:13:00:40 +0000] "GET /buy.php?detail/01600762944722 HTTP/1.1" 200 159798 "https://inception-blue.com/buy.php?detail/04500943898314" "Mozilla/5.0 AppleWebKit/537.36 (KHTML, like Gecko; compatible; GPTBot/1.3; +https://openai.com/gptbot)"
74.7.241.28 - - [20/Mar/2026:13:00:43 +0000] "GET /buy.php?detail/16103859942683 HTTP/1.1" 200 162714 "https://inception-blue.com/buy.php?detail/16100281093125" "Mozilla/5.0 AppleWebKit/537.36 (KHTML, like Gecko; compatible; GPTBot/1.3; +https://openai.com/gptbot)"
74.7.241.28 - - [20/Mar/2026:13:00:46 +0000] "GET /buy.php?detail/06901236049630 HTTP/1.1" 200 155940 "https://inception-blue.com/buy.php?detail/06900070990377" "Mozilla/5.0 AppleWebKit/537.36 (KHTML, like Gecko; compatible; GPTBot/1.3; +https://openai.com/gptbot)"
74.7.241.28 - - [20/Mar/2026:13:00:49 +0000] "GET /buy.php?detail/06901133022189 HTTP/1.1" 200 154402 "https://inception-blue.com/buy.php?detail/06900070990377" "Mozilla/5.0 AppleWebKit/537.36 (KHTML, like Gecko; compatible; GPTBot/1.3; +https://openai.com/gptbot)"
74.7.241.28 - - [20/Mar/2026:13:00:52 +0000] "GET /buy.php?111044668.htm HTTP/1.1" 200 160524 "https://inception-blue.com/buy.php?m80006173837" "Mozilla/5.0 AppleWebKit/537.36 (KHTML, like Gecko; compatible; GPTBot/1.3; +https://openai.com/gptbot)"
74.7.241.28 - - [20/Mar/2026:13:00:55 +0000] "GET /buy.php?detail/15303549912674 HTTP/1.1" 200 156181 "https://inception-blue.com/buy.php?detail/05301006404597" "Mozilla/5.0 AppleWebKit/537.36 (KHTML, like Gecko; compatible; GPTBot/1.3; +https://openai.com/gptbot)"
74.7.241.28 - - [20/Mar/2026:13:00:58 +0000] "GET /buy.php?detail/28101674746848 HTTP/1.1" 200 150317 "https://inception-blue.com/buy.php?detail/14400064197430" "Mozilla/5.0 AppleWebKit/537.36 (KHTML, like Gecko; compatible; GPTBot/1.3; +https://openai.com/gptbot)"
74.7.241.28 - - [20/Mar/2026:13:01:02 +0000] "GET /buy.php?detail/01000078829152 HTTP/1.1" 200 155068 "https://inception-blue.com/buy.php?detail/15503696110478" "Mozilla/5.0 AppleWebKit/537.36 (KHTML, like Gecko; compatible; GPTBot/1.3; +https://openai.com/gptbot)"
74.7.241.28 - - [20/Mar/2026:13:01:05 +0000] "GET /buy.php?detail/13401201825133 HTTP/1.1" 200 153254 "https://inception-blue.com/buy.php?detail/13404550267842" "Mozilla/5.0 AppleWebKit/537.36 (KHTML, like Gecko; compatible; GPTBot/1.3; +https://openai.com/gptbot)"
74.7.241.28 - - [20/Mar/2026:13:01:08 +0000] "GET /buy.php?detail/17902588739395 HTTP/1.1" 200 156666 "https://inception-blue.com/buy.php?detail/17902965760964" "Mozilla/5.0 AppleWebKit/537.36 (KHTML, like Gecko; compatible; GPTBot/1.3; +https://openai.com/gptbot)"
74.7.241.28 - - [20/Mar/2026:13:01:11 +0000] "GET /buy.php?detail/08800568084568 HTTP/1.1" 200 145024 "https://inception-blue.com/buy.php?detail/15503696110478" "Mozilla/5.0 AppleWebKit/537.36 (KHTML, like Gecko; compatible; GPTBot/1.3; +https://openai.com/gptbot)"
74.7.241.28 - - [20/Mar/2026:13:01:14 +0000] "GET /buy.php?detail/13401182386717 HTTP/1.1" 200 151948 "https://inception-blue.com/buy.php?detail/13404550267842" "Mozilla/5.0 AppleWebKit/537.36 (KHTML, like Gecko; compatible; GPTBot/1.3; +https://openai.com/gptbot)"
74.7.241.28 - - [20/Mar/2026:13:01:17 +0000] "GET /buy.php?m55591925817 HTTP/1.1" 200 162165 "https://inception-blue.com/buy.php?detail/01600762944722" "Mozilla/5.0 AppleWebKit/537.36 (KHTML, like Gecko; compatible; GPTBot/1.3; +https://openai.com/gptbot)"
74.7.241.28 - - [20/Mar/2026:13:01:21 +0000] "GET /buy.php?detail/222010844913 HTTP/1.1" 200 166131 "https://inception-blue.com/buy.php?detail/06901236049630" "Mozilla/5.0 AppleWebKit/537.36 (KHTML, like Gecko; compatible; GPTBot/1.3; +https://openai.com/gptbot)"
74.7.241.28 - - [20/Mar/2026:13:01:24 +0000] "GET /buy.php?detail/06901188886717 HTTP/1.1" 200 154177 "https://inception-blue.com/buy.php?detail/06901133022189" "Mozilla/5.0 AppleWebKit/537.36 (KHTML, like Gecko; compatible; GPTBot/1.3; +https://openai.com/gptbot)"
74.7.241.28 - - [20/Mar/2026:13:01:27 +0000] "GET /buy.php?detail/08504936518447 HTTP/1.1" 200 155334 "https://inception-blue.com/buy.php?detail/02901263619900" "Mozilla/5.0 AppleWebKit/537.36 (KHTML, like Gecko; compatible; GPTBot/1.3; +https://openai.com/gptbot)"
74.7.241.28 - - [20/Mar/2026:13:01:30 +0000] "GET /buy.php?detail/26502415731998 HTTP/1.1" 200 152967 "https://inception-blue.com/buy.php?detail/15303549912674" "Mozilla/5.0 AppleWebKit/537.36 (KHTML, like Gecko; compatible; GPTBot/1.3; +https://openai.com/gptbot)"
74.7.241.28 - - [20/Mar/2026:13:01:33 +0000] "GET /buy.php?detail/01903385607188 HTTP/1.1" 200 140671 "https://inception-blue.com/buy.php?detail/28101674746848" "Mozilla/5.0 AppleWebKit/537.36 (KHTML, like Gecko; compatible; GPTBot/1.3; +https://openai.com/gptbot)"
74.7.241.28 - - [20/Mar/2026:13:01:36 +0000] "GET /buy.php?m24300988896 HTTP/1.1" 200 154097 "https://inception-blue.com/buy.php?detail/01000078829152" "Mozilla/5.0 AppleWebKit/537.36 (KHTML, like Gecko; compatible; GPTBot/1.3; +https://openai.com/gptbot)"
142.44.228.36 - - [20/Mar/2026:13:01:40 +0000] "GET /shopbrand/2635610055.htm HTTP/1.1" 200 185482 "-" "Mozilla/5.0 (compatible; AhrefsBot/7.0; +http://ahrefs.com/robot/)"
159.223.142.74 - - [20/Mar/2026:13:01:41 +0000] "POST /wp-cron.php?doing_wp_cron=1774011701.2608311176300048828125 HTTP/1.1" 403 185482 "-" "WordPress/6.9.4; https://inception-blue.com"
74.7.241.28 - - [20/Mar/2026:13:01:39 +0000] "GET /buy.php?detail/13402650539024 HTTP/1.1" 200 151912 "https://inception-blue.com/buy.php?detail/13401201825133" "Mozilla/5.0 AppleWebKit/537.36 (KHTML, like Gecko; compatible; GPTBot/1.3; +https://openai.com/gptbot)"
74.7.241.28 - - [20/Mar/2026:13:01:43 +0000] "GET /buy.php?detail/02501699920046 HTTP/1.1" 200 164534 "https://inception-blue.com/buy.php?detail/17902588739395" "Mozilla/5.0 AppleWebKit/537.36 (KHTML, like Gecko; compatible; GPTBot/1.3; +https://openai.com/gptbot)"
74.7.241.28 - - [20/Mar/2026:13:01:46 +0000] "GET /buy.php?detail/13404906182571 HTTP/1.1" 200 154279 "https://inception-blue.com/buy.php?detail/07504856410123" "Mozilla/5.0 AppleWebKit/537.36 (KHTML, like Gecko; compatible; GPTBot/1.3; +https://openai.com/gptbot)"
66.249.77.3 - - [20/Mar/2026:13:01:51 +0000] "GET /?jp/203022099.html HTTP/1.1" 200 381890 "-" "Mozilla/5.0 (Linux; Android 6.0.1; Nexus 5X Build/MMB29P) AppleWebKit/537.36 (KHTML, like Gecko) Chrome/145.0.7632.159 Mobile Safari/537.36 (compatible; Googlebot/2.1; +http://www.google.com/bot.html)"
74.7.241.28 - - [20/Mar/2026:13:01:49 +0000] "GET /buy.php?detail/05201422687899 HTTP/1.1" 200 158103 "https://inception-blue.com/buy.php?detail/17404510307206" "Mozilla/5.0 AppleWebKit/537.36 (KHTML, like Gecko; compatible; GPTBot/1.3; +https://openai.com/gptbot)"
66.249.77.4 - - [20/Mar/2026:13:01:52 +0000] "GET /?z=lcs250skn9024ztabvpbub HTTP/1.1" 200 387385 "-" "Mozilla/5.0 (Linux; Android 6.0.1; Nexus 5X Build/MMB29P) AppleWebKit/537.36 (KHTML, like Gecko) Chrome/145.0.7632.159 Mobile Safari/537.36 (compatible; Googlebot/2.1; +http://www.google.com/bot.html)"
