74.7.241.28 - - [20/Mar/2026:13:32:27 +0000] "GET /buy.php?detail/27900670183834 HTTP/1.1" 200 156370 "https://inception-blue.com/buy.php?detail/27901200770453" "Mozilla/5.0 AppleWebKit/537.36 (KHTML, like Gecko; compatible; GPTBot/1.3; +https://openai.com/gptbot)"
74.7.241.28 - - [20/Mar/2026:13:32:30 +0000] "GET /buy.php?m39777680634 HTTP/1.1" 200 152836 "https://inception-blue.com/buy.php?detail/04501934103513" "Mozilla/5.0 AppleWebKit/537.36 (KHTML, like Gecko; compatible; GPTBot/1.3; +https://openai.com/gptbot)"
74.7.241.28 - - [20/Mar/2026:13:32:33 +0000] "GET /buy.php?066011157.htm HTTP/1.1" 200 154537 "https://inception-blue.com/buy.php?m48233390881" "Mozilla/5.0 AppleWebKit/537.36 (KHTML, like Gecko; compatible; GPTBot/1.3; +https://openai.com/gptbot)"
167.114.139.219 - - [20/Mar/2026:13:32:38 +0000] "GET /?sitemap790.xml HTTP/1.1" 200 168591 "-" "Mozilla/5.0 (compatible; AhrefsBot/7.0; +http://ahrefs.com/robot/)"
74.7.241.28 - - [20/Mar/2026:13:32:36 +0000] "GET /buy.php?037000792.htm HTTP/1.1" 200 154497 "https://inception-blue.com/buy.php?m78544431335" "Mozilla/5.0 AppleWebKit/537.36 (KHTML, like Gecko; compatible; GPTBot/1.3; +https://openai.com/gptbot)"
74.7.241.28 - - [20/Mar/2026:13:32:39 +0000] "GET /buy.php?detail/06502280010373 HTTP/1.1" 200 161846 "https://inception-blue.com/buy.php?detail/27900662233224" "Mozilla/5.0 AppleWebKit/537.36 (KHTML, like Gecko; compatible; GPTBot/1.3; +https://openai.com/gptbot)"
74.7.241.28 - - [20/Mar/2026:13:32:42 +0000] "GET /buy.php?detail/27900451585508 HTTP/1.1" 200 152911 "https://inception-blue.com/buy.php?detail/27900662233224" "Mozilla/5.0 AppleWebKit/537.36 (KHTML, like Gecko; compatible; GPTBot/1.3; +https://openai.com/gptbot)"
74.7.241.28 - - [20/Mar/2026:13:32:45 +0000] "GET /buy.php?detail/02900540720657 HTTP/1.1" 200 141228 "https://inception-blue.com/buy.php?detail/11303759435910" "Mozilla/5.0 AppleWebKit/537.36 (KHTML, like Gecko; compatible; GPTBot/1.3; +https://openai.com/gptbot)"
74.7.241.28 - - [20/Mar/2026:13:32:49 +0000] "GET /buy.php?detail/05303091192750 HTTP/1.1" 200 158665 "https://inception-blue.com/buy.php?detail/25601589485906" "Mozilla/5.0 AppleWebKit/537.36 (KHTML, like Gecko; compatible; GPTBot/1.3; +https://openai.com/gptbot)"
74.7.241.28 - - [20/Mar/2026:13:32:52 +0000] "GET /buy.php?detail/04704091791130 HTTP/1.1" 200 146075 "https://inception-blue.com/buy.php?detail/25601589485906" "Mozilla/5.0 AppleWebKit/537.36 (KHTML, like Gecko; compatible; GPTBot/1.3; +https://openai.com/gptbot)"
74.7.241.28 - - [20/Mar/2026:13:32:55 +0000] "GET /buy.php?042000645.htm HTTP/1.1" 200 154748 "https://inception-blue.com/buy.php?m44405474298" "Mozilla/5.0 AppleWebKit/537.36 (KHTML, like Gecko; compatible; GPTBot/1.3; +https://openai.com/gptbot)"
74.7.241.28 - - [20/Mar/2026:13:32:58 +0000] "GET /buy.php?detail/18600377455622 HTTP/1.1" 200 154645 "https://inception-blue.com/buy.php?detail/09100787816878" "Mozilla/5.0 AppleWebKit/537.36 (KHTML, like Gecko; compatible; GPTBot/1.3; +https://openai.com/gptbot)"
74.7.241.28 - - [20/Mar/2026:13:33:01 +0000] "GET /buy.php?detail/12801650327116 HTTP/1.1" 200 155196 "https://inception-blue.com/buy.php?detail/27900670183834" "Mozilla/5.0 AppleWebKit/537.36 (KHTML, like Gecko; compatible; GPTBot/1.3; +https://openai.com/gptbot)"
74.7.241.28 - - [20/Mar/2026:13:33:04 +0000] "GET /buy.php?061000814.htm HTTP/1.1" 200 152652 "https://inception-blue.com/buy.php?m39777680634" "Mozilla/5.0 AppleWebKit/537.36 (KHTML, like Gecko; compatible; GPTBot/1.3; +https://openai.com/gptbot)"
66.249.77.7 - - [20/Mar/2026:13:33:08 +0000] "GET /?jp/075048523.html HTTP/1.1" 200 402614 "-" "Mozilla/5.0 (Linux; Android 6.0.1; Nexus 5X Build/MMB29P) AppleWebKit/537.36 (KHTML, like Gecko) Chrome/145.0.7632.159 Mobile Safari/537.36 (compatible; Googlebot/2.1; +http://www.google.com/bot.html)"
74.7.241.28 - - [20/Mar/2026:13:33:07 +0000] "GET /buy.php?020002413.htm HTTP/1.1" 200 150499 "https://inception-blue.com/buy.php?066011157.htm" "Mozilla/5.0 AppleWebKit/537.36 (KHTML, like Gecko; compatible; GPTBot/1.3; +https://openai.com/gptbot)"
74.7.241.28 - - [20/Mar/2026:13:33:10 +0000] "GET /buy.php?detail/17903028851349 HTTP/1.1" 200 156995 "https://inception-blue.com/buy.php?detail/17901406304941" "Mozilla/5.0 AppleWebKit/537.36 (KHTML, like Gecko; compatible; GPTBot/1.3; +https://openai.com/gptbot)"
74.7.241.28 - - [20/Mar/2026:13:33:14 +0000] "GET /buy.php?detail/24702856882207 HTTP/1.1" 200 153562 "https://inception-blue.com/buy.php?detail/06502280010373" "Mozilla/5.0 AppleWebKit/537.36 (KHTML, like Gecko; compatible; GPTBot/1.3; +https://openai.com/gptbot)"
74.7.241.28 - - [20/Mar/2026:13:33:17 +0000] "GET /buy.php?detail/06501065201020 HTTP/1.1" 200 155036 "https://inception-blue.com/buy.php?detail/06502280010373" "Mozilla/5.0 AppleWebKit/537.36 (KHTML, like Gecko; compatible; GPTBot/1.3; +https://openai.com/gptbot)"
74.7.241.28 - - [20/Mar/2026:13:33:20 +0000] "GET /buy.php?detail/23604280167885 HTTP/1.1" 200 163510 "https://inception-blue.com/buy.php?detail/13203691558982" "Mozilla/5.0 AppleWebKit/537.36 (KHTML, like Gecko; compatible; GPTBot/1.3; +https://openai.com/gptbot)"
74.7.241.28 - - [20/Mar/2026:13:33:23 +0000] "GET /buy.php?jp/037047404.html HTTP/1.1" 200 159159 "https://inception-blue.com/buy.php?detail/05303091192750" "Mozilla/5.0 AppleWebKit/537.36 (KHTML, like Gecko; compatible; GPTBot/1.3; +https://openai.com/gptbot)"
74.7.241.28 - - [20/Mar/2026:13:33:26 +0000] "GET /buy.php?detail/05300870893432 HTTP/1.1" 200 157249 "https://inception-blue.com/buy.php?detail/05303091192750" "Mozilla/5.0 AppleWebKit/537.36 (KHTML, like Gecko; compatible; GPTBot/1.3; +https://openai.com/gptbot)"
74.7.241.28 - - [20/Mar/2026:13:33:29 +0000] "GET /buy.php?detail/20901625819628 HTTP/1.1" 200 153235 "https://inception-blue.com/buy.php?detail/04704091791130" "Mozilla/5.0 AppleWebKit/537.36 (KHTML, like Gecko; compatible; GPTBot/1.3; +https://openai.com/gptbot)"
74.7.241.28 - - [20/Mar/2026:13:33:33 +0000] "GET /buy.php?detail/03003228855409 HTTP/1.1" 200 153624 "https://inception-blue.com/buy.php?detail/18600377455622" "Mozilla/5.0 AppleWebKit/537.36 (KHTML, like Gecko; compatible; GPTBot/1.3; +https://openai.com/gptbot)"
74.7.241.28 - - [20/Mar/2026:13:33:36 +0000] "GET /buy.php?detail/14203202894964 HTTP/1.1" 200 152876 "https://inception-blue.com/buy.php?detail/05303091192750" "Mozilla/5.0 AppleWebKit/537.36 (KHTML, like Gecko; compatible; GPTBot/1.3; +https://openai.com/gptbot)"
74.7.241.28 - - [20/Mar/2026:13:33:39 +0000] "GET /buy.php?shopbrand/village/138024922.htm HTTP/1.1" 200 152662 "https://inception-blue.com/buy.php?061000814.htm" "Mozilla/5.0 AppleWebKit/537.36 (KHTML, like Gecko; compatible; GPTBot/1.3; +https://openai.com/gptbot)"
74.7.241.28 - - [20/Mar/2026:13:33:42 +0000] "GET /buy.php?detail/05300691164856 HTTP/1.1" 200 154690 "https://inception-blue.com/buy.php?detail/05303091192750" "Mozilla/5.0 AppleWebKit/537.36 (KHTML, like Gecko; compatible; GPTBot/1.3; +https://openai.com/gptbot)"
74.7.241.28 - - [20/Mar/2026:13:33:45 +0000] "GET /buy.php?detail/27104615240388 HTTP/1.1" 200 153292 "https://inception-blue.com/buy.php?detail/23301418145020" "Mozilla/5.0 AppleWebKit/537.36 (KHTML, like Gecko; compatible; GPTBot/1.3; +https://openai.com/gptbot)"
74.7.241.28 - - [20/Mar/2026:13:33:48 +0000] "GET /buy.php?detail/24700170619816 HTTP/1.1" 200 146753 "https://inception-blue.com/buy.php?detail/24702856882207" "Mozilla/5.0 AppleWebKit/537.36 (KHTML, like Gecko; compatible; GPTBot/1.3; +https://openai.com/gptbot)"
74.7.241.28 - - [20/Mar/2026:13:33:52 +0000] "GET /buy.php?detail/27804561202985 HTTP/1.1" 200 157033 "https://inception-blue.com/buy.php?detail/08001485939216" "Mozilla/5.0 AppleWebKit/537.36 (KHTML, like Gecko; compatible; GPTBot/1.3; +https://openai.com/gptbot)"
74.7.241.28 - - [20/Mar/2026:13:33:55 +0000] "GET /buy.php?detail/23602813592222 HTTP/1.1" 200 164674 "https://inception-blue.com/buy.php?detail/23604280167885" "Mozilla/5.0 AppleWebKit/537.36 (KHTML, like Gecko; compatible; GPTBot/1.3; +https://openai.com/gptbot)"
74.7.241.28 - - [20/Mar/2026:13:33:58 +0000] "GET /buy.php?detail/15600438653722 HTTP/1.1" 200 143146 "https://inception-blue.com/buy.php?detail/26503574226235" "Mozilla/5.0 AppleWebKit/537.36 (KHTML, like Gecko; compatible; GPTBot/1.3; +https://openai.com/gptbot)"
74.7.241.28 - - [20/Mar/2026:13:34:01 +0000] "GET /buy.php?detail/26301067651294 HTTP/1.1" 200 157433 "https://inception-blue.com/buy.php?detail/26300309993336" "Mozilla/5.0 AppleWebKit/537.36 (KHTML, like Gecko; compatible; GPTBot/1.3; +https://openai.com/gptbot)"
74.7.241.28 - - [20/Mar/2026:13:34:04 +0000] "GET /buy.php?detail/03003228855409 HTTP/1.1" 200 153567 "https://inception-blue.com/buy.php?detail/18600377455622" "Mozilla/5.0 AppleWebKit/537.36 (KHTML, like Gecko; compatible; GPTBot/1.3; +https://openai.com/gptbot)"
74.7.241.28 - - [20/Mar/2026:13:34:07 +0000] "GET /buy.php?detail/20900220360593 HTTP/1.1" 200 152490 "https://inception-blue.com/buy.php?detail/20901625819628" "Mozilla/5.0 AppleWebKit/537.36 (KHTML, like Gecko; compatible; GPTBot/1.3; +https://openai.com/gptbot)"
74.7.241.28 - - [20/Mar/2026:13:34:10 +0000] "GET /buy.php?detail/04900850506637 HTTP/1.1" 200 170812 "https://inception-blue.com/buy.php?detail/20901625819628" "Mozilla/5.0 AppleWebKit/537.36 (KHTML, like Gecko; compatible; GPTBot/1.3; +https://openai.com/gptbot)"
74.7.241.28 - - [20/Mar/2026:13:34:13 +0000] "GET /buy.php?detail/26702360187602 HTTP/1.1" 200 159052 "https://inception-blue.com/buy.php?detail/03003228855409" "Mozilla/5.0 AppleWebKit/537.36 (KHTML, like Gecko; compatible; GPTBot/1.3; +https://openai.com/gptbot)"
66.249.77.7 - - [20/Mar/2026:13:34:18 +0000] "GET /?h=pnil163nf24845euamayxw HTTP/1.1" 200 378059 "-" "Mozilla/5.0 (Linux; Android 6.0.1; Nexus 5X Build/MMB29P) AppleWebKit/537.36 (KHTML, like Gecko) Chrome/145.0.7632.159 Mobile Safari/537.36 (compatible; Googlebot/2.1; +http://www.google.com/bot.html)"
188.166.245.126 - - [20/Mar/2026:13:34:17 +0000] "GET /wp-login.php HTTP/1.1" 200 84587 "-" "Mozilla/5.0 (Windows NT 10.0; WOW64; Trident/7.0; Touch; MASAJS; rv:11.0) like Gecko"
159.223.142.74 - - [20/Mar/2026:13:34:18 +0000] "POST /wp-cron.php?doing_wp_cron=1774013658.0786919593811035156250 HTTP/1.1" 403 185482 "-" "WordPress/6.9.4; https://inception-blue.com"
74.7.241.28 - - [20/Mar/2026:13:34:17 +0000] "GET /buy.php?detail/13800696173001 HTTP/1.1" 200 155609 "https://inception-blue.com/buy.php?shopbrand/village/138024922.htm" "Mozilla/5.0 AppleWebKit/537.36 (KHTML, like Gecko; compatible; GPTBot/1.3; +https://openai.com/gptbot)"
188.166.245.126 - - [20/Mar/2026:13:34:19 +0000] "POST /wp-login.php HTTP/1.1" 200 84899 "https://inception-blue.com/wp-login.php" "Mozilla/5.0 (Windows NT 10.0; WOW64; Trident/7.0; Touch; MASAJS; rv:11.0) like Gecko"
74.7.241.28 - - [20/Mar/2026:13:34:20 +0000] "GET /buy.php?detail/25503297685690 HTTP/1.1" 200 159302 "https://inception-blue.com/buy.php?detail/05300691164856" "Mozilla/5.0 AppleWebKit/537.36 (KHTML, like Gecko; compatible; GPTBot/1.3; +https://openai.com/gptbot)"
74.7.241.28 - - [20/Mar/2026:13:34:23 +0000] "GET /buy.php?detail/27103043048729 HTTP/1.1" 200 153198 "https://inception-blue.com/buy.php?detail/27104615240388" "Mozilla/5.0 AppleWebKit/537.36 (KHTML, like Gecko; compatible; GPTBot/1.3; +https://openai.com/gptbot)"
74.7.241.28 - - [20/Mar/2026:13:34:26 +0000] "GET /buy.php?detail/27102989667085 HTTP/1.1" 200 155926 "https://inception-blue.com/buy.php?detail/27104615240388" "Mozilla/5.0 AppleWebKit/537.36 (KHTML, like Gecko; compatible; GPTBot/1.3; +https://openai.com/gptbot)"
74.7.241.28 - - [20/Mar/2026:13:34:29 +0000] "GET /buy.php?detail/17100794751141 HTTP/1.1" 200 152885 "https://inception-blue.com/buy.php?detail/27804561202985" "Mozilla/5.0 AppleWebKit/537.36 (KHTML, like Gecko; compatible; GPTBot/1.3; +https://openai.com/gptbot)"
66.249.77.7 - - [20/Mar/2026:13:34:32 +0000] "GET /?z=scuo1vhyqb1113xnvbravtev HTTP/1.1" 200 377492 "-" "Mozilla/5.0 (Linux; Android 6.0.1; Nexus 5X Build/MMB29P) AppleWebKit/537.36 (KHTML, like Gecko) Chrome/145.0.7632.159 Mobile Safari/537.36 (compatible; Googlebot/2.1; +http://www.google.com/bot.html)"
74.7.241.28 - - [20/Mar/2026:13:34:32 +0000] "GET /buy.php?detail/14902290649296 HTTP/1.1" 200 159191 "https://inception-blue.com/buy.php?detail/23602813592222" "Mozilla/5.0 AppleWebKit/537.36 (KHTML, like Gecko; compatible; GPTBot/1.3; +https://openai.com/gptbot)"
74.7.241.28 - - [20/Mar/2026:13:34:36 +0000] "GET /buy.php?detail/12004507967046 HTTP/1.1" 200 158733 "https://inception-blue.com/buy.php?detail/23602813592222" "Mozilla/5.0 AppleWebKit/537.36 (KHTML, like Gecko; compatible; GPTBot/1.3; +https://openai.com/gptbot)"
74.7.241.28 - - [20/Mar/2026:13:34:39 +0000] "GET /buy.php?detail/11404954910364 HTTP/1.1" 200 152523 "https://inception-blue.com/buy.php?detail/26301067651294" "Mozilla/5.0 AppleWebKit/537.36 (KHTML, like Gecko; compatible; GPTBot/1.3; +https://openai.com/gptbot)"
74.7.241.28 - - [20/Mar/2026:13:34:42 +0000] "GET /buy.php?detail/20900225612764 HTTP/1.1" 200 154254 "https://inception-blue.com/buy.php?detail/20901625819628" "Mozilla/5.0 AppleWebKit/537.36 (KHTML, like Gecko; compatible; GPTBot/1.3; +https://openai.com/gptbot)"
74.7.241.28 - - [20/Mar/2026:13:34:45 +0000] "GET /buy.php?detail/04900648512493 HTTP/1.1" 200 171992 "https://inception-blue.com/buy.php?detail/04900850506637" "Mozilla/5.0 AppleWebKit/537.36 (KHTML, like Gecko; compatible; GPTBot/1.3; +https://openai.com/gptbot)"
74.7.241.28 - - [20/Mar/2026:13:34:48 +0000] "GET /buy.php?detail/01403641172287 HTTP/1.1" 200 167007 "https://inception-blue.com/buy.php?detail/04900850506637" "Mozilla/5.0 AppleWebKit/537.36 (KHTML, like Gecko; compatible; GPTBot/1.3; +https://openai.com/gptbot)"
170.106.165.76 - - [20/Mar/2026:13:34:52 +0000] "GET / HTTP/1.1" 200 222988 "http://inception-blue.com" "Mozilla/5.0 (iPhone; CPU iPhone OS 13_2_3 like Mac OS X) AppleWebKit/605.1.15 (KHTML, like Gecko) Version/13.0.3 Mobile/15E148 Safari/604.1"
74.7.241.28 - - [20/Mar/2026:13:34:52 +0000] "GET /buy.php?detail/13800756550108 HTTP/1.1" 200 158728 "https://inception-blue.com/buy.php?detail/13800696173001" "Mozilla/5.0 AppleWebKit/537.36 (KHTML, like Gecko; compatible; GPTBot/1.3; +https://openai.com/gptbot)"
74.7.241.28 - - [20/Mar/2026:13:34:55 +0000] "GET /buy.php?detail/13401291195079 HTTP/1.1" 200 153721 "https://inception-blue.com/buy.php?detail/24700170619816" "Mozilla/5.0 AppleWebKit/537.36 (KHTML, like Gecko; compatible; GPTBot/1.3; +https://openai.com/gptbot)"
74.7.241.28 - - [20/Mar/2026:13:34:58 +0000] "GET /buy.php?detail/20900187214329 HTTP/1.1" 200 154121 "https://inception-blue.com/buy.php?detail/20901625819628" "Mozilla/5.0 AppleWebKit/537.36 (KHTML, like Gecko; compatible; GPTBot/1.3; +https://openai.com/gptbot)"
74.7.241.28 - - [20/Mar/2026:13:35:01 +0000] "GET /buy.php?detail/27103194577242 HTTP/1.1" 200 151903 "https://inception-blue.com/buy.php?detail/27102989667085" "Mozilla/5.0 AppleWebKit/537.36 (KHTML, like Gecko; compatible; GPTBot/1.3; +https://openai.com/gptbot)"
74.7.241.28 - - [20/Mar/2026:13:35:04 +0000] "GET /buy.php?detail/12301668680993 HTTP/1.1" 200 168618 "https://inception-blue.com/buy.php?detail/17100794751141" "Mozilla/5.0 AppleWebKit/537.36 (KHTML, like Gecko; compatible; GPTBot/1.3; +https://openai.com/gptbot)"
74.7.241.28 - - [20/Mar/2026:13:35:07 +0000] "GET /buy.php?detail/08704379412807 HTTP/1.1" 200 156694 "https://inception-blue.com/buy.php?detail/17100794751141" "Mozilla/5.0 AppleWebKit/537.36 (KHTML, like Gecko; compatible; GPTBot/1.3; +https://openai.com/gptbot)"
74.7.241.28 - - [20/Mar/2026:13:35:10 +0000] "GET /buy.php?detail/01102886020767 HTTP/1.1" 200 155177 "https://inception-blue.com/buy.php?detail/12004507967046" "Mozilla/5.0 AppleWebKit/537.36 (KHTML, like Gecko; compatible; GPTBot/1.3; +https://openai.com/gptbot)"
66.249.77.9 - - [20/Mar/2026:13:35:14 +0000] "GET /?detail/268029299561 HTTP/1.1" 200 401205 "-" "Mozilla/5.0 (Linux; Android 6.0.1; Nexus 5X Build/MMB29P) AppleWebKit/537.36 (KHTML, like Gecko) Chrome/145.0.7632.159 Mobile Safari/537.36 (compatible; Googlebot/2.1; +http://www.google.com/bot.html)"
74.7.241.28 - - [20/Mar/2026:13:35:14 +0000] "GET /buy.php?detail/19103898476509 HTTP/1.1" 200 157960 "https://inception-blue.com/buy.php?detail/27804561202985" "Mozilla/5.0 AppleWebKit/537.36 (KHTML, like Gecko; compatible; GPTBot/1.3; +https://openai.com/gptbot)"
74.7.241.28 - - [20/Mar/2026:13:35:17 +0000] "GET /buy.php?detail/18701535960692 HTTP/1.1" 200 148894 "https://inception-blue.com/buy.php?detail/20901625819628" "Mozilla/5.0 AppleWebKit/537.36 (KHTML, like Gecko; compatible; GPTBot/1.3; +https://openai.com/gptbot)"
74.7.241.28 - - [20/Mar/2026:13:35:20 +0000] "GET /buy.php?detail/25800291442731 HTTP/1.1" 200 156954 "https://inception-blue.com/buy.php?003001444.htm" "Mozilla/5.0 AppleWebKit/537.36 (KHTML, like Gecko; compatible; GPTBot/1.3; +https://openai.com/gptbot)"
66.249.77.7 - - [20/Mar/2026:13:35:23 +0000] "GET /diva-closet-as-148886643-1 HTTP/1.1" 200 392044 "-" "Mozilla/5.0 (Linux; Android 6.0.1; Nexus 5X Build/MMB29P) AppleWebKit/537.36 (KHTML, like Gecko) Chrome/145.0.7632.159 Mobile Safari/537.36 (compatible; GoogleOther)"
74.7.241.28 - - [20/Mar/2026:13:35:23 +0000] "GET /buy.php?detail/21300401678526 HTTP/1.1" 200 157727 "https://inception-blue.com/buy.php?detail/213039325741" "Mozilla/5.0 AppleWebKit/537.36 (KHTML, like Gecko; compatible; GPTBot/1.3; +https://openai.com/gptbot)"
74.7.241.28 - - [20/Mar/2026:13:35:26 +0000] "GET /buy.php?detail/21501936658786 HTTP/1.1" 200 161530 "https://inception-blue.com/buy.php?detail/21502096960335" "Mozilla/5.0 AppleWebKit/537.36 (KHTML, like Gecko; compatible; GPTBot/1.3; +https://openai.com/gptbot)"
74.7.241.28 - - [20/Mar/2026:13:35:29 +0000] "GET /buy.php?detail/27002028393489 HTTP/1.1" 200 157413 "https://inception-blue.com/buy.php?detail/13401291195079" "Mozilla/5.0 AppleWebKit/537.36 (KHTML, like Gecko; compatible; GPTBot/1.3; +https://openai.com/gptbot)"
74.7.241.28 - - [20/Mar/2026:13:35:32 +0000] "GET /buy.php?detail/11404438072735 HTTP/1.1" 200 160319 "https://inception-blue.com/buy.php?detail/20900187214329" "Mozilla/5.0 AppleWebKit/537.36 (KHTML, like Gecko; compatible; GPTBot/1.3; +https://openai.com/gptbot)"
74.7.241.28 - - [20/Mar/2026:13:35:35 +0000] "GET /buy.php?detail/08004177848887 HTTP/1.1" 200 156146 "https://inception-blue.com/buy.php?detail/13401291195079" "Mozilla/5.0 AppleWebKit/537.36 (KHTML, like Gecko; compatible; GPTBot/1.3; +https://openai.com/gptbot)"
74.7.241.28 - - [20/Mar/2026:13:35:39 +0000] "GET /buy.php?detail/04302727525328 HTTP/1.1" 200 165980 "https://inception-blue.com/buy.php?detail/12301668680993" "Mozilla/5.0 AppleWebKit/537.36 (KHTML, like Gecko; compatible; GPTBot/1.3; +https://openai.com/gptbot)"
74.7.241.28 - - [20/Mar/2026:13:35:42 +0000] "GET /buy.php?detail/10001134073477 HTTP/1.1" 200 151909 "https://inception-blue.com/buy.php?detail/08704379412807" "Mozilla/5.0 AppleWebKit/537.36 (KHTML, like Gecko; compatible; GPTBot/1.3; +https://openai.com/gptbot)"
74.7.241.28 - - [20/Mar/2026:13:35:45 +0000] "GET /buy.php?detail/02502597297151 HTTP/1.1" 200 154868 "https://inception-blue.com/buy.php?detail/12301668680993" "Mozilla/5.0 AppleWebKit/537.36 (KHTML, like Gecko; compatible; GPTBot/1.3; +https://openai.com/gptbot)"
74.7.241.28 - - [20/Mar/2026:13:35:48 +0000] "GET /buy.php?detail/21601803664282 HTTP/1.1" 200 155846 "https://inception-blue.com/buy.php?detail/08704379412807" "Mozilla/5.0 AppleWebKit/537.36 (KHTML, like Gecko; compatible; GPTBot/1.3; +https://openai.com/gptbot)"
74.7.241.28 - - [20/Mar/2026:13:35:51 +0000] "GET /buy.php?detail/25001944715891 HTTP/1.1" 200 156623 "https://inception-blue.com/buy.php?detail/18701535960692" "Mozilla/5.0 AppleWebKit/537.36 (KHTML, like Gecko; compatible; GPTBot/1.3; +https://openai.com/gptbot)"
74.7.241.28 - - [20/Mar/2026:13:35:54 +0000] "GET /buy.php?detail/13403210587658 HTTP/1.1" 200 169424 "https://inception-blue.com/buy.php?detail/13401291195079" "Mozilla/5.0 AppleWebKit/537.36 (KHTML, like Gecko; compatible; GPTBot/1.3; +https://openai.com/gptbot)"
74.7.241.28 - - [20/Mar/2026:13:35:57 +0000] "GET /buy.php?jp/134032105.html HTTP/1.1" 200 167224 "https://inception-blue.com/buy.php?detail/13403210587658" "Mozilla/5.0 AppleWebKit/537.36 (KHTML, like Gecko; compatible; GPTBot/1.3; +https://openai.com/gptbot)"
216.73.216.36 - - [20/Mar/2026:13:35:59 +0000] "GET /index.php?dir=%2Fhome%2Finceptionblue%2Fpublic_html%2Fcgi-bin%2FMH_configs_20260318221642%2FMH_configs_20260318221642 HTTP/1.1" 200 21606 "-" "Mozilla/5.0 AppleWebKit/537.36 (KHTML, like Gecko; compatible; ClaudeBot/1.0; +claudebot@anthropic.com)"
159.223.142.74 - - [20/Mar/2026:13:36:00 +0000] "POST /wp-cron.php?doing_wp_cron=1774013760.1461689472198486328125 HTTP/1.1" 403 185482 "-" "WordPress/6.9.4; https://inception-blue.com"
74.7.241.28 - - [20/Mar/2026:13:36:01 +0000] "GET /buy.php?goods/213004070 HTTP/1.1" 200 161637 "https://inception-blue.com/buy.php?detail/21300401678526" "Mozilla/5.0 AppleWebKit/537.36 (KHTML, like Gecko; compatible; GPTBot/1.3; +https://openai.com/gptbot)"
74.7.241.28 - - [20/Mar/2026:13:36:04 +0000] "GET /buy.php?detail/14903544193678 HTTP/1.1" 200 159255 "https://inception-blue.com/buy.php?detail/26000828225457" "Mozilla/5.0 AppleWebKit/537.36 (KHTML, like Gecko; compatible; GPTBot/1.3; +https://openai.com/gptbot)"
74.7.241.28 - - [20/Mar/2026:13:36:07 +0000] "GET /buy.php?detail/27004618087572 HTTP/1.1" 200 165931 "https://inception-blue.com/buy.php?detail/27002028393489" "Mozilla/5.0 AppleWebKit/537.36 (KHTML, like Gecko; compatible; GPTBot/1.3; +https://openai.com/gptbot)"
74.7.241.28 - - [20/Mar/2026:13:36:10 +0000] "GET /buy.php?detail/04903667622584 HTTP/1.1" 200 168573 "https://inception-blue.com/buy.php?detail/21804797207024" "Mozilla/5.0 AppleWebKit/537.36 (KHTML, like Gecko; compatible; GPTBot/1.3; +https://openai.com/gptbot)"
74.7.241.28 - - [20/Mar/2026:13:36:13 +0000] "GET /buy.php?detail/26902656983142 HTTP/1.1" 200 173665 "https://inception-blue.com/buy.php?detail/08004177848887" "Mozilla/5.0 AppleWebKit/537.36 (KHTML, like Gecko; compatible; GPTBot/1.3; +https://openai.com/gptbot)"
74.7.241.28 - - [20/Mar/2026:13:36:16 +0000] "GET /buy.php?detail/03700864521979 HTTP/1.1" 200 160137 "https://inception-blue.com/buy.php?detail/08004177848887" "Mozilla/5.0 AppleWebKit/537.36 (KHTML, like Gecko; compatible; GPTBot/1.3; +https://openai.com/gptbot)"
74.7.241.28 - - [20/Mar/2026:13:36:19 +0000] "GET /buy.php?detail/23802862976314 HTTP/1.1" 200 161293 "https://inception-blue.com/buy.php?007040996.htm" "Mozilla/5.0 AppleWebKit/537.36 (KHTML, like Gecko; compatible; GPTBot/1.3; +https://openai.com/gptbot)"
74.7.241.28 - - [20/Mar/2026:13:36:23 +0000] "GET /buy.php?detail/14302378181199 HTTP/1.1" 200 162221 "https://inception-blue.com/buy.php?detail/02502597297151" "Mozilla/5.0 AppleWebKit/537.36 (KHTML, like Gecko; compatible; GPTBot/1.3; +https://openai.com/gptbot)"
74.7.241.28 - - [20/Mar/2026:13:36:26 +0000] "GET /buy.php?detail/15400142231365 HTTP/1.1" 200 155508 "https://inception-blue.com/buy.php?detail/21601803664282" "Mozilla/5.0 AppleWebKit/537.36 (KHTML, like Gecko; compatible; GPTBot/1.3; +https://openai.com/gptbot)"
74.7.241.28 - - [20/Mar/2026:13:36:29 +0000] "GET /buy.php?detail/25000331400932 HTTP/1.1" 200 154220 "https://inception-blue.com/buy.php?detail/25001944715891" "Mozilla/5.0 AppleWebKit/537.36 (KHTML, like Gecko; compatible; GPTBot/1.3; +https://openai.com/gptbot)"
74.7.241.28 - - [20/Mar/2026:13:36:32 +0000] "GET /buy.php?detail/18100196521030 HTTP/1.1" 200 154509 "https://inception-blue.com/buy.php?jp/134032105.html" "Mozilla/5.0 AppleWebKit/537.36 (KHTML, like Gecko; compatible; GPTBot/1.3; +https://openai.com/gptbot)"
74.7.241.28 - - [20/Mar/2026:13:36:35 +0000] "GET /buy.php?detail/13003464514745 HTTP/1.1" 200 147266 "https://inception-blue.com/buy.php?detail/25001944715891" "Mozilla/5.0 AppleWebKit/537.36 (KHTML, like Gecko; compatible; GPTBot/1.3; +https://openai.com/gptbot)"
74.7.241.28 - - [20/Mar/2026:13:36:38 +0000] "GET /buy.php?detail/21300621039491 HTTP/1.1" 200 158531 "https://inception-blue.com/buy.php?goods/213004070" "Mozilla/5.0 AppleWebKit/537.36 (KHTML, like Gecko; compatible; GPTBot/1.3; +https://openai.com/gptbot)"
74.7.241.28 - - [20/Mar/2026:13:36:41 +0000] "GET /buy.php?detail/13403458542345 HTTP/1.1" 200 155787 "https://inception-blue.com/buy.php?detail/13403210587658" "Mozilla/5.0 AppleWebKit/537.36 (KHTML, like Gecko; compatible; GPTBot/1.3; +https://openai.com/gptbot)"
74.7.241.28 - - [20/Mar/2026:13:36:44 +0000] "GET /buy.php?detail/21300226475514 HTTP/1.1" 200 156507 "https://inception-blue.com/buy.php?detail/02502597297151" "Mozilla/5.0 AppleWebKit/537.36 (KHTML, like Gecko; compatible; GPTBot/1.3; +https://openai.com/gptbot)"
74.7.241.28 - - [20/Mar/2026:13:36:47 +0000] "GET /buy.php?detail/06802587460100 HTTP/1.1" 200 152087 "https://inception-blue.com/buy.php?detail/26902656983142" "Mozilla/5.0 AppleWebKit/537.36 (KHTML, like Gecko; compatible; GPTBot/1.3; +https://openai.com/gptbot)"
74.7.241.28 - - [20/Mar/2026:13:36:50 +0000] "GET /buy.php?detail/11702560504952 HTTP/1.1" 200 153186 "https://inception-blue.com/buy.php?detail/13403210587658" "Mozilla/5.0 AppleWebKit/537.36 (KHTML, like Gecko; compatible; GPTBot/1.3; +https://openai.com/gptbot)"
74.7.241.28 - - [20/Mar/2026:13:36:54 +0000] "GET /buy.php?detail/23801402745422 HTTP/1.1" 200 157876 "https://inception-blue.com/buy.php?detail/23802862976314" "Mozilla/5.0 AppleWebKit/537.36 (KHTML, like Gecko; compatible; GPTBot/1.3; +https://openai.com/gptbot)"
74.7.241.28 - - [20/Mar/2026:13:36:57 +0000] "GET /buy.php?detail/21300169856468 HTTP/1.1" 200 155864 "https://inception-blue.com/buy.php?goods/213004070" "Mozilla/5.0 AppleWebKit/537.36 (KHTML, like Gecko; compatible; GPTBot/1.3; +https://openai.com/gptbot)"
74.7.241.28 - - [20/Mar/2026:13:37:00 +0000] "GET /buy.php?detail/15401778275027 HTTP/1.1" 200 155257 "https://inception-blue.com/buy.php?detail/15400142231365" "Mozilla/5.0 AppleWebKit/537.36 (KHTML, like Gecko; compatible; GPTBot/1.3; +https://openai.com/gptbot)"
74.7.241.28 - - [20/Mar/2026:13:37:03 +0000] "GET /buy.php?detail/25000393400920 HTTP/1.1" 200 152347 "https://inception-blue.com/buy.php?detail/25000331400932" "Mozilla/5.0 AppleWebKit/537.36 (KHTML, like Gecko; compatible; GPTBot/1.3; +https://openai.com/gptbot)"
203.201.164.142 - - [20/Mar/2026:13:37:07 +0000] "GET /wp-login.php HTTP/1.1" 200 84587 "-" "Mozilla/5.0 (Windows NT 6.1; Win64; x64) AppleWebKit/537.36 (KHTML, like Gecko) Chrome/65.0.3325.162 Safari/537.36"
74.7.241.28 - - [20/Mar/2026:13:37:06 +0000] "GET /buy.php?detail/15401199275880 HTTP/1.1" 200 159840 "https://inception-blue.com/buy.php?detail/15400142231365" "Mozilla/5.0 AppleWebKit/537.36 (KHTML, like Gecko; compatible; GPTBot/1.3; +https://openai.com/gptbot)"
159.223.142.74 - - [20/Mar/2026:13:37:08 +0000] "POST /wp-cron.php?doing_wp_cron=1774013828.2613589763641357421875 HTTP/1.1" 403 185482 "-" "WordPress/6.9.4; https://inception-blue.com"
203.201.164.142 - - [20/Mar/2026:13:37:10 +0000] "POST /wp-login.php HTTP/1.1" 200 84899 "https://inception-blue.com/wp-login.php" "Mozilla/5.0 (Windows NT 6.1; Win64; x64) AppleWebKit/537.36 (KHTML, like Gecko) Chrome/65.0.3325.162 Safari/537.36"
74.7.241.28 - - [20/Mar/2026:13:37:10 +0000] "GET /buy.php?detail/26604656717301 HTTP/1.1" 200 156275 "https://inception-blue.com/buy.php?detail/18100196521030" "Mozilla/5.0 AppleWebKit/537.36 (KHTML, like Gecko; compatible; GPTBot/1.3; +https://openai.com/gptbot)"
74.7.241.28 - - [20/Mar/2026:13:37:13 +0000] "GET /buy.php?detail/16404297830139 HTTP/1.1" 200 165395 "https://inception-blue.com/buy.php?detail/04903667622584" "Mozilla/5.0 AppleWebKit/537.36 (KHTML, like Gecko; compatible; GPTBot/1.3; +https://openai.com/gptbot)"
74.7.241.28 - - [20/Mar/2026:13:37:16 +0000] "GET /buy.php?detail/04201270112263 HTTP/1.1" 200 161234 "https://inception-blue.com/buy.php?detail/13403458542345" "Mozilla/5.0 AppleWebKit/537.36 (KHTML, like Gecko; compatible; GPTBot/1.3; +https://openai.com/gptbot)"
74.7.241.28 - - [20/Mar/2026:13:37:19 +0000] "GET /buy.php?detail/21301110718942 HTTP/1.1" 200 154701 "https://inception-blue.com/buy.php?detail/21300226475514" "Mozilla/5.0 AppleWebKit/537.36 (KHTML, like Gecko; compatible; GPTBot/1.3; +https://openai.com/gptbot)"
74.7.241.28 - - [20/Mar/2026:13:37:22 +0000] "GET /buy.php?detail/06800085815362 HTTP/1.1" 200 149136 "https://inception-blue.com/buy.php?detail/06802587460100" "Mozilla/5.0 AppleWebKit/537.36 (KHTML, like Gecko; compatible; GPTBot/1.3; +https://openai.com/gptbot)"
74.7.241.28 - - [20/Mar/2026:13:37:26 +0000] "GET /buy.php?detail/10800687557460 HTTP/1.1" 200 149174 "https://inception-blue.com/buy.php?detail/11702560504952" "Mozilla/5.0 AppleWebKit/537.36 (KHTML, like Gecko; compatible; GPTBot/1.3; +https://openai.com/gptbot)"
74.7.241.28 - - [20/Mar/2026:13:37:29 +0000] "GET /buy.php?detail/25902841717660 HTTP/1.1" 200 158487 "https://inception-blue.com/buy.php?detail/21300226475514" "Mozilla/5.0 AppleWebKit/537.36 (KHTML, like Gecko; compatible; GPTBot/1.3; +https://openai.com/gptbot)"
74.7.241.28 - - [20/Mar/2026:13:37:32 +0000] "GET /buy.php?detail/03201578526630 HTTP/1.1" 200 161947 "https://inception-blue.com/buy.php?detail/21300169856468" "Mozilla/5.0 AppleWebKit/537.36 (KHTML, like Gecko; compatible; GPTBot/1.3; +https://openai.com/gptbot)"
74.7.241.28 - - [20/Mar/2026:13:37:35 +0000] "GET /buy.php?detail/11701128638333 HTTP/1.1" 200 154895 "https://inception-blue.com/buy.php?detail/15401778275027" "Mozilla/5.0 AppleWebKit/537.36 (KHTML, like Gecko; compatible; GPTBot/1.3; +https://openai.com/gptbot)"
74.7.241.28 - - [20/Mar/2026:13:37:38 +0000] "GET /buy.php?detail/26200185359079 HTTP/1.1" 200 157660 "https://inception-blue.com/buy.php?detail/26200745616172" "Mozilla/5.0 AppleWebKit/537.36 (KHTML, like Gecko; compatible; GPTBot/1.3; +https://openai.com/gptbot)"
74.7.241.28 - - [20/Mar/2026:13:37:42 +0000] "GET /buy.php?detail/01503129326743 HTTP/1.1" 200 155436 "https://inception-blue.com/buy.php?detail/08100459811398" "Mozilla/5.0 AppleWebKit/537.36 (KHTML, like Gecko; compatible; GPTBot/1.3; +https://openai.com/gptbot)"
74.7.241.28 - - [20/Mar/2026:13:37:45 +0000] "GET /buy.php?detail/26601955571703 HTTP/1.1" 200 158316 "https://inception-blue.com/buy.php?detail/26604656717301" "Mozilla/5.0 AppleWebKit/537.36 (KHTML, like Gecko; compatible; GPTBot/1.3; +https://openai.com/gptbot)"
74.7.241.28 - - [20/Mar/2026:13:37:48 +0000] "GET /buy.php?detail/08500817083853 HTTP/1.1" 200 153097 "https://inception-blue.com/buy.php?detail/26604656717301" "Mozilla/5.0 AppleWebKit/537.36 (KHTML, like Gecko; compatible; GPTBot/1.3; +https://openai.com/gptbot)"
74.7.241.28 - - [20/Mar/2026:13:37:51 +0000] "GET /buy.php?detail/23704765344705 HTTP/1.1" 200 167614 "https://inception-blue.com/buy.php?detail/26604656717301" "Mozilla/5.0 AppleWebKit/537.36 (KHTML, like Gecko; compatible; GPTBot/1.3; +https://openai.com/gptbot)"
74.7.241.28 - - [20/Mar/2026:13:37:54 +0000] "GET /buy.php?goods/294005922 HTTP/1.1" 200 156963 "https://inception-blue.com/buy.php?detail/29400592220463" "Mozilla/5.0 AppleWebKit/537.36 (KHTML, like Gecko; compatible; GPTBot/1.3; +https://openai.com/gptbot)"
74.7.241.28 - - [20/Mar/2026:13:37:57 +0000] "GET /buy.php?detail/20504586584419 HTTP/1.1" 200 161398 "https://inception-blue.com/buy.php?detail/04201270112263" "Mozilla/5.0 AppleWebKit/537.36 (KHTML, like Gecko; compatible; GPTBot/1.3; +https://openai.com/gptbot)"
74.7.241.28 - - [20/Mar/2026:13:38:01 +0000] "GET /buy.php?detail/21904987005350 HTTP/1.1" 200 157139 "https://inception-blue.com/buy.php?detail/04201270112263" "Mozilla/5.0 AppleWebKit/537.36 (KHTML, like Gecko; compatible; GPTBot/1.3; +https://openai.com/gptbot)"
74.7.241.28 - - [20/Mar/2026:13:38:04 +0000] "GET /buy.php?detail/04200774512691 HTTP/1.1" 200 162532 "https://inception-blue.com/buy.php?detail/04201270112263" "Mozilla/5.0 AppleWebKit/537.36 (KHTML, like Gecko; compatible; GPTBot/1.3; +https://openai.com/gptbot)"
74.7.241.28 - - [20/Mar/2026:13:38:07 +0000] "GET /buy.php?detail/06800348711323 HTTP/1.1" 200 150710 "https://inception-blue.com/buy.php?detail/06800085815362" "Mozilla/5.0 AppleWebKit/537.36 (KHTML, like Gecko; compatible; GPTBot/1.3; +https://openai.com/gptbot)"
74.7.241.28 - - [20/Mar/2026:13:38:10 +0000] "GET /buy.php?m58766643675 HTTP/1.1" 200 146877 "https://inception-blue.com/buy.php?detail/03201578526630" "Mozilla/5.0 AppleWebKit/537.36 (KHTML, like Gecko; compatible; GPTBot/1.3; +https://openai.com/gptbot)"
216.73.216.36 - - [20/Mar/2026:13:38:13 +0000] "GET /index.php?dir=%2Fhome%2Finceptionblue%2Fpublic_html%2FMH_configs_20260202195317&read=%2Fhome%2Finceptionblue%2Fpublic_html%2FMH_configs_20260202195317%2F.htaccess HTTP/1.1" 200 12605 "-" "Mozilla/5.0 AppleWebKit/537.36 (KHTML, like Gecko; compatible; ClaudeBot/1.0; +claudebot@anthropic.com)"
159.223.142.74 - - [20/Mar/2026:13:38:14 +0000] "POST /wp-cron.php?doing_wp_cron=1774013894.2839798927307128906250 HTTP/1.1" 403 185482 "-" "WordPress/6.9.4; https://inception-blue.com"
74.7.241.28 - - [20/Mar/2026:13:38:13 +0000] "GET /buy.php?detail/07004467762524 HTTP/1.1" 200 147250 "https://inception-blue.com/buy.php?detail/11701128638333" "Mozilla/5.0 AppleWebKit/537.36 (KHTML, like Gecko; compatible; GPTBot/1.3; +https://openai.com/gptbot)"
74.7.241.28 - - [20/Mar/2026:13:38:16 +0000] "GET /buy.php?detail/27100919624356 HTTP/1.1" 200 157470 "https://inception-blue.com/buy.php?detail/27100639698836" "Mozilla/5.0 AppleWebKit/537.36 (KHTML, like Gecko; compatible; GPTBot/1.3; +https://openai.com/gptbot)"
74.7.241.28 - - [20/Mar/2026:13:38:19 +0000] "GET /buy.php?detail/27401985147759 HTTP/1.1" 200 158546 "https://inception-blue.com/buy.php?detail/01503129326743" "Mozilla/5.0 AppleWebKit/537.36 (KHTML, like Gecko; compatible; GPTBot/1.3; +https://openai.com/gptbot)"
74.7.241.28 - - [20/Mar/2026:13:38:22 +0000] "GET /buy.php?detail/06704143738250 HTTP/1.1" 200 162599 "https://inception-blue.com/buy.php?jp/177030710.html" "Mozilla/5.0 AppleWebKit/537.36 (KHTML, like Gecko; compatible; GPTBot/1.3; +https://openai.com/gptbot)"
74.7.241.28 - - [20/Mar/2026:13:38:26 +0000] "GET /buy.php?detail/03400235967971 HTTP/1.1" 200 160644 "https://inception-blue.com/buy.php?detail/03400627527353" "Mozilla/5.0 AppleWebKit/537.36 (KHTML, like Gecko; compatible; GPTBot/1.3; +https://openai.com/gptbot)"
66.249.77.3 - - [20/Mar/2026:13:38:30 +0000] "GET /?jp/157024132.html HTTP/1.1" 200 396925 "-" "Mozilla/5.0 (Linux; Android 6.0.1; Nexus 5X Build/MMB29P) AppleWebKit/537.36 (KHTML, like Gecko) Chrome/145.0.7632.159 Mobile Safari/537.36 (compatible; Googlebot/2.1; +http://www.google.com/bot.html)"
74.7.241.28 - - [20/Mar/2026:13:38:29 +0000] "GET /buy.php?detail/08403965381947 HTTP/1.1" 200 153471 "https://inception-blue.com/buy.php?detail/19104449793401" "Mozilla/5.0 AppleWebKit/537.36 (KHTML, like Gecko; compatible; GPTBot/1.3; +https://openai.com/gptbot)"
74.7.241.28 - - [20/Mar/2026:13:38:32 +0000] "GET /buy.php?m89280470166 HTTP/1.1" 200 143554 "https://inception-blue.com/buy.php?detail/20504586584419" "Mozilla/5.0 AppleWebKit/537.36 (KHTML, like Gecko; compatible; GPTBot/1.3; +https://openai.com/gptbot)"
54.37.150.153 - - [20/Mar/2026:13:38:37 +0000] "GET /wp-content/uploads/2024/04/INCEPTION-BLUE-LOGO.png HTTP/1.1" 304 - "-" "python-urllib3/1.26.20"
74.7.241.28 - - [20/Mar/2026:13:38:35 +0000] "GET /buy.php?detail/18903067242526 HTTP/1.1" 200 145089 "https://inception-blue.com/buy.php?detail/05901865179727" "Mozilla/5.0 AppleWebKit/537.36 (KHTML, like Gecko; compatible; GPTBot/1.3; +https://openai.com/gptbot)"
74.7.241.28 - - [20/Mar/2026:13:38:38 +0000] "GET /buy.php?detail/08600583911724 HTTP/1.1" 200 154398 "https://inception-blue.com/buy.php?detail/08601130806335" "Mozilla/5.0 AppleWebKit/537.36 (KHTML, like Gecko; compatible; GPTBot/1.3; +https://openai.com/gptbot)"
167.114.139.111 - - [20/Mar/2026:13:38:40 +0000] "GET /buy.php?sitemap960.xml HTTP/1.1" 200 13 "-" "Mozilla/5.0 (compatible; AhrefsBot/7.0; +http://ahrefs.com/robot/)"
74.7.241.28 - - [20/Mar/2026:13:38:42 +0000] "GET /buy.php?detail/10904948086052 HTTP/1.1" 200 154173 "https://inception-blue.com/buy.php?detail/06800348711323" "Mozilla/5.0 AppleWebKit/537.36 (KHTML, like Gecko; compatible; GPTBot/1.3; +https://openai.com/gptbot)"
74.7.241.28 - - [20/Mar/2026:13:38:45 +0000] "GET /buy.php?detail/15302342756590 HTTP/1.1" 200 160905 "https://inception-blue.com/buy.php?detail/15304817467925" "Mozilla/5.0 AppleWebKit/537.36 (KHTML, like Gecko; compatible; GPTBot/1.3; +https://openai.com/gptbot)"
74.7.241.28 - - [20/Mar/2026:13:38:48 +0000] "GET /buy.php?detail/14703268151010 HTTP/1.1" 200 152917 "https://inception-blue.com/buy.php?detail/07004467762524" "Mozilla/5.0 AppleWebKit/537.36 (KHTML, like Gecko; compatible; GPTBot/1.3; +https://openai.com/gptbot)"
74.7.241.28 - - [20/Mar/2026:13:38:51 +0000] "GET /buy.php?detail/04901586716884 HTTP/1.1" 200 155897 "https://inception-blue.com/buy.php?detail/27100919624356" "Mozilla/5.0 AppleWebKit/537.36 (KHTML, like Gecko; compatible; GPTBot/1.3; +https://openai.com/gptbot)"
74.7.241.28 - - [20/Mar/2026:13:38:54 +0000] "GET /buy.php?detail/09400151436828 HTTP/1.1" 200 155815 "https://inception-blue.com/buy.php?category/935/1/listing" "Mozilla/5.0 AppleWebKit/537.36 (KHTML, like Gecko; compatible; GPTBot/1.3; +https://openai.com/gptbot)"
74.7.241.28 - - [20/Mar/2026:13:38:57 +0000] "GET /buy.php?detail/06700103484241 HTTP/1.1" 200 155704 "https://inception-blue.com/buy.php?detail/06704143738250" "Mozilla/5.0 AppleWebKit/537.36 (KHTML, like Gecko; compatible; GPTBot/1.3; +https://openai.com/gptbot)"
66.249.77.5 - - [20/Mar/2026:13:39:02 +0000] "GET /product/122034411 HTTP/1.1" 200 379549 "-" "Mozilla/5.0 (Linux; Android 6.0.1; Nexus 5X Build/MMB29P) AppleWebKit/537.36 (KHTML, like Gecko) Chrome/145.0.7632.159 Mobile Safari/537.36 (compatible; Googlebot/2.1; +http://www.google.com/bot.html)"
74.7.241.28 - - [20/Mar/2026:13:39:00 +0000] "GET /buy.php?detail/03400618134905 HTTP/1.1" 200 162140 "https://inception-blue.com/buy.php?detail/03400235967971" "Mozilla/5.0 AppleWebKit/537.36 (KHTML, like Gecko; compatible; GPTBot/1.3; +https://openai.com/gptbot)"
74.7.241.28 - - [20/Mar/2026:13:39:03 +0000] "GET /buy.php?detail/08400065592880 HTTP/1.1" 200 152982 "https://inception-blue.com/buy.php?detail/08403965381947" "Mozilla/5.0 AppleWebKit/537.36 (KHTML, like Gecko; compatible; GPTBot/1.3; +https://openai.com/gptbot)"
66.249.77.3 - - [20/Mar/2026:13:39:06 +0000] "GET /vs1-cfrbnr32-001 HTTP/1.1" 200 377459 "-" "Mozilla/5.0 (Linux; Android 6.0.1; Nexus 5X Build/MMB29P) AppleWebKit/537.36 (KHTML, like Gecko) Chrome/145.0.7632.159 Mobile Safari/537.36 (compatible; GoogleOther)"
74.7.241.28 - - [20/Mar/2026:13:39:07 +0000] "GET /buy.php?detail/15102989943688 HTTP/1.1" 200 152873 "https://inception-blue.com/buy.php?detail/03400235967971" "Mozilla/5.0 AppleWebKit/537.36 (KHTML, like Gecko; compatible; GPTBot/1.3; +https://openai.com/gptbot)"
66.249.77.3 - - [20/Mar/2026:13:39:09 +0000] "GET /re-vida-k0-7637028-sntwhit HTTP/1.1" 200 185493 "-" "Mozilla/5.0 (Linux; Android 6.0.1; Nexus 5X Build/MMB29P) AppleWebKit/537.36 (KHTML, like Gecko) Chrome/145.0.7632.159 Mobile Safari/537.36 (compatible; GoogleOther)"
74.7.241.28 - - [20/Mar/2026:13:39:10 +0000] "GET /buy.php?detail/01401090384139 HTTP/1.1" 200 155311 "https://inception-blue.com/buy.php?detail/18903067242526" "Mozilla/5.0 AppleWebKit/537.36 (KHTML, like Gecko; compatible; GPTBot/1.3; +https://openai.com/gptbot)"
66.249.77.4 - - [20/Mar/2026:13:39:13 +0000] "GET /?j=olkb133bjz44749ypacnjq HTTP/1.1" 200 392315 "-" "Mozilla/5.0 (Linux; Android 6.0.1; Nexus 5X Build/MMB29P) AppleWebKit/537.36 (KHTML, like Gecko) Chrome/145.0.7632.159 Mobile Safari/537.36 (compatible; GoogleOther)"
74.7.241.28 - - [20/Mar/2026:13:39:13 +0000] "GET /buy.php?detail/08601255125760 HTTP/1.1" 200 158172 "https://inception-blue.com/buy.php?detail/08600583911724" "Mozilla/5.0 AppleWebKit/537.36 (KHTML, like Gecko; compatible; GPTBot/1.3; +https://openai.com/gptbot)"
66.249.77.3 - - [20/Mar/2026:13:39:17 +0000] "GET /comparte-215959 HTTP/1.1" 200 398684 "-" "Mozilla/5.0 (Linux; Android 6.0.1; Nexus 5X Build/MMB29P) AppleWebKit/537.36 (KHTML, like Gecko) Chrome/145.0.7632.159 Mobile Safari/537.36 (compatible; GoogleOther)"
74.7.241.28 - - [20/Mar/2026:13:39:16 +0000] "GET /buy.php?detail/08601254021442 HTTP/1.1" 200 153783 "https://inception-blue.com/buy.php?detail/08600583911724" "Mozilla/5.0 AppleWebKit/537.36 (KHTML, like Gecko; compatible; GPTBot/1.3; +https://openai.com/gptbot)"
54.37.150.153 - - [20/Mar/2026:13:39:22 +0000] "GET /wp-content/uploads/2024/04/INCEPTION-BLUE-LOGO-93x15.png HTTP/1.1" 304 - "-" "python-urllib3/1.26.20"
74.7.241.28 - - [20/Mar/2026:13:39:19 +0000] "GET /buy.php?019000474.htm HTTP/1.1" 200 145754 "https://inception-blue.com/buy.php?m89280470166" "Mozilla/5.0 AppleWebKit/537.36 (KHTML, like Gecko; compatible; GPTBot/1.3; +https://openai.com/gptbot)"
74.7.241.28 - - [20/Mar/2026:13:39:23 +0000] "GET /buy.php?goods/187044089 HTTP/1.1" 200 153130 "https://inception-blue.com/buy.php?detail/14703268151010" "Mozilla/5.0 AppleWebKit/537.36 (KHTML, like Gecko; compatible; GPTBot/1.3; +https://openai.com/gptbot)"
74.7.241.28 - - [20/Mar/2026:13:39:26 +0000] "GET /buy.php?jp/111031548.html HTTP/1.1" 200 160227 "https://inception-blue.com/buy.php?detail/04901586716884" "Mozilla/5.0 AppleWebKit/537.36 (KHTML, like Gecko; compatible; GPTBot/1.3; +https://openai.com/gptbot)"
74.7.241.28 - - [20/Mar/2026:13:39:29 +0000] "GET /buy.php?detail/04900519807540 HTTP/1.1" 200 152982 "https://inception-blue.com/buy.php?detail/04901586716884" "Mozilla/5.0 AppleWebKit/537.36 (KHTML, like Gecko; compatible; GPTBot/1.3; +https://openai.com/gptbot)"
66.249.77.3 - - [20/Mar/2026:13:39:31 +0000] "GET /?jp/010036437.html HTTP/1.1" 200 388672 "-" "Mozilla/5.0 (Linux; Android 6.0.1; Nexus 5X Build/MMB29P) AppleWebKit/537.36 (KHTML, like Gecko) Chrome/145.0.7632.159 Mobile Safari/537.36 (compatible; Googlebot/2.1; +http://www.google.com/bot.html)"
74.7.241.28 - - [20/Mar/2026:13:39:32 +0000] "GET /buy.php?detail/09400034049848 HTTP/1.1" 200 155017 "https://inception-blue.com/buy.php?detail/09400151436828" "Mozilla/5.0 AppleWebKit/537.36 (KHTML, like Gecko; compatible; GPTBot/1.3; +https://openai.com/gptbot)"
74.7.241.28 - - [20/Mar/2026:13:39:35 +0000] "GET /buy.php?detail/23803394067539 HTTP/1.1" 200 147724 "https://inception-blue.com/buy.php?detail/03400618134905" "Mozilla/5.0 AppleWebKit/537.36 (KHTML, like Gecko; compatible; GPTBot/1.3; +https://openai.com/gptbot)"
74.7.241.28 - - [20/Mar/2026:13:39:38 +0000] "GET /buy.php?detail/08203324615723 HTTP/1.1" 200 166551 "https://inception-blue.com/buy.php?detail/03400618134905" "Mozilla/5.0 AppleWebKit/537.36 (KHTML, like Gecko; compatible; GPTBot/1.3; +https://openai.com/gptbot)"
74.7.241.28 - - [20/Mar/2026:13:39:42 +0000] "GET /buy.php?detail/19501773297256 HTTP/1.1" 200 159943 "https://inception-blue.com/buy.php?detail/03400618134905" "Mozilla/5.0 AppleWebKit/537.36 (KHTML, like Gecko; compatible; GPTBot/1.3; +https://openai.com/gptbot)"
74.7.241.28 - - [20/Mar/2026:13:39:45 +0000] "GET /buy.php?detail/01400523307540 HTTP/1.1" 200 156914 "https://inception-blue.com/buy.php?detail/01401090384139" "Mozilla/5.0 AppleWebKit/537.36 (KHTML, like Gecko; compatible; GPTBot/1.3; +https://openai.com/gptbot)"
74.7.241.28 - - [20/Mar/2026:13:39:48 +0000] "GET /buy.php?detail/22600476977898 HTTP/1.1" 200 141809 "https://inception-blue.com/buy.php?detail/08601255125760" "Mozilla/5.0 AppleWebKit/537.36 (KHTML, like Gecko; compatible; GPTBot/1.3; +https://openai.com/gptbot)"
66.249.77.4 - - [20/Mar/2026:13:39:51 +0000] "GET /?j=olkb133bjz44749ypacnjq HTTP/1.1" 200 392315 "-" "Mozilla/5.0 (Linux; Android 6.0.1; Nexus 5X Build/MMB29P) AppleWebKit/537.36 (KHTML, like Gecko) Chrome/145.0.7632.159 Mobile Safari/537.36 (compatible; Googlebot/2.1; +http://www.google.com/bot.html)"
74.7.241.28 - - [20/Mar/2026:13:39:51 +0000] "GET /buy.php?detail/25504311386259 HTTP/1.1" 200 147449 "https://inception-blue.com/buy.php?detail/04901586716884" "Mozilla/5.0 AppleWebKit/537.36 (KHTML, like Gecko; compatible; GPTBot/1.3; +https://openai.com/gptbot)"
74.7.241.28 - - [20/Mar/2026:13:39:54 +0000] "GET /buy.php?detail/15901842740696 HTTP/1.1" 200 171559 "https://inception-blue.com/buy.php?detail/08601254021442" "Mozilla/5.0 AppleWebKit/537.36 (KHTML, like Gecko; compatible; GPTBot/1.3; +https://openai.com/gptbot)"
74.7.241.28 - - [20/Mar/2026:13:39:58 +0000] "GET /buy.php?detail/18700517078587 HTTP/1.1" 200 152696 "https://inception-blue.com/buy.php?goods/187044089" "Mozilla/5.0 AppleWebKit/537.36 (KHTML, like Gecko; compatible; GPTBot/1.3; +https://openai.com/gptbot)"
74.7.241.28 - - [20/Mar/2026:13:40:01 +0000] "GET /buy.php?detail/11103154863504 HTTP/1.1" 200 160357 "https://inception-blue.com/buy.php?jp/111031548.html" "Mozilla/5.0 AppleWebKit/537.36 (KHTML, like Gecko; compatible; GPTBot/1.3; +https://openai.com/gptbot)"
74.7.241.28 - - [20/Mar/2026:13:40:04 +0000] "GET /buy.php?detail/14602323580564 HTTP/1.1" 200 152202 "https://inception-blue.com/buy.php?detail/04900519807540" "Mozilla/5.0 AppleWebKit/537.36 (KHTML, like Gecko; compatible; GPTBot/1.3; +https://openai.com/gptbot)"
74.7.241.28 - - [20/Mar/2026:13:40:07 +0000] "GET /buy.php?detail/18700867285390 HTTP/1.1" 200 157414 "https://inception-blue.com/buy.php?goods/187044089" "Mozilla/5.0 AppleWebKit/537.36 (KHTML, like Gecko; compatible; GPTBot/1.3; +https://openai.com/gptbot)"
74.7.241.28 - - [20/Mar/2026:13:40:10 +0000] "GET /buy.php?detail/19704342130147 HTTP/1.1" 200 152590 "https://inception-blue.com/buy.php?detail/09400034049848" "Mozilla/5.0 AppleWebKit/537.36 (KHTML, like Gecko; compatible; GPTBot/1.3; +https://openai.com/gptbot)"
74.7.241.28 - - [20/Mar/2026:13:40:14 +0000] "GET /buy.php?detail/10502588441300 HTTP/1.1" 200 157189 "https://inception-blue.com/buy.php?detail/08203324615723" "Mozilla/5.0 AppleWebKit/537.36 (KHTML, like Gecko; compatible; GPTBot/1.3; +https://openai.com/gptbot)"
74.7.241.28 - - [20/Mar/2026:13:40:17 +0000] "GET /buy.php?detail/28103634595534 HTTP/1.1" 200 152429 "https://inception-blue.com/buy.php?detail/19501773297256" "Mozilla/5.0 AppleWebKit/537.36 (KHTML, like Gecko; compatible; GPTBot/1.3; +https://openai.com/gptbot)"
74.7.241.28 - - [20/Mar/2026:13:40:20 +0000] "GET /buy.php?detail/09400423679253 HTTP/1.1" 200 164377 "https://inception-blue.com/buy.php?detail/09400034049848" "Mozilla/5.0 AppleWebKit/537.36 (KHTML, like Gecko; compatible; GPTBot/1.3; +https://openai.com/gptbot)"
74.7.241.28 - - [20/Mar/2026:13:40:23 +0000] "GET /buy.php?detail/04901058783541 HTTP/1.1" 200 157264 "https://inception-blue.com/buy.php?detail/04900519807540" "Mozilla/5.0 AppleWebKit/537.36 (KHTML, like Gecko; compatible; GPTBot/1.3; +https://openai.com/gptbot)"
74.7.241.28 - - [20/Mar/2026:13:40:26 +0000] "GET /buy.php?detail/07401316791035 HTTP/1.1" 200 154023 "https://inception-blue.com/buy.php?detail/22600476977898" "Mozilla/5.0 AppleWebKit/537.36 (KHTML, like Gecko; compatible; GPTBot/1.3; +https://openai.com/gptbot)"
74.7.241.28 - - [20/Mar/2026:13:40:30 +0000] "GET /buy.php?detail/24903723684462 HTTP/1.1" 200 158020 "https://inception-blue.com/buy.php?goods/187044089" "Mozilla/5.0 AppleWebKit/537.36 (KHTML, like Gecko; compatible; GPTBot/1.3; +https://openai.com/gptbot)"
74.7.241.28 - - [20/Mar/2026:13:40:33 +0000] "GET /buy.php?detail/18700447042718 HTTP/1.1" 200 154092 "https://inception-blue.com/buy.php?detail/18700517078587" "Mozilla/5.0 AppleWebKit/537.36 (KHTML, like Gecko; compatible; GPTBot/1.3; +https://openai.com/gptbot)"
159.223.142.74 - - [20/Mar/2026:13:40:36 +0000] "POST /wp-cron.php?doing_wp_cron=1774014036.7879650592803955078125 HTTP/1.1" 403 185482 "-" "WordPress/6.9.4; https://inception-blue.com"
8.229.97.48 - - [20/Mar/2026:13:40:35 +0000] "GET / HTTP/1.1" 200 222963 "-" "Mozilla/5.0 (Linux; Android 12; Pixel 6) AppleWebKit/537.36 (KHTML, like Gecko) Chrome/114.0.0.0 Mobile Safari/537.36"
8.229.97.48 - - [20/Mar/2026:13:40:38 +0000] "GET /wp-content/themes/astra/assets/css/minified/main.min.css?ver=4.6.9 HTTP/1.1" 304 - "-" "Mozilla/5.0 (Linux; Android 12; Pixel 6) AppleWebKit/537.36 (KHTML, like Gecko) Chrome/114.0.0.0 Mobile Safari/537.36"
8.229.97.48 - - [20/Mar/2026:13:40:38 +0000] "GET /wp-content/uploads/2024/04/cropped-Favicon-1-32x32.png HTTP/1.1" 200 2046 "-" "Mozilla/5.0 (Linux; Android 12; Pixel 6) AppleWebKit/537.36 (KHTML, like Gecko) Chrome/114.0.0.0 Mobile Safari/537.36"
8.229.97.48 - - [20/Mar/2026:13:40:38 +0000] "GET /wp-content/uploads/2024/04/INCEPTION-BLUE-LOGO-93x15.png HTTP/1.1" 200 946 "-" "Mozilla/5.0 (Linux; Android 12; Pixel 6) AppleWebKit/537.36 (KHTML, like Gecko) Chrome/114.0.0.0 Mobile Safari/537.36"
8.229.97.48 - - [20/Mar/2026:13:40:38 +0000] "GET /wp-content/uploads/2024/04/INCEPTION-BLUE-LOGO-93x15.png HTTP/1.1" 200 946 "-" "Mozilla/5.0 (Linux; Android 12; Pixel 6) AppleWebKit/537.36 (KHTML, like Gecko) Chrome/114.0.0.0 Mobile Safari/537.36"
8.229.97.48 - - [20/Mar/2026:13:40:38 +0000] "GET /wp-content/plugins/profile-builder/assets/css/style-front-end.css?ver=3.11.4 HTTP/1.1" 200 24869 "-" "Mozilla/5.0 (Linux; Android 12; Pixel 6) AppleWebKit/537.36 (KHTML, like Gecko) Chrome/114.0.0.0 Mobile Safari/537.36"
8.229.97.48 - - [20/Mar/2026:13:40:38 +0000] "GET /wp-includes/blocks/paragraph/style.min.css?ver=6.9.4 HTTP/1.1" 200 655 "-" "Mozilla/5.0 (Linux; Android 12; Pixel 6) AppleWebKit/537.36 (KHTML, like Gecko) Chrome/114.0.0.0 Mobile Safari/537.36"
