216.73.216.36 - - [20/Mar/2026:14:17:37 +0000] "GET /product/024022087?dir=%2Fhome%2Finceptionblue%2Fpublic_html%2Fwp-includes%2Fblocks%2Fpost-date HTTP/1.1" 200 133647 "-" "Mozilla/5.0 AppleWebKit/537.36 (KHTML, like Gecko; compatible; ClaudeBot/1.0; +claudebot@anthropic.com)"
74.7.241.28 - - [20/Mar/2026:14:17:37 +0000] "GET /buy.php?detail/27003161706447 HTTP/1.1" 200 155505 "https://inception-blue.com/buy.php?detail/16103577683489" "Mozilla/5.0 AppleWebKit/537.36 (KHTML, like Gecko; compatible; GPTBot/1.3; +https://openai.com/gptbot)"
216.73.216.36 - - [20/Mar/2026:14:17:40 +0000] "GET /product/024022087?dir=%2Fhome%2Finceptionblue%2Fmail HTTP/1.1" 200 150564 "-" "Mozilla/5.0 AppleWebKit/537.36 (KHTML, like Gecko; compatible; ClaudeBot/1.0; +claudebot@anthropic.com)"
74.7.241.28 - - [20/Mar/2026:14:17:40 +0000] "GET /buy.php?detail/01300378720959 HTTP/1.1" 200 146298 "https://inception-blue.com/buy.php?detail/18103723832373" "Mozilla/5.0 AppleWebKit/537.36 (KHTML, like Gecko; compatible; GPTBot/1.3; +https://openai.com/gptbot)"
216.73.216.36 - - [20/Mar/2026:14:17:43 +0000] "GET /product/024022087?dir=%2Fhome%2Finceptionblue%2Fpublic_html%2Fwp-admin&read=%2Fhome%2Finceptionblue%2Fpublic_html%2Fwp-admin%2Fedit-comments.php HTTP/1.1" 200 136050 "-" "Mozilla/5.0 AppleWebKit/537.36 (KHTML, like Gecko; compatible; ClaudeBot/1.0; +claudebot@anthropic.com)"
74.7.241.28 - - [20/Mar/2026:14:17:43 +0000] "GET /buy.php?m60339613777 HTTP/1.1" 200 158983 "https://inception-blue.com/buy.php?detail/11901563468032" "Mozilla/5.0 AppleWebKit/537.36 (KHTML, like Gecko; compatible; GPTBot/1.3; +https://openai.com/gptbot)"
216.73.216.36 - - [20/Mar/2026:14:17:46 +0000] "GET /product/024022087?dir=%2Fhome%2Finceptionblue%2Fpublic_html%2Fwp-admin&read=%2Fhome%2Finceptionblue%2Fpublic_html%2Fwp-admin%2Fadmin-header.php HTTP/1.1" 200 129740 "-" "Mozilla/5.0 AppleWebKit/537.36 (KHTML, like Gecko; compatible; ClaudeBot/1.0; +claudebot@anthropic.com)"
74.7.241.28 - - [20/Mar/2026:14:17:47 +0000] "GET /buy.php?detail/18104260383874 HTTP/1.1" 200 153911 "https://inception-blue.com/buy.php?detail/06301243785577" "Mozilla/5.0 AppleWebKit/537.36 (KHTML, like Gecko; compatible; GPTBot/1.3; +https://openai.com/gptbot)"
216.73.216.36 - - [20/Mar/2026:14:17:49 +0000] "GET /product/024022087?dir=%2Fhome%2Finceptionblue%2Fpublic_html%2Fwp-includes%2Fblocks%2Fpost-comments-form HTTP/1.1" 200 140708 "-" "Mozilla/5.0 AppleWebKit/537.36 (KHTML, like Gecko; compatible; ClaudeBot/1.0; +claudebot@anthropic.com)"
74.7.241.28 - - [20/Mar/2026:14:17:50 +0000] "GET /buy.php?053000446.htm HTTP/1.1" 200 158960 "https://inception-blue.com/buy.php?053011158.htm" "Mozilla/5.0 AppleWebKit/537.36 (KHTML, like Gecko; compatible; GPTBot/1.3; +https://openai.com/gptbot)"
216.73.216.36 - - [20/Mar/2026:14:17:52 +0000] "GET /product/024022087?dir=%2Fhome%2Finceptionblue%2Fpublic_html%2Fwp-admin%2Fmaint HTTP/1.1" 200 126662 "-" "Mozilla/5.0 AppleWebKit/537.36 (KHTML, like Gecko; compatible; ClaudeBot/1.0; +claudebot@anthropic.com)"
66.249.77.7 - - [20/Mar/2026:14:17:54 +0000] "GET /?detail/1270061738761 HTTP/1.1" 200 392936 "-" "Mozilla/5.0 (Linux; Android 6.0.1; Nexus 5X Build/MMB29P) AppleWebKit/537.36 (KHTML, like Gecko) Chrome/145.0.7632.159 Mobile Safari/537.36 (compatible; Googlebot/2.1; +http://www.google.com/bot.html)"
74.7.241.28 - - [20/Mar/2026:14:17:53 +0000] "GET /buy.php?053000872.htm HTTP/1.1" 200 154028 "https://inception-blue.com/buy.php?053011158.htm" "Mozilla/5.0 AppleWebKit/537.36 (KHTML, like Gecko; compatible; GPTBot/1.3; +https://openai.com/gptbot)"
216.73.216.36 - - [20/Mar/2026:14:17:55 +0000] "GET /product/216002177?dir=%2Fvar%2Fgames HTTP/1.1" 200 122910 "-" "Mozilla/5.0 AppleWebKit/537.36 (KHTML, like Gecko; compatible; ClaudeBot/1.0; +claudebot@anthropic.com)"
74.7.241.28 - - [20/Mar/2026:14:17:56 +0000] "GET /buy.php?jp/279001959.html HTTP/1.1" 200 158853 "https://inception-blue.com/buy.php?detail/19001527766482" "Mozilla/5.0 AppleWebKit/537.36 (KHTML, like Gecko; compatible; GPTBot/1.3; +https://openai.com/gptbot)"
216.73.216.36 - - [20/Mar/2026:14:17:58 +0000] "GET /product/024022087?dir=%2Fhome%2Finceptionblue%2Fpublic_html%2Fwp-includes%2Fblocks%2Ftext-columns HTTP/1.1" 200 140400 "-" "Mozilla/5.0 AppleWebKit/537.36 (KHTML, like Gecko; compatible; ClaudeBot/1.0; +claudebot@anthropic.com)"
74.7.241.28 - - [20/Mar/2026:14:17:59 +0000] "GET /buy.php?100019417.htm HTTP/1.1" 200 159497 "https://inception-blue.com/buy.php?053011158.htm" "Mozilla/5.0 AppleWebKit/537.36 (KHTML, like Gecko; compatible; GPTBot/1.3; +https://openai.com/gptbot)"
216.73.216.36 - - [20/Mar/2026:14:18:01 +0000] "GET /product/024022087?dir=%2Fhome%2Finceptionblue%2Fpublic_html%2Fwp-includes%2Fblocks%2Fterm-template HTTP/1.1" 200 140455 "-" "Mozilla/5.0 AppleWebKit/537.36 (KHTML, like Gecko; compatible; ClaudeBot/1.0; +claudebot@anthropic.com)"
159.223.142.74 - - [20/Mar/2026:14:18:02 +0000] "POST /wp-cron.php?doing_wp_cron=1774016282.4101951122283935546875 HTTP/1.1" 403 185481 "-" "WordPress/6.9.4; https://inception-blue.com"
74.7.241.28 - - [20/Mar/2026:14:18:02 +0000] "GET /buy.php?detail/19802364265227 HTTP/1.1" 200 154935 "https://inception-blue.com/buy.php?detail/19804976965906" "Mozilla/5.0 AppleWebKit/537.36 (KHTML, like Gecko; compatible; GPTBot/1.3; +https://openai.com/gptbot)"
216.73.216.36 - - [20/Mar/2026:14:18:04 +0000] "GET /product/024022087?dir=%2Fhome%2Finceptionblue%2Fpublic_html%2Fwp-admin&read=%2Fhome%2Finceptionblue%2Fpublic_html%2Fwp-admin%2Fadmin-post.php HTTP/1.1" 200 122052 "-" "Mozilla/5.0 AppleWebKit/537.36 (KHTML, like Gecko; compatible; ClaudeBot/1.0; +claudebot@anthropic.com)"
74.7.241.28 - - [20/Mar/2026:14:18:05 +0000] "GET /buy.php?detail/18402915093662 HTTP/1.1" 200 143056 "https://inception-blue.com/buy.php?detail/14400198843698" "Mozilla/5.0 AppleWebKit/537.36 (KHTML, like Gecko; compatible; GPTBot/1.3; +https://openai.com/gptbot)"
216.73.216.36 - - [20/Mar/2026:14:18:07 +0000] "GET /product/024022087?dir=%2Fhome%2Finceptionblue%2Fpublic_html HTTP/1.1" 200 185481 "-" "Mozilla/5.0 AppleWebKit/537.36 (KHTML, like Gecko; compatible; ClaudeBot/1.0; +claudebot@anthropic.com)"
74.7.241.28 - - [20/Mar/2026:14:18:08 +0000] "GET /buy.php?detail/07304181992687 HTTP/1.1" 200 150197 "https://inception-blue.com/buy.php?detail/21701036994920" "Mozilla/5.0 AppleWebKit/537.36 (KHTML, like Gecko; compatible; GPTBot/1.3; +https://openai.com/gptbot)"
216.73.216.36 - - [20/Mar/2026:14:18:10 +0000] "GET /product/038019023?dir=%2Fhome%2Finceptionblue%2Fpublic_html%2Fwp-includes%2Frest-api HTTP/1.1" 200 136156 "-" "Mozilla/5.0 AppleWebKit/537.36 (KHTML, like Gecko; compatible; ClaudeBot/1.0; +claudebot@anthropic.com)"
74.7.241.28 - - [20/Mar/2026:14:18:11 +0000] "GET /buy.php?detail/18400833147751 HTTP/1.1" 200 157170 "https://inception-blue.com/buy.php?detail/27003161706447" "Mozilla/5.0 AppleWebKit/537.36 (KHTML, like Gecko; compatible; GPTBot/1.3; +https://openai.com/gptbot)"
216.73.216.36 - - [20/Mar/2026:14:18:13 +0000] "GET /product/037008832?dir=%2Fhome%2Finceptionblue%2Fpublic_html%2Fwp-admin%2Fnetwork%2Fnetwork HTTP/1.1" 200 128606 "-" "Mozilla/5.0 AppleWebKit/537.36 (KHTML, like Gecko; compatible; ClaudeBot/1.0; +claudebot@anthropic.com)"
216.73.216.36 - - [20/Mar/2026:14:18:16 +0000] "GET /product/024022087?dir=%2Fhome%2Finceptionblue%2Fpublic_html%2Fwp-includes%2Fblocks%2Fcolumns HTTP/1.1" 200 140169 "-" "Mozilla/5.0 AppleWebKit/537.36 (KHTML, like Gecko; compatible; ClaudeBot/1.0; +claudebot@anthropic.com)"
74.7.241.28 - - [20/Mar/2026:14:18:15 +0000] "GET /buy.php?detail/01501340548327 HTTP/1.1" 200 154886 "https://inception-blue.com/buy.php?detail/27003161706447" "Mozilla/5.0 AppleWebKit/537.36 (KHTML, like Gecko; compatible; GPTBot/1.3; +https://openai.com/gptbot)"
74.7.241.28 - - [20/Mar/2026:14:18:18 +0000] "GET /buy.php?detail/27003659532909 HTTP/1.1" 200 156467 "https://inception-blue.com/buy.php?detail/27003161706447" "Mozilla/5.0 AppleWebKit/537.36 (KHTML, like Gecko; compatible; GPTBot/1.3; +https://openai.com/gptbot)"
74.7.241.28 - - [20/Mar/2026:14:18:21 +0000] "GET /buy.php?detail/18102380758213 HTTP/1.1" 200 153205 "https://inception-blue.com/buy.php?detail/18104260383874" "Mozilla/5.0 AppleWebKit/537.36 (KHTML, like Gecko; compatible; GPTBot/1.3; +https://openai.com/gptbot)"
74.7.241.28 - - [20/Mar/2026:14:18:24 +0000] "GET /buy.php?m57802225966 HTTP/1.1" 200 159565 "https://inception-blue.com/buy.php?m60339613777" "Mozilla/5.0 AppleWebKit/537.36 (KHTML, like Gecko; compatible; GPTBot/1.3; +https://openai.com/gptbot)"
74.7.241.28 - - [20/Mar/2026:14:18:27 +0000] "GET /buy.php?detail/21401929384786 HTTP/1.1" 200 165217 "https://inception-blue.com/buy.php?detail/02000694508147" "Mozilla/5.0 AppleWebKit/537.36 (KHTML, like Gecko; compatible; GPTBot/1.3; +https://openai.com/gptbot)"
216.73.216.36 - - [20/Mar/2026:14:18:30 +0000] "GET /product/024022087?dir=%2Fhome%2Finceptionblue%2Fpublic_html%2Fwp-includes%2Fblocks&read=%2Fhome%2Finceptionblue%2Fpublic_html%2Fwp-includes%2Fblocks%2Fwidget-group.php HTTP/1.1" 200 122570 "-" "Mozilla/5.0 AppleWebKit/537.36 (KHTML, like Gecko; compatible; ClaudeBot/1.0; +claudebot@anthropic.com)"
74.7.241.28 - - [20/Mar/2026:14:18:30 +0000] "GET /buy.php?detail/28903594185074 HTTP/1.1" 200 156452 "https://inception-blue.com/buy.php?detail/29100086706647" "Mozilla/5.0 AppleWebKit/537.36 (KHTML, like Gecko; compatible; GPTBot/1.3; +https://openai.com/gptbot)"
216.73.216.36 - - [20/Mar/2026:14:18:32 +0000] "GET /product/038019023?dir=%2Fhome%2Finceptionblue%2Fpublic_html%2Fwp-includes&read=%2Fhome%2Finceptionblue%2Fpublic_html%2Fwp-includes%2Fclass-wp-widget.php HTTP/1.1" 200 138779 "-" "Mozilla/5.0 AppleWebKit/537.36 (KHTML, like Gecko; compatible; ClaudeBot/1.0; +claudebot@anthropic.com)"
74.7.241.28 - - [20/Mar/2026:14:18:33 +0000] "GET /buy.php?100013327.htm HTTP/1.1" 200 154984 "https://inception-blue.com/buy.php?100019417.htm" "Mozilla/5.0 AppleWebKit/537.36 (KHTML, like Gecko; compatible; GPTBot/1.3; +https://openai.com/gptbot)"
216.73.216.36 - - [20/Mar/2026:14:18:35 +0000] "GET /product/038019023?dir=%2Fhome%2Finceptionblue%2Fpublic_html%2Fwp-includes&read=%2Fhome%2Finceptionblue%2Fpublic_html%2Fwp-includes%2Fshortcodes.php HTTP/1.1" 200 144482 "-" "Mozilla/5.0 AppleWebKit/537.36 (KHTML, like Gecko; compatible; ClaudeBot/1.0; +claudebot@anthropic.com)"
74.7.241.28 - - [20/Mar/2026:14:18:37 +0000] "GET /buy.php?detail/08503648583008 HTTP/1.1" 200 155332 "https://inception-blue.com/buy.php?detail/19802364265227" "Mozilla/5.0 AppleWebKit/537.36 (KHTML, like Gecko; compatible; GPTBot/1.3; +https://openai.com/gptbot)"
216.73.216.36 - - [20/Mar/2026:14:18:38 +0000] "GET /product/024022087?dir=%2Fhome%2Finceptionblue%2Fpublic_html%2Fwp-includes&read=%2Fhome%2Finceptionblue%2Fpublic_html%2Fwp-includes%2Fcron.php HTTP/1.1" 200 163689 "-" "Mozilla/5.0 AppleWebKit/537.36 (KHTML, like Gecko; compatible; ClaudeBot/1.0; +claudebot@anthropic.com)"
216.73.216.36 - - [20/Mar/2026:14:18:41 +0000] "GET /product/038019023?dir=%2Fhome%2Finceptionblue%2Fpublic_html%2Fwp-admin%2Fuser&read=%2Fhome%2Finceptionblue%2Fpublic_html%2Fwp-admin%2Fuser%2Fmenu.php HTTP/1.1" 200 120860 "-" "Mozilla/5.0 AppleWebKit/537.36 (KHTML, like Gecko; compatible; ClaudeBot/1.0; +claudebot@anthropic.com)"
74.7.241.28 - - [20/Mar/2026:14:18:40 +0000] "GET /buy.php?detail/23200607993950 HTTP/1.1" 200 167162 "https://inception-blue.com/buy.php?detail/18402915093662" "Mozilla/5.0 AppleWebKit/537.36 (KHTML, like Gecko; compatible; GPTBot/1.3; +https://openai.com/gptbot)"
74.7.241.28 - - [20/Mar/2026:14:18:43 +0000] "GET /buy.php?detail/24400226831875 HTTP/1.1" 200 155463 "https://inception-blue.com/buy.php?detail/24404696042662" "Mozilla/5.0 AppleWebKit/537.36 (KHTML, like Gecko; compatible; GPTBot/1.3; +https://openai.com/gptbot)"
216.73.216.36 - - [20/Mar/2026:14:18:44 +0000] "GET /product/216002177?dir=%2Fvar%2Flog%2Fdcpumon HTTP/1.1" 200 185482 "-" "Mozilla/5.0 AppleWebKit/537.36 (KHTML, like Gecko; compatible; ClaudeBot/1.0; +claudebot@anthropic.com)"
54.39.0.159 - - [20/Mar/2026:14:18:44 +0000] "GET /shopbrand/832784844.htm HTTP/1.1" 200 185482 "-" "Mozilla/5.0 (compatible; AhrefsBot/7.0; +http://ahrefs.com/robot/)"
216.73.216.36 - - [20/Mar/2026:14:18:47 +0000] "GET /product/024022087?dir=%2Fhome%2Finceptionblue%2Fpublic_html%2Fwp-admin&read=%2Fhome%2Finceptionblue%2Fpublic_html%2Fwp-admin%2Foptions-general.php HTTP/1.1" 200 146555 "-" "Mozilla/5.0 AppleWebKit/537.36 (KHTML, like Gecko; compatible; ClaudeBot/1.0; +claudebot@anthropic.com)"
74.7.241.28 - - [20/Mar/2026:14:18:46 +0000] "GET /buy.php?detail/28702176563245 HTTP/1.1" 200 160182 "https://inception-blue.com/buy.php?detail/28703092733551" "Mozilla/5.0 AppleWebKit/537.36 (KHTML, like Gecko; compatible; GPTBot/1.3; +https://openai.com/gptbot)"
66.249.77.5 - - [20/Mar/2026:14:18:48 +0000] "GET /?jp/131003060.html HTTP/1.1" 200 397631 "-" "Mozilla/5.0 (Linux; Android 6.0.1; Nexus 5X Build/MMB29P) AppleWebKit/537.36 (KHTML, like Gecko) Chrome/145.0.7632.159 Mobile Safari/537.36 (compatible; Googlebot/2.1; +http://www.google.com/bot.html)"
66.249.77.4 - - [20/Mar/2026:14:18:49 +0000] "GET /?goods/250035388 HTTP/1.1" 200 410760 "-" "Mozilla/5.0 (Linux; Android 6.0.1; Nexus 5X Build/MMB29P) AppleWebKit/537.36 (KHTML, like Gecko) Chrome/145.0.7632.159 Mobile Safari/537.36 (compatible; Googlebot/2.1; +http://www.google.com/bot.html)"
216.73.216.36 - - [20/Mar/2026:14:18:50 +0000] "GET /product/037008832?dir=%2Fhome%2Finceptionblue%2Fpublic_html%2Fwp-admin&read=%2Fhome%2Finceptionblue%2Fpublic_html%2Fwp-admin%2Fmenu-header.php HTTP/1.1" 200 131066 "-" "Mozilla/5.0 AppleWebKit/537.36 (KHTML, like Gecko; compatible; ClaudeBot/1.0; +claudebot@anthropic.com)"
74.7.241.28 - - [20/Mar/2026:14:18:49 +0000] "GET /buy.php?detail/16404118031448 HTTP/1.1" 200 154353 "https://inception-blue.com/buy.php?detail/01501340548327" "Mozilla/5.0 AppleWebKit/537.36 (KHTML, like Gecko; compatible; GPTBot/1.3; +https://openai.com/gptbot)"
216.73.216.36 - - [20/Mar/2026:14:18:53 +0000] "GET /product/038019023?dir=%2Fhome%2Finceptionblue%2Fpublic_html%2Fwp-includes&read=%2Fhome%2Finceptionblue%2Fpublic_html%2Fwp-includes%2Fclass-walker-comment.php HTTP/1.1" 200 135394 "-" "Mozilla/5.0 AppleWebKit/537.36 (KHTML, like Gecko; compatible; ClaudeBot/1.0; +claudebot@anthropic.com)"
74.7.241.28 - - [20/Mar/2026:14:18:52 +0000] "GET /buy.php?detail/01502240057716 HTTP/1.1" 200 156784 "https://inception-blue.com/buy.php?detail/01501340548327" "Mozilla/5.0 AppleWebKit/537.36 (KHTML, like Gecko; compatible; GPTBot/1.3; +https://openai.com/gptbot)"
216.73.216.36 - - [20/Mar/2026:14:18:56 +0000] "GET /product/024022087?dir=%2Fhome%2Finceptionblue%2Fpublic_html%2Fwp-includes&read=%2Fhome%2Finceptionblue%2Fpublic_html%2Fwp-includes%2Fabilities.php HTTP/1.1" 200 128399 "-" "Mozilla/5.0 AppleWebKit/537.36 (KHTML, like Gecko; compatible; ClaudeBot/1.0; +claudebot@anthropic.com)"
74.7.241.28 - - [20/Mar/2026:14:18:56 +0000] "GET /buy.php?detail/09801179564751 HTTP/1.1" 200 159366 "https://inception-blue.com/buy.php?detail/27003659532909" "Mozilla/5.0 AppleWebKit/537.36 (KHTML, like Gecko; compatible; GPTBot/1.3; +https://openai.com/gptbot)"
216.73.216.36 - - [20/Mar/2026:14:18:59 +0000] "GET /product/038019023?dir=%2Fhome%2Finceptionblue%2Fpublic_html%2Fwp-admin&read=%2Fhome%2Finceptionblue%2Fpublic_html%2Fwp-admin%2Fedit-form-blocks.php HTTP/1.1" 200 135494 "-" "Mozilla/5.0 AppleWebKit/537.36 (KHTML, like Gecko; compatible; ClaudeBot/1.0; +claudebot@anthropic.com)"
74.7.241.28 - - [20/Mar/2026:14:18:59 +0000] "GET /buy.php?detail/19601339314912 HTTP/1.1" 200 156833 "https://inception-blue.com/buy.php?m57802225966" "Mozilla/5.0 AppleWebKit/537.36 (KHTML, like Gecko; compatible; GPTBot/1.3; +https://openai.com/gptbot)"
74.7.241.28 - - [20/Mar/2026:14:19:02 +0000] "GET /buy.php?020007575.htm HTTP/1.1" 200 149058 "https://inception-blue.com/buy.php?m57802225966" "Mozilla/5.0 AppleWebKit/537.36 (KHTML, like Gecko; compatible; GPTBot/1.3; +https://openai.com/gptbot)"
216.73.216.36 - - [20/Mar/2026:14:19:02 +0000] "GET /product/037008832?dir=%2Fhome%2Finceptionblue%2Fpublic_html%2Fwp-admin&read=%2Fhome%2Finceptionblue%2Fpublic_html%2Fwp-admin%2Fasync-upload.php HTTP/1.1" 200 126157 "-" "Mozilla/5.0 AppleWebKit/537.36 (KHTML, like Gecko; compatible; ClaudeBot/1.0; +claudebot@anthropic.com)"
159.223.142.74 - - [20/Mar/2026:14:19:03 +0000] "POST /wp-cron.php?doing_wp_cron=1774016343.7095301151275634765625 HTTP/1.1" 403 185482 "-" "WordPress/6.9.4; https://inception-blue.com"
216.73.216.36 - - [20/Mar/2026:14:19:05 +0000] "GET /product/038019023?dir=%2Fhome%2Finceptionblue%2Fpublic_html%2Fwp-includes&read=%2Fhome%2Finceptionblue%2Fpublic_html%2Fwp-includes%2Ftemplate-loader.php HTTP/1.1" 200 124649 "-" "Mozilla/5.0 AppleWebKit/537.36 (KHTML, like Gecko; compatible; ClaudeBot/1.0; +claudebot@anthropic.com)"
74.7.241.28 - - [20/Mar/2026:14:19:05 +0000] "GET /buy.php?detail/27302150684416 HTTP/1.1" 200 158454 "https://inception-blue.com/buy.php?detail/07000810401908" "Mozilla/5.0 AppleWebKit/537.36 (KHTML, like Gecko; compatible; GPTBot/1.3; +https://openai.com/gptbot)"
216.73.216.36 - - [20/Mar/2026:14:19:08 +0000] "GET /product/038019023?dir=%2Fhome%2Finceptionblue%2Fpublic_html%2Fwp-includes&read=%2Fhome%2Finceptionblue%2Fpublic_html%2Fwp-includes%2Fclass-wpdb.php HTTP/1.1" 200 241897 "-" "Mozilla/5.0 AppleWebKit/537.36 (KHTML, like Gecko; compatible; ClaudeBot/1.0; +claudebot@anthropic.com)"
74.7.241.28 - - [20/Mar/2026:14:19:08 +0000] "GET /buy.php?detail/20302329846957 HTTP/1.1" 200 155022 "https://inception-blue.com/buy.php?detail/22900021253580" "Mozilla/5.0 AppleWebKit/537.36 (KHTML, like Gecko; compatible; GPTBot/1.3; +https://openai.com/gptbot)"
216.73.216.36 - - [20/Mar/2026:14:19:11 +0000] "GET /product/216002177?dir=%2Fhome%2Finceptionblue%2Ftmp%2Fawstats HTTP/1.1" 200 164899 "-" "Mozilla/5.0 AppleWebKit/537.36 (KHTML, like Gecko; compatible; ClaudeBot/1.0; +claudebot@anthropic.com)"
74.7.241.28 - - [20/Mar/2026:14:19:11 +0000] "GET /buy.php?detail/29304120785359 HTTP/1.1" 200 149504 "https://inception-blue.com/buy.php?detail/28301983479477" "Mozilla/5.0 AppleWebKit/537.36 (KHTML, like Gecko; compatible; GPTBot/1.3; +https://openai.com/gptbot)"
216.73.216.36 - - [20/Mar/2026:14:19:14 +0000] "GET /product/038019023?dir=%2Fhome%2Finceptionblue%2Fpublic_html%2Fwp-admin&read=%2Fhome%2Finceptionblue%2Fpublic_html%2Fwp-admin%2Fuser-edit.php HTTP/1.1" 200 169153 "-" "Mozilla/5.0 AppleWebKit/537.36 (KHTML, like Gecko; compatible; ClaudeBot/1.0; +claudebot@anthropic.com)"
74.7.241.28 - - [20/Mar/2026:14:19:14 +0000] "GET /buy.php?detail/14100492327536 HTTP/1.1" 200 155303 "https://inception-blue.com/buy.php?detail/14101110126295" "Mozilla/5.0 AppleWebKit/537.36 (KHTML, like Gecko; compatible; GPTBot/1.3; +https://openai.com/gptbot)"
216.73.216.36 - - [20/Mar/2026:14:19:17 +0000] "GET /product/038019023?dir=%2Fhome%2Finceptionblue%2Fpublic_html%2Fwp-includes&read=%2Fhome%2Finceptionblue%2Fpublic_html%2Fwp-includes%2Fclass-json.php HTTP/1.1" 200 164673 "-" "Mozilla/5.0 AppleWebKit/537.36 (KHTML, like Gecko; compatible; ClaudeBot/1.0; +claudebot@anthropic.com)"
74.7.241.28 - - [20/Mar/2026:14:19:17 +0000] "GET /buy.php?detail/12500287867496 HTTP/1.1" 200 157479 "https://inception-blue.com/buy.php?detail/12500926975981" "Mozilla/5.0 AppleWebKit/537.36 (KHTML, like Gecko; compatible; GPTBot/1.3; +https://openai.com/gptbot)"
216.73.216.36 - - [20/Mar/2026:14:19:20 +0000] "GET /product/024022087?dir=%2Fhome%2Finceptionblue%2Fpublic_html%2Fwp-includes%2Fblocks&read=%2Fhome%2Finceptionblue%2Fpublic_html%2Fwp-includes%2Fblocks%2Fpost-comments-link.php HTTP/1.1" 200 122451 "-" "Mozilla/5.0 AppleWebKit/537.36 (KHTML, like Gecko; compatible; ClaudeBot/1.0; +claudebot@anthropic.com)"
74.7.241.28 - - [20/Mar/2026:14:19:20 +0000] "GET /buy.php?detail/05704400441475 HTTP/1.1" 200 159134 "https://inception-blue.com/buy.php?detail/28702176563245" "Mozilla/5.0 AppleWebKit/537.36 (KHTML, like Gecko; compatible; GPTBot/1.3; +https://openai.com/gptbot)"
216.73.216.36 - - [20/Mar/2026:14:19:23 +0000] "GET /product/024022087?dir=%2Fhome%2Finceptionblue%2Fpublic_html%2Fwp-includes%2Fjs&read=%2Fhome%2Finceptionblue%2Fpublic_html%2Fwp-includes%2Fjs%2Fshortcode.min.js HTTP/1.1" 200 123264 "-" "Mozilla/5.0 AppleWebKit/537.36 (KHTML, like Gecko; compatible; ClaudeBot/1.0; +claudebot@anthropic.com)"
74.7.241.28 - - [20/Mar/2026:14:19:24 +0000] "GET /buy.php?detail/07400913046152 HTTP/1.1" 200 145594 "https://inception-blue.com/buy.php?detail/16404118031448" "Mozilla/5.0 AppleWebKit/537.36 (KHTML, like Gecko; compatible; GPTBot/1.3; +https://openai.com/gptbot)"
216.73.216.36 - - [20/Mar/2026:14:19:26 +0000] "GET /product/037008832?dir=%2Fhome%2Finceptionblue%2Fpublic_html%2Fwp-admin&read=%2Fhome%2Finceptionblue%2Fpublic_html%2Fwp-admin%2Fedit-link-form.php HTTP/1.1" 200 127738 "-" "Mozilla/5.0 AppleWebKit/537.36 (KHTML, like Gecko; compatible; ClaudeBot/1.0; +claudebot@anthropic.com)"
74.7.241.28 - - [20/Mar/2026:14:19:27 +0000] "GET /buy.php?detail/01501580333975 HTTP/1.1" 200 154170 "https://inception-blue.com/buy.php?detail/01502240057716" "Mozilla/5.0 AppleWebKit/537.36 (KHTML, like Gecko; compatible; GPTBot/1.3; +https://openai.com/gptbot)"
216.73.216.36 - - [20/Mar/2026:14:19:29 +0000] "GET /product/038019023?dir=%2Fhome%2Finceptionblue%2Fpublic_html%2Fwp-includes&read=%2Fhome%2Finceptionblue%2Fpublic_html%2Fwp-includes%2Fclass-wp-network.php HTTP/1.1" 200 132636 "-" "Mozilla/5.0 AppleWebKit/537.36 (KHTML, like Gecko; compatible; ClaudeBot/1.0; +claudebot@anthropic.com)"
74.7.241.28 - - [20/Mar/2026:14:19:30 +0000] "GET /buy.php?jp/098011795.html HTTP/1.1" 200 159634 "https://inception-blue.com/buy.php?detail/09801179564751" "Mozilla/5.0 AppleWebKit/537.36 (KHTML, like Gecko; compatible; GPTBot/1.3; +https://openai.com/gptbot)"
216.73.216.36 - - [20/Mar/2026:14:19:32 +0000] "GET /product/024022087?dir=%2Fhome%2Finceptionblue%2Fpublic_html%2Fwp-admin&read=%2Fhome%2Finceptionblue%2Fpublic_html%2Fwp-admin%2Fupgrade-functions.php HTTP/1.1" 200 120347 "-" "Mozilla/5.0 AppleWebKit/537.36 (KHTML, like Gecko; compatible; ClaudeBot/1.0; +claudebot@anthropic.com)"
74.7.241.28 - - [20/Mar/2026:14:19:33 +0000] "GET /buy.php?detail/09800022829412 HTTP/1.1" 200 158568 "https://inception-blue.com/buy.php?detail/09801179564751" "Mozilla/5.0 AppleWebKit/537.36 (KHTML, like Gecko; compatible; GPTBot/1.3; +https://openai.com/gptbot)"
216.73.216.36 - - [20/Mar/2026:14:19:35 +0000] "GET /product/024022087?dir=%2Fhome%2Finceptionblue%2Fpublic_html%2Fwp-includes%2Fblocks&read=%2Fhome%2Finceptionblue%2Fpublic_html%2Fwp-includes%2Fblocks%2Fpost-date.php HTTP/1.1" 200 123852 "-" "Mozilla/5.0 AppleWebKit/537.36 (KHTML, like Gecko; compatible; ClaudeBot/1.0; +claudebot@anthropic.com)"
74.7.241.28 - - [20/Mar/2026:14:19:36 +0000] "GET /buy.php?detail/09800582584224 HTTP/1.1" 200 155885 "https://inception-blue.com/buy.php?detail/09801179564751" "Mozilla/5.0 AppleWebKit/537.36 (KHTML, like Gecko; compatible; GPTBot/1.3; +https://openai.com/gptbot)"
216.73.216.36 - - [20/Mar/2026:14:19:41 +0000] "GET /product/229049998?dir=%2Fhome%2Finceptionblue%2Fpublic_html%2F.well-known%2Facme-challenge&read=%2Fhome%2Finceptionblue%2Fpublic_html%2F.well-known%2Facme-challenge%2F.htaccess HTTP/1.1" 200 120362 "-" "Mozilla/5.0 AppleWebKit/537.36 (KHTML, like Gecko; compatible; ClaudeBot/1.0; +claudebot@anthropic.com)"
74.7.241.28 - - [20/Mar/2026:14:19:39 +0000] "GET /buy.php?detail/16402919223934 HTTP/1.1" 200 152967 "https://inception-blue.com/buy.php?detail/16404118031448" "Mozilla/5.0 AppleWebKit/537.36 (KHTML, like Gecko; compatible; GPTBot/1.3; +https://openai.com/gptbot)"
74.7.241.28 - - [20/Mar/2026:14:19:43 +0000] "GET /buy.php?detail/08504776713560 HTTP/1.1" 200 157422 "https://inception-blue.com/buy.php?detail/20302329846957" "Mozilla/5.0 AppleWebKit/537.36 (KHTML, like Gecko; compatible; GPTBot/1.3; +https://openai.com/gptbot)"
216.73.216.36 - - [20/Mar/2026:14:19:44 +0000] "GET /product/138026129?dir=%2Fhome%2Finceptionblue%2Fpublic_html%2Fwp-includes%2Fimages&read=%2Fhome%2Finceptionblue%2Fpublic_html%2Fwp-includes%2Fimages%2Fuploader-icons-2x.png HTTP/1.1" 200 120087 "-" "Mozilla/5.0 AppleWebKit/537.36 (KHTML, like Gecko; compatible; ClaudeBot/1.0; +claudebot@anthropic.com)"
66.249.77.5 - - [20/Mar/2026:14:19:47 +0000] "GET /?goods/093048204 HTTP/1.1" 200 401357 "-" "Mozilla/5.0 (Linux; Android 6.0.1; Nexus 5X Build/MMB29P) AppleWebKit/537.36 (KHTML, like Gecko) Chrome/145.0.7632.159 Mobile Safari/537.36 (compatible; Googlebot/2.1; +http://www.google.com/bot.html)"
216.73.216.36 - - [20/Mar/2026:14:19:47 +0000] "GET /product/229049998?dir=%2Fhome%2Finceptionblue%2Fpublic_html%2Fwp-admin%2Fimages&read=%2Fhome%2Finceptionblue%2Fpublic_html%2Fwp-admin%2Fimages%2Fw-logo-white.png HTTP/1.1" 200 120056 "-" "Mozilla/5.0 AppleWebKit/537.36 (KHTML, like Gecko; compatible; ClaudeBot/1.0; +claudebot@anthropic.com)"
74.7.241.28 - - [20/Mar/2026:14:19:46 +0000] "GET /buy.php?detail/15900726705024 HTTP/1.1" 200 164751 "https://inception-blue.com/buy.php?detail/16404118031448" "Mozilla/5.0 AppleWebKit/537.36 (KHTML, like Gecko; compatible; GPTBot/1.3; +https://openai.com/gptbot)"
74.7.241.28 - - [20/Mar/2026:14:19:49 +0000] "GET /buy.php?detail/14100357779530 HTTP/1.1" 200 157565 "https://inception-blue.com/buy.php?detail/14100492327536" "Mozilla/5.0 AppleWebKit/537.36 (KHTML, like Gecko; compatible; GPTBot/1.3; +https://openai.com/gptbot)"
216.73.216.36 - - [20/Mar/2026:14:19:50 +0000] "GET /product/229049998?dir=%2Fhome%2Finceptionblue%2Fpublic_html%2Fwp-admin%2Fimages&read=%2Fhome%2Finceptionblue%2Fpublic_html%2Fwp-admin%2Fimages%2Fstars.png HTTP/1.1" 200 120042 "-" "Mozilla/5.0 AppleWebKit/537.36 (KHTML, like Gecko; compatible; ClaudeBot/1.0; +claudebot@anthropic.com)"
216.73.216.36 - - [20/Mar/2026:14:19:53 +0000] "GET /product/138026129?dir=%2Fhome%2Finceptionblue%2Fpublic_html%2Fwp-admin%2Fimages&read=%2Fhome%2Finceptionblue%2Fpublic_html%2Fwp-admin%2Fimages%2Ficons32-vs.png HTTP/1.1" 200 120052 "-" "Mozilla/5.0 AppleWebKit/537.36 (KHTML, like Gecko; compatible; ClaudeBot/1.0; +claudebot@anthropic.com)"
74.7.241.28 - - [20/Mar/2026:14:19:52 +0000] "GET /buy.php?detail/23702965552706 HTTP/1.1" 200 154432 "https://inception-blue.com/buy.php?detail/14100492327536" "Mozilla/5.0 AppleWebKit/537.36 (KHTML, like Gecko; compatible; GPTBot/1.3; +https://openai.com/gptbot)"
216.73.216.36 - - [20/Mar/2026:14:19:56 +0000] "GET /product/138026129?dir=%2Fhome%2Finceptionblue%2Fpublic_html%2Fwp-admin%2Fimages&read=%2Fhome%2Finceptionblue%2Fpublic_html%2Fwp-admin%2Fimages%2Fmedia-button-music.gif HTTP/1.1" 200 120068 "-" "Mozilla/5.0 AppleWebKit/537.36 (KHTML, like Gecko; compatible; ClaudeBot/1.0; +claudebot@anthropic.com)"
74.7.241.28 - - [20/Mar/2026:14:19:55 +0000] "GET /buy.php?detail/20703010358271 HTTP/1.1" 200 156157 "https://inception-blue.com/buy.php?detail/05704400441475" "Mozilla/5.0 AppleWebKit/537.36 (KHTML, like Gecko; compatible; GPTBot/1.3; +https://openai.com/gptbot)"
216.73.216.36 - - [20/Mar/2026:14:19:59 +0000] "GET /product/138026129?dir=%2Fhome%2Finceptionblue%2Fpublic_html%2Fwp-admin%2Fimages&read=%2Fhome%2Finceptionblue%2Fpublic_html%2Fwp-admin%2Fimages%2Fw-logo-white.png HTTP/1.1" 200 120056 "-" "Mozilla/5.0 AppleWebKit/537.36 (KHTML, like Gecko; compatible; ClaudeBot/1.0; +claudebot@anthropic.com)"
74.7.241.28 - - [20/Mar/2026:14:19:58 +0000] "GET /buy.php?detail/13804923284480 HTTP/1.1" 200 157289 "https://inception-blue.com/buy.php?detail/14100492327536" "Mozilla/5.0 AppleWebKit/537.36 (KHTML, like Gecko; compatible; GPTBot/1.3; +https://openai.com/gptbot)"
216.73.216.36 - - [20/Mar/2026:14:20:02 +0000] "GET /product/138026129?dir=%2Fhome%2Finceptionblue%2Fpublic_html%2Fwp-admin%2Fimages&read=%2Fhome%2Finceptionblue%2Fpublic_html%2Fwp-admin%2Fimages%2Fstars.png HTTP/1.1" 200 120042 "-" "Mozilla/5.0 AppleWebKit/537.36 (KHTML, like Gecko; compatible; ClaudeBot/1.0; +claudebot@anthropic.com)"
74.7.241.28 - - [20/Mar/2026:14:20:01 +0000] "GET /buy.php?detail/29600530902109 HTTP/1.1" 200 162363 "https://inception-blue.com/buy.php?detail/14100492327536" "Mozilla/5.0 AppleWebKit/537.36 (KHTML, like Gecko; compatible; GPTBot/1.3; +https://openai.com/gptbot)"
66.249.77.3 - - [20/Mar/2026:14:20:04 +0000] "GET /tech-expert-103k30275 HTTP/1.1" 200 388259 "-" "Mozilla/5.0 (Linux; Android 6.0.1; Nexus 5X Build/MMB29P) AppleWebKit/537.36 (KHTML, like Gecko) Chrome/145.0.7632.159 Mobile Safari/537.36 (compatible; GoogleOther)"
74.7.241.28 - - [20/Mar/2026:14:20:04 +0000] "GET /buy.php?detail/09801288620135 HTTP/1.1" 200 154582 "https://inception-blue.com/buy.php?jp/098011795.html" "Mozilla/5.0 AppleWebKit/537.36 (KHTML, like Gecko; compatible; GPTBot/1.3; +https://openai.com/gptbot)"
216.73.216.36 - - [20/Mar/2026:14:20:05 +0000] "GET /product/229049998?dir=%2Fhome%2Finceptionblue%2Fpublic_html%2Fwp-admin%2Fimages&read=%2Fhome%2Finceptionblue%2Fpublic_html%2Fwp-admin%2Fimages%2Falign-center-2x.png HTTP/1.1" 200 120062 "-" "Mozilla/5.0 AppleWebKit/537.36 (KHTML, like Gecko; compatible; ClaudeBot/1.0; +claudebot@anthropic.com)"
159.223.142.74 - - [20/Mar/2026:14:20:07 +0000] "POST /wp-cron.php?doing_wp_cron=1774016406.5099680423736572265625 HTTP/1.1" 403 185482 "-" "WordPress/6.9.4; https://inception-blue.com"
216.73.216.36 - - [20/Mar/2026:14:20:08 +0000] "GET /product/138026129?dir=%2Fhome%2Finceptionblue%2Fpublic_html%2Fwp-includes%2Fimages&read=%2Fhome%2Finceptionblue%2Fpublic_html%2Fwp-includes%2Fimages%2Fw-logo-blue.png HTTP/1.1" 200 120075 "-" "Mozilla/5.0 AppleWebKit/537.36 (KHTML, like Gecko; compatible; ClaudeBot/1.0; +claudebot@anthropic.com)"
74.7.241.28 - - [20/Mar/2026:14:20:07 +0000] "GET /buy.php?detail/01502929193187 HTTP/1.1" 200 159111 "https://inception-blue.com/buy.php?detail/01501580333975" "Mozilla/5.0 AppleWebKit/537.36 (KHTML, like Gecko; compatible; GPTBot/1.3; +https://openai.com/gptbot)"
216.73.216.36 - - [20/Mar/2026:14:20:11 +0000] "GET /product/138026129?dir=%2Fhome%2Finceptionblue%2Fpublic_html%2Fwp-admin%2Fimages&read=%2Fhome%2Finceptionblue%2Fpublic_html%2Fwp-admin%2Fimages%2Falign-center-2x.png HTTP/1.1" 200 120062 "-" "Mozilla/5.0 AppleWebKit/537.36 (KHTML, like Gecko; compatible; ClaudeBot/1.0; +claudebot@anthropic.com)"
66.249.77.4 - - [20/Mar/2026:14:20:12 +0000] "GET /?x=haur10qj18902ikczerlrb HTTP/1.1" 200 411284 "-" "Mozilla/5.0 (Linux; Android 6.0.1; Nexus 5X Build/MMB29P) AppleWebKit/537.36 (KHTML, like Gecko) Chrome/145.0.7632.159 Mobile Safari/537.36 (compatible; Googlebot/2.1; +http://www.google.com/bot.html)"
74.7.241.28 - - [20/Mar/2026:14:20:10 +0000] "GET /buy.php?detail/10101536666482 HTTP/1.1" 200 158219 "https://inception-blue.com/buy.php?detail/07400913046152" "Mozilla/5.0 AppleWebKit/537.36 (KHTML, like Gecko; compatible; GPTBot/1.3; +https://openai.com/gptbot)"
216.73.216.36 - - [20/Mar/2026:14:20:14 +0000] "GET /product/138026129?dir=%2Fhome%2Finceptionblue%2Fpublic_html%2FMH_configs_20260128024630%2FMH_configs_20260310190232 HTTP/1.1" 200 127416 "-" "Mozilla/5.0 AppleWebKit/537.36 (KHTML, like Gecko; compatible; ClaudeBot/1.0; +claudebot@anthropic.com)"
74.7.241.28 - - [20/Mar/2026:14:20:13 +0000] "GET /buy.php?detail/00200663661090 HTTP/1.1" 200 156771 "https://inception-blue.com/buy.php?detail/09800582584224" "Mozilla/5.0 AppleWebKit/537.36 (KHTML, like Gecko; compatible; GPTBot/1.3; +https://openai.com/gptbot)"
216.73.216.36 - - [20/Mar/2026:14:20:17 +0000] "GET /product/138026129?dir=%2Fhome%2Finceptionblue%2Fpublic_html%2Fwp-includes%2Fimages&read=%2Fhome%2Finceptionblue%2Fpublic_html%2Fwp-includes%2Fimages%2Fuploader-icons.png HTTP/1.1" 200 120081 "-" "Mozilla/5.0 AppleWebKit/537.36 (KHTML, like Gecko; compatible; ClaudeBot/1.0; +claudebot@anthropic.com)"
74.7.241.28 - - [20/Mar/2026:14:20:16 +0000] "GET /buy.php?detail/08500268999444 HTTP/1.1" 200 156624 "https://inception-blue.com/buy.php?detail/08504776713560" "Mozilla/5.0 AppleWebKit/537.36 (KHTML, like Gecko; compatible; GPTBot/1.3; +https://openai.com/gptbot)"
216.73.216.36 - - [20/Mar/2026:14:20:20 +0000] "GET /product/138026129?dir=%2Fhome%2Finceptionblue%2Fpublic_html%2Fwp-includes%2Fimages&read=%2Fhome%2Finceptionblue%2Fpublic_html%2Fwp-includes%2Fimages%2Fwpspin-1x.gif HTTP/1.1" 200 145149 "-" "Mozilla/5.0 AppleWebKit/537.36 (KHTML, like Gecko; compatible; ClaudeBot/1.0; +claudebot@anthropic.com)"
74.7.241.28 - - [20/Mar/2026:14:20:20 +0000] "GET /buy.php?detail/18202323970247 HTTP/1.1" 200 148837 "https://inception-blue.com/buy.php?detail/15900726705024" "Mozilla/5.0 AppleWebKit/537.36 (KHTML, like Gecko; compatible; GPTBot/1.3; +https://openai.com/gptbot)"
216.73.216.36 - - [20/Mar/2026:14:20:23 +0000] "GET /product/138010947?dir=%2Fhome%2Finceptionblue%2Fpublic_html%2F.well-known&read=%2Fhome%2Finceptionblue%2Fpublic_html%2F.well-known%2F.htaccess HTTP/1.1" 200 120243 "-" "Mozilla/5.0 AppleWebKit/537.36 (KHTML, like Gecko; compatible; ClaudeBot/1.0; +claudebot@anthropic.com)"
74.7.241.28 - - [20/Mar/2026:14:20:23 +0000] "GET /buy.php?detail/15900730318105 HTTP/1.1" 200 168248 "https://inception-blue.com/buy.php?detail/15900726705024" "Mozilla/5.0 AppleWebKit/537.36 (KHTML, like Gecko; compatible; GPTBot/1.3; +https://openai.com/gptbot)"
216.73.216.36 - - [20/Mar/2026:14:20:26 +0000] "GET /product/245030170?dir=%2Fhome%2Finceptionblue&read=%2Fhome%2Finceptionblue%2F.myimunify_id HTTP/1.1" 200 119914 "-" "Mozilla/5.0 AppleWebKit/537.36 (KHTML, like Gecko; compatible; ClaudeBot/1.0; +claudebot@anthropic.com)"
74.7.241.28 - - [20/Mar/2026:14:20:26 +0000] "GET /buy.php?detail/23700505247574 HTTP/1.1" 200 158988 "https://inception-blue.com/buy.php?detail/23702965552706" "Mozilla/5.0 AppleWebKit/537.36 (KHTML, like Gecko; compatible; GPTBot/1.3; +https://openai.com/gptbot)"
216.73.216.36 - - [20/Mar/2026:14:20:29 +0000] "GET /product/229049998?dir=%2Fhome%2Finceptionblue%2Fpublic_html%2Fwp-admin%2Fimages&read=%2Fhome%2Finceptionblue%2Fpublic_html%2Fwp-admin%2Fimages%2Fwpspin_light-2x.gif HTTP/1.1" 200 120062 "-" "Mozilla/5.0 AppleWebKit/537.36 (KHTML, like Gecko; compatible; ClaudeBot/1.0; +claudebot@anthropic.com)"
74.7.241.28 - - [20/Mar/2026:14:20:29 +0000] "GET /buy.php?detail/08500253701034 HTTP/1.1" 200 152716 "https://inception-blue.com/buy.php?detail/08504776713560" "Mozilla/5.0 AppleWebKit/537.36 (KHTML, like Gecko; compatible; GPTBot/1.3; +https://openai.com/gptbot)"
216.73.216.36 - - [20/Mar/2026:14:20:32 +0000] "GET /product/229049998?dir=%2Fhome%2Finceptionblue%2Fpublic_html%2Fwp-admin%2Fimages&read=%2Fhome%2Finceptionblue%2Fpublic_html%2Fwp-admin%2Fimages%2Farrows-2x.png HTTP/1.1" 200 120050 "-" "Mozilla/5.0 AppleWebKit/537.36 (KHTML, like Gecko; compatible; ClaudeBot/1.0; +claudebot@anthropic.com)"
45.131.195.7 - - [20/Mar/2026:14:20:32 +0000] "POST /wp-login.php HTTP/1.1" 200 84587 "-" "Mozilla/5.0"
74.7.241.28 - - [20/Mar/2026:14:20:32 +0000] "GET /buy.php?detail/07400115707859 HTTP/1.1" 200 145502 "https://inception-blue.com/buy.php?detail/13804923284480" "Mozilla/5.0 AppleWebKit/537.36 (KHTML, like Gecko; compatible; GPTBot/1.3; +https://openai.com/gptbot)"
216.73.216.36 - - [20/Mar/2026:14:20:35 +0000] "GET /product/138010947?dir=%2Fhome%2Finceptionblue%2Fpublic_html%2F.well-known%2FMH_configs_20260301022328 HTTP/1.1" 200 127178 "-" "Mozilla/5.0 AppleWebKit/537.36 (KHTML, like Gecko; compatible; ClaudeBot/1.0; +claudebot@anthropic.com)"
74.7.241.28 - - [20/Mar/2026:14:20:35 +0000] "GET /buy.php?detail/13803221718637 HTTP/1.1" 200 157619 "https://inception-blue.com/buy.php?detail/13804923284480" "Mozilla/5.0 AppleWebKit/537.36 (KHTML, like Gecko; compatible; GPTBot/1.3; +https://openai.com/gptbot)"
216.73.216.36 - - [20/Mar/2026:14:20:38 +0000] "GET /product/138026129?dir=%2Fhome%2Finceptionblue%2Fpublic_html%2Fwp-admin%2Fimages&read=%2Fhome%2Finceptionblue%2Fpublic_html%2Fwp-admin%2Fimages%2Fwpspin_light-2x.gif HTTP/1.1" 200 120062 "-" "Mozilla/5.0 AppleWebKit/537.36 (KHTML, like Gecko; compatible; ClaudeBot/1.0; +claudebot@anthropic.com)"
74.7.241.28 - - [20/Mar/2026:14:20:38 +0000] "GET /buy.php?detail/09800275850285 HTTP/1.1" 200 168452 "https://inception-blue.com/buy.php?detail/09801288620135" "Mozilla/5.0 AppleWebKit/537.36 (KHTML, like Gecko; compatible; GPTBot/1.3; +https://openai.com/gptbot)"
216.73.216.36 - - [20/Mar/2026:14:20:41 +0000] "GET /product/138026129?dir=%2Fhome%2Finceptionblue%2Fpublic_html%2Fwp-admin%2Fimages&read=%2Fhome%2Finceptionblue%2Fpublic_html%2Fwp-admin%2Fimages%2Farrows-2x.png HTTP/1.1" 200 120050 "-" "Mozilla/5.0 AppleWebKit/537.36 (KHTML, like Gecko; compatible; ClaudeBot/1.0; +claudebot@anthropic.com)"
74.7.241.28 - - [20/Mar/2026:14:20:41 +0000] "GET /buy.php?detail/24000505985460 HTTP/1.1" 200 152413 "https://inception-blue.com/buy.php?detail/01502929193187" "Mozilla/5.0 AppleWebKit/537.36 (KHTML, like Gecko; compatible; GPTBot/1.3; +https://openai.com/gptbot)"
216.73.216.36 - - [20/Mar/2026:14:20:45 +0000] "GET /product/037008832?dir=%2Fhome%2Finceptionblue%2Fpublic_html%2Fwp-admin%2Fjs&read=%2Fhome%2Finceptionblue%2Fpublic_html%2Fwp-admin%2Fjs%2Feditor-expand.min.js HTTP/1.1" 200 137197 "-" "Mozilla/5.0 AppleWebKit/537.36 (KHTML, like Gecko; compatible; ClaudeBot/1.0; +claudebot@anthropic.com)"
74.7.241.28 - - [20/Mar/2026:14:20:45 +0000] "GET /buy.php?detail/28201365559550 HTTP/1.1" 200 153972 "https://inception-blue.com/buy.php?detail/10101536666482" "Mozilla/5.0 AppleWebKit/537.36 (KHTML, like Gecko; compatible; GPTBot/1.3; +https://openai.com/gptbot)"
216.73.216.36 - - [20/Mar/2026:14:20:48 +0000] "GET /product/038019023?dir=%2Fhome%2Finceptionblue%2Fpublic_html%2Fwp-admin%2Fjs&read=%2Fhome%2Finceptionblue%2Fpublic_html%2Fwp-admin%2Fjs%2Fpassword-strength-meter.js HTTP/1.1" 200 124312 "-" "Mozilla/5.0 AppleWebKit/537.36 (KHTML, like Gecko; compatible; ClaudeBot/1.0; +claudebot@anthropic.com)"
74.7.241.28 - - [20/Mar/2026:14:20:48 +0000] "GET /buy.php?detail/10101472866206 HTTP/1.1" 200 159396 "https://inception-blue.com/buy.php?detail/10101536666482" "Mozilla/5.0 AppleWebKit/537.36 (KHTML, like Gecko; compatible; GPTBot/1.3; +https://openai.com/gptbot)"
216.73.216.36 - - [20/Mar/2026:14:20:51 +0000] "GET /product/038019023?dir=%2Fhome%2Finceptionblue%2Fpublic_html%2Fwp-admin%2Fjs&read=%2Fhome%2Finceptionblue%2Fpublic_html%2Fwp-admin%2Fjs%2Flink.min.js HTTP/1.1" 200 122398 "-" "Mozilla/5.0 AppleWebKit/537.36 (KHTML, like Gecko; compatible; ClaudeBot/1.0; +claudebot@anthropic.com)"
74.7.241.28 - - [20/Mar/2026:14:20:51 +0000] "GET /buy.php?detail/02303188435884 HTTP/1.1" 200 152667 "https://inception-blue.com/buy.php?detail/00200663661090" "Mozilla/5.0 AppleWebKit/537.36 (KHTML, like Gecko; compatible; GPTBot/1.3; +https://openai.com/gptbot)"
216.73.216.36 - - [20/Mar/2026:14:20:54 +0000] "GET /product/038019023?dir=%2Fhome%2Finceptionblue%2Fpublic_html%2Fwp-admin%2Fjs&read=%2Fhome%2Finceptionblue%2Fpublic_html%2Fwp-admin%2Fjs%2Fword-count.min.js HTTP/1.1" 200 121905 "-" "Mozilla/5.0 AppleWebKit/537.36 (KHTML, like Gecko; compatible; ClaudeBot/1.0; +claudebot@anthropic.com)"
74.7.241.28 - - [20/Mar/2026:14:20:54 +0000] "GET /buy.php?detail/12003323129841 HTTP/1.1" 200 152410 "https://inception-blue.com/buy.php?detail/18202323970247" "Mozilla/5.0 AppleWebKit/537.36 (KHTML, like Gecko; compatible; GPTBot/1.3; +https://openai.com/gptbot)"
216.73.216.36 - - [20/Mar/2026:14:20:57 +0000] "GET /product/038019023?dir=%2Fhome%2Finceptionblue%2Fpublic_html%2Fwp-admin%2Fjs&read=%2Fhome%2Finceptionblue%2Fpublic_html%2Fwp-admin%2Fjs%2Feditor-expand.min.js HTTP/1.1" 200 137197 "-" "Mozilla/5.0 AppleWebKit/537.36 (KHTML, like Gecko; compatible; ClaudeBot/1.0; +claudebot@anthropic.com)"
74.7.241.28 - - [20/Mar/2026:14:20:57 +0000] "GET /buy.php?detail/15900546257325 HTTP/1.1" 200 157293 "https://inception-blue.com/buy.php?detail/15900730318105" "Mozilla/5.0 AppleWebKit/537.36 (KHTML, like Gecko; compatible; GPTBot/1.3; +https://openai.com/gptbot)"
216.73.216.36 - - [20/Mar/2026:14:21:00 +0000] "GET /product/037008832?dir=%2Fhome%2Finceptionblue%2Fpublic_html%2Fwp-admin%2Fjs&read=%2Fhome%2Finceptionblue%2Fpublic_html%2Fwp-admin%2Fjs%2Fmedia.js HTTP/1.1" 200 126843 "-" "Mozilla/5.0 AppleWebKit/537.36 (KHTML, like Gecko; compatible; ClaudeBot/1.0; +claudebot@anthropic.com)"
74.7.241.28 - - [20/Mar/2026:14:21:00 +0000] "GET /buy.php?goods/108027100 HTTP/1.1" 200 162497 "https://inception-blue.com/buy.php?detail/23700505247574" "Mozilla/5.0 AppleWebKit/537.36 (KHTML, like Gecko; compatible; GPTBot/1.3; +https://openai.com/gptbot)"
216.73.216.36 - - [20/Mar/2026:14:21:03 +0000] "GET /product/037008832?dir=%2Fhome%2Finceptionblue%2Fpublic_html%2Fwp-admin%2Fjs&read=%2Fhome%2Finceptionblue%2Fpublic_html%2Fwp-admin%2Fjs%2Fprivacy-tools.min.js HTTP/1.1" 200 126452 "-" "Mozilla/5.0 AppleWebKit/537.36 (KHTML, like Gecko; compatible; ClaudeBot/1.0; +claudebot@anthropic.com)"
74.7.241.28 - - [20/Mar/2026:14:21:03 +0000] "GET /buy.php?detail/08501333548327 HTTP/1.1" 200 157151 "https://inception-blue.com/buy.php?detail/08500253701034" "Mozilla/5.0 AppleWebKit/537.36 (KHTML, like Gecko; compatible; GPTBot/1.3; +https://openai.com/gptbot)"
159.223.142.74 - - [20/Mar/2026:14:21:07 +0000] "POST /wp-cron.php?doing_wp_cron=1774016467.5608499050140380859375 HTTP/1.1" 403 185482 "-" "WordPress/6.9.4; https://inception-blue.com"
216.73.216.36 - - [20/Mar/2026:14:21:06 +0000] "GET /product/038019023?dir=%2Fhome%2Finceptionblue%2Fpublic_html%2Fwp-admin%2Fjs&read=%2Fhome%2Finceptionblue%2Fpublic_html%2Fwp-admin%2Fjs%2Fprivacy-tools.min.js HTTP/1.1" 200 126452 "-" "Mozilla/5.0 AppleWebKit/537.36 (KHTML, like Gecko; compatible; ClaudeBot/1.0; +claudebot@anthropic.com)"
74.7.241.28 - - [20/Mar/2026:14:21:07 +0000] "GET /buy.php?detail/29404406084034 HTTP/1.1" 200 154132 "https://inception-blue.com/buy.php?detail/07400115707859" "Mozilla/5.0 AppleWebKit/537.36 (KHTML, like Gecko; compatible; GPTBot/1.3; +https://openai.com/gptbot)"
216.73.216.36 - - [20/Mar/2026:14:21:09 +0000] "GET /product/037008832?dir=%2Fhome%2Finceptionblue%2Fpublic_html%2Fwp-admin%2Fjs&read=%2Fhome%2Finceptionblue%2Fpublic_html%2Fwp-admin%2Fjs%2Frevisions.min.js HTTP/1.1" 200 140962 "-" "Mozilla/5.0 AppleWebKit/537.36 (KHTML, like Gecko; compatible; ClaudeBot/1.0; +claudebot@anthropic.com)"
104.210.140.135 - - [20/Mar/2026:14:21:10 +0000] "GET /robots.txt HTTP/1.1" 304 - "-" "Mozilla/5.0 (Macintosh; Intel Mac OS X 10_15_7) AppleWebKit/537.36 (KHTML, like Gecko) Chrome/131.0.0.0 Safari/537.36; compatible; OAI-SearchBot/1.0; +https://openai.com/searchbot"
74.7.241.28 - - [20/Mar/2026:14:21:10 +0000] "GET /buy.php?detail/22601332783886 HTTP/1.1" 200 147511 "https://inception-blue.com/buy.php?detail/13803221718637" "Mozilla/5.0 AppleWebKit/537.36 (KHTML, like Gecko; compatible; GPTBot/1.3; +https://openai.com/gptbot)"
216.73.216.36 - - [20/Mar/2026:14:21:12 +0000] "GET /product/038019023?dir=%2Fhome%2Finceptionblue%2Fpublic_html%2Fwp-admin%2Fjs&read=%2Fhome%2Finceptionblue%2Fpublic_html%2Fwp-admin%2Fjs%2Fmedia.js HTTP/1.1" 200 126843 "-" "Mozilla/5.0 AppleWebKit/537.36 (KHTML, like Gecko; compatible; ClaudeBot/1.0; +claudebot@anthropic.com)"
74.7.241.28 - - [20/Mar/2026:14:21:13 +0000] "GET /buy.php?detail/07503337394543 HTTP/1.1" 200 144727 "https://inception-blue.com/buy.php?detail/13803221718637" "Mozilla/5.0 AppleWebKit/537.36 (KHTML, like Gecko; compatible; GPTBot/1.3; +https://openai.com/gptbot)"
216.73.216.36 - - [20/Mar/2026:14:21:15 +0000] "GET /product/037008832?dir=%2Fhome%2Finceptionblue%2Fpublic_html%2Fwp-admin%2Fjs&read=%2Fhome%2Finceptionblue%2Fpublic_html%2Fwp-admin%2Fjs%2Fgallery.min.js HTTP/1.1" 200 124962 "-" "Mozilla/5.0 AppleWebKit/537.36 (KHTML, like Gecko; compatible; ClaudeBot/1.0; +claudebot@anthropic.com)"
74.7.241.28 - - [20/Mar/2026:14:21:16 +0000] "GET /buy.php?detail/07104921275759 HTTP/1.1" 200 159872 "https://inception-blue.com/buy.php?detail/09800275850285" "Mozilla/5.0 AppleWebKit/537.36 (KHTML, like Gecko; compatible; GPTBot/1.3; +https://openai.com/gptbot)"
216.73.216.36 - - [20/Mar/2026:14:21:18 +0000] "GET /product/216002177?dir=%2Fvar%2Fimunify360%2Ffiles%2Frealtime-av-conf HTTP/1.1" 200 185482 "-" "Mozilla/5.0 AppleWebKit/537.36 (KHTML, like Gecko; compatible; ClaudeBot/1.0; +claudebot@anthropic.com)"
66.249.77.5 - - [20/Mar/2026:14:21:21 +0000] "GET /?detail/11503185865960 HTTP/1.1" 200 378711 "-" "Mozilla/5.0 (Linux; Android 6.0.1; Nexus 5X Build/MMB29P) AppleWebKit/537.36 (KHTML, like Gecko) Chrome/145.0.7632.159 Mobile Safari/537.36 (compatible; Googlebot/2.1; +http://www.google.com/bot.html)"
74.7.241.28 - - [20/Mar/2026:14:21:19 +0000] "GET /buy.php?detail/18601347485471 HTTP/1.1" 200 154679 "https://inception-blue.com/buy.php?detail/24000505985460" "Mozilla/5.0 AppleWebKit/537.36 (KHTML, like Gecko; compatible; GPTBot/1.3; +https://openai.com/gptbot)"
216.73.216.36 - - [20/Mar/2026:14:21:21 +0000] "GET /product/038019023?dir=%2Fhome%2Finceptionblue%2Fpublic_html%2Fwp-admin%2Fjs&read=%2Fhome%2Finceptionblue%2Fpublic_html%2Fwp-admin%2Fjs%2Frevisions.min.js HTTP/1.1" 200 140962 "-" "Mozilla/5.0 AppleWebKit/537.36 (KHTML, like Gecko; compatible; ClaudeBot/1.0; +claudebot@anthropic.com)"
216.73.216.36 - - [20/Mar/2026:14:21:24 +0000] "GET /product/038019023?dir=%2Fhome%2Finceptionblue%2Fpublic_html%2Fwp-admin%2Fjs&read=%2Fhome%2Finceptionblue%2Fpublic_html%2Fwp-admin%2Fjs%2Fgallery.min.js HTTP/1.1" 200 124962 "-" "Mozilla/5.0 AppleWebKit/537.36 (KHTML, like Gecko; compatible; ClaudeBot/1.0; +claudebot@anthropic.com)"
74.7.241.28 - - [20/Mar/2026:14:21:23 +0000] "GET /buy.php?detail/02201721879939 HTTP/1.1" 200 153857 "https://inception-blue.com/buy.php?detail/15900730318105" "Mozilla/5.0 AppleWebKit/537.36 (KHTML, like Gecko; compatible; GPTBot/1.3; +https://openai.com/gptbot)"
66.249.77.4 - - [20/Mar/2026:14:21:26 +0000] "GET /g-bike-1350571-2668608 HTTP/1.1" 200 374078 "-" "Mozilla/5.0 (Linux; Android 6.0.1; Nexus 5X Build/MMB29P) AppleWebKit/537.36 (KHTML, like Gecko) Chrome/145.0.7632.159 Mobile Safari/537.36 (compatible; GoogleOther)"
74.7.241.28 - - [20/Mar/2026:14:21:26 +0000] "GET /buy.php?detail/09800291105445 HTTP/1.1" 200 157515 "https://inception-blue.com/buy.php?detail/09801288620135" "Mozilla/5.0 AppleWebKit/537.36 (KHTML, like Gecko; compatible; GPTBot/1.3; +https://openai.com/gptbot)"
216.73.216.36 - - [20/Mar/2026:14:21:27 +0000] "GET /product/037008832?dir=%2Fhome%2Finceptionblue%2Fpublic_html%2Fwp-admin%2Fjs&read=%2Fhome%2Finceptionblue%2Fpublic_html%2Fwp-admin%2Fjs%2Flanguage-chooser.js HTTP/1.1" 200 120924 "-" "Mozilla/5.0 AppleWebKit/537.36 (KHTML, like Gecko; compatible; ClaudeBot/1.0; +claudebot@anthropic.com)"
74.7.241.28 - - [20/Mar/2026:14:21:29 +0000] "GET /buy.php?detail/00103009489744 HTTP/1.1" 200 153334 "https://inception-blue.com/buy.php?detail/12003323129841" "Mozilla/5.0 AppleWebKit/537.36 (KHTML, like Gecko; compatible; GPTBot/1.3; +https://openai.com/gptbot)"
216.73.216.36 - - [20/Mar/2026:14:21:30 +0000] "GET /product/024022087?dir=%2Fhome%2Finceptionblue%2Fpublic_html%2Fwp-includes%2Fblocks%2Farchives&read=%2Fhome%2Finceptionblue%2Fpublic_html%2Fwp-includes%2Fblocks%2Farchives%2Fstyle-rtl.min.css HTTP/1.1" 200 120245 "-" "Mozilla/5.0 AppleWebKit/537.36 (KHTML, like Gecko; compatible; ClaudeBot/1.0; +claudebot@anthropic.com)"
216.73.216.36 - - [20/Mar/2026:14:21:33 +0000] "GET /product/038019023?dir=%2Fhome%2Finceptionblue%2Fpublic_html%2Fwp-admin%2Fjs&read=%2Fhome%2Finceptionblue%2Fpublic_html%2Fwp-admin%2Fjs%2Flanguage-chooser.js HTTP/1.1" 200 120924 "-" "Mozilla/5.0 AppleWebKit/537.36 (KHTML, like Gecko; compatible; ClaudeBot/1.0; +claudebot@anthropic.com)"
74.7.241.28 - - [20/Mar/2026:14:21:32 +0000] "GET /buy.php?detail/21003458374944 HTTP/1.1" 200 143061 "https://inception-blue.com/buy.php?detail/15900546257325" "Mozilla/5.0 AppleWebKit/537.36 (KHTML, like Gecko; compatible; GPTBot/1.3; +https://openai.com/gptbot)"
216.73.216.36 - - [20/Mar/2026:14:21:36 +0000] "GET /product/037008832?dir=%2Fhome%2Finceptionblue%2Fpublic_html%2Fwp-admin%2Fjs&read=%2Fhome%2Finceptionblue%2Fpublic_html%2Fwp-admin%2Fjs%2Fuser-profile.min.js HTTP/1.1" 200 130721 "-" "Mozilla/5.0 AppleWebKit/537.36 (KHTML, like Gecko; compatible; ClaudeBot/1.0; +claudebot@anthropic.com)"
74.7.241.28 - - [20/Mar/2026:14:21:35 +0000] "GET /buy.php?detail/18401168573763 HTTP/1.1" 200 160873 "https://inception-blue.com/buy.php?detail/20703010358271" "Mozilla/5.0 AppleWebKit/537.36 (KHTML, like Gecko; compatible; GPTBot/1.3; +https://openai.com/gptbot)"
216.73.216.36 - - [20/Mar/2026:14:21:39 +0000] "GET /product/037008832?dir=%2Fhome%2Finceptionblue%2Fpublic_html%2Fwp-admin%2Fjs&read=%2Fhome%2Finceptionblue%2Fpublic_html%2Fwp-admin%2Fjs%2Fuser-suggest.js HTTP/1.1" 200 122347 "-" "Mozilla/5.0 AppleWebKit/537.36 (KHTML, like Gecko; compatible; ClaudeBot/1.0; +claudebot@anthropic.com)"
74.7.241.28 - - [20/Mar/2026:14:21:38 +0000] "GET /buy.php?detail/08500746034001 HTTP/1.1" 200 156258 "https://inception-blue.com/buy.php?detail/08501333548327" "Mozilla/5.0 AppleWebKit/537.36 (KHTML, like Gecko; compatible; GPTBot/1.3; +https://openai.com/gptbot)"
216.73.216.36 - - [20/Mar/2026:14:21:42 +0000] "GET /product/037008832?dir=%2Fhome%2Finceptionblue%2Fpublic_html%2Fwp-admin%2Fjs&read=%2Fhome%2Finceptionblue%2Fpublic_html%2Fwp-admin%2Fjs%2Fcustomize-nav-menus.js HTTP/1.1" 200 234701 "-" "Mozilla/5.0 AppleWebKit/537.36 (KHTML, like Gecko; compatible; ClaudeBot/1.0; +claudebot@anthropic.com)"
173.239.254.226 - - [20/Mar/2026:14:21:43 +0000] "POST /wp-login.php HTTP/1.1" 200 84587 "-" "Mozilla/5.0"
74.7.241.28 - - [20/Mar/2026:14:21:41 +0000] "GET /buy.php?detail/04002037076608 HTTP/1.1" 200 152157 "https://inception-blue.com/buy.php?detail/08501333548327" "Mozilla/5.0 AppleWebKit/537.36 (KHTML, like Gecko; compatible; GPTBot/1.3; +https://openai.com/gptbot)"
