216.73.216.36 - - [20/Mar/2026:14:09:24 +0000] "GET /product/138026129?dir=%2Fhome%2Finceptionblue%2Fpublic_html%2Fwp-admin%2Fimages&read=%2Fhome%2Finceptionblue%2Fpublic_html%2Fwp-admin%2Fimages%2Fcomment-grey-bubble.png HTTP/1.1" 200 120070 "-" "Mozilla/5.0 AppleWebKit/537.36 (KHTML, like Gecko; compatible; ClaudeBot/1.0; +claudebot@anthropic.com)"
74.7.241.28 - - [20/Mar/2026:14:09:24 +0000] "GET /buy.php?detail/2040268613383 HTTP/1.1" 200 152320 "https://inception-blue.com/buy.php?detail/13702313129614" "Mozilla/5.0 AppleWebKit/537.36 (KHTML, like Gecko; compatible; GPTBot/1.3; +https://openai.com/gptbot)"
74.7.241.28 - - [20/Mar/2026:14:09:27 +0000] "GET /buy.php?detail/23602351930537 HTTP/1.1" 200 155764 "https://inception-blue.com/buy.php?detail/23600291448605" "Mozilla/5.0 AppleWebKit/537.36 (KHTML, like Gecko; compatible; GPTBot/1.3; +https://openai.com/gptbot)"
216.73.216.36 - - [20/Mar/2026:14:09:31 +0000] "GET /product/229049998?dir=%2Fhome%2Finceptionblue%2Fpublic_html%2Fwp-admin%2Fimages&read=%2Fhome%2Finceptionblue%2Fpublic_html%2Fwp-admin%2Fimages%2Fabout-release-logo.svg HTTP/1.1" 200 125081 "-" "Mozilla/5.0 AppleWebKit/537.36 (KHTML, like Gecko; compatible; ClaudeBot/1.0; +claudebot@anthropic.com)"
207.46.13.102 - - [20/Mar/2026:14:09:32 +0000] "GET /?products/26220297 HTTP/1.1" 200 405891 "-" "Mozilla/5.0 AppleWebKit/537.36 (KHTML, like Gecko; compatible; bingbot/2.0; +http://www.bing.com/bingbot.htm) Chrome/116.0.1938.76 Safari/537.36"
74.7.241.28 - - [20/Mar/2026:14:09:30 +0000] "GET /buy.php?detail/06701140677827 HTTP/1.1" 200 148723 "https://inception-blue.com/buy.php?detail/03601111541660" "Mozilla/5.0 AppleWebKit/537.36 (KHTML, like Gecko; compatible; GPTBot/1.3; +https://openai.com/gptbot)"
216.73.216.36 - - [20/Mar/2026:14:09:34 +0000] "GET /product/229049998?dir=%2Fhome%2Finceptionblue%2Fpublic_html%2Fwp-admin%2Fimages&read=%2Fhome%2Finceptionblue%2Fpublic_html%2Fwp-admin%2Fimages%2Fbubble_bg.gif HTTP/1.1" 200 120050 "-" "Mozilla/5.0 AppleWebKit/537.36 (KHTML, like Gecko; compatible; ClaudeBot/1.0; +claudebot@anthropic.com)"
74.7.241.28 - - [20/Mar/2026:14:09:34 +0000] "GET /buy.php?detail/21401520466338 HTTP/1.1" 200 159138 "https://inception-blue.com/buy.php?detail/03601122425014" "Mozilla/5.0 AppleWebKit/537.36 (KHTML, like Gecko; compatible; GPTBot/1.3; +https://openai.com/gptbot)"
216.73.216.36 - - [20/Mar/2026:14:09:37 +0000] "GET /product/229049998?dir=%2Fhome%2Finceptionblue%2Fpublic_html%2Fwp-admin%2Fimages&read=%2Fhome%2Finceptionblue%2Fpublic_html%2Fwp-admin%2Fimages%2Fmedia-button-image.gif HTTP/1.1" 200 120068 "-" "Mozilla/5.0 AppleWebKit/537.36 (KHTML, like Gecko; compatible; ClaudeBot/1.0; +claudebot@anthropic.com)"
74.7.241.28 - - [20/Mar/2026:14:09:37 +0000] "GET /buy.php?shopbrand/mountain/001000557.htm HTTP/1.1" 200 158360 "https://inception-blue.com/buy.php?shopbrand/analyze/001000557.htm" "Mozilla/5.0 AppleWebKit/537.36 (KHTML, like Gecko; compatible; GPTBot/1.3; +https://openai.com/gptbot)"
82.196.25.136 - - [20/Mar/2026:14:09:39 +0000] "GET /wp-login.php HTTP/1.1" 200 84587 "-" "Mozilla/5.0 (Macintosh; Intel Mac OS X 10_13_3) AppleWebKit/537.36 (KHTML, like Gecko) Chrome/65.0.3325.181 Safari/537.36"
162.241.120.138 - - [20/Mar/2026:14:09:40 +0000] "GET /wp-login.php HTTP/1.1" 200 84587 "-" "Mozilla/5.0 (Windows NT 6.1; Trident/7.0; EIE10;ENUSWOL; rv:11.0) like Gecko"
216.73.216.36 - - [20/Mar/2026:14:09:40 +0000] "GET /product/138026129?dir=%2Fhome%2Finceptionblue%2Fpublic_html%2Fwp-admin%2Fimages&read=%2Fhome%2Finceptionblue%2Fpublic_html%2Fwp-admin%2Fimages%2Fbubble_bg.gif HTTP/1.1" 200 120050 "-" "Mozilla/5.0 AppleWebKit/537.36 (KHTML, like Gecko; compatible; ClaudeBot/1.0; +claudebot@anthropic.com)"
82.196.25.136 - - [20/Mar/2026:14:09:40 +0000] "POST /wp-login.php HTTP/1.1" 200 84899 "https://inception-blue.com/wp-login.php" "Mozilla/5.0 (Macintosh; Intel Mac OS X 10_13_3) AppleWebKit/537.36 (KHTML, like Gecko) Chrome/65.0.3325.181 Safari/537.36"
162.241.120.138 - - [20/Mar/2026:14:09:40 +0000] "POST /wp-login.php HTTP/1.1" 200 84899 "https://inception-blue.com/wp-login.php" "Mozilla/5.0 (Windows NT 6.1; Trident/7.0; EIE10;ENUSWOL; rv:11.0) like Gecko"
74.7.241.28 - - [20/Mar/2026:14:09:40 +0000] "GET /buy.php?shopbrand/blend/001000423.htm HTTP/1.1" 200 169799 "https://inception-blue.com/buy.php?shopbrand/analyze/001000557.htm" "Mozilla/5.0 AppleWebKit/537.36 (KHTML, like Gecko; compatible; GPTBot/1.3; +https://openai.com/gptbot)"
216.73.216.36 - - [20/Mar/2026:14:09:43 +0000] "GET /product/229049998?dir=%2Fhome%2Finceptionblue%2Fpublic_html%2Fwp-admin%2Fimages&read=%2Fhome%2Finceptionblue%2Fpublic_html%2Fwp-admin%2Fimages%2Fspinner.gif HTTP/1.1" 200 120046 "-" "Mozilla/5.0 AppleWebKit/537.36 (KHTML, like Gecko; compatible; ClaudeBot/1.0; +claudebot@anthropic.com)"
74.7.241.28 - - [20/Mar/2026:14:09:43 +0000] "GET /buy.php?detail/03601383443306 HTTP/1.1" 200 157320 "https://inception-blue.com/buy.php?detail/03601122425014" "Mozilla/5.0 AppleWebKit/537.36 (KHTML, like Gecko; compatible; GPTBot/1.3; +https://openai.com/gptbot)"
74.7.241.28 - - [20/Mar/2026:14:09:46 +0000] "GET /buy.php?detail/02301295070990 HTTP/1.1" 200 153524 "https://inception-blue.com/buy.php?detail/02302246059640" "Mozilla/5.0 AppleWebKit/537.36 (KHTML, like Gecko; compatible; GPTBot/1.3; +https://openai.com/gptbot)"
216.73.216.36 - - [20/Mar/2026:14:09:49 +0000] "GET /product/229049998?dir=%2Fhome%2Finceptionblue%2Fpublic_html%2Fwp-admin%2Fimages&read=%2Fhome%2Finceptionblue%2Fpublic_html%2Fwp-admin%2Fimages%2Fmedia-button-music.gif HTTP/1.1" 200 120068 "-" "Mozilla/5.0 AppleWebKit/537.36 (KHTML, like Gecko; compatible; ClaudeBot/1.0; +claudebot@anthropic.com)"
74.7.241.28 - - [20/Mar/2026:14:09:49 +0000] "GET /buy.php?detail/05801590674549 HTTP/1.1" 200 156969 "https://inception-blue.com/buy.php?detail/23600291448605" "Mozilla/5.0 AppleWebKit/537.36 (KHTML, like Gecko; compatible; GPTBot/1.3; +https://openai.com/gptbot)"
216.73.216.36 - - [20/Mar/2026:14:09:52 +0000] "GET /product/138026129?dir=%2Fhome%2Finceptionblue%2Fpublic_html%2Fwp-content%2Fmaintenance%2Fassets%2Ffonts&read=%2Fhome%2Finceptionblue%2Fpublic_html%2Fwp-content%2Fmaintenance%2Fassets%2Ffonts%2Fopen-sans-300.woff2 HTTP/1.1" 200 120230 "-" "Mozilla/5.0 AppleWebKit/537.36 (KHTML, like Gecko; compatible; ClaudeBot/1.0; +claudebot@anthropic.com)"
74.7.241.28 - - [20/Mar/2026:14:09:52 +0000] "GET /buy.php?detail/06900121055455 HTTP/1.1" 200 161281 "https://inception-blue.com/buy.php?detail/03600160258482" "Mozilla/5.0 AppleWebKit/537.36 (KHTML, like Gecko; compatible; GPTBot/1.3; +https://openai.com/gptbot)"
216.73.216.36 - - [20/Mar/2026:14:09:55 +0000] "GET /product/138026129?dir=%2Fhome%2Finceptionblue%2Fpublic_html%2Fwp-content%2Fmaintenance%2Fassets%2Ffonts&read=%2Fhome%2Finceptionblue%2Fpublic_html%2Fwp-content%2Fmaintenance%2Fassets%2Ffonts%2Fopen-sans-regular.woff HTTP/1.1" 200 120236 "-" "Mozilla/5.0 AppleWebKit/537.36 (KHTML, like Gecko; compatible; ClaudeBot/1.0; +claudebot@anthropic.com)"
74.7.241.28 - - [20/Mar/2026:14:09:55 +0000] "GET /buy.php?009000400.htm HTTP/1.1" 200 149795 "https://inception-blue.com/buy.php?m95578884364" "Mozilla/5.0 AppleWebKit/537.36 (KHTML, like Gecko; compatible; GPTBot/1.3; +https://openai.com/gptbot)"
216.73.216.36 - - [20/Mar/2026:14:09:58 +0000] "GET /product/138026129?dir=%2Fhome%2Finceptionblue%2Fpublic_html%2Fwp-content%2Fmaintenance%2Fassets%2Ffonts&read=%2Fhome%2Finceptionblue%2Fpublic_html%2Fwp-content%2Fmaintenance%2Fassets%2Ffonts%2Fopen-sans-regular.woff2 HTTP/1.1" 200 120238 "-" "Mozilla/5.0 AppleWebKit/537.36 (KHTML, like Gecko; compatible; ClaudeBot/1.0; +claudebot@anthropic.com)"
44.212.106.171 - - [20/Mar/2026:14:09:58 +0000] "GET /lets-dive/?dir=/home/inceptionblue/public_html/wp-includes/rest-api/endpoints&read=/home/inceptionblue/public_html/wp-includes/rest-api/endpoints/class-wp-rest-menu-locations-controller.php HTTP/1.1" 200 168814 "-" "Mozilla/5.0 AppleWebKit/537.36 (KHTML, like Gecko; compatible; Amazonbot/0.1; +https://developer.amazon.com/support/amazonbot) Chrome/119.0.6045.214 Safari/537.36"
74.7.241.28 - - [20/Mar/2026:14:09:59 +0000] "GET /buy.php?detail/22203659776880 HTTP/1.1" 200 159314 "https://inception-blue.com/buy.php?detail/2040268613383" "Mozilla/5.0 AppleWebKit/537.36 (KHTML, like Gecko; compatible; GPTBot/1.3; +https://openai.com/gptbot)"
3.224.215.150 - - [20/Mar/2026:14:10:02 +0000] "GET /author/scott/?dir=/home/inceptionblue/public_html/wp-content/plugins/profile-builder/assets/css&read=/home/inceptionblue/public_html/wp-content/plugins/profile-builder/assets/css/placeholder-labels.css HTTP/1.1" 200 136148 "-" "Mozilla/5.0 AppleWebKit/537.36 (KHTML, like Gecko; compatible; Amazonbot/0.1; +https://developer.amazon.com/support/amazonbot) Chrome/119.0.6045.214 Safari/537.36"
66.249.77.9 - - [20/Mar/2026:14:10:04 +0000] "GET /robots.txt HTTP/1.1" 304 - "-" "Mozilla/5.0 (compatible; Googlebot/2.1; +http://www.google.com/bot.html)"
74.7.241.28 - - [20/Mar/2026:14:10:02 +0000] "GET /buy.php?detail/23604249142216 HTTP/1.1" 200 157787 "https://inception-blue.com/buy.php?detail/23602351930537" "Mozilla/5.0 AppleWebKit/537.36 (KHTML, like Gecko; compatible; GPTBot/1.3; +https://openai.com/gptbot)"
66.249.77.7 - - [20/Mar/2026:14:10:04 +0000] "GET /comparte-249079 HTTP/1.1" 200 394577 "-" "Mozilla/5.0 (Linux; Android 6.0.1; Nexus 5X Build/MMB29P) AppleWebKit/537.36 (KHTML, like Gecko) Chrome/145.0.7632.159 Mobile Safari/537.36 (compatible; GoogleOther)"
52.6.5.24 - - [20/Mar/2026:14:10:05 +0000] "GET /author/scott/?dir=/home/inceptionblue/public_html/wp-content/plugins/google-site-kit/includes/Core/REST_API HTTP/1.1" 200 144273 "-" "Mozilla/5.0 AppleWebKit/537.36 (KHTML, like Gecko; compatible; Amazonbot/0.1; +https://developer.amazon.com/support/amazonbot) Chrome/119.0.6045.214 Safari/537.36"
74.7.241.28 - - [20/Mar/2026:14:10:05 +0000] "GET /buy.php?detail/20700811574205 HTTP/1.1" 200 159970 "https://inception-blue.com/buy.php?detail/06701140677827" "Mozilla/5.0 AppleWebKit/537.36 (KHTML, like Gecko; compatible; GPTBot/1.3; +https://openai.com/gptbot)"
34.194.165.45 - - [20/Mar/2026:14:10:09 +0000] "GET /author/scott/?dir=/home/inceptionblue/public_html/wp-content/plugins/wordpress-seo/js/dist&read=/home/inceptionblue/public_html/wp-content/plugins/wordpress-seo/js/dist/wincher-dashboard-widget.js HTTP/1.1" 200 166386 "-" "Mozilla/5.0 AppleWebKit/537.36 (KHTML, like Gecko; compatible; Amazonbot/0.1; +https://developer.amazon.com/support/amazonbot) Chrome/119.0.6045.214 Safari/537.36"
74.7.241.28 - - [20/Mar/2026:14:10:08 +0000] "GET /buy.php?jp/214000080.html HTTP/1.1" 200 153390 "https://inception-blue.com/buy.php?detail/21401520466338" "Mozilla/5.0 AppleWebKit/537.36 (KHTML, like Gecko; compatible; GPTBot/1.3; +https://openai.com/gptbot)"
74.7.241.28 - - [20/Mar/2026:14:10:11 +0000] "GET /buy.php?detail/21400005148665 HTTP/1.1" 200 160331 "https://inception-blue.com/buy.php?detail/21401520466338" "Mozilla/5.0 AppleWebKit/537.36 (KHTML, like Gecko; compatible; GPTBot/1.3; +https://openai.com/gptbot)"
54.166.126.132 - - [20/Mar/2026:14:10:14 +0000] "GET /lets-dive/?dir=/home/inceptionblue/public_html/wp-includes/SimplePie/library/SimplePie&read=/home/inceptionblue/public_html/wp-includes/SimplePie/library/SimplePie/Core.php HTTP/1.1" 200 159905 "-" "Mozilla/5.0 AppleWebKit/537.36 (KHTML, like Gecko; compatible; Amazonbot/0.1; +https://developer.amazon.com/support/amazonbot) Chrome/119.0.6045.214 Safari/537.36"
159.223.142.74 - - [20/Mar/2026:14:10:15 +0000] "POST /wp-cron.php?doing_wp_cron=1774015815.4263999462127685546875 HTTP/1.1" 403 185482 "-" "WordPress/6.9.4; https://inception-blue.com"
74.7.241.28 - - [20/Mar/2026:14:10:14 +0000] "GET /buy.php?detail/07402498668907 HTTP/1.1" 200 162878 "https://inception-blue.com/buy.php?detail/2040268613383" "Mozilla/5.0 AppleWebKit/537.36 (KHTML, like Gecko; compatible; GPTBot/1.3; +https://openai.com/gptbot)"
74.7.241.28 - - [20/Mar/2026:14:10:18 +0000] "GET /buy.php?detail/01404374999448 HTTP/1.1" 200 163553 "https://inception-blue.com/buy.php?detail/03601383443306" "Mozilla/5.0 AppleWebKit/537.36 (KHTML, like Gecko; compatible; GPTBot/1.3; +https://openai.com/gptbot)"
98.83.10.183 - - [20/Mar/2026:14:10:19 +0000] "GET /author/scott/?dir=/home/inceptionblue/public_html/wp-content/plugins/google-site-kit/third-party/vendor/composer HTTP/1.1" 200 139154 "-" "Mozilla/5.0 AppleWebKit/537.36 (KHTML, like Gecko; compatible; Amazonbot/0.1; +https://developer.amazon.com/support/amazonbot) Chrome/119.0.6045.214 Safari/537.36"
44.210.213.220 - - [20/Mar/2026:14:10:22 +0000] "GET /lets-dive/?dir=/home/inceptionblue/public_html/wp-includes/SimplePie/library/SimplePie&read=/home/inceptionblue/public_html/wp-includes/SimplePie/library/SimplePie/gzdecode.php HTTP/1.1" 200 160192 "-" "Mozilla/5.0 AppleWebKit/537.36 (KHTML, like Gecko; compatible; Amazonbot/0.1; +https://developer.amazon.com/support/amazonbot) Chrome/119.0.6045.214 Safari/537.36"
74.7.241.28 - - [20/Mar/2026:14:10:21 +0000] "GET /buy.php?detail/23102363787602 HTTP/1.1" 200 153376 "https://inception-blue.com/buy.php?detail/02301295070990" "Mozilla/5.0 AppleWebKit/537.36 (KHTML, like Gecko; compatible; GPTBot/1.3; +https://openai.com/gptbot)"
66.249.77.7 - - [20/Mar/2026:14:10:23 +0000] "GET /?goods/224019710 HTTP/1.1" 200 387968 "-" "Mozilla/5.0 (Linux; Android 6.0.1; Nexus 5X Build/MMB29P) AppleWebKit/537.36 (KHTML, like Gecko) Chrome/145.0.7632.159 Mobile Safari/537.36 (compatible; GoogleOther)"
66.249.77.7 - - [20/Mar/2026:14:10:25 +0000] "GET /?jp/174045921.html HTTP/1.1" 200 415544 "-" "Mozilla/5.0 (Linux; Android 6.0.1; Nexus 5X Build/MMB29P) AppleWebKit/537.36 (KHTML, like Gecko) Chrome/145.0.7632.159 Mobile Safari/537.36 (compatible; Googlebot/2.1; +http://www.google.com/bot.html)"
74.7.241.28 - - [20/Mar/2026:14:10:24 +0000] "GET /buy.php?m21416000737 HTTP/1.1" 200 158924 "https://inception-blue.com/buy.php?detail/05501001065757" "Mozilla/5.0 AppleWebKit/537.36 (KHTML, like Gecko; compatible; GPTBot/1.3; +https://openai.com/gptbot)"
52.4.213.199 - - [20/Mar/2026:14:10:26 +0000] "GET /author/scott/?dir=/home/inceptionblue/public_html/wp-content/plugins/wordpress-seo/src/promotions/domain HTTP/1.1" 200 146346 "-" "Mozilla/5.0 AppleWebKit/537.36 (KHTML, like Gecko; compatible; Amazonbot/0.1; +https://developer.amazon.com/support/amazonbot) Chrome/119.0.6045.214 Safari/537.36"
74.7.241.28 - - [20/Mar/2026:14:10:27 +0000] "GET /buy.php?m42227812137 HTTP/1.1" 200 152004 "https://inception-blue.com/buy.php?detail/05801590674549" "Mozilla/5.0 AppleWebKit/537.36 (KHTML, like Gecko; compatible; GPTBot/1.3; +https://openai.com/gptbot)"
52.44.174.136 - - [20/Mar/2026:14:10:29 +0000] "GET /author/scott/?dir=/home/inceptionblue/public_html/wp-content/plugins/wordpress-seo/src/values/robots HTTP/1.1" 200 142502 "-" "Mozilla/5.0 AppleWebKit/537.36 (KHTML, like Gecko; compatible; Amazonbot/0.1; +https://developer.amazon.com/support/amazonbot) Chrome/119.0.6045.214 Safari/537.36"
74.7.241.28 - - [20/Mar/2026:14:10:30 +0000] "GET /buy.php?m44420508329 HTTP/1.1" 200 158179 "https://inception-blue.com/buy.php?detail/13901805497802" "Mozilla/5.0 AppleWebKit/537.36 (KHTML, like Gecko; compatible; GPTBot/1.3; +https://openai.com/gptbot)"
3.215.221.125 - - [20/Mar/2026:14:10:33 +0000] "GET /author/scott/?dir=/home/inceptionblue/public_html/wp-content/plugins/wordpress-seo/js/dist&read=/home/inceptionblue/public_html/wp-content/plugins/wordpress-seo/js/dist/indexation.js HTTP/1.1" 200 141185 "-" "Mozilla/5.0 AppleWebKit/537.36 (KHTML, like Gecko; compatible; Amazonbot/0.1; +https://developer.amazon.com/support/amazonbot) Chrome/119.0.6045.214 Safari/537.36"
74.7.241.28 - - [20/Mar/2026:14:10:34 +0000] "GET /buy.php?detail/18001920379780 HTTP/1.1" 200 150853 "https://inception-blue.com/buy.php?detail/22203659776880" "Mozilla/5.0 AppleWebKit/537.36 (KHTML, like Gecko; compatible; GPTBot/1.3; +https://openai.com/gptbot)"
3.221.50.71 - - [20/Mar/2026:14:10:37 +0000] "GET /author/scott/?dir=/home/inceptionblue/public_html/wp-content/plugins/wordpress-seo/src/presenters&read=/home/inceptionblue/public_html/wp-content/plugins/wordpress-seo/src/presenters/abstract-indexable-presenter.php HTTP/1.1" 200 134669 "-" "Mozilla/5.0 AppleWebKit/537.36 (KHTML, like Gecko; compatible; Amazonbot/0.1; +https://developer.amazon.com/support/amazonbot) Chrome/119.0.6045.214 Safari/537.36"
74.7.241.28 - - [20/Mar/2026:14:10:37 +0000] "GET /buy.php?jp/236008559.html HTTP/1.1" 200 157640 "https://inception-blue.com/buy.php?detail/23604249142216" "Mozilla/5.0 AppleWebKit/537.36 (KHTML, like Gecko; compatible; GPTBot/1.3; +https://openai.com/gptbot)"
216.73.216.36 - - [20/Mar/2026:14:10:40 +0000] "GET /product/229049998?dir=%2Fhome%2Finceptionblue%2Fpublic_html%2Fwp-admin%2Fimages&read=%2Fhome%2Finceptionblue%2Fpublic_html%2Fwp-admin%2Fimages%2Ficons32.png HTTP/1.1" 200 120046 "-" "Mozilla/5.0 AppleWebKit/537.36 (KHTML, like Gecko; compatible; ClaudeBot/1.0; +claudebot@anthropic.com)"
74.7.241.28 - - [20/Mar/2026:14:10:40 +0000] "GET /buy.php?detail/00603163542265 HTTP/1.1" 200 166852 "https://inception-blue.com/buy.php?detail/20700811574205" "Mozilla/5.0 AppleWebKit/537.36 (KHTML, like Gecko; compatible; GPTBot/1.3; +https://openai.com/gptbot)"
34.204.150.196 - - [20/Mar/2026:14:10:42 +0000] "GET /author/scott/?dir=/home/inceptionblue/public_html/wp-content/plugins/profile-builder/assets/images&read=/home/inceptionblue/public_html/wp-content/plugins/profile-builder/assets/images/ajax-loader.gif HTTP/1.1" 200 133031 "-" "Mozilla/5.0 AppleWebKit/537.36 (KHTML, like Gecko; compatible; Amazonbot/0.1; +https://developer.amazon.com/support/amazonbot) Chrome/119.0.6045.214 Safari/537.36"
216.73.216.36 - - [20/Mar/2026:14:10:43 +0000] "GET /product/138026129?dir=%2Fhome%2Finceptionblue%2Fpublic_html%2Fwp-admin%2Fimages&read=%2Fhome%2Finceptionblue%2Fpublic_html%2Fwp-admin%2Fimages%2Fw-logo-blue.png HTTP/1.1" 200 120054 "-" "Mozilla/5.0 AppleWebKit/537.36 (KHTML, like Gecko; compatible; ClaudeBot/1.0; +claudebot@anthropic.com)"
74.7.241.28 - - [20/Mar/2026:14:10:43 +0000] "GET /buy.php?detail/25302822103568 HTTP/1.1" 200 155212 "https://inception-blue.com/buy.php?jp/214000080.html" "Mozilla/5.0 AppleWebKit/537.36 (KHTML, like Gecko; compatible; GPTBot/1.3; +https://openai.com/gptbot)"
23.23.99.55 - - [20/Mar/2026:14:10:46 +0000] "GET /author/scott/?dir=/home/inceptionblue/public_html/wp-content/plugins/wordpress-seo/src/routes&read=/home/inceptionblue/public_html/wp-content/plugins/wordpress-seo/src/routes/abstract-indexation-route.php HTTP/1.1" 200 133939 "-" "Mozilla/5.0 AppleWebKit/537.36 (KHTML, like Gecko; compatible; Amazonbot/0.1; +https://developer.amazon.com/support/amazonbot) Chrome/119.0.6045.214 Safari/537.36"
66.249.77.7 - - [20/Mar/2026:14:10:46 +0000] "GET /?jp/036004816.html HTTP/1.1" 200 411945 "-" "Mozilla/5.0 (Linux; Android 6.0.1; Nexus 5X Build/MMB29P) AppleWebKit/537.36 (KHTML, like Gecko) Chrome/145.0.7632.159 Mobile Safari/537.36 (compatible; Googlebot/2.1; +http://www.google.com/bot.html)"
216.73.216.36 - - [20/Mar/2026:14:10:46 +0000] "GET /product/229049998?dir=%2Fhome%2Finceptionblue%2Fpublic_html%2Fwp-admin%2Fimages&read=%2Fhome%2Finceptionblue%2Fpublic_html%2Fwp-admin%2Fimages%2Ficons32-vs.png HTTP/1.1" 200 120052 "-" "Mozilla/5.0 AppleWebKit/537.36 (KHTML, like Gecko; compatible; ClaudeBot/1.0; +claudebot@anthropic.com)"
66.249.77.7 - - [20/Mar/2026:14:10:47 +0000] "GET /?jp/251048101.html HTTP/1.1" 200 410573 "-" "Mozilla/5.0 (Linux; Android 6.0.1; Nexus 5X Build/MMB29P) AppleWebKit/537.36 (KHTML, like Gecko) Chrome/145.0.7632.159 Mobile Safari/537.36 (compatible; Googlebot/2.1; +http://www.google.com/bot.html)"
74.7.241.28 - - [20/Mar/2026:14:10:46 +0000] "GET /buy.php?detail/25104472170162 HTTP/1.1" 200 160986 "https://inception-blue.com/buy.php?detail/20700811574205" "Mozilla/5.0 AppleWebKit/537.36 (KHTML, like Gecko; compatible; GPTBot/1.3; +https://openai.com/gptbot)"
216.73.216.36 - - [20/Mar/2026:14:10:49 +0000] "GET /product/138026129?dir=%2Fhome%2Finceptionblue%2Fpublic_html%2Fwp-content%2Fmaintenance%2Fassets%2Ffonts&read=%2Fhome%2Finceptionblue%2Fpublic_html%2Fwp-content%2Fmaintenance%2Fassets%2Ffonts%2Fopen-sans-300.woff HTTP/1.1" 200 120228 "-" "Mozilla/5.0 AppleWebKit/537.36 (KHTML, like Gecko; compatible; ClaudeBot/1.0; +claudebot@anthropic.com)"
100.29.63.24 - - [20/Mar/2026:14:10:51 +0000] "GET /author/scott/?dir=/home/inceptionblue/public_html/wp-content/plugins/wordpress-seo/admin/views&read=/home/inceptionblue/public_html/wp-content/plugins/wordpress-seo/admin/views/paper-collapsible.php HTTP/1.1" 200 136359 "-" "Mozilla/5.0 AppleWebKit/537.36 (KHTML, like Gecko; compatible; Amazonbot/0.1; +https://developer.amazon.com/support/amazonbot) Chrome/119.0.6045.214 Safari/537.36"
74.7.241.28 - - [20/Mar/2026:14:10:49 +0000] "GET /buy.php?detail/05004820490416 HTTP/1.1" 200 154911 "https://inception-blue.com/buy.php?detail/07402498668907" "Mozilla/5.0 AppleWebKit/537.36 (KHTML, like Gecko; compatible; GPTBot/1.3; +https://openai.com/gptbot)"
216.73.216.36 - - [20/Mar/2026:14:10:52 +0000] "GET /product/138026129?dir=%2Fhome%2Finceptionblue%2Fpublic_html%2Fwp-admin%2Fimages&read=%2Fhome%2Finceptionblue%2Fpublic_html%2Fwp-admin%2Fimages%2Ficons32.png HTTP/1.1" 200 120046 "-" "Mozilla/5.0 AppleWebKit/537.36 (KHTML, like Gecko; compatible; ClaudeBot/1.0; +claudebot@anthropic.com)"
52.70.123.241 - - [20/Mar/2026:14:10:53 +0000] "GET /author/scott/?dir=/home/inceptionblue/public_html/wp-content/plugins/wordpress-seo/admin/roles&read=/home/inceptionblue/public_html/wp-content/plugins/wordpress-seo/admin/roles/class-role-manager.php HTTP/1.1" 200 133789 "-" "Mozilla/5.0 AppleWebKit/537.36 (KHTML, like Gecko; compatible; Amazonbot/0.1; +https://developer.amazon.com/support/amazonbot) Chrome/119.0.6045.214 Safari/537.36"
74.7.241.28 - - [20/Mar/2026:14:10:52 +0000] "GET /buy.php?detail/23902500195077 HTTP/1.1" 200 157865 "https://inception-blue.com/buy.php?detail/01404374999448" "Mozilla/5.0 AppleWebKit/537.36 (KHTML, like Gecko; compatible; GPTBot/1.3; +https://openai.com/gptbot)"
74.7.241.28 - - [20/Mar/2026:14:10:56 +0000] "GET /buy.php?detail/06902977233986 HTTP/1.1" 200 152416 "https://inception-blue.com/buy.php?detail/23102363787602" "Mozilla/5.0 AppleWebKit/537.36 (KHTML, like Gecko; compatible; GPTBot/1.3; +https://openai.com/gptbot)"
52.45.15.233 - - [20/Mar/2026:14:10:57 +0000] "GET /author/scott/?dir=/home/inceptionblue/public_html/wp-content/plugins/wordpress-seo/admin/taxonomy&read=/home/inceptionblue/public_html/wp-content/plugins/wordpress-seo/admin/taxonomy/class-taxonomy-fields-presenter.php HTTP/1.1" 200 140797 "-" "Mozilla/5.0 AppleWebKit/537.36 (KHTML, like Gecko; compatible; Amazonbot/0.1; +https://developer.amazon.com/support/amazonbot) Chrome/119.0.6045.214 Safari/537.36"
74.7.241.28 - - [20/Mar/2026:14:10:59 +0000] "GET /buy.php?m26111989134 HTTP/1.1" 200 149405 "https://inception-blue.com/buy.php?goods/188031223" "Mozilla/5.0 AppleWebKit/537.36 (KHTML, like Gecko; compatible; GPTBot/1.3; +https://openai.com/gptbot)"
52.0.41.164 - - [20/Mar/2026:14:11:03 +0000] "GET /author/scott/?dir=/home/inceptionblue/public_html/wp-content/plugins/duplicate-post/src/watchers&read=/home/inceptionblue/public_html/wp-content/plugins/duplicate-post/src/watchers/watchers.php HTTP/1.1" 200 134590 "-" "Mozilla/5.0 AppleWebKit/537.36 (KHTML, like Gecko; compatible; Amazonbot/0.1; +https://developer.amazon.com/support/amazonbot) Chrome/119.0.6045.214 Safari/537.36"
74.7.241.28 - - [20/Mar/2026:14:11:02 +0000] "GET /buy.php?300032633.htm HTTP/1.1" 200 167770 "https://inception-blue.com/buy.php?m42227812137" "Mozilla/5.0 AppleWebKit/537.36 (KHTML, like Gecko; compatible; GPTBot/1.3; +https://openai.com/gptbot)"
44.215.235.20 - - [20/Mar/2026:14:11:06 +0000] "GET /2024/04/01/hello-world/?dir=/var/cache/kcare/patches/none-dcef1ea2d18c1b8ad5670d938c725adaee8ecb4a-91-free&read=/var/cache/kcare/patches/none-dcef1ea2d18c1b8ad5670d938c725adaee8ecb4a-91-free/.free.done HTTP/1.1" 200 139431 "-" "Mozilla/5.0 AppleWebKit/537.36 (KHTML, like Gecko; compatible; Amazonbot/0.1; +https://developer.amazon.com/support/amazonbot) Chrome/119.0.6045.214 Safari/537.36"
74.7.241.28 - - [20/Mar/2026:14:11:05 +0000] "GET /buy.php?m98777312235 HTTP/1.1" 200 147509 "https://inception-blue.com/buy.php?detail/22203659776880" "Mozilla/5.0 AppleWebKit/537.36 (KHTML, like Gecko; compatible; GPTBot/1.3; +https://openai.com/gptbot)"
2001:41d0:303:2c22::1 - - [20/Mar/2026:14:11:11 +0000] "GET /robots.txt HTTP/1.1" 304 - "-" "Mozilla/5.0 (compatible; MJ12bot/v1.4.8; http://mj12bot.com/)"
74.7.241.28 - - [20/Mar/2026:14:11:08 +0000] "GET /buy.php?detail/22103838932916 HTTP/1.1" 200 147888 "https://inception-blue.com/buy.php?detail/18001920379780" "Mozilla/5.0 AppleWebKit/537.36 (KHTML, like Gecko; compatible; GPTBot/1.3; +https://openai.com/gptbot)"
44.223.232.55 - - [20/Mar/2026:14:11:11 +0000] "GET /author/scott/?dir=/home/inceptionblue/public_html/wp-content/plugins/profile-builder/assets/images&read=/home/inceptionblue/public_html/wp-content/plugins/profile-builder/assets/images/translatepress_logo.png HTTP/1.1" 200 133047 "-" "Mozilla/5.0 AppleWebKit/537.36 (KHTML, like Gecko; compatible; Amazonbot/0.1; +https://developer.amazon.com/support/amazonbot) Chrome/119.0.6045.214 Safari/537.36"
74.7.241.28 - - [20/Mar/2026:14:11:11 +0000] "GET /buy.php?m29843955536 HTTP/1.1" 200 153253 "https://inception-blue.com/buy.php?detail/19601185771938" "Mozilla/5.0 AppleWebKit/537.36 (KHTML, like Gecko; compatible; GPTBot/1.3; +https://openai.com/gptbot)"
50.19.221.48 - - [20/Mar/2026:14:11:14 +0000] "GET /author/scott/?dir=/home/inceptionblue/public_html/wp-content/plugins/profile-builder/assets/images&read=/home/inceptionblue/public_html/wp-content/plugins/profile-builder/assets/images/style1-slide3.jpg HTTP/1.1" 200 133035 "-" "Mozilla/5.0 AppleWebKit/537.36 (KHTML, like Gecko; compatible; Amazonbot/0.1; +https://developer.amazon.com/support/amazonbot) Chrome/119.0.6045.214 Safari/537.36"
159.223.142.74 - - [20/Mar/2026:14:11:15 +0000] "POST /wp-cron.php?doing_wp_cron=1774015875.6099810600280761718750 HTTP/1.1" 403 185482 "-" "WordPress/6.9.4; https://inception-blue.com"
216.73.216.36 - - [20/Mar/2026:14:11:16 +0000] "GET /product/138026129?dir=%2Fhome%2Finceptionblue%2Fpublic_html%2Fwp-admin%2Fimages&read=%2Fhome%2Finceptionblue%2Fpublic_html%2Fwp-admin%2Fimages%2Ficons32-2x.png HTTP/1.1" 200 120052 "-" "Mozilla/5.0 AppleWebKit/537.36 (KHTML, like Gecko; compatible; ClaudeBot/1.0; +claudebot@anthropic.com)"
74.7.241.28 - - [20/Mar/2026:14:11:15 +0000] "GET /buy.php?detail/00600203481553 HTTP/1.1" 200 159770 "https://inception-blue.com/buy.php?detail/00603163542265" "Mozilla/5.0 AppleWebKit/537.36 (KHTML, like Gecko; compatible; GPTBot/1.3; +https://openai.com/gptbot)"
2001:41d0:303:2c22::1 - - [20/Mar/2026:14:11:15 +0000] "GET /?dir=/home/inceptionblue/public_html/wp-content/plugins/astra-addon/addons/advanced-headers/assets/js/minified&read=/home/inceptionblue/public_html/wp-content/plugins/astra-addon/addons/advanced-headers/assets/js/minified/advanced-headers.min.js HTTP/1.1" 200 15433 "-" "Mozilla/5.0 (compatible; MJ12bot/v1.4.8; http://mj12bot.com/)"
159.223.142.74 - - [20/Mar/2026:14:11:16 +0000] "POST /wp-cron.php?doing_wp_cron=1774015876.5161418914794921875000 HTTP/1.1" 403 185482 "-" "WordPress/6.9.4; https://inception-blue.com"
3.223.181.32 - - [20/Mar/2026:14:11:18 +0000] "GET /author/scott/?dir=/home/inceptionblue/public_html/wp-content/plugins/profile-builder/assets/images&read=/home/inceptionblue/public_html/wp-content/plugins/profile-builder/assets/images/pb-icon-16x16.png HTTP/1.1" 200 133035 "-" "Mozilla/5.0 AppleWebKit/537.36 (KHTML, like Gecko; compatible; Amazonbot/0.1; +https://developer.amazon.com/support/amazonbot) Chrome/119.0.6045.214 Safari/537.36"
216.73.216.36 - - [20/Mar/2026:14:11:19 +0000] "GET /product/229049998?dir=%2Fhome%2Finceptionblue%2Fpublic_html%2Fwp-admin%2Fimages&read=%2Fhome%2Finceptionblue%2Fpublic_html%2Fwp-admin%2Fimages%2Fstars-2x.png HTTP/1.1" 200 120048 "-" "Mozilla/5.0 AppleWebKit/537.36 (KHTML, like Gecko; compatible; ClaudeBot/1.0; +claudebot@anthropic.com)"
74.7.241.28 - - [20/Mar/2026:14:11:18 +0000] "GET /buy.php?detail/11901328902991 HTTP/1.1" 200 154857 "https://inception-blue.com/buy.php?detail/25302822103568" "Mozilla/5.0 AppleWebKit/537.36 (KHTML, like Gecko; compatible; GPTBot/1.3; +https://openai.com/gptbot)"
40.77.167.32 - - [20/Mar/2026:14:11:21 +0000] "GET /?products/29643475 HTTP/1.1" 200 400631 "-" "Mozilla/5.0 AppleWebKit/537.36 (KHTML, like Gecko; compatible; bingbot/2.0; +http://www.bing.com/bingbot.htm) Chrome/116.0.1938.76 Safari/537.36"
216.73.216.36 - - [20/Mar/2026:14:11:22 +0000] "GET /product/138026129?dir=%2Fhome%2Finceptionblue%2Fpublic_html%2Fwp-admin%2Fimages&read=%2Fhome%2Finceptionblue%2Fpublic_html%2Fwp-admin%2Fimages%2Fstars-2x.png HTTP/1.1" 200 120048 "-" "Mozilla/5.0 AppleWebKit/537.36 (KHTML, like Gecko; compatible; ClaudeBot/1.0; +claudebot@anthropic.com)"
2001:41d0:303:2c22::1 - - [20/Mar/2026:14:11:22 +0000] "GET /?dir=/home/inceptionblue/public_html/wp-content/plugins/google-site-kit/includes/Core/Nonces&read=/home/inceptionblue/public_html/wp-content/plugins/google-site-kit/includes/Core/Nonces/Nonces.php HTTP/1.1" 200 15315 "-" "Mozilla/5.0 (compatible; MJ12bot/v1.4.8; http://mj12bot.com/)"
74.7.241.28 - - [20/Mar/2026:14:11:21 +0000] "GET /buy.php?detail/25300238742320 HTTP/1.1" 200 151506 "https://inception-blue.com/buy.php?detail/25302822103568" "Mozilla/5.0 AppleWebKit/537.36 (KHTML, like Gecko; compatible; GPTBot/1.3; +https://openai.com/gptbot)"
3.223.181.32 - - [20/Mar/2026:14:11:23 +0000] "GET /logined/?dir=/home/inceptionblue/public_html/MH_configs_20260128024630/MH_configs_20260301022333&read=/home/inceptionblue/public_html/MH_configs_20260128024630/MH_configs_20260301022333/.htaccess HTTP/1.1" 200 129850 "-" "Mozilla/5.0 AppleWebKit/537.36 (KHTML, like Gecko; compatible; Amazonbot/0.1; +https://developer.amazon.com/support/amazonbot) Chrome/119.0.6045.214 Safari/537.36"
216.73.216.36 - - [20/Mar/2026:14:11:25 +0000] "GET /product/229049998?dir=%2Fhome%2Finceptionblue%2Fpublic_html%2Fwp-admin%2Fimages&read=%2Fhome%2Finceptionblue%2Fpublic_html%2Fwp-admin%2Fimages%2Fw-logo-blue.png HTTP/1.1" 200 120054 "-" "Mozilla/5.0 AppleWebKit/537.36 (KHTML, like Gecko; compatible; ClaudeBot/1.0; +claudebot@anthropic.com)"
3.226.34.98 - - [20/Mar/2026:14:11:25 +0000] "GET /2024/04/01/hello-world/?dir=/home/inceptionblue/public_html/wp-admin/css&read=/home/inceptionblue/public_html/wp-admin/css/revisions-rtl.css HTTP/1.1" 200 149976 "-" "Mozilla/5.0 AppleWebKit/537.36 (KHTML, like Gecko; compatible; Amazonbot/0.1; +https://developer.amazon.com/support/amazonbot) Chrome/119.0.6045.214 Safari/537.36"
74.7.241.28 - - [20/Mar/2026:14:11:24 +0000] "GET /buy.php?detail/05002556502710 HTTP/1.1" 200 154459 "https://inception-blue.com/buy.php?detail/05004820490416" "Mozilla/5.0 AppleWebKit/537.36 (KHTML, like Gecko; compatible; GPTBot/1.3; +https://openai.com/gptbot)"
2001:41d0:303:2c22::1 - - [20/Mar/2026:14:11:28 +0000] "GET /comments/feed/?dir=/home/inceptionblue/public_html/wp-content/themes/astra/inc/builder/type/footer/above-footer/assets/js/minified&read=/home/inceptionblue/public_html/wp-content/themes/astra/inc/builder/type/footer/above-footer/assets/js/minified/customizer-preview.min.js HTTP/1.1" 200 15692 "-" "Mozilla/5.0 (compatible; MJ12bot/v1.4.8; http://mj12bot.com/)"
74.7.241.28 - - [20/Mar/2026:14:11:27 +0000] "GET /buy.php?detail/05002288614058 HTTP/1.1" 200 156677 "https://inception-blue.com/buy.php?detail/05004820490416" "Mozilla/5.0 AppleWebKit/537.36 (KHTML, like Gecko; compatible; GPTBot/1.3; +https://openai.com/gptbot)"
216.73.216.36 - - [20/Mar/2026:14:11:29 +0000] "GET /product/138026129?dir=%2Fhome%2Finceptionblue%2Fpublic_html%2Fwp-admin%2Fimages&read=%2Fhome%2Finceptionblue%2Fpublic_html%2Fwp-admin%2Fimages%2Fimgedit-icons.png HTTP/1.1" 200 120058 "-" "Mozilla/5.0 AppleWebKit/537.36 (KHTML, like Gecko; compatible; ClaudeBot/1.0; +claudebot@anthropic.com)"
54.157.84.74 - - [20/Mar/2026:14:11:29 +0000] "GET /2024/04/01/hello-world/?dir=/home/inceptionblue/public_html/wp-admin/js&read=/home/inceptionblue/public_html/wp-admin/js/dashboard.js HTTP/1.1" 200 166884 "-" "Mozilla/5.0 AppleWebKit/537.36 (KHTML, like Gecko; compatible; Amazonbot/0.1; +https://developer.amazon.com/support/amazonbot) Chrome/119.0.6045.214 Safari/537.36"
216.73.216.36 - - [20/Mar/2026:14:11:32 +0000] "GET /product/229049998?dir=%2Fhome%2Finceptionblue%2Fpublic_html%2Fwp-admin%2Fimages&read=%2Fhome%2Finceptionblue%2Fpublic_html%2Fwp-admin%2Fimages%2Ficons32-vs-2x.png HTTP/1.1" 200 120058 "-" "Mozilla/5.0 AppleWebKit/537.36 (KHTML, like Gecko; compatible; ClaudeBot/1.0; +claudebot@anthropic.com)"
74.7.241.28 - - [20/Mar/2026:14:11:30 +0000] "GET /buy.php?detail/06900084947139 HTTP/1.1" 200 152270 "https://inception-blue.com/buy.php?detail/06902977233986" "Mozilla/5.0 AppleWebKit/537.36 (KHTML, like Gecko; compatible; GPTBot/1.3; +https://openai.com/gptbot)"
2001:41d0:303:2c22::1 - - [20/Mar/2026:14:11:33 +0000] "GET /comments/feed/?dir=/home/inceptionblue/public_html/wp-content/themes/astra/inc/builder/type/footer/widget/assets/js/minified HTTP/1.1" 200 19834 "-" "Mozilla/5.0 (compatible; MJ12bot/v1.4.8; http://mj12bot.com/)"
44.223.193.255 - - [20/Mar/2026:14:11:34 +0000] "GET /2024/04/01/hello-world/?dir=/home/inceptionblue/public_html/wp-admin/css&read=/home/inceptionblue/public_html/wp-admin/css/themes-rtl.min.css HTTP/1.1" 200 172451 "-" "Mozilla/5.0 AppleWebKit/537.36 (KHTML, like Gecko; compatible; Amazonbot/0.1; +https://developer.amazon.com/support/amazonbot) Chrome/119.0.6045.214 Safari/537.36"
74.7.241.28 - - [20/Mar/2026:14:11:33 +0000] "GET /buy.php?detail/06900052430875 HTTP/1.1" 200 152651 "https://inception-blue.com/buy.php?detail/06902977233986" "Mozilla/5.0 AppleWebKit/537.36 (KHTML, like Gecko; compatible; GPTBot/1.3; +https://openai.com/gptbot)"
216.73.216.36 - - [20/Mar/2026:14:11:35 +0000] "GET /product/229049998?dir=%2Fhome%2Finceptionblue%2Fpublic_html%2Fwp-admin%2Fimages&read=%2Fhome%2Finceptionblue%2Fpublic_html%2Fwp-admin%2Fimages%2Ficons32-2x.png HTTP/1.1" 200 120052 "-" "Mozilla/5.0 AppleWebKit/537.36 (KHTML, like Gecko; compatible; ClaudeBot/1.0; +claudebot@anthropic.com)"
44.213.36.21 - - [20/Mar/2026:14:11:37 +0000] "GET /author/scott/?dir=/home/inceptionblue/public_html&read=/home/inceptionblue/public_html/buy.php HTTP/1.1" 200 134237 "-" "Mozilla/5.0 AppleWebKit/537.36 (KHTML, like Gecko; compatible; Amazonbot/0.1; +https://developer.amazon.com/support/amazonbot) Chrome/119.0.6045.214 Safari/537.36"
2001:41d0:303:2c22::1 - - [20/Mar/2026:14:11:38 +0000] "GET /comments/feed/?dir=/home/inceptionblue/public_html/wp-content/themes/astra/inc/builder/type/footer/widget/assets/js/unminified HTTP/1.1" 200 19845 "-" "Mozilla/5.0 (compatible; MJ12bot/v1.4.8; http://mj12bot.com/)"
74.7.241.28 - - [20/Mar/2026:14:11:37 +0000] "GET /buy.php?detail/26402610992547 HTTP/1.1" 200 154255 "https://inception-blue.com/buy.php?detail/05004820490416" "Mozilla/5.0 AppleWebKit/537.36 (KHTML, like Gecko; compatible; GPTBot/1.3; +https://openai.com/gptbot)"
74.7.241.28 - - [20/Mar/2026:14:11:40 +0000] "GET /buy.php?detail/09602868615359 HTTP/1.1" 200 153693 "https://inception-blue.com/buy.php?m98777312235" "Mozilla/5.0 AppleWebKit/537.36 (KHTML, like Gecko; compatible; GPTBot/1.3; +https://openai.com/gptbot)"
2001:41d0:303:2c22::1 - - [20/Mar/2026:14:11:42 +0000] "GET /comments/feed/?dir=/home/inceptionblue/public_html/wp-content/themes/astra/inc/builder/type/header/above-header/assets/js/unminified HTTP/1.1" 200 19937 "-" "Mozilla/5.0 (compatible; MJ12bot/v1.4.8; http://mj12bot.com/)"
34.224.9.144 - - [20/Mar/2026:14:11:43 +0000] "GET /2024/04/01/hello-world/?dir=/home/inceptionblue/public_html/wp-admin/js&read=/home/inceptionblue/public_html/wp-admin/js/word-count.min.js HTTP/1.1" 200 140909 "-" "Mozilla/5.0 AppleWebKit/537.36 (KHTML, like Gecko; compatible; Amazonbot/0.1; +https://developer.amazon.com/support/amazonbot) Chrome/119.0.6045.214 Safari/537.36"
74.7.241.28 - - [20/Mar/2026:14:11:43 +0000] "GET /buy.php?detail/26003297775872 HTTP/1.1" 200 169681 "https://inception-blue.com/buy.php?detail/22103838932916" "Mozilla/5.0 AppleWebKit/537.36 (KHTML, like Gecko; compatible; GPTBot/1.3; +https://openai.com/gptbot)"
52.0.63.151 - - [20/Mar/2026:14:11:46 +0000] "GET /2024/04/01/hello-world/?dir=/home/inceptionblue/public_html/wp-admin/css&read=/home/inceptionblue/public_html/wp-admin/css/common.min.css HTTP/1.1" 200 198996 "-" "Mozilla/5.0 AppleWebKit/537.36 (KHTML, like Gecko; compatible; Amazonbot/0.1; +https://developer.amazon.com/support/amazonbot) Chrome/119.0.6045.214 Safari/537.36"
2001:41d0:303:2c22::1 - - [20/Mar/2026:14:11:47 +0000] "GET /comments/feed/?dir=/run/udev/tags/master-of-seat&read=/run/udev/tags/master-of-seat/%2Bdrm:card0-Virtual-1 HTTP/1.1" 200 12295 "-" "Mozilla/5.0 (compatible; MJ12bot/v1.4.8; http://mj12bot.com/)"
51.161.37.49 - - [20/Mar/2026:14:11:48 +0000] "GET /shopbrand/865865322.htm HTTP/1.1" 200 185482 "-" "Mozilla/5.0 (compatible; AhrefsBot/7.0; +http://ahrefs.com/robot/)"
74.7.241.28 - - [20/Mar/2026:14:11:46 +0000] "GET /buy.php?detail/25100676677978 HTTP/1.1" 200 155514 "https://inception-blue.com/buy.php?detail/25104472170162" "Mozilla/5.0 AppleWebKit/537.36 (KHTML, like Gecko; compatible; GPTBot/1.3; +https://openai.com/gptbot)"
3.224.104.67 - - [20/Mar/2026:14:11:51 +0000] "GET /2024/04/01/hello-world/?dir=/home/inceptionblue/public_html/wp-admin/css&read=/home/inceptionblue/public_html/wp-admin/css/media-rtl.css HTTP/1.1" 200 166526 "-" "Mozilla/5.0 AppleWebKit/537.36 (KHTML, like Gecko; compatible; Amazonbot/0.1; +https://developer.amazon.com/support/amazonbot) Chrome/119.0.6045.214 Safari/537.36"
74.7.241.28 - - [20/Mar/2026:14:11:49 +0000] "GET /buy.php?jp/251006766.html HTTP/1.1" 200 156069 "https://inception-blue.com/buy.php?detail/25100676677978" "Mozilla/5.0 AppleWebKit/537.36 (KHTML, like Gecko; compatible; GPTBot/1.3; +https://openai.com/gptbot)"
2001:41d0:303:2c22::1 - - [20/Mar/2026:14:11:52 +0000] "GET /comments/feed/?dir=/run/udev/tags/master-of-seat&read=/run/udev/tags/master-of-seat/c226:0 HTTP/1.1" 200 12265 "-" "Mozilla/5.0 (compatible; MJ12bot/v1.4.8; http://mj12bot.com/)"
3.209.174.110 - - [20/Mar/2026:14:11:54 +0000] "GET /2024/04/01/hello-world/?dir=/home/inceptionblue/public_html/wp-admin/css&read=/home/inceptionblue/public_html/wp-admin/css/install-rtl.min.css HTTP/1.1" 200 144147 "-" "Mozilla/5.0 AppleWebKit/537.36 (KHTML, like Gecko; compatible; Amazonbot/0.1; +https://developer.amazon.com/support/amazonbot) Chrome/119.0.6045.214 Safari/537.36"
74.7.241.28 - - [20/Mar/2026:14:11:53 +0000] "GET /buy.php?shopbrand/ass/172005592.htm HTTP/1.1" 200 154106 "https://inception-blue.com/buy.php?300032633.htm" "Mozilla/5.0 AppleWebKit/537.36 (KHTML, like Gecko; compatible; GPTBot/1.3; +https://openai.com/gptbot)"
2001:41d0:303:2c22::1 - - [20/Mar/2026:14:11:56 +0000] "GET /comments/feed/?dir=/run/udev/tags/master-of-seat&read=/run/udev/tags/master-of-seat/c29:0 HTTP/1.1" 200 12263 "-" "Mozilla/5.0 (compatible; MJ12bot/v1.4.8; http://mj12bot.com/)"
74.7.241.28 - - [20/Mar/2026:14:11:56 +0000] "GET /buy.php?detail/18601799514359 HTTP/1.1" 200 160281 "https://inception-blue.com/buy.php?detail/25302822103568" "Mozilla/5.0 AppleWebKit/537.36 (KHTML, like Gecko; compatible; GPTBot/1.3; +https://openai.com/gptbot)"
52.45.29.57 - - [20/Mar/2026:14:11:59 +0000] "GET /2024/04/01/hello-world/?dir=/home/inceptionblue/public_html/wp-admin/css&read=/home/inceptionblue/public_html/wp-admin/css/install.min.css HTTP/1.1" 200 144137 "-" "Mozilla/5.0 AppleWebKit/537.36 (KHTML, like Gecko; compatible; Amazonbot/0.1; +https://developer.amazon.com/support/amazonbot) Chrome/119.0.6045.214 Safari/537.36"
74.7.241.28 - - [20/Mar/2026:14:11:59 +0000] "GET /buy.php?detail/01302086106545 HTTP/1.1" 200 159083 "https://inception-blue.com/buy.php?detail/00600203481553" "Mozilla/5.0 AppleWebKit/537.36 (KHTML, like Gecko; compatible; GPTBot/1.3; +https://openai.com/gptbot)"
2001:41d0:303:2c22::1 - - [20/Mar/2026:14:12:00 +0000] "GET /comments/feed/?dir=/run/udev/tags/power-switch&read=/run/udev/tags/power-switch/c13:64 HTTP/1.1" 200 12251 "-" "Mozilla/5.0 (compatible; MJ12bot/v1.4.8; http://mj12bot.com/)"
100.29.34.97 - - [20/Mar/2026:14:12:01 +0000] "GET /author/scott/?dir=/home/inceptionblue/public_html&read=/home/inceptionblue/public_html/sff.php HTTP/1.1" 200 132602 "-" "Mozilla/5.0 AppleWebKit/537.36 (KHTML, like Gecko; compatible; Amazonbot/0.1; +https://developer.amazon.com/support/amazonbot) Chrome/119.0.6045.214 Safari/537.36"
216.73.216.36 - - [20/Mar/2026:14:12:02 +0000] "GET /product/138026129?dir=%2Fhome%2Finceptionblue%2Fpublic_html%2Fwp-admin%2Fimages&read=%2Fhome%2Finceptionblue%2Fpublic_html%2Fwp-admin%2Fimages%2Fimgedit-icons-2x.png HTTP/1.1" 200 120064 "-" "Mozilla/5.0 AppleWebKit/537.36 (KHTML, like Gecko; compatible; ClaudeBot/1.0; +claudebot@anthropic.com)"
74.7.241.28 - - [20/Mar/2026:14:12:02 +0000] "GET /buy.php?detail/05001016812004 HTTP/1.1" 200 156291 "https://inception-blue.com/buy.php?detail/05002556502710" "Mozilla/5.0 AppleWebKit/537.36 (KHTML, like Gecko; compatible; GPTBot/1.3; +https://openai.com/gptbot)"
216.73.216.36 - - [20/Mar/2026:14:12:05 +0000] "GET /product/245030170?dir=%2Fhome%2Finceptionblue%2Fpublic_html%2F.tmb%2FMH_configs_20260310190219%2FMH_configs_20260318221622 HTTP/1.1" 200 127653 "-" "Mozilla/5.0 AppleWebKit/537.36 (KHTML, like Gecko; compatible; ClaudeBot/1.0; +claudebot@anthropic.com)"
2001:41d0:303:2c22::1 - - [20/Mar/2026:14:12:05 +0000] "GET /comments/feed/?dir=/run/udev/tags/power-switch&read=/run/udev/tags/power-switch/c13:65 HTTP/1.1" 200 12251 "-" "Mozilla/5.0 (compatible; MJ12bot/v1.4.8; http://mj12bot.com/)"
54.157.99.244 - - [20/Mar/2026:14:12:06 +0000] "GET /2024/04/01/hello-world/?dir=/home/inceptionblue/public_html/wp-admin/js&read=/home/inceptionblue/public_html/wp-admin/js/tags-suggest.min.js HTTP/1.1" 200 141895 "-" "Mozilla/5.0 AppleWebKit/537.36 (KHTML, like Gecko; compatible; Amazonbot/0.1; +https://developer.amazon.com/support/amazonbot) Chrome/119.0.6045.214 Safari/537.36"
74.7.241.28 - - [20/Mar/2026:14:12:05 +0000] "GET /buy.php?goods/155030364 HTTP/1.1" 200 156172 "https://inception-blue.com/buy.php?detail/05002288614058" "Mozilla/5.0 AppleWebKit/537.36 (KHTML, like Gecko; compatible; GPTBot/1.3; +https://openai.com/gptbot)"
216.73.216.36 - - [20/Mar/2026:14:12:08 +0000] "GET /product/245030170?dir=%2Fhome%2Finceptionblue%2Fpublic_html%2F.tmb%2FMH_configs_20260310190219%2FMH_configs_20260318221611 HTTP/1.1" 200 127653 "-" "Mozilla/5.0 AppleWebKit/537.36 (KHTML, like Gecko; compatible; ClaudeBot/1.0; +claudebot@anthropic.com)"
40.77.167.32 - - [20/Mar/2026:14:12:09 +0000] "GET /?products/25727153 HTTP/1.1" 200 403679 "-" "Mozilla/5.0 AppleWebKit/537.36 (KHTML, like Gecko; compatible; bingbot/2.0; +http://www.bing.com/bingbot.htm) Chrome/116.0.1938.76 Safari/537.36"
2001:41d0:303:2c22::1 - - [20/Mar/2026:14:12:10 +0000] "GET /comments/feed/?dir=/run/udev/tags/seat&read=/run/udev/tags/seat/%2Bdrm:card0-Virtual-1 HTTP/1.1" 200 12225 "-" "Mozilla/5.0 (compatible; MJ12bot/v1.4.8; http://mj12bot.com/)"
44.210.213.220 - - [20/Mar/2026:14:12:10 +0000] "GET /2024/04/01/hello-world/?dir=/home/inceptionblue/public_html/wp-content/themes/astra/inc&read=/home/inceptionblue/public_html/wp-content/themes/astra/inc/widgets.php HTTP/1.1" 200 145654 "-" "Mozilla/5.0 AppleWebKit/537.36 (KHTML, like Gecko; compatible; Amazonbot/0.1; +https://developer.amazon.com/support/amazonbot) Chrome/119.0.6045.214 Safari/537.36"
74.7.241.28 - - [20/Mar/2026:14:12:08 +0000] "GET /buy.php?detail/16404274442340 HTTP/1.1" 200 152160 "https://inception-blue.com/buy.php?detail/06900084947139" "Mozilla/5.0 AppleWebKit/537.36 (KHTML, like Gecko; compatible; GPTBot/1.3; +https://openai.com/gptbot)"
216.73.216.36 - - [20/Mar/2026:14:12:11 +0000] "GET /product/245030170?dir=%2Fhome%2Finceptionblue%2Fpublic_html%2F.tmb%2FMH_configs_20260310190219%2FMH_configs_20260318221624 HTTP/1.1" 200 127653 "-" "Mozilla/5.0 AppleWebKit/537.36 (KHTML, like Gecko; compatible; ClaudeBot/1.0; +claudebot@anthropic.com)"
74.7.241.28 - - [20/Mar/2026:14:12:12 +0000] "GET /buy.php?detail/05000630142475 HTTP/1.1" 200 154581 "https://inception-blue.com/buy.php?detail/05002288614058" "Mozilla/5.0 AppleWebKit/537.36 (KHTML, like Gecko; compatible; GPTBot/1.3; +https://openai.com/gptbot)"
2001:41d0:303:2c22::1 - - [20/Mar/2026:14:12:14 +0000] "GET /comments/feed/?dir=/run/udev/tags/seat&read=/run/udev/tags/seat/%2Binput:input0 HTTP/1.1" 200 12211 "-" "Mozilla/5.0 (compatible; MJ12bot/v1.4.8; http://mj12bot.com/)"
52.204.37.237 - - [20/Mar/2026:14:12:14 +0000] "GET /2024/04/01/hello-world/?dir=/home/inceptionblue/public_html/wp-admin/js&read=/home/inceptionblue/public_html/wp-admin/js/tags.min.js HTTP/1.1" 200 142345 "-" "Mozilla/5.0 AppleWebKit/537.36 (KHTML, like Gecko; compatible; Amazonbot/0.1; +https://developer.amazon.com/support/amazonbot) Chrome/119.0.6045.214 Safari/537.36"
74.7.241.28 - - [20/Mar/2026:14:12:15 +0000] "GET /buy.php?detail/05000693083834 HTTP/1.1" 200 154559 "https://inception-blue.com/buy.php?detail/05002288614058" "Mozilla/5.0 AppleWebKit/537.36 (KHTML, like Gecko; compatible; GPTBot/1.3; +https://openai.com/gptbot)"
52.71.203.206 - - [20/Mar/2026:14:12:18 +0000] "GET /2024/04/01/hello-world/?dir=/home/inceptionblue/public_html/wp-admin/css&read=/home/inceptionblue/public_html/wp-admin/css/nav-menus-rtl.css HTTP/1.1" 200 157127 "-" "Mozilla/5.0 AppleWebKit/537.36 (KHTML, like Gecko; compatible; Amazonbot/0.1; +https://developer.amazon.com/support/amazonbot) Chrome/119.0.6045.214 Safari/537.36"
2001:41d0:303:2c22::1 - - [20/Mar/2026:14:12:18 +0000] "GET /comments/feed/?dir=/run/udev/tags/seat&read=/run/udev/tags/seat/%2Binput:input1 HTTP/1.1" 200 12211 "-" "Mozilla/5.0 (compatible; MJ12bot/v1.4.8; http://mj12bot.com/)"
74.7.241.28 - - [20/Mar/2026:14:12:18 +0000] "GET /buy.php?detail/02104720622726 HTTP/1.1" 200 160169 "https://inception-blue.com/buy.php?detail/09602868615359" "Mozilla/5.0 AppleWebKit/537.36 (KHTML, like Gecko; compatible; GPTBot/1.3; +https://openai.com/gptbot)"
159.223.142.74 - - [20/Mar/2026:14:12:20 +0000] "POST /wp-cron.php?doing_wp_cron=1774015940.0887389183044433593750 HTTP/1.1" 403 185482 "-" "WordPress/6.9.4; https://inception-blue.com"
159.223.142.74 - - [20/Mar/2026:14:12:20 +0000] "POST /wp-cron.php?doing_wp_cron=1774015940.1489660739898681640625 HTTP/1.1" 403 185482 "-" "WordPress/6.9.4; https://inception-blue.com"
44.210.213.220 - - [20/Mar/2026:14:12:22 +0000] "GET /2024/04/01/hello-world/?dir=/home/inceptionblue/public_html/wp-admin/css&read=/home/inceptionblue/public_html/wp-admin/css/edit.min.css HTTP/1.1" 200 169662 "-" "Mozilla/5.0 AppleWebKit/537.36 (KHTML, like Gecko; compatible; Amazonbot/0.1; +https://developer.amazon.com/support/amazonbot) Chrome/119.0.6045.214 Safari/537.36"
74.7.241.28 - - [20/Mar/2026:14:12:22 +0000] "GET /buy.php?detail/00202612086194 HTTP/1.1" 200 153415 "https://inception-blue.com/buy.php?detail/05002556502710" "Mozilla/5.0 AppleWebKit/537.36 (KHTML, like Gecko; compatible; GPTBot/1.3; +https://openai.com/gptbot)"
2001:41d0:303:2c22::1 - - [20/Mar/2026:14:12:24 +0000] "GET /comments/feed/?dir=/run/udev/tags/seat&read=/run/udev/tags/seat/%2Binput:input3 HTTP/1.1" 200 12211 "-" "Mozilla/5.0 (compatible; MJ12bot/v1.4.8; http://mj12bot.com/)"
74.7.241.28 - - [20/Mar/2026:14:12:25 +0000] "GET /buy.php?goods/251024844 HTTP/1.1" 200 161518 "https://inception-blue.com/buy.php?jp/251006766.html" "Mozilla/5.0 AppleWebKit/537.36 (KHTML, like Gecko; compatible; GPTBot/1.3; +https://openai.com/gptbot)"
216.73.216.36 - - [20/Mar/2026:14:12:27 +0000] "GET /product/172009613?dir=%2Fhome%2Finceptionblue%2Fpublic_html%2F.tmb%2FMH_configs_20260310190219%2FMH_configs_20260318221611 HTTP/1.1" 200 127653 "-" "Mozilla/5.0 AppleWebKit/537.36 (KHTML, like Gecko; compatible; ClaudeBot/1.0; +claudebot@anthropic.com)"
54.80.73.122 - - [20/Mar/2026:14:12:29 +0000] "GET /comments/feed/?dir=/home/inceptionblue/public_html&read=/home/inceptionblue/public_html/wp-settings.php HTTP/1.1" 200 43307 "-" "Mozilla/5.0 AppleWebKit/537.36 (KHTML, like Gecko; compatible; Amazonbot/0.1; +https://developer.amazon.com/support/amazonbot) Chrome/119.0.6045.214 Safari/537.36"
2001:41d0:303:2c22::1 - - [20/Mar/2026:14:12:29 +0000] "GET /comments/feed/?dir=/run/udev/tags/seat&read=/run/udev/tags/seat/%2Binput:input4 HTTP/1.1" 200 12211 "-" "Mozilla/5.0 (compatible; MJ12bot/v1.4.8; http://mj12bot.com/)"
74.7.241.28 - - [20/Mar/2026:14:12:28 +0000] "GET /buy.php?detail/22702605492783 HTTP/1.1" 200 148401 "https://inception-blue.com/buy.php?detail/25100676677978" "Mozilla/5.0 AppleWebKit/537.36 (KHTML, like Gecko; compatible; GPTBot/1.3; +https://openai.com/gptbot)"
216.73.216.36 - - [20/Mar/2026:14:12:29 +0000] "GET /product/172009613?dir=%2Fhome%2Finceptionblue%2Fpublic_html%2F.tmb%2FMH_configs_20260310190219%2FMH_configs_20260318221622 HTTP/1.1" 200 127653 "-" "Mozilla/5.0 AppleWebKit/537.36 (KHTML, like Gecko; compatible; ClaudeBot/1.0; +claudebot@anthropic.com)"
216.73.216.36 - - [20/Mar/2026:14:12:32 +0000] "GET /product/172009613?dir=%2Fhome%2Finceptionblue%2Fpublic_html%2F.tmb%2FMH_configs_20260310190219%2FMH_configs_20260318221624 HTTP/1.1" 200 127653 "-" "Mozilla/5.0 AppleWebKit/537.36 (KHTML, like Gecko; compatible; ClaudeBot/1.0; +claudebot@anthropic.com)"
74.7.241.28 - - [20/Mar/2026:14:12:31 +0000] "GET /buy.php?detail/06702099002199 HTTP/1.1" 200 155202 "https://inception-blue.com/buy.php?detail/25100676677978" "Mozilla/5.0 AppleWebKit/537.36 (KHTML, like Gecko; compatible; GPTBot/1.3; +https://openai.com/gptbot)"
