74.7.241.28 - - [20/Mar/2026:12:24:54 +0000] "GET /buy.php?detail/23502526476690 HTTP/1.1" 200 156140 "https://inception-blue.com/buy.php?detail/18701573549532" "Mozilla/5.0 AppleWebKit/537.36 (KHTML, like Gecko; compatible; GPTBot/1.3; +https://openai.com/gptbot)"
216.73.216.36 - - [20/Mar/2026:12:24:57 +0000] "GET /product/038019023?dir=%2Fhome%2Finceptionblue%2Fpublic_html%2Fwp-admin&read=%2Fhome%2Finceptionblue%2Fpublic_html%2Fwp-admin%2Fedit-comments.php HTTP/1.1" 200 136051 "-" "Mozilla/5.0 AppleWebKit/537.36 (KHTML, like Gecko; compatible; ClaudeBot/1.0; +claudebot@anthropic.com)"
74.7.241.28 - - [20/Mar/2026:12:24:57 +0000] "GET /buy.php?detail/12802647443787 HTTP/1.1" 200 169962 "https://inception-blue.com/buy.php?detail/18302413714967" "Mozilla/5.0 AppleWebKit/537.36 (KHTML, like Gecko; compatible; GPTBot/1.3; +https://openai.com/gptbot)"
216.73.216.36 - - [20/Mar/2026:12:25:00 +0000] "GET /product/038019023?dir=%2Fhome%2Finceptionblue%2Fpublic_html%2Fwp-admin&read=%2Fhome%2Finceptionblue%2Fpublic_html%2Fwp-admin%2Fadmin-header.php HTTP/1.1" 200 129741 "-" "Mozilla/5.0 AppleWebKit/537.36 (KHTML, like Gecko; compatible; ClaudeBot/1.0; +claudebot@anthropic.com)"
74.7.241.28 - - [20/Mar/2026:12:25:00 +0000] "GET /buy.php?detail/29101105103935 HTTP/1.1" 200 155073 "https://inception-blue.com/buy.php?detail/27701986044585" "Mozilla/5.0 AppleWebKit/537.36 (KHTML, like Gecko; compatible; GPTBot/1.3; +https://openai.com/gptbot)"
216.73.216.36 - - [20/Mar/2026:12:25:03 +0000] "GET /product/024022087?dir=%2Fhome%2Finceptionblue%2Fpublic_html%2Fwp-includes&read=%2Fhome%2Finceptionblue%2Fpublic_html%2Fwp-includes%2Ftheme.php HTTP/1.1" 200 258300 "-" "Mozilla/5.0 AppleWebKit/537.36 (KHTML, like Gecko; compatible; ClaudeBot/1.0; +claudebot@anthropic.com)"
142.44.228.193 - - [20/Mar/2026:12:25:05 +0000] "GET /shopbrand/3436694546.htm HTTP/1.1" 200 185482 "-" "Mozilla/5.0 (compatible; AhrefsBot/7.0; +http://ahrefs.com/robot/)"
74.7.241.28 - - [20/Mar/2026:12:25:04 +0000] "GET /buy.php?detail/10204740663739 HTTP/1.1" 200 160686 "https://inception-blue.com/buy.php?detail/27701986044585" "Mozilla/5.0 AppleWebKit/537.36 (KHTML, like Gecko; compatible; GPTBot/1.3; +https://openai.com/gptbot)"
216.73.216.36 - - [20/Mar/2026:12:25:06 +0000] "GET /product/024022087?dir=%2Fhome%2Finceptionblue%2Fpublic_html%2Fwp-includes%2Fblocks%2Farchives HTTP/1.1" 200 141709 "-" "Mozilla/5.0 AppleWebKit/537.36 (KHTML, like Gecko; compatible; ClaudeBot/1.0; +claudebot@anthropic.com)"
74.7.241.28 - - [20/Mar/2026:12:25:07 +0000] "GET /buy.php?detail/23201539922079 HTTP/1.1" 200 156627 "https://inception-blue.com/buy.php?detail/23200466788492" "Mozilla/5.0 AppleWebKit/537.36 (KHTML, like Gecko; compatible; GPTBot/1.3; +https://openai.com/gptbot)"
216.73.216.36 - - [20/Mar/2026:12:25:09 +0000] "GET /product/038019023?dir=%2Fhome%2Finceptionblue%2Fpublic_html%2Fwp-includes%2FText&read=%2Fhome%2Finceptionblue%2Fpublic_html%2Fwp-includes%2FText%2FDiff.php HTTP/1.1" 200 132337 "-" "Mozilla/5.0 AppleWebKit/537.36 (KHTML, like Gecko; compatible; ClaudeBot/1.0; +claudebot@anthropic.com)"
74.7.241.28 - - [20/Mar/2026:12:25:10 +0000] "GET /buy.php?detail/04003830600439 HTTP/1.1" 200 155539 "https://inception-blue.com/buy.php?goods/040038306" "Mozilla/5.0 AppleWebKit/537.36 (KHTML, like Gecko; compatible; GPTBot/1.3; +https://openai.com/gptbot)"
216.73.216.36 - - [20/Mar/2026:12:25:12 +0000] "GET /product/037008832?dir=%2Fhome%2Finceptionblue%2Fpublic_html%2Fwp-admin&read=%2Fhome%2Finceptionblue%2Fpublic_html%2Fwp-admin%2Fplugins.php HTTP/1.1" 200 152829 "-" "Mozilla/5.0 AppleWebKit/537.36 (KHTML, like Gecko; compatible; ClaudeBot/1.0; +claudebot@anthropic.com)"
74.7.241.28 - - [20/Mar/2026:12:25:13 +0000] "GET /buy.php?detail/12100290858964 HTTP/1.1" 200 163633 "https://inception-blue.com/buy.php?detail/23200466788492" "Mozilla/5.0 AppleWebKit/537.36 (KHTML, like Gecko; compatible; GPTBot/1.3; +https://openai.com/gptbot)"
216.73.216.36 - - [20/Mar/2026:12:25:15 +0000] "GET /product/216002177?dir=%2Fvar%2Flib%2Fdovecot HTTP/1.1" 200 185482 "-" "Mozilla/5.0 AppleWebKit/537.36 (KHTML, like Gecko; compatible; ClaudeBot/1.0; +claudebot@anthropic.com)"
74.7.241.28 - - [20/Mar/2026:12:25:16 +0000] "GET /buy.php?detail/20704594117822 HTTP/1.1" 200 154271 "https://inception-blue.com/buy.php?detail/04001533645169" "Mozilla/5.0 AppleWebKit/537.36 (KHTML, like Gecko; compatible; GPTBot/1.3; +https://openai.com/gptbot)"
216.73.216.36 - - [20/Mar/2026:12:25:18 +0000] "GET /product/216002177?dir=%2Fvar%2Fimunify360%2Ffiles HTTP/1.1" 200 128526 "-" "Mozilla/5.0 AppleWebKit/537.36 (KHTML, like Gecko; compatible; ClaudeBot/1.0; +claudebot@anthropic.com)"
74.7.241.28 - - [20/Mar/2026:12:25:19 +0000] "GET /buy.php?detail/12503048726078 HTTP/1.1" 200 170901 "https://inception-blue.com/buy.php?detail/10400266977744" "Mozilla/5.0 AppleWebKit/537.36 (KHTML, like Gecko; compatible; GPTBot/1.3; +https://openai.com/gptbot)"
216.73.216.36 - - [20/Mar/2026:12:25:21 +0000] "GET /product/024022087?dir=%2Fhome%2Finceptionblue%2Fpublic_html%2Fwp-includes&read=%2Fhome%2Finceptionblue%2Fpublic_html%2Fwp-includes%2Fembed.php HTTP/1.1" 200 160995 "-" "Mozilla/5.0 AppleWebKit/537.36 (KHTML, like Gecko; compatible; ClaudeBot/1.0; +claudebot@anthropic.com)"
74.7.241.28 - - [20/Mar/2026:12:25:22 +0000] "GET /buy.php?detail/27600142892917 HTTP/1.1" 200 160180 "https://inception-blue.com/buy.php?detail/16201825935442" "Mozilla/5.0 AppleWebKit/537.36 (KHTML, like Gecko; compatible; GPTBot/1.3; +https://openai.com/gptbot)"
216.73.216.36 - - [20/Mar/2026:12:25:24 +0000] "GET /product/038019023?dir=%2Fhome%2Finceptionblue%2Fpublic_html%2Fwp-admin&read=%2Fhome%2Finceptionblue%2Fpublic_html%2Fwp-admin%2Fadmin-post.php HTTP/1.1" 200 122053 "-" "Mozilla/5.0 AppleWebKit/537.36 (KHTML, like Gecko; compatible; ClaudeBot/1.0; +claudebot@anthropic.com)"
216.73.216.36 - - [20/Mar/2026:12:25:27 +0000] "GET /product/216002177?dir=%2Fhome%2Finceptionblue%2Fmail%2F.Sent%2Ftmp HTTP/1.1" 200 123464 "-" "Mozilla/5.0 AppleWebKit/537.36 (KHTML, like Gecko; compatible; ClaudeBot/1.0; +claudebot@anthropic.com)"
74.7.241.28 - - [20/Mar/2026:12:25:26 +0000] "GET /buy.php?detail/23202997782231 HTTP/1.1" 200 165259 "https://inception-blue.com/buy.php?detail/23201405994875" "Mozilla/5.0 AppleWebKit/537.36 (KHTML, like Gecko; compatible; GPTBot/1.3; +https://openai.com/gptbot)"
216.73.216.36 - - [20/Mar/2026:12:25:30 +0000] "GET /product/037008832?dir=%2Fhome%2Finceptionblue%2Fpublic_html%2Fwp-admin%2Fnetwork&read=%2Fhome%2Finceptionblue%2Fpublic_html%2Fwp-admin%2Fnetwork%2Fedit.php HTTP/1.1" 200 120968 "-" "Mozilla/5.0 AppleWebKit/537.36 (KHTML, like Gecko; compatible; ClaudeBot/1.0; +claudebot@anthropic.com)"
74.7.241.28 - - [20/Mar/2026:12:25:29 +0000] "GET /buy.php?detail/14602319318900 HTTP/1.1" 200 153900 "https://inception-blue.com/buy.php?detail/23502526476690" "Mozilla/5.0 AppleWebKit/537.36 (KHTML, like Gecko; compatible; GPTBot/1.3; +https://openai.com/gptbot)"
216.73.216.36 - - [20/Mar/2026:12:25:33 +0000] "GET /product/024022087?dir=%2Fhome%2Finceptionblue%2Fpublic_html%2Fwp-includes&read=%2Fhome%2Finceptionblue%2Fpublic_html%2Fwp-includes%2Fspeculative-loading.php HTTP/1.1" 200 128861 "-" "Mozilla/5.0 AppleWebKit/537.36 (KHTML, like Gecko; compatible; ClaudeBot/1.0; +claudebot@anthropic.com)"
74.7.241.28 - - [20/Mar/2026:12:25:32 +0000] "GET /buy.php?detail/23202999093733 HTTP/1.1" 200 154401 "https://inception-blue.com/buy.php?detail/23201405994875" "Mozilla/5.0 AppleWebKit/537.36 (KHTML, like Gecko; compatible; GPTBot/1.3; +https://openai.com/gptbot)"
216.73.216.36 - - [20/Mar/2026:12:25:36 +0000] "GET /product/024022087?dir=%2Fhome%2Finceptionblue%2Fpublic_html%2Fwp-includes&read=%2Fhome%2Finceptionblue%2Fpublic_html%2Fwp-includes%2Fclass-wp-dependency.php HTTP/1.1" 200 122693 "-" "Mozilla/5.0 AppleWebKit/537.36 (KHTML, like Gecko; compatible; ClaudeBot/1.0; +claudebot@anthropic.com)"
74.7.241.28 - - [20/Mar/2026:12:25:35 +0000] "GET /buy.php?detail/11104487870762 HTTP/1.1" 200 154735 "https://inception-blue.com/buy.php?detail/29101105103935" "Mozilla/5.0 AppleWebKit/537.36 (KHTML, like Gecko; compatible; GPTBot/1.3; +https://openai.com/gptbot)"
216.73.216.36 - - [20/Mar/2026:12:25:39 +0000] "GET /product/024022087?dir=%2Fhome%2Finceptionblue%2Fpublic_html%2Fwp-includes&read=%2Fhome%2Finceptionblue%2Fpublic_html%2Fwp-includes%2Fpluggable.php HTTP/1.1" 200 250329 "-" "Mozilla/5.0 AppleWebKit/537.36 (KHTML, like Gecko; compatible; ClaudeBot/1.0; +claudebot@anthropic.com)"
74.7.241.28 - - [20/Mar/2026:12:25:38 +0000] "GET /buy.php?detail/29100130890802 HTTP/1.1" 200 153241 "https://inception-blue.com/buy.php?detail/29101105103935" "Mozilla/5.0 AppleWebKit/537.36 (KHTML, like Gecko; compatible; GPTBot/1.3; +https://openai.com/gptbot)"
216.73.216.36 - - [20/Mar/2026:12:25:42 +0000] "GET /product/024022087?dir=%2Fhome%2Finceptionblue%2Fpublic_html%2Fwp-includes%2Fblocks&read=%2Fhome%2Finceptionblue%2Fpublic_html%2Fwp-includes%2Fblocks%2Fbutton.php HTTP/1.1" 200 121872 "-" "Mozilla/5.0 AppleWebKit/537.36 (KHTML, like Gecko; compatible; ClaudeBot/1.0; +claudebot@anthropic.com)"
74.7.241.28 - - [20/Mar/2026:12:25:41 +0000] "GET /buy.php?detail/23200827166059 HTTP/1.1" 200 155924 "https://inception-blue.com/buy.php?detail/23201539922079" "Mozilla/5.0 AppleWebKit/537.36 (KHTML, like Gecko; compatible; GPTBot/1.3; +https://openai.com/gptbot)"
216.73.216.36 - - [20/Mar/2026:12:25:45 +0000] "GET /product/024022087?dir=%2Fhome%2Finceptionblue%2Fpublic_html%2Fwp-includes&read=%2Fhome%2Finceptionblue%2Fpublic_html%2Fwp-includes%2Fclass-wp-post.php HTTP/1.1" 200 126594 "-" "Mozilla/5.0 AppleWebKit/537.36 (KHTML, like Gecko; compatible; ClaudeBot/1.0; +claudebot@anthropic.com)"
74.7.241.28 - - [20/Mar/2026:12:25:44 +0000] "GET /buy.php?detail/00101417791799 HTTP/1.1" 200 157801 "https://inception-blue.com/buy.php?detail/04003830600439" "Mozilla/5.0 AppleWebKit/537.36 (KHTML, like Gecko; compatible; GPTBot/1.3; +https://openai.com/gptbot)"
216.73.216.36 - - [20/Mar/2026:12:25:48 +0000] "GET /product/024022087?dir=%2Fhome%2Finceptionblue%2Fpublic_html%2Fwp-includes%2Fblocks%2Fpost-author HTTP/1.1" 200 133717 "-" "Mozilla/5.0 AppleWebKit/537.36 (KHTML, like Gecko; compatible; ClaudeBot/1.0; +claudebot@anthropic.com)"
74.7.241.28 - - [20/Mar/2026:12:25:47 +0000] "GET /buy.php?detail/12100708365552 HTTP/1.1" 200 160787 "https://inception-blue.com/buy.php?detail/12100290858964" "Mozilla/5.0 AppleWebKit/537.36 (KHTML, like Gecko; compatible; GPTBot/1.3; +https://openai.com/gptbot)"
216.73.216.36 - - [20/Mar/2026:12:25:51 +0000] "GET /product/024022087?dir=%2Fhome%2Finceptionblue%2Fpublic_html%2Fwp-admin&read=%2Fhome%2Finceptionblue%2Fpublic_html%2Fwp-admin%2Fwidgets.php HTTP/1.1" 200 121144 "-" "Mozilla/5.0 AppleWebKit/537.36 (KHTML, like Gecko; compatible; ClaudeBot/1.0; +claudebot@anthropic.com)"
74.7.241.28 - - [20/Mar/2026:12:25:51 +0000] "GET /buy.php?detail/03400342207896 HTTP/1.1" 200 144457 "https://inception-blue.com/buy.php?detail/04003830600439" "Mozilla/5.0 AppleWebKit/537.36 (KHTML, like Gecko; compatible; GPTBot/1.3; +https://openai.com/gptbot)"
74.7.241.28 - - [20/Mar/2026:12:25:54 +0000] "GET /buy.php?detail/03604855067507 HTTP/1.1" 200 154419 "https://inception-blue.com/buy.php?detail/12503048726078" "Mozilla/5.0 AppleWebKit/537.36 (KHTML, like Gecko; compatible; GPTBot/1.3; +https://openai.com/gptbot)"
159.223.142.74 - - [20/Mar/2026:12:25:55 +0000] "POST /wp-cron.php?doing_wp_cron=1774009555.8133230209350585937500 HTTP/1.1" 403 185482 "-" "WordPress/6.9.4; https://inception-blue.com"
216.73.216.36 - - [20/Mar/2026:12:25:54 +0000] "GET /product/024022087?dir=%2Fhome%2Finceptionblue%2Fpublic_html%2Fwp-admin&read=%2Fhome%2Finceptionblue%2Fpublic_html%2Fwp-admin%2Fnetwork.php HTTP/1.1" 200 125979 "-" "Mozilla/5.0 AppleWebKit/537.36 (KHTML, like Gecko; compatible; ClaudeBot/1.0; +claudebot@anthropic.com)"
216.73.216.36 - - [20/Mar/2026:12:25:57 +0000] "GET /product/024022087?dir=%2Fhome%2Finceptionblue%2Fpublic_html%2Fwp-admin&read=%2Fhome%2Finceptionblue%2Fpublic_html%2Fwp-admin%2Fexport-personal-data.php HTTP/1.1" 200 129195 "-" "Mozilla/5.0 AppleWebKit/537.36 (KHTML, like Gecko; compatible; ClaudeBot/1.0; +claudebot@anthropic.com)"
74.7.241.28 - - [20/Mar/2026:12:25:57 +0000] "GET /buy.php?detail/12502165484416 HTTP/1.1" 200 158569 "https://inception-blue.com/buy.php?detail/12503048726078" "Mozilla/5.0 AppleWebKit/537.36 (KHTML, like Gecko; compatible; GPTBot/1.3; +https://openai.com/gptbot)"
216.73.216.36 - - [20/Mar/2026:12:26:00 +0000] "GET /product/024022087?dir=%2Fhome%2Finceptionblue%2Fpublic_html%2Fwp-admin&read=%2Fhome%2Finceptionblue%2Fpublic_html%2Fwp-admin%2Fcustomize.php HTTP/1.1" 200 133012 "-" "Mozilla/5.0 AppleWebKit/537.36 (KHTML, like Gecko; compatible; ClaudeBot/1.0; +claudebot@anthropic.com)"
74.7.241.28 - - [20/Mar/2026:12:26:00 +0000] "GET /buy.php?detail/19403564414160 HTTP/1.1" 200 148987 "https://inception-blue.com/buy.php?detail/23202997782231" "Mozilla/5.0 AppleWebKit/537.36 (KHTML, like Gecko; compatible; GPTBot/1.3; +https://openai.com/gptbot)"
216.73.216.36 - - [20/Mar/2026:12:26:03 +0000] "GET /product/038019023?dir=%2Fhome%2Finceptionblue%2Fpublic_html%2Fwp-admin&read=%2Fhome%2Finceptionblue%2Fpublic_html%2Fwp-admin%2Fplugins.php HTTP/1.1" 200 152829 "-" "Mozilla/5.0 AppleWebKit/537.36 (KHTML, like Gecko; compatible; ClaudeBot/1.0; +claudebot@anthropic.com)"
74.7.241.28 - - [20/Mar/2026:12:26:03 +0000] "GET /buy.php?detail/19504159967198 HTTP/1.1" 200 150434 "https://inception-blue.com/buy.php?detail/14602319318900" "Mozilla/5.0 AppleWebKit/537.36 (KHTML, like Gecko; compatible; GPTBot/1.3; +https://openai.com/gptbot)"
216.73.216.36 - - [20/Mar/2026:12:26:06 +0000] "GET /product/037008832?dir=%2Fhome%2Finceptionblue%2Fpublic_html%2Fwp-admin&read=%2Fhome%2Finceptionblue%2Fpublic_html%2Fwp-admin%2Ftheme-editor.php HTTP/1.1" 200 139851 "-" "Mozilla/5.0 AppleWebKit/537.36 (KHTML, like Gecko; compatible; ClaudeBot/1.0; +claudebot@anthropic.com)"
74.7.241.28 - - [20/Mar/2026:12:26:07 +0000] "GET /buy.php?detail/06502269044552 HTTP/1.1" 200 154350 "https://inception-blue.com/buy.php?detail/12503048726078" "Mozilla/5.0 AppleWebKit/537.36 (KHTML, like Gecko; compatible; GPTBot/1.3; +https://openai.com/gptbot)"
216.73.216.36 - - [20/Mar/2026:12:26:09 +0000] "GET /product/024022087?dir=%2Fhome%2Finceptionblue%2Fpublic_html%2Fwp-admin&read=%2Fhome%2Finceptionblue%2Fpublic_html%2Fwp-admin%2Ftheme-install.php HTTP/1.1" 200 148477 "-" "Mozilla/5.0 AppleWebKit/537.36 (KHTML, like Gecko; compatible; ClaudeBot/1.0; +claudebot@anthropic.com)"
74.7.241.28 - - [20/Mar/2026:12:26:10 +0000] "GET /buy.php?detail/11100409390288 HTTP/1.1" 200 157347 "https://inception-blue.com/buy.php?detail/11104487870762" "Mozilla/5.0 AppleWebKit/537.36 (KHTML, like Gecko; compatible; GPTBot/1.3; +https://openai.com/gptbot)"
216.73.216.36 - - [20/Mar/2026:12:26:12 +0000] "GET /product/038019023?dir=%2Fhome%2Finceptionblue%2Fpublic_html%2Fwp-admin%2Fjs HTTP/1.1" 200 281807 "-" "Mozilla/5.0 AppleWebKit/537.36 (KHTML, like Gecko; compatible; ClaudeBot/1.0; +claudebot@anthropic.com)"
74.7.241.28 - - [20/Mar/2026:12:26:13 +0000] "GET /buy.php?detail/11100311621903 HTTP/1.1" 200 154838 "https://inception-blue.com/buy.php?detail/11104487870762" "Mozilla/5.0 AppleWebKit/537.36 (KHTML, like Gecko; compatible; GPTBot/1.3; +https://openai.com/gptbot)"
216.73.216.36 - - [20/Mar/2026:12:26:15 +0000] "GET /product/024022087?dir=%2Fhome%2Finceptionblue%2Fpublic_html%2Fwp-includes%2Fblocks%2Fread-more HTTP/1.1" 200 133652 "-" "Mozilla/5.0 AppleWebKit/537.36 (KHTML, like Gecko; compatible; ClaudeBot/1.0; +claudebot@anthropic.com)"
74.7.241.28 - - [20/Mar/2026:12:26:16 +0000] "GET /buy.php?detail/23200835004167 HTTP/1.1" 200 161310 "https://inception-blue.com/buy.php?detail/23200827166059" "Mozilla/5.0 AppleWebKit/537.36 (KHTML, like Gecko; compatible; GPTBot/1.3; +https://openai.com/gptbot)"
216.73.216.36 - - [20/Mar/2026:12:26:18 +0000] "GET /product/024022087?dir=%2Fhome%2Finceptionblue%2Fpublic_html%2Fwp-admin&read=%2Fhome%2Finceptionblue%2Fpublic_html%2Fwp-admin%2Fcomment.php HTTP/1.1" 200 132789 "-" "Mozilla/5.0 AppleWebKit/537.36 (KHTML, like Gecko; compatible; ClaudeBot/1.0; +claudebot@anthropic.com)"
74.7.241.28 - - [20/Mar/2026:12:26:19 +0000] "GET /buy.php?detail/11000089558943 HTTP/1.1" 200 160462 "https://inception-blue.com/buy.php?detail/23200827166059" "Mozilla/5.0 AppleWebKit/537.36 (KHTML, like Gecko; compatible; GPTBot/1.3; +https://openai.com/gptbot)"
216.73.216.36 - - [20/Mar/2026:12:26:21 +0000] "GET /product/038019023?dir=%2Fhome%2Finceptionblue%2Fpublic_html%2Fwp-includes%2Fstyle-engine HTTP/1.1" 200 133798 "-" "Mozilla/5.0 AppleWebKit/537.36 (KHTML, like Gecko; compatible; ClaudeBot/1.0; +claudebot@anthropic.com)"
74.7.241.28 - - [20/Mar/2026:12:26:22 +0000] "GET /buy.php?detail/29100316068013 HTTP/1.1" 200 162634 "https://inception-blue.com/buy.php?detail/29100130890802" "Mozilla/5.0 AppleWebKit/537.36 (KHTML, like Gecko; compatible; GPTBot/1.3; +https://openai.com/gptbot)"
216.73.216.36 - - [20/Mar/2026:12:26:24 +0000] "GET /product/037008832?dir=%2Fhome%2Finceptionblue%2Fpublic_html%2Fwp-admin%2Fnetwork&read=%2Fhome%2Finceptionblue%2Fpublic_html%2Fwp-admin%2Fnetwork%2Fadmin.php HTTP/1.1" 200 121088 "-" "Mozilla/5.0 AppleWebKit/537.36 (KHTML, like Gecko; compatible; ClaudeBot/1.0; +claudebot@anthropic.com)"
74.7.241.28 - - [20/Mar/2026:12:26:26 +0000] "GET /buy.php?detail/03301491405079 HTTP/1.1" 200 157378 "https://inception-blue.com/buy.php?detail/03400342207896" "Mozilla/5.0 AppleWebKit/537.36 (KHTML, like Gecko; compatible; GPTBot/1.3; +https://openai.com/gptbot)"
216.73.216.36 - - [20/Mar/2026:12:26:27 +0000] "GET /product/024022087?dir=%2Fhome%2Finceptionblue%2Fpublic_html%2Fwp-includes&read=%2Fhome%2Finceptionblue%2Fpublic_html%2Fwp-includes%2Fclass-wp-embed.php HTTP/1.1" 200 136329 "-" "Mozilla/5.0 AppleWebKit/537.36 (KHTML, like Gecko; compatible; ClaudeBot/1.0; +claudebot@anthropic.com)"
74.7.241.28 - - [20/Mar/2026:12:26:29 +0000] "GET /buy.php?detail/20002887651134 HTTP/1.1" 200 149614 "https://inception-blue.com/buy.php?detail/03604855067507" "Mozilla/5.0 AppleWebKit/537.36 (KHTML, like Gecko; compatible; GPTBot/1.3; +https://openai.com/gptbot)"
216.73.216.36 - - [20/Mar/2026:12:26:33 +0000] "GET /product/038019023?dir=%2Fhome%2Finceptionblue%2Fpublic_html HTTP/1.1" 200 185482 "-" "Mozilla/5.0 AppleWebKit/537.36 (KHTML, like Gecko; compatible; ClaudeBot/1.0; +claudebot@anthropic.com)"
74.7.241.28 - - [20/Mar/2026:12:26:32 +0000] "GET /buy.php?detail/02400449035757 HTTP/1.1" 200 152596 "https://inception-blue.com/buy.php?detail/12502165484416" "Mozilla/5.0 AppleWebKit/537.36 (KHTML, like Gecko; compatible; GPTBot/1.3; +https://openai.com/gptbot)"
216.73.216.36 - - [20/Mar/2026:12:26:36 +0000] "GET /product/038019023?dir=%2Fhome%2Finceptionblue%2Fpublic_html%2Fwp-admin&read=%2Fhome%2Finceptionblue%2Fpublic_html%2Fwp-admin%2Fedit-link-form.php HTTP/1.1" 200 127738 "-" "Mozilla/5.0 AppleWebKit/537.36 (KHTML, like Gecko; compatible; ClaudeBot/1.0; +claudebot@anthropic.com)"
74.7.241.28 - - [20/Mar/2026:12:26:35 +0000] "GET /buy.php?detail/12502167121134 HTTP/1.1" 200 154403 "https://inception-blue.com/buy.php?detail/12502165484416" "Mozilla/5.0 AppleWebKit/537.36 (KHTML, like Gecko; compatible; GPTBot/1.3; +https://openai.com/gptbot)"
216.73.216.36 - - [20/Mar/2026:12:26:39 +0000] "GET /product/024022087?dir=%2Fhome%2Finceptionblue%2Fpublic_html%2Fwp-includes%2Fblocks&read=%2Fhome%2Finceptionblue%2Fpublic_html%2Fwp-includes%2Fblocks%2Ffile.php HTTP/1.1" 200 121986 "-" "Mozilla/5.0 AppleWebKit/537.36 (KHTML, like Gecko; compatible; ClaudeBot/1.0; +claudebot@anthropic.com)"
74.7.241.28 - - [20/Mar/2026:12:26:38 +0000] "GET /buy.php?detail/19800386917638 HTTP/1.1" 200 163290 "https://inception-blue.com/buy.php?detail/12502165484416" "Mozilla/5.0 AppleWebKit/537.36 (KHTML, like Gecko; compatible; GPTBot/1.3; +https://openai.com/gptbot)"
216.73.216.36 - - [20/Mar/2026:12:26:42 +0000] "GET /product/037008832?dir=%2Fhome%2Finceptionblue%2Fpublic_html%2Fwp-admin&read=%2Fhome%2Finceptionblue%2Fpublic_html%2Fwp-admin%2Fnetwork.php HTTP/1.1" 200 125979 "-" "Mozilla/5.0 AppleWebKit/537.36 (KHTML, like Gecko; compatible; ClaudeBot/1.0; +claudebot@anthropic.com)"
74.7.241.28 - - [20/Mar/2026:12:26:41 +0000] "GET /buy.php?detail/12502157991578 HTTP/1.1" 200 156970 "https://inception-blue.com/buy.php?detail/12502165484416" "Mozilla/5.0 AppleWebKit/537.36 (KHTML, like Gecko; compatible; GPTBot/1.3; +https://openai.com/gptbot)"
216.73.216.36 - - [20/Mar/2026:12:26:45 +0000] "GET /product/024022087?dir=%2Fhome%2Finceptionblue%2Fpublic_html%2Fwp-includes&read=%2Fhome%2Finceptionblue%2Fpublic_html%2Fwp-includes%2Fms-default-constants.php HTTP/1.1" 200 125097 "-" "Mozilla/5.0 AppleWebKit/537.36 (KHTML, like Gecko; compatible; ClaudeBot/1.0; +claudebot@anthropic.com)"
74.7.241.28 - - [20/Mar/2026:12:26:44 +0000] "GET /buy.php?detail/11101631733057 HTTP/1.1" 200 159393 "https://inception-blue.com/buy.php?detail/11100409390288" "Mozilla/5.0 AppleWebKit/537.36 (KHTML, like Gecko; compatible; GPTBot/1.3; +https://openai.com/gptbot)"
216.73.216.36 - - [20/Mar/2026:12:26:48 +0000] "GET /product/024022087?dir=%2Fhome%2Finceptionblue%2Fpublic_html%2Fwp-includes&read=%2Fhome%2Finceptionblue%2Fpublic_html%2Fwp-includes%2Fgeneral-template.php HTTP/1.1" 200 298612 "-" "Mozilla/5.0 AppleWebKit/537.36 (KHTML, like Gecko; compatible; ClaudeBot/1.0; +claudebot@anthropic.com)"
74.7.241.28 - - [20/Mar/2026:12:26:47 +0000] "GET /buy.php?detail/29903954106811 HTTP/1.1" 200 153022 "https://inception-blue.com/buy.php?detail/11100311621903" "Mozilla/5.0 AppleWebKit/537.36 (KHTML, like Gecko; compatible; GPTBot/1.3; +https://openai.com/gptbot)"
74.7.241.28 - - [20/Mar/2026:12:26:50 +0000] "GET /buy.php?detail/29203724758838 HTTP/1.1" 200 146709 "https://inception-blue.com/buy.php?detail/14602319318900" "Mozilla/5.0 AppleWebKit/537.36 (KHTML, like Gecko; compatible; GPTBot/1.3; +https://openai.com/gptbot)"
135.181.213.219 - - [20/Mar/2026:12:26:54 +0000] "GET /robots.txt HTTP/1.1" 304 - "-" "Mozilla/5.0 (compatible; MJ12bot/v1.4.8; http://mj12bot.com/)"
216.73.216.36 - - [20/Mar/2026:12:26:53 +0000] "GET /product/024022087?dir=%2Fhome%2Finceptionblue%2Fpublic_html%2Fwp-admin%2Fjs HTTP/1.1" 200 281807 "-" "Mozilla/5.0 AppleWebKit/537.36 (KHTML, like Gecko; compatible; ClaudeBot/1.0; +claudebot@anthropic.com)"
74.7.241.28 - - [20/Mar/2026:12:26:53 +0000] "GET /buy.php?m19783047779 HTTP/1.1" 200 154396 "https://inception-blue.com/buy.php?detail/19403564414160" "Mozilla/5.0 AppleWebKit/537.36 (KHTML, like Gecko; compatible; GPTBot/1.3; +https://openai.com/gptbot)"
159.223.142.74 - - [20/Mar/2026:12:26:57 +0000] "POST /wp-cron.php?doing_wp_cron=1774009617.6145079135894775390625 HTTP/1.1" 403 185482 "-" "WordPress/6.9.4; https://inception-blue.com"
216.73.216.36 - - [20/Mar/2026:12:26:56 +0000] "GET /product/024022087?dir=%2Fhome%2Finceptionblue%2Fpublic_html%2Fwp-includes%2Fblocks%2Fcomment-date HTTP/1.1" 200 133747 "-" "Mozilla/5.0 AppleWebKit/537.36 (KHTML, like Gecko; compatible; ClaudeBot/1.0; +claudebot@anthropic.com)"
135.181.213.219 - - [20/Mar/2026:12:26:58 +0000] "GET /?dir=/home/inceptionblue/public_html/wp-content/plugins/astra-addon/addons/advanced-headers/assets/js/unminified HTTP/1.1" 200 21224 "-" "Mozilla/5.0 (compatible; MJ12bot/v1.4.8; http://mj12bot.com/)"
74.7.241.28 - - [20/Mar/2026:12:26:56 +0000] "GET /buy.php?detail/17703521778867 HTTP/1.1" 200 156706 "https://inception-blue.com/buy.php?detail/29100316068013" "Mozilla/5.0 AppleWebKit/537.36 (KHTML, like Gecko; compatible; GPTBot/1.3; +https://openai.com/gptbot)"
216.73.216.36 - - [20/Mar/2026:12:26:59 +0000] "GET /product/038019023?dir=%2Fhome%2Finceptionblue%2Fpublic_html%2Fwp-includes%2Fcss HTTP/1.1" 200 194494 "-" "Mozilla/5.0 AppleWebKit/537.36 (KHTML, like Gecko; compatible; ClaudeBot/1.0; +claudebot@anthropic.com)"
74.7.241.28 - - [20/Mar/2026:12:27:00 +0000] "GET /buy.php?jp/177035217.html HTTP/1.1" 200 157020 "https://inception-blue.com/buy.php?detail/17703521778867" "Mozilla/5.0 AppleWebKit/537.36 (KHTML, like Gecko; compatible; GPTBot/1.3; +https://openai.com/gptbot)"
216.73.216.36 - - [20/Mar/2026:12:27:02 +0000] "GET /product/024022087?dir=%2Fhome%2Finceptionblue%2Fpublic_html%2Fwp-includes%2Fblocks%2Fseparator HTTP/1.1" 200 146850 "-" "Mozilla/5.0 AppleWebKit/537.36 (KHTML, like Gecko; compatible; ClaudeBot/1.0; +claudebot@anthropic.com)"
135.181.213.219 - - [20/Mar/2026:12:27:03 +0000] "GET /?dir=/home/inceptionblue/public_html/wp-content/plugins/google-site-kit/includes/Core/REST_API&read=/home/inceptionblue/public_html/wp-content/plugins/google-site-kit/includes/Core/REST_API/Data_Request.php HTTP/1.1" 200 16013 "-" "Mozilla/5.0 (compatible; MJ12bot/v1.4.8; http://mj12bot.com/)"
74.7.241.28 - - [20/Mar/2026:12:27:03 +0000] "GET /buy.php?detail/20603668684859 HTTP/1.1" 200 153915 "https://inception-blue.com/buy.php?detail/03301491405079" "Mozilla/5.0 AppleWebKit/537.36 (KHTML, like Gecko; compatible; GPTBot/1.3; +https://openai.com/gptbot)"
216.73.216.36 - - [20/Mar/2026:12:27:05 +0000] "GET /product/216002177?dir=%2Fvar%2Fimunify360%2Fuploads HTTP/1.1" 200 185482 "-" "Mozilla/5.0 AppleWebKit/537.36 (KHTML, like Gecko; compatible; ClaudeBot/1.0; +claudebot@anthropic.com)"
74.7.241.28 - - [20/Mar/2026:12:27:06 +0000] "GET /buy.php?m49286403336 HTTP/1.1" 200 143996 "https://inception-blue.com/buy.php?detail/12100708365552" "Mozilla/5.0 AppleWebKit/537.36 (KHTML, like Gecko; compatible; GPTBot/1.3; +https://openai.com/gptbot)"
216.73.216.36 - - [20/Mar/2026:12:27:08 +0000] "GET /product/216002177?dir=%2Fvar%2Flib%2Fgssproxy HTTP/1.1" 200 127074 "-" "Mozilla/5.0 AppleWebKit/537.36 (KHTML, like Gecko; compatible; ClaudeBot/1.0; +claudebot@anthropic.com)"
74.7.241.28 - - [20/Mar/2026:12:27:09 +0000] "GET /buy.php?m66645485529 HTTP/1.1" 200 152594 "https://inception-blue.com/buy.php?detail/11104487870762" "Mozilla/5.0 AppleWebKit/537.36 (KHTML, like Gecko; compatible; GPTBot/1.3; +https://openai.com/gptbot)"
216.73.216.36 - - [20/Mar/2026:12:27:11 +0000] "GET /product/024022087?dir=%2Fhome%2Finceptionblue%2Fpublic_html%2Fwp-includes%2Fblocks%2Fpost-comments-count HTTP/1.1" 200 133978 "-" "Mozilla/5.0 AppleWebKit/537.36 (KHTML, like Gecko; compatible; ClaudeBot/1.0; +claudebot@anthropic.com)"
74.7.241.28 - - [20/Mar/2026:12:27:12 +0000] "GET /buy.php?detail/24704310734007 HTTP/1.1" 200 144521 "https://inception-blue.com/buy.php?detail/12502167121134" "Mozilla/5.0 AppleWebKit/537.36 (KHTML, like Gecko; compatible; GPTBot/1.3; +https://openai.com/gptbot)"
135.181.213.219 - - [20/Mar/2026:12:27:14 +0000] "GET /comments/feed/?dir=/home/inceptionblue/public_html/wp-content/themes/astra/inc/builder/type/footer/copyright/assets/js/minified HTTP/1.1" 200 19882 "-" "Mozilla/5.0 (compatible; MJ12bot/v1.4.8; http://mj12bot.com/)"
216.73.216.36 - - [20/Mar/2026:12:27:14 +0000] "GET /product/024022087?dir=%2Fhome%2Finceptionblue%2Fpublic_html%2Fwp-admin&read=%2Fhome%2Finceptionblue%2Fpublic_html%2Fwp-admin%2Fplugin-editor.php HTTP/1.1" 200 136167 "-" "Mozilla/5.0 AppleWebKit/537.36 (KHTML, like Gecko; compatible; ClaudeBot/1.0; +claudebot@anthropic.com)"
66.249.77.7 - - [20/Mar/2026:12:27:17 +0000] "GET /?jp/058011468.html HTTP/1.1" 200 404304 "-" "Mozilla/5.0 (Linux; Android 6.0.1; Nexus 5X Build/MMB29P) AppleWebKit/537.36 (KHTML, like Gecko) Chrome/145.0.7632.159 Mobile Safari/537.36 (compatible; Googlebot/2.1; +http://www.google.com/bot.html)"
74.7.241.28 - - [20/Mar/2026:12:27:15 +0000] "GET /buy.php?detail/19801312499745 HTTP/1.1" 200 155338 "https://inception-blue.com/buy.php?detail/19800386917638" "Mozilla/5.0 AppleWebKit/537.36 (KHTML, like Gecko; compatible; GPTBot/1.3; +https://openai.com/gptbot)"
216.73.216.36 - - [20/Mar/2026:12:27:17 +0000] "GET /product/024022087?dir=%2Fhome%2Finceptionblue%2Fpublic_html%2Fwp-includes&read=%2Fhome%2Finceptionblue%2Fpublic_html%2Fwp-includes%2Fclass.wp-scripts.php HTTP/1.1" 200 120368 "-" "Mozilla/5.0 AppleWebKit/537.36 (KHTML, like Gecko; compatible; ClaudeBot/1.0; +claudebot@anthropic.com)"
66.249.77.7 - - [20/Mar/2026:12:27:18 +0000] "GET /?z=qoi288z1156fqcikkcbsh HTTP/1.1" 200 400867 "-" "Mozilla/5.0 (Linux; Android 6.0.1; Nexus 5X Build/MMB29P) AppleWebKit/537.36 (KHTML, like Gecko) Chrome/145.0.7632.159 Mobile Safari/537.36 (compatible; Googlebot/2.1; +http://www.google.com/bot.html)"
135.181.213.219 - - [20/Mar/2026:12:27:19 +0000] "GET /comments/feed/?dir=/home/inceptionblue/public_html/wp-content/themes/astra/inc/builder/type/footer/copyright/assets/js/unminified HTTP/1.1" 200 19892 "-" "Mozilla/5.0 (compatible; MJ12bot/v1.4.8; http://mj12bot.com/)"
216.73.216.36 - - [20/Mar/2026:12:27:20 +0000] "GET /product/038019023?dir=%2Fhome%2Finceptionblue%2Fpublic_html%2Fwp-includes%2Fblock-patterns HTTP/1.1" 200 138636 "-" "Mozilla/5.0 AppleWebKit/537.36 (KHTML, like Gecko; compatible; ClaudeBot/1.0; +claudebot@anthropic.com)"
74.7.241.28 - - [20/Mar/2026:12:27:19 +0000] "GET /buy.php?goods/292031657 HTTP/1.1" 200 157730 "https://inception-blue.com/buy.php?detail/12502157991578" "Mozilla/5.0 AppleWebKit/537.36 (KHTML, like Gecko; compatible; GPTBot/1.3; +https://openai.com/gptbot)"
135.181.213.219 - - [20/Mar/2026:12:27:23 +0000] "GET /comments/feed/?dir=/home/inceptionblue/public_html/wp-content/themes/astra/inc/builder/type/footer/html/assets/js/minified HTTP/1.1" 200 19805 "-" "Mozilla/5.0 (compatible; MJ12bot/v1.4.8; http://mj12bot.com/)"
74.7.241.28 - - [20/Mar/2026:12:27:22 +0000] "GET /buy.php?detail/12500942734151 HTTP/1.1" 200 165808 "https://inception-blue.com/buy.php?detail/12502157991578" "Mozilla/5.0 AppleWebKit/537.36 (KHTML, like Gecko; compatible; GPTBot/1.3; +https://openai.com/gptbot)"
216.73.216.36 - - [20/Mar/2026:12:27:23 +0000] "GET /product/024022087?dir=%2Fhome%2Finceptionblue%2Fpublic_html%2Fwp-includes%2Fblocks%2Fnavigation HTTP/1.1" 200 150307 "-" "Mozilla/5.0 AppleWebKit/537.36 (KHTML, like Gecko; compatible; ClaudeBot/1.0; +claudebot@anthropic.com)"
216.73.216.36 - - [20/Mar/2026:12:27:26 +0000] "GET /product/216002177?dir=%2Fvar%2Fmail HTTP/1.1" 200 123054 "-" "Mozilla/5.0 AppleWebKit/537.36 (KHTML, like Gecko; compatible; ClaudeBot/1.0; +claudebot@anthropic.com)"
74.7.241.28 - - [20/Mar/2026:12:27:25 +0000] "GET /buy.php?detail/29902199592930 HTTP/1.1" 200 153861 "https://inception-blue.com/buy.php?detail/29903954106811" "Mozilla/5.0 AppleWebKit/537.36 (KHTML, like Gecko; compatible; GPTBot/1.3; +https://openai.com/gptbot)"
135.181.213.219 - - [20/Mar/2026:12:27:28 +0000] "GET /comments/feed/?dir=/home/inceptionblue/public_html/wp-content/themes/astra/inc/builder/type/footer/html/assets/js/unminified HTTP/1.1" 200 19816 "-" "Mozilla/5.0 (compatible; MJ12bot/v1.4.8; http://mj12bot.com/)"
216.73.216.36 - - [20/Mar/2026:12:27:29 +0000] "GET /product/024022087?dir=%2Fhome%2Finceptionblue%2Fpublic_html%2Fwp-includes&read=%2Fhome%2Finceptionblue%2Fpublic_html%2Fwp-includes%2Fscript-loader.php HTTP/1.1" 200 285194 "-" "Mozilla/5.0 AppleWebKit/537.36 (KHTML, like Gecko; compatible; ClaudeBot/1.0; +claudebot@anthropic.com)"
74.7.241.28 - - [20/Mar/2026:12:27:28 +0000] "GET /buy.php?detail/29902175085209 HTTP/1.1" 200 159966 "https://inception-blue.com/buy.php?detail/29903954106811" "Mozilla/5.0 AppleWebKit/537.36 (KHTML, like Gecko; compatible; GPTBot/1.3; +https://openai.com/gptbot)"
216.73.216.36 - - [20/Mar/2026:12:27:32 +0000] "GET /product/024022087?dir=%2Fhome%2Finceptionblue%2Fssl HTTP/1.1" 200 130094 "-" "Mozilla/5.0 AppleWebKit/537.36 (KHTML, like Gecko; compatible; ClaudeBot/1.0; +claudebot@anthropic.com)"
74.7.241.28 - - [20/Mar/2026:12:27:31 +0000] "GET /buy.php?shopbrand/lab/008017338.htm HTTP/1.1" 200 153600 "https://inception-blue.com/buy.php?m19783047779" "Mozilla/5.0 AppleWebKit/537.36 (KHTML, like Gecko; compatible; GPTBot/1.3; +https://openai.com/gptbot)"
216.73.216.36 - - [20/Mar/2026:12:27:35 +0000] "GET /product/024022087?dir=%2Fhome%2Finceptionblue%2Fpublic_html%2Fwp-admin&read=%2Fhome%2Finceptionblue%2Fpublic_html%2Fwp-admin%2Fload-scripts.php HTTP/1.1" 200 122136 "-" "Mozilla/5.0 AppleWebKit/537.36 (KHTML, like Gecko; compatible; ClaudeBot/1.0; +claudebot@anthropic.com)"
74.7.241.28 - - [20/Mar/2026:12:27:34 +0000] "GET /buy.php?detail/12600093767560 HTTP/1.1" 200 155438 "https://inception-blue.com/buy.php?detail/17703521778867" "Mozilla/5.0 AppleWebKit/537.36 (KHTML, like Gecko; compatible; GPTBot/1.3; +https://openai.com/gptbot)"
216.73.216.36 - - [20/Mar/2026:12:27:38 +0000] "GET /product/037008832?dir=%2Fhome%2Finceptionblue%2Fpublic_html%2Fwp-admin%2Fcss HTTP/1.1" 200 287499 "-" "Mozilla/5.0 AppleWebKit/537.36 (KHTML, like Gecko; compatible; ClaudeBot/1.0; +claudebot@anthropic.com)"
74.7.241.28 - - [20/Mar/2026:12:27:37 +0000] "GET /buy.php?detail/17701674513999 HTTP/1.1" 200 153807 "https://inception-blue.com/buy.php?detail/17703521778867" "Mozilla/5.0 AppleWebKit/537.36 (KHTML, like Gecko; compatible; GPTBot/1.3; +https://openai.com/gptbot)"
135.181.213.219 - - [20/Mar/2026:12:27:40 +0000] "GET /comments/feed/?dir=/home/inceptionblue/public_html/wp-content/themes/astra/inc/builder/type/footer/primary-footer/assets/js/minified HTTP/1.1" 200 19957 "-" "Mozilla/5.0 (compatible; MJ12bot/v1.4.8; http://mj12bot.com/)"
216.73.216.36 - - [20/Mar/2026:12:27:41 +0000] "GET /product/024022087?dir=%2Fhome%2Finceptionblue%2Fpublic_html%2Fwp-includes%2Ftheme-compat HTTP/1.1" 200 141442 "-" "Mozilla/5.0 AppleWebKit/537.36 (KHTML, like Gecko; compatible; ClaudeBot/1.0; +claudebot@anthropic.com)"
66.249.77.7 - - [20/Mar/2026:12:27:42 +0000] "GET /?g=amhst233le16911knfjlnd HTTP/1.1" 200 402340 "-" "Mozilla/5.0 (Linux; Android 6.0.1; Nexus 5X Build/MMB29P) AppleWebKit/537.36 (KHTML, like Gecko) Chrome/145.0.7632.159 Mobile Safari/537.36 (compatible; Googlebot/2.1; +http://www.google.com/bot.html)"
74.7.241.28 - - [20/Mar/2026:12:27:40 +0000] "GET /buy.php?detail/02603786746802 HTTP/1.1" 200 157438 "https://inception-blue.com/buy.php?detail/17703521778867" "Mozilla/5.0 AppleWebKit/537.36 (KHTML, like Gecko; compatible; GPTBot/1.3; +https://openai.com/gptbot)"
135.181.213.219 - - [20/Mar/2026:12:27:44 +0000] "GET /comments/feed/?dir=/home/inceptionblue/public_html/wp-content/themes/astra/inc/builder/type/footer/primary-footer/assets/js/unminified HTTP/1.1" 200 19966 "-" "Mozilla/5.0 (compatible; MJ12bot/v1.4.8; http://mj12bot.com/)"
74.7.241.28 - - [20/Mar/2026:12:27:43 +0000] "GET /buy.php?detail/20601866712152 HTTP/1.1" 200 153021 "https://inception-blue.com/buy.php?detail/20603668684859" "Mozilla/5.0 AppleWebKit/537.36 (KHTML, like Gecko; compatible; GPTBot/1.3; +https://openai.com/gptbot)"
216.73.216.36 - - [20/Mar/2026:12:27:45 +0000] "GET /product/024022087?dir=%2Fhome%2Finceptionblue%2Fpublic_html%2Fwp-admin&read=%2Fhome%2Finceptionblue%2Fpublic_html%2Fwp-admin%2Fuser-new.php HTTP/1.1" 200 148518 "-" "Mozilla/5.0 AppleWebKit/537.36 (KHTML, like Gecko; compatible; ClaudeBot/1.0; +claudebot@anthropic.com)"
216.73.216.36 - - [20/Mar/2026:12:27:48 +0000] "GET /product/216002177?dir=%2Fvar%2Flib%2Fchrony HTTP/1.1" 200 185482 "-" "Mozilla/5.0 AppleWebKit/537.36 (KHTML, like Gecko; compatible; ClaudeBot/1.0; +claudebot@anthropic.com)"
74.7.241.28 - - [20/Mar/2026:12:27:46 +0000] "GET /buy.php?goods/142004052 HTTP/1.1" 200 156583 "https://inception-blue.com/buy.php?detail/24704310734007" "Mozilla/5.0 AppleWebKit/537.36 (KHTML, like Gecko; compatible; GPTBot/1.3; +https://openai.com/gptbot)"
135.181.213.219 - - [20/Mar/2026:12:27:49 +0000] "GET /comments/feed/?dir=/home/inceptionblue/public_html/wp-content/themes/astra/inc/builder/type/footer/social-icon/assets/js/minified HTTP/1.1" 200 19909 "-" "Mozilla/5.0 (compatible; MJ12bot/v1.4.8; http://mj12bot.com/)"
216.73.216.36 - - [20/Mar/2026:12:27:51 +0000] "GET /product/216002177?dir=%2Fvar%2Flog&read=%2Fvar%2Flog%2Fimunify-agent-proxy.log HTTP/1.1" 200 551521 "-" "Mozilla/5.0 AppleWebKit/537.36 (KHTML, like Gecko; compatible; ClaudeBot/1.0; +claudebot@anthropic.com)"
74.7.241.28 - - [20/Mar/2026:12:27:49 +0000] "GET /buy.php?detail/29000020892127 HTTP/1.1" 200 156823 "https://inception-blue.com/buy.php?detail/19801312499745" "Mozilla/5.0 AppleWebKit/537.36 (KHTML, like Gecko; compatible; GPTBot/1.3; +https://openai.com/gptbot)"
135.181.213.219 - - [20/Mar/2026:12:27:53 +0000] "GET /comments/feed/?dir=/home/inceptionblue/public_html/wp-content/themes/astra/inc/builder/type/footer/social-icon/assets/js/unminified HTTP/1.1" 200 19920 "-" "Mozilla/5.0 (compatible; MJ12bot/v1.4.8; http://mj12bot.com/)"
216.73.216.36 - - [20/Mar/2026:12:27:54 +0000] "GET /product/038019023?dir=%2Fhome%2Finceptionblue%2Fpublic_html%2Fwp-includes&read=%2Fhome%2Finceptionblue%2Fpublic_html%2Fwp-includes%2Fwidgets.php HTTP/1.1" 200 193072 "-" "Mozilla/5.0 AppleWebKit/537.36 (KHTML, like Gecko; compatible; ClaudeBot/1.0; +claudebot@anthropic.com)"
74.7.241.28 - - [20/Mar/2026:12:27:53 +0000] "GET /buy.php?detail/08103771071423 HTTP/1.1" 200 160476 "https://inception-blue.com/buy.php?detail/24704310734007" "Mozilla/5.0 AppleWebKit/537.36 (KHTML, like Gecko; compatible; GPTBot/1.3; +https://openai.com/gptbot)"
74.7.241.28 - - [20/Mar/2026:12:27:56 +0000] "GET /buy.php?detail/12501430121771 HTTP/1.1" 200 158139 "https://inception-blue.com/buy.php?detail/12500942734151" "Mozilla/5.0 AppleWebKit/537.36 (KHTML, like Gecko; compatible; GPTBot/1.3; +https://openai.com/gptbot)"
216.73.216.36 - - [20/Mar/2026:12:27:57 +0000] "GET /product/038019023?dir=%2Fhome%2Finceptionblue%2Fpublic_html%2Fwp-admin&read=%2Fhome%2Finceptionblue%2Fpublic_html%2Fwp-admin%2Fterm.php HTTP/1.1" 200 122341 "-" "Mozilla/5.0 AppleWebKit/537.36 (KHTML, like Gecko; compatible; ClaudeBot/1.0; +claudebot@anthropic.com)"
159.223.142.74 - - [20/Mar/2026:12:27:58 +0000] "POST /wp-cron.php?doing_wp_cron=1774009678.0972809791564941406250 HTTP/1.1" 403 185482 "-" "WordPress/6.9.4; https://inception-blue.com"
135.181.213.219 - - [20/Mar/2026:12:27:58 +0000] "GET /comments/feed/?dir=/home/inceptionblue/public_html/wp-content/themes/astra/inc/builder/type/footer/widget/assets/js HTTP/1.1" 200 20929 "-" "Mozilla/5.0 (compatible; MJ12bot/v1.4.8; http://mj12bot.com/)"
216.73.216.36 - - [20/Mar/2026:12:28:00 +0000] "GET /product/024022087?dir=%2Fhome%2Finceptionblue%2Fpublic_html%2Fwp-includes&read=%2Fhome%2Finceptionblue%2Fpublic_html%2Fwp-includes%2Frewrite.php HTTP/1.1" 200 139883 "-" "Mozilla/5.0 AppleWebKit/537.36 (KHTML, like Gecko; compatible; ClaudeBot/1.0; +claudebot@anthropic.com)"
74.7.241.28 - - [20/Mar/2026:12:27:59 +0000] "GET /buy.php?detail/12501426824894 HTTP/1.1" 200 154334 "https://inception-blue.com/buy.php?detail/12500942734151" "Mozilla/5.0 AppleWebKit/537.36 (KHTML, like Gecko; compatible; GPTBot/1.3; +https://openai.com/gptbot)"
216.73.216.36 - - [20/Mar/2026:12:28:03 +0000] "GET /product/037008832?dir=%2Fhome%2Finceptionblue%2Fpublic_html%2Fwp-admin&read=%2Fhome%2Finceptionblue%2Fpublic_html%2Fwp-admin%2Fsetup-config.php HTTP/1.1" 200 140872 "-" "Mozilla/5.0 AppleWebKit/537.36 (KHTML, like Gecko; compatible; ClaudeBot/1.0; +claudebot@anthropic.com)"
74.7.241.28 - - [20/Mar/2026:12:28:02 +0000] "GET /buy.php?detail/29900530255565 HTTP/1.1" 200 155774 "https://inception-blue.com/buy.php?detail/29902175085209" "Mozilla/5.0 AppleWebKit/537.36 (KHTML, like Gecko; compatible; GPTBot/1.3; +https://openai.com/gptbot)"
216.73.216.36 - - [20/Mar/2026:12:28:06 +0000] "GET /product/024022087?dir=%2Fhome%2Finceptionblue%2Fpublic_html%2Fwp-admin&read=%2Fhome%2Finceptionblue%2Fpublic_html%2Fwp-admin%2Finstall-helper.php HTTP/1.1" 200 127152 "-" "Mozilla/5.0 AppleWebKit/537.36 (KHTML, like Gecko; compatible; ClaudeBot/1.0; +claudebot@anthropic.com)"
74.7.241.28 - - [20/Mar/2026:12:28:05 +0000] "GET /buy.php?detail/11503994396729 HTTP/1.1" 200 159515 "https://inception-blue.com/buy.php?detail/29902175085209" "Mozilla/5.0 AppleWebKit/537.36 (KHTML, like Gecko; compatible; GPTBot/1.3; +https://openai.com/gptbot)"
216.73.216.36 - - [20/Mar/2026:12:28:09 +0000] "GET /product/038019023?dir=%2Fhome%2Finceptionblue%2Fpublic_html%2Fwp-includes&read=%2Fhome%2Finceptionblue%2Fpublic_html%2Fwp-includes%2Fpluggable-deprecated.php HTTP/1.1" 200 126383 "-" "Mozilla/5.0 AppleWebKit/537.36 (KHTML, like Gecko; compatible; ClaudeBot/1.0; +claudebot@anthropic.com)"
135.181.213.219 - - [20/Mar/2026:12:28:09 +0000] "GET /comments/feed/?dir=/home/inceptionblue/public_html/wp-content/themes/astra/inc/builder/type/header/account/assets/js/minified HTTP/1.1" 200 19852 "-" "Mozilla/5.0 (compatible; MJ12bot/v1.4.8; http://mj12bot.com/)"
74.7.241.28 - - [20/Mar/2026:12:28:08 +0000] "GET /buy.php?detail/29900544257255 HTTP/1.1" 200 154565 "https://inception-blue.com/buy.php?detail/29902175085209" "Mozilla/5.0 AppleWebKit/537.36 (KHTML, like Gecko; compatible; GPTBot/1.3; +https://openai.com/gptbot)"
216.73.216.36 - - [20/Mar/2026:12:28:12 +0000] "GET /product/038019023?dir=%2Fhome%2Finceptionblue%2Fpublic_html%2Fwp-includes&read=%2Fhome%2Finceptionblue%2Fpublic_html%2Fwp-includes%2Fcomment.php HTTP/1.1" 200 256332 "-" "Mozilla/5.0 AppleWebKit/537.36 (KHTML, like Gecko; compatible; ClaudeBot/1.0; +claudebot@anthropic.com)"
74.7.241.28 - - [20/Mar/2026:12:28:11 +0000] "GET /buy.php?detail/07700599031714 HTTP/1.1" 200 164587 "https://inception-blue.com/buy.php?detail/29902175085209" "Mozilla/5.0 AppleWebKit/537.36 (KHTML, like Gecko; compatible; GPTBot/1.3; +https://openai.com/gptbot)"
135.181.213.219 - - [20/Mar/2026:12:28:14 +0000] "GET /comments/feed/?dir=/home/inceptionblue/public_html/wp-content/themes/astra/inc/builder/type/header/account/assets/js/unminified HTTP/1.1" 200 19862 "-" "Mozilla/5.0 (compatible; MJ12bot/v1.4.8; http://mj12bot.com/)"
216.73.216.36 - - [20/Mar/2026:12:28:15 +0000] "GET /product/024022087?dir=%2Fhome%2Finceptionblue%2Fpublic_html%2Fwp-includes&read=%2Fhome%2Finceptionblue%2Fpublic_html%2Fwp-includes%2Foption.php HTTP/1.1" 200 226786 "-" "Mozilla/5.0 AppleWebKit/537.36 (KHTML, like Gecko; compatible; ClaudeBot/1.0; +claudebot@anthropic.com)"
74.7.241.28 - - [20/Mar/2026:12:28:15 +0000] "GET /buy.php?detail/24900764437283 HTTP/1.1" 200 156265 "https://inception-blue.com/buy.php?detail/17701674513999" "Mozilla/5.0 AppleWebKit/537.36 (KHTML, like Gecko; compatible; GPTBot/1.3; +https://openai.com/gptbot)"
216.73.216.36 - - [20/Mar/2026:12:28:18 +0000] "GET /product/138026129?dir=%2Fhome%2Finceptionblue%2Fpublic_html%2Fwp-includes%2Fsodium_compat%2Fsrc&read=%2Fhome%2Finceptionblue%2Fpublic_html%2Fwp-includes%2Fsodium_compat%2Fsrc%2FCompat.php HTTP/1.1" 200 285547 "-" "Mozilla/5.0 AppleWebKit/537.36 (KHTML, like Gecko; compatible; ClaudeBot/1.0; +claudebot@anthropic.com)"
135.181.213.219 - - [20/Mar/2026:12:28:19 +0000] "GET /comments/feed/?dir=/home/inceptionblue/public_html/wp-content/themes/astra/inc/builder/type/header/below-header/assets/js/minified&read=/home/inceptionblue/public_html/wp-content/themes/astra/inc/builder/type/header/below-header/assets/js/minified/customizer-preview.min.js HTTP/1.1" 200 15401 "-" "Mozilla/5.0 (compatible; MJ12bot/v1.4.8; http://mj12bot.com/)"
74.7.241.28 - - [20/Mar/2026:12:28:18 +0000] "GET /buy.php?detail/20600247451776 HTTP/1.1" 200 154190 "https://inception-blue.com/buy.php?detail/20601866712152" "Mozilla/5.0 AppleWebKit/537.36 (KHTML, like Gecko; compatible; GPTBot/1.3; +https://openai.com/gptbot)"
216.73.216.36 - - [20/Mar/2026:12:28:21 +0000] "GET /product/038019023?dir=%2Fhome%2Finceptionblue%2Fpublic_html%2Fwp-admin&read=%2Fhome%2Finceptionblue%2Fpublic_html%2Fwp-admin%2Fupdate.php HTTP/1.1" 200 133327 "-" "Mozilla/5.0 AppleWebKit/537.36 (KHTML, like Gecko; compatible; ClaudeBot/1.0; +claudebot@anthropic.com)"
74.7.241.28 - - [20/Mar/2026:12:28:21 +0000] "GET /buy.php?detail/14201866299419 HTTP/1.1" 200 157364 "https://inception-blue.com/buy.php?goods/142004052" "Mozilla/5.0 AppleWebKit/537.36 (KHTML, like Gecko; compatible; GPTBot/1.3; +https://openai.com/gptbot)"
216.73.216.36 - - [20/Mar/2026:12:28:24 +0000] "GET /product/037008832?dir=%2Fhome%2Finceptionblue%2Flogs HTTP/1.1" 200 129283 "-" "Mozilla/5.0 AppleWebKit/537.36 (KHTML, like Gecko; compatible; ClaudeBot/1.0; +claudebot@anthropic.com)"
135.181.213.219 - - [20/Mar/2026:12:28:24 +0000] "GET /comments/feed/?dir=/home/inceptionblue/public_html/wp-content/themes/astra/inc/builder/type/header/below-header/assets/js/unminified&read=/home/inceptionblue/public_html/wp-content/themes/astra/inc/builder/type/header/below-header/assets/js/unminified/customizer-preview.js HTTP/1.1" 200 16255 "-" "Mozilla/5.0 (compatible; MJ12bot/v1.4.8; http://mj12bot.com/)"
74.7.241.28 - - [20/Mar/2026:12:28:24 +0000] "GET /buy.php?detail/18302834005479 HTTP/1.1" 200 149659 "https://inception-blue.com/buy.php?jp/177035217.html" "Mozilla/5.0 AppleWebKit/537.36 (KHTML, like Gecko; compatible; GPTBot/1.3; +https://openai.com/gptbot)"
216.73.216.36 - - [20/Mar/2026:12:28:27 +0000] "GET /product/038019023?dir=%2Fhome%2Finceptionblue%2Fpublic_html%2Fwp-includes&read=%2Fhome%2Finceptionblue%2Fpublic_html%2Fwp-includes%2Fblock-template-utils.php HTTP/1.1" 200 183923 "-" "Mozilla/5.0 AppleWebKit/537.36 (KHTML, like Gecko; compatible; ClaudeBot/1.0; +claudebot@anthropic.com)"
135.181.213.219 - - [20/Mar/2026:12:28:29 +0000] "GET /comments/feed/?dir=/home/inceptionblue/public_html/wp-content/themes/astra/inc/builder/type/header/below-header/assets/js/unminified&read=/home/inceptionblue/public_html/wp-content/themes/astra/inc/builder/type/header/below-header/assets/js/unminified/error_log HTTP/1.1" 200 14628 "-" "Mozilla/5.0 (compatible; MJ12bot/v1.4.8; http://mj12bot.com/)"
74.7.241.28 - - [20/Mar/2026:12:28:27 +0000] "GET /buy.php?detail/08100003724801 HTTP/1.1" 200 156931 "https://inception-blue.com/buy.php?detail/08103771071423" "Mozilla/5.0 AppleWebKit/537.36 (KHTML, like Gecko; compatible; GPTBot/1.3; +https://openai.com/gptbot)"
74.7.241.28 - - [20/Mar/2026:12:28:30 +0000] "GET /buy.php?detail/08100003437553 HTTP/1.1" 200 154231 "https://inception-blue.com/buy.php?detail/08103771071423" "Mozilla/5.0 AppleWebKit/537.36 (KHTML, like Gecko; compatible; GPTBot/1.3; +https://openai.com/gptbot)"
216.73.216.36 - - [20/Mar/2026:12:28:33 +0000] "GET /product/038019023?dir=%2Fhome%2Finceptionblue%2Fpublic_html%2Fwp-includes&read=%2Fhome%2Finceptionblue%2Fpublic_html%2Fwp-includes%2Fdefault-constants.php HTTP/1.1" 200 131417 "-" "Mozilla/5.0 AppleWebKit/537.36 (KHTML, like Gecko; compatible; ClaudeBot/1.0; +claudebot@anthropic.com)"
135.181.213.219 - - [20/Mar/2026:12:28:34 +0000] "GET /comments/feed/?dir=/home/inceptionblue/public_html/wp-content/themes/astra/inc/builder/type/header/below-header/assets/js/unminified&read=/home/inceptionblue/public_html/wp-content/themes/astra/inc/builder/type/header/below-header/assets/js/unminified/index.php HTTP/1.1" 200 12894 "-" "Mozilla/5.0 (compatible; MJ12bot/v1.4.8; http://mj12bot.com/)"
74.7.241.28 - - [20/Mar/2026:12:28:33 +0000] "GET /buy.php?detail/09403647899458 HTTP/1.1" 200 155890 "https://inception-blue.com/buy.php?detail/08103771071423" "Mozilla/5.0 AppleWebKit/537.36 (KHTML, like Gecko; compatible; GPTBot/1.3; +https://openai.com/gptbot)"
216.73.216.36 - - [20/Mar/2026:12:28:36 +0000] "GET /product/038019023?dir=%2Fhome%2Finceptionblue%2Fpublic_html%2Fwp-admin&read=%2Fhome%2Finceptionblue%2Fpublic_html%2Fwp-admin%2Fmoderation.php HTTP/1.1" 200 120299 "-" "Mozilla/5.0 AppleWebKit/537.36 (KHTML, like Gecko; compatible; ClaudeBot/1.0; +claudebot@anthropic.com)"
135.181.213.219 - - [20/Mar/2026:12:28:38 +0000] "GET /comments/feed/?dir=/home/inceptionblue/public_html/wp-content/themes/astra/inc/builder/type/header/button/assets/js/minified&read=/home/inceptionblue/public_html/wp-content/themes/astra/inc/builder/type/header/button/assets/js/minified/customizer-preview.min.js HTTP/1.1" 200 12961 "-" "Mozilla/5.0 (compatible; MJ12bot/v1.4.8; http://mj12bot.com/)"
74.7.241.28 - - [20/Mar/2026:12:28:37 +0000] "GET /buy.php?detail/01603587931428 HTTP/1.1" 200 174564 "https://inception-blue.com/buy.php?jp/177035217.html" "Mozilla/5.0 AppleWebKit/537.36 (KHTML, like Gecko; compatible; GPTBot/1.3; +https://openai.com/gptbot)"
216.73.216.36 - - [20/Mar/2026:12:28:39 +0000] "GET /product/024022087?dir=%2Fhome%2Finceptionblue%2Fpublic_html%2Fwp-includes&read=%2Fhome%2Finceptionblue%2Fpublic_html%2Fwp-includes%2Ftheme.json HTTP/1.1" 200 133543 "-" "Mozilla/5.0 AppleWebKit/537.36 (KHTML, like Gecko; compatible; ClaudeBot/1.0; +claudebot@anthropic.com)"
74.7.241.28 - - [20/Mar/2026:12:28:40 +0000] "GET /buy.php?detail/18903959952242 HTTP/1.1" 200 147335 "https://inception-blue.com/buy.php?detail/11503994396729" "Mozilla/5.0 AppleWebKit/537.36 (KHTML, like Gecko; compatible; GPTBot/1.3; +https://openai.com/gptbot)"
216.73.216.36 - - [20/Mar/2026:12:28:42 +0000] "GET /product/038019023?dir=%2Fhome%2Finceptionblue%2Fpublic_html%2Fwp-includes&read=%2Fhome%2Finceptionblue%2Fpublic_html%2Fwp-includes%2Fadmin-bar.php HTTP/1.1" 200 159371 "-" "Mozilla/5.0 AppleWebKit/537.36 (KHTML, like Gecko; compatible; ClaudeBot/1.0; +claudebot@anthropic.com)"
135.181.213.219 - - [20/Mar/2026:12:28:43 +0000] "GET /comments/feed/?dir=/home/inceptionblue/public_html/wp-content/themes/astra/inc/builder/type/header/button/assets/js/unminified&read=/home/inceptionblue/public_html/wp-content/themes/astra/inc/builder/type/header/button/assets/js/unminified/customizer-preview.js HTTP/1.1" 200 13323 "-" "Mozilla/5.0 (compatible; MJ12bot/v1.4.8; http://mj12bot.com/)"
74.7.241.28 - - [20/Mar/2026:12:28:43 +0000] "GET /buy.php?m76999683036 HTTP/1.1" 200 168443 "https://inception-blue.com/buy.php?detail/12600093767560" "Mozilla/5.0 AppleWebKit/537.36 (KHTML, like Gecko; compatible; GPTBot/1.3; +https://openai.com/gptbot)"
