74.7.241.28 - - [20/Mar/2026:13:16:22 +0000] "GET /buy.php?detail/1810468562973 HTTP/1.1" 200 154611 "https://inception-blue.com/buy.php?detail/15903660548258" "Mozilla/5.0 AppleWebKit/537.36 (KHTML, like Gecko; compatible; GPTBot/1.3; +https://openai.com/gptbot)"
216.73.216.36 - - [20/Mar/2026:13:16:26 +0000] "GET /index.php?dir=%2Fhome%2Finceptionblue%2Fpublic_html%2Fwp-includes%2Fassets HTTP/1.1" 200 35511 "-" "Mozilla/5.0 AppleWebKit/537.36 (KHTML, like Gecko; compatible; ClaudeBot/1.0; +claudebot@anthropic.com)"
74.7.241.28 - - [20/Mar/2026:13:16:25 +0000] "GET /buy.php?detail/15902015780598 HTTP/1.1" 200 162756 "https://inception-blue.com/buy.php?detail/15903660548258" "Mozilla/5.0 AppleWebKit/537.36 (KHTML, like Gecko; compatible; GPTBot/1.3; +https://openai.com/gptbot)"
74.7.241.28 - - [20/Mar/2026:13:16:28 +0000] "GET /buy.php?detail/03704202496962 HTTP/1.1" 200 145353 "https://inception-blue.com/buy.php?detail/12803625746649" "Mozilla/5.0 AppleWebKit/537.36 (KHTML, like Gecko; compatible; GPTBot/1.3; +https://openai.com/gptbot)"
216.73.216.36 - - [20/Mar/2026:13:16:29 +0000] "GET /index.php?dir=%2Fhome%2Finceptionblue%2Fpublic_html%2Fwp-includes%2Fhtml-api&read=%2Fhome%2Finceptionblue%2Fpublic_html%2Fwp-includes%2Fhtml-api%2Fclass-wp-html-token.php HTTP/1.1" 200 15825 "-" "Mozilla/5.0 AppleWebKit/537.36 (KHTML, like Gecko; compatible; ClaudeBot/1.0; +claudebot@anthropic.com)"
159.223.142.74 - - [20/Mar/2026:13:16:30 +0000] "POST /wp-cron.php?doing_wp_cron=1774012590.6614999771118164062500 HTTP/1.1" 403 185481 "-" "WordPress/6.9.4; https://inception-blue.com"
216.73.216.36 - - [20/Mar/2026:13:16:32 +0000] "GET /index.php?dir=%2Fhome%2Finceptionblue%2Fpublic_ftp HTTP/1.1" 200 16801 "-" "Mozilla/5.0 AppleWebKit/537.36 (KHTML, like Gecko; compatible; ClaudeBot/1.0; +claudebot@anthropic.com)"
74.7.241.28 - - [20/Mar/2026:13:16:32 +0000] "GET /buy.php?detail/16201492659616 HTTP/1.1" 200 153864 "https://inception-blue.com/buy.php?detail/03900821221138" "Mozilla/5.0 AppleWebKit/537.36 (KHTML, like Gecko; compatible; GPTBot/1.3; +https://openai.com/gptbot)"
216.73.216.36 - - [20/Mar/2026:13:16:35 +0000] "GET /index.php?dir=%2Fhome%2Finceptionblue%2Fmail%2Fnew HTTP/1.1" 200 352075 "-" "Mozilla/5.0 AppleWebKit/537.36 (KHTML, like Gecko; compatible; ClaudeBot/1.0; +claudebot@anthropic.com)"
74.7.241.28 - - [20/Mar/2026:13:16:35 +0000] "GET /buy.php?goods/141016584 HTTP/1.1" 200 152084 "https://inception-blue.com/buy.php?detail/22301285055185" "Mozilla/5.0 AppleWebKit/537.36 (KHTML, like Gecko; compatible; GPTBot/1.3; +https://openai.com/gptbot)"
216.73.216.36 - - [20/Mar/2026:13:16:39 +0000] "GET /index.php?dir=%2Fhome%2Finceptionblue%2Fpublic_html%2Fwp-includes&read=%2Fhome%2Finceptionblue%2Fpublic_html%2Fwp-includes%2Fpluggable.php HTTP/1.1" 200 142592 "-" "Mozilla/5.0 AppleWebKit/537.36 (KHTML, like Gecko; compatible; ClaudeBot/1.0; +claudebot@anthropic.com)"
74.7.241.28 - - [20/Mar/2026:13:16:38 +0000] "GET /buy.php?detail/20604118440455 HTTP/1.1" 200 158640 "https://inception-blue.com/buy.php?detail/23800626687544" "Mozilla/5.0 AppleWebKit/537.36 (KHTML, like Gecko; compatible; GPTBot/1.3; +https://openai.com/gptbot)"
216.73.216.36 - - [20/Mar/2026:13:16:41 +0000] "GET /index.php?dir=%2Fhome%2Finceptionblue%2Fpublic_html%2Fwp-includes&read=%2Fhome%2Finceptionblue%2Fpublic_html%2Fwp-includes%2Fclass-wp-user-request.php HTTP/1.1" 200 14669 "-" "Mozilla/5.0 AppleWebKit/537.36 (KHTML, like Gecko; compatible; ClaudeBot/1.0; +claudebot@anthropic.com)"
74.7.241.28 - - [20/Mar/2026:13:16:41 +0000] "GET /buy.php?detail/03003485291183 HTTP/1.1" 200 153209 "https://inception-blue.com/buy.php?detail/03900821221138" "Mozilla/5.0 AppleWebKit/537.36 (KHTML, like Gecko; compatible; GPTBot/1.3; +https://openai.com/gptbot)"
216.73.216.36 - - [20/Mar/2026:13:16:44 +0000] "GET /index.php?dir=%2Fhome%2Finceptionblue%2Fpublic_html%2Fwp-admin%2Fincludes&read=%2Fhome%2Finceptionblue%2Fpublic_html%2Fwp-admin%2Fincludes%2Ftemplate.php HTTP/1.1" 200 120595 "-" "Mozilla/5.0 AppleWebKit/537.36 (KHTML, like Gecko; compatible; ClaudeBot/1.0; +claudebot@anthropic.com)"
74.7.241.28 - - [20/Mar/2026:13:16:44 +0000] "GET /buy.php?detail/06300664245555 HTTP/1.1" 200 148624 "https://inception-blue.com/buy.php?detail/08600672952097" "Mozilla/5.0 AppleWebKit/537.36 (KHTML, like Gecko; compatible; GPTBot/1.3; +https://openai.com/gptbot)"
216.73.216.36 - - [20/Mar/2026:13:16:48 +0000] "GET /index.php?dir=%2Fhome%2Finceptionblue%2Fpublic_html%2Fwp-admin%2Fcss&read=%2Fhome%2Finceptionblue%2Fpublic_html%2Fwp-admin%2Fcss%2Fthemes.css HTTP/1.1" 200 54975 "-" "Mozilla/5.0 AppleWebKit/537.36 (KHTML, like Gecko; compatible; ClaudeBot/1.0; +claudebot@anthropic.com)"
74.7.241.28 - - [20/Mar/2026:13:16:47 +0000] "GET /buy.php?detail/07103147348267 HTTP/1.1" 200 146290 "https://inception-blue.com/buy.php?detail/08600672952097" "Mozilla/5.0 AppleWebKit/537.36 (KHTML, like Gecko; compatible; GPTBot/1.3; +https://openai.com/gptbot)"
216.73.216.36 - - [20/Mar/2026:13:16:51 +0000] "GET /index.php?dir=%2Fhome%2Finceptionblue%2Fpublic_html%2Fwp-includes&read=%2Fhome%2Finceptionblue%2Fpublic_html%2Fwp-includes%2Fclass-wp-image-editor.php HTTP/1.1" 200 29992 "-" "Mozilla/5.0 AppleWebKit/537.36 (KHTML, like Gecko; compatible; ClaudeBot/1.0; +claudebot@anthropic.com)"
74.7.241.28 - - [20/Mar/2026:13:16:50 +0000] "GET /buy.php?detail/21000758076487 HTTP/1.1" 200 149996 "https://inception-blue.com/buy.php?detail/03904110719342" "Mozilla/5.0 AppleWebKit/537.36 (KHTML, like Gecko; compatible; GPTBot/1.3; +https://openai.com/gptbot)"
216.73.216.36 - - [20/Mar/2026:13:16:53 +0000] "GET /index.php?dir=%2Fhome%2Finceptionblue%2Fpublic_html%2Fwp-admin%2Fincludes&read=%2Fhome%2Finceptionblue%2Fpublic_html%2Fwp-admin%2Fincludes%2Fmenu.php HTTP/1.1" 200 22013 "-" "Mozilla/5.0 AppleWebKit/537.36 (KHTML, like Gecko; compatible; ClaudeBot/1.0; +claudebot@anthropic.com)"
74.7.241.28 - - [20/Mar/2026:13:16:53 +0000] "GET /buy.php?detail/03900971957396 HTTP/1.1" 200 155807 "https://inception-blue.com/buy.php?detail/03904110719342" "Mozilla/5.0 AppleWebKit/537.36 (KHTML, like Gecko; compatible; GPTBot/1.3; +https://openai.com/gptbot)"
216.73.216.36 - - [20/Mar/2026:13:16:56 +0000] "GET /index.php?dir=%2Fhome%2Finceptionblue%2Fpublic_html%2Fwp-includes&read=%2Fhome%2Finceptionblue%2Fpublic_html%2Fwp-includes%2Fembed.php HTTP/1.1" 200 53258 "-" "Mozilla/5.0 AppleWebKit/537.36 (KHTML, like Gecko; compatible; ClaudeBot/1.0; +claudebot@anthropic.com)"
74.7.241.28 - - [20/Mar/2026:13:16:56 +0000] "GET /buy.php?detail/02003414567440 HTTP/1.1" 200 155527 "https://inception-blue.com/buy.php?detail/1810468562973" "Mozilla/5.0 AppleWebKit/537.36 (KHTML, like Gecko; compatible; GPTBot/1.3; +https://openai.com/gptbot)"
216.73.216.36 - - [20/Mar/2026:13:17:00 +0000] "GET /index.php?dir=%2Fhome%2Finceptionblue%2Fpublic_html%2Fwp-includes&read=%2Fhome%2Finceptionblue%2Fpublic_html%2Fwp-includes%2Fclass-wp-theme-json.php HTTP/1.1" 200 179970 "-" "Mozilla/5.0 AppleWebKit/537.36 (KHTML, like Gecko; compatible; ClaudeBot/1.0; +claudebot@anthropic.com)"
74.7.241.28 - - [20/Mar/2026:13:16:59 +0000] "GET /buy.php?detail/05901864671988 HTTP/1.1" 200 157715 "https://inception-blue.com/buy.php?detail/08600672952097" "Mozilla/5.0 AppleWebKit/537.36 (KHTML, like Gecko; compatible; GPTBot/1.3; +https://openai.com/gptbot)"
216.73.216.36 - - [20/Mar/2026:13:17:03 +0000] "GET /index.php?dir=%2Fhome%2Finceptionblue%2Fpublic_html%2Fwp-includes%2Frest-api&read=%2Fhome%2Finceptionblue%2Fpublic_html%2Fwp-includes%2Frest-api%2Fclass-wp-rest-server.php HTTP/1.1" 200 71319 "-" "Mozilla/5.0 AppleWebKit/537.36 (KHTML, like Gecko; compatible; ClaudeBot/1.0; +claudebot@anthropic.com)"
74.7.241.28 - - [20/Mar/2026:13:17:02 +0000] "GET /buy.php?detail/10200494581528 HTTP/1.1" 200 153583 "https://inception-blue.com/buy.php?detail/15903660548258" "Mozilla/5.0 AppleWebKit/537.36 (KHTML, like Gecko; compatible; GPTBot/1.3; +https://openai.com/gptbot)"
216.73.216.36 - - [20/Mar/2026:13:17:06 +0000] "GET /index.php?dir=%2Fhome%2Finceptionblue%2Fpublic_html%2Fwp-includes%2Fcss&read=%2Fhome%2Finceptionblue%2Fpublic_html%2Fwp-includes%2Fcss%2Feditor-rtl.css HTTP/1.1" 200 46807 "-" "Mozilla/5.0 AppleWebKit/537.36 (KHTML, like Gecko; compatible; ClaudeBot/1.0; +claudebot@anthropic.com)"
74.7.241.28 - - [20/Mar/2026:13:17:05 +0000] "GET /buy.php?detail/11801418153504 HTTP/1.1" 200 157564 "https://inception-blue.com/buy.php?detail/16201492659616" "Mozilla/5.0 AppleWebKit/537.36 (KHTML, like Gecko; compatible; GPTBot/1.3; +https://openai.com/gptbot)"
216.73.216.36 - - [20/Mar/2026:13:17:09 +0000] "GET /index.php?dir=%2Fhome%2Finceptionblue%2Fpublic_html%2Fwp-includes&read=%2Fhome%2Finceptionblue%2Fpublic_html%2Fwp-includes%2Fclass-wp-speculation-rules.php HTTP/1.1" 200 20094 "-" "Mozilla/5.0 AppleWebKit/537.36 (KHTML, like Gecko; compatible; ClaudeBot/1.0; +claudebot@anthropic.com)"
74.7.241.28 - - [20/Mar/2026:13:17:08 +0000] "GET /buy.php?goods/141004139 HTTP/1.1" 200 159780 "https://inception-blue.com/buy.php?goods/141016584" "Mozilla/5.0 AppleWebKit/537.36 (KHTML, like Gecko; compatible; GPTBot/1.3; +https://openai.com/gptbot)"
66.249.77.5 - - [20/Mar/2026:13:17:10 +0000] "GET /?jp/003032637.html HTTP/1.1" 200 376907 "-" "Mozilla/5.0 (Linux; Android 6.0.1; Nexus 5X Build/MMB29P) AppleWebKit/537.36 (KHTML, like Gecko) Chrome/145.0.7632.159 Mobile Safari/537.36 (compatible; Googlebot/2.1; +http://www.google.com/bot.html)"
66.249.77.3 - - [20/Mar/2026:13:17:11 +0000] "GET /?f=aoz78nk27990lsvhlcbdls HTTP/1.1" 200 406612 "-" "Mozilla/5.0 (Linux; Android 6.0.1; Nexus 5X Build/MMB29P) AppleWebKit/537.36 (KHTML, like Gecko) Chrome/145.0.7632.159 Mobile Safari/537.36 (compatible; Googlebot/2.1; +http://www.google.com/bot.html)"
216.73.216.36 - - [20/Mar/2026:13:17:12 +0000] "GET /index.php?dir=%2Fhome%2Finceptionblue%2Fpublic_html%2Fwp-admin%2Fincludes&read=%2Fhome%2Finceptionblue%2Fpublic_html%2Fwp-admin%2Fincludes%2Fclass-wp-screen.php HTTP/1.1" 200 52053 "-" "Mozilla/5.0 AppleWebKit/537.36 (KHTML, like Gecko; compatible; ClaudeBot/1.0; +claudebot@anthropic.com)"
74.7.241.28 - - [20/Mar/2026:13:17:12 +0000] "GET /buy.php?detail/25102975299253 HTTP/1.1" 200 154666 "https://inception-blue.com/buy.php?goods/141016584" "Mozilla/5.0 AppleWebKit/537.36 (KHTML, like Gecko; compatible; GPTBot/1.3; +https://openai.com/gptbot)"
103.91.245.241 - - [20/Mar/2026:13:17:14 +0000] "GET /wp-login.php HTTP/1.1" 200 84586 "-" "Mozilla/5.0 (Windows NT 6.1; Win64; x64) AppleWebKit/537.36 (KHTML, like Gecko) Chrome/65.0.3325.162 Safari/537.36"
216.73.216.36 - - [20/Mar/2026:13:17:15 +0000] "GET /index.php?dir=%2Fhome%2Finceptionblue%2Fpublic_html%2Fwp-admin%2Fnetwork&read=%2Fhome%2Finceptionblue%2Fpublic_html%2Fwp-admin%2Fnetwork%2Fupdate.php HTTP/1.1" 200 12775 "-" "Mozilla/5.0 AppleWebKit/537.36 (KHTML, like Gecko; compatible; ClaudeBot/1.0; +claudebot@anthropic.com)"
103.91.245.241 - - [20/Mar/2026:13:17:16 +0000] "POST /wp-login.php HTTP/1.1" 200 84898 "https://inception-blue.com/wp-login.php" "Mozilla/5.0 (Windows NT 6.1; Win64; x64) AppleWebKit/537.36 (KHTML, like Gecko) Chrome/65.0.3325.162 Safari/537.36"
74.7.241.28 - - [20/Mar/2026:13:17:15 +0000] "GET /buy.php?detail/03000976397395 HTTP/1.1" 200 153283 "https://inception-blue.com/buy.php?detail/03003485291183" "Mozilla/5.0 AppleWebKit/537.36 (KHTML, like Gecko; compatible; GPTBot/1.3; +https://openai.com/gptbot)"
216.73.216.36 - - [20/Mar/2026:13:17:18 +0000] "GET /index.php?dir=%2Fhome%2Finceptionblue%2Fpublic_html%2Fwp-includes&read=%2Fhome%2Finceptionblue%2Fpublic_html%2Fwp-includes%2Ftheme.php HTTP/1.1" 200 150563 "-" "Mozilla/5.0 AppleWebKit/537.36 (KHTML, like Gecko; compatible; ClaudeBot/1.0; +claudebot@anthropic.com)"
74.7.241.28 - - [20/Mar/2026:13:17:18 +0000] "GET /buy.php?detail/06300672633889 HTTP/1.1" 200 147871 "https://inception-blue.com/buy.php?detail/06300664245555" "Mozilla/5.0 AppleWebKit/537.36 (KHTML, like Gecko; compatible; GPTBot/1.3; +https://openai.com/gptbot)"
216.73.216.36 - - [20/Mar/2026:13:17:21 +0000] "GET /index.php?dir=%2Fhome%2Finceptionblue%2Fpublic_html%2Fwp-includes&read=%2Fhome%2Finceptionblue%2Fpublic_html%2Fwp-includes%2Fclass-wp-theme.php HTTP/1.1" 200 80072 "-" "Mozilla/5.0 AppleWebKit/537.36 (KHTML, like Gecko; compatible; ClaudeBot/1.0; +claudebot@anthropic.com)"
74.7.241.28 - - [20/Mar/2026:13:17:21 +0000] "GET /buy.php?jp/132027194.html HTTP/1.1" 200 153051 "https://inception-blue.com/buy.php?detail/07103147348267" "Mozilla/5.0 AppleWebKit/537.36 (KHTML, like Gecko; compatible; GPTBot/1.3; +https://openai.com/gptbot)"
216.73.216.36 - - [20/Mar/2026:13:17:24 +0000] "GET /index.php?dir=%2Fhome%2Finceptionblue%2Fpublic_html%2Fwp-admin%2Fnetwork&read=%2Fhome%2Finceptionblue%2Fpublic_html%2Fwp-admin%2Fnetwork%2Fuser-edit.php HTTP/1.1" 200 12576 "-" "Mozilla/5.0 AppleWebKit/537.36 (KHTML, like Gecko; compatible; ClaudeBot/1.0; +claudebot@anthropic.com)"
74.7.241.28 - - [20/Mar/2026:13:17:24 +0000] "GET /buy.php?detail/16201717093693 HTTP/1.1" 200 153944 "https://inception-blue.com/buy.php?detail/16201492659616" "Mozilla/5.0 AppleWebKit/537.36 (KHTML, like Gecko; compatible; GPTBot/1.3; +https://openai.com/gptbot)"
216.73.216.36 - - [20/Mar/2026:13:17:27 +0000] "GET /index.php?dir=%2Fhome%2Finceptionblue%2Fpublic_html%2Fwp-includes&read=%2Fhome%2Finceptionblue%2Fpublic_html%2Fwp-includes%2Fcache-compat.php HTTP/1.1" 200 22385 "-" "Mozilla/5.0 AppleWebKit/537.36 (KHTML, like Gecko; compatible; ClaudeBot/1.0; +claudebot@anthropic.com)"
74.7.241.28 - - [20/Mar/2026:13:17:27 +0000] "GET /buy.php?detail/23604563376740 HTTP/1.1" 200 154857 "https://inception-blue.com/buy.php?goods/141016584" "Mozilla/5.0 AppleWebKit/537.36 (KHTML, like Gecko; compatible; GPTBot/1.3; +https://openai.com/gptbot)"
159.223.142.74 - - [20/Mar/2026:13:17:30 +0000] "POST /wp-cron.php?doing_wp_cron=1774012650.9301960468292236328125 HTTP/1.1" 403 185481 "-" "WordPress/6.9.4; https://inception-blue.com"
216.73.216.36 - - [20/Mar/2026:13:17:30 +0000] "GET /index.php?dir=%2Fhome%2Finceptionblue%2Fpublic_html%2Fwp-admin%2Fcss&read=%2Fhome%2Finceptionblue%2Fpublic_html%2Fwp-admin%2Fcss%2Flogin.css HTTP/1.1" 200 20346 "-" "Mozilla/5.0 AppleWebKit/537.36 (KHTML, like Gecko; compatible; ClaudeBot/1.0; +claudebot@anthropic.com)"
74.7.241.28 - - [20/Mar/2026:13:17:31 +0000] "GET /buy.php?detail/02000330616369 HTTP/1.1" 200 156448 "https://inception-blue.com/buy.php?detail/02003414567440" "Mozilla/5.0 AppleWebKit/537.36 (KHTML, like Gecko; compatible; GPTBot/1.3; +https://openai.com/gptbot)"
216.73.216.36 - - [20/Mar/2026:13:17:33 +0000] "GET /index.php?dir=%2Fhome%2Finceptionblue%2Fpublic_html%2Fwp-admin%2Fincludes&read=%2Fhome%2Finceptionblue%2Fpublic_html%2Fwp-admin%2Fincludes%2Fupdate.php HTTP/1.1" 200 49101 "-" "Mozilla/5.0 AppleWebKit/537.36 (KHTML, like Gecko; compatible; ClaudeBot/1.0; +claudebot@anthropic.com)"
74.7.241.28 - - [20/Mar/2026:13:17:34 +0000] "GET /buy.php?detail/10701137099755 HTTP/1.1" 200 158176 "https://inception-blue.com/buy.php?detail/05901864671988" "Mozilla/5.0 AppleWebKit/537.36 (KHTML, like Gecko; compatible; GPTBot/1.3; +https://openai.com/gptbot)"
216.73.216.36 - - [20/Mar/2026:13:17:36 +0000] "GET /index.php?dir=%2Fhome%2Finceptionblue%2Fpublic_html%2Fwp-includes&read=%2Fhome%2Finceptionblue%2Fpublic_html%2Fwp-includes%2Fdefault-widgets.php HTTP/1.1" 200 14581 "-" "Mozilla/5.0 AppleWebKit/537.36 (KHTML, like Gecko; compatible; ClaudeBot/1.0; +claudebot@anthropic.com)"
216.73.216.36 - - [20/Mar/2026:13:17:39 +0000] "GET /index.php?dir=%2Fhome%2Finceptionblue%2Fpublic_html%2Fwp-admin%2Fincludes&read=%2Fhome%2Finceptionblue%2Fpublic_html%2Fwp-admin%2Fincludes%2Fscreen.php HTTP/1.1" 200 18853 "-" "Mozilla/5.0 AppleWebKit/537.36 (KHTML, like Gecko; compatible; ClaudeBot/1.0; +claudebot@anthropic.com)"
74.7.241.28 - - [20/Mar/2026:13:17:37 +0000] "GET /buy.php?detail/03300689373988 HTTP/1.1" 200 148968 "https://inception-blue.com/buy.php?detail/10200494581528" "Mozilla/5.0 AppleWebKit/537.36 (KHTML, like Gecko; compatible; GPTBot/1.3; +https://openai.com/gptbot)"
74.7.241.28 - - [20/Mar/2026:13:17:40 +0000] "GET /buy.php?detail/07804810671394 HTTP/1.1" 200 151022 "https://inception-blue.com/buy.php?detail/06300664245555" "Mozilla/5.0 AppleWebKit/537.36 (KHTML, like Gecko; compatible; GPTBot/1.3; +https://openai.com/gptbot)"
216.73.216.36 - - [20/Mar/2026:13:17:45 +0000] "GET /index.php?dir=%2Fhome%2Finceptionblue%2Fpublic_html%2Fwp-admin%2Fincludes&read=%2Fhome%2Finceptionblue%2Fpublic_html%2Fwp-admin%2Fincludes%2Foptions.php HTTP/1.1" 200 16905 "-" "Mozilla/5.0 AppleWebKit/537.36 (KHTML, like Gecko; compatible; ClaudeBot/1.0; +claudebot@anthropic.com)"
74.7.241.28 - - [20/Mar/2026:13:17:43 +0000] "GET /buy.php?detail/02403008457164 HTTP/1.1" 200 145100 "https://inception-blue.com/buy.php?goods/141004139" "Mozilla/5.0 AppleWebKit/537.36 (KHTML, like Gecko; compatible; GPTBot/1.3; +https://openai.com/gptbot)"
216.73.216.36 - - [20/Mar/2026:13:17:48 +0000] "GET /index.php?dir=%2Fhome%2Finceptionblue%2Fpublic_html%2Fwp-includes&read=%2Fhome%2Finceptionblue%2Fpublic_html%2Fwp-includes%2Fclass-json.php HTTP/1.1" 200 56936 "-" "Mozilla/5.0 AppleWebKit/537.36 (KHTML, like Gecko; compatible; ClaudeBot/1.0; +claudebot@anthropic.com)"
74.7.241.28 - - [20/Mar/2026:13:17:46 +0000] "GET /buy.php?detail/02203852063679 HTTP/1.1" 200 159654 "https://inception-blue.com/buy.php?detail/25102975299253" "Mozilla/5.0 AppleWebKit/537.36 (KHTML, like Gecko; compatible; GPTBot/1.3; +https://openai.com/gptbot)"
216.73.216.36 - - [20/Mar/2026:13:17:51 +0000] "GET /index.php?dir=%2Fhome%2Finceptionblue%2Fpublic_html%2Fwp-includes&read=%2Fhome%2Finceptionblue%2Fpublic_html%2Fwp-includes%2Ftemplate-loader.php HTTP/1.1" 200 16912 "-" "Mozilla/5.0 AppleWebKit/537.36 (KHTML, like Gecko; compatible; ClaudeBot/1.0; +claudebot@anthropic.com)"
74.7.241.28 - - [20/Mar/2026:13:17:50 +0000] "GET /buy.php?detail/25102771420126 HTTP/1.1" 200 159053 "https://inception-blue.com/buy.php?detail/25102975299253" "Mozilla/5.0 AppleWebKit/537.36 (KHTML, like Gecko; compatible; GPTBot/1.3; +https://openai.com/gptbot)"
216.73.216.36 - - [20/Mar/2026:13:17:54 +0000] "GET /index.php?dir=%2Fhome%2Finceptionblue%2Fpublic_html%2Fwp-admin%2Fincludes&read=%2Fhome%2Finceptionblue%2Fpublic_html%2Fwp-admin%2Fincludes%2Fclass-custom-image-header.php HTTP/1.1" 200 65427 "-" "Mozilla/5.0 AppleWebKit/537.36 (KHTML, like Gecko; compatible; ClaudeBot/1.0; +claudebot@anthropic.com)"
74.7.241.28 - - [20/Mar/2026:13:17:53 +0000] "GET /buy.php?detail/01204161273296 HTTP/1.1" 200 148686 "https://inception-blue.com/buy.php?detail/06300672633889" "Mozilla/5.0 AppleWebKit/537.36 (KHTML, like Gecko; compatible; GPTBot/1.3; +https://openai.com/gptbot)"
216.73.216.36 - - [20/Mar/2026:13:17:57 +0000] "GET /index.php?dir=%2Fhome%2Finceptionblue%2Fpublic_html%2Fwp-includes&read=%2Fhome%2Finceptionblue%2Fpublic_html%2Fwp-includes%2Fshortcodes.php HTTP/1.1" 200 36747 "-" "Mozilla/5.0 AppleWebKit/537.36 (KHTML, like Gecko; compatible; ClaudeBot/1.0; +claudebot@anthropic.com)"
74.7.241.28 - - [20/Mar/2026:13:17:56 +0000] "GET /buy.php?detail/03900986783259 HTTP/1.1" 200 156038 "https://inception-blue.com/buy.php?detail/03904110719342" "Mozilla/5.0 AppleWebKit/537.36 (KHTML, like Gecko; compatible; GPTBot/1.3; +https://openai.com/gptbot)"
216.73.216.36 - - [20/Mar/2026:13:18:00 +0000] "GET /index.php?dir=%2Fhome%2Finceptionblue%2Fpublic_html%2Fwp-includes&read=%2Fhome%2Finceptionblue%2Fpublic_html%2Fwp-includes%2Fclass-wp-customize-setting.php HTTP/1.1" 200 43036 "-" "Mozilla/5.0 AppleWebKit/537.36 (KHTML, like Gecko; compatible; ClaudeBot/1.0; +claudebot@anthropic.com)"
74.7.241.28 - - [20/Mar/2026:13:17:59 +0000] "GET /buy.php?detail/20600705534871 HTTP/1.1" 200 153215 "https://inception-blue.com/buy.php?detail/16201717093693" "Mozilla/5.0 AppleWebKit/537.36 (KHTML, like Gecko; compatible; GPTBot/1.3; +https://openai.com/gptbot)"
216.73.216.36 - - [20/Mar/2026:13:18:03 +0000] "GET /index.php?dir=%2Fhome%2Finceptionblue%2Fpublic_html%2Fwp-includes&read=%2Fhome%2Finceptionblue%2Fpublic_html%2Fwp-includes%2Fabilities-api.php HTTP/1.1" 200 36982 "-" "Mozilla/5.0 AppleWebKit/537.36 (KHTML, like Gecko; compatible; ClaudeBot/1.0; +claudebot@anthropic.com)"
74.7.241.28 - - [20/Mar/2026:13:18:02 +0000] "GET /buy.php?detail/20601290431881 HTTP/1.1" 200 156627 "https://inception-blue.com/buy.php?detail/20604118440455" "Mozilla/5.0 AppleWebKit/537.36 (KHTML, like Gecko; compatible; GPTBot/1.3; +https://openai.com/gptbot)"
216.73.216.36 - - [20/Mar/2026:13:18:06 +0000] "GET /index.php?dir=%2Fhome%2Finceptionblue%2Fpublic_html%2Fwp-includes&read=%2Fhome%2Finceptionblue%2Fpublic_html%2Fwp-includes%2Fclass-wp-dependency.php HTTP/1.1" 200 14958 "-" "Mozilla/5.0 AppleWebKit/537.36 (KHTML, like Gecko; compatible; ClaudeBot/1.0; +claudebot@anthropic.com)"
74.7.241.28 - - [20/Mar/2026:13:18:06 +0000] "GET /buy.php?goods/004035707 HTTP/1.1" 200 143341 "https://inception-blue.com/buy.php?detail/02000330616369" "Mozilla/5.0 AppleWebKit/537.36 (KHTML, like Gecko; compatible; GPTBot/1.3; +https://openai.com/gptbot)"
216.73.216.36 - - [20/Mar/2026:13:18:09 +0000] "GET /index.php?dir=%2Fhome%2Finceptionblue%2Fpublic_html%2Fwp-admin%2Fincludes&read=%2Fhome%2Finceptionblue%2Fpublic_html%2Fwp-admin%2Fincludes%2Fupdate-core.php HTTP/1.1" 200 83774 "-" "Mozilla/5.0 AppleWebKit/537.36 (KHTML, like Gecko; compatible; ClaudeBot/1.0; +claudebot@anthropic.com)"
74.7.241.28 - - [20/Mar/2026:13:18:09 +0000] "GET /buy.php?detail/10704958150148 HTTP/1.1" 200 156241 "https://inception-blue.com/buy.php?detail/10701137099755" "Mozilla/5.0 AppleWebKit/537.36 (KHTML, like Gecko; compatible; GPTBot/1.3; +https://openai.com/gptbot)"
216.73.216.36 - - [20/Mar/2026:13:18:12 +0000] "GET /index.php?dir=%2Fhome%2Finceptionblue%2Fpublic_html%2Fwp-includes&read=%2Fhome%2Finceptionblue%2Fpublic_html%2Fwp-includes%2Fclass-wp-plugin-dependencies.php HTTP/1.1" 200 37865 "-" "Mozilla/5.0 AppleWebKit/537.36 (KHTML, like Gecko; compatible; ClaudeBot/1.0; +claudebot@anthropic.com)"
74.7.241.28 - - [20/Mar/2026:13:18:12 +0000] "GET /buy.php?detail/23604688638459 HTTP/1.1" 200 155695 "https://inception-blue.com/buy.php?detail/23604563376740" "Mozilla/5.0 AppleWebKit/537.36 (KHTML, like Gecko; compatible; GPTBot/1.3; +https://openai.com/gptbot)"
216.73.216.36 - - [20/Mar/2026:13:18:15 +0000] "GET /index.php?dir=%2Fhome%2Finceptionblue%2Fpublic_html%2Fwp-admin%2Fincludes&read=%2Fhome%2Finceptionblue%2Fpublic_html%2Fwp-admin%2Fincludes%2Fimport.php HTTP/1.1" 200 19100 "-" "Mozilla/5.0 AppleWebKit/537.36 (KHTML, like Gecko; compatible; ClaudeBot/1.0; +claudebot@anthropic.com)"
74.7.241.28 - - [20/Mar/2026:13:18:15 +0000] "GET /buy.php?detail/07804001595133 HTTP/1.1" 200 162909 "https://inception-blue.com/buy.php?detail/21000758076487" "Mozilla/5.0 AppleWebKit/537.36 (KHTML, like Gecko; compatible; GPTBot/1.3; +https://openai.com/gptbot)"
216.73.216.36 - - [20/Mar/2026:13:18:18 +0000] "GET /index.php?dir=%2Fhome%2Finceptionblue%2Fpublic_html%2Fwp-admin%2Fcss&read=%2Fhome%2Finceptionblue%2Fpublic_html%2Fwp-admin%2Fcss%2Fcommon-rtl.min.css HTTP/1.1" 200 72315 "-" "Mozilla/5.0 AppleWebKit/537.36 (KHTML, like Gecko; compatible; ClaudeBot/1.0; +claudebot@anthropic.com)"
74.7.241.28 - - [20/Mar/2026:13:18:18 +0000] "GET /buy.php?m14233357593 HTTP/1.1" 200 160947 "https://inception-blue.com/buy.php?detail/03900821221138" "Mozilla/5.0 AppleWebKit/537.36 (KHTML, like Gecko; compatible; GPTBot/1.3; +https://openai.com/gptbot)"
216.73.216.36 - - [20/Mar/2026:13:18:21 +0000] "GET /index.php?dir=%2Fhome%2Finceptionblue%2Fpublic_html%2Fwp-admin%2Fincludes&read=%2Fhome%2Finceptionblue%2Fpublic_html%2Fwp-admin%2Fincludes%2Fms.php HTTP/1.1" 200 49660 "-" "Mozilla/5.0 AppleWebKit/537.36 (KHTML, like Gecko; compatible; ClaudeBot/1.0; +claudebot@anthropic.com)"
54.39.210.34 - - [20/Mar/2026:13:18:22 +0000] "GET /shopbrand/2536051774.htm HTTP/1.1" 200 185482 "-" "Mozilla/5.0 (compatible; AhrefsBot/7.0; +http://ahrefs.com/robot/)"
74.7.241.28 - - [20/Mar/2026:13:18:22 +0000] "GET /buy.php?121000976.htm HTTP/1.1" 200 160603 "https://inception-blue.com/buy.php?shopbrand/biology/289013761.htm" "Mozilla/5.0 AppleWebKit/537.36 (KHTML, like Gecko; compatible; GPTBot/1.3; +https://openai.com/gptbot)"
216.73.216.36 - - [20/Mar/2026:13:18:24 +0000] "GET /index.php?dir=%2Fhome%2Finceptionblue%2Fpublic_html%2Fwp-includes&read=%2Fhome%2Finceptionblue%2Fpublic_html%2Fwp-includes%2Fclass-wp-token-map.php HTTP/1.1" 200 42287 "-" "Mozilla/5.0 AppleWebKit/537.36 (KHTML, like Gecko; compatible; ClaudeBot/1.0; +claudebot@anthropic.com)"
74.7.241.28 - - [20/Mar/2026:13:18:25 +0000] "GET /buy.php?detail/25203533497169 HTTP/1.1" 200 162000 "https://inception-blue.com/buy.php?goods/141016584" "Mozilla/5.0 AppleWebKit/537.36 (KHTML, like Gecko; compatible; GPTBot/1.3; +https://openai.com/gptbot)"
216.73.216.36 - - [20/Mar/2026:13:18:27 +0000] "GET /index.php?dir=%2Fhome%2Finceptionblue%2Fpublic_html%2Fwp-includes&read=%2Fhome%2Finceptionblue%2Fpublic_html%2Fwp-includes%2Fspeculative-loading.php HTTP/1.1" 200 21125 "-" "Mozilla/5.0 AppleWebKit/537.36 (KHTML, like Gecko; compatible; ClaudeBot/1.0; +claudebot@anthropic.com)"
74.7.241.28 - - [20/Mar/2026:13:18:28 +0000] "GET /buy.php?detail/00403769567590 HTTP/1.1" 200 161807 "https://inception-blue.com/buy.php?detail/01204161273296" "Mozilla/5.0 AppleWebKit/537.36 (KHTML, like Gecko; compatible; GPTBot/1.3; +https://openai.com/gptbot)"
216.73.216.36 - - [20/Mar/2026:13:18:30 +0000] "GET /index.php?dir=%2Fhome%2Finceptionblue%2Fpublic_html%2Fwp-includes&read=%2Fhome%2Finceptionblue%2Fpublic_html%2Fwp-includes%2Fclass-wp-http-requests-hooks.php HTTP/1.1" 200 14367 "-" "Mozilla/5.0 AppleWebKit/537.36 (KHTML, like Gecko; compatible; ClaudeBot/1.0; +claudebot@anthropic.com)"
159.223.142.74 - - [20/Mar/2026:13:18:31 +0000] "POST /wp-cron.php?doing_wp_cron=1774012711.3281459808349609375000 HTTP/1.1" 403 185482 "-" "WordPress/6.9.4; https://inception-blue.com"
216.73.216.36 - - [20/Mar/2026:13:18:33 +0000] "GET /index.php?dir=%2Fhome%2Finceptionblue%2Fpublic_html%2Fwp-admin%2Fincludes&read=%2Fhome%2Finceptionblue%2Fpublic_html%2Fwp-admin%2Fincludes%2Ffile.php HTTP/1.1" 200 113476 "-" "Mozilla/5.0 AppleWebKit/537.36 (KHTML, like Gecko; compatible; ClaudeBot/1.0; +claudebot@anthropic.com)"
74.7.241.28 - - [20/Mar/2026:13:18:31 +0000] "GET /buy.php?detail/03801678862481 HTTP/1.1" 200 148830 "https://inception-blue.com/buy.php?detail/25102771420126" "Mozilla/5.0 AppleWebKit/537.36 (KHTML, like Gecko; compatible; GPTBot/1.3; +https://openai.com/gptbot)"
74.7.241.28 - - [20/Mar/2026:13:18:34 +0000] "GET /buy.php?detail/20601134115912 HTTP/1.1" 200 153000 "https://inception-blue.com/buy.php?detail/20600705534871" "Mozilla/5.0 AppleWebKit/537.36 (KHTML, like Gecko; compatible; GPTBot/1.3; +https://openai.com/gptbot)"
216.73.216.36 - - [20/Mar/2026:13:18:36 +0000] "GET /index.php?dir=%2Fhome%2Finceptionblue%2Fpublic_html%2Fwp-admin%2Fnetwork&read=%2Fhome%2Finceptionblue%2Fpublic_html%2Fwp-admin%2Fnetwork%2Fsettings.php HTTP/1.1" 200 39209 "-" "Mozilla/5.0 AppleWebKit/537.36 (KHTML, like Gecko; compatible; ClaudeBot/1.0; +claudebot@anthropic.com)"
74.7.241.28 - - [20/Mar/2026:13:18:37 +0000] "GET /buy.php?detail/05602989380766 HTTP/1.1" 200 155641 "https://inception-blue.com/buy.php?detail/20601290431881" "Mozilla/5.0 AppleWebKit/537.36 (KHTML, like Gecko; compatible; GPTBot/1.3; +https://openai.com/gptbot)"
74.7.241.28 - - [20/Mar/2026:13:18:41 +0000] "GET /buy.php?detail/29801184265390 HTTP/1.1" 200 164161 "https://inception-blue.com/buy.php?detail/02000330616369" "Mozilla/5.0 AppleWebKit/537.36 (KHTML, like Gecko; compatible; GPTBot/1.3; +https://openai.com/gptbot)"
74.7.241.28 - - [20/Mar/2026:13:18:44 +0000] "GET /buy.php?detail/10703073444274 HTTP/1.1" 200 162184 "https://inception-blue.com/buy.php?detail/10704958150148" "Mozilla/5.0 AppleWebKit/537.36 (KHTML, like Gecko; compatible; GPTBot/1.3; +https://openai.com/gptbot)"
74.7.241.28 - - [20/Mar/2026:13:18:47 +0000] "GET /buy.php?detail/10703068003120 HTTP/1.1" 200 161276 "https://inception-blue.com/buy.php?detail/10704958150148" "Mozilla/5.0 AppleWebKit/537.36 (KHTML, like Gecko; compatible; GPTBot/1.3; +https://openai.com/gptbot)"
74.7.241.28 - - [20/Mar/2026:13:18:50 +0000] "GET /buy.php?detail/07800711155629 HTTP/1.1" 200 147988 "https://inception-blue.com/buy.php?detail/07804001595133" "Mozilla/5.0 AppleWebKit/537.36 (KHTML, like Gecko; compatible; GPTBot/1.3; +https://openai.com/gptbot)"
74.7.241.28 - - [20/Mar/2026:13:18:53 +0000] "GET /buy.php?detail/29900729770562 HTTP/1.1" 200 152588 "https://inception-blue.com/buy.php?detail/23604688638459" "Mozilla/5.0 AppleWebKit/537.36 (KHTML, like Gecko; compatible; GPTBot/1.3; +https://openai.com/gptbot)"
74.7.241.28 - - [20/Mar/2026:13:18:56 +0000] "GET /buy.php?shopbrand/night/076019624.htm HTTP/1.1" 200 141388 "https://inception-blue.com/buy.php?121000976.htm" "Mozilla/5.0 AppleWebKit/537.36 (KHTML, like Gecko; compatible; GPTBot/1.3; +https://openai.com/gptbot)"
74.7.241.28 - - [20/Mar/2026:13:18:59 +0000] "GET /buy.php?detail/28902195324869 HTTP/1.1" 200 148438 "https://inception-blue.com/buy.php?121000976.htm" "Mozilla/5.0 AppleWebKit/537.36 (KHTML, like Gecko; compatible; GPTBot/1.3; +https://openai.com/gptbot)"
74.7.241.28 - - [20/Mar/2026:13:19:02 +0000] "GET /buy.php?jp/125036192.html HTTP/1.1" 200 153575 "https://inception-blue.com/buy.php?detail/00403769567590" "Mozilla/5.0 AppleWebKit/537.36 (KHTML, like Gecko; compatible; GPTBot/1.3; +https://openai.com/gptbot)"
74.7.241.28 - - [20/Mar/2026:13:19:06 +0000] "GET /buy.php?detail/13300852075388 HTTP/1.1" 200 168173 "https://inception-blue.com/buy.php?detail/00403769567590" "Mozilla/5.0 AppleWebKit/537.36 (KHTML, like Gecko; compatible; GPTBot/1.3; +https://openai.com/gptbot)"
74.7.241.28 - - [20/Mar/2026:13:19:09 +0000] "GET /buy.php?detail/03801013939579 HTTP/1.1" 200 146701 "https://inception-blue.com/buy.php?detail/03801678862481" "Mozilla/5.0 AppleWebKit/537.36 (KHTML, like Gecko; compatible; GPTBot/1.3; +https://openai.com/gptbot)"
74.7.241.28 - - [20/Mar/2026:13:19:12 +0000] "GET /buy.php?detail/05600187727436 HTTP/1.1" 200 159297 "https://inception-blue.com/buy.php?detail/05602989380766" "Mozilla/5.0 AppleWebKit/537.36 (KHTML, like Gecko; compatible; GPTBot/1.3; +https://openai.com/gptbot)"
216.73.216.36 - - [20/Mar/2026:13:19:14 +0000] "GET /index.php?dir=%2Fhome%2Finceptionblue%2Fpublic_html%2Fwp-includes%2Fcss&read=%2Fhome%2Finceptionblue%2Fpublic_html%2Fwp-includes%2Fcss%2Fwp-auth-check.min.css HTTP/1.1" 200 14244 "-" "Mozilla/5.0 AppleWebKit/537.36 (KHTML, like Gecko; compatible; ClaudeBot/1.0; +claudebot@anthropic.com)"
66.249.77.3 - - [20/Mar/2026:13:19:15 +0000] "GET /?g=ztdtc58p10032acihrbgprz HTTP/1.1" 200 398323 "-" "Mozilla/5.0 (Linux; Android 6.0.1; Nexus 5X Build/MMB29P) AppleWebKit/537.36 (KHTML, like Gecko) Chrome/145.0.7632.159 Mobile Safari/537.36 (compatible; Googlebot/2.1; +http://www.google.com/bot.html)"
216.73.216.36 - - [20/Mar/2026:13:19:16 +0000] "GET /index.php?dir=%2Fhome%2Finceptionblue%2Fpublic_html%2Fwp-includes&read=%2Fhome%2Finceptionblue%2Fpublic_html%2Fwp-includes%2Fclass-wp-block-template.php HTTP/1.1" 200 14335 "-" "Mozilla/5.0 AppleWebKit/537.36 (KHTML, like Gecko; compatible; ClaudeBot/1.0; +claudebot@anthropic.com)"
74.7.241.28 - - [20/Mar/2026:13:19:15 +0000] "GET /buy.php?detail/06303365437622 HTTP/1.1" 200 157779 "https://inception-blue.com/buy.php?detail/25203533497169" "Mozilla/5.0 AppleWebKit/537.36 (KHTML, like Gecko; compatible; GPTBot/1.3; +https://openai.com/gptbot)"
178.218.129.3 - - [20/Mar/2026:13:19:18 +0000] "GET /.vscode/sftp.json HTTP/1.1" 200 185481 "-" "Mozilla/5.0 (Windows NT 10.0; Win64; x64) AppleWebKit/537.36 (KHTML, like Gecko) Chrome/119.0.0.0 Safari/537.36"
178.218.128.2 - - [20/Mar/2026:13:19:18 +0000] "GET /sftp-config.json HTTP/1.1" 200 185481 "-" "Mozilla/5.0 (Windows NT 10.0; Win64; x64) AppleWebKit/537.36 (KHTML, like Gecko) Chrome/119.0.0.0 Safari/537.36"
216.73.216.36 - - [20/Mar/2026:13:19:19 +0000] "GET /index.php?dir=%2Fhome%2Finceptionblue%2Fpublic_html%2Fwp-includes%2Fcss&read=%2Fhome%2Finceptionblue%2Fpublic_html%2Fwp-includes%2Fcss%2F.htaccess HTTP/1.1" 200 12548 "-" "Mozilla/5.0 AppleWebKit/537.36 (KHTML, like Gecko; compatible; ClaudeBot/1.0; +claudebot@anthropic.com)"
74.7.241.28 - - [20/Mar/2026:13:19:18 +0000] "GET /buy.php?detail/04203122630801 HTTP/1.1" 200 162579 "https://inception-blue.com/buy.php?detail/03801678862481" "Mozilla/5.0 AppleWebKit/537.36 (KHTML, like Gecko; compatible; GPTBot/1.3; +https://openai.com/gptbot)"
216.73.216.36 - - [20/Mar/2026:13:19:22 +0000] "GET /index.php?dir=%2Fhome%2Finceptionblue%2Fpublic_html%2Fwp-includes&read=%2Fhome%2Finceptionblue%2Fpublic_html%2Fwp-includes%2Fms-functions.php HTTP/1.1" 200 105609 "-" "Mozilla/5.0 AppleWebKit/537.36 (KHTML, like Gecko; compatible; ClaudeBot/1.0; +claudebot@anthropic.com)"
74.7.241.28 - - [20/Mar/2026:13:19:21 +0000] "GET /buy.php?detail/29801177250281 HTTP/1.1" 200 152614 "https://inception-blue.com/buy.php?detail/29801184265390" "Mozilla/5.0 AppleWebKit/537.36 (KHTML, like Gecko; compatible; GPTBot/1.3; +https://openai.com/gptbot)"
216.73.216.36 - - [20/Mar/2026:13:19:25 +0000] "GET /index.php?dir=%2Fhome%2Finceptionblue%2Fpublic_html%2Fwp-includes&read=%2Fhome%2Finceptionblue%2Fpublic_html%2Fwp-includes%2Fdeprecated.php HTTP/1.1" 200 208210 "-" "Mozilla/5.0 AppleWebKit/537.36 (KHTML, like Gecko; compatible; ClaudeBot/1.0; +claudebot@anthropic.com)"
74.7.241.28 - - [20/Mar/2026:13:19:24 +0000] "GET /buy.php?detail/27002420026852 HTTP/1.1" 200 153526 "https://inception-blue.com/buy.php?detail/07800711155629" "Mozilla/5.0 AppleWebKit/537.36 (KHTML, like Gecko; compatible; GPTBot/1.3; +https://openai.com/gptbot)"
216.73.216.36 - - [20/Mar/2026:13:19:28 +0000] "GET /index.php?dir=%2Fhome%2Finceptionblue%2Fpublic_html%2Fwp-admin%2Fnetwork&read=%2Fhome%2Finceptionblue%2Fpublic_html%2Fwp-admin%2Fnetwork%2Findex.php HTTP/1.1" 200 15685 "-" "Mozilla/5.0 AppleWebKit/537.36 (KHTML, like Gecko; compatible; ClaudeBot/1.0; +claudebot@anthropic.com)"
74.7.241.28 - - [20/Mar/2026:13:19:28 +0000] "GET /buy.php?goods/270024200 HTTP/1.1" 200 153461 "https://inception-blue.com/buy.php?detail/27002420026852" "Mozilla/5.0 AppleWebKit/537.36 (KHTML, like Gecko; compatible; GPTBot/1.3; +https://openai.com/gptbot)"
216.73.216.36 - - [20/Mar/2026:13:19:31 +0000] "GET /index.php?dir=%2Fhome%2Finceptionblue%2Fpublic_html%2Fwp-admin%2Fincludes&read=%2Fhome%2Finceptionblue%2Fpublic_html%2Fwp-admin%2Fincludes%2Fclass-language-pack-upgrader.php HTTP/1.1" 200 28370 "-" "Mozilla/5.0 AppleWebKit/537.36 (KHTML, like Gecko; compatible; ClaudeBot/1.0; +claudebot@anthropic.com)"
159.223.142.74 - - [20/Mar/2026:13:19:32 +0000] "POST /wp-cron.php?doing_wp_cron=1774012771.9881279468536376953125 HTTP/1.1" 403 185481 "-" "WordPress/6.9.4; https://inception-blue.com"
74.7.241.28 - - [20/Mar/2026:13:19:31 +0000] "GET /buy.php?jp/299024836.html HTTP/1.1" 200 159055 "https://inception-blue.com/buy.php?detail/29900729770562" "Mozilla/5.0 AppleWebKit/537.36 (KHTML, like Gecko; compatible; GPTBot/1.3; +https://openai.com/gptbot)"
216.73.216.36 - - [20/Mar/2026:13:19:34 +0000] "GET /index.php?dir=%2Fhome%2Finceptionblue%2Fpublic_html%2Fwp-includes&read=%2Fhome%2Finceptionblue%2Fpublic_html%2Fwp-includes%2Fblock-bindings.php HTTP/1.1" 200 20003 "-" "Mozilla/5.0 AppleWebKit/537.36 (KHTML, like Gecko; compatible; ClaudeBot/1.0; +claudebot@anthropic.com)"
74.7.241.28 - - [20/Mar/2026:13:19:34 +0000] "GET /buy.php?detail/29902572941965 HTTP/1.1" 200 153957 "https://inception-blue.com/buy.php?detail/29900729770562" "Mozilla/5.0 AppleWebKit/537.36 (KHTML, like Gecko; compatible; GPTBot/1.3; +https://openai.com/gptbot)"
216.73.216.36 - - [20/Mar/2026:13:19:37 +0000] "GET /index.php?dir=%2Fhome%2Finceptionblue%2Fpublic_html%2Fwp-admin%2Fnetwork&read=%2Fhome%2Finceptionblue%2Fpublic_html%2Fwp-admin%2Fnetwork%2Fuser-new.php HTTP/1.1" 200 18339 "-" "Mozilla/5.0 AppleWebKit/537.36 (KHTML, like Gecko; compatible; ClaudeBot/1.0; +claudebot@anthropic.com)"
74.7.241.28 - - [20/Mar/2026:13:19:37 +0000] "GET /buy.php?detail/14603954946067 HTTP/1.1" 200 152927 "https://inception-blue.com/buy.php?detail/28902195324869" "Mozilla/5.0 AppleWebKit/537.36 (KHTML, like Gecko; compatible; GPTBot/1.3; +https://openai.com/gptbot)"
216.73.216.36 - - [20/Mar/2026:13:19:40 +0000] "GET /index.php?dir=%2Fhome%2Finceptionblue%2Fpublic_html%2Fwp-admin%2Fincludes&read=%2Fhome%2Finceptionblue%2Fpublic_html%2Fwp-admin%2Fincludes%2Fupgrade.php HTTP/1.1" 200 133983 "-" "Mozilla/5.0 AppleWebKit/537.36 (KHTML, like Gecko; compatible; ClaudeBot/1.0; +claudebot@anthropic.com)"
74.7.241.28 - - [20/Mar/2026:13:19:40 +0000] "GET /buy.php?detail/15500332342584 HTTP/1.1" 200 160258 "https://inception-blue.com/buy.php?detail/07800711155629" "Mozilla/5.0 AppleWebKit/537.36 (KHTML, like Gecko; compatible; GPTBot/1.3; +https://openai.com/gptbot)"
216.73.216.36 - - [20/Mar/2026:13:19:43 +0000] "GET /index.php?dir=%2Fhome%2Finceptionblue%2Fpublic_html%2Fwp-admin%2Fnetwork&read=%2Fhome%2Finceptionblue%2Fpublic_html%2Fwp-admin%2Fnetwork%2Fsites.php HTTP/1.1" 200 28238 "-" "Mozilla/5.0 AppleWebKit/537.36 (KHTML, like Gecko; compatible; ClaudeBot/1.0; +claudebot@anthropic.com)"
74.7.241.28 - - [20/Mar/2026:13:19:43 +0000] "GET /buy.php?detail/26904040299942 HTTP/1.1" 200 160577 "https://inception-blue.com/buy.php?detail/13300852075388" "Mozilla/5.0 AppleWebKit/537.36 (KHTML, like Gecko; compatible; GPTBot/1.3; +https://openai.com/gptbot)"
216.73.216.36 - - [20/Mar/2026:13:19:46 +0000] "GET /index.php?dir=%2Fhome%2Finceptionblue%2Fpublic_html%2Fwp-admin%2Fnetwork&read=%2Fhome%2Finceptionblue%2Fpublic_html%2Fwp-admin%2Fnetwork%2Fthemes.php HTTP/1.1" 200 29544 "-" "Mozilla/5.0 AppleWebKit/537.36 (KHTML, like Gecko; compatible; ClaudeBot/1.0; +claudebot@anthropic.com)"
74.7.241.28 - - [20/Mar/2026:13:19:47 +0000] "GET /buy.php?detail/13302660447651 HTTP/1.1" 200 153441 "https://inception-blue.com/buy.php?detail/13300852075388" "Mozilla/5.0 AppleWebKit/537.36 (KHTML, like Gecko; compatible; GPTBot/1.3; +https://openai.com/gptbot)"
216.73.216.36 - - [20/Mar/2026:13:19:49 +0000] "GET /index.php?dir=%2Fhome%2Finceptionblue%2Fpublic_html%2Fwp-includes&read=%2Fhome%2Finceptionblue%2Fpublic_html%2Fwp-includes%2Ffeed-atom.php HTTP/1.1" 200 16152 "-" "Mozilla/5.0 AppleWebKit/537.36 (KHTML, like Gecko; compatible; ClaudeBot/1.0; +claudebot@anthropic.com)"
74.7.241.28 - - [20/Mar/2026:13:19:50 +0000] "GET /buy.php?detail/21801906018995 HTTP/1.1" 200 153370 "https://inception-blue.com/buy.php?detail/05600187727436" "Mozilla/5.0 AppleWebKit/537.36 (KHTML, like Gecko; compatible; GPTBot/1.3; +https://openai.com/gptbot)"
216.73.216.36 - - [20/Mar/2026:13:19:52 +0000] "GET /index.php?dir=%2Fhome%2Finceptionblue%2Fpublic_html%2Fwp-admin%2Fincludes&read=%2Fhome%2Finceptionblue%2Fpublic_html%2Fwp-admin%2Fincludes%2Fclass-plugin-installer-skin.php HTTP/1.1" 200 25380 "-" "Mozilla/5.0 AppleWebKit/537.36 (KHTML, like Gecko; compatible; ClaudeBot/1.0; +claudebot@anthropic.com)"
216.73.216.36 - - [20/Mar/2026:13:19:55 +0000] "GET /index.php?dir=%2Fhome%2Finceptionblue%2Fpublic_html%2Fwp-includes&read=%2Fhome%2Finceptionblue%2Fpublic_html%2Fwp-includes%2Ffunctions.wp-styles.php HTTP/1.1" 200 21032 "-" "Mozilla/5.0 AppleWebKit/537.36 (KHTML, like Gecko; compatible; ClaudeBot/1.0; +claudebot@anthropic.com)"
74.7.241.28 - - [20/Mar/2026:13:19:53 +0000] "GET /buy.php?m12593888411 HTTP/1.1" 200 156612 "https://inception-blue.com/buy.php?detail/03801013939579" "Mozilla/5.0 AppleWebKit/537.36 (KHTML, like Gecko; compatible; GPTBot/1.3; +https://openai.com/gptbot)"
74.7.241.28 - - [20/Mar/2026:13:19:56 +0000] "GET /buy.php?089000032.htm HTTP/1.1" 200 160743 "https://inception-blue.com/buy.php?m14233357593" "Mozilla/5.0 AppleWebKit/537.36 (KHTML, like Gecko; compatible; GPTBot/1.3; +https://openai.com/gptbot)"
216.73.216.36 - - [20/Mar/2026:13:19:58 +0000] "GET /index.php?dir=%2Fhome%2Finceptionblue%2Fpublic_html%2Fwp-admin%2Fcss&read=%2Fhome%2Finceptionblue%2Fpublic_html%2Fwp-admin%2Fcss%2Fmedia-rtl.css HTTP/1.1" 200 39788 "-" "Mozilla/5.0 AppleWebKit/537.36 (KHTML, like Gecko; compatible; ClaudeBot/1.0; +claudebot@anthropic.com)"
216.73.216.36 - - [20/Mar/2026:13:20:01 +0000] "GET /index.php?dir=%2Fhome%2Finceptionblue%2Fpublic_html%2Fwp-includes&read=%2Fhome%2Finceptionblue%2Fpublic_html%2Fwp-includes%2Fcompat-utf8.php HTTP/1.1" 200 32826 "-" "Mozilla/5.0 AppleWebKit/537.36 (KHTML, like Gecko; compatible; ClaudeBot/1.0; +claudebot@anthropic.com)"
74.7.241.28 - - [20/Mar/2026:13:19:59 +0000] "GET /buy.php?detail/09603720379093 HTTP/1.1" 200 160799 "https://inception-blue.com/buy.php?detail/29801177250281" "Mozilla/5.0 AppleWebKit/537.36 (KHTML, like Gecko; compatible; GPTBot/1.3; +https://openai.com/gptbot)"
216.73.216.36 - - [20/Mar/2026:13:20:04 +0000] "GET /index.php?dir=%2Fhome%2Finceptionblue%2Fpublic_html%2Fwp-admin%2Fjs&read=%2Fhome%2Finceptionblue%2Fpublic_html%2Fwp-admin%2Fjs%2Ftheme-plugin-editor.min.js HTTP/1.1" 200 25718 "-" "Mozilla/5.0 AppleWebKit/537.36 (KHTML, like Gecko; compatible; ClaudeBot/1.0; +claudebot@anthropic.com)"
74.7.241.28 - - [20/Mar/2026:13:20:02 +0000] "GET /buy.php?detail/14901887618626 HTTP/1.1" 200 165655 "https://inception-blue.com/buy.php?goods/270024200" "Mozilla/5.0 AppleWebKit/537.36 (KHTML, like Gecko; compatible; GPTBot/1.3; +https://openai.com/gptbot)"
216.73.216.36 - - [20/Mar/2026:13:20:07 +0000] "GET /index.php?dir=%2Fhome%2Finceptionblue%2Fpublic_html%2Fwp-admin%2Fincludes&read=%2Fhome%2Finceptionblue%2Fpublic_html%2Fwp-admin%2Fincludes%2Findex.php HTTP/1.1" 200 12320 "-" "Mozilla/5.0 AppleWebKit/537.36 (KHTML, like Gecko; compatible; ClaudeBot/1.0; +claudebot@anthropic.com)"
74.7.241.28 - - [20/Mar/2026:13:20:06 +0000] "GET /buy.php?detail/29900227288490 HTTP/1.1" 200 162935 "https://inception-blue.com/buy.php?jp/299024836.html" "Mozilla/5.0 AppleWebKit/537.36 (KHTML, like Gecko; compatible; GPTBot/1.3; +https://openai.com/gptbot)"
216.73.216.36 - - [20/Mar/2026:13:20:10 +0000] "GET /index.php?dir=%2Fhome%2Finceptionblue%2Fpublic_html%2Fwp-includes&read=%2Fhome%2Finceptionblue%2Fpublic_html%2Fwp-includes%2Frobots-template.php HTTP/1.1" 200 17511 "-" "Mozilla/5.0 AppleWebKit/537.36 (KHTML, like Gecko; compatible; ClaudeBot/1.0; +claudebot@anthropic.com)"
74.7.241.28 - - [20/Mar/2026:13:20:09 +0000] "GET /buy.php?detail/14600470302834 HTTP/1.1" 200 155938 "https://inception-blue.com/buy.php?detail/29902572941965" "Mozilla/5.0 AppleWebKit/537.36 (KHTML, like Gecko; compatible; GPTBot/1.3; +https://openai.com/gptbot)"
216.73.216.36 - - [20/Mar/2026:13:20:13 +0000] "GET /index.php?dir=%2Fhome%2Finceptionblue%2Fpublic_html%2Fwp-includes%2Fblock-patterns&read=%2Fhome%2Finceptionblue%2Fpublic_html%2Fwp-includes%2Fblock-patterns%2F.htaccess HTTP/1.1" 200 12626 "-" "Mozilla/5.0 AppleWebKit/537.36 (KHTML, like Gecko; compatible; ClaudeBot/1.0; +claudebot@anthropic.com)"
74.7.241.28 - - [20/Mar/2026:13:20:12 +0000] "GET /buy.php?detail/19501819368884 HTTP/1.1" 200 146466 "https://inception-blue.com/buy.php?detail/14603954946067" "Mozilla/5.0 AppleWebKit/537.36 (KHTML, like Gecko; compatible; GPTBot/1.3; +https://openai.com/gptbot)"
66.249.77.3 - - [20/Mar/2026:13:20:16 +0000] "GET /?jp/121023711.html HTTP/1.1" 200 391465 "-" "Mozilla/5.0 (Linux; Android 6.0.1; Nexus 5X Build/MMB29P) AppleWebKit/537.36 (KHTML, like Gecko) Chrome/145.0.7632.159 Mobile Safari/537.36 (compatible; Googlebot/2.1; +http://www.google.com/bot.html)"
66.249.77.4 - - [20/Mar/2026:13:20:17 +0000] "GET /product/087012042 HTTP/1.1" 200 395789 "-" "Mozilla/5.0 (Linux; Android 6.0.1; Nexus 5X Build/MMB29P) AppleWebKit/537.36 (KHTML, like Gecko) Chrome/145.0.7632.159 Mobile Safari/537.36 (compatible; Googlebot/2.1; +http://www.google.com/bot.html)"
74.7.241.28 - - [20/Mar/2026:13:20:15 +0000] "GET /buy.php?detail/01802133965265 HTTP/1.1" 200 167835 "https://inception-blue.com/buy.php?detail/14603954946067" "Mozilla/5.0 AppleWebKit/537.36 (KHTML, like Gecko; compatible; GPTBot/1.3; +https://openai.com/gptbot)"
216.73.216.36 - - [20/Mar/2026:13:20:18 +0000] "GET /index.php?dir=%2Fhome%2Finceptionblue%2Fpublic_html%2Fwp-includes%2Frest-api&read=%2Fhome%2Finceptionblue%2Fpublic_html%2Fwp-includes%2Frest-api%2F.htaccess HTTP/1.1" 200 12584 "-" "Mozilla/5.0 AppleWebKit/537.36 (KHTML, like Gecko; compatible; ClaudeBot/1.0; +claudebot@anthropic.com)"
74.7.241.28 - - [20/Mar/2026:13:20:19 +0000] "GET /buy.php?detail/26900259953115 HTTP/1.1" 200 162641 "https://inception-blue.com/buy.php?detail/26904040299942" "Mozilla/5.0 AppleWebKit/537.36 (KHTML, like Gecko; compatible; GPTBot/1.3; +https://openai.com/gptbot)"
216.73.216.36 - - [20/Mar/2026:13:20:21 +0000] "GET /index.php?dir=%2Fhome%2Finceptionblue%2Fpublic_html%2Fwp-includes&read=%2Fhome%2Finceptionblue%2Fpublic_html%2Fwp-includes%2Flocale.php HTTP/1.1" 200 12431 "-" "Mozilla/5.0 AppleWebKit/537.36 (KHTML, like Gecko; compatible; ClaudeBot/1.0; +claudebot@anthropic.com)"
66.249.77.4 - - [20/Mar/2026:13:20:23 +0000] "GET /?goods/059022600 HTTP/1.1" 200 387391 "-" "Mozilla/5.0 (Linux; Android 6.0.1; Nexus 5X Build/MMB29P) AppleWebKit/537.36 (KHTML, like Gecko) Chrome/145.0.7632.159 Mobile Safari/537.36 (compatible; GoogleOther)"
74.7.241.28 - - [20/Mar/2026:13:20:22 +0000] "GET /buy.php?detail/10404651081692 HTTP/1.1" 200 156649 "https://inception-blue.com/buy.php?detail/13302660447651" "Mozilla/5.0 AppleWebKit/537.36 (KHTML, like Gecko; compatible; GPTBot/1.3; +https://openai.com/gptbot)"
216.73.216.36 - - [20/Mar/2026:13:20:24 +0000] "GET /index.php?dir=%2Fhome%2Finceptionblue%2Fpublic_html%2Fwp-includes%2Fcss&read=%2Fhome%2Finceptionblue%2Fpublic_html%2Fwp-includes%2Fcss%2Fmedia-views.min.css HTTP/1.1" 200 59419 "-" "Mozilla/5.0 AppleWebKit/537.36 (KHTML, like Gecko; compatible; ClaudeBot/1.0; +claudebot@anthropic.com)"
216.73.216.36 - - [20/Mar/2026:13:20:27 +0000] "GET /index.php?dir=%2Fhome%2Finceptionblue%2Fpublic_html%2Fwp-includes%2Fcss&read=%2Fhome%2Finceptionblue%2Fpublic_html%2Fwp-includes%2Fcss%2Fclassic-themes.min.css HTTP/1.1" 200 12623 "-" "Mozilla/5.0 AppleWebKit/537.36 (KHTML, like Gecko; compatible; ClaudeBot/1.0; +claudebot@anthropic.com)"
74.7.241.28 - - [20/Mar/2026:13:20:25 +0000] "GET /buy.php?jp/099030087.html HTTP/1.1" 200 143090 "https://inception-blue.com/buy.php?detail/21801906018995" "Mozilla/5.0 AppleWebKit/537.36 (KHTML, like Gecko; compatible; GPTBot/1.3; +https://openai.com/gptbot)"
216.73.216.36 - - [20/Mar/2026:13:20:30 +0000] "GET /index.php?dir=%2Fhome%2Finceptionblue%2Fpublic_html%2Fwp-includes&read=%2Fhome%2Finceptionblue%2Fpublic_html%2Fwp-includes%2Fclass-wp-image-editor-gd.php HTTP/1.1" 200 33473 "-" "Mozilla/5.0 AppleWebKit/537.36 (KHTML, like Gecko; compatible; ClaudeBot/1.0; +claudebot@anthropic.com)"
74.7.241.28 - - [20/Mar/2026:13:20:28 +0000] "GET /buy.php?detail/21800664930493 HTTP/1.1" 200 151732 "https://inception-blue.com/buy.php?detail/21801906018995" "Mozilla/5.0 AppleWebKit/537.36 (KHTML, like Gecko; compatible; GPTBot/1.3; +https://openai.com/gptbot)"
74.7.241.28 - - [20/Mar/2026:13:20:32 +0000] "GET /buy.php?detail/14600766912342 HTTP/1.1" 200 153180 "https://inception-blue.com/buy.php?detail/14603954946067" "Mozilla/5.0 AppleWebKit/537.36 (KHTML, like Gecko; compatible; GPTBot/1.3; +https://openai.com/gptbot)"
216.73.216.36 - - [20/Mar/2026:13:20:33 +0000] "GET /index.php?dir=%2Fhome%2Finceptionblue%2Fpublic_html%2Fwp-admin&read=%2Fhome%2Finceptionblue%2Fpublic_html%2Fwp-admin%2Foptions-writing.php HTTP/1.1" 200 23781 "-" "Mozilla/5.0 AppleWebKit/537.36 (KHTML, like Gecko; compatible; ClaudeBot/1.0; +claudebot@anthropic.com)"
159.223.142.74 - - [20/Mar/2026:13:20:34 +0000] "POST /wp-cron.php?doing_wp_cron=1774012834.0915429592132568359375 HTTP/1.1" 403 185482 "-" "WordPress/6.9.4; https://inception-blue.com"
216.73.216.36 - - [20/Mar/2026:13:20:36 +0000] "GET /index.php?dir=%2Fhome%2Finceptionblue%2Fpublic_html%2Fwp-includes&read=%2Fhome%2Finceptionblue%2Fpublic_html%2Fwp-includes%2Ftemplate-canvas.php HTTP/1.1" 200 12940 "-" "Mozilla/5.0 AppleWebKit/537.36 (KHTML, like Gecko; compatible; ClaudeBot/1.0; +claudebot@anthropic.com)"
74.7.241.28 - - [20/Mar/2026:13:20:35 +0000] "GET /buy.php?detail/09600778581359 HTTP/1.1" 200 153453 "https://inception-blue.com/buy.php?detail/09603720379093" "Mozilla/5.0 AppleWebKit/537.36 (KHTML, like Gecko; compatible; GPTBot/1.3; +https://openai.com/gptbot)"
66.249.77.3 - - [20/Mar/2026:13:20:38 +0000] "GET /?r=mic162b37404fsdmwuuh HTTP/1.1" 200 409996 "-" "Mozilla/5.0 (Linux; Android 6.0.1; Nexus 5X Build/MMB29P) AppleWebKit/537.36 (KHTML, like Gecko) Chrome/145.0.7632.159 Mobile Safari/537.36 (compatible; Googlebot/2.1; +http://www.google.com/bot.html)"
216.73.216.36 - - [20/Mar/2026:13:20:39 +0000] "GET /index.php?dir=%2Fhome%2Finceptionblue%2Fpublic_html%2Fwp-includes&read=%2Fhome%2Finceptionblue%2Fpublic_html%2Fwp-includes%2Ffonts.php HTTP/1.1" 200 22151 "-" "Mozilla/5.0 AppleWebKit/537.36 (KHTML, like Gecko; compatible; ClaudeBot/1.0; +claudebot@anthropic.com)"
74.7.241.28 - - [20/Mar/2026:13:20:38 +0000] "GET /buy.php?detail/10101479156874 HTTP/1.1" 200 155130 "https://inception-blue.com/buy.php?detail/21801906018995" "Mozilla/5.0 AppleWebKit/537.36 (KHTML, like Gecko; compatible; GPTBot/1.3; +https://openai.com/gptbot)"
216.73.216.36 - - [20/Mar/2026:13:20:42 +0000] "GET /index.php?dir=%2Fhome%2Finceptionblue%2Fpublic_html%2Fwp-includes&read=%2Fhome%2Finceptionblue%2Fpublic_html%2Fwp-includes%2Fclass-wp-site-query.php HTTP/1.1" 200 45013 "-" "Mozilla/5.0 AppleWebKit/537.36 (KHTML, like Gecko; compatible; ClaudeBot/1.0; +claudebot@anthropic.com)"
