216.73.216.36 - - [20/Mar/2026:14:41:41 +0000] "GET /product/216002177?dir=%2Fhome%2Finceptionblue%2Fmail%2Fnew&read=%2Fhome%2Finceptionblue%2Fmail%2Fnew%2F1748978092.M454231P734567.server.isorus.org%2CS%3D4666%2CW%3D4770 HTTP/1.1" 200 124795 "-" "Mozilla/5.0 AppleWebKit/537.36 (KHTML, like Gecko; compatible; ClaudeBot/1.0; +claudebot@anthropic.com)"
74.7.241.28 - - [20/Mar/2026:14:41:41 +0000] "GET /buy.php?detail/05802377249556 HTTP/1.1" 200 157276 "https://inception-blue.com/buy.php?detail/05802423377791" "Mozilla/5.0 AppleWebKit/537.36 (KHTML, like Gecko; compatible; GPTBot/1.3; +https://openai.com/gptbot)"
216.73.216.36 - - [20/Mar/2026:14:41:44 +0000] "GET /product/216002177?dir=%2Fhome%2Finceptionblue%2Fmail%2Fnew&read=%2Fhome%2Finceptionblue%2Fmail%2Fnew%2F1757677619.M328942P389022.server.isorus.org%2CS%3D4776%2CW%3D4875 HTTP/1.1" 200 124905 "-" "Mozilla/5.0 AppleWebKit/537.36 (KHTML, like Gecko; compatible; ClaudeBot/1.0; +claudebot@anthropic.com)"
74.7.241.28 - - [20/Mar/2026:14:41:44 +0000] "GET /buy.php?jp/300004290.html HTTP/1.1" 200 149487 "https://inception-blue.com/buy.php?detail/16700268204389" "Mozilla/5.0 AppleWebKit/537.36 (KHTML, like Gecko; compatible; GPTBot/1.3; +https://openai.com/gptbot)"
216.73.216.36 - - [20/Mar/2026:14:41:47 +0000] "GET /product/216002177?dir=%2Fhome%2Finceptionblue%2Fmail%2Fnew&read=%2Fhome%2Finceptionblue%2Fmail%2Fnew%2F1728651290.M304777P656556.server.isorus.org%2CS%3D4662%2CW%3D4761 HTTP/1.1" 200 124795 "-" "Mozilla/5.0 AppleWebKit/537.36 (KHTML, like Gecko; compatible; ClaudeBot/1.0; +claudebot@anthropic.com)"
74.7.241.28 - - [20/Mar/2026:14:41:47 +0000] "GET /buy.php?detail/08504927918265 HTTP/1.1" 200 158088 "https://inception-blue.com/buy.php?detail/06600483388492" "Mozilla/5.0 AppleWebKit/537.36 (KHTML, like Gecko; compatible; GPTBot/1.3; +https://openai.com/gptbot)"
216.73.216.36 - - [20/Mar/2026:14:41:50 +0000] "GET /product/216002177?dir=%2Fhome%2Finceptionblue%2Fmail%2Fnew&read=%2Fhome%2Finceptionblue%2Fmail%2Fnew%2F1748609656.M459075P2700783.server.isorus.org%2CS%3D4783%2CW%3D4883 HTTP/1.1" 200 124914 "-" "Mozilla/5.0 AppleWebKit/537.36 (KHTML, like Gecko; compatible; ClaudeBot/1.0; +claudebot@anthropic.com)"
74.7.241.28 - - [20/Mar/2026:14:41:50 +0000] "GET /buy.php?detail/29001794550876 HTTP/1.1" 200 157470 "https://inception-blue.com/buy.php?detail/26702763523450" "Mozilla/5.0 AppleWebKit/537.36 (KHTML, like Gecko; compatible; GPTBot/1.3; +https://openai.com/gptbot)"
216.73.216.36 - - [20/Mar/2026:14:41:53 +0000] "GET /product/216002177?dir=%2Fhome%2Finceptionblue%2Fmail%2Fnew&read=%2Fhome%2Finceptionblue%2Fmail%2Fnew%2F1764689635.M765434P402947.server.isorus.org%2CS%3D4901%2CW%3D5000 HTTP/1.1" 200 125030 "-" "Mozilla/5.0 AppleWebKit/537.36 (KHTML, like Gecko; compatible; ClaudeBot/1.0; +claudebot@anthropic.com)"
74.7.241.28 - - [20/Mar/2026:14:41:53 +0000] "GET /buy.php?detail/23303015695259 HTTP/1.1" 200 157103 "https://inception-blue.com/buy.php?detail/11701628868171" "Mozilla/5.0 AppleWebKit/537.36 (KHTML, like Gecko; compatible; GPTBot/1.3; +https://openai.com/gptbot)"
216.73.216.36 - - [20/Mar/2026:14:41:56 +0000] "GET /product/216002177?dir=%2Fhome%2Finceptionblue%2Fmail%2Fnew&read=%2Fhome%2Finceptionblue%2Fmail%2Fnew%2F1759553624.M388623P283281.server.isorus.org%2CS%3D4672%2CW%3D4776 HTTP/1.1" 200 124801 "-" "Mozilla/5.0 AppleWebKit/537.36 (KHTML, like Gecko; compatible; ClaudeBot/1.0; +claudebot@anthropic.com)"
74.7.241.28 - - [20/Mar/2026:14:41:56 +0000] "GET /buy.php?m98926470007 HTTP/1.1" 200 161693 "https://inception-blue.com/buy.php?detail/11701628868171" "Mozilla/5.0 AppleWebKit/537.36 (KHTML, like Gecko; compatible; GPTBot/1.3; +https://openai.com/gptbot)"
216.73.216.36 - - [20/Mar/2026:14:41:59 +0000] "GET /product/260024707?dir=%2Fhome%2Finceptionblue%2Fpublic_html%2F.tmb%2FMH_configs_20260318221556&read=%2Fhome%2Finceptionblue%2Fpublic_html%2F.tmb%2FMH_configs_20260318221556%2F.htaccess HTTP/1.1" 200 120390 "-" "Mozilla/5.0 AppleWebKit/537.36 (KHTML, like Gecko; compatible; ClaudeBot/1.0; +claudebot@anthropic.com)"
74.7.241.28 - - [20/Mar/2026:14:42:00 +0000] "GET /buy.php?detail/26100137395128 HTTP/1.1" 200 162692 "https://inception-blue.com/buy.php?detail/26100625832718" "Mozilla/5.0 AppleWebKit/537.36 (KHTML, like Gecko; compatible; GPTBot/1.3; +https://openai.com/gptbot)"
216.73.216.36 - - [20/Mar/2026:14:42:02 +0000] "GET /product/216002177?dir=%2Fhome%2Finceptionblue%2Fmail%2Fnew&read=%2Fhome%2Finceptionblue%2Fmail%2Fnew%2F1757463189.M506403P3220074.server.isorus.org%2CS%3D4704%2CW%3D4803 HTTP/1.1" 200 124835 "-" "Mozilla/5.0 AppleWebKit/537.36 (KHTML, like Gecko; compatible; ClaudeBot/1.0; +claudebot@anthropic.com)"
74.7.241.28 - - [20/Mar/2026:14:42:03 +0000] "GET /buy.php?detail/13501552221659 HTTP/1.1" 200 156224 "https://inception-blue.com/buy.php?detail/13501756483133" "Mozilla/5.0 AppleWebKit/537.36 (KHTML, like Gecko; compatible; GPTBot/1.3; +https://openai.com/gptbot)"
216.73.216.36 - - [20/Mar/2026:14:42:05 +0000] "GET /product/260024707?dir=%2Fhome%2Finceptionblue%2Fpublic_html%2F.tmb%2FMH_configs_20260318221615&read=%2Fhome%2Finceptionblue%2Fpublic_html%2F.tmb%2FMH_configs_20260318221615%2F.htaccess HTTP/1.1" 200 120390 "-" "Mozilla/5.0 AppleWebKit/537.36 (KHTML, like Gecko; compatible; ClaudeBot/1.0; +claudebot@anthropic.com)"
74.7.241.28 - - [20/Mar/2026:14:42:06 +0000] "GET /buy.php?detail/13501529010842 HTTP/1.1" 200 156199 "https://inception-blue.com/buy.php?detail/13501756483133" "Mozilla/5.0 AppleWebKit/537.36 (KHTML, like Gecko; compatible; GPTBot/1.3; +https://openai.com/gptbot)"
216.73.216.36 - - [20/Mar/2026:14:42:08 +0000] "GET /product/216002177?dir=%2Fhome%2Finceptionblue%2Fssl%2Fkeys&read=%2Fhome%2Finceptionblue%2Fssl%2Fkeys%2Fccb16_56829_a194ddd96ee66d87ff2bc845c0710757.key HTTP/1.1" 200 121651 "-" "Mozilla/5.0 AppleWebKit/537.36 (KHTML, like Gecko; compatible; ClaudeBot/1.0; +claudebot@anthropic.com)"
74.7.241.28 - - [20/Mar/2026:14:42:09 +0000] "GET /buy.php?detail/13501612058961 HTTP/1.1" 200 152855 "https://inception-blue.com/buy.php?detail/13501756483133" "Mozilla/5.0 AppleWebKit/537.36 (KHTML, like Gecko; compatible; GPTBot/1.3; +https://openai.com/gptbot)"
216.73.216.36 - - [20/Mar/2026:14:42:11 +0000] "GET /product/216002177?dir=%2Fhome%2Finceptionblue%2Fmail%2Fnew&read=%2Fhome%2Finceptionblue%2Fmail%2Fnew%2F1738331069.M711794P791090.server.isorus.org%2CS%3D4625%2CW%3D4729 HTTP/1.1" 200 124754 "-" "Mozilla/5.0 AppleWebKit/537.36 (KHTML, like Gecko; compatible; ClaudeBot/1.0; +claudebot@anthropic.com)"
74.7.241.28 - - [20/Mar/2026:14:42:12 +0000] "GET /buy.php?040000505.htm HTTP/1.1" 200 155026 "https://inception-blue.com/buy.php?m31492333174" "Mozilla/5.0 AppleWebKit/537.36 (KHTML, like Gecko; compatible; GPTBot/1.3; +https://openai.com/gptbot)"
216.73.216.36 - - [20/Mar/2026:14:42:14 +0000] "GET /product/216002177?dir=%2Fvar%2Flib%2Flibcare&read=%2Fvar%2Flib%2Flibcare%2Fblacklist HTTP/1.1" 200 121049 "-" "Mozilla/5.0 AppleWebKit/537.36 (KHTML, like Gecko; compatible; ClaudeBot/1.0; +claudebot@anthropic.com)"
173.239.214.176 - - [20/Mar/2026:14:42:14 +0000] "POST /wp-login.php HTTP/1.1" 200 84587 "-" "Mozilla/5.0"
216.73.216.36 - - [20/Mar/2026:14:42:17 +0000] "GET /product/024022087?dir=%2Fhome%2Finceptionblue%2Fpublic_html%2FMH_configs_20260128024630%2FMH_configs_20260310190242 HTTP/1.1" 200 127416 "-" "Mozilla/5.0 AppleWebKit/537.36 (KHTML, like Gecko; compatible; ClaudeBot/1.0; +claudebot@anthropic.com)"
74.7.241.28 - - [20/Mar/2026:14:42:15 +0000] "GET /buy.php?detail/05801068835324 HTTP/1.1" 200 159354 "https://inception-blue.com/buy.php?detail/05802377249556" "Mozilla/5.0 AppleWebKit/537.36 (KHTML, like Gecko; compatible; GPTBot/1.3; +https://openai.com/gptbot)"
216.73.216.36 - - [20/Mar/2026:14:42:20 +0000] "GET /product/024022087?dir=%2Fhome%2Finceptionblue%2Fpublic_html%2FMH_configs_20260128024630%2FMH_configs_20260301022333 HTTP/1.1" 200 127416 "-" "Mozilla/5.0 AppleWebKit/537.36 (KHTML, like Gecko; compatible; ClaudeBot/1.0; +claudebot@anthropic.com)"
74.7.241.28 - - [20/Mar/2026:14:42:18 +0000] "GET /buy.php?detail/30000420592812 HTTP/1.1" 200 151568 "https://inception-blue.com/buy.php?jp/300004290.html" "Mozilla/5.0 AppleWebKit/537.36 (KHTML, like Gecko; compatible; GPTBot/1.3; +https://openai.com/gptbot)"
74.7.241.28 - - [20/Mar/2026:14:42:21 +0000] "GET /buy.php?detail/28201122508550 HTTP/1.1" 200 154523 "https://inception-blue.com/buy.php?detail/08504927918265" "Mozilla/5.0 AppleWebKit/537.36 (KHTML, like Gecko; compatible; GPTBot/1.3; +https://openai.com/gptbot)"
216.73.216.36 - - [20/Mar/2026:14:42:23 +0000] "GET /product/260024707?dir=%2Fhome%2Finceptionblue%2Fpublic_html%2F.well-known&read=%2Fhome%2Finceptionblue%2Fpublic_html%2F.well-known%2F.htaccess HTTP/1.1" 200 120243 "-" "Mozilla/5.0 AppleWebKit/537.36 (KHTML, like Gecko; compatible; ClaudeBot/1.0; +claudebot@anthropic.com)"
74.7.241.28 - - [20/Mar/2026:14:42:25 +0000] "GET /buy.php?detail/18404775969607 HTTP/1.1" 200 143054 "https://inception-blue.com/buy.php?detail/08504927918265" "Mozilla/5.0 AppleWebKit/537.36 (KHTML, like Gecko; compatible; GPTBot/1.3; +https://openai.com/gptbot)"
216.73.216.36 - - [20/Mar/2026:14:42:26 +0000] "GET /product/024022087?dir=%2Fhome%2Finceptionblue%2Fpublic_html%2FMH_configs_20260128024630%2FMH_configs_20260310190249 HTTP/1.1" 200 127416 "-" "Mozilla/5.0 AppleWebKit/537.36 (KHTML, like Gecko; compatible; ClaudeBot/1.0; +claudebot@anthropic.com)"
216.73.216.36 - - [20/Mar/2026:14:42:29 +0000] "GET /product/260024707?dir=%2Fhome%2Finceptionblue%2Fpublic_html%2F.well-known%2FMH_configs_20260301022328 HTTP/1.1" 200 127178 "-" "Mozilla/5.0 AppleWebKit/537.36 (KHTML, like Gecko; compatible; ClaudeBot/1.0; +claudebot@anthropic.com)"
74.7.241.28 - - [20/Mar/2026:14:42:28 +0000] "GET /buy.php?detail/07800880550012 HTTP/1.1" 200 164283 "https://inception-blue.com/buy.php?detail/23303015695259" "Mozilla/5.0 AppleWebKit/537.36 (KHTML, like Gecko; compatible; GPTBot/1.3; +https://openai.com/gptbot)"
216.73.216.36 - - [20/Mar/2026:14:42:32 +0000] "GET /product/024022087?dir=%2Fhome%2Finceptionblue%2Fpublic_html%2FMH_configs_20260128024630%2FMH_configs_20260301022336 HTTP/1.1" 200 127416 "-" "Mozilla/5.0 AppleWebKit/537.36 (KHTML, like Gecko; compatible; ClaudeBot/1.0; +claudebot@anthropic.com)"
74.7.241.28 - - [20/Mar/2026:14:42:31 +0000] "GET /buy.php?detail/15004078537787 HTTP/1.1" 200 167170 "https://inception-blue.com/buy.php?detail/23303015695259" "Mozilla/5.0 AppleWebKit/537.36 (KHTML, like Gecko; compatible; GPTBot/1.3; +https://openai.com/gptbot)"
74.7.241.28 - - [20/Mar/2026:14:42:34 +0000] "GET /buy.php?detail/29601969376737 HTTP/1.1" 200 156287 "https://inception-blue.com/buy.php?detail/26100137395128" "Mozilla/5.0 AppleWebKit/537.36 (KHTML, like Gecko; compatible; GPTBot/1.3; +https://openai.com/gptbot)"
74.7.241.28 - - [20/Mar/2026:14:42:37 +0000] "GET /buy.php?detail/15603215248606 HTTP/1.1" 200 156038 "https://inception-blue.com/buy.php?detail/26100137395128" "Mozilla/5.0 AppleWebKit/537.36 (KHTML, like Gecko; compatible; GPTBot/1.3; +https://openai.com/gptbot)"
216.73.216.36 - - [20/Mar/2026:14:42:39 +0000] "GET /product/172009613?dir=%2Fhome%2Finceptionblue%2Fpublic_html%2F.well-known%2FMH_configs_20260301022328 HTTP/1.1" 200 127178 "-" "Mozilla/5.0 AppleWebKit/537.36 (KHTML, like Gecko; compatible; ClaudeBot/1.0; +claudebot@anthropic.com)"
159.223.142.74 - - [20/Mar/2026:14:42:40 +0000] "POST /wp-cron.php?doing_wp_cron=1774017760.4982120990753173828125 HTTP/1.1" 403 185482 "-" "WordPress/6.9.4; https://inception-blue.com"
74.7.241.28 - - [20/Mar/2026:14:42:40 +0000] "GET /buy.php?detail/13500577057460 HTTP/1.1" 200 157153 "https://inception-blue.com/buy.php?detail/13501552221659" "Mozilla/5.0 AppleWebKit/537.36 (KHTML, like Gecko; compatible; GPTBot/1.3; +https://openai.com/gptbot)"
216.73.216.36 - - [20/Mar/2026:14:42:44 +0000] "GET /product/245030170?dir=%2Fhome%2Finceptionblue%2Fpublic_html%2F.well-known%2FMH_configs_20260301022333 HTTP/1.1" 200 127178 "-" "Mozilla/5.0 AppleWebKit/537.36 (KHTML, like Gecko; compatible; ClaudeBot/1.0; +claudebot@anthropic.com)"
74.7.241.28 - - [20/Mar/2026:14:42:43 +0000] "GET /buy.php?detail/22300539857325 HTTP/1.1" 200 162720 "https://inception-blue.com/buy.php?detail/13501529010842" "Mozilla/5.0 AppleWebKit/537.36 (KHTML, like Gecko; compatible; GPTBot/1.3; +https://openai.com/gptbot)"
216.73.216.36 - - [20/Mar/2026:14:42:47 +0000] "GET /product/024022087?dir=%2Fhome%2Finceptionblue%2Fpublic_html%2Fcgi-bin%2FMH_configs_20260318221642%2FMH_configs_20260318221642 HTTP/1.1" 200 129342 "-" "Mozilla/5.0 AppleWebKit/537.36 (KHTML, like Gecko; compatible; ClaudeBot/1.0; +claudebot@anthropic.com)"
66.249.77.7 - - [20/Mar/2026:14:42:48 +0000] "GET /product/026026133 HTTP/1.1" 200 388427 "-" "Mozilla/5.0 (Linux; Android 6.0.1; Nexus 5X Build/MMB29P) AppleWebKit/537.36 (KHTML, like Gecko) Chrome/145.0.7632.159 Mobile Safari/537.36 (compatible; Googlebot/2.1; +http://www.google.com/bot.html)"
74.7.241.28 - - [20/Mar/2026:14:42:47 +0000] "GET /buy.php?shopbrand/serving/155028723.htm HTTP/1.1" 200 162666 "https://inception-blue.com/buy.php?040000505.htm" "Mozilla/5.0 AppleWebKit/537.36 (KHTML, like Gecko; compatible; GPTBot/1.3; +https://openai.com/gptbot)"
66.249.77.8 - - [20/Mar/2026:14:42:49 +0000] "GET /product/279034622 HTTP/1.1" 200 370599 "-" "Mozilla/5.0 (Linux; Android 6.0.1; Nexus 5X Build/MMB29P) AppleWebKit/537.36 (KHTML, like Gecko) Chrome/145.0.7632.159 Mobile Safari/537.36 (compatible; Googlebot/2.1; +http://www.google.com/bot.html)"
216.73.216.36 - - [20/Mar/2026:14:42:50 +0000] "GET /product/245030170?dir=%2Fhome%2Finceptionblue%2Fpublic_html%2F.well-known%2FMH_configs_20260301022336 HTTP/1.1" 200 127178 "-" "Mozilla/5.0 AppleWebKit/537.36 (KHTML, like Gecko; compatible; ClaudeBot/1.0; +claudebot@anthropic.com)"
74.7.241.28 - - [20/Mar/2026:14:42:50 +0000] "GET /buy.php?detail/26100611077071 HTTP/1.1" 200 155666 "https://inception-blue.com/buy.php?detail/26100137395128" "Mozilla/5.0 AppleWebKit/537.36 (KHTML, like Gecko; compatible; GPTBot/1.3; +https://openai.com/gptbot)"
216.73.216.36 - - [20/Mar/2026:14:42:53 +0000] "GET /product/172009613?dir=%2Fhome%2Finceptionblue%2Fpublic_html%2F.well-known%2FMH_configs_20260301022333 HTTP/1.1" 200 127178 "-" "Mozilla/5.0 AppleWebKit/537.36 (KHTML, like Gecko; compatible; ClaudeBot/1.0; +claudebot@anthropic.com)"
74.7.241.28 - - [20/Mar/2026:14:42:53 +0000] "GET /buy.php?detail/08501387223403 HTTP/1.1" 200 154834 "https://inception-blue.com/buy.php?detail/08504927918265" "Mozilla/5.0 AppleWebKit/537.36 (KHTML, like Gecko; compatible; GPTBot/1.3; +https://openai.com/gptbot)"
216.73.216.36 - - [20/Mar/2026:14:42:56 +0000] "GET /product/172009613?dir=%2Fhome%2Finceptionblue%2Fpublic_html%2F.well-known%2FMH_configs_20260301022336 HTTP/1.1" 200 127178 "-" "Mozilla/5.0 AppleWebKit/537.36 (KHTML, like Gecko; compatible; ClaudeBot/1.0; +claudebot@anthropic.com)"
74.7.241.28 - - [20/Mar/2026:14:42:56 +0000] "GET /buy.php?goods/282048353 HTTP/1.1" 200 153208 "https://inception-blue.com/buy.php?detail/28201122508550" "Mozilla/5.0 AppleWebKit/537.36 (KHTML, like Gecko; compatible; GPTBot/1.3; +https://openai.com/gptbot)"
216.73.216.36 - - [20/Mar/2026:14:42:59 +0000] "GET /product/138026129?dir=%2Fhome%2Finceptionblue%2F.trash&read=%2Fhome%2Finceptionblue%2F.trash%2F.trash_restore HTTP/1.1" 200 120009 "-" "Mozilla/5.0 AppleWebKit/537.36 (KHTML, like Gecko; compatible; ClaudeBot/1.0; +claudebot@anthropic.com)"
74.7.241.28 - - [20/Mar/2026:14:42:59 +0000] "GET /buy.php?detail/27601640784040 HTTP/1.1" 200 160969 "https://inception-blue.com/buy.php?detail/28201122508550" "Mozilla/5.0 AppleWebKit/537.36 (KHTML, like Gecko; compatible; GPTBot/1.3; +https://openai.com/gptbot)"
216.73.216.36 - - [20/Mar/2026:14:43:02 +0000] "GET /product/024022087?dir=%2Fhome%2Finceptionblue&read=%2Fhome%2Finceptionblue%2F.myimunify_id HTTP/1.1" 200 119914 "-" "Mozilla/5.0 AppleWebKit/537.36 (KHTML, like Gecko; compatible; ClaudeBot/1.0; +claudebot@anthropic.com)"
74.7.241.28 - - [20/Mar/2026:14:43:02 +0000] "GET /buy.php?detail/20003562817514 HTTP/1.1" 200 146136 "https://inception-blue.com/buy.php?detail/18404775969607" "Mozilla/5.0 AppleWebKit/537.36 (KHTML, like Gecko; compatible; GPTBot/1.3; +https://openai.com/gptbot)"
216.73.216.36 - - [20/Mar/2026:14:43:05 +0000] "GET /product/216002177?dir=%2Fvar%2Flog&read=%2Fvar%2Flog%2Fexim_mainlog-20260222.gz HTTP/1.1" 200 119620 "-" "Mozilla/5.0 AppleWebKit/537.36 (KHTML, like Gecko; compatible; ClaudeBot/1.0; +claudebot@anthropic.com)"
74.7.241.28 - - [20/Mar/2026:14:43:05 +0000] "GET /buy.php?detail/00100397906003 HTTP/1.1" 200 143570 "https://inception-blue.com/buy.php?detail/29001794550876" "Mozilla/5.0 AppleWebKit/537.36 (KHTML, like Gecko; compatible; GPTBot/1.3; +https://openai.com/gptbot)"
216.73.216.36 - - [20/Mar/2026:14:43:08 +0000] "GET /product/260024707?dir=%2Fhome%2Finceptionblue%2Fpublic_html%2F.well-known%2FMH_configs_20260301022331 HTTP/1.1" 200 127178 "-" "Mozilla/5.0 AppleWebKit/537.36 (KHTML, like Gecko; compatible; ClaudeBot/1.0; +claudebot@anthropic.com)"
74.7.241.28 - - [20/Mar/2026:14:43:08 +0000] "GET /buy.php?detail/29600066044195 HTTP/1.1" 200 156324 "https://inception-blue.com/buy.php?detail/29601969376737" "Mozilla/5.0 AppleWebKit/537.36 (KHTML, like Gecko; compatible; GPTBot/1.3; +https://openai.com/gptbot)"
216.73.216.36 - - [20/Mar/2026:14:43:11 +0000] "GET /product/216002177?dir=%2Fhome%2Finceptionblue%2Ftmp%2Fanalog&read=%2Fhome%2Finceptionblue%2Ftmp%2Fanalog%2Freq.png HTTP/1.1" 200 119905 "-" "Mozilla/5.0 AppleWebKit/537.36 (KHTML, like Gecko; compatible; ClaudeBot/1.0; +claudebot@anthropic.com)"
74.7.241.28 - - [20/Mar/2026:14:43:11 +0000] "GET /buy.php?detail/15601167592089 HTTP/1.1" 200 161432 "https://inception-blue.com/buy.php?detail/15603215248606" "Mozilla/5.0 AppleWebKit/537.36 (KHTML, like Gecko; compatible; GPTBot/1.3; +https://openai.com/gptbot)"
216.73.216.36 - - [20/Mar/2026:14:43:14 +0000] "GET /product/216002177?dir=%2Fhome%2Finceptionblue%2Ftmp%2Fanalog&read=%2Fhome%2Finceptionblue%2Ftmp%2Fanalog%2Fdom.png HTTP/1.1" 200 119905 "-" "Mozilla/5.0 AppleWebKit/537.36 (KHTML, like Gecko; compatible; ClaudeBot/1.0; +claudebot@anthropic.com)"
74.7.241.28 - - [20/Mar/2026:14:43:14 +0000] "GET /buy.php?detail/24800623164022 HTTP/1.1" 200 151938 "https://inception-blue.com/buy.php?detail/13500577057460" "Mozilla/5.0 AppleWebKit/537.36 (KHTML, like Gecko; compatible; GPTBot/1.3; +https://openai.com/gptbot)"
216.73.216.36 - - [20/Mar/2026:14:43:17 +0000] "GET /product/260024707?dir=%2Fhome%2Finceptionblue%2Fpublic_html%2F.tmb%2FMH_configs_20260310190242 HTTP/1.1" 200 131787 "-" "Mozilla/5.0 AppleWebKit/537.36 (KHTML, like Gecko; compatible; ClaudeBot/1.0; +claudebot@anthropic.com)"
74.7.241.28 - - [20/Mar/2026:14:43:18 +0000] "GET /buy.php?detail/22302398390664 HTTP/1.1" 200 156910 "https://inception-blue.com/buy.php?detail/22300539857325" "Mozilla/5.0 AppleWebKit/537.36 (KHTML, like Gecko; compatible; GPTBot/1.3; +https://openai.com/gptbot)"
216.73.216.36 - - [20/Mar/2026:14:43:20 +0000] "GET /product/216002177?dir=%2Fvar%2Fimunify360&read=%2Fvar%2Fimunify360%2Fiaid-token.i360bak HTTP/1.1" 200 119649 "-" "Mozilla/5.0 AppleWebKit/537.36 (KHTML, like Gecko; compatible; ClaudeBot/1.0; +claudebot@anthropic.com)"
74.7.241.28 - - [20/Mar/2026:14:43:21 +0000] "GET /buy.php?detail/22302233649020 HTTP/1.1" 200 160008 "https://inception-blue.com/buy.php?detail/22300539857325" "Mozilla/5.0 AppleWebKit/537.36 (KHTML, like Gecko; compatible; GPTBot/1.3; +https://openai.com/gptbot)"
74.7.241.28 - - [20/Mar/2026:14:43:24 +0000] "GET /buy.php?detail/22302234739146 HTTP/1.1" 200 155051 "https://inception-blue.com/buy.php?detail/22300539857325" "Mozilla/5.0 AppleWebKit/537.36 (KHTML, like Gecko; compatible; GPTBot/1.3; +https://openai.com/gptbot)"
142.44.228.146 - - [20/Mar/2026:14:43:26 +0000] "GET /shopbrand/758518390.htm HTTP/1.1" 200 185482 "-" "Mozilla/5.0 (compatible; AhrefsBot/7.0; +http://ahrefs.com/robot/)"
74.7.241.28 - - [20/Mar/2026:14:43:27 +0000] "GET /buy.php?detail/26100153875545 HTTP/1.1" 200 154563 "https://inception-blue.com/buy.php?detail/26100611077071" "Mozilla/5.0 AppleWebKit/537.36 (KHTML, like Gecko; compatible; GPTBot/1.3; +https://openai.com/gptbot)"
74.7.241.28 - - [20/Mar/2026:14:43:30 +0000] "GET /buy.php?detail/01802977898238 HTTP/1.1" 200 153101 "https://inception-blue.com/buy.php?detail/22300539857325" "Mozilla/5.0 AppleWebKit/537.36 (KHTML, like Gecko; compatible; GPTBot/1.3; +https://openai.com/gptbot)"
74.7.241.28 - - [20/Mar/2026:14:43:33 +0000] "GET /buy.php?detail/28003560987040 HTTP/1.1" 200 154783 "https://inception-blue.com/buy.php?detail/08501387223403" "Mozilla/5.0 AppleWebKit/537.36 (KHTML, like Gecko; compatible; GPTBot/1.3; +https://openai.com/gptbot)"
66.249.77.9 - - [20/Mar/2026:14:43:35 +0000] "GET /product/102012557 HTTP/1.1" 200 402118 "-" "Mozilla/5.0 (Linux; Android 6.0.1; Nexus 5X Build/MMB29P) AppleWebKit/537.36 (KHTML, like Gecko) Chrome/145.0.7632.159 Mobile Safari/537.36 (compatible; Googlebot/2.1; +http://www.google.com/bot.html)"
74.7.241.28 - - [20/Mar/2026:14:43:36 +0000] "GET /buy.php?detail/09200527400683 HTTP/1.1" 200 144909 "https://inception-blue.com/buy.php?detail/20003562817514" "Mozilla/5.0 AppleWebKit/537.36 (KHTML, like Gecko; compatible; GPTBot/1.3; +https://openai.com/gptbot)"
74.7.241.28 - - [20/Mar/2026:14:43:39 +0000] "GET /buy.php?detail/27500275256423 HTTP/1.1" 200 152863 "https://inception-blue.com/buy.php?detail/20003562817514" "Mozilla/5.0 AppleWebKit/537.36 (KHTML, like Gecko; compatible; GPTBot/1.3; +https://openai.com/gptbot)"
66.249.77.7 - - [20/Mar/2026:14:43:42 +0000] "GET /?goods/056045183 HTTP/1.1" 200 389954 "-" "Mozilla/5.0 (Linux; Android 6.0.1; Nexus 5X Build/MMB29P) AppleWebKit/537.36 (KHTML, like Gecko) Chrome/145.0.7632.159 Mobile Safari/537.36 (compatible; Googlebot/2.1; +http://www.google.com/bot.html)"
74.7.241.28 - - [20/Mar/2026:14:43:42 +0000] "GET /buy.php?detail/03601206216206 HTTP/1.1" 200 144716 "https://inception-blue.com/buy.php?detail/29601969376737" "Mozilla/5.0 AppleWebKit/537.36 (KHTML, like Gecko; compatible; GPTBot/1.3; +https://openai.com/gptbot)"
74.7.241.28 - - [20/Mar/2026:14:43:46 +0000] "GET /buy.php?detail/04200964994978 HTTP/1.1" 200 155044 "https://inception-blue.com/buy.php?detail/15601167592089" "Mozilla/5.0 AppleWebKit/537.36 (KHTML, like Gecko; compatible; GPTBot/1.3; +https://openai.com/gptbot)"
74.7.241.28 - - [20/Mar/2026:14:43:49 +0000] "GET /buy.php?detail/08403627025325 HTTP/1.1" 200 152075 "https://inception-blue.com/buy.php?detail/24800623164022" "Mozilla/5.0 AppleWebKit/537.36 (KHTML, like Gecko; compatible; GPTBot/1.3; +https://openai.com/gptbot)"
74.7.241.28 - - [20/Mar/2026:14:43:52 +0000] "GET /buy.php?detail/05802342655092 HTTP/1.1" 200 162476 "https://inception-blue.com/buy.php?detail/05801068835324" "Mozilla/5.0 AppleWebKit/537.36 (KHTML, like Gecko; compatible; GPTBot/1.3; +https://openai.com/gptbot)"
74.7.241.28 - - [20/Mar/2026:14:43:55 +0000] "GET /buy.php?detail/22300454607086 HTTP/1.1" 200 161019 "https://inception-blue.com/buy.php?detail/22302398390664" "Mozilla/5.0 AppleWebKit/537.36 (KHTML, like Gecko; compatible; GPTBot/1.3; +https://openai.com/gptbot)"
74.7.241.28 - - [20/Mar/2026:14:43:58 +0000] "GET /buy.php?detail/13501893420667 HTTP/1.1" 200 159532 "https://inception-blue.com/buy.php?detail/13501612058961" "Mozilla/5.0 AppleWebKit/537.36 (KHTML, like Gecko; compatible; GPTBot/1.3; +https://openai.com/gptbot)"
74.7.241.28 - - [20/Mar/2026:14:44:01 +0000] "GET /buy.php?m62821401110 HTTP/1.1" 200 144357 "https://inception-blue.com/buy.php?detail/23303015695259" "Mozilla/5.0 AppleWebKit/537.36 (KHTML, like Gecko; compatible; GPTBot/1.3; +https://openai.com/gptbot)"
66.249.77.8 - - [20/Mar/2026:14:44:05 +0000] "GET /product/155038674 HTTP/1.1" 200 392014 "-" "Mozilla/5.0 (Linux; Android 6.0.1; Nexus 5X Build/MMB29P) AppleWebKit/537.36 (KHTML, like Gecko) Chrome/145.0.7632.159 Mobile Safari/537.36 (compatible; Googlebot/2.1; +http://www.google.com/bot.html)"
74.7.241.28 - - [20/Mar/2026:14:44:05 +0000] "GET /buy.php?040005735.htm HTTP/1.1" 200 157159 "https://inception-blue.com/buy.php?040000505.htm" "Mozilla/5.0 AppleWebKit/537.36 (KHTML, like Gecko; compatible; GPTBot/1.3; +https://openai.com/gptbot)"
74.7.241.28 - - [20/Mar/2026:14:44:08 +0000] "GET /buy.php?detail/08000239677221 HTTP/1.1" 200 159874 "https://inception-blue.com/buy.php?detail/28003560987040" "Mozilla/5.0 AppleWebKit/537.36 (KHTML, like Gecko; compatible; GPTBot/1.3; +https://openai.com/gptbot)"
74.7.241.28 - - [20/Mar/2026:14:44:11 +0000] "GET /buy.php?detail/00503760998460 HTTP/1.1" 200 155947 "https://inception-blue.com/buy.php?detail/28003560987040" "Mozilla/5.0 AppleWebKit/537.36 (KHTML, like Gecko; compatible; GPTBot/1.3; +https://openai.com/gptbot)"
74.7.241.28 - - [20/Mar/2026:14:44:14 +0000] "GET /buy.php?m88866910065 HTTP/1.1" 200 162618 "https://inception-blue.com/buy.php?detail/28003560987040" "Mozilla/5.0 AppleWebKit/537.36 (KHTML, like Gecko; compatible; GPTBot/1.3; +https://openai.com/gptbot)"
74.7.241.28 - - [20/Mar/2026:14:44:17 +0000] "GET /buy.php?detail/08501271796904 HTTP/1.1" 200 154735 "https://inception-blue.com/buy.php?detail/08501387223403" "Mozilla/5.0 AppleWebKit/537.36 (KHTML, like Gecko; compatible; GPTBot/1.3; +https://openai.com/gptbot)"
74.7.241.28 - - [20/Mar/2026:14:44:21 +0000] "GET /buy.php?detail/02101308306003 HTTP/1.1" 200 149953 "https://inception-blue.com/buy.php?detail/04200964994978" "Mozilla/5.0 AppleWebKit/537.36 (KHTML, like Gecko; compatible; GPTBot/1.3; +https://openai.com/gptbot)"
74.7.241.28 - - [20/Mar/2026:14:44:24 +0000] "GET /buy.php?detail/20302572722635 HTTP/1.1" 200 160227 "https://inception-blue.com/buy.php?detail/04200964994978" "Mozilla/5.0 AppleWebKit/537.36 (KHTML, like Gecko; compatible; GPTBot/1.3; +https://openai.com/gptbot)"
74.7.241.28 - - [20/Mar/2026:14:44:27 +0000] "GET /buy.php?detail/13702425386414 HTTP/1.1" 200 148113 "https://inception-blue.com/buy.php?detail/24800570482899" "Mozilla/5.0 AppleWebKit/537.36 (KHTML, like Gecko; compatible; GPTBot/1.3; +https://openai.com/gptbot)"
74.7.241.28 - - [20/Mar/2026:14:44:30 +0000] "GET /buy.php?detail/27504177589222 HTTP/1.1" 200 155605 "https://inception-blue.com/buy.php?detail/22300454607086" "Mozilla/5.0 AppleWebKit/537.36 (KHTML, like Gecko; compatible; GPTBot/1.3; +https://openai.com/gptbot)"
74.7.241.28 - - [20/Mar/2026:14:44:33 +0000] "GET /buy.php?detail/06001549105445 HTTP/1.1" 200 148192 "https://inception-blue.com/buy.php?detail/22300454607086" "Mozilla/5.0 AppleWebKit/537.36 (KHTML, like Gecko; compatible; GPTBot/1.3; +https://openai.com/gptbot)"
74.7.241.28 - - [20/Mar/2026:14:44:36 +0000] "GET /buy.php?detail/27403444479409 HTTP/1.1" 200 156983 "https://inception-blue.com/buy.php?detail/22300454607086" "Mozilla/5.0 AppleWebKit/537.36 (KHTML, like Gecko; compatible; GPTBot/1.3; +https://openai.com/gptbot)"
74.7.241.28 - - [20/Mar/2026:14:44:39 +0000] "GET /buy.php?detail/27901936493779 HTTP/1.1" 200 144651 "https://inception-blue.com/buy.php?detail/13501893420667" "Mozilla/5.0 AppleWebKit/537.36 (KHTML, like Gecko; compatible; GPTBot/1.3; +https://openai.com/gptbot)"
66.249.77.8 - - [20/Mar/2026:14:44:44 +0000] "GET /ansinnoyosi-ts-2535906-rakutener HTTP/1.1" 200 374911 "-" "Mozilla/5.0 (Linux; Android 6.0.1; Nexus 5X Build/MMB29P) AppleWebKit/537.36 (KHTML, like Gecko) Chrome/145.0.7632.159 Mobile Safari/537.36 (compatible; GoogleOther)"
74.7.241.28 - - [20/Mar/2026:14:44:43 +0000] "GET /buy.php?goods/027030611 HTTP/1.1" 200 156948 "https://inception-blue.com/buy.php?detail/08000239677221" "Mozilla/5.0 AppleWebKit/537.36 (KHTML, like Gecko; compatible; GPTBot/1.3; +https://openai.com/gptbot)"
66.249.77.8 - - [20/Mar/2026:14:44:47 +0000] "GET /product/116046733 HTTP/1.1" 200 395993 "-" "Mozilla/5.0 (Linux; Android 6.0.1; Nexus 5X Build/MMB29P) AppleWebKit/537.36 (KHTML, like Gecko) Chrome/145.0.7632.159 Mobile Safari/537.36 (compatible; Googlebot/2.1; +http://www.google.com/bot.html)"
74.7.241.28 - - [20/Mar/2026:14:44:46 +0000] "GET /buy.php?detail/08001259898130 HTTP/1.1" 200 159475 "https://inception-blue.com/buy.php?detail/08000239677221" "Mozilla/5.0 AppleWebKit/537.36 (KHTML, like Gecko; compatible; GPTBot/1.3; +https://openai.com/gptbot)"
74.7.241.28 - - [20/Mar/2026:14:44:49 +0000] "GET /buy.php?detail/00600359707660 HTTP/1.1" 200 155604 "https://inception-blue.com/buy.php?m88866910065" "Mozilla/5.0 AppleWebKit/537.36 (KHTML, like Gecko; compatible; GPTBot/1.3; +https://openai.com/gptbot)"
74.7.241.28 - - [20/Mar/2026:14:44:52 +0000] "GET /buy.php?detail/26801675198579 HTTP/1.1" 200 143839 "https://inception-blue.com/buy.php?detail/08000239677221" "Mozilla/5.0 AppleWebKit/537.36 (KHTML, like Gecko; compatible; GPTBot/1.3; +https://openai.com/gptbot)"
74.7.241.28 - - [20/Mar/2026:14:44:55 +0000] "GET /buy.php?detail/06200726319042 HTTP/1.1" 200 162910 "https://inception-blue.com/buy.php?detail/13501893420667" "Mozilla/5.0 AppleWebKit/537.36 (KHTML, like Gecko; compatible; GPTBot/1.3; +https://openai.com/gptbot)"
74.7.241.28 - - [20/Mar/2026:14:44:58 +0000] "GET /buy.php?jp/203025727.html HTTP/1.1" 200 160419 "https://inception-blue.com/buy.php?detail/20302572722635" "Mozilla/5.0 AppleWebKit/537.36 (KHTML, like Gecko; compatible; GPTBot/1.3; +https://openai.com/gptbot)"
74.7.241.28 - - [20/Mar/2026:14:45:02 +0000] "GET /buy.php?detail/00700125075414 HTTP/1.1" 200 144771 "https://inception-blue.com/buy.php?detail/13702425386414" "Mozilla/5.0 AppleWebKit/537.36 (KHTML, like Gecko; compatible; GPTBot/1.3; +https://openai.com/gptbot)"
74.7.241.28 - - [20/Mar/2026:14:45:05 +0000] "GET /buy.php?detail/19403220330310 HTTP/1.1" 200 165074 "https://inception-blue.com/buy.php?detail/27504177589222" "Mozilla/5.0 AppleWebKit/537.36 (KHTML, like Gecko; compatible; GPTBot/1.3; +https://openai.com/gptbot)"
74.7.241.28 - - [20/Mar/2026:14:45:08 +0000] "GET /buy.php?detail/28100500384922 HTTP/1.1" 200 147258 "https://inception-blue.com/buy.php?detail/13702425386414" "Mozilla/5.0 AppleWebKit/537.36 (KHTML, like Gecko; compatible; GPTBot/1.3; +https://openai.com/gptbot)"
74.7.241.28 - - [20/Mar/2026:14:45:11 +0000] "GET /buy.php?detail/27500568557495 HTTP/1.1" 200 156086 "https://inception-blue.com/buy.php?detail/27504177589222" "Mozilla/5.0 AppleWebKit/537.36 (KHTML, like Gecko; compatible; GPTBot/1.3; +https://openai.com/gptbot)"
74.7.241.28 - - [20/Mar/2026:14:45:14 +0000] "GET /buy.php?detail/16101245543190 HTTP/1.1" 200 156771 "https://inception-blue.com/buy.php?detail/27901936493779" "Mozilla/5.0 AppleWebKit/537.36 (KHTML, like Gecko; compatible; GPTBot/1.3; +https://openai.com/gptbot)"
74.7.241.28 - - [20/Mar/2026:14:45:17 +0000] "GET /buy.php?detail/02700034089621 HTTP/1.1" 200 166496 "https://inception-blue.com/buy.php?goods/027030611" "Mozilla/5.0 AppleWebKit/537.36 (KHTML, like Gecko; compatible; GPTBot/1.3; +https://openai.com/gptbot)"
74.7.241.28 - - [20/Mar/2026:14:45:21 +0000] "GET /buy.php?detail/08001820237997 HTTP/1.1" 200 158019 "https://inception-blue.com/buy.php?detail/08001259898130" "Mozilla/5.0 AppleWebKit/537.36 (KHTML, like Gecko; compatible; GPTBot/1.3; +https://openai.com/gptbot)"
74.7.241.28 - - [20/Mar/2026:14:45:24 +0000] "GET /buy.php?006000999.htm HTTP/1.1" 200 162196 "https://inception-blue.com/buy.php?m88866910065" "Mozilla/5.0 AppleWebKit/537.36 (KHTML, like Gecko; compatible; GPTBot/1.3; +https://openai.com/gptbot)"
74.7.241.28 - - [20/Mar/2026:14:45:27 +0000] "GET /buy.php?detail/20801593464860 HTTP/1.1" 200 157903 "https://inception-blue.com/buy.php?detail/18300942143621" "Mozilla/5.0 AppleWebKit/537.36 (KHTML, like Gecko; compatible; GPTBot/1.3; +https://openai.com/gptbot)"
74.7.241.28 - - [20/Mar/2026:14:45:30 +0000] "GET /buy.php?detail/15202816002523 HTTP/1.1" 200 161129 "https://inception-blue.com/buy.php?detail/06200726319042" "Mozilla/5.0 AppleWebKit/537.36 (KHTML, like Gecko; compatible; GPTBot/1.3; +https://openai.com/gptbot)"
74.7.241.28 - - [20/Mar/2026:14:45:34 +0000] "GET /buy.php?detail/09302236332665 HTTP/1.1" 200 150757 "https://inception-blue.com/buy.php?jp/203025727.html" "Mozilla/5.0 AppleWebKit/537.36 (KHTML, like Gecko; compatible; GPTBot/1.3; +https://openai.com/gptbot)"
74.7.241.28 - - [20/Mar/2026:14:45:37 +0000] "GET /buy.php?detail/00700034497467 HTTP/1.1" 200 146019 "https://inception-blue.com/buy.php?detail/00700125075414" "Mozilla/5.0 AppleWebKit/537.36 (KHTML, like Gecko; compatible; GPTBot/1.3; +https://openai.com/gptbot)"
74.7.241.28 - - [20/Mar/2026:14:45:40 +0000] "GET /buy.php?detail/22204442206508 HTTP/1.1" 200 167623 "https://inception-blue.com/buy.php?detail/19403220330310" "Mozilla/5.0 AppleWebKit/537.36 (KHTML, like Gecko; compatible; GPTBot/1.3; +https://openai.com/gptbot)"
74.7.241.28 - - [20/Mar/2026:14:45:43 +0000] "GET /buy.php?detail/280042888068 HTTP/1.1" 200 166988 "https://inception-blue.com/buy.php?detail/28100500384922" "Mozilla/5.0 AppleWebKit/537.36 (KHTML, like Gecko; compatible; GPTBot/1.3; +https://openai.com/gptbot)"
74.7.241.28 - - [20/Mar/2026:14:45:46 +0000] "GET /buy.php?detail/15504524705852 HTTP/1.1" 200 153414 "https://inception-blue.com/buy.php?detail/19403220330310" "Mozilla/5.0 AppleWebKit/537.36 (KHTML, like Gecko; compatible; GPTBot/1.3; +https://openai.com/gptbot)"
74.7.241.28 - - [20/Mar/2026:14:45:49 +0000] "GET /buy.php?detail/27302293922716 HTTP/1.1" 200 162043 "https://inception-blue.com/buy.php?detail/28100500384922" "Mozilla/5.0 AppleWebKit/537.36 (KHTML, like Gecko; compatible; GPTBot/1.3; +https://openai.com/gptbot)"
74.7.241.28 - - [20/Mar/2026:14:45:52 +0000] "GET /buy.php?detail/02700499853274 HTTP/1.1" 200 161236 "https://inception-blue.com/buy.php?detail/02700034089621" "Mozilla/5.0 AppleWebKit/537.36 (KHTML, like Gecko; compatible; GPTBot/1.3; +https://openai.com/gptbot)"
74.7.241.28 - - [20/Mar/2026:14:45:55 +0000] "GET /buy.php?detail/15801446423123 HTTP/1.1" 200 155046 "https://inception-blue.com/buy.php?detail/00700125075414" "Mozilla/5.0 AppleWebKit/537.36 (KHTML, like Gecko; compatible; GPTBot/1.3; +https://openai.com/gptbot)"
74.7.241.28 - - [20/Mar/2026:14:45:58 +0000] "GET /buy.php?detail/25402531188515 HTTP/1.1" 200 153506 "https://inception-blue.com/buy.php?006000999.htm" "Mozilla/5.0 AppleWebKit/537.36 (KHTML, like Gecko; compatible; GPTBot/1.3; +https://openai.com/gptbot)"
74.7.241.28 - - [20/Mar/2026:14:46:01 +0000] "GET /buy.php?detail/05304291264115 HTTP/1.1" 200 163530 "https://inception-blue.com/buy.php?detail/06200726319042" "Mozilla/5.0 AppleWebKit/537.36 (KHTML, like Gecko; compatible; GPTBot/1.3; +https://openai.com/gptbot)"
74.7.241.28 - - [20/Mar/2026:14:46:04 +0000] "GET /buy.php?detail/15200068823924 HTTP/1.1" 200 162559 "https://inception-blue.com/buy.php?detail/15202816002523" "Mozilla/5.0 AppleWebKit/537.36 (KHTML, like Gecko; compatible; GPTBot/1.3; +https://openai.com/gptbot)"
74.7.241.28 - - [20/Mar/2026:14:46:08 +0000] "GET /buy.php?detail/21004780779763 HTTP/1.1" 200 147301 "https://inception-blue.com/buy.php?detail/16101245543190" "Mozilla/5.0 AppleWebKit/537.36 (KHTML, like Gecko; compatible; GPTBot/1.3; +https://openai.com/gptbot)"
74.7.241.28 - - [20/Mar/2026:14:46:11 +0000] "GET /buy.php?detail/19400482554708 HTTP/1.1" 200 167520 "https://inception-blue.com/buy.php?detail/19403220330310" "Mozilla/5.0 AppleWebKit/537.36 (KHTML, like Gecko; compatible; GPTBot/1.3; +https://openai.com/gptbot)"
74.7.241.28 - - [20/Mar/2026:14:46:14 +0000] "GET /buy.php?detail/25202844512435 HTTP/1.1" 200 161440 "https://inception-blue.com/buy.php?detail/22204442206508" "Mozilla/5.0 AppleWebKit/537.36 (KHTML, like Gecko; compatible; GPTBot/1.3; +https://openai.com/gptbot)"
74.7.241.28 - - [20/Mar/2026:14:46:17 +0000] "GET /buy.php?detail/28002954847286 HTTP/1.1" 200 162728 "https://inception-blue.com/buy.php?detail/280042888068" "Mozilla/5.0 AppleWebKit/537.36 (KHTML, like Gecko; compatible; GPTBot/1.3; +https://openai.com/gptbot)"
66.249.77.7 - - [20/Mar/2026:14:46:21 +0000] "GET /product/024009783 HTTP/1.1" 200 399984 "-" "Mozilla/5.0 (Linux; Android 6.0.1; Nexus 5X Build/MMB29P) AppleWebKit/537.36 (KHTML, like Gecko) Chrome/145.0.7632.159 Mobile Safari/537.36 (compatible; Googlebot/2.1; +http://www.google.com/bot.html)"
74.7.241.28 - - [20/Mar/2026:14:46:20 +0000] "GET /buy.php?jp/248023139.html HTTP/1.1" 200 156805 "https://inception-blue.com/buy.php?detail/15504524705852" "Mozilla/5.0 AppleWebKit/537.36 (KHTML, like Gecko; compatible; GPTBot/1.3; +https://openai.com/gptbot)"
74.7.241.28 - - [20/Mar/2026:14:46:23 +0000] "GET /buy.php?detail/07500995774167 HTTP/1.1" 200 168306 "https://inception-blue.com/buy.php?detail/27302293922716" "Mozilla/5.0 AppleWebKit/537.36 (KHTML, like Gecko; compatible; GPTBot/1.3; +https://openai.com/gptbot)"
74.7.241.28 - - [20/Mar/2026:14:46:27 +0000] "GET /buy.php?detail/07503939050290 HTTP/1.1" 200 165199 "https://inception-blue.com/buy.php?detail/02700499853274" "Mozilla/5.0 AppleWebKit/537.36 (KHTML, like Gecko; compatible; GPTBot/1.3; +https://openai.com/gptbot)"
74.7.241.28 - - [20/Mar/2026:14:46:30 +0000] "GET /buy.php?detail/02700465469405 HTTP/1.1" 200 157989 "https://inception-blue.com/buy.php?detail/02700499853274" "Mozilla/5.0 AppleWebKit/537.36 (KHTML, like Gecko; compatible; GPTBot/1.3; +https://openai.com/gptbot)"
74.7.241.28 - - [20/Mar/2026:14:46:33 +0000] "GET /buy.php?detail/15504217079540 HTTP/1.1" 200 163260 "https://inception-blue.com/buy.php?detail/15504524705852" "Mozilla/5.0 AppleWebKit/537.36 (KHTML, like Gecko; compatible; GPTBot/1.3; +https://openai.com/gptbot)"
45.131.195.7 - - [20/Mar/2026:14:46:36 +0000] "POST /wp-login.php HTTP/1.1" 200 84587 "-" "Mozilla/5.0"
159.223.142.74 - - [20/Mar/2026:14:46:37 +0000] "POST /wp-cron.php?doing_wp_cron=1774017997.2635579109191894531250 HTTP/1.1" 403 185482 "-" "WordPress/6.9.4; https://inception-blue.com"
74.7.241.28 - - [20/Mar/2026:14:46:36 +0000] "GET /buy.php?goods/171000045 HTTP/1.1" 200 164376 "https://inception-blue.com/buy.php?detail/05304291264115" "Mozilla/5.0 AppleWebKit/537.36 (KHTML, like Gecko; compatible; GPTBot/1.3; +https://openai.com/gptbot)"
74.7.241.28 - - [20/Mar/2026:14:46:39 +0000] "GET /buy.php?detail/20704670999582 HTTP/1.1" 200 155620 "https://inception-blue.com/buy.php?detail/15200068823924" "Mozilla/5.0 AppleWebKit/537.36 (KHTML, like Gecko; compatible; GPTBot/1.3; +https://openai.com/gptbot)"
74.7.241.28 - - [20/Mar/2026:14:46:42 +0000] "GET /buy.php?detail/25504316152212 HTTP/1.1" 200 153384 "https://inception-blue.com/buy.php?detail/15504524705852" "Mozilla/5.0 AppleWebKit/537.36 (KHTML, like Gecko; compatible; GPTBot/1.3; +https://openai.com/gptbot)"
74.7.241.28 - - [20/Mar/2026:14:46:46 +0000] "GET /buy.php?detail/18803983553579 HTTP/1.1" 200 152603 "https://inception-blue.com/buy.php?detail/19400482554708" "Mozilla/5.0 AppleWebKit/537.36 (KHTML, like Gecko; compatible; GPTBot/1.3; +https://openai.com/gptbot)"
74.7.241.28 - - [20/Mar/2026:14:46:49 +0000] "GET /buy.php?detail/20304652513195 HTTP/1.1" 200 161872 "https://inception-blue.com/buy.php?detail/02700499853274" "Mozilla/5.0 AppleWebKit/537.36 (KHTML, like Gecko; compatible; GPTBot/1.3; +https://openai.com/gptbot)"
74.7.241.28 - - [20/Mar/2026:14:46:52 +0000] "GET /buy.php?detail/09200728841026 HTTP/1.1" 200 147097 "https://inception-blue.com/buy.php?detail/25202844512435" "Mozilla/5.0 AppleWebKit/537.36 (KHTML, like Gecko; compatible; GPTBot/1.3; +https://openai.com/gptbot)"
74.7.241.28 - - [20/Mar/2026:14:46:55 +0000] "GET /buy.php?detail/21401398131818 HTTP/1.1" 200 153050 "https://inception-blue.com/buy.php?jp/248023139.html" "Mozilla/5.0 AppleWebKit/537.36 (KHTML, like Gecko; compatible; GPTBot/1.3; +https://openai.com/gptbot)"
15.235.98.40 - - [20/Mar/2026:14:46:59 +0000] "GET /shopbrand/75722988.htm HTTP/1.1" 200 185482 "-" "Mozilla/5.0 (compatible; AhrefsBot/7.0; +http://ahrefs.com/robot/)"
74.7.241.28 - - [20/Mar/2026:14:46:58 +0000] "GET /buy.php?detail/17304069441621 HTTP/1.1" 200 158360 "https://inception-blue.com/buy.php?detail/280042888068" "Mozilla/5.0 AppleWebKit/537.36 (KHTML, like Gecko; compatible; GPTBot/1.3; +https://openai.com/gptbot)"
74.7.241.28 - - [20/Mar/2026:14:47:01 +0000] "GET /buy.php?detail/18504402557019 HTTP/1.1" 200 159049 "https://inception-blue.com/buy.php?detail/20801593464860" "Mozilla/5.0 AppleWebKit/537.36 (KHTML, like Gecko; compatible; GPTBot/1.3; +https://openai.com/gptbot)"
74.7.241.28 - - [20/Mar/2026:14:47:05 +0000] "GET /buy.php?detail/26903133660044 HTTP/1.1" 200 153399 "https://inception-blue.com/buy.php?detail/02700465469405" "Mozilla/5.0 AppleWebKit/537.36 (KHTML, like Gecko; compatible; GPTBot/1.3; +https://openai.com/gptbot)"
74.7.241.28 - - [20/Mar/2026:14:47:08 +0000] "GET /buy.php?detail/15501237512506 HTTP/1.1" 200 158077 "https://inception-blue.com/buy.php?detail/15504217079540" "Mozilla/5.0 AppleWebKit/537.36 (KHTML, like Gecko; compatible; GPTBot/1.3; +https://openai.com/gptbot)"
74.7.241.28 - - [20/Mar/2026:14:47:11 +0000] "GET /buy.php?detail/15501265731459 HTTP/1.1" 200 165212 "https://inception-blue.com/buy.php?detail/15504217079540" "Mozilla/5.0 AppleWebKit/537.36 (KHTML, like Gecko; compatible; GPTBot/1.3; +https://openai.com/gptbot)"
74.7.241.28 - - [20/Mar/2026:14:47:14 +0000] "GET /buy.php?detail/01504170985935 HTTP/1.1" 200 166576 "https://inception-blue.com/buy.php?detail/20704670999582" "Mozilla/5.0 AppleWebKit/537.36 (KHTML, like Gecko; compatible; GPTBot/1.3; +https://openai.com/gptbot)"
74.7.241.28 - - [20/Mar/2026:14:47:17 +0000] "GET /buy.php?detail/25503601906832 HTTP/1.1" 200 155706 "https://inception-blue.com/buy.php?detail/25504316152212" "Mozilla/5.0 AppleWebKit/537.36 (KHTML, like Gecko; compatible; GPTBot/1.3; +https://openai.com/gptbot)"
74.7.241.28 - - [20/Mar/2026:14:47:20 +0000] "GET /buy.php?detail/15100622756946 HTTP/1.1" 200 154034 "https://inception-blue.com/buy.php?detail/18803983553579" "Mozilla/5.0 AppleWebKit/537.36 (KHTML, like Gecko; compatible; GPTBot/1.3; +https://openai.com/gptbot)"
74.7.241.28 - - [20/Mar/2026:14:47:23 +0000] "GET /buy.php?detail/09003467548438 HTTP/1.1" 200 155788 "https://inception-blue.com/buy.php?goods/171000045" "Mozilla/5.0 AppleWebKit/537.36 (KHTML, like Gecko; compatible; GPTBot/1.3; +https://openai.com/gptbot)"
74.7.241.28 - - [20/Mar/2026:14:47:27 +0000] "GET /buy.php?detail/22700617232534 HTTP/1.1" 200 155365 "https://inception-blue.com/buy.php?detail/16101245543190" "Mozilla/5.0 AppleWebKit/537.36 (KHTML, like Gecko; compatible; GPTBot/1.3; +https://openai.com/gptbot)"
74.7.241.28 - - [20/Mar/2026:14:47:30 +0000] "GET /buy.php?detail/11000197114329 HTTP/1.1" 200 153363 "https://inception-blue.com/buy.php?detail/21401398131818" "Mozilla/5.0 AppleWebKit/537.36 (KHTML, like Gecko; compatible; GPTBot/1.3; +https://openai.com/gptbot)"
74.7.241.28 - - [20/Mar/2026:14:47:33 +0000] "GET /buy.php?detail/14003757835048 HTTP/1.1" 200 164682 "https://inception-blue.com/buy.php?detail/17304069441621" "Mozilla/5.0 AppleWebKit/537.36 (KHTML, like Gecko; compatible; GPTBot/1.3; +https://openai.com/gptbot)"
74.7.241.28 - - [20/Mar/2026:14:47:36 +0000] "GET /buy.php?detail/18501944213622 HTTP/1.1" 200 165080 "https://inception-blue.com/buy.php?detail/18504402557019" "Mozilla/5.0 AppleWebKit/537.36 (KHTML, like Gecko; compatible; GPTBot/1.3; +https://openai.com/gptbot)"
66.249.77.8 - - [20/Mar/2026:14:47:39 +0000] "GET /?detail/042024201797 HTTP/1.1" 200 384696 "-" "Mozilla/5.0 (Linux; Android 6.0.1; Nexus 5X Build/MMB29P) AppleWebKit/537.36 (KHTML, like Gecko) Chrome/145.0.7632.159 Mobile Safari/537.36 (compatible; GoogleOther)"
74.7.241.28 - - [20/Mar/2026:14:47:39 +0000] "GET /buy.php?detail/20302811057506 HTTP/1.1" 200 157486 "https://inception-blue.com/buy.php?jp/203025727.html" "Mozilla/5.0 AppleWebKit/537.36 (KHTML, like Gecko; compatible; GPTBot/1.3; +https://openai.com/gptbot)"
66.249.77.8 - - [20/Mar/2026:14:47:43 +0000] "GET /comparte-252062 HTTP/1.1" 200 384516 "-" "Mozilla/5.0 (Linux; Android 6.0.1; Nexus 5X Build/MMB29P) AppleWebKit/537.36 (KHTML, like Gecko) Chrome/145.0.7632.159 Mobile Safari/537.36 (compatible; GoogleOther)"
74.7.241.28 - - [20/Mar/2026:14:47:42 +0000] "GET /buy.php?detail/2420222533906 HTTP/1.1" 200 160958 "https://inception-blue.com/buy.php?detail/15501237512506" "Mozilla/5.0 AppleWebKit/537.36 (KHTML, like Gecko; compatible; GPTBot/1.3; +https://openai.com/gptbot)"
74.7.241.28 - - [20/Mar/2026:14:47:46 +0000] "GET /buy.php?detail/05403220618876 HTTP/1.1" 200 160864 "https://inception-blue.com/buy.php?detail/25402531188515" "Mozilla/5.0 AppleWebKit/537.36 (KHTML, like Gecko; compatible; GPTBot/1.3; +https://openai.com/gptbot)"
74.7.241.28 - - [20/Mar/2026:14:47:49 +0000] "GET /buy.php?detail/16400267915845 HTTP/1.1" 200 159147 "https://inception-blue.com/buy.php?detail/09601388686642" "Mozilla/5.0 AppleWebKit/537.36 (KHTML, like Gecko; compatible; GPTBot/1.3; +https://openai.com/gptbot)"
74.7.241.28 - - [20/Mar/2026:14:47:52 +0000] "GET /buy.php?detail/25502851692002 HTTP/1.1" 200 158464 "https://inception-blue.com/buy.php?detail/25503601906832" "Mozilla/5.0 AppleWebKit/537.36 (KHTML, like Gecko; compatible; GPTBot/1.3; +https://openai.com/gptbot)"
74.7.241.28 - - [20/Mar/2026:14:47:55 +0000] "GET /buy.php?detail/15100058892880 HTTP/1.1" 200 154013 "https://inception-blue.com/buy.php?detail/15100622756946" "Mozilla/5.0 AppleWebKit/537.36 (KHTML, like Gecko; compatible; GPTBot/1.3; +https://openai.com/gptbot)"
74.7.241.28 - - [20/Mar/2026:14:47:58 +0000] "GET /buy.php?detail/27803816688495 HTTP/1.1" 200 159472 "https://inception-blue.com/buy.php?detail/12302793776006" "Mozilla/5.0 AppleWebKit/537.36 (KHTML, like Gecko; compatible; GPTBot/1.3; +https://openai.com/gptbot)"
74.7.241.28 - - [20/Mar/2026:14:48:01 +0000] "GET /buy.php?detail/23504528029177 HTTP/1.1" 200 152166 "https://inception-blue.com/buy.php?detail/29500433002648" "Mozilla/5.0 AppleWebKit/537.36 (KHTML, like Gecko; compatible; GPTBot/1.3; +https://openai.com/gptbot)"
74.7.241.28 - - [20/Mar/2026:14:48:04 +0000] "GET /buy.php?detail/24700542483219 HTTP/1.1" 200 155277 "https://inception-blue.com/buy.php?detail/11000197114329" "Mozilla/5.0 AppleWebKit/537.36 (KHTML, like Gecko; compatible; GPTBot/1.3; +https://openai.com/gptbot)"
74.7.241.28 - - [20/Mar/2026:14:48:07 +0000] "GET /buy.php?detail/18301126033104 HTTP/1.1" 200 155797 "https://inception-blue.com/buy.php?detail/11000197114329" "Mozilla/5.0 AppleWebKit/537.36 (KHTML, like Gecko; compatible; GPTBot/1.3; +https://openai.com/gptbot)"
74.7.241.28 - - [20/Mar/2026:14:48:10 +0000] "GET /buy.php?detail/19704056461297 HTTP/1.1" 200 149224 "https://inception-blue.com/buy.php?detail/18501944213622" "Mozilla/5.0 AppleWebKit/537.36 (KHTML, like Gecko; compatible; GPTBot/1.3; +https://openai.com/gptbot)"
74.7.241.28 - - [20/Mar/2026:14:48:13 +0000] "GET /buy.php?detail/12704099650518 HTTP/1.1" 200 153600 "https://inception-blue.com/buy.php?detail/13604420871211" "Mozilla/5.0 AppleWebKit/537.36 (KHTML, like Gecko; compatible; GPTBot/1.3; +https://openai.com/gptbot)"
74.7.241.28 - - [20/Mar/2026:14:48:17 +0000] "GET /buy.php?detail/23304699852806 HTTP/1.1" 200 149599 "https://inception-blue.com/buy.php?detail/2420222533906" "Mozilla/5.0 AppleWebKit/537.36 (KHTML, like Gecko; compatible; GPTBot/1.3; +https://openai.com/gptbot)"
74.7.241.28 - - [20/Mar/2026:14:48:20 +0000] "GET /buy.php?detail/27703507303512 HTTP/1.1" 200 164160 "https://inception-blue.com/buy.php?detail/05403220618876" "Mozilla/5.0 AppleWebKit/537.36 (KHTML, like Gecko; compatible; GPTBot/1.3; +https://openai.com/gptbot)"
74.7.241.28 - - [20/Mar/2026:14:48:23 +0000] "GET /buy.php?detail/04101158236847 HTTP/1.1" 200 154050 "https://inception-blue.com/buy.php?detail/04102523604456" "Mozilla/5.0 AppleWebKit/537.36 (KHTML, like Gecko; compatible; GPTBot/1.3; +https://openai.com/gptbot)"
74.7.241.28 - - [20/Mar/2026:14:48:26 +0000] "GET /buy.php?detail/08301024127945 HTTP/1.1" 200 163864 "https://inception-blue.com/buy.php?detail/16103150753849" "Mozilla/5.0 AppleWebKit/537.36 (KHTML, like Gecko; compatible; GPTBot/1.3; +https://openai.com/gptbot)"
74.7.241.28 - - [20/Mar/2026:14:48:29 +0000] "GET /buy.php?detail/00302571671628 HTTP/1.1" 200 155202 "https://inception-blue.com/buy.php?detail/15100058892880" "Mozilla/5.0 AppleWebKit/537.36 (KHTML, like Gecko; compatible; GPTBot/1.3; +https://openai.com/gptbot)"
74.7.241.28 - - [20/Mar/2026:14:48:32 +0000] "GET /buy.php?detail/20403028159361 HTTP/1.1" 200 153738 "https://inception-blue.com/buy.php?detail/21501575289081" "Mozilla/5.0 AppleWebKit/537.36 (KHTML, like Gecko; compatible; GPTBot/1.3; +https://openai.com/gptbot)"
74.7.241.28 - - [20/Mar/2026:14:48:35 +0000] "GET /buy.php?detail/18900304258636 HTTP/1.1" 200 163058 "https://inception-blue.com/buy.php?detail/18900151236594" "Mozilla/5.0 AppleWebKit/537.36 (KHTML, like Gecko; compatible; GPTBot/1.3; +https://openai.com/gptbot)"
74.7.241.28 - - [20/Mar/2026:14:48:38 +0000] "GET /buy.php?detail/09303761652441 HTTP/1.1" 200 161742 "https://inception-blue.com/buy.php?detail/03301822704364" "Mozilla/5.0 AppleWebKit/537.36 (KHTML, like Gecko; compatible; GPTBot/1.3; +https://openai.com/gptbot)"
74.7.241.28 - - [20/Mar/2026:14:48:41 +0000] "GET /buy.php?detail/23601246109847 HTTP/1.1" 200 170765 "https://inception-blue.com/buy.php?detail/23601550341201" "Mozilla/5.0 AppleWebKit/537.36 (KHTML, like Gecko; compatible; GPTBot/1.3; +https://openai.com/gptbot)"
74.7.241.28 - - [20/Mar/2026:14:48:45 +0000] "GET /buy.php?detail/13602755673389 HTTP/1.1" 200 155138 "https://inception-blue.com/buy.php?detail/19400090029430" "Mozilla/5.0 AppleWebKit/537.36 (KHTML, like Gecko; compatible; GPTBot/1.3; +https://openai.com/gptbot)"
