2001:41d0:303:2c22::1 - - [20/Mar/2026:14:12:33 +0000] "GET /comments/feed/?dir=/run/udev/tags/seat&read=/run/udev/tags/seat/%2Binput:input5 HTTP/1.1" 200 12211 "-" "Mozilla/5.0 (compatible; MJ12bot/v1.4.8; http://mj12bot.com/)"
216.73.216.36 - - [20/Mar/2026:14:12:36 +0000] "GET /product/229049998?dir=%2Fhome%2Finceptionblue%2Fpublic_html%2Fwp-admin%2Fimages&read=%2Fhome%2Finceptionblue%2Fpublic_html%2Fwp-admin%2Fimages%2Fimgedit-icons.png HTTP/1.1" 200 120058 "-" "Mozilla/5.0 AppleWebKit/537.36 (KHTML, like Gecko; compatible; ClaudeBot/1.0; +claudebot@anthropic.com)"
74.7.241.28 - - [20/Mar/2026:14:12:34 +0000] "GET /buy.php?detail/06300060140924 HTTP/1.1" 200 154634 "https://inception-blue.com/buy.php?detail/01302086106545" "Mozilla/5.0 AppleWebKit/537.36 (KHTML, like Gecko; compatible; GPTBot/1.3; +https://openai.com/gptbot)"
2001:41d0:303:2c22::1 - - [20/Mar/2026:14:12:38 +0000] "GET /comments/feed/?dir=/run/udev/tags/seat&read=/run/udev/tags/seat/c226:0 HTTP/1.1" 200 12195 "-" "Mozilla/5.0 (compatible; MJ12bot/v1.4.8; http://mj12bot.com/)"
74.7.241.28 - - [20/Mar/2026:14:12:38 +0000] "GET /buy.php?detail/05000367046794 HTTP/1.1" 200 163528 "https://inception-blue.com/buy.php?detail/05001016812004" "Mozilla/5.0 AppleWebKit/537.36 (KHTML, like Gecko; compatible; GPTBot/1.3; +https://openai.com/gptbot)"
66.249.77.9 - - [20/Mar/2026:14:12:42 +0000] "GET /1117623811 HTTP/1.1" 200 386855 "-" "Mozilla/5.0 (Linux; Android 6.0.1; Nexus 5X Build/MMB29P) AppleWebKit/537.36 (KHTML, like Gecko) Chrome/145.0.7632.159 Mobile Safari/537.36 (compatible; Googlebot/2.1; +http://www.google.com/bot.html)"
74.7.241.28 - - [20/Mar/2026:14:12:41 +0000] "GET /buy.php?detail/01300269473015 HTTP/1.1" 200 156206 "https://inception-blue.com/buy.php?detail/01302086106545" "Mozilla/5.0 AppleWebKit/537.36 (KHTML, like Gecko; compatible; GPTBot/1.3; +https://openai.com/gptbot)"
2001:41d0:303:2c22::1 - - [20/Mar/2026:14:12:42 +0000] "GET /comments/feed/?dir=/run/udev/tags/seat&read=/run/udev/tags/seat/c29:0 HTTP/1.1" 200 12193 "-" "Mozilla/5.0 (compatible; MJ12bot/v1.4.8; http://mj12bot.com/)"
66.249.77.7 - - [20/Mar/2026:14:12:43 +0000] "GET /?jp/025017654.html HTTP/1.1" 200 404522 "-" "Mozilla/5.0 (Linux; Android 6.0.1; Nexus 5X Build/MMB29P) AppleWebKit/537.36 (KHTML, like Gecko) Chrome/145.0.7632.159 Mobile Safari/537.36 (compatible; Googlebot/2.1; +http://www.google.com/bot.html)"
66.249.77.7 - - [20/Mar/2026:14:12:43 +0000] "GET /?jp/175010958.html HTTP/1.1" 200 387773 "-" "Mozilla/5.0 (Linux; Android 6.0.1; Nexus 5X Build/MMB29P) AppleWebKit/537.36 (KHTML, like Gecko) Chrome/145.0.7632.159 Mobile Safari/537.36 (compatible; Googlebot/2.1; +http://www.google.com/bot.html)"
66.249.77.7 - - [20/Mar/2026:14:12:44 +0000] "GET /?goods/269000809 HTTP/1.1" 200 393558 "-" "Mozilla/5.0 (Linux; Android 6.0.1; Nexus 5X Build/MMB29P) AppleWebKit/537.36 (KHTML, like Gecko) Chrome/145.0.7632.159 Mobile Safari/537.36 (compatible; Googlebot/2.1; +http://www.google.com/bot.html)"
74.7.241.28 - - [20/Mar/2026:14:12:44 +0000] "GET /buy.php?detail/00103533371492 HTTP/1.1" 200 150536 "https://inception-blue.com/buy.php?detail/16404274442340" "Mozilla/5.0 AppleWebKit/537.36 (KHTML, like Gecko; compatible; GPTBot/1.3; +https://openai.com/gptbot)"
2001:41d0:303:2c22::1 - - [20/Mar/2026:14:12:47 +0000] "GET /comments/feed/?dir=/run/udev/tags/systemd&read=/run/udev/tags/systemd/%2Bmodule:configfs HTTP/1.1" 200 12238 "-" "Mozilla/5.0 (compatible; MJ12bot/v1.4.8; http://mj12bot.com/)"
74.7.241.28 - - [20/Mar/2026:14:12:47 +0000] "GET /buy.php?detail/24401373499213 HTTP/1.1" 200 153891 "https://inception-blue.com/buy.php?detail/05001016812004" "Mozilla/5.0 AppleWebKit/537.36 (KHTML, like Gecko; compatible; GPTBot/1.3; +https://openai.com/gptbot)"
2001:41d0:303:2c22::1 - - [20/Mar/2026:14:12:51 +0000] "GET /comments/feed/?dir=/run/udev/tags/systemd&read=/run/udev/tags/systemd/b252:0 HTTP/1.1" 200 12216 "-" "Mozilla/5.0 (compatible; MJ12bot/v1.4.8; http://mj12bot.com/)"
74.7.241.28 - - [20/Mar/2026:14:12:50 +0000] "GET /buy.php?detail/18603918727098 HTTP/1.1" 200 153242 "https://inception-blue.com/buy.php?detail/05000693083834" "Mozilla/5.0 AppleWebKit/537.36 (KHTML, like Gecko; compatible; GPTBot/1.3; +https://openai.com/gptbot)"
74.7.241.28 - - [20/Mar/2026:14:12:53 +0000] "GET /buy.php?shopbrand/ceiling/167041283.htm HTTP/1.1" 200 161882 "https://inception-blue.com/buy.php?shopbrand/ass/172005592.htm" "Mozilla/5.0 AppleWebKit/537.36 (KHTML, like Gecko; compatible; GPTBot/1.3; +https://openai.com/gptbot)"
2001:41d0:303:2c22::1 - - [20/Mar/2026:14:12:56 +0000] "GET /comments/feed/?dir=/run/udev/tags/systemd&read=/run/udev/tags/systemd/b252:1 HTTP/1.1" 200 12216 "-" "Mozilla/5.0 (compatible; MJ12bot/v1.4.8; http://mj12bot.com/)"
74.7.241.28 - - [20/Mar/2026:14:12:57 +0000] "GET /buy.php?detail/25700069310792 HTTP/1.1" 200 151353 "https://inception-blue.com/buy.php?detail/00202612086194" "Mozilla/5.0 AppleWebKit/537.36 (KHTML, like Gecko; compatible; GPTBot/1.3; +https://openai.com/gptbot)"
2001:41d0:303:2c22::1 - - [20/Mar/2026:14:13:00 +0000] "GET /comments/feed/?dir=/run/udev/tags/systemd&read=/run/udev/tags/systemd/b252:15 HTTP/1.1" 200 12218 "-" "Mozilla/5.0 (compatible; MJ12bot/v1.4.8; http://mj12bot.com/)"
74.7.241.28 - - [20/Mar/2026:14:13:00 +0000] "GET /buy.php?detail/25102258551035 HTTP/1.1" 200 158503 "https://inception-blue.com/buy.php?detail/18601799514359" "Mozilla/5.0 AppleWebKit/537.36 (KHTML, like Gecko; compatible; GPTBot/1.3; +https://openai.com/gptbot)"
74.7.241.28 - - [20/Mar/2026:14:13:03 +0000] "GET /buy.php?detail/08401396649669 HTTP/1.1" 200 146311 "https://inception-blue.com/buy.php?detail/05000693083834" "Mozilla/5.0 AppleWebKit/537.36 (KHTML, like Gecko; compatible; GPTBot/1.3; +https://openai.com/gptbot)"
2001:41d0:303:2c22::1 - - [20/Mar/2026:14:13:05 +0000] "GET /comments/feed/?dir=/run/udev/tags/systemd&read=/run/udev/tags/systemd/b252:16 HTTP/1.1" 200 12218 "-" "Mozilla/5.0 (compatible; MJ12bot/v1.4.8; http://mj12bot.com/)"
74.7.241.28 - - [20/Mar/2026:14:13:06 +0000] "GET /buy.php?detail/28301392716893 HTTP/1.1" 200 156376 "https://inception-blue.com/buy.php?detail/05002556502710" "Mozilla/5.0 AppleWebKit/537.36 (KHTML, like Gecko; compatible; GPTBot/1.3; +https://openai.com/gptbot)"
2001:41d0:303:2c22::1 - - [20/Mar/2026:14:13:09 +0000] "GET /comments/feed/?dir=/run/udev/tags/systemd&read=/run/udev/tags/systemd/b7:0 HTTP/1.1" 200 12212 "-" "Mozilla/5.0 (compatible; MJ12bot/v1.4.8; http://mj12bot.com/)"
74.7.241.28 - - [20/Mar/2026:14:13:09 +0000] "GET /buy.php?detail/06301239226716 HTTP/1.1" 200 157032 "https://inception-blue.com/buy.php?detail/06300060140924" "Mozilla/5.0 AppleWebKit/537.36 (KHTML, like Gecko; compatible; GPTBot/1.3; +https://openai.com/gptbot)"
2001:41d0:303:2c22::1 - - [20/Mar/2026:14:13:14 +0000] "GET /comments/feed/?dir=/run/udev/tags/systemd&read=/run/udev/tags/systemd/b8:0 HTTP/1.1" 200 12212 "-" "Mozilla/5.0 (compatible; MJ12bot/v1.4.8; http://mj12bot.com/)"
74.7.241.28 - - [20/Mar/2026:14:13:13 +0000] "GET /buy.php?m13929080520 HTTP/1.1" 200 152423 "https://inception-blue.com/buy.php?detail/05000367046794" "Mozilla/5.0 AppleWebKit/537.36 (KHTML, like Gecko; compatible; GPTBot/1.3; +https://openai.com/gptbot)"
74.7.241.28 - - [20/Mar/2026:14:13:16 +0000] "GET /buy.php?detail/03801292155338 HTTP/1.1" 200 156181 "https://inception-blue.com/buy.php?detail/01300269473015" "Mozilla/5.0 AppleWebKit/537.36 (KHTML, like Gecko; compatible; GPTBot/1.3; +https://openai.com/gptbot)"
2001:41d0:303:2c22::1 - - [20/Mar/2026:14:13:18 +0000] "GET /comments/feed/?dir=/run/udev/tags/systemd&read=/run/udev/tags/systemd/c4:64 HTTP/1.1" 200 12214 "-" "Mozilla/5.0 (compatible; MJ12bot/v1.4.8; http://mj12bot.com/)"
74.7.241.28 - - [20/Mar/2026:14:13:19 +0000] "GET /buy.php?detail/01500431020456 HTTP/1.1" 200 164036 "https://inception-blue.com/buy.php?detail/00103533371492" "Mozilla/5.0 AppleWebKit/537.36 (KHTML, like Gecko; compatible; GPTBot/1.3; +https://openai.com/gptbot)"
52.167.144.191 - - [20/Mar/2026:14:13:23 +0000] "GET /?products/21909231 HTTP/1.1" 200 388529 "-" "Mozilla/5.0 AppleWebKit/537.36 (KHTML, like Gecko; compatible; bingbot/2.0; +http://www.bing.com/bingbot.htm) Chrome/116.0.1938.76 Safari/537.36"
2001:41d0:303:2c22::1 - - [20/Mar/2026:14:13:22 +0000] "GET /comments/feed/?dir=/run/udev/tags/systemd&read=/run/udev/tags/systemd/c4:65 HTTP/1.1" 200 12214 "-" "Mozilla/5.0 (compatible; MJ12bot/v1.4.8; http://mj12bot.com/)"
159.223.142.74 - - [20/Mar/2026:14:13:23 +0000] "POST /wp-cron.php?doing_wp_cron=1774016003.7534110546112060546875 HTTP/1.1" 403 185482 "-" "WordPress/6.9.4; https://inception-blue.com"
74.7.241.28 - - [20/Mar/2026:14:13:22 +0000] "GET /buy.php?detail/15100007912425 HTTP/1.1" 200 156204 "https://inception-blue.com/buy.php?detail/00103533371492" "Mozilla/5.0 AppleWebKit/537.36 (KHTML, like Gecko; compatible; GPTBot/1.3; +https://openai.com/gptbot)"
74.7.241.28 - - [20/Mar/2026:14:13:25 +0000] "GET /buy.php?detail/05002684249825 HTTP/1.1" 200 153900 "https://inception-blue.com/buy.php?detail/05000367046794" "Mozilla/5.0 AppleWebKit/537.36 (KHTML, like Gecko; compatible; GPTBot/1.3; +https://openai.com/gptbot)"
2001:41d0:303:2c22::1 - - [20/Mar/2026:14:13:28 +0000] "GET /comments/feed/?dir=/run/udev/tags/systemd&read=/run/udev/tags/systemd/c4:66 HTTP/1.1" 200 12214 "-" "Mozilla/5.0 (compatible; MJ12bot/v1.4.8; http://mj12bot.com/)"
74.7.241.28 - - [20/Mar/2026:14:13:28 +0000] "GET /buy.php?detail/14501620352430 HTTP/1.1" 200 161263 "https://inception-blue.com/buy.php?detail/05002288614058" "Mozilla/5.0 AppleWebKit/537.36 (KHTML, like Gecko; compatible; GPTBot/1.3; +https://openai.com/gptbot)"
66.249.77.9 - - [20/Mar/2026:14:13:32 +0000] "GET /?jp/011021279.html HTTP/1.1" 200 380396 "-" "Mozilla/5.0 (Linux; Android 6.0.1; Nexus 5X Build/MMB29P) AppleWebKit/537.36 (KHTML, like Gecko) Chrome/145.0.7632.159 Mobile Safari/537.36 (compatible; Googlebot/2.1; +http://www.google.com/bot.html)"
2001:41d0:303:2c22::1 - - [20/Mar/2026:14:13:32 +0000] "GET /comments/feed/?dir=/run/udev/tags/systemd&read=/run/udev/tags/systemd/c4:67 HTTP/1.1" 200 12214 "-" "Mozilla/5.0 (compatible; MJ12bot/v1.4.8; http://mj12bot.com/)"
74.7.241.28 - - [20/Mar/2026:14:13:31 +0000] "GET /buy.php?detail/16401255362196 HTTP/1.1" 200 154229 "https://inception-blue.com/buy.php?detail/16404274442340" "Mozilla/5.0 AppleWebKit/537.36 (KHTML, like Gecko; compatible; GPTBot/1.3; +https://openai.com/gptbot)"
216.73.216.36 - - [20/Mar/2026:14:13:34 +0000] "GET /product/245030170?dir=%2Fhome%2Finceptionblue%2Fpublic_html%2F.tmb%2FMH_configs_20260310190219&read=%2Fhome%2Finceptionblue%2Fpublic_html%2F.tmb%2FMH_configs_20260310190219%2F.htaccess HTTP/1.1" 200 120390 "-" "Mozilla/5.0 AppleWebKit/537.36 (KHTML, like Gecko; compatible; ClaudeBot/1.0; +claudebot@anthropic.com)"
74.7.241.28 - - [20/Mar/2026:14:13:35 +0000] "GET /buy.php?detail/02404005083518 HTTP/1.1" 200 140984 "https://inception-blue.com/buy.php?detail/25102258551035" "Mozilla/5.0 AppleWebKit/537.36 (KHTML, like Gecko; compatible; GPTBot/1.3; +https://openai.com/gptbot)"
216.73.216.36 - - [20/Mar/2026:14:13:36 +0000] "GET /product/172009613?dir=%2Fhome%2Finceptionblue%2Fpublic_html%2F.tmb%2FMH_configs_20260310190229&read=%2Fhome%2Finceptionblue%2Fpublic_html%2F.tmb%2FMH_configs_20260310190229%2F.htaccess HTTP/1.1" 200 120390 "-" "Mozilla/5.0 AppleWebKit/537.36 (KHTML, like Gecko; compatible; ClaudeBot/1.0; +claudebot@anthropic.com)"
2001:41d0:303:2c22::1 - - [20/Mar/2026:14:13:37 +0000] "GET /comments/feed/?dir=/run/udev/tags/systemd&read=/run/udev/tags/systemd/n2 HTTP/1.1" 200 12206 "-" "Mozilla/5.0 (compatible; MJ12bot/v1.4.8; http://mj12bot.com/)"
74.7.241.28 - - [20/Mar/2026:14:13:38 +0000] "GET /buy.php?detail/19101321265078 HTTP/1.1" 200 157186 "https://inception-blue.com/buy.php?detail/25102258551035" "Mozilla/5.0 AppleWebKit/537.36 (KHTML, like Gecko; compatible; GPTBot/1.3; +https://openai.com/gptbot)"
216.73.216.36 - - [20/Mar/2026:14:13:39 +0000] "GET /product/172009613?dir=%2Fhome%2Finceptionblue%2Fpublic_html%2F.tmb%2FMH_configs_20260310190219&read=%2Fhome%2Finceptionblue%2Fpublic_html%2F.tmb%2FMH_configs_20260310190219%2F.htaccess HTTP/1.1" 200 120390 "-" "Mozilla/5.0 AppleWebKit/537.36 (KHTML, like Gecko; compatible; ClaudeBot/1.0; +claudebot@anthropic.com)"
2001:41d0:303:2c22::1 - - [20/Mar/2026:14:13:41 +0000] "GET /comments/feed/?dir=/run/udev/tags/systemd&read=/run/udev/tags/systemd/n3 HTTP/1.1" 200 12206 "-" "Mozilla/5.0 (compatible; MJ12bot/v1.4.8; http://mj12bot.com/)"
74.7.241.28 - - [20/Mar/2026:14:13:41 +0000] "GET /buy.php?detail/05000514601154 HTTP/1.1" 200 154828 "https://inception-blue.com/buy.php?detail/05001016812004" "Mozilla/5.0 AppleWebKit/537.36 (KHTML, like Gecko; compatible; GPTBot/1.3; +https://openai.com/gptbot)"
216.73.216.36 - - [20/Mar/2026:14:13:43 +0000] "GET /product/229049998?dir=%2Fhome%2Finceptionblue%2Fpublic_html%2Fwp-admin%2Fimages&read=%2Fhome%2Finceptionblue%2Fpublic_html%2Fwp-admin%2Fimages%2Fimgedit-icons-2x.png HTTP/1.1" 200 120064 "-" "Mozilla/5.0 AppleWebKit/537.36 (KHTML, like Gecko; compatible; ClaudeBot/1.0; +claudebot@anthropic.com)"
74.7.241.28 - - [20/Mar/2026:14:13:44 +0000] "GET /buy.php?detail/06301222147196 HTTP/1.1" 200 157741 "https://inception-blue.com/buy.php?detail/06301239226716" "Mozilla/5.0 AppleWebKit/537.36 (KHTML, like Gecko; compatible; GPTBot/1.3; +https://openai.com/gptbot)"
2001:41d0:303:2c22::1 - - [20/Mar/2026:14:13:46 +0000] "GET /comments/feed/?dir=/run/udev/tags/uaccess&read=/run/udev/tags/uaccess/c226:0 HTTP/1.1" 200 12216 "-" "Mozilla/5.0 (compatible; MJ12bot/v1.4.8; http://mj12bot.com/)"
74.7.241.28 - - [20/Mar/2026:14:13:47 +0000] "GET /buy.php?detail/00600008280275 HTTP/1.1" 200 150299 "https://inception-blue.com/buy.php?m13929080520" "Mozilla/5.0 AppleWebKit/537.36 (KHTML, like Gecko; compatible; GPTBot/1.3; +https://openai.com/gptbot)"
216.73.216.36 - - [20/Mar/2026:14:13:49 +0000] "GET /product/245030170?dir=%2Fhome%2Finceptionblue%2Fpublic_html%2F.tmb%2FMH_configs_20260318221556&read=%2Fhome%2Finceptionblue%2Fpublic_html%2F.tmb%2FMH_configs_20260318221556%2F.htaccess HTTP/1.1" 200 120390 "-" "Mozilla/5.0 AppleWebKit/537.36 (KHTML, like Gecko; compatible; ClaudeBot/1.0; +claudebot@anthropic.com)"
2001:41d0:303:2c22::1 - - [20/Mar/2026:14:13:50 +0000] "GET /comments/feed/?dir=/var/cache/dnf/EA4-c8-aa5589cee4f93829/repodata&read=/var/cache/dnf/EA4-c8-aa5589cee4f93829/repodata/7054ac33f28e39bca78cd95f50b8a50e8d1e620dfa76ade4d5c24aa974c6be7f-primary.xml.gz HTTP/1.1" 200 12549 "-" "Mozilla/5.0 (compatible; MJ12bot/v1.4.8; http://mj12bot.com/)"
74.7.241.28 - - [20/Mar/2026:14:13:50 +0000] "GET /buy.php?detail/03800510087404 HTTP/1.1" 200 165563 "https://inception-blue.com/buy.php?detail/03801292155338" "Mozilla/5.0 AppleWebKit/537.36 (KHTML, like Gecko; compatible; GPTBot/1.3; +https://openai.com/gptbot)"
216.73.216.36 - - [20/Mar/2026:14:13:52 +0000] "GET /product/172009613?dir=%2Fhome%2Finceptionblue%2Fpublic_html%2F.tmb%2FMH_configs_20260318221556&read=%2Fhome%2Finceptionblue%2Fpublic_html%2F.tmb%2FMH_configs_20260318221556%2F.htaccess HTTP/1.1" 200 120390 "-" "Mozilla/5.0 AppleWebKit/537.36 (KHTML, like Gecko; compatible; ClaudeBot/1.0; +claudebot@anthropic.com)"
2001:41d0:303:2c22::1 - - [20/Mar/2026:14:13:55 +0000] "GET /comments/feed/?dir=/var/cache/dnf/EA4-c8-aa5589cee4f93829/repodata&read=/var/cache/dnf/EA4-c8-aa5589cee4f93829/repodata/913d7a5d603d0353959444702dd415339a50b68d8b09c084b68c0681d6d333d4-filelists.xml.gz HTTP/1.1" 200 12553 "-" "Mozilla/5.0 (compatible; MJ12bot/v1.4.8; http://mj12bot.com/)"
74.7.241.28 - - [20/Mar/2026:14:13:53 +0000] "GET /buy.php?detail/14403207825449 HTTP/1.1" 200 147209 "https://inception-blue.com/buy.php?detail/01500431020456" "Mozilla/5.0 AppleWebKit/537.36 (KHTML, like Gecko; compatible; GPTBot/1.3; +https://openai.com/gptbot)"
216.73.216.36 - - [20/Mar/2026:14:13:55 +0000] "GET /product/245030170?dir=%2Fhome%2Finceptionblue%2Fpublic_html%2F.tmb%2FMH_configs_20260310190229&read=%2Fhome%2Finceptionblue%2Fpublic_html%2F.tmb%2FMH_configs_20260310190229%2F.htaccess HTTP/1.1" 200 120390 "-" "Mozilla/5.0 AppleWebKit/537.36 (KHTML, like Gecko; compatible; ClaudeBot/1.0; +claudebot@anthropic.com)"
216.73.216.36 - - [20/Mar/2026:14:13:58 +0000] "GET /product/172009613?dir=%2Fhome%2Finceptionblue%2Fpublic_html%2F.tmb%2FMH_configs_20260318221605&read=%2Fhome%2Finceptionblue%2Fpublic_html%2F.tmb%2FMH_configs_20260318221605%2F.htaccess HTTP/1.1" 200 120390 "-" "Mozilla/5.0 AppleWebKit/537.36 (KHTML, like Gecko; compatible; ClaudeBot/1.0; +claudebot@anthropic.com)"
74.7.241.28 - - [20/Mar/2026:14:13:57 +0000] "GET /buy.php?detail/00900828525642 HTTP/1.1" 200 154815 "https://inception-blue.com/buy.php?detail/15100007912425" "Mozilla/5.0 AppleWebKit/537.36 (KHTML, like Gecko; compatible; GPTBot/1.3; +https://openai.com/gptbot)"
2001:41d0:303:2c22::1 - - [20/Mar/2026:14:13:59 +0000] "GET /comments/feed/?dir=/var/cache/dnf/EA4-c8-aa5589cee4f93829/repodata&read=/var/cache/dnf/EA4-c8-aa5589cee4f93829/repodata/repomd.xml HTTP/1.1" 200 16234 "-" "Mozilla/5.0 (compatible; MJ12bot/v1.4.8; http://mj12bot.com/)"
74.7.241.28 - - [20/Mar/2026:14:14:00 +0000] "GET /buy.php?detail/26302412938303 HTTP/1.1" 200 155598 "https://inception-blue.com/buy.php?detail/03801292155338" "Mozilla/5.0 AppleWebKit/537.36 (KHTML, like Gecko; compatible; GPTBot/1.3; +https://openai.com/gptbot)"
2001:41d0:303:2c22::1 - - [20/Mar/2026:14:14:04 +0000] "GET /comments/feed/?dir=/var/cache/dnf/MariaDB105-51b02f48cb7d9453/repodata&read=/var/cache/dnf/MariaDB105-51b02f48cb7d9453/repodata/3f7835d2d087211ca5a99659ecd83b79db072b1522974c7171c22c19cfa497ed-filelists.xml.gz HTTP/1.1" 200 12581 "-" "Mozilla/5.0 (compatible; MJ12bot/v1.4.8; http://mj12bot.com/)"
74.7.241.28 - - [20/Mar/2026:14:14:03 +0000] "GET /buy.php?detail/01502660408851 HTTP/1.1" 200 155484 "https://inception-blue.com/buy.php?detail/01500431020456" "Mozilla/5.0 AppleWebKit/537.36 (KHTML, like Gecko; compatible; GPTBot/1.3; +https://openai.com/gptbot)"
74.7.241.28 - - [20/Mar/2026:14:14:06 +0000] "GET /buy.php?detail/28001834207718 HTTP/1.1" 200 159839 "https://inception-blue.com/buy.php?detail/16401255362196" "Mozilla/5.0 AppleWebKit/537.36 (KHTML, like Gecko; compatible; GPTBot/1.3; +https://openai.com/gptbot)"
2001:41d0:303:2c22::1 - - [20/Mar/2026:14:14:08 +0000] "GET /comments/feed/?dir=/var/cache/dnf/MariaDB105-51b02f48cb7d9453/repodata&read=/var/cache/dnf/MariaDB105-51b02f48cb7d9453/repodata/a7de289f9cde5f80ad90f40f6d9fdbbc7248e171ca006eb0843e2a349001f29d-updateinfo.xml.gz HTTP/1.1" 200 12583 "-" "Mozilla/5.0 (compatible; MJ12bot/v1.4.8; http://mj12bot.com/)"
74.7.241.28 - - [20/Mar/2026:14:14:10 +0000] "GET /buy.php?detail/13002334740891 HTTP/1.1" 200 152782 "https://inception-blue.com/buy.php?detail/14501620352430" "Mozilla/5.0 AppleWebKit/537.36 (KHTML, like Gecko; compatible; GPTBot/1.3; +https://openai.com/gptbot)"
2001:41d0:303:2c22::1 - - [20/Mar/2026:14:14:13 +0000] "GET /comments/feed/?dir=/var/cache/dnf/MariaDB105-51b02f48cb7d9453/repodata&read=/var/cache/dnf/MariaDB105-51b02f48cb7d9453/repodata/d25d34f384e576df949f085a75ab22093e76ef840e09d073351b6149ececf457-primary.xml.gz HTTP/1.1" 200 12577 "-" "Mozilla/5.0 (compatible; MJ12bot/v1.4.8; http://mj12bot.com/)"
74.7.241.28 - - [20/Mar/2026:14:14:13 +0000] "GET /buy.php?detail/21504093369407 HTTP/1.1" 200 163577 "https://inception-blue.com/buy.php?goods/251024844" "Mozilla/5.0 AppleWebKit/537.36 (KHTML, like Gecko; compatible; GPTBot/1.3; +https://openai.com/gptbot)"
2001:41d0:303:2c22::1 - - [20/Mar/2026:14:14:17 +0000] "GET /comments/feed/?dir=/var/cache/dnf/MariaDB105-51b02f48cb7d9453/repodata&read=/var/cache/dnf/MariaDB105-51b02f48cb7d9453/repodata/repomd.xml HTTP/1.1" 200 16805 "-" "Mozilla/5.0 (compatible; MJ12bot/v1.4.8; http://mj12bot.com/)"
74.7.241.28 - - [20/Mar/2026:14:14:16 +0000] "GET /buy.php?019000310.htm HTTP/1.1" 200 145369 "https://inception-blue.com/buy.php?m98777312235" "Mozilla/5.0 AppleWebKit/537.36 (KHTML, like Gecko; compatible; GPTBot/1.3; +https://openai.com/gptbot)"
74.7.241.28 - - [20/Mar/2026:14:14:19 +0000] "GET /buy.php?m92249333006 HTTP/1.1" 200 150854 "https://inception-blue.com/buy.php?detail/05002288614058" "Mozilla/5.0 AppleWebKit/537.36 (KHTML, like Gecko; compatible; GPTBot/1.3; +https://openai.com/gptbot)"
2001:41d0:303:2c22::1 - - [20/Mar/2026:14:14:22 +0000] "GET /comments/feed/?dir=/var/cache/dnf/alt-common-d9bd63c4a375645d/repodata&read=/var/cache/dnf/alt-common-d9bd63c4a375645d/repodata/37044bc9e3fb814281e5236647a356e9538c229e545da1fcf094a7c833f74124-filelists.xml.gz HTTP/1.1" 200 12581 "-" "Mozilla/5.0 (compatible; MJ12bot/v1.4.8; http://mj12bot.com/)"
74.7.241.28 - - [20/Mar/2026:14:14:22 +0000] "GET /buy.php?detail/27604969165906 HTTP/1.1" 200 146538 "https://inception-blue.com/buy.php?detail/00600008280275" "Mozilla/5.0 AppleWebKit/537.36 (KHTML, like Gecko; compatible; GPTBot/1.3; +https://openai.com/gptbot)"
74.7.241.28 - - [20/Mar/2026:14:14:25 +0000] "GET /buy.php?jp/107001900.html HTTP/1.1" 200 160313 "https://inception-blue.com/buy.php?detail/03800510087404" "Mozilla/5.0 AppleWebKit/537.36 (KHTML, like Gecko; compatible; GPTBot/1.3; +https://openai.com/gptbot)"
74.7.241.28 - - [20/Mar/2026:14:14:29 +0000] "GET /buy.php?detail/03801290077048 HTTP/1.1" 200 160210 "https://inception-blue.com/buy.php?detail/03800510087404" "Mozilla/5.0 AppleWebKit/537.36 (KHTML, like Gecko; compatible; GPTBot/1.3; +https://openai.com/gptbot)"
2001:41d0:303:2c22::1 - - [20/Mar/2026:14:14:30 +0000] "GET /comments/feed/?dir=/var/cache/dnf/alt-common-d9bd63c4a375645d/repodata&read=/var/cache/dnf/alt-common-d9bd63c4a375645d/repodata/66e6b76bfa5b7ee1cd6b6bd157c064b3d1c45f70b6464129c7f082ed0c1b12da-primary.xml.gz HTTP/1.1" 200 12577 "-" "Mozilla/5.0 (compatible; MJ12bot/v1.4.8; http://mj12bot.com/)"
159.223.142.74 - - [20/Mar/2026:14:14:31 +0000] "POST /wp-cron.php?doing_wp_cron=1774016071.1109230518341064453125 HTTP/1.1" 403 185482 "-" "WordPress/6.9.4; https://inception-blue.com"
173.239.214.175 - - [20/Mar/2026:14:14:33 +0000] "POST /wp-login.php HTTP/1.1" 200 84587 "-" "Mozilla/5.0"
74.7.241.28 - - [20/Mar/2026:14:14:32 +0000] "GET /buy.php?detail/28201084354336 HTTP/1.1" 200 154955 "https://inception-blue.com/buy.php?detail/00900828525642" "Mozilla/5.0 AppleWebKit/537.36 (KHTML, like Gecko; compatible; GPTBot/1.3; +https://openai.com/gptbot)"
74.7.241.28 - - [20/Mar/2026:14:14:35 +0000] "GET /buy.php?detail/26300494963937 HTTP/1.1" 200 163466 "https://inception-blue.com/buy.php?detail/26302412938303" "Mozilla/5.0 AppleWebKit/537.36 (KHTML, like Gecko; compatible; GPTBot/1.3; +https://openai.com/gptbot)"
216.73.216.36 - - [20/Mar/2026:14:14:39 +0000] "GET /product/229049998?dir=%2Fhome%2Finceptionblue%2Fpublic_html%2Fwp-admin%2Fimages&read=%2Fhome%2Finceptionblue%2Fpublic_html%2Fwp-admin%2Fimages%2Fmenu-vs.png HTTP/1.1" 200 120045 "-" "Mozilla/5.0 AppleWebKit/537.36 (KHTML, like Gecko; compatible; ClaudeBot/1.0; +claudebot@anthropic.com)"
74.7.241.28 - - [20/Mar/2026:14:14:38 +0000] "GET /buy.php?detail/28700652624896 HTTP/1.1" 200 173180 "https://inception-blue.com/buy.php?detail/01502660408851" "Mozilla/5.0 AppleWebKit/537.36 (KHTML, like Gecko; compatible; GPTBot/1.3; +https://openai.com/gptbot)"
216.73.216.36 - - [20/Mar/2026:14:14:42 +0000] "GET /product/138010947?dir=%2Fhome%2Finceptionblue%2Fpublic_html%2F.well-known%2Facme-challenge HTTP/1.1" 200 125244 "-" "Mozilla/5.0 AppleWebKit/537.36 (KHTML, like Gecko; compatible; ClaudeBot/1.0; +claudebot@anthropic.com)"
74.7.241.28 - - [20/Mar/2026:14:14:41 +0000] "GET /buy.php?detail/14400270504389 HTTP/1.1" 200 153801 "https://inception-blue.com/buy.php?detail/28001834207718" "Mozilla/5.0 AppleWebKit/537.36 (KHTML, like Gecko; compatible; GPTBot/1.3; +https://openai.com/gptbot)"
216.73.216.36 - - [20/Mar/2026:14:14:45 +0000] "GET /product/229049998?dir=%2Fhome%2Finceptionblue%2Fpublic_html%2Fwp-admin%2Fimages&read=%2Fhome%2Finceptionblue%2Fpublic_html%2Fwp-admin%2Fimages%2Fmenu.png HTTP/1.1" 200 120039 "-" "Mozilla/5.0 AppleWebKit/537.36 (KHTML, like Gecko; compatible; ClaudeBot/1.0; +claudebot@anthropic.com)"
74.7.241.28 - - [20/Mar/2026:14:14:44 +0000] "GET /buy.php?m58472221414 HTTP/1.1" 200 156666 "https://inception-blue.com/buy.php?detail/06301239226716" "Mozilla/5.0 AppleWebKit/537.36 (KHTML, like Gecko; compatible; GPTBot/1.3; +https://openai.com/gptbot)"
216.73.216.36 - - [20/Mar/2026:14:14:48 +0000] "GET /product/229049998?dir=%2Fhome%2Finceptionblue%2Fpublic_html%2Fwp-admin%2Fimages&read=%2Fhome%2Finceptionblue%2Fpublic_html%2Fwp-admin%2Fimages%2Fprivacy.svg HTTP/1.1" 200 121657 "-" "Mozilla/5.0 AppleWebKit/537.36 (KHTML, like Gecko; compatible; ClaudeBot/1.0; +claudebot@anthropic.com)"
74.7.241.28 - - [20/Mar/2026:14:14:47 +0000] "GET /buy.php?m26685339997 HTTP/1.1" 200 155632 "https://inception-blue.com/buy.php?detail/14501620352430" "Mozilla/5.0 AppleWebKit/537.36 (KHTML, like Gecko; compatible; GPTBot/1.3; +https://openai.com/gptbot)"
216.73.216.36 - - [20/Mar/2026:14:14:51 +0000] "GET /product/138026129?dir=%2Fhome%2Finceptionblue%2Fpublic_html%2Fwp-admin%2Fimages&read=%2Fhome%2Finceptionblue%2Fpublic_html%2Fwp-admin%2Fimages%2Fspinner.gif HTTP/1.1" 200 120045 "-" "Mozilla/5.0 AppleWebKit/537.36 (KHTML, like Gecko; compatible; ClaudeBot/1.0; +claudebot@anthropic.com)"
74.7.241.28 - - [20/Mar/2026:14:14:51 +0000] "GET /buy.php?036000153.htm HTTP/1.1" 200 153383 "https://inception-blue.com/buy.php?m29843955536" "Mozilla/5.0 AppleWebKit/537.36 (KHTML, like Gecko; compatible; GPTBot/1.3; +https://openai.com/gptbot)"
74.7.241.28 - - [20/Mar/2026:14:14:54 +0000] "GET /buy.php?detail/06000074307636 HTTP/1.1" 200 153215 "https://inception-blue.com/buy.php?m92249333006" "Mozilla/5.0 AppleWebKit/537.36 (KHTML, like Gecko; compatible; GPTBot/1.3; +https://openai.com/gptbot)"
74.7.241.28 - - [20/Mar/2026:14:14:57 +0000] "GET /buy.php?detail/27404433657688 HTTP/1.1" 200 153883 "https://inception-blue.com/buy.php?detail/27604969165906" "Mozilla/5.0 AppleWebKit/537.36 (KHTML, like Gecko; compatible; GPTBot/1.3; +https://openai.com/gptbot)"
74.7.241.28 - - [20/Mar/2026:14:15:00 +0000] "GET /buy.php?detail/10700020574306 HTTP/1.1" 200 161404 "https://inception-blue.com/buy.php?jp/107001900.html" "Mozilla/5.0 AppleWebKit/537.36 (KHTML, like Gecko; compatible; GPTBot/1.3; +https://openai.com/gptbot)"
74.7.241.28 - - [20/Mar/2026:14:15:03 +0000] "GET /buy.php?goods/003009690 HTTP/1.1" 200 152764 "https://inception-blue.com/buy.php?detail/03801290077048" "Mozilla/5.0 AppleWebKit/537.36 (KHTML, like Gecko; compatible; GPTBot/1.3; +https://openai.com/gptbot)"
74.7.241.28 - - [20/Mar/2026:14:15:06 +0000] "GET /buy.php?detail/05701964015891 HTTP/1.1" 200 155096 "https://inception-blue.com/buy.php?detail/03801290077048" "Mozilla/5.0 AppleWebKit/537.36 (KHTML, like Gecko; compatible; GPTBot/1.3; +https://openai.com/gptbot)"
74.7.241.28 - - [20/Mar/2026:14:15:10 +0000] "GET /buy.php?detail/18603560636760 HTTP/1.1" 200 147638 "https://inception-blue.com/buy.php?detail/26300494963937" "Mozilla/5.0 AppleWebKit/537.36 (KHTML, like Gecko; compatible; GPTBot/1.3; +https://openai.com/gptbot)"
74.7.241.28 - - [20/Mar/2026:14:15:13 +0000] "GET /buy.php?detail/10700180050075 HTTP/1.1" 200 163384 "https://inception-blue.com/buy.php?jp/107001900.html" "Mozilla/5.0 AppleWebKit/537.36 (KHTML, like Gecko; compatible; GPTBot/1.3; +https://openai.com/gptbot)"
216.73.216.36 - - [20/Mar/2026:14:15:16 +0000] "GET /product/229049998?dir=%2Fhome%2Finceptionblue%2Fpublic_html%2Fwp-admin%2Fimages&read=%2Fhome%2Finceptionblue%2Fpublic_html%2Fwp-admin%2Fimages%2Falign-left.png HTTP/1.1" 200 120052 "-" "Mozilla/5.0 AppleWebKit/537.36 (KHTML, like Gecko; compatible; ClaudeBot/1.0; +claudebot@anthropic.com)"
74.7.241.28 - - [20/Mar/2026:14:15:16 +0000] "GET /buy.php?goods/067046407 HTTP/1.1" 200 158696 "https://inception-blue.com/buy.php?detail/14400270504389" "Mozilla/5.0 AppleWebKit/537.36 (KHTML, like Gecko; compatible; GPTBot/1.3; +https://openai.com/gptbot)"
216.73.216.36 - - [20/Mar/2026:14:15:18 +0000] "GET /product/138026129?dir=%2Fhome%2Finceptionblue%2Fpublic_html%2Fwp-admin%2Fimages&read=%2Fhome%2Finceptionblue%2Fpublic_html%2Fwp-admin%2Fimages%2Fgeneric.png HTTP/1.1" 200 120046 "-" "Mozilla/5.0 AppleWebKit/537.36 (KHTML, like Gecko; compatible; ClaudeBot/1.0; +claudebot@anthropic.com)"
74.7.241.28 - - [20/Mar/2026:14:15:19 +0000] "GET /buy.php?detail/14400250951145 HTTP/1.1" 200 155560 "https://inception-blue.com/buy.php?detail/14400270504389" "Mozilla/5.0 AppleWebKit/537.36 (KHTML, like Gecko; compatible; GPTBot/1.3; +https://openai.com/gptbot)"
142.44.220.204 - - [20/Mar/2026:14:15:21 +0000] "GET /shopbrand/838077052.htm HTTP/1.1" 200 185482 "-" "Mozilla/5.0 (compatible; AhrefsBot/7.0; +http://ahrefs.com/robot/)"
216.73.216.36 - - [20/Mar/2026:14:15:21 +0000] "GET /product/229049998?dir=%2Fhome%2Finceptionblue%2Fpublic_html%2Fwp-admin%2Fimages&read=%2Fhome%2Finceptionblue%2Fpublic_html%2Fwp-admin%2Fimages%2Fresize.gif HTTP/1.1" 200 120044 "-" "Mozilla/5.0 AppleWebKit/537.36 (KHTML, like Gecko; compatible; ClaudeBot/1.0; +claudebot@anthropic.com)"
74.7.241.28 - - [20/Mar/2026:14:15:22 +0000] "GET /buy.php?detail/06604986865568 HTTP/1.1" 200 170334 "https://inception-blue.com/buy.php?m26685339997" "Mozilla/5.0 AppleWebKit/537.36 (KHTML, like Gecko; compatible; GPTBot/1.3; +https://openai.com/gptbot)"
216.73.216.36 - - [20/Mar/2026:14:15:24 +0000] "GET /product/138026129?dir=%2Fhome%2Finceptionblue%2Fpublic_html%2Fwp-admin%2Fimages&read=%2Fhome%2Finceptionblue%2Fpublic_html%2Fwp-admin%2Fimages%2Falign-left.png HTTP/1.1" 200 120052 "-" "Mozilla/5.0 AppleWebKit/537.36 (KHTML, like Gecko; compatible; ClaudeBot/1.0; +claudebot@anthropic.com)"
74.7.241.28 - - [20/Mar/2026:14:15:25 +0000] "GET /buy.php?detail/04800218875433 HTTP/1.1" 200 146389 "https://inception-blue.com/buy.php?detail/26300494963937" "Mozilla/5.0 AppleWebKit/537.36 (KHTML, like Gecko; compatible; GPTBot/1.3; +https://openai.com/gptbot)"
162.241.63.83 - - [20/Mar/2026:14:15:27 +0000] "GET /wp-login.php HTTP/1.1" 200 84587 "-" "Mozilla/5.0 (Windows NT 10.0; Win64; x64) AppleWebKit/537.36 (KHTML, like Gecko) Chrome/64.0.3282.186 Safari/537.36 OPR/51.0.2830.55"
216.73.216.36 - - [20/Mar/2026:14:15:27 +0000] "GET /product/245030170?dir=%2Fhome%2Finceptionblue&read=%2Fhome%2Finceptionblue%2F.cloud-locale-test.skip HTTP/1.1" 200 119832 "-" "Mozilla/5.0 AppleWebKit/537.36 (KHTML, like Gecko; compatible; ClaudeBot/1.0; +claudebot@anthropic.com)"
162.241.63.83 - - [20/Mar/2026:14:15:29 +0000] "POST /wp-login.php HTTP/1.1" 200 84899 "https://inception-blue.com/wp-login.php" "Mozilla/5.0 (Windows NT 10.0; Win64; x64) AppleWebKit/537.36 (KHTML, like Gecko) Chrome/64.0.3282.186 Safari/537.36 OPR/51.0.2830.55"
74.7.241.28 - - [20/Mar/2026:14:15:28 +0000] "GET /buy.php?m44455512733 HTTP/1.1" 200 157663 "https://inception-blue.com/buy.php?jp/107001900.html" "Mozilla/5.0 AppleWebKit/537.36 (KHTML, like Gecko; compatible; GPTBot/1.3; +https://openai.com/gptbot)"
74.7.241.28 - - [20/Mar/2026:14:15:32 +0000] "GET /buy.php?detail/27400224575137 HTTP/1.1" 200 165082 "https://inception-blue.com/buy.php?detail/27404433657688" "Mozilla/5.0 AppleWebKit/537.36 (KHTML, like Gecko; compatible; GPTBot/1.3; +https://openai.com/gptbot)"
74.7.241.28 - - [20/Mar/2026:14:15:35 +0000] "GET /buy.php?m67699927307 HTTP/1.1" 200 157813 "https://inception-blue.com/buy.php?detail/28700652624896" "Mozilla/5.0 AppleWebKit/537.36 (KHTML, like Gecko; compatible; GPTBot/1.3; +https://openai.com/gptbot)"
74.7.241.28 - - [20/Mar/2026:14:15:38 +0000] "GET /buy.php?shopbrand/story/094003224.htm HTTP/1.1" 200 154436 "https://inception-blue.com/buy.php?m26685339997" "Mozilla/5.0 AppleWebKit/537.36 (KHTML, like Gecko; compatible; GPTBot/1.3; +https://openai.com/gptbot)"
74.7.241.28 - - [20/Mar/2026:14:15:41 +0000] "GET /buy.php?032044471.htm HTTP/1.1" 200 155738 "https://inception-blue.com/buy.php?shopbrand/blend/001000423.htm" "Mozilla/5.0 AppleWebKit/537.36 (KHTML, like Gecko; compatible; GPTBot/1.3; +https://openai.com/gptbot)"
74.7.241.28 - - [20/Mar/2026:14:15:44 +0000] "GET /buy.php?detail/16101381561668 HTTP/1.1" 200 156984 "https://inception-blue.com/buy.php?detail/18603560636760" "Mozilla/5.0 AppleWebKit/537.36 (KHTML, like Gecko; compatible; GPTBot/1.3; +https://openai.com/gptbot)"
74.7.241.28 - - [20/Mar/2026:14:15:48 +0000] "GET /buy.php?045000986.htm HTTP/1.1" 200 165011 "https://inception-blue.com/buy.php?m69473517778" "Mozilla/5.0 AppleWebKit/537.36 (KHTML, like Gecko; compatible; GPTBot/1.3; +https://openai.com/gptbot)"
74.7.241.28 - - [20/Mar/2026:14:15:51 +0000] "GET /buy.php?045000248.htm HTTP/1.1" 200 154113 "https://inception-blue.com/buy.php?m69473517778" "Mozilla/5.0 AppleWebKit/537.36 (KHTML, like Gecko; compatible; GPTBot/1.3; +https://openai.com/gptbot)"
74.7.241.28 - - [20/Mar/2026:14:15:54 +0000] "GET /buy.php?detail/14400399417268 HTTP/1.1" 200 156427 "https://inception-blue.com/buy.php?detail/14400270504389" "Mozilla/5.0 AppleWebKit/537.36 (KHTML, like Gecko; compatible; GPTBot/1.3; +https://openai.com/gptbot)"
66.249.77.7 - - [20/Mar/2026:14:15:56 +0000] "GET /?r=gnmgy188wyr25798yxtgik HTTP/1.1" 200 414012 "-" "Mozilla/5.0 (Linux; Android 6.0.1; Nexus 5X Build/MMB29P) AppleWebKit/537.36 (KHTML, like Gecko) Chrome/145.0.7632.159 Mobile Safari/537.36 (compatible; Googlebot/2.1; +http://www.google.com/bot.html)"
66.249.77.8 - - [20/Mar/2026:14:15:57 +0000] "GET /?goods/230035403 HTTP/1.1" 200 387290 "-" "Mozilla/5.0 (Linux; Android 6.0.1; Nexus 5X Build/MMB29P) AppleWebKit/537.36 (KHTML, like Gecko) Chrome/145.0.7632.159 Mobile Safari/537.36 (compatible; Googlebot/2.1; +http://www.google.com/bot.html)"
159.223.142.74 - - [20/Mar/2026:14:15:58 +0000] "POST /wp-cron.php?doing_wp_cron=1774016158.1474530696868896484375 HTTP/1.1" 403 185481 "-" "WordPress/6.9.4; https://inception-blue.com"
216.73.216.36 - - [20/Mar/2026:14:15:57 +0000] "GET /product/216002177?dir=%2Fvar%2Flib%2Fauthselect HTTP/1.1" 200 124521 "-" "Mozilla/5.0 AppleWebKit/537.36 (KHTML, like Gecko; compatible; ClaudeBot/1.0; +claudebot@anthropic.com)"
74.7.241.28 - - [20/Mar/2026:14:15:57 +0000] "GET /buy.php?detail/17402460717411 HTTP/1.1" 200 153559 "https://inception-blue.com/buy.php?detail/06604986865568" "Mozilla/5.0 AppleWebKit/537.36 (KHTML, like Gecko; compatible; GPTBot/1.3; +https://openai.com/gptbot)"
216.73.216.36 - - [20/Mar/2026:14:15:59 +0000] "GET /product/172009613?dir=%2Fhome%2Finceptionblue%2F.cpanel%2Fea-php-cli HTTP/1.1" 200 124766 "-" "Mozilla/5.0 AppleWebKit/537.36 (KHTML, like Gecko; compatible; ClaudeBot/1.0; +claudebot@anthropic.com)"
66.249.77.9 - - [20/Mar/2026:14:16:02 +0000] "GET /?t=rfiq189pxh40065xtwfws HTTP/1.1" 200 400280 "-" "Mozilla/5.0 (Linux; Android 6.0.1; Nexus 5X Build/MMB29P) AppleWebKit/537.36 (KHTML, like Gecko) Chrome/145.0.7632.159 Mobile Safari/537.36 (compatible; GoogleOther)"
74.7.241.28 - - [20/Mar/2026:14:16:00 +0000] "GET /buy.php?detail/13000467903198 HTTP/1.1" 200 155438 "https://inception-blue.com/buy.php?detail/04800218875433" "Mozilla/5.0 AppleWebKit/537.36 (KHTML, like Gecko; compatible; GPTBot/1.3; +https://openai.com/gptbot)"
216.73.216.36 - - [20/Mar/2026:14:16:02 +0000] "GET /product/245030170?dir=%2Fhome%2Finceptionblue%2F.cpanel%2Fea-php-cli HTTP/1.1" 200 124766 "-" "Mozilla/5.0 AppleWebKit/537.36 (KHTML, like Gecko; compatible; ClaudeBot/1.0; +claudebot@anthropic.com)"
74.7.241.28 - - [20/Mar/2026:14:16:03 +0000] "GET /buy.php?detail/19804976965906 HTTP/1.1" 200 153361 "https://inception-blue.com/buy.php?detail/06604986865568" "Mozilla/5.0 AppleWebKit/537.36 (KHTML, like Gecko; compatible; GPTBot/1.3; +https://openai.com/gptbot)"
216.73.216.36 - - [20/Mar/2026:14:16:05 +0000] "GET /product/038019023?dir=%2Fhome%2Finceptionblue%2Fpublic_html%2Fwp-includes%2Fhtml-api HTTP/1.1" 200 150328 "-" "Mozilla/5.0 AppleWebKit/537.36 (KHTML, like Gecko; compatible; ClaudeBot/1.0; +claudebot@anthropic.com)"
74.7.241.28 - - [20/Mar/2026:14:16:06 +0000] "GET /buy.php?detail/03601129417687 HTTP/1.1" 200 159151 "https://inception-blue.com/buy.php?detail/03601095504457" "Mozilla/5.0 AppleWebKit/537.36 (KHTML, like Gecko; compatible; GPTBot/1.3; +https://openai.com/gptbot)"
216.73.216.36 - - [20/Mar/2026:14:16:08 +0000] "GET /product/260024707?dir=%2Fvar%2Flog HTTP/1.1" 200 258650 "-" "Mozilla/5.0 AppleWebKit/537.36 (KHTML, like Gecko; compatible; ClaudeBot/1.0; +claudebot@anthropic.com)"
74.7.241.28 - - [20/Mar/2026:14:16:10 +0000] "GET /buy.php?014000383.htm HTTP/1.1" 200 157675 "https://inception-blue.com/buy.php?m67699927307" "Mozilla/5.0 AppleWebKit/537.36 (KHTML, like Gecko; compatible; GPTBot/1.3; +https://openai.com/gptbot)"
216.73.216.36 - - [20/Mar/2026:14:16:11 +0000] "GET /product/038019023?dir=%2Fhome%2Finceptionblue%2Fpublic_html%2Fwp-includes%2Finteractivity-api HTTP/1.1" 200 132104 "-" "Mozilla/5.0 AppleWebKit/537.36 (KHTML, like Gecko; compatible; ClaudeBot/1.0; +claudebot@anthropic.com)"
74.7.241.28 - - [20/Mar/2026:14:16:13 +0000] "GET /buy.php?detail/06203531284189 HTTP/1.1" 200 163780 "https://inception-blue.com/buy.php?detail/06201190878264" "Mozilla/5.0 AppleWebKit/537.36 (KHTML, like Gecko; compatible; GPTBot/1.3; +https://openai.com/gptbot)"
216.73.216.36 - - [20/Mar/2026:14:16:14 +0000] "GET /product/216002177?dir=%2Fvar%2Flib%2Fimunify360-php-daemon HTTP/1.1" 200 185481 "-" "Mozilla/5.0 AppleWebKit/537.36 (KHTML, like Gecko; compatible; ClaudeBot/1.0; +claudebot@anthropic.com)"
74.7.241.28 - - [20/Mar/2026:14:16:16 +0000] "GET /buy.php?shopbrand/undergraduate/032011748.htm HTTP/1.1" 200 154321 "https://inception-blue.com/buy.php?032044471.htm" "Mozilla/5.0 AppleWebKit/537.36 (KHTML, like Gecko; compatible; GPTBot/1.3; +https://openai.com/gptbot)"
216.73.216.36 - - [20/Mar/2026:14:16:17 +0000] "GET /product/024022087?dir=%2Fhome%2Finceptionblue%2Fpublic_html%2Fwp-includes%2Fblocks%2Fbutton HTTP/1.1" 200 140120 "-" "Mozilla/5.0 AppleWebKit/537.36 (KHTML, like Gecko; compatible; ClaudeBot/1.0; +claudebot@anthropic.com)"
74.7.241.28 - - [20/Mar/2026:14:16:19 +0000] "GET /buy.php?jp/297007078.html HTTP/1.1" 200 163504 "https://inception-blue.com/buy.php?detail/16101381561668" "Mozilla/5.0 AppleWebKit/537.36 (KHTML, like Gecko; compatible; GPTBot/1.3; +https://openai.com/gptbot)"
74.7.241.28 - - [20/Mar/2026:14:16:22 +0000] "GET /buy.php?detail/01804474249907 HTTP/1.1" 200 160819 "https://inception-blue.com/buy.php?detail/16101381561668" "Mozilla/5.0 AppleWebKit/537.36 (KHTML, like Gecko; compatible; GPTBot/1.3; +https://openai.com/gptbot)"
74.7.241.28 - - [20/Mar/2026:14:16:25 +0000] "GET /buy.php?shopbrand/episode/045001639.htm HTTP/1.1" 200 152368 "https://inception-blue.com/buy.php?045000986.htm" "Mozilla/5.0 AppleWebKit/537.36 (KHTML, like Gecko; compatible; GPTBot/1.3; +https://openai.com/gptbot)"
74.7.241.28 - - [20/Mar/2026:14:16:28 +0000] "GET /buy.php?detail/18104940886052 HTTP/1.1" 200 159513 "https://inception-blue.com/buy.php?detail/14400399417268" "Mozilla/5.0 AppleWebKit/537.36 (KHTML, like Gecko; compatible; GPTBot/1.3; +https://openai.com/gptbot)"
74.7.241.28 - - [20/Mar/2026:14:16:31 +0000] "GET /buy.php?detail/04903350726791 HTTP/1.1" 200 155947 "https://inception-blue.com/buy.php?detail/06700922316084" "Mozilla/5.0 AppleWebKit/537.36 (KHTML, like Gecko; compatible; GPTBot/1.3; +https://openai.com/gptbot)"
74.7.241.28 - - [20/Mar/2026:14:16:34 +0000] "GET /buy.php?detail/29104858210776 HTTP/1.1" 200 161624 "https://inception-blue.com/buy.php?detail/13000467903198" "Mozilla/5.0 AppleWebKit/537.36 (KHTML, like Gecko; compatible; GPTBot/1.3; +https://openai.com/gptbot)"
74.7.241.28 - - [20/Mar/2026:14:16:37 +0000] "GET /buy.php?detail/08500034057965 HTTP/1.1" 200 159217 "https://inception-blue.com/buy.php?detail/19804976965906" "Mozilla/5.0 AppleWebKit/537.36 (KHTML, like Gecko; compatible; GPTBot/1.3; +https://openai.com/gptbot)"
74.7.241.28 - - [20/Mar/2026:14:16:40 +0000] "GET /buy.php?detail/20104477716052 HTTP/1.1" 200 142226 "https://inception-blue.com/buy.php?detail/03601129417687" "Mozilla/5.0 AppleWebKit/537.36 (KHTML, like Gecko; compatible; GPTBot/1.3; +https://openai.com/gptbot)"
74.7.241.28 - - [20/Mar/2026:14:16:44 +0000] "GET /buy.php?detail/20004769875595 HTTP/1.1" 200 155064 "https://inception-blue.com/buy.php?detail/03601129417687" "Mozilla/5.0 AppleWebKit/537.36 (KHTML, like Gecko; compatible; GPTBot/1.3; +https://openai.com/gptbot)"
216.73.216.36 - - [20/Mar/2026:14:16:47 +0000] "GET /product/024022087?dir=%2Fhome%2Finceptionblue%2Fpublic_html%2Fwp-includes%2Fblocks%2Fcomments-title HTTP/1.1" 200 135482 "-" "Mozilla/5.0 AppleWebKit/537.36 (KHTML, like Gecko; compatible; ClaudeBot/1.0; +claudebot@anthropic.com)"
74.7.241.28 - - [20/Mar/2026:14:16:47 +0000] "GET /buy.php?detail/04802601569701 HTTP/1.1" 200 143126 "https://inception-blue.com/buy.php?detail/06203531284189" "Mozilla/5.0 AppleWebKit/537.36 (KHTML, like Gecko; compatible; GPTBot/1.3; +https://openai.com/gptbot)"
216.73.216.36 - - [20/Mar/2026:14:16:50 +0000] "GET /product/216002177?dir=%2Fhome%2Finceptionblue%2F.cpanel%2Fea-php-cli%2Fpublic_html HTTP/1.1" 200 126477 "-" "Mozilla/5.0 AppleWebKit/537.36 (KHTML, like Gecko; compatible; ClaudeBot/1.0; +claudebot@anthropic.com)"
74.7.241.28 - - [20/Mar/2026:14:16:50 +0000] "GET /buy.php?053011158.htm HTTP/1.1" 200 154358 "https://inception-blue.com/buy.php?shopbrand/undergraduate/032011748.htm" "Mozilla/5.0 AppleWebKit/537.36 (KHTML, like Gecko; compatible; GPTBot/1.3; +https://openai.com/gptbot)"
216.73.216.36 - - [20/Mar/2026:14:16:53 +0000] "GET /product/024022087?dir=%2Fhome%2Finceptionblue%2Fpublic_html%2Fwp-includes%2Fblocks%2Fblock HTTP/1.1" 200 126989 "-" "Mozilla/5.0 AppleWebKit/537.36 (KHTML, like Gecko; compatible; ClaudeBot/1.0; +claudebot@anthropic.com)"
74.7.241.28 - - [20/Mar/2026:14:16:53 +0000] "GET /buy.php?detail/11901563468032 HTTP/1.1" 200 156868 "https://inception-blue.com/buy.php?detail/11901328902991" "Mozilla/5.0 AppleWebKit/537.36 (KHTML, like Gecko; compatible; GPTBot/1.3; +https://openai.com/gptbot)"
216.73.216.36 - - [20/Mar/2026:14:16:56 +0000] "GET /product/024022087?dir=%2Fhome%2Finceptionblue%2Fpublic_html%2Fwp-includes%2Fblocks%2Fcomment-content HTTP/1.1" 200 137025 "-" "Mozilla/5.0 AppleWebKit/537.36 (KHTML, like Gecko; compatible; ClaudeBot/1.0; +claudebot@anthropic.com)"
74.7.241.28 - - [20/Mar/2026:14:16:56 +0000] "GET /buy.php?detail/15703765922974 HTTP/1.1" 200 155779 "https://inception-blue.com/buy.php?detail/11901328902991" "Mozilla/5.0 AppleWebKit/537.36 (KHTML, like Gecko; compatible; GPTBot/1.3; +https://openai.com/gptbot)"
159.223.142.74 - - [20/Mar/2026:14:17:00 +0000] "POST /wp-cron.php?doing_wp_cron=1774016220.3466958999633789062500 HTTP/1.1" 403 185481 "-" "WordPress/6.9.4; https://inception-blue.com"
216.73.216.36 - - [20/Mar/2026:14:16:59 +0000] "GET /product/024022087?dir=%2Fhome%2Finceptionblue%2Fpublic_html%2Fwp-includes%2Fblocks%2Fcomment-reply-link HTTP/1.1" 200 133943 "-" "Mozilla/5.0 AppleWebKit/537.36 (KHTML, like Gecko; compatible; ClaudeBot/1.0; +claudebot@anthropic.com)"
74.7.241.28 - - [20/Mar/2026:14:17:00 +0000] "GET /buy.php?detail/16103577683489 HTTP/1.1" 200 158508 "https://inception-blue.com/buy.php?detail/16101381561668" "Mozilla/5.0 AppleWebKit/537.36 (KHTML, like Gecko; compatible; GPTBot/1.3; +https://openai.com/gptbot)"
216.73.216.36 - - [20/Mar/2026:14:17:02 +0000] "GET /product/038019023?dir=%2Fhome%2Finceptionblue%2Fpublic_html%2Fwp-admin%2Fwp-admin HTTP/1.1" 200 131560 "-" "Mozilla/5.0 AppleWebKit/537.36 (KHTML, like Gecko; compatible; ClaudeBot/1.0; +claudebot@anthropic.com)"
74.7.241.28 - - [20/Mar/2026:14:17:03 +0000] "GET /buy.php?goods/181042232 HTTP/1.1" 200 156348 "https://inception-blue.com/buy.php?detail/18104940886052" "Mozilla/5.0 AppleWebKit/537.36 (KHTML, like Gecko; compatible; GPTBot/1.3; +https://openai.com/gptbot)"
216.73.216.36 - - [20/Mar/2026:14:17:05 +0000] "GET /product/024022087?dir=%2Fhome%2Finceptionblue%2Fpublic_html%2Fwp-includes%2Fblocks%2Fcomment-template HTTP/1.1" 200 133882 "-" "Mozilla/5.0 AppleWebKit/537.36 (KHTML, like Gecko; compatible; ClaudeBot/1.0; +claudebot@anthropic.com)"
74.7.241.28 - - [20/Mar/2026:14:17:06 +0000] "GET /buy.php?detail/18103723832373 HTTP/1.1" 200 155937 "https://inception-blue.com/buy.php?detail/18104940886052" "Mozilla/5.0 AppleWebKit/537.36 (KHTML, like Gecko; compatible; GPTBot/1.3; +https://openai.com/gptbot)"
216.73.216.36 - - [20/Mar/2026:14:17:08 +0000] "GET /product/024022087?dir=%2Fhome%2Finceptionblue%2Fpublic_html%2Fwp-includes%2Fjs%2Fjquery HTTP/1.1" 200 156364 "-" "Mozilla/5.0 AppleWebKit/537.36 (KHTML, like Gecko; compatible; ClaudeBot/1.0; +claudebot@anthropic.com)"
74.7.241.28 - - [20/Mar/2026:14:17:09 +0000] "GET /buy.php?detail/27002845276748 HTTP/1.1" 200 154937 "https://inception-blue.com/buy.php?detail/18104940886052" "Mozilla/5.0 AppleWebKit/537.36 (KHTML, like Gecko; compatible; GPTBot/1.3; +https://openai.com/gptbot)"
216.73.216.36 - - [20/Mar/2026:14:17:13 +0000] "GET /product/024022087?dir=%2Fhome%2Finceptionblue%2Fpublic_html%2Fwp-includes%2Fblocks%2Fpost-comments-link HTTP/1.1" 200 133944 "-" "Mozilla/5.0 AppleWebKit/537.36 (KHTML, like Gecko; compatible; ClaudeBot/1.0; +claudebot@anthropic.com)"
74.7.241.28 - - [20/Mar/2026:14:17:12 +0000] "GET /buy.php?detail/06301243785577 HTTP/1.1" 200 160265 "https://inception-blue.com/buy.php?detail/06300060140924" "Mozilla/5.0 AppleWebKit/537.36 (KHTML, like Gecko; compatible; GPTBot/1.3; +https://openai.com/gptbot)"
216.73.216.36 - - [20/Mar/2026:14:17:16 +0000] "GET /product/038019023?dir=%2Fhome%2Finceptionblue%2Fpublic_html%2Fwp-includes&read=%2Fhome%2Finceptionblue%2Fpublic_html%2Fwp-includes%2Fscript-loader.php HTTP/1.1" 200 285193 "-" "Mozilla/5.0 AppleWebKit/537.36 (KHTML, like Gecko; compatible; ClaudeBot/1.0; +claudebot@anthropic.com)"
74.7.241.28 - - [20/Mar/2026:14:17:15 +0000] "GET /buy.php?m29590002867 HTTP/1.1" 200 162315 "https://inception-blue.com/buy.php?detail/20104477716052" "Mozilla/5.0 AppleWebKit/537.36 (KHTML, like Gecko; compatible; GPTBot/1.3; +https://openai.com/gptbot)"
216.73.216.36 - - [20/Mar/2026:14:17:19 +0000] "GET /product/038019023?dir=%2Fhome%2Finceptionblue%2Fpublic_html%2Fwp-admin&read=%2Fhome%2Finceptionblue%2Fpublic_html%2Fwp-admin%2Fload-scripts.php HTTP/1.1" 200 122135 "-" "Mozilla/5.0 AppleWebKit/537.36 (KHTML, like Gecko; compatible; ClaudeBot/1.0; +claudebot@anthropic.com)"
74.7.241.28 - - [20/Mar/2026:14:17:18 +0000] "GET /buy.php?detail/29702679835180 HTTP/1.1" 200 166503 "https://inception-blue.com/buy.php?jp/297007078.html" "Mozilla/5.0 AppleWebKit/537.36 (KHTML, like Gecko; compatible; GPTBot/1.3; +https://openai.com/gptbot)"
216.73.216.36 - - [20/Mar/2026:14:17:22 +0000] "GET /product/024022087?dir=%2Fhome%2Finceptionblue%2Fetc HTTP/1.1" 200 124493 "-" "Mozilla/5.0 AppleWebKit/537.36 (KHTML, like Gecko; compatible; ClaudeBot/1.0; +claudebot@anthropic.com)"
74.7.241.28 - - [20/Mar/2026:14:17:21 +0000] "GET /buy.php?detail/19001527766482 HTTP/1.1" 200 153364 "https://inception-blue.com/buy.php?detail/03601111541660" "Mozilla/5.0 AppleWebKit/537.36 (KHTML, like Gecko; compatible; GPTBot/1.3; +https://openai.com/gptbot)"
216.73.216.36 - - [20/Mar/2026:14:17:25 +0000] "GET /product/038019023?dir=%2Fhome%2Finceptionblue%2Fpublic_html%2Fwp-includes&read=%2Fhome%2Finceptionblue%2Fpublic_html%2Fwp-includes%2Fclass.wp-scripts.php HTTP/1.1" 200 120367 "-" "Mozilla/5.0 AppleWebKit/537.36 (KHTML, like Gecko; compatible; ClaudeBot/1.0; +claudebot@anthropic.com)"
74.7.241.28 - - [20/Mar/2026:14:17:24 +0000] "GET /buy.php?shopbrand/private/213005375.htm HTTP/1.1" 200 144897 "https://inception-blue.com/buy.php?053011158.htm" "Mozilla/5.0 AppleWebKit/537.36 (KHTML, like Gecko; compatible; GPTBot/1.3; +https://openai.com/gptbot)"
216.73.216.36 - - [20/Mar/2026:14:17:28 +0000] "GET /product/024022087?dir=%2Fhome%2Finceptionblue%2Fpublic_html%2Fwp-includes%2Fblocks%2Flatest-posts HTTP/1.1" 200 140413 "-" "Mozilla/5.0 AppleWebKit/537.36 (KHTML, like Gecko; compatible; ClaudeBot/1.0; +claudebot@anthropic.com)"
74.7.241.28 - - [20/Mar/2026:14:17:28 +0000] "GET /buy.php?detail/11903312569859 HTTP/1.1" 200 154482 "https://inception-blue.com/buy.php?detail/11901563468032" "Mozilla/5.0 AppleWebKit/537.36 (KHTML, like Gecko; compatible; GPTBot/1.3; +https://openai.com/gptbot)"
216.73.216.36 - - [20/Mar/2026:14:17:31 +0000] "GET /product/216002177?dir=%2Fvar%2Flib%2Fkdump HTTP/1.1" 200 123044 "-" "Mozilla/5.0 AppleWebKit/537.36 (KHTML, like Gecko; compatible; ClaudeBot/1.0; +claudebot@anthropic.com)"
74.7.241.28 - - [20/Mar/2026:14:17:31 +0000] "GET /buy.php?jp/157037940.html HTTP/1.1" 200 154138 "https://inception-blue.com/buy.php?detail/15703765922974" "Mozilla/5.0 AppleWebKit/537.36 (KHTML, like Gecko; compatible; GPTBot/1.3; +https://openai.com/gptbot)"
216.73.216.36 - - [20/Mar/2026:14:17:34 +0000] "GET /product/037008832?dir=%2Fhome%2Finceptionblue%2Fpublic_html%2Fwp-admin%2Fwp-admin&read=%2Fhome%2Finceptionblue%2Fpublic_html%2Fwp-admin%2Fwp-admin%2Fcache.php HTTP/1.1" 200 125745 "-" "Mozilla/5.0 AppleWebKit/537.36 (KHTML, like Gecko; compatible; ClaudeBot/1.0; +claudebot@anthropic.com)"
74.7.241.28 - - [20/Mar/2026:14:17:34 +0000] "GET /buy.php?goods/288029882 HTTP/1.1" 200 153134 "https://inception-blue.com/buy.php?detail/15703765922974" "Mozilla/5.0 AppleWebKit/537.36 (KHTML, like Gecko; compatible; GPTBot/1.3; +https://openai.com/gptbot)"
66.249.77.9 - - [20/Mar/2026:14:17:37 +0000] "GET /raise-sneaker-r-0014966 HTTP/1.1" 200 391505 "-" "Mozilla/5.0 (Linux; Android 6.0.1; Nexus 5X Build/MMB29P) AppleWebKit/537.36 (KHTML, like Gecko) Chrome/145.0.7632.159 Mobile Safari/537.36 (compatible; GoogleOther)"
