74.7.241.28 - - [20/Mar/2026:15:02:40 +0000] "GET /buy.php?detail/17702925070731 HTTP/1.1" 200 166221 "https://inception-blue.com/buy.php?detail/12103433889706" "Mozilla/5.0 AppleWebKit/537.36 (KHTML, like Gecko; compatible; GPTBot/1.3; +https://openai.com/gptbot)"
74.7.241.28 - - [20/Mar/2026:15:02:43 +0000] "GET /buy.php?jp/223010236.html HTTP/1.1" 200 163584 "https://inception-blue.com/buy.php?detail/22302059420578" "Mozilla/5.0 AppleWebKit/537.36 (KHTML, like Gecko; compatible; GPTBot/1.3; +https://openai.com/gptbot)"
74.7.241.28 - - [20/Mar/2026:15:02:46 +0000] "GET /buy.php?detail/29001213949630 HTTP/1.1" 200 151777 "https://inception-blue.com/buy.php?detail/17000122292436" "Mozilla/5.0 AppleWebKit/537.36 (KHTML, like Gecko; compatible; GPTBot/1.3; +https://openai.com/gptbot)"
74.7.241.28 - - [20/Mar/2026:15:02:50 +0000] "GET /buy.php?detail/15200332959343 HTTP/1.1" 200 156436 "https://inception-blue.com/buy.php?detail/15203334787442" "Mozilla/5.0 AppleWebKit/537.36 (KHTML, like Gecko; compatible; GPTBot/1.3; +https://openai.com/gptbot)"
66.249.77.3 - - [20/Mar/2026:15:02:53 +0000] "GET /?x=hflhp193g45887djklixrlq HTTP/1.1" 200 400395 "-" "Mozilla/5.0 (Linux; Android 6.0.1; Nexus 5X Build/MMB29P) AppleWebKit/537.36 (KHTML, like Gecko) Chrome/145.0.7632.159 Mobile Safari/537.36 (compatible; Googlebot/2.1; +http://www.google.com/bot.html)"
74.7.241.28 - - [20/Mar/2026:15:02:53 +0000] "GET /buy.php?detail/03502205615726 HTTP/1.1" 200 144914 "https://inception-blue.com/buy.php?detail/20301900101661" "Mozilla/5.0 AppleWebKit/537.36 (KHTML, like Gecko; compatible; GPTBot/1.3; +https://openai.com/gptbot)"
74.7.241.28 - - [20/Mar/2026:15:02:56 +0000] "GET /buy.php?detail/16202358460607 HTTP/1.1" 200 154670 "https://inception-blue.com/buy.php?jp/162038771.html" "Mozilla/5.0 AppleWebKit/537.36 (KHTML, like Gecko; compatible; GPTBot/1.3; +https://openai.com/gptbot)"
74.7.241.28 - - [20/Mar/2026:15:02:59 +0000] "GET /buy.php?detail/06302274587848 HTTP/1.1" 200 156692 "https://inception-blue.com/buy.php?detail/07404196432789" "Mozilla/5.0 AppleWebKit/537.36 (KHTML, like Gecko; compatible; GPTBot/1.3; +https://openai.com/gptbot)"
74.7.241.28 - - [20/Mar/2026:15:03:02 +0000] "GET /buy.php?goods/170000995 HTTP/1.1" 200 156033 "https://inception-blue.com/buy.php?detail/17000157214872" "Mozilla/5.0 AppleWebKit/537.36 (KHTML, like Gecko; compatible; GPTBot/1.3; +https://openai.com/gptbot)"
74.7.241.28 - - [20/Mar/2026:15:03:05 +0000] "GET /buy.php?detail/16902754882610 HTTP/1.1" 200 158339 "https://inception-blue.com/buy.php?detail/03200099667457" "Mozilla/5.0 AppleWebKit/537.36 (KHTML, like Gecko; compatible; GPTBot/1.3; +https://openai.com/gptbot)"
74.7.241.28 - - [20/Mar/2026:15:03:08 +0000] "GET /buy.php?m70412811169 HTTP/1.1" 200 155888 "https://inception-blue.com/buy.php?detail/12101389350012" "Mozilla/5.0 AppleWebKit/537.36 (KHTML, like Gecko; compatible; GPTBot/1.3; +https://openai.com/gptbot)"
74.7.241.28 - - [20/Mar/2026:15:03:12 +0000] "GET /buy.php?detail/12100905937385 HTTP/1.1" 200 154757 "https://inception-blue.com/buy.php?detail/12101390990708" "Mozilla/5.0 AppleWebKit/537.36 (KHTML, like Gecko; compatible; GPTBot/1.3; +https://openai.com/gptbot)"
74.7.241.28 - - [20/Mar/2026:15:03:15 +0000] "GET /buy.php?detail/17702459902972 HTTP/1.1" 200 152261 "https://inception-blue.com/buy.php?detail/17702925070731" "Mozilla/5.0 AppleWebKit/537.36 (KHTML, like Gecko; compatible; GPTBot/1.3; +https://openai.com/gptbot)"
74.7.241.28 - - [20/Mar/2026:15:03:18 +0000] "GET /buy.php?detail/22300424833290 HTTP/1.1" 200 164364 "https://inception-blue.com/buy.php?jp/223010236.html" "Mozilla/5.0 AppleWebKit/537.36 (KHTML, like Gecko; compatible; GPTBot/1.3; +https://openai.com/gptbot)"
74.7.241.28 - - [20/Mar/2026:15:03:21 +0000] "GET /buy.php?detail/28604004323641 HTTP/1.1" 200 141757 "https://inception-blue.com/buy.php?detail/29001213949630" "Mozilla/5.0 AppleWebKit/537.36 (KHTML, like Gecko; compatible; GPTBot/1.3; +https://openai.com/gptbot)"
74.7.241.28 - - [20/Mar/2026:15:03:24 +0000] "GET /buy.php?detail/14300320867994 HTTP/1.1" 200 163881 "https://inception-blue.com/buy.php?detail/14303327190963" "Mozilla/5.0 AppleWebKit/537.36 (KHTML, like Gecko; compatible; GPTBot/1.3; +https://openai.com/gptbot)"
74.7.241.28 - - [20/Mar/2026:15:03:27 +0000] "GET /buy.php?detail/01304562581790 HTTP/1.1" 200 153612 "https://inception-blue.com/buy.php?detail/12101526023914" "Mozilla/5.0 AppleWebKit/537.36 (KHTML, like Gecko; compatible; GPTBot/1.3; +https://openai.com/gptbot)"
74.7.241.28 - - [20/Mar/2026:15:03:30 +0000] "GET /buy.php?detail/16202638734141 HTTP/1.1" 200 155337 "https://inception-blue.com/buy.php?detail/16202358460607" "Mozilla/5.0 AppleWebKit/537.36 (KHTML, like Gecko; compatible; GPTBot/1.3; +https://openai.com/gptbot)"
74.7.241.28 - - [20/Mar/2026:15:03:34 +0000] "GET /buy.php?detail/06300969936685 HTTP/1.1" 200 161551 "https://inception-blue.com/buy.php?detail/06302274587848" "Mozilla/5.0 AppleWebKit/537.36 (KHTML, like Gecko; compatible; GPTBot/1.3; +https://openai.com/gptbot)"
74.7.241.28 - - [20/Mar/2026:15:03:37 +0000] "GET /buy.php?detail/25103530295774 HTTP/1.1" 200 154630 "https://inception-blue.com/buy.php?detail/16202358460607" "Mozilla/5.0 AppleWebKit/537.36 (KHTML, like Gecko; compatible; GPTBot/1.3; +https://openai.com/gptbot)"
74.7.241.28 - - [20/Mar/2026:15:03:40 +0000] "GET /buy.php?detail/19200184271635 HTTP/1.1" 200 154191 "https://inception-blue.com/buy.php?detail/15701221328495" "Mozilla/5.0 AppleWebKit/537.36 (KHTML, like Gecko; compatible; GPTBot/1.3; +https://openai.com/gptbot)"
74.7.241.28 - - [20/Mar/2026:15:03:43 +0000] "GET /buy.php?002000889.htm HTTP/1.1" 200 154937 "https://inception-blue.com/buy.php?m70412811169" "Mozilla/5.0 AppleWebKit/537.36 (KHTML, like Gecko; compatible; GPTBot/1.3; +https://openai.com/gptbot)"
74.7.241.28 - - [20/Mar/2026:15:03:46 +0000] "GET /buy.php?detail/19602818053157 HTTP/1.1" 200 148574 "https://inception-blue.com/buy.php?detail/23702040119056" "Mozilla/5.0 AppleWebKit/537.36 (KHTML, like Gecko; compatible; GPTBot/1.3; +https://openai.com/gptbot)"
66.249.77.7 - - [20/Mar/2026:15:03:49 +0000] "GET /coco26-b08tm18bw1 HTTP/1.1" 200 390325 "-" "Mozilla/5.0 (Linux; Android 6.0.1; Nexus 5X Build/MMB29P) AppleWebKit/537.36 (KHTML, like Gecko) Chrome/145.0.7632.159 Mobile Safari/537.36 (compatible; Googlebot/2.1; +http://www.google.com/bot.html)"
74.7.241.28 - - [20/Mar/2026:15:03:49 +0000] "GET /buy.php?detail/10802886925733 HTTP/1.1" 200 157028 "https://inception-blue.com/buy.php?detail/12202086393377" "Mozilla/5.0 AppleWebKit/537.36 (KHTML, like Gecko; compatible; GPTBot/1.3; +https://openai.com/gptbot)"
74.7.241.28 - - [20/Mar/2026:15:03:52 +0000] "GET /buy.php?detail/22303086415469 HTTP/1.1" 200 165219 "https://inception-blue.com/buy.php?detail/22300424833290" "Mozilla/5.0 AppleWebKit/537.36 (KHTML, like Gecko; compatible; GPTBot/1.3; +https://openai.com/gptbot)"
74.7.241.28 - - [20/Mar/2026:15:03:55 +0000] "GET /buy.php?detail/07301475824942 HTTP/1.1" 200 163782 "https://inception-blue.com/buy.php?detail/12800858395177" "Mozilla/5.0 AppleWebKit/537.36 (KHTML, like Gecko; compatible; GPTBot/1.3; +https://openai.com/gptbot)"
74.7.241.28 - - [20/Mar/2026:15:03:58 +0000] "GET /buy.php?detail/16500597434632 HTTP/1.1" 200 162113 "https://inception-blue.com/buy.php?detail/16503270227142" "Mozilla/5.0 AppleWebKit/537.36 (KHTML, like Gecko; compatible; GPTBot/1.3; +https://openai.com/gptbot)"
74.7.241.28 - - [20/Mar/2026:15:04:01 +0000] "GET /buy.php?detail/15801322751379 HTTP/1.1" 200 146958 "https://inception-blue.com/buy.php?detail/01304562581790" "Mozilla/5.0 AppleWebKit/537.36 (KHTML, like Gecko; compatible; GPTBot/1.3; +https://openai.com/gptbot)"
74.7.241.28 - - [20/Mar/2026:15:04:04 +0000] "GET /buy.php?detail/23100643080605 HTTP/1.1" 200 155640 "https://inception-blue.com/buy.php?detail/16202638734141" "Mozilla/5.0 AppleWebKit/537.36 (KHTML, like Gecko; compatible; GPTBot/1.3; +https://openai.com/gptbot)"
74.7.241.28 - - [20/Mar/2026:15:04:07 +0000] "GET /buy.php?jp/098028731.html HTTP/1.1" 200 174276 "https://inception-blue.com/buy.php?detail/06300969936685" "Mozilla/5.0 AppleWebKit/537.36 (KHTML, like Gecko; compatible; GPTBot/1.3; +https://openai.com/gptbot)"
74.7.241.28 - - [20/Mar/2026:15:04:11 +0000] "GET /buy.php?detail/16200652043205 HTTP/1.1" 200 155821 "https://inception-blue.com/buy.php?detail/16202638734141" "Mozilla/5.0 AppleWebKit/537.36 (KHTML, like Gecko; compatible; GPTBot/1.3; +https://openai.com/gptbot)"
74.7.241.28 - - [20/Mar/2026:15:04:14 +0000] "GET /buy.php?detail/16200651642088 HTTP/1.1" 200 159879 "https://inception-blue.com/buy.php?detail/16202638734141" "Mozilla/5.0 AppleWebKit/537.36 (KHTML, like Gecko; compatible; GPTBot/1.3; +https://openai.com/gptbot)"
74.7.241.28 - - [20/Mar/2026:15:04:17 +0000] "GET /buy.php?detail/28703325951495 HTTP/1.1" 200 154952 "https://inception-blue.com/buy.php?detail/06300969936685" "Mozilla/5.0 AppleWebKit/537.36 (KHTML, like Gecko; compatible; GPTBot/1.3; +https://openai.com/gptbot)"
74.7.241.28 - - [20/Mar/2026:15:04:20 +0000] "GET /buy.php?detail/01504838746179 HTTP/1.1" 200 172523 "https://inception-blue.com/buy.php?detail/26602109608189" "Mozilla/5.0 AppleWebKit/537.36 (KHTML, like Gecko; compatible; GPTBot/1.3; +https://openai.com/gptbot)"
74.7.241.28 - - [20/Mar/2026:15:04:23 +0000] "GET /buy.php?jp/186010268.html HTTP/1.1" 200 154304 "https://inception-blue.com/buy.php?detail/10802886925733" "Mozilla/5.0 AppleWebKit/537.36 (KHTML, like Gecko; compatible; GPTBot/1.3; +https://openai.com/gptbot)"
74.7.241.28 - - [20/Mar/2026:15:04:26 +0000] "GET /buy.php?detail/22301720558296 HTTP/1.1" 200 155126 "https://inception-blue.com/buy.php?detail/22303086415469" "Mozilla/5.0 AppleWebKit/537.36 (KHTML, like Gecko; compatible; GPTBot/1.3; +https://openai.com/gptbot)"
159.223.142.74 - - [20/Mar/2026:15:04:29 +0000] "POST /wp-cron.php?doing_wp_cron=1774019069.6323199272155761718750 HTTP/1.1" 403 185482 "-" "WordPress/6.9.4; https://inception-blue.com"
173.239.214.165 - - [20/Mar/2026:15:04:28 +0000] "POST /wp-login.php HTTP/1.1" 200 84587 "-" "Mozilla/5.0"
74.7.241.28 - - [20/Mar/2026:15:04:29 +0000] "GET /buy.php?detail/10304236331793 HTTP/1.1" 200 166649 "https://inception-blue.com/buy.php?detail/22303086415469" "Mozilla/5.0 AppleWebKit/537.36 (KHTML, like Gecko; compatible; GPTBot/1.3; +https://openai.com/gptbot)"
74.7.241.28 - - [20/Mar/2026:15:04:33 +0000] "GET /buy.php?detail/16501841890063 HTTP/1.1" 200 153586 "https://inception-blue.com/buy.php?detail/16500597434632" "Mozilla/5.0 AppleWebKit/537.36 (KHTML, like Gecko; compatible; GPTBot/1.3; +https://openai.com/gptbot)"
74.7.241.28 - - [20/Mar/2026:15:04:36 +0000] "GET /buy.php?m48555786274 HTTP/1.1" 200 147794 "https://inception-blue.com/buy.php?detail/15801322751379" "Mozilla/5.0 AppleWebKit/537.36 (KHTML, like Gecko; compatible; GPTBot/1.3; +https://openai.com/gptbot)"
74.7.241.28 - - [20/Mar/2026:15:04:39 +0000] "GET /buy.php?detail/26503661471299 HTTP/1.1" 200 153603 "https://inception-blue.com/buy.php?goods/265036614" "Mozilla/5.0 AppleWebKit/537.36 (KHTML, like Gecko; compatible; GPTBot/1.3; +https://openai.com/gptbot)"
74.7.241.28 - - [20/Mar/2026:15:04:42 +0000] "GET /buy.php?detail/08504503526550 HTTP/1.1" 200 152781 "https://inception-blue.com/buy.php?jp/098028731.html" "Mozilla/5.0 AppleWebKit/537.36 (KHTML, like Gecko; compatible; GPTBot/1.3; +https://openai.com/gptbot)"
74.7.241.28 - - [20/Mar/2026:15:04:45 +0000] "GET /buy.php?detail/07102365412305 HTTP/1.1" 200 146594 "https://inception-blue.com/buy.php?jp/098028731.html" "Mozilla/5.0 AppleWebKit/537.36 (KHTML, like Gecko; compatible; GPTBot/1.3; +https://openai.com/gptbot)"
74.7.241.28 - - [20/Mar/2026:15:04:48 +0000] "GET /buy.php?detail/01500620120463 HTTP/1.1" 200 163341 "https://inception-blue.com/buy.php?detail/16200651642088" "Mozilla/5.0 AppleWebKit/537.36 (KHTML, like Gecko; compatible; GPTBot/1.3; +https://openai.com/gptbot)"
74.7.241.28 - - [20/Mar/2026:15:04:51 +0000] "GET /buy.php?detail/16202391560893 HTTP/1.1" 200 156921 "https://inception-blue.com/buy.php?detail/16200651642088" "Mozilla/5.0 AppleWebKit/537.36 (KHTML, like Gecko; compatible; GPTBot/1.3; +https://openai.com/gptbot)"
66.249.77.7 - - [20/Mar/2026:15:04:54 +0000] "GET /auc-tsujiya-brandshop-fendibag-s0939 HTTP/1.1" 200 406408 "-" "Mozilla/5.0 (Linux; Android 6.0.1; Nexus 5X Build/MMB29P) AppleWebKit/537.36 (KHTML, like Gecko) Chrome/145.0.7632.159 Mobile Safari/537.36 (compatible; GoogleOther)"
74.7.241.28 - - [20/Mar/2026:15:04:55 +0000] "GET /buy.php?detail/16200811518270 HTTP/1.1" 200 168484 "https://inception-blue.com/buy.php?detail/16200652043205" "Mozilla/5.0 AppleWebKit/537.36 (KHTML, like Gecko; compatible; GPTBot/1.3; +https://openai.com/gptbot)"
74.7.241.28 - - [20/Mar/2026:15:04:58 +0000] "GET /buy.php?detail/17001875593145 HTTP/1.1" 200 149917 "https://inception-blue.com/buy.php?detail/28703325951495" "Mozilla/5.0 AppleWebKit/537.36 (KHTML, like Gecko; compatible; GPTBot/1.3; +https://openai.com/gptbot)"
74.7.241.28 - - [20/Mar/2026:15:05:01 +0000] "GET /buy.php?detail/09800441635757 HTTP/1.1" 200 165114 "https://inception-blue.com/buy.php?jp/098028731.html" "Mozilla/5.0 AppleWebKit/537.36 (KHTML, like Gecko; compatible; GPTBot/1.3; +https://openai.com/gptbot)"
74.7.241.28 - - [20/Mar/2026:15:05:04 +0000] "GET /buy.php?m65745111180 HTTP/1.1" 200 157363 "https://inception-blue.com/buy.php?detail/22301720558296" "Mozilla/5.0 AppleWebKit/537.36 (KHTML, like Gecko; compatible; GPTBot/1.3; +https://openai.com/gptbot)"
66.249.77.7 - - [20/Mar/2026:15:05:08 +0000] "GET /auc-tsujiya-brandshop-fendibag-s0939 HTTP/1.1" 200 406408 "-" "Mozilla/5.0 (Linux; Android 6.0.1; Nexus 5X Build/MMB29P) AppleWebKit/537.36 (KHTML, like Gecko) Chrome/145.0.7632.159 Mobile Safari/537.36 (compatible; Googlebot/2.1; +http://www.google.com/bot.html)"
74.7.241.28 - - [20/Mar/2026:15:05:07 +0000] "GET /buy.php?detail/16501381689113 HTTP/1.1" 200 156881 "https://inception-blue.com/buy.php?detail/16501841890063" "Mozilla/5.0 AppleWebKit/537.36 (KHTML, like Gecko; compatible; GPTBot/1.3; +https://openai.com/gptbot)"
74.7.241.28 - - [20/Mar/2026:15:05:10 +0000] "GET /buy.php?detail/16202388954290 HTTP/1.1" 200 165598 "https://inception-blue.com/buy.php?detail/16200651642088" "Mozilla/5.0 AppleWebKit/537.36 (KHTML, like Gecko; compatible; GPTBot/1.3; +https://openai.com/gptbot)"
74.7.241.28 - - [20/Mar/2026:15:05:13 +0000] "GET /buy.php?detail/18004216605227 HTTP/1.1" 200 156458 "https://inception-blue.com/buy.php?detail/26503661471299" "Mozilla/5.0 AppleWebKit/537.36 (KHTML, like Gecko; compatible; GPTBot/1.3; +https://openai.com/gptbot)"
74.7.241.28 - - [20/Mar/2026:15:05:17 +0000] "GET /buy.php?goods/085013715 HTTP/1.1" 200 158317 "https://inception-blue.com/buy.php?detail/08504503526550" "Mozilla/5.0 AppleWebKit/537.36 (KHTML, like Gecko; compatible; GPTBot/1.3; +https://openai.com/gptbot)"
74.7.241.28 - - [20/Mar/2026:15:05:20 +0000] "GET /buy.php?detail/18302264909832 HTTP/1.1" 200 153262 "https://inception-blue.com/buy.php?detail/08504503526550" "Mozilla/5.0 AppleWebKit/537.36 (KHTML, like Gecko; compatible; GPTBot/1.3; +https://openai.com/gptbot)"
74.7.241.28 - - [20/Mar/2026:15:05:23 +0000] "GET /buy.php?detail/01500420779539 HTTP/1.1" 200 155754 "https://inception-blue.com/buy.php?detail/01500620120463" "Mozilla/5.0 AppleWebKit/537.36 (KHTML, like Gecko; compatible; GPTBot/1.3; +https://openai.com/gptbot)"
74.7.241.28 - - [20/Mar/2026:15:05:26 +0000] "GET /buy.php?detail/18301939858786 HTTP/1.1" 200 161394 "https://inception-blue.com/buy.php?detail/26503661471299" "Mozilla/5.0 AppleWebKit/537.36 (KHTML, like Gecko; compatible; GPTBot/1.3; +https://openai.com/gptbot)"
74.7.241.28 - - [20/Mar/2026:15:05:29 +0000] "GET /buy.php?detail/10703806492312 HTTP/1.1" 200 161272 "https://inception-blue.com/buy.php?detail/10702091057178" "Mozilla/5.0 AppleWebKit/537.36 (KHTML, like Gecko; compatible; GPTBot/1.3; +https://openai.com/gptbot)"
74.7.241.28 - - [20/Mar/2026:15:05:32 +0000] "GET /buy.php?detail/17000331827556 HTTP/1.1" 200 146738 "https://inception-blue.com/buy.php?detail/17001875593145" "Mozilla/5.0 AppleWebKit/537.36 (KHTML, like Gecko; compatible; GPTBot/1.3; +https://openai.com/gptbot)"
74.7.241.28 - - [20/Mar/2026:15:05:36 +0000] "GET /buy.php?detail/12003531675772 HTTP/1.1" 200 157466 "https://inception-blue.com/buy.php?detail/17001875593145" "Mozilla/5.0 AppleWebKit/537.36 (KHTML, like Gecko; compatible; GPTBot/1.3; +https://openai.com/gptbot)"
74.7.241.28 - - [20/Mar/2026:15:05:39 +0000] "GET /buy.php?goods/120035316 HTTP/1.1" 200 157626 "https://inception-blue.com/buy.php?detail/12003531675772" "Mozilla/5.0 AppleWebKit/537.36 (KHTML, like Gecko; compatible; GPTBot/1.3; +https://openai.com/gptbot)"
74.7.241.28 - - [20/Mar/2026:15:05:42 +0000] "GET /buy.php?detail/16701290573308 HTTP/1.1" 200 159078 "https://inception-blue.com/buy.php?detail/16700430433290" "Mozilla/5.0 AppleWebKit/537.36 (KHTML, like Gecko; compatible; GPTBot/1.3; +https://openai.com/gptbot)"
74.7.241.28 - - [20/Mar/2026:15:05:45 +0000] "GET /buy.php?detail/25601792347713 HTTP/1.1" 200 154452 "https://inception-blue.com/buy.php?detail/07701236210552" "Mozilla/5.0 AppleWebKit/537.36 (KHTML, like Gecko; compatible; GPTBot/1.3; +https://openai.com/gptbot)"
66.249.77.7 - - [20/Mar/2026:15:05:51 +0000] "GET /product/082041039 HTTP/1.1" 200 394825 "-" "Mozilla/5.0 (Linux; Android 6.0.1; Nexus 5X Build/MMB29P) AppleWebKit/537.36 (KHTML, like Gecko) Chrome/145.0.7632.159 Mobile Safari/537.36 (compatible; Googlebot/2.1; +http://www.google.com/bot.html)"
74.7.241.28 - - [20/Mar/2026:15:05:48 +0000] "GET /buy.php?detail/09401243925826 HTTP/1.1" 200 163246 "https://inception-blue.com/buy.php?detail/30001914323987" "Mozilla/5.0 AppleWebKit/537.36 (KHTML, like Gecko; compatible; GPTBot/1.3; +https://openai.com/gptbot)"
74.7.241.28 - - [20/Mar/2026:15:05:53 +0000] "GET /buy.php?detail/11602599397231 HTTP/1.1" 200 162552 "https://inception-blue.com/buy.php?detail/18004216605227" "Mozilla/5.0 AppleWebKit/537.36 (KHTML, like Gecko; compatible; GPTBot/1.3; +https://openai.com/gptbot)"
74.7.241.28 - - [20/Mar/2026:15:06:00 +0000] "GET /buy.php?detail/08502366984684 HTTP/1.1" 200 170944 "https://inception-blue.com/buy.php?goods/085013715" "Mozilla/5.0 AppleWebKit/537.36 (KHTML, like Gecko; compatible; GPTBot/1.3; +https://openai.com/gptbot)"
142.44.233.80 - - [20/Mar/2026:15:06:02 +0000] "GET /shopbrand/702216714.htm HTTP/1.1" 200 185482 "-" "Mozilla/5.0 (compatible; AhrefsBot/7.0; +http://ahrefs.com/robot/)"
159.223.142.74 - - [20/Mar/2026:15:06:03 +0000] "POST /wp-cron.php?doing_wp_cron=1774019163.7470870018005371093750 HTTP/1.1" 403 185482 "-" "WordPress/6.9.4; https://inception-blue.com"
74.7.241.28 - - [20/Mar/2026:15:06:04 +0000] "GET /buy.php?detail/21101451736861 HTTP/1.1" 200 158850 "https://inception-blue.com/buy.php?goods/085013715" "Mozilla/5.0 AppleWebKit/537.36 (KHTML, like Gecko; compatible; GPTBot/1.3; +https://openai.com/gptbot)"
74.7.241.28 - - [20/Mar/2026:15:06:08 +0000] "GET /buy.php?m64408999822 HTTP/1.1" 200 144078 "https://inception-blue.com/buy.php?detail/18004216605227" "Mozilla/5.0 AppleWebKit/537.36 (KHTML, like Gecko; compatible; GPTBot/1.3; +https://openai.com/gptbot)"
74.7.241.28 - - [20/Mar/2026:15:06:11 +0000] "GET /buy.php?detail/01503229348606 HTTP/1.1" 200 155076 "https://inception-blue.com/buy.php?detail/08500488498130" "Mozilla/5.0 AppleWebKit/537.36 (KHTML, like Gecko; compatible; GPTBot/1.3; +https://openai.com/gptbot)"
66.249.77.8 - - [20/Mar/2026:15:06:14 +0000] "GET /sakan8man-maki0088381619257 HTTP/1.1" 200 400069 "-" "Mozilla/5.0 (Linux; Android 6.0.1; Nexus 5X Build/MMB29P) AppleWebKit/537.36 (KHTML, like Gecko) Chrome/145.0.7632.159 Mobile Safari/537.36 (compatible; Googlebot/2.1; +http://www.google.com/bot.html)"
74.7.241.28 - - [20/Mar/2026:15:06:14 +0000] "GET /buy.php?detail/10703119540025 HTTP/1.1" 200 166500 "https://inception-blue.com/buy.php?detail/10703806492312" "Mozilla/5.0 AppleWebKit/537.36 (KHTML, like Gecko; compatible; GPTBot/1.3; +https://openai.com/gptbot)"
74.7.241.28 - - [20/Mar/2026:15:06:17 +0000] "GET /buy.php?detail/11203159284956 HTTP/1.1" 200 153334 "https://inception-blue.com/buy.php?detail/06500687475084" "Mozilla/5.0 AppleWebKit/537.36 (KHTML, like Gecko; compatible; GPTBot/1.3; +https://openai.com/gptbot)"
74.7.241.28 - - [20/Mar/2026:15:06:20 +0000] "GET /buy.php?detail/12000542517579 HTTP/1.1" 200 156266 "https://inception-blue.com/buy.php?goods/120035316" "Mozilla/5.0 AppleWebKit/537.36 (KHTML, like Gecko; compatible; GPTBot/1.3; +https://openai.com/gptbot)"
74.7.241.28 - - [20/Mar/2026:15:06:23 +0000] "GET /buy.php?jp/052006181.html HTTP/1.1" 200 154790 "https://inception-blue.com/buy.php?detail/16701290573308" "Mozilla/5.0 AppleWebKit/537.36 (KHTML, like Gecko; compatible; GPTBot/1.3; +https://openai.com/gptbot)"
74.7.241.28 - - [20/Mar/2026:15:06:26 +0000] "GET /buy.php?detail/14702292963539 HTTP/1.1" 200 157643 "https://inception-blue.com/buy.php?detail/16701290573308" "Mozilla/5.0 AppleWebKit/537.36 (KHTML, like Gecko; compatible; GPTBot/1.3; +https://openai.com/gptbot)"
74.7.241.28 - - [20/Mar/2026:15:06:29 +0000] "GET /buy.php?detail/15201745673733 HTTP/1.1" 200 158526 "https://inception-blue.com/buy.php?detail/12003531675772" "Mozilla/5.0 AppleWebKit/537.36 (KHTML, like Gecko; compatible; GPTBot/1.3; +https://openai.com/gptbot)"
74.7.241.28 - - [20/Mar/2026:15:06:32 +0000] "GET /buy.php?detail/06202423869871 HTTP/1.1" 200 164279 "https://inception-blue.com/buy.php?detail/16101035412000" "Mozilla/5.0 AppleWebKit/537.36 (KHTML, like Gecko; compatible; GPTBot/1.3; +https://openai.com/gptbot)"
74.7.241.28 - - [20/Mar/2026:15:06:36 +0000] "GET /buy.php?detail/18903562077121 HTTP/1.1" 200 156470 "https://inception-blue.com/buy.php?detail/23700679900005" "Mozilla/5.0 AppleWebKit/537.36 (KHTML, like Gecko; compatible; GPTBot/1.3; +https://openai.com/gptbot)"
74.7.241.28 - - [20/Mar/2026:15:06:39 +0000] "GET /buy.php?detail/21100084214310 HTTP/1.1" 200 167131 "https://inception-blue.com/buy.php?detail/21101451736861" "Mozilla/5.0 AppleWebKit/537.36 (KHTML, like Gecko; compatible; GPTBot/1.3; +https://openai.com/gptbot)"
74.7.241.28 - - [20/Mar/2026:15:06:42 +0000] "GET /buy.php?004000423.htm HTTP/1.1" 200 144216 "https://inception-blue.com/buy.php?m64408999822" "Mozilla/5.0 AppleWebKit/537.36 (KHTML, like Gecko; compatible; GPTBot/1.3; +https://openai.com/gptbot)"
74.7.241.28 - - [20/Mar/2026:15:06:45 +0000] "GET /buy.php?detail/25803997175615 HTTP/1.1" 200 144266 "https://inception-blue.com/buy.php?detail/11500832135955" "Mozilla/5.0 AppleWebKit/537.36 (KHTML, like Gecko; compatible; GPTBot/1.3; +https://openai.com/gptbot)"
74.7.241.28 - - [20/Mar/2026:15:06:48 +0000] "GET /buy.php?detail/01300828511708 HTTP/1.1" 200 153660 "https://inception-blue.com/buy.php?detail/10703119540025" "Mozilla/5.0 AppleWebKit/537.36 (KHTML, like Gecko; compatible; GPTBot/1.3; +https://openai.com/gptbot)"
74.7.241.28 - - [20/Mar/2026:15:06:51 +0000] "GET /buy.php?detail/10701477049629 HTTP/1.1" 200 155085 "https://inception-blue.com/buy.php?detail/10703119540025" "Mozilla/5.0 AppleWebKit/537.36 (KHTML, like Gecko; compatible; GPTBot/1.3; +https://openai.com/gptbot)"
74.7.241.28 - - [20/Mar/2026:15:06:54 +0000] "GET /buy.php?detail/12000107135713 HTTP/1.1" 200 165296 "https://inception-blue.com/buy.php?detail/12000542517579" "Mozilla/5.0 AppleWebKit/537.36 (KHTML, like Gecko; compatible; GPTBot/1.3; +https://openai.com/gptbot)"
74.7.241.28 - - [20/Mar/2026:15:06:57 +0000] "GET /buy.php?detail/16104617528527 HTTP/1.1" 200 159056 "https://inception-blue.com/buy.php?detail/11203159284956" "Mozilla/5.0 AppleWebKit/537.36 (KHTML, like Gecko; compatible; GPTBot/1.3; +https://openai.com/gptbot)"
74.7.241.28 - - [20/Mar/2026:15:07:01 +0000] "GET /buy.php?detail/22802866735970 HTTP/1.1" 200 162960 "https://inception-blue.com/buy.php?detail/11203159284956" "Mozilla/5.0 AppleWebKit/537.36 (KHTML, like Gecko; compatible; GPTBot/1.3; +https://openai.com/gptbot)"
74.7.241.28 - - [20/Mar/2026:15:07:04 +0000] "GET /buy.php?detail/06804938124933 HTTP/1.1" 200 157744 "https://inception-blue.com/buy.php?detail/10703119540025" "Mozilla/5.0 AppleWebKit/537.36 (KHTML, like Gecko; compatible; GPTBot/1.3; +https://openai.com/gptbot)"
74.7.241.28 - - [20/Mar/2026:15:07:07 +0000] "GET /buy.php?detail/17001311575573 HTTP/1.1" 200 167012 "https://inception-blue.com/buy.php?detail/06202423869871" "Mozilla/5.0 AppleWebKit/537.36 (KHTML, like Gecko; compatible; GPTBot/1.3; +https://openai.com/gptbot)"
74.7.241.28 - - [20/Mar/2026:15:07:10 +0000] "GET /buy.php?detail/17400881363999 HTTP/1.1" 200 154225 "https://inception-blue.com/buy.php?detail/18903562077121" "Mozilla/5.0 AppleWebKit/537.36 (KHTML, like Gecko; compatible; GPTBot/1.3; +https://openai.com/gptbot)"
74.7.241.28 - - [20/Mar/2026:15:07:13 +0000] "GET /buy.php?detail/18500138612047 HTTP/1.1" 200 140560 "https://inception-blue.com/buy.php?detail/15201745673733" "Mozilla/5.0 AppleWebKit/537.36 (KHTML, like Gecko; compatible; GPTBot/1.3; +https://openai.com/gptbot)"
74.7.241.28 - - [20/Mar/2026:15:07:16 +0000] "GET /buy.php?detail/10701495930097 HTTP/1.1" 200 163616 "https://inception-blue.com/buy.php?detail/10703119540025" "Mozilla/5.0 AppleWebKit/537.36 (KHTML, like Gecko; compatible; GPTBot/1.3; +https://openai.com/gptbot)"
74.7.241.28 - - [20/Mar/2026:15:07:19 +0000] "GET /buy.php?detail/21100601331834 HTTP/1.1" 200 165800 "https://inception-blue.com/buy.php?detail/21100084214310" "Mozilla/5.0 AppleWebKit/537.36 (KHTML, like Gecko; compatible; GPTBot/1.3; +https://openai.com/gptbot)"
74.7.241.28 - - [20/Mar/2026:15:07:23 +0000] "GET /buy.php?detail/28304413125076 HTTP/1.1" 200 161369 "https://inception-blue.com/buy.php?detail/22301769113404" "Mozilla/5.0 AppleWebKit/537.36 (KHTML, like Gecko; compatible; GPTBot/1.3; +https://openai.com/gptbot)"
74.7.241.28 - - [20/Mar/2026:15:07:26 +0000] "GET /buy.php?detail/10704076469138 HTTP/1.1" 200 154926 "https://inception-blue.com/buy.php?detail/10701477049629" "Mozilla/5.0 AppleWebKit/537.36 (KHTML, like Gecko; compatible; GPTBot/1.3; +https://openai.com/gptbot)"
74.7.241.28 - - [20/Mar/2026:15:07:29 +0000] "GET /buy.php?detail/12000683131943 HTTP/1.1" 200 159268 "https://inception-blue.com/buy.php?detail/12000107135713" "Mozilla/5.0 AppleWebKit/537.36 (KHTML, like Gecko; compatible; GPTBot/1.3; +https://openai.com/gptbot)"
74.7.241.28 - - [20/Mar/2026:15:07:32 +0000] "GET /buy.php?detail/16101262534297 HTTP/1.1" 200 172852 "https://inception-blue.com/buy.php?detail/16104617528527" "Mozilla/5.0 AppleWebKit/537.36 (KHTML, like Gecko; compatible; GPTBot/1.3; +https://openai.com/gptbot)"
74.7.241.28 - - [20/Mar/2026:15:07:35 +0000] "GET /buy.php?m38152883604 HTTP/1.1" 200 153845 "https://inception-blue.com/buy.php?detail/22802866735970" "Mozilla/5.0 AppleWebKit/537.36 (KHTML, like Gecko; compatible; GPTBot/1.3; +https://openai.com/gptbot)"
74.7.241.28 - - [20/Mar/2026:15:07:38 +0000] "GET /buy.php?detail/08000922873874 HTTP/1.1" 200 156250 "https://inception-blue.com/buy.php?detail/22802866735970" "Mozilla/5.0 AppleWebKit/537.36 (KHTML, like Gecko; compatible; GPTBot/1.3; +https://openai.com/gptbot)"
74.7.241.28 - - [20/Mar/2026:15:07:41 +0000] "GET /buy.php?detail/13104446364717 HTTP/1.1" 200 168885 "https://inception-blue.com/buy.php?detail/06804938124933" "Mozilla/5.0 AppleWebKit/537.36 (KHTML, like Gecko; compatible; GPTBot/1.3; +https://openai.com/gptbot)"
74.7.241.28 - - [20/Mar/2026:15:07:44 +0000] "GET /buy.php?detail/17000026237137 HTTP/1.1" 200 155059 "https://inception-blue.com/buy.php?detail/17001311575573" "Mozilla/5.0 AppleWebKit/537.36 (KHTML, like Gecko; compatible; GPTBot/1.3; +https://openai.com/gptbot)"
74.7.241.28 - - [20/Mar/2026:15:07:47 +0000] "GET /buy.php?detail/10300090426464 HTTP/1.1" 200 153975 "https://inception-blue.com/buy.php?detail/18500138612047" "Mozilla/5.0 AppleWebKit/537.36 (KHTML, like Gecko; compatible; GPTBot/1.3; +https://openai.com/gptbot)"
74.7.241.28 - - [20/Mar/2026:15:07:50 +0000] "GET /buy.php?detail/17000021147953 HTTP/1.1" 200 157251 "https://inception-blue.com/buy.php?detail/17001311575573" "Mozilla/5.0 AppleWebKit/537.36 (KHTML, like Gecko; compatible; GPTBot/1.3; +https://openai.com/gptbot)"
74.7.241.28 - - [20/Mar/2026:15:07:54 +0000] "GET /buy.php?goods/211006013 HTTP/1.1" 200 166241 "https://inception-blue.com/buy.php?detail/21100601331834" "Mozilla/5.0 AppleWebKit/537.36 (KHTML, like Gecko; compatible; GPTBot/1.3; +https://openai.com/gptbot)"
74.7.241.28 - - [20/Mar/2026:15:07:57 +0000] "GET /buy.php?detail/17000026635319 HTTP/1.1" 200 157648 "https://inception-blue.com/buy.php?detail/17001311575573" "Mozilla/5.0 AppleWebKit/537.36 (KHTML, like Gecko; compatible; GPTBot/1.3; +https://openai.com/gptbot)"
74.7.241.28 - - [20/Mar/2026:15:08:00 +0000] "GET /buy.php?detail/10701114340412 HTTP/1.1" 200 156594 "https://inception-blue.com/buy.php?detail/10704076469138" "Mozilla/5.0 AppleWebKit/537.36 (KHTML, like Gecko; compatible; GPTBot/1.3; +https://openai.com/gptbot)"
74.7.241.28 - - [20/Mar/2026:15:08:03 +0000] "GET /buy.php?detail/20401677508927 HTTP/1.1" 200 153867 "https://inception-blue.com/buy.php?detail/12000107135713" "Mozilla/5.0 AppleWebKit/537.36 (KHTML, like Gecko; compatible; GPTBot/1.3; +https://openai.com/gptbot)"
74.7.241.28 - - [20/Mar/2026:15:08:06 +0000] "GET /buy.php?detail/07001415425020 HTTP/1.1" 200 147727 "https://inception-blue.com/buy.php?detail/28304413125076" "Mozilla/5.0 AppleWebKit/537.36 (KHTML, like Gecko; compatible; GPTBot/1.3; +https://openai.com/gptbot)"
74.7.241.28 - - [20/Mar/2026:15:08:10 +0000] "GET /buy.php?detail/14502958156446 HTTP/1.1" 200 147750 "https://inception-blue.com/buy.php?detail/21100601331834" "Mozilla/5.0 AppleWebKit/537.36 (KHTML, like Gecko; compatible; GPTBot/1.3; +https://openai.com/gptbot)"
74.7.241.28 - - [20/Mar/2026:15:08:13 +0000] "GET /buy.php?detail/08001105881531 HTTP/1.1" 200 161922 "https://inception-blue.com/buy.php?detail/08000922873874" "Mozilla/5.0 AppleWebKit/537.36 (KHTML, like Gecko; compatible; GPTBot/1.3; +https://openai.com/gptbot)"
74.7.241.28 - - [20/Mar/2026:15:08:16 +0000] "GET /buy.php?detail/13100420001577 HTTP/1.1" 200 165917 "https://inception-blue.com/buy.php?detail/13104446364717" "Mozilla/5.0 AppleWebKit/537.36 (KHTML, like Gecko; compatible; GPTBot/1.3; +https://openai.com/gptbot)"
74.7.241.28 - - [20/Mar/2026:15:08:19 +0000] "GET /buy.php?detail/08104251618161 HTTP/1.1" 200 168686 "https://inception-blue.com/buy.php?detail/13104446364717" "Mozilla/5.0 AppleWebKit/537.36 (KHTML, like Gecko; compatible; GPTBot/1.3; +https://openai.com/gptbot)"
74.7.241.28 - - [20/Mar/2026:15:08:22 +0000] "GET /buy.php?detail/14800069513422 HTTP/1.1" 200 154093 "https://inception-blue.com/buy.php?detail/10300090426464" "Mozilla/5.0 AppleWebKit/537.36 (KHTML, like Gecko; compatible; GPTBot/1.3; +https://openai.com/gptbot)"
74.7.241.28 - - [20/Mar/2026:15:08:26 +0000] "GET /buy.php?detail/21100069202626 HTTP/1.1" 200 156204 "https://inception-blue.com/buy.php?detail/21100601331834" "Mozilla/5.0 AppleWebKit/537.36 (KHTML, like Gecko; compatible; GPTBot/1.3; +https://openai.com/gptbot)"
74.7.241.28 - - [20/Mar/2026:15:08:29 +0000] "GET /buy.php?detail/29502524312069 HTTP/1.1" 200 154387 "https://inception-blue.com/buy.php?detail/13104446364717" "Mozilla/5.0 AppleWebKit/537.36 (KHTML, like Gecko; compatible; GPTBot/1.3; +https://openai.com/gptbot)"
74.7.241.28 - - [20/Mar/2026:15:08:32 +0000] "GET /buy.php?detail/00801476839910 HTTP/1.1" 200 146496 "https://inception-blue.com/buy.php?detail/10300090426464" "Mozilla/5.0 AppleWebKit/537.36 (KHTML, like Gecko; compatible; GPTBot/1.3; +https://openai.com/gptbot)"
74.7.241.28 - - [20/Mar/2026:15:08:35 +0000] "GET /buy.php?jp/107010016.html HTTP/1.1" 200 153611 "https://inception-blue.com/buy.php?detail/10701114340412" "Mozilla/5.0 AppleWebKit/537.36 (KHTML, like Gecko; compatible; GPTBot/1.3; +https://openai.com/gptbot)"
74.7.241.28 - - [20/Mar/2026:15:08:39 +0000] "GET /buy.php?detail/15104480523510 HTTP/1.1" 200 152495 "https://inception-blue.com/buy.php?detail/20401677508927" "Mozilla/5.0 AppleWebKit/537.36 (KHTML, like Gecko; compatible; GPTBot/1.3; +https://openai.com/gptbot)"
66.249.77.9 - - [20/Mar/2026:15:08:41 +0000] "GET /locondo-pe5681du01174 HTTP/1.1" 200 382957 "-" "Mozilla/5.0 (Linux; Android 6.0.1; Nexus 5X Build/MMB29P) AppleWebKit/537.36 (KHTML, like Gecko) Chrome/145.0.7632.159 Mobile Safari/537.36 (compatible; Googlebot/2.1; +http://www.google.com/bot.html)"
74.7.241.28 - - [20/Mar/2026:15:08:42 +0000] "GET /buy.php?022000535.htm HTTP/1.1" 200 154654 "https://inception-blue.com/buy.php?m38152883604" "Mozilla/5.0 AppleWebKit/537.36 (KHTML, like Gecko; compatible; GPTBot/1.3; +https://openai.com/gptbot)"
74.7.241.28 - - [20/Mar/2026:15:08:45 +0000] "GET /buy.php?m47522256597 HTTP/1.1" 200 145897 "https://inception-blue.com/buy.php?detail/16104617528527" "Mozilla/5.0 AppleWebKit/537.36 (KHTML, like Gecko; compatible; GPTBot/1.3; +https://openai.com/gptbot)"
74.7.241.28 - - [20/Mar/2026:15:08:48 +0000] "GET /buy.php?m92068881003 HTTP/1.1" 200 155886 "https://inception-blue.com/buy.php?detail/16101262534297" "Mozilla/5.0 AppleWebKit/537.36 (KHTML, like Gecko; compatible; GPTBot/1.3; +https://openai.com/gptbot)"
74.7.241.28 - - [20/Mar/2026:15:08:51 +0000] "GET /buy.php?detail/29201812935442 HTTP/1.1" 200 158986 "https://inception-blue.com/buy.php?detail/13100420001577" "Mozilla/5.0 AppleWebKit/537.36 (KHTML, like Gecko; compatible; GPTBot/1.3; +https://openai.com/gptbot)"
74.7.241.28 - - [20/Mar/2026:15:08:54 +0000] "GET /buy.php?detail/28501473126817 HTTP/1.1" 200 155658 "https://inception-blue.com/buy.php?goods/211006013" "Mozilla/5.0 AppleWebKit/537.36 (KHTML, like Gecko; compatible; GPTBot/1.3; +https://openai.com/gptbot)"
74.7.241.28 - - [20/Mar/2026:15:08:57 +0000] "GET /buy.php?detail/26303198450899 HTTP/1.1" 200 159759 "https://inception-blue.com/buy.php?detail/26300576348917" "Mozilla/5.0 AppleWebKit/537.36 (KHTML, like Gecko; compatible; GPTBot/1.3; +https://openai.com/gptbot)"
74.7.241.28 - - [20/Mar/2026:15:09:00 +0000] "GET /buy.php?jp/211000692.html HTTP/1.1" 200 156578 "https://inception-blue.com/buy.php?detail/21100069202626" "Mozilla/5.0 AppleWebKit/537.36 (KHTML, like Gecko; compatible; GPTBot/1.3; +https://openai.com/gptbot)"
74.7.241.28 - - [20/Mar/2026:15:09:04 +0000] "GET /buy.php?detail/17503921085489 HTTP/1.1" 200 153490 "https://inception-blue.com/buy.php?detail/24500846189566" "Mozilla/5.0 AppleWebKit/537.36 (KHTML, like Gecko; compatible; GPTBot/1.3; +https://openai.com/gptbot)"
74.7.241.28 - - [20/Mar/2026:15:09:07 +0000] "GET /buy.php?detail/16604340562966 HTTP/1.1" 200 167356 "https://inception-blue.com/buy.php?detail/00801476839910" "Mozilla/5.0 AppleWebKit/537.36 (KHTML, like Gecko; compatible; GPTBot/1.3; +https://openai.com/gptbot)"
74.7.241.28 - - [20/Mar/2026:15:09:10 +0000] "GET /buy.php?detail/10701304221579 HTTP/1.1" 200 171250 "https://inception-blue.com/buy.php?jp/107010016.html" "Mozilla/5.0 AppleWebKit/537.36 (KHTML, like Gecko; compatible; GPTBot/1.3; +https://openai.com/gptbot)"
74.7.241.28 - - [20/Mar/2026:15:09:13 +0000] "GET /buy.php?detail/24302156356433 HTTP/1.1" 200 145719 "https://inception-blue.com/buy.php?detail/15104480523510" "Mozilla/5.0 AppleWebKit/537.36 (KHTML, like Gecko; compatible; GPTBot/1.3; +https://openai.com/gptbot)"
74.7.241.28 - - [20/Mar/2026:15:09:16 +0000] "GET /buy.php?detail/15101135970265 HTTP/1.1" 200 155163 "https://inception-blue.com/buy.php?detail/15104480523510" "Mozilla/5.0 AppleWebKit/537.36 (KHTML, like Gecko; compatible; GPTBot/1.3; +https://openai.com/gptbot)"
74.7.241.28 - - [20/Mar/2026:15:09:19 +0000] "GET /buy.php?detail/23701441969795 HTTP/1.1" 200 152223 "https://inception-blue.com/buy.php?detail/23701994978924" "Mozilla/5.0 AppleWebKit/537.36 (KHTML, like Gecko; compatible; GPTBot/1.3; +https://openai.com/gptbot)"
74.7.241.28 - - [20/Mar/2026:15:09:23 +0000] "GET /buy.php?009000458.htm HTTP/1.1" 200 155684 "https://inception-blue.com/buy.php?m92068881003" "Mozilla/5.0 AppleWebKit/537.36 (KHTML, like Gecko; compatible; GPTBot/1.3; +https://openai.com/gptbot)"
159.223.142.74 - - [20/Mar/2026:15:09:25 +0000] "POST /wp-cron.php?doing_wp_cron=1774019364.9800651073455810546875 HTTP/1.1" 403 185482 "-" "WordPress/6.9.4; https://inception-blue.com"
167.114.139.222 - - [20/Mar/2026:15:09:24 +0000] "GET /shopbrand/67121345.htm HTTP/1.1" 200 185482 "-" "Mozilla/5.0 (compatible; AhrefsBot/7.0; +http://ahrefs.com/robot/)"
74.7.241.28 - - [20/Mar/2026:15:09:26 +0000] "GET /buy.php?detail/17000557919752 HTTP/1.1" 200 145973 "https://inception-blue.com/buy.php?detail/29201812935442" "Mozilla/5.0 AppleWebKit/537.36 (KHTML, like Gecko; compatible; GPTBot/1.3; +https://openai.com/gptbot)"
74.7.241.28 - - [20/Mar/2026:15:09:29 +0000] "GET /buy.php?detail/21204170060897 HTTP/1.1" 200 155537 "https://inception-blue.com/buy.php?detail/29201812935442" "Mozilla/5.0 AppleWebKit/537.36 (KHTML, like Gecko; compatible; GPTBot/1.3; +https://openai.com/gptbot)"
74.7.241.28 - - [20/Mar/2026:15:09:32 +0000] "GET /buy.php?detail/24801779084439 HTTP/1.1" 200 155140 "https://inception-blue.com/buy.php?detail/26303198450899" "Mozilla/5.0 AppleWebKit/537.36 (KHTML, like Gecko; compatible; GPTBot/1.3; +https://openai.com/gptbot)"
74.7.241.28 - - [20/Mar/2026:15:09:35 +0000] "GET /buy.php?detail/23900207854674 HTTP/1.1" 200 153894 "https://inception-blue.com/buy.php?detail/04404418509958" "Mozilla/5.0 AppleWebKit/537.36 (KHTML, like Gecko; compatible; GPTBot/1.3; +https://openai.com/gptbot)"
74.7.241.28 - - [20/Mar/2026:15:09:39 +0000] "GET /buy.php?detail/22504562281841 HTTP/1.1" 200 156091 "https://inception-blue.com/buy.php?detail/17503921085489" "Mozilla/5.0 AppleWebKit/537.36 (KHTML, like Gecko; compatible; GPTBot/1.3; +https://openai.com/gptbot)"
74.7.241.28 - - [20/Mar/2026:15:09:42 +0000] "GET /buy.php?detail/17500190344626 HTTP/1.1" 200 152538 "https://inception-blue.com/buy.php?detail/17503921085489" "Mozilla/5.0 AppleWebKit/537.36 (KHTML, like Gecko; compatible; GPTBot/1.3; +https://openai.com/gptbot)"
74.7.241.28 - - [20/Mar/2026:15:09:45 +0000] "GET /buy.php?detail/24402313968070 HTTP/1.1" 200 152445 "https://inception-blue.com/buy.php?detail/24401036602131" "Mozilla/5.0 AppleWebKit/537.36 (KHTML, like Gecko; compatible; GPTBot/1.3; +https://openai.com/gptbot)"
74.7.241.28 - - [20/Mar/2026:15:09:48 +0000] "GET /buy.php?detail/23604081979663 HTTP/1.1" 200 158694 "https://inception-blue.com/buy.php?detail/23603004782110" "Mozilla/5.0 AppleWebKit/537.36 (KHTML, like Gecko; compatible; GPTBot/1.3; +https://openai.com/gptbot)"
74.7.241.28 - - [20/Mar/2026:15:09:51 +0000] "GET /buy.php?detail/16202826782916 HTTP/1.1" 200 158881 "https://inception-blue.com/buy.php?detail/15101135970265" "Mozilla/5.0 AppleWebKit/537.36 (KHTML, like Gecko; compatible; GPTBot/1.3; +https://openai.com/gptbot)"
74.7.241.28 - - [20/Mar/2026:15:09:54 +0000] "GET /buy.php?detail/15100872423545 HTTP/1.1" 200 154803 "https://inception-blue.com/buy.php?detail/15101135970265" "Mozilla/5.0 AppleWebKit/537.36 (KHTML, like Gecko; compatible; GPTBot/1.3; +https://openai.com/gptbot)"
74.7.241.28 - - [20/Mar/2026:15:09:58 +0000] "GET /buy.php?detail/21500985614362 HTTP/1.1" 200 152725 "https://inception-blue.com/buy.php?detail/21500785101078" "Mozilla/5.0 AppleWebKit/537.36 (KHTML, like Gecko; compatible; GPTBot/1.3; +https://openai.com/gptbot)"
74.7.241.28 - - [20/Mar/2026:15:10:01 +0000] "GET /buy.php?detail/14202509089873 HTTP/1.1" 200 154657 "https://inception-blue.com/buy.php?detail/14202025766247" "Mozilla/5.0 AppleWebKit/537.36 (KHTML, like Gecko; compatible; GPTBot/1.3; +https://openai.com/gptbot)"
74.7.241.28 - - [20/Mar/2026:15:10:04 +0000] "GET /buy.php?detail/06902194037128 HTTP/1.1" 200 147973 "https://inception-blue.com/buy.php?detail/00302176258621" "Mozilla/5.0 AppleWebKit/537.36 (KHTML, like Gecko; compatible; GPTBot/1.3; +https://openai.com/gptbot)"
74.7.241.28 - - [20/Mar/2026:15:10:07 +0000] "GET /buy.php?detail/24803644885203 HTTP/1.1" 200 152633 "https://inception-blue.com/buy.php?detail/24801779084439" "Mozilla/5.0 AppleWebKit/537.36 (KHTML, like Gecko; compatible; GPTBot/1.3; +https://openai.com/gptbot)"
74.7.241.28 - - [20/Mar/2026:15:10:10 +0000] "GET /buy.php?m65111345306 HTTP/1.1" 200 144828 "https://inception-blue.com/buy.php?detail/24801779084439" "Mozilla/5.0 AppleWebKit/537.36 (KHTML, like Gecko; compatible; GPTBot/1.3; +https://openai.com/gptbot)"
74.7.241.28 - - [20/Mar/2026:15:10:13 +0000] "GET /buy.php?detail/11000743631153 HTTP/1.1" 200 154904 "https://inception-blue.com/buy.php?detail/22504562281841" "Mozilla/5.0 AppleWebKit/537.36 (KHTML, like Gecko; compatible; GPTBot/1.3; +https://openai.com/gptbot)"
74.7.241.28 - - [20/Mar/2026:15:10:16 +0000] "GET /buy.php?detail/15601439798213 HTTP/1.1" 200 158104 "https://inception-blue.com/buy.php?detail/18303633448104" "Mozilla/5.0 AppleWebKit/537.36 (KHTML, like Gecko; compatible; GPTBot/1.3; +https://openai.com/gptbot)"
74.7.241.28 - - [20/Mar/2026:15:10:19 +0000] "GET /buy.php?detail/24404279273255 HTTP/1.1" 200 152802 "https://inception-blue.com/buy.php?detail/24402313968070" "Mozilla/5.0 AppleWebKit/537.36 (KHTML, like Gecko; compatible; GPTBot/1.3; +https://openai.com/gptbot)"
74.7.241.28 - - [20/Mar/2026:15:10:22 +0000] "GET /buy.php?detail/23602686646440 HTTP/1.1" 200 155466 "https://inception-blue.com/buy.php?detail/23604081979663" "Mozilla/5.0 AppleWebKit/537.36 (KHTML, like Gecko; compatible; GPTBot/1.3; +https://openai.com/gptbot)"
74.7.241.28 - - [20/Mar/2026:15:10:25 +0000] "GET /buy.php?detail/05102056513703 HTTP/1.1" 200 144178 "https://inception-blue.com/buy.php?detail/16202826782916" "Mozilla/5.0 AppleWebKit/537.36 (KHTML, like Gecko; compatible; GPTBot/1.3; +https://openai.com/gptbot)"
74.7.241.28 - - [20/Mar/2026:15:10:29 +0000] "GET /buy.php?detail/15100099797320 HTTP/1.1" 200 159251 "https://inception-blue.com/buy.php?detail/15100872423545" "Mozilla/5.0 AppleWebKit/537.36 (KHTML, like Gecko; compatible; GPTBot/1.3; +https://openai.com/gptbot)"
159.223.142.74 - - [20/Mar/2026:15:10:34 +0000] "POST /wp-cron.php?doing_wp_cron=1774019434.1509950160980224609375 HTTP/1.1" 403 185482 "-" "WordPress/6.9.4; https://inception-blue.com"
216.73.216.36 - - [20/Mar/2026:15:10:33 +0000] "GET /index.php?dir=%2Fhome%2Finceptionblue%2Fpublic_html%2Fwp-includes%2Fhtml-api&read=%2Fhome%2Finceptionblue%2Fpublic_html%2Fwp-includes%2Fhtml-api%2Fclass-wp-html-decoder.php HTTP/1.1" 200 29559 "-" "Mozilla/5.0 AppleWebKit/537.36 (KHTML, like Gecko; compatible; ClaudeBot/1.0; +claudebot@anthropic.com)"
74.7.241.28 - - [20/Mar/2026:15:10:32 +0000] "GET /buy.php?detail/16201114311721 HTTP/1.1" 200 158806 "https://inception-blue.com/buy.php?detail/16202826782916" "Mozilla/5.0 AppleWebKit/537.36 (KHTML, like Gecko; compatible; GPTBot/1.3; +https://openai.com/gptbot)"
216.73.216.36 - - [20/Mar/2026:15:10:35 +0000] "GET /index.php?dir=%2Fhome%2Finceptionblue%2Fssl%2Fcerts HTTP/1.1" 200 26197 "-" "Mozilla/5.0 AppleWebKit/537.36 (KHTML, like Gecko; compatible; ClaudeBot/1.0; +claudebot@anthropic.com)"
74.7.241.28 - - [20/Mar/2026:15:10:35 +0000] "GET /buy.php?detail/26701596982207 HTTP/1.1" 200 163838 "https://inception-blue.com/buy.php?detail/21500985614362" "Mozilla/5.0 AppleWebKit/537.36 (KHTML, like Gecko; compatible; GPTBot/1.3; +https://openai.com/gptbot)"
216.73.216.36 - - [20/Mar/2026:15:10:38 +0000] "GET /index.php?dir=%2Fhome%2Finceptionblue%2Fpublic_html%2Fwp-includes%2FText%2FDiff HTTP/1.1" 200 22179 "-" "Mozilla/5.0 AppleWebKit/537.36 (KHTML, like Gecko; compatible; ClaudeBot/1.0; +claudebot@anthropic.com)"
74.7.241.28 - - [20/Mar/2026:15:10:38 +0000] "GET /buy.php?detail/08601522261565 HTTP/1.1" 200 159124 "https://inception-blue.com/buy.php?detail/06902194037128" "Mozilla/5.0 AppleWebKit/537.36 (KHTML, like Gecko; compatible; GPTBot/1.3; +https://openai.com/gptbot)"
216.73.216.36 - - [20/Mar/2026:15:10:41 +0000] "GET /index.php?dir=%2Fhome%2Finceptionblue%2Fpublic_html%2Fwp-includes%2Fhtml-api&read=%2Fhome%2Finceptionblue%2Fpublic_html%2Fwp-includes%2Fhtml-api%2Fclass-wp-html-processor.php HTTP/1.1" 200 240926 "-" "Mozilla/5.0 AppleWebKit/537.36 (KHTML, like Gecko; compatible; ClaudeBot/1.0; +claudebot@anthropic.com)"
74.7.241.28 - - [20/Mar/2026:15:10:41 +0000] "GET /buy.php?detail/22403156006061 HTTP/1.1" 200 143410 "https://inception-blue.com/buy.php?detail/06902194037128" "Mozilla/5.0 AppleWebKit/537.36 (KHTML, like Gecko; compatible; GPTBot/1.3; +https://openai.com/gptbot)"
216.73.216.36 - - [20/Mar/2026:15:10:44 +0000] "GET /index.php?dir=%2Fhome%2Finceptionblue%2Faccess-logs HTTP/1.1" 200 18858 "-" "Mozilla/5.0 AppleWebKit/537.36 (KHTML, like Gecko; compatible; ClaudeBot/1.0; +claudebot@anthropic.com)"
74.7.241.28 - - [20/Mar/2026:15:10:45 +0000] "GET /buy.php?detail/16201095547500 HTTP/1.1" 200 162396 "https://inception-blue.com/buy.php?detail/16202826782916" "Mozilla/5.0 AppleWebKit/537.36 (KHTML, like Gecko; compatible; GPTBot/1.3; +https://openai.com/gptbot)"
66.249.77.9 - - [20/Mar/2026:15:10:46 +0000] "GET /product/235000306 HTTP/1.1" 200 410762 "-" "Mozilla/5.0 (Linux; Android 6.0.1; Nexus 5X Build/MMB29P) AppleWebKit/537.36 (KHTML, like Gecko) Chrome/145.0.7632.159 Mobile Safari/537.36 (compatible; Googlebot/2.1; +http://www.google.com/bot.html)"
216.73.216.36 - - [20/Mar/2026:15:10:47 +0000] "GET /index.php?dir=%2Fhome%2Finceptionblue%2Fmail%2F.Junk%2Ftmp HTTP/1.1" 200 15728 "-" "Mozilla/5.0 AppleWebKit/537.36 (KHTML, like Gecko; compatible; ClaudeBot/1.0; +claudebot@anthropic.com)"
74.7.241.28 - - [20/Mar/2026:15:10:48 +0000] "GET /buy.php?detail/07303578510412 HTTP/1.1" 200 143520 "https://inception-blue.com/buy.php?detail/11000743631153" "Mozilla/5.0 AppleWebKit/537.36 (KHTML, like Gecko; compatible; GPTBot/1.3; +https://openai.com/gptbot)"
216.73.216.36 - - [20/Mar/2026:15:10:50 +0000] "GET /index.php?dir=%2Fhome%2Finceptionblue%2Fpublic_html%2Fwp-includes%2Fcustomize HTTP/1.1" 200 81151 "-" "Mozilla/5.0 AppleWebKit/537.36 (KHTML, like Gecko; compatible; ClaudeBot/1.0; +claudebot@anthropic.com)"
74.7.241.28 - - [20/Mar/2026:15:10:51 +0000] "GET /buy.php?detail/15601260017233 HTTP/1.1" 200 160865 "https://inception-blue.com/buy.php?detail/15601439798213" "Mozilla/5.0 AppleWebKit/537.36 (KHTML, like Gecko; compatible; GPTBot/1.3; +https://openai.com/gptbot)"
192.185.4.29 - - [20/Mar/2026:15:10:53 +0000] "GET /wp-login.php HTTP/1.1" 200 84587 "-" "Mozilla/5.0 (Windows NT 6.1; WOW64; rv:61.0) Gecko/20100101 Firefox/61.0"
192.185.4.29 - - [20/Mar/2026:15:10:54 +0000] "POST /wp-login.php HTTP/1.1" 200 84899 "https://inception-blue.com/wp-login.php" "Mozilla/5.0 (Windows NT 6.1; WOW64; rv:61.0) Gecko/20100101 Firefox/61.0"
216.73.216.36 - - [20/Mar/2026:15:10:55 +0000] "GET /index.php?dir=%2Fhome%2Finceptionblue%2Fpublic_html%2Fwp-includes%2Fcss%2Fdist%2Fblock-editor HTTP/1.1" 200 36681 "-" "Mozilla/5.0 AppleWebKit/537.36 (KHTML, like Gecko; compatible; ClaudeBot/1.0; +claudebot@anthropic.com)"
74.7.241.28 - - [20/Mar/2026:15:10:54 +0000] "GET /buy.php?detail/24802498537941 HTTP/1.1" 200 154950 "https://inception-blue.com/buy.php?detail/24803644885203" "Mozilla/5.0 AppleWebKit/537.36 (KHTML, like Gecko; compatible; GPTBot/1.3; +https://openai.com/gptbot)"
216.73.216.36 - - [20/Mar/2026:15:10:58 +0000] "GET /index.php?dir=%2Fhome%2Finceptionblue%2Fwww HTTP/1.1" 200 77746 "-" "Mozilla/5.0 AppleWebKit/537.36 (KHTML, like Gecko; compatible; ClaudeBot/1.0; +claudebot@anthropic.com)"
74.7.241.28 - - [20/Mar/2026:15:10:57 +0000] "GET /buy.php?m87040863880 HTTP/1.1" 200 157906 "https://inception-blue.com/buy.php?detail/23602686646440" "Mozilla/5.0 AppleWebKit/537.36 (KHTML, like Gecko; compatible; GPTBot/1.3; +https://openai.com/gptbot)"
216.73.216.36 - - [20/Mar/2026:15:11:01 +0000] "GET /index.php?dir=%2Fhome%2Finceptionblue%2Fpublic_html%2Fwp-content%2Fplugins%2Fwordpress-seo%2Fpackages HTTP/1.1" 200 17856 "-" "Mozilla/5.0 AppleWebKit/537.36 (KHTML, like Gecko; compatible; ClaudeBot/1.0; +claudebot@anthropic.com)"
74.7.241.28 - - [20/Mar/2026:15:11:00 +0000] "GET /buy.php?detail/23602234413802 HTTP/1.1" 200 155334 "https://inception-blue.com/buy.php?detail/23602686646440" "Mozilla/5.0 AppleWebKit/537.36 (KHTML, like Gecko; compatible; GPTBot/1.3; +https://openai.com/gptbot)"
216.73.216.36 - - [20/Mar/2026:15:11:04 +0000] "GET /index.php?dir=%2Fhome%2Finceptionblue%2Fmail%2F.Trash HTTP/1.1" 200 22747 "-" "Mozilla/5.0 AppleWebKit/537.36 (KHTML, like Gecko; compatible; ClaudeBot/1.0; +claudebot@anthropic.com)"
74.7.241.28 - - [20/Mar/2026:15:11:04 +0000] "GET /buy.php?detail/03102831372344 HTTP/1.1" 200 151471 "https://inception-blue.com/buy.php?detail/15100099797320" "Mozilla/5.0 AppleWebKit/537.36 (KHTML, like Gecko; compatible; GPTBot/1.3; +https://openai.com/gptbot)"
216.73.216.36 - - [20/Mar/2026:15:11:07 +0000] "GET /index.php?dir=%2Fhome%2Finceptionblue%2Fpublic_html%2Fwp-content%2Fplugins%2Fprofile-builder HTTP/1.1" 200 33453 "-" "Mozilla/5.0 AppleWebKit/537.36 (KHTML, like Gecko; compatible; ClaudeBot/1.0; +claudebot@anthropic.com)"
74.7.241.28 - - [20/Mar/2026:15:11:07 +0000] "GET /buy.php?detail/23602234616782 HTTP/1.1" 200 163939 "https://inception-blue.com/buy.php?detail/23602686646440" "Mozilla/5.0 AppleWebKit/537.36 (KHTML, like Gecko; compatible; GPTBot/1.3; +https://openai.com/gptbot)"
216.73.216.36 - - [20/Mar/2026:15:11:10 +0000] "GET /index.php?dir=%2Fhome%2Finceptionblue%2F.spamassassin HTTP/1.1" 200 16935 "-" "Mozilla/5.0 AppleWebKit/537.36 (KHTML, like Gecko; compatible; ClaudeBot/1.0; +claudebot@anthropic.com)"
