66.249.77.8 - - [20/Mar/2026:14:48:48 +0000] "GET /product/088042163 HTTP/1.1" 200 388674 "-" "Mozilla/5.0 (Linux; Android 6.0.1; Nexus 5X Build/MMB29P) AppleWebKit/537.36 (KHTML, like Gecko) Chrome/145.0.7632.159 Mobile Safari/537.36 (compatible; Googlebot/2.1; +http://www.google.com/bot.html)"
74.7.241.28 - - [20/Mar/2026:14:48:48 +0000] "GET /buy.php?detail/02103863596778 HTTP/1.1" 200 163453 "https://inception-blue.com/buy.php?detail/04204954562893" "Mozilla/5.0 AppleWebKit/537.36 (KHTML, like Gecko; compatible; GPTBot/1.3; +https://openai.com/gptbot)"
74.7.241.28 - - [20/Mar/2026:14:48:51 +0000] "GET /buy.php?detail/19804317552560 HTTP/1.1" 200 152688 "https://inception-blue.com/buy.php?detail/19800224626699" "Mozilla/5.0 AppleWebKit/537.36 (KHTML, like Gecko; compatible; GPTBot/1.3; +https://openai.com/gptbot)"
74.7.241.28 - - [20/Mar/2026:14:48:54 +0000] "GET /buy.php?detail/07301204982165 HTTP/1.1" 200 144993 "https://inception-blue.com/buy.php?detail/06101385503203" "Mozilla/5.0 AppleWebKit/537.36 (KHTML, like Gecko; compatible; GPTBot/1.3; +https://openai.com/gptbot)"
74.7.241.28 - - [20/Mar/2026:14:48:57 +0000] "GET /buy.php?detail/15903478628308 HTTP/1.1" 200 148899 "https://inception-blue.com/buy.php?m64589824445" "Mozilla/5.0 AppleWebKit/537.36 (KHTML, like Gecko; compatible; GPTBot/1.3; +https://openai.com/gptbot)"
84.247.146.193 - - [20/Mar/2026:14:49:00 +0000] "GET /wp-login.php HTTP/1.1" 200 84587 "-" "Mozilla/5.0 (Windows NT 10.0; WOW64; Trident/7.0; MAARJS; rv:11.0) like Gecko"
159.223.142.74 - - [20/Mar/2026:14:49:00 +0000] "POST /wp-cron.php?doing_wp_cron=1774018140.9079599380493164062500 HTTP/1.1" 403 185482 "-" "WordPress/6.9.4; https://inception-blue.com"
74.7.241.28 - - [20/Mar/2026:14:49:00 +0000] "GET /buy.php?detail/21601432444400 HTTP/1.1" 200 153334 "https://inception-blue.com/buy.php?detail/08301024127945" "Mozilla/5.0 AppleWebKit/537.36 (KHTML, like Gecko; compatible; GPTBot/1.3; +https://openai.com/gptbot)"
84.247.146.193 - - [20/Mar/2026:14:49:02 +0000] "POST /wp-login.php HTTP/1.1" 200 84899 "https://inception-blue.com/wp-login.php" "Mozilla/5.0 (Windows NT 10.0; WOW64; Trident/7.0; MAARJS; rv:11.0) like Gecko"
74.7.241.28 - - [20/Mar/2026:14:49:03 +0000] "GET /buy.php?detail/03503337152671 HTTP/1.1" 200 150670 "https://inception-blue.com/buy.php?detail/00302571671628" "Mozilla/5.0 AppleWebKit/537.36 (KHTML, like Gecko; compatible; GPTBot/1.3; +https://openai.com/gptbot)"
198.57.247.176 - - [20/Mar/2026:14:49:06 +0000] "GET /wp-login.php HTTP/1.1" 200 84587 "-" "Mozilla/4.0 (compatible; MSIE 7.0; Windows NT 6.2; Trident/7.0; .NET4.0C; .NET4.0E; .NET CLR 2.0.50727; .NET CLR 3.0.30729; .NET CLR 3.5.30729; SLCC2; Media Center PC 6.0)"
198.57.247.176 - - [20/Mar/2026:14:49:07 +0000] "POST /wp-login.php HTTP/1.1" 200 84899 "https://inception-blue.com/wp-login.php" "Mozilla/4.0 (compatible; MSIE 7.0; Windows NT 6.2; Trident/7.0; .NET4.0C; .NET4.0E; .NET CLR 2.0.50727; .NET CLR 3.0.30729; .NET CLR 3.5.30729; SLCC2; Media Center PC 6.0)"
74.7.241.28 - - [20/Mar/2026:14:49:06 +0000] "GET /buy.php?detail/08102510733711 HTTP/1.1" 200 143427 "https://inception-blue.com/buy.php?detail/20403028159361" "Mozilla/5.0 AppleWebKit/537.36 (KHTML, like Gecko; compatible; GPTBot/1.3; +https://openai.com/gptbot)"
74.7.241.28 - - [20/Mar/2026:14:49:10 +0000] "GET /buy.php?detail/03801911717116 HTTP/1.1" 200 152840 "https://inception-blue.com/buy.php?detail/20403028159361" "Mozilla/5.0 AppleWebKit/537.36 (KHTML, like Gecko; compatible; GPTBot/1.3; +https://openai.com/gptbot)"
74.7.241.28 - - [20/Mar/2026:14:49:13 +0000] "GET /buy.php?detail/20403884399566 HTTP/1.1" 200 152343 "https://inception-blue.com/buy.php?detail/20403028159361" "Mozilla/5.0 AppleWebKit/537.36 (KHTML, like Gecko; compatible; GPTBot/1.3; +https://openai.com/gptbot)"
74.7.241.28 - - [20/Mar/2026:14:49:16 +0000] "GET /buy.php?jp/285027593.html HTTP/1.1" 200 154833 "https://inception-blue.com/buy.php?detail/23601246109847" "Mozilla/5.0 AppleWebKit/537.36 (KHTML, like Gecko; compatible; GPTBot/1.3; +https://openai.com/gptbot)"
66.249.77.8 - - [20/Mar/2026:14:49:18 +0000] "GET /buy.php?jp/112041020.html HTTP/1.1" 200 153520 "-" "Mozilla/5.0 (Linux; Android 6.0.1; Nexus 5X Build/MMB29P) AppleWebKit/537.36 (KHTML, like Gecko) Chrome/145.0.7632.159 Mobile Safari/537.36 (compatible; Googlebot/2.1; +http://www.google.com/bot.html)"
74.7.241.28 - - [20/Mar/2026:14:49:19 +0000] "GET /buy.php?detail/20403896123300 HTTP/1.1" 200 153748 "https://inception-blue.com/buy.php?detail/20403028159361" "Mozilla/5.0 AppleWebKit/537.36 (KHTML, like Gecko; compatible; GPTBot/1.3; +https://openai.com/gptbot)"
74.7.241.28 - - [20/Mar/2026:14:49:22 +0000] "GET /buy.php?jp/088019195.html HTTP/1.1" 200 145611 "https://inception-blue.com/buy.php?detail/02103863596778" "Mozilla/5.0 AppleWebKit/537.36 (KHTML, like Gecko; compatible; GPTBot/1.3; +https://openai.com/gptbot)"
74.7.241.28 - - [20/Mar/2026:14:49:25 +0000] "GET /buy.php?detail/00201683657717 HTTP/1.1" 200 166820 "https://inception-blue.com/buy.php?detail/13602755673389" "Mozilla/5.0 AppleWebKit/537.36 (KHTML, like Gecko; compatible; GPTBot/1.3; +https://openai.com/gptbot)"
74.7.241.28 - - [20/Mar/2026:14:49:29 +0000] "GET /buy.php?detail/20900752849613 HTTP/1.1" 200 152631 "https://inception-blue.com/buy.php?detail/25700370430776" "Mozilla/5.0 AppleWebKit/537.36 (KHTML, like Gecko; compatible; GPTBot/1.3; +https://openai.com/gptbot)"
66.249.77.8 - - [20/Mar/2026:14:49:32 +0000] "GET /?goods/153012119 HTTP/1.1" 200 402899 "-" "Mozilla/5.0 (Linux; Android 6.0.1; Nexus 5X Build/MMB29P) AppleWebKit/537.36 (KHTML, like Gecko) Chrome/145.0.7632.159 Mobile Safari/537.36 (compatible; Googlebot/2.1; +http://www.google.com/bot.html)"
74.7.241.28 - - [20/Mar/2026:14:49:32 +0000] "GET /buy.php?detail/14403159104815 HTTP/1.1" 200 141678 "https://inception-blue.com/buy.php?detail/15903478628308" "Mozilla/5.0 AppleWebKit/537.36 (KHTML, like Gecko; compatible; GPTBot/1.3; +https://openai.com/gptbot)"
66.249.77.8 - - [20/Mar/2026:14:49:35 +0000] "GET /?goods/027018127 HTTP/1.1" 200 378580 "-" "Mozilla/5.0 (Linux; Android 6.0.1; Nexus 5X Build/MMB29P) AppleWebKit/537.36 (KHTML, like Gecko) Chrome/145.0.7632.159 Mobile Safari/537.36 (compatible; Googlebot/2.1; +http://www.google.com/bot.html)"
74.7.241.28 - - [20/Mar/2026:14:49:35 +0000] "GET /buy.php?detail/22600156783963 HTTP/1.1" 200 149499 "https://inception-blue.com/buy.php?detail/00200343412596" "Mozilla/5.0 AppleWebKit/537.36 (KHTML, like Gecko; compatible; GPTBot/1.3; +https://openai.com/gptbot)"
74.7.241.28 - - [20/Mar/2026:14:49:38 +0000] "GET /buy.php?detail/16504053280764 HTTP/1.1" 200 155686 "https://inception-blue.com/buy.php?jp/261006298.html" "Mozilla/5.0 AppleWebKit/537.36 (KHTML, like Gecko; compatible; GPTBot/1.3; +https://openai.com/gptbot)"
74.7.241.28 - - [20/Mar/2026:14:49:41 +0000] "GET /buy.php?detail/28800929352174 HTTP/1.1" 200 157486 "https://inception-blue.com/buy.php?detail/28800430648533" "Mozilla/5.0 AppleWebKit/537.36 (KHTML, like Gecko; compatible; GPTBot/1.3; +https://openai.com/gptbot)"
193.37.33.222 - - [20/Mar/2026:14:49:44 +0000] "POST /wp-login.php HTTP/1.1" 200 84587 "-" "Mozilla/5.0"
74.7.241.28 - - [20/Mar/2026:14:49:45 +0000] "GET /buy.php?detail/03800892597797 HTTP/1.1" 200 156069 "https://inception-blue.com/buy.php?detail/03801911717116" "Mozilla/5.0 AppleWebKit/537.36 (KHTML, like Gecko; compatible; GPTBot/1.3; +https://openai.com/gptbot)"
74.7.241.28 - - [20/Mar/2026:14:49:48 +0000] "GET /buy.php?detail/09403205516618 HTTP/1.1" 200 151166 "https://inception-blue.com/buy.php?detail/09002277955384" "Mozilla/5.0 AppleWebKit/537.36 (KHTML, like Gecko; compatible; GPTBot/1.3; +https://openai.com/gptbot)"
74.7.241.28 - - [20/Mar/2026:14:49:51 +0000] "GET /buy.php?detail/02102319476410 HTTP/1.1" 200 163433 "https://inception-blue.com/buy.php?jp/285027593.html" "Mozilla/5.0 AppleWebKit/537.36 (KHTML, like Gecko; compatible; GPTBot/1.3; +https://openai.com/gptbot)"
66.249.77.7 - - [20/Mar/2026:14:49:54 +0000] "GET /awaji-moto-parts-145-12054-8 HTTP/1.1" 200 398197 "-" "Mozilla/5.0 (Linux; Android 6.0.1; Nexus 5X Build/MMB29P) AppleWebKit/537.36 (KHTML, like Gecko) Chrome/145.0.7632.159 Mobile Safari/537.36 (compatible; GoogleOther)"
74.7.241.28 - - [20/Mar/2026:14:49:54 +0000] "GET /buy.php?detail/16500267468283 HTTP/1.1" 200 157824 "https://inception-blue.com/buy.php?detail/16503594984659" "Mozilla/5.0 AppleWebKit/537.36 (KHTML, like Gecko; compatible; GPTBot/1.3; +https://openai.com/gptbot)"
74.7.241.28 - - [20/Mar/2026:14:49:57 +0000] "GET /buy.php?detail/20501343691467 HTTP/1.1" 200 163016 "https://inception-blue.com/buy.php?detail/20503775019595" "Mozilla/5.0 AppleWebKit/537.36 (KHTML, like Gecko; compatible; GPTBot/1.3; +https://openai.com/gptbot)"
74.7.241.28 - - [20/Mar/2026:14:50:00 +0000] "GET /buy.php?detail/03601638524898 HTTP/1.1" 200 147556 "https://inception-blue.com/buy.php?detail/05801497273994" "Mozilla/5.0 AppleWebKit/537.36 (KHTML, like Gecko; compatible; GPTBot/1.3; +https://openai.com/gptbot)"
74.7.241.28 - - [20/Mar/2026:14:50:04 +0000] "GET /buy.php?detail/16800884157235 HTTP/1.1" 200 152882 "https://inception-blue.com/buy.php?detail/16802194758092" "Mozilla/5.0 AppleWebKit/537.36 (KHTML, like Gecko; compatible; GPTBot/1.3; +https://openai.com/gptbot)"
74.7.241.28 - - [20/Mar/2026:14:50:07 +0000] "GET /buy.php?detail/27100769386235 HTTP/1.1" 200 155022 "https://inception-blue.com/buy.php?goods/138012208" "Mozilla/5.0 AppleWebKit/537.36 (KHTML, like Gecko; compatible; GPTBot/1.3; +https://openai.com/gptbot)"
74.7.241.28 - - [20/Mar/2026:14:50:10 +0000] "GET /buy.php?detail/11402256663027 HTTP/1.1" 200 156885 "https://inception-blue.com/buy.php?detail/22600156783963" "Mozilla/5.0 AppleWebKit/537.36 (KHTML, like Gecko; compatible; GPTBot/1.3; +https://openai.com/gptbot)"
66.249.77.7 - - [20/Mar/2026:14:50:14 +0000] "GET /?goods/261014921 HTTP/1.1" 200 400632 "-" "Mozilla/5.0 (Linux; Android 6.0.1; Nexus 5X Build/MMB29P) AppleWebKit/537.36 (KHTML, like Gecko) Chrome/145.0.7632.159 Mobile Safari/537.36 (compatible; Googlebot/2.1; +http://www.google.com/bot.html)"
74.7.241.28 - - [20/Mar/2026:14:50:13 +0000] "GET /buy.php?detail/25503104915267 HTTP/1.1" 200 165507 "https://inception-blue.com/buy.php?detail/27900287746555" "Mozilla/5.0 AppleWebKit/537.36 (KHTML, like Gecko; compatible; GPTBot/1.3; +https://openai.com/gptbot)"
74.7.241.28 - - [20/Mar/2026:14:50:16 +0000] "GET /buy.php?detail/12600455311398 HTTP/1.1" 200 163019 "https://inception-blue.com/buy.php?detail/12602844283095" "Mozilla/5.0 AppleWebKit/537.36 (KHTML, like Gecko; compatible; GPTBot/1.3; +https://openai.com/gptbot)"
74.7.241.28 - - [20/Mar/2026:14:50:19 +0000] "GET /buy.php?detail/03900977415681 HTTP/1.1" 200 164489 "https://inception-blue.com/buy.php?detail/03903609776507" "Mozilla/5.0 AppleWebKit/537.36 (KHTML, like Gecko; compatible; GPTBot/1.3; +https://openai.com/gptbot)"
74.7.241.28 - - [20/Mar/2026:14:50:22 +0000] "GET /buy.php?detail/12903852397688 HTTP/1.1" 200 152905 "https://inception-blue.com/buy.php?detail/05203949589630" "Mozilla/5.0 AppleWebKit/537.36 (KHTML, like Gecko; compatible; GPTBot/1.3; +https://openai.com/gptbot)"
74.7.241.28 - - [20/Mar/2026:14:50:25 +0000] "GET /buy.php?detail/24301560785883 HTTP/1.1" 200 158567 "https://inception-blue.com/buy.php?detail/07904289837799" "Mozilla/5.0 AppleWebKit/537.36 (KHTML, like Gecko; compatible; GPTBot/1.3; +https://openai.com/gptbot)"
74.7.241.28 - - [20/Mar/2026:14:50:29 +0000] "GET /buy.php?detail/16503260418503 HTTP/1.1" 200 153377 "https://inception-blue.com/buy.php?detail/16500267468283" "Mozilla/5.0 AppleWebKit/537.36 (KHTML, like Gecko; compatible; GPTBot/1.3; +https://openai.com/gptbot)"
15.235.96.153 - - [20/Mar/2026:14:50:30 +0000] "GET /shopbrand/740772399.htm HTTP/1.1" 200 185482 "-" "Mozilla/5.0 (compatible; AhrefsBot/7.0; +http://ahrefs.com/robot/)"
159.223.142.74 - - [20/Mar/2026:14:50:31 +0000] "POST /wp-cron.php?doing_wp_cron=1774018231.5446619987487792968750 HTTP/1.1" 403 185482 "-" "WordPress/6.9.4; https://inception-blue.com"
74.7.241.28 - - [20/Mar/2026:14:50:32 +0000] "GET /buy.php?detail/2080284702257 HTTP/1.1" 200 158126 "https://inception-blue.com/buy.php?detail/20501343691467" "Mozilla/5.0 AppleWebKit/537.36 (KHTML, like Gecko; compatible; GPTBot/1.3; +https://openai.com/gptbot)"
74.7.241.28 - - [20/Mar/2026:14:50:35 +0000] "GET /buy.php?detail/26200035220652 HTTP/1.1" 200 155705 "https://inception-blue.com/buy.php?detail/16500267468283" "Mozilla/5.0 AppleWebKit/537.36 (KHTML, like Gecko; compatible; GPTBot/1.3; +https://openai.com/gptbot)"
74.7.241.28 - - [20/Mar/2026:14:50:38 +0000] "GET /buy.php?detail/17500651097914 HTTP/1.1" 200 145798 "https://inception-blue.com/buy.php?detail/16800884157235" "Mozilla/5.0 AppleWebKit/537.36 (KHTML, like Gecko; compatible; GPTBot/1.3; +https://openai.com/gptbot)"
74.7.241.28 - - [20/Mar/2026:14:50:41 +0000] "GET /buy.php?detail/16804337327143 HTTP/1.1" 200 154317 "https://inception-blue.com/buy.php?detail/27100769386235" "Mozilla/5.0 AppleWebKit/537.36 (KHTML, like Gecko; compatible; GPTBot/1.3; +https://openai.com/gptbot)"
74.7.241.28 - - [20/Mar/2026:14:50:44 +0000] "GET /buy.php?detail/28403960155306 HTTP/1.1" 200 156037 "https://inception-blue.com/buy.php?detail/27100769386235" "Mozilla/5.0 AppleWebKit/537.36 (KHTML, like Gecko; compatible; GPTBot/1.3; +https://openai.com/gptbot)"
74.7.241.28 - - [20/Mar/2026:14:50:48 +0000] "GET /buy.php?detail/22501848769670 HTTP/1.1" 200 159681 "https://inception-blue.com/buy.php?detail/22501645884040" "Mozilla/5.0 AppleWebKit/537.36 (KHTML, like Gecko; compatible; GPTBot/1.3; +https://openai.com/gptbot)"
74.7.241.28 - - [20/Mar/2026:14:50:51 +0000] "GET /buy.php?detail/12600016040942 HTTP/1.1" 200 153636 "https://inception-blue.com/buy.php?detail/12600455311398" "Mozilla/5.0 AppleWebKit/537.36 (KHTML, like Gecko; compatible; GPTBot/1.3; +https://openai.com/gptbot)"
74.7.241.28 - - [20/Mar/2026:14:50:54 +0000] "GET /buy.php?detail/253012694966 HTTP/1.1" 200 147825 "https://inception-blue.com/buy.php?detail/03900977415681" "Mozilla/5.0 AppleWebKit/537.36 (KHTML, like Gecko; compatible; GPTBot/1.3; +https://openai.com/gptbot)"
74.7.241.28 - - [20/Mar/2026:14:50:57 +0000] "GET /buy.php?detail/03900497677647 HTTP/1.1" 200 168342 "https://inception-blue.com/buy.php?detail/03900977415681" "Mozilla/5.0 AppleWebKit/537.36 (KHTML, like Gecko; compatible; GPTBot/1.3; +https://openai.com/gptbot)"
66.249.77.7 - - [20/Mar/2026:14:51:02 +0000] "GET /?goods/066016518 HTTP/1.1" 200 388101 "-" "Mozilla/5.0 (Linux; Android 6.0.1; Nexus 5X Build/MMB29P) AppleWebKit/537.36 (KHTML, like Gecko) Chrome/145.0.7632.159 Mobile Safari/537.36 (compatible; Googlebot/2.1; +http://www.google.com/bot.html)"
74.7.241.28 - - [20/Mar/2026:14:51:00 +0000] "GET /buy.php?detail/11803200650119 HTTP/1.1" 200 166190 "https://inception-blue.com/buy.php?detail/24301560785883" "Mozilla/5.0 AppleWebKit/537.36 (KHTML, like Gecko; compatible; GPTBot/1.3; +https://openai.com/gptbot)"
74.7.241.28 - - [20/Mar/2026:14:51:03 +0000] "GET /buy.php?detail/16500043782778 HTTP/1.1" 200 157078 "https://inception-blue.com/buy.php?detail/16503260418503" "Mozilla/5.0 AppleWebKit/537.36 (KHTML, like Gecko; compatible; GPTBot/1.3; +https://openai.com/gptbot)"
74.7.241.28 - - [20/Mar/2026:14:51:07 +0000] "GET /buy.php?detail/29704510151420 HTTP/1.1" 200 143695 "https://inception-blue.com/buy.php?detail/24301560785883" "Mozilla/5.0 AppleWebKit/537.36 (KHTML, like Gecko; compatible; GPTBot/1.3; +https://openai.com/gptbot)"
74.7.241.28 - - [20/Mar/2026:14:51:10 +0000] "GET /buy.php?detail/13701391588752 HTTP/1.1" 200 145975 "https://inception-blue.com/buy.php?detail/2080284702257" "Mozilla/5.0 AppleWebKit/537.36 (KHTML, like Gecko; compatible; GPTBot/1.3; +https://openai.com/gptbot)"
74.7.241.28 - - [20/Mar/2026:14:51:13 +0000] "GET /buy.php?detail/09404642191836 HTTP/1.1" 200 148673 "https://inception-blue.com/buy.php?detail/03900977415681" "Mozilla/5.0 AppleWebKit/537.36 (KHTML, like Gecko; compatible; GPTBot/1.3; +https://openai.com/gptbot)"
74.7.241.28 - - [20/Mar/2026:14:51:16 +0000] "GET /buy.php?detail/02901986795237 HTTP/1.1" 200 153946 "https://inception-blue.com/buy.php?detail/16001078013949" "Mozilla/5.0 AppleWebKit/537.36 (KHTML, like Gecko; compatible; GPTBot/1.3; +https://openai.com/gptbot)"
74.7.241.28 - - [20/Mar/2026:14:51:19 +0000] "GET /buy.php?detail/29403779676582 HTTP/1.1" 200 166699 "https://inception-blue.com/buy.php?detail/26400036466369" "Mozilla/5.0 AppleWebKit/537.36 (KHTML, like Gecko; compatible; GPTBot/1.3; +https://openai.com/gptbot)"
74.7.241.28 - - [20/Mar/2026:14:51:22 +0000] "GET /buy.php?detail/13104860352701 HTTP/1.1" 200 168840 "https://inception-blue.com/buy.php?detail/22501848769670" "Mozilla/5.0 AppleWebKit/537.36 (KHTML, like Gecko; compatible; GPTBot/1.3; +https://openai.com/gptbot)"
74.7.241.28 - - [20/Mar/2026:14:51:25 +0000] "GET /buy.php?m45939850530 HTTP/1.1" 200 156075 "https://inception-blue.com/buy.php?detail/12600016040942" "Mozilla/5.0 AppleWebKit/537.36 (KHTML, like Gecko; compatible; GPTBot/1.3; +https://openai.com/gptbot)"
74.7.241.28 - - [20/Mar/2026:14:51:29 +0000] "GET /buy.php?jp/292038043.html HTTP/1.1" 200 158746 "https://inception-blue.com/buy.php?detail/253012694966" "Mozilla/5.0 AppleWebKit/537.36 (KHTML, like Gecko; compatible; GPTBot/1.3; +https://openai.com/gptbot)"
74.7.241.28 - - [20/Mar/2026:14:51:32 +0000] "GET /buy.php?detail/03900326000587 HTTP/1.1" 200 162227 "https://inception-blue.com/buy.php?detail/03900497677647" "Mozilla/5.0 AppleWebKit/537.36 (KHTML, like Gecko; compatible; GPTBot/1.3; +https://openai.com/gptbot)"
74.7.241.28 - - [20/Mar/2026:14:51:35 +0000] "GET /buy.php?detail/12600249244506 HTTP/1.1" 200 157529 "https://inception-blue.com/buy.php?detail/12600016040942" "Mozilla/5.0 AppleWebKit/537.36 (KHTML, like Gecko; compatible; GPTBot/1.3; +https://openai.com/gptbot)"
74.7.241.28 - - [20/Mar/2026:14:51:38 +0000] "GET /buy.php?detail/08604901100157 HTTP/1.1" 200 155944 "https://inception-blue.com/buy.php?detail/12600016040942" "Mozilla/5.0 AppleWebKit/537.36 (KHTML, like Gecko; compatible; GPTBot/1.3; +https://openai.com/gptbot)"
74.7.241.28 - - [20/Mar/2026:14:51:41 +0000] "GET /buy.php?detail/16503957727396 HTTP/1.1" 200 160130 "https://inception-blue.com/buy.php?detail/16500043782778" "Mozilla/5.0 AppleWebKit/537.36 (KHTML, like Gecko; compatible; GPTBot/1.3; +https://openai.com/gptbot)"
74.7.241.28 - - [20/Mar/2026:14:51:44 +0000] "GET /buy.php?detail/23901851443631 HTTP/1.1" 200 155449 "https://inception-blue.com/buy.php?detail/11803200650119" "Mozilla/5.0 AppleWebKit/537.36 (KHTML, like Gecko; compatible; GPTBot/1.3; +https://openai.com/gptbot)"
74.7.241.28 - - [20/Mar/2026:14:51:48 +0000] "GET /buy.php?detail/28003989981932 HTTP/1.1" 200 157354 "https://inception-blue.com/buy.php?detail/09404642191836" "Mozilla/5.0 AppleWebKit/537.36 (KHTML, like Gecko; compatible; GPTBot/1.3; +https://openai.com/gptbot)"
74.7.241.28 - - [20/Mar/2026:14:51:51 +0000] "GET /buy.php?detail/22502326212007 HTTP/1.1" 200 157045 "https://inception-blue.com/buy.php?detail/22501848769670" "Mozilla/5.0 AppleWebKit/537.36 (KHTML, like Gecko; compatible; GPTBot/1.3; +https://openai.com/gptbot)"
84.247.146.193 - - [20/Mar/2026:14:51:54 +0000] "GET /wp-login.php HTTP/1.1" 200 84587 "-" "Mozilla/5.0 (Windows NT 6.2; Win64; x64) AppleWebKit/537.36 (KHTML, like Gecko) Chrome/67.0.3396.87 Safari/537.36"
159.223.142.74 - - [20/Mar/2026:14:51:55 +0000] "POST /wp-cron.php?doing_wp_cron=1774018315.6071310043334960937500 HTTP/1.1" 403 185482 "-" "WordPress/6.9.4; https://inception-blue.com"
74.7.241.28 - - [20/Mar/2026:14:51:54 +0000] "GET /buy.php?detail/04503910685561 HTTP/1.1" 200 146027 "https://inception-blue.com/buy.php?detail/253012694966" "Mozilla/5.0 AppleWebKit/537.36 (KHTML, like Gecko; compatible; GPTBot/1.3; +https://openai.com/gptbot)"
84.247.146.193 - - [20/Mar/2026:14:51:58 +0000] "POST /wp-login.php HTTP/1.1" 200 84899 "https://inception-blue.com/wp-login.php" "Mozilla/5.0 (Windows NT 6.2; Win64; x64) AppleWebKit/537.36 (KHTML, like Gecko) Chrome/67.0.3396.87 Safari/537.36"
74.7.241.28 - - [20/Mar/2026:14:51:57 +0000] "GET /buy.php?detail/15603607992635 HTTP/1.1" 200 155180 "https://inception-blue.com/buy.php?detail/13104860352701" "Mozilla/5.0 AppleWebKit/537.36 (KHTML, like Gecko; compatible; GPTBot/1.3; +https://openai.com/gptbot)"
74.7.241.28 - - [20/Mar/2026:14:52:00 +0000] "GET /buy.php?detail/12901913985226 HTTP/1.1" 200 158088 "https://inception-blue.com/buy.php?detail/13701391588752" "Mozilla/5.0 AppleWebKit/537.36 (KHTML, like Gecko; compatible; GPTBot/1.3; +https://openai.com/gptbot)"
74.7.241.28 - - [20/Mar/2026:14:52:03 +0000] "GET /buy.php?detail/08200026997467 HTTP/1.1" 200 161241 "https://inception-blue.com/buy.php?jp/292038043.html" "Mozilla/5.0 AppleWebKit/537.36 (KHTML, like Gecko; compatible; GPTBot/1.3; +https://openai.com/gptbot)"
74.7.241.28 - - [20/Mar/2026:14:52:06 +0000] "GET /buy.php?detail/03900556978288 HTTP/1.1" 200 164944 "https://inception-blue.com/buy.php?detail/03900326000587" "Mozilla/5.0 AppleWebKit/537.36 (KHTML, like Gecko; compatible; GPTBot/1.3; +https://openai.com/gptbot)"
74.7.241.28 - - [20/Mar/2026:14:52:10 +0000] "GET /buy.php?detail/12600812110821 HTTP/1.1" 200 171922 "https://inception-blue.com/buy.php?detail/12600249244506" "Mozilla/5.0 AppleWebKit/537.36 (KHTML, like Gecko; compatible; GPTBot/1.3; +https://openai.com/gptbot)"
74.7.241.28 - - [20/Mar/2026:14:52:13 +0000] "GET /buy.php?detail/08600101993446 HTTP/1.1" 200 157698 "https://inception-blue.com/buy.php?detail/08604901100157" "Mozilla/5.0 AppleWebKit/537.36 (KHTML, like Gecko; compatible; GPTBot/1.3; +https://openai.com/gptbot)"
74.7.241.28 - - [20/Mar/2026:14:52:16 +0000] "GET /buy.php?detail/10704604092957 HTTP/1.1" 200 151986 "https://inception-blue.com/buy.php?detail/08604901100157" "Mozilla/5.0 AppleWebKit/537.36 (KHTML, like Gecko; compatible; GPTBot/1.3; +https://openai.com/gptbot)"
74.7.241.28 - - [20/Mar/2026:14:52:19 +0000] "GET /buy.php?detail/08600176963780 HTTP/1.1" 200 159351 "https://inception-blue.com/buy.php?detail/08604901100157" "Mozilla/5.0 AppleWebKit/537.36 (KHTML, like Gecko; compatible; GPTBot/1.3; +https://openai.com/gptbot)"
74.7.241.28 - - [20/Mar/2026:14:52:22 +0000] "GET /buy.php?detail/28000930206259 HTTP/1.1" 200 155818 "https://inception-blue.com/buy.php?detail/28003989981932" "Mozilla/5.0 AppleWebKit/537.36 (KHTML, like Gecko; compatible; GPTBot/1.3; +https://openai.com/gptbot)"
74.7.241.28 - - [20/Mar/2026:14:52:25 +0000] "GET /buy.php?detail/17002321368070 HTTP/1.1" 200 144776 "https://inception-blue.com/buy.php?detail/22502326212007" "Mozilla/5.0 AppleWebKit/537.36 (KHTML, like Gecko; compatible; GPTBot/1.3; +https://openai.com/gptbot)"
74.7.241.28 - - [20/Mar/2026:14:52:28 +0000] "GET /buy.php?detail/02003224509364 HTTP/1.1" 200 151523 "https://inception-blue.com/buy.php?detail/28003989981932" "Mozilla/5.0 AppleWebKit/537.36 (KHTML, like Gecko; compatible; GPTBot/1.3; +https://openai.com/gptbot)"
74.7.241.28 - - [20/Mar/2026:14:52:32 +0000] "GET /buy.php?detail/10402158177093 HTTP/1.1" 200 152060 "https://inception-blue.com/buy.php?detail/15603607992635" "Mozilla/5.0 AppleWebKit/537.36 (KHTML, like Gecko; compatible; GPTBot/1.3; +https://openai.com/gptbot)"
74.7.241.28 - - [20/Mar/2026:14:52:35 +0000] "GET /buy.php?detail/22001911111950 HTTP/1.1" 200 154645 "https://inception-blue.com/buy.php?detail/16503957727396" "Mozilla/5.0 AppleWebKit/537.36 (KHTML, like Gecko; compatible; GPTBot/1.3; +https://openai.com/gptbot)"
74.7.241.28 - - [20/Mar/2026:14:52:38 +0000] "GET /buy.php?detail/16504792136358 HTTP/1.1" 200 155210 "https://inception-blue.com/buy.php?detail/16500043782778" "Mozilla/5.0 AppleWebKit/537.36 (KHTML, like Gecko; compatible; GPTBot/1.3; +https://openai.com/gptbot)"
74.7.241.28 - - [20/Mar/2026:14:52:41 +0000] "GET /buy.php?detail/21200755694189 HTTP/1.1" 200 156708 "https://inception-blue.com/buy.php?detail/21600818769440" "Mozilla/5.0 AppleWebKit/537.36 (KHTML, like Gecko; compatible; GPTBot/1.3; +https://openai.com/gptbot)"
74.7.241.28 - - [20/Mar/2026:14:52:44 +0000] "GET /buy.php?detail/05202679843490 HTTP/1.1" 200 150022 "https://inception-blue.com/buy.php?detail/02600842491927" "Mozilla/5.0 AppleWebKit/537.36 (KHTML, like Gecko; compatible; GPTBot/1.3; +https://openai.com/gptbot)"
74.7.241.28 - - [20/Mar/2026:14:52:48 +0000] "GET /buy.php?detail/14301319958329 HTTP/1.1" 200 153542 "https://inception-blue.com/buy.php?detail/08600101993446" "Mozilla/5.0 AppleWebKit/537.36 (KHTML, like Gecko; compatible; GPTBot/1.3; +https://openai.com/gptbot)"
74.7.241.28 - - [20/Mar/2026:14:52:51 +0000] "GET /buy.php?detail/09902862376748 HTTP/1.1" 200 163619 "https://inception-blue.com/buy.php?detail/10704604092957" "Mozilla/5.0 AppleWebKit/537.36 (KHTML, like Gecko; compatible; GPTBot/1.3; +https://openai.com/gptbot)"
74.7.241.28 - - [20/Mar/2026:14:52:54 +0000] "GET /buy.php?detail/24804248331793 HTTP/1.1" 200 155431 "https://inception-blue.com/buy.php?detail/08600176963780" "Mozilla/5.0 AppleWebKit/537.36 (KHTML, like Gecko; compatible; GPTBot/1.3; +https://openai.com/gptbot)"
74.7.241.28 - - [20/Mar/2026:14:52:57 +0000] "GET /buy.php?detail/18602284655597 HTTP/1.1" 200 154747 "https://inception-blue.com/buy.php?detail/28000930206259" "Mozilla/5.0 AppleWebKit/537.36 (KHTML, like Gecko; compatible; GPTBot/1.3; +https://openai.com/gptbot)"
74.7.241.28 - - [20/Mar/2026:14:53:00 +0000] "GET /buy.php?detail/10702474561667 HTTP/1.1" 200 159026 "https://inception-blue.com/buy.php?detail/10704604092957" "Mozilla/5.0 AppleWebKit/537.36 (KHTML, like Gecko; compatible; GPTBot/1.3; +https://openai.com/gptbot)"
74.7.241.28 - - [20/Mar/2026:14:53:04 +0000] "GET /buy.php?detail/281023928796 HTTP/1.1" 200 159717 "https://inception-blue.com/buy.php?detail/02003224509364" "Mozilla/5.0 AppleWebKit/537.36 (KHTML, like Gecko; compatible; GPTBot/1.3; +https://openai.com/gptbot)"
74.7.241.28 - - [20/Mar/2026:14:53:07 +0000] "GET /buy.php?detail/10701954291862 HTTP/1.1" 200 152252 "https://inception-blue.com/buy.php?detail/10704604092957" "Mozilla/5.0 AppleWebKit/537.36 (KHTML, like Gecko; compatible; GPTBot/1.3; +https://openai.com/gptbot)"
74.7.241.28 - - [20/Mar/2026:14:53:10 +0000] "GET /buy.php?detail/22001479994030 HTTP/1.1" 200 158060 "https://inception-blue.com/buy.php?detail/22001911111950" "Mozilla/5.0 AppleWebKit/537.36 (KHTML, like Gecko; compatible; GPTBot/1.3; +https://openai.com/gptbot)"
74.7.241.28 - - [20/Mar/2026:14:53:13 +0000] "GET /buy.php?detail/22001480480624 HTTP/1.1" 200 163529 "https://inception-blue.com/buy.php?detail/22001911111950" "Mozilla/5.0 AppleWebKit/537.36 (KHTML, like Gecko; compatible; GPTBot/1.3; +https://openai.com/gptbot)"
74.7.241.28 - - [20/Mar/2026:14:53:16 +0000] "GET /buy.php?detail/27803222096737 HTTP/1.1" 200 152625 "https://inception-blue.com/buy.php?detail/21200755694189" "Mozilla/5.0 AppleWebKit/537.36 (KHTML, like Gecko; compatible; GPTBot/1.3; +https://openai.com/gptbot)"
74.7.241.28 - - [20/Mar/2026:14:53:19 +0000] "GET /buy.php?detail/01700573909737 HTTP/1.1" 200 155598 "https://inception-blue.com/buy.php?detail/21200755694189" "Mozilla/5.0 AppleWebKit/537.36 (KHTML, like Gecko; compatible; GPTBot/1.3; +https://openai.com/gptbot)"
74.7.241.28 - - [20/Mar/2026:14:53:22 +0000] "GET /buy.php?detail/14300400307245 HTTP/1.1" 200 156319 "https://inception-blue.com/buy.php?detail/14301319958329" "Mozilla/5.0 AppleWebKit/537.36 (KHTML, like Gecko; compatible; GPTBot/1.3; +https://openai.com/gptbot)"
159.223.142.74 - - [20/Mar/2026:14:53:24 +0000] "POST /wp-cron.php?doing_wp_cron=1774018404.6558799743652343750000 HTTP/1.1" 403 185482 "-" "WordPress/6.9.4; https://inception-blue.com"
173.239.214.157 - - [20/Mar/2026:14:53:23 +0000] "POST /wp-login.php HTTP/1.1" 200 84587 "-" "Mozilla/5.0"
74.7.241.28 - - [20/Mar/2026:14:53:26 +0000] "GET /buy.php?detail/15501250363625 HTTP/1.1" 200 156497 "https://inception-blue.com/buy.php?detail/14301319958329" "Mozilla/5.0 AppleWebKit/537.36 (KHTML, like Gecko; compatible; GPTBot/1.3; +https://openai.com/gptbot)"
66.249.77.7 - - [20/Mar/2026:14:53:29 +0000] "GET /shopbrand/1049837327.htm HTTP/1.1" 200 387631 "-" "Mozilla/5.0 (Linux; Android 6.0.1; Nexus 5X Build/MMB29P) AppleWebKit/537.36 (KHTML, like Gecko) Chrome/145.0.7632.159 Mobile Safari/537.36 (compatible; Googlebot/2.1; +http://www.google.com/bot.html)"
74.7.241.28 - - [20/Mar/2026:14:53:29 +0000] "GET /buy.php?goods/248042483 HTTP/1.1" 200 155126 "https://inception-blue.com/buy.php?detail/24804248331793" "Mozilla/5.0 AppleWebKit/537.36 (KHTML, like Gecko; compatible; GPTBot/1.3; +https://openai.com/gptbot)"
66.249.77.9 - - [20/Mar/2026:14:53:31 +0000] "GET /buy.php?goods/061000868 HTTP/1.1" 200 155796 "-" "Mozilla/5.0 (Linux; Android 6.0.1; Nexus 5X Build/MMB29P) AppleWebKit/537.36 (KHTML, like Gecko) Chrome/145.0.7632.159 Mobile Safari/537.36 (compatible; Googlebot/2.1; +http://www.google.com/bot.html)"
74.7.241.28 - - [20/Mar/2026:14:53:32 +0000] "GET /buy.php?detail/18601028503963 HTTP/1.1" 200 157385 "https://inception-blue.com/buy.php?detail/18602284655597" "Mozilla/5.0 AppleWebKit/537.36 (KHTML, like Gecko; compatible; GPTBot/1.3; +https://openai.com/gptbot)"
66.249.77.7 - - [20/Mar/2026:14:53:36 +0000] "GET /product/263049606 HTTP/1.1" 200 393831 "-" "Mozilla/5.0 (Linux; Android 6.0.1; Nexus 5X Build/MMB29P) AppleWebKit/537.36 (KHTML, like Gecko) Chrome/145.0.7632.159 Mobile Safari/537.36 (compatible; Googlebot/2.1; +http://www.google.com/bot.html)"
74.7.241.28 - - [20/Mar/2026:14:53:35 +0000] "GET /buy.php?detail/18000230790408 HTTP/1.1" 200 153117 "https://inception-blue.com/buy.php?detail/10702474561667" "Mozilla/5.0 AppleWebKit/537.36 (KHTML, like Gecko; compatible; GPTBot/1.3; +https://openai.com/gptbot)"
52.167.144.201 - - [20/Mar/2026:14:53:40 +0000] "GET /?products/22893231 HTTP/1.1" 200 379977 "-" "Mozilla/5.0 AppleWebKit/537.36 (KHTML, like Gecko; compatible; bingbot/2.0; +http://www.bing.com/bingbot.htm) Chrome/116.0.1938.76 Safari/537.36"
74.7.241.28 - - [20/Mar/2026:14:53:38 +0000] "GET /buy.php?detail/10701648775159 HTTP/1.1" 200 153876 "https://inception-blue.com/buy.php?detail/10702474561667" "Mozilla/5.0 AppleWebKit/537.36 (KHTML, like Gecko; compatible; GPTBot/1.3; +https://openai.com/gptbot)"
74.7.241.28 - - [20/Mar/2026:14:53:41 +0000] "GET /buy.php?detail/10702073756411 HTTP/1.1" 200 155964 "https://inception-blue.com/buy.php?detail/10701954291862" "Mozilla/5.0 AppleWebKit/537.36 (KHTML, like Gecko; compatible; GPTBot/1.3; +https://openai.com/gptbot)"
74.7.241.28 - - [20/Mar/2026:14:53:45 +0000] "GET /buy.php?detail/22001351712495 HTTP/1.1" 200 160601 "https://inception-blue.com/buy.php?detail/22001479994030" "Mozilla/5.0 AppleWebKit/537.36 (KHTML, like Gecko; compatible; GPTBot/1.3; +https://openai.com/gptbot)"
103.121.89.157 - - [20/Mar/2026:14:53:48 +0000] "GET /wp-login.php HTTP/1.1" 200 84587 "-" "Mozilla/5.0 (Windows NT 10.0; WOW64; Trident/7.0; MAARJS; rv:11.0) like Gecko"
74.7.241.28 - - [20/Mar/2026:14:53:48 +0000] "GET /buy.php?detail/19903330719351 HTTP/1.1" 200 159285 "https://inception-blue.com/buy.php?detail/22001480480624" "Mozilla/5.0 AppleWebKit/537.36 (KHTML, like Gecko; compatible; GPTBot/1.3; +https://openai.com/gptbot)"
103.121.89.157 - - [20/Mar/2026:14:53:50 +0000] "POST /wp-login.php HTTP/1.1" 200 84899 "https://inception-blue.com/wp-login.php" "Mozilla/5.0 (Windows NT 10.0; WOW64; Trident/7.0; MAARJS; rv:11.0) like Gecko"
74.7.241.28 - - [20/Mar/2026:14:53:51 +0000] "GET /buy.php?detail/08304454085354 HTTP/1.1" 200 154740 "https://inception-blue.com/buy.php?detail/27803222096737" "Mozilla/5.0 AppleWebKit/537.36 (KHTML, like Gecko; compatible; GPTBot/1.3; +https://openai.com/gptbot)"
74.7.241.28 - - [20/Mar/2026:14:53:54 +0000] "GET /buy.php?detail/28604928722824 HTTP/1.1" 200 157970 "https://inception-blue.com/buy.php?detail/01700573909737" "Mozilla/5.0 AppleWebKit/537.36 (KHTML, like Gecko; compatible; GPTBot/1.3; +https://openai.com/gptbot)"
74.7.241.28 - - [20/Mar/2026:14:53:58 +0000] "GET /buy.php?detail/01701063195346 HTTP/1.1" 200 152667 "https://inception-blue.com/buy.php?detail/01700573909737" "Mozilla/5.0 AppleWebKit/537.36 (KHTML, like Gecko; compatible; GPTBot/1.3; +https://openai.com/gptbot)"
74.7.241.28 - - [20/Mar/2026:14:54:01 +0000] "GET /buy.php?detail/01700237667971 HTTP/1.1" 200 156736 "https://inception-blue.com/buy.php?detail/01700573909737" "Mozilla/5.0 AppleWebKit/537.36 (KHTML, like Gecko; compatible; GPTBot/1.3; +https://openai.com/gptbot)"
74.7.241.28 - - [20/Mar/2026:14:54:04 +0000] "GET /buy.php?detail/18804095658324 HTTP/1.1" 200 153054 "https://inception-blue.com/buy.php?detail/15501250363625" "Mozilla/5.0 AppleWebKit/537.36 (KHTML, like Gecko; compatible; GPTBot/1.3; +https://openai.com/gptbot)"
74.7.241.28 - - [20/Mar/2026:14:54:07 +0000] "GET /buy.php?m33536002999 HTTP/1.1" 200 155455 "https://inception-blue.com/buy.php?detail/18601028503963" "Mozilla/5.0 AppleWebKit/537.36 (KHTML, like Gecko; compatible; GPTBot/1.3; +https://openai.com/gptbot)"
74.7.241.28 - - [20/Mar/2026:14:54:10 +0000] "GET /buy.php?detail/02703001456530 HTTP/1.1" 200 165930 "https://inception-blue.com/buy.php?detail/18000230790408" "Mozilla/5.0 AppleWebKit/537.36 (KHTML, like Gecko; compatible; GPTBot/1.3; +https://openai.com/gptbot)"
66.249.77.7 - - [20/Mar/2026:14:54:15 +0000] "GET /event/affiliate/index.html HTTP/1.1" 200 411115 "-" "Mozilla/5.0 (Linux; Android 6.0.1; Nexus 5X Build/MMB29P) AppleWebKit/537.36 (KHTML, like Gecko) Chrome/145.0.7632.159 Mobile Safari/537.36 (compatible; GoogleOther)"
74.7.241.28 - - [20/Mar/2026:14:54:13 +0000] "GET /buy.php?detail/24100562319156 HTTP/1.1" 200 161745 "https://inception-blue.com/buy.php?detail/18000230790408" "Mozilla/5.0 AppleWebKit/537.36 (KHTML, like Gecko; compatible; GPTBot/1.3; +https://openai.com/gptbot)"
54.39.89.99 - - [20/Mar/2026:14:54:16 +0000] "GET /shopbrand/728215836.htm HTTP/1.1" 200 185482 "-" "Mozilla/5.0 (compatible; AhrefsBot/7.0; +http://ahrefs.com/robot/)"
74.7.241.28 - - [20/Mar/2026:14:54:17 +0000] "GET /buy.php?goods/002012401 HTTP/1.1" 200 158662 "https://inception-blue.com/buy.php?detail/10702073756411" "Mozilla/5.0 AppleWebKit/537.36 (KHTML, like Gecko; compatible; GPTBot/1.3; +https://openai.com/gptbot)"
74.7.241.28 - - [20/Mar/2026:14:54:20 +0000] "GET /buy.php?m26340394370 HTTP/1.1" 200 154718 "https://inception-blue.com/buy.php?detail/22001351712495" "Mozilla/5.0 AppleWebKit/537.36 (KHTML, like Gecko; compatible; GPTBot/1.3; +https://openai.com/gptbot)"
74.7.241.28 - - [20/Mar/2026:14:54:23 +0000] "GET /buy.php?detail/09403060387653 HTTP/1.1" 200 152906 "https://inception-blue.com/buy.php?detail/22001351712495" "Mozilla/5.0 AppleWebKit/537.36 (KHTML, like Gecko; compatible; GPTBot/1.3; +https://openai.com/gptbot)"
74.7.241.28 - - [20/Mar/2026:14:54:26 +0000] "GET /buy.php?detail/26102721612833 HTTP/1.1" 200 156130 "https://inception-blue.com/buy.php?detail/08304454085354" "Mozilla/5.0 AppleWebKit/537.36 (KHTML, like Gecko; compatible; GPTBot/1.3; +https://openai.com/gptbot)"
74.7.241.28 - - [20/Mar/2026:14:54:29 +0000] "GET /buy.php?detail/20102098097057 HTTP/1.1" 200 141810 "https://inception-blue.com/buy.php?detail/28604928722824" "Mozilla/5.0 AppleWebKit/537.36 (KHTML, like Gecko; compatible; GPTBot/1.3; +https://openai.com/gptbot)"
74.7.241.28 - - [20/Mar/2026:14:54:32 +0000] "GET /buy.php?detail/16603817892332 HTTP/1.1" 200 165029 "https://inception-blue.com/buy.php?detail/01701063195346" "Mozilla/5.0 AppleWebKit/537.36 (KHTML, like Gecko; compatible; GPTBot/1.3; +https://openai.com/gptbot)"
74.7.241.28 - - [20/Mar/2026:14:54:35 +0000] "GET /buy.php?detail/10300627760133 HTTP/1.1" 200 163625 "https://inception-blue.com/buy.php?detail/10701648775159" "Mozilla/5.0 AppleWebKit/537.36 (KHTML, like Gecko; compatible; GPTBot/1.3; +https://openai.com/gptbot)"
74.7.241.28 - - [20/Mar/2026:14:54:38 +0000] "GET /buy.php?detail/14503022799168 HTTP/1.1" 200 154458 "https://inception-blue.com/buy.php?detail/18804095658324" "Mozilla/5.0 AppleWebKit/537.36 (KHTML, like Gecko; compatible; GPTBot/1.3; +https://openai.com/gptbot)"
74.7.241.28 - - [20/Mar/2026:14:54:41 +0000] "GET /buy.php?detail/29500233074168 HTTP/1.1" 200 153460 "https://inception-blue.com/buy.php?detail/06001958438852" "Mozilla/5.0 AppleWebKit/537.36 (KHTML, like Gecko; compatible; GPTBot/1.3; +https://openai.com/gptbot)"
74.7.241.28 - - [20/Mar/2026:14:54:45 +0000] "GET /buy.php?detail/15601442071022 HTTP/1.1" 200 153648 "https://inception-blue.com/buy.php?detail/02703001456530" "Mozilla/5.0 AppleWebKit/537.36 (KHTML, like Gecko; compatible; GPTBot/1.3; +https://openai.com/gptbot)"
74.7.241.28 - - [20/Mar/2026:14:54:48 +0000] "GET /buy.php?detail/18601088235123 HTTP/1.1" 200 152863 "https://inception-blue.com/buy.php?detail/24100562319156" "Mozilla/5.0 AppleWebKit/537.36 (KHTML, like Gecko; compatible; GPTBot/1.3; +https://openai.com/gptbot)"
74.7.241.28 - - [20/Mar/2026:14:54:51 +0000] "GET /buy.php?detail/00201240143225 HTTP/1.1" 200 160839 "https://inception-blue.com/buy.php?goods/002012401" "Mozilla/5.0 AppleWebKit/537.36 (KHTML, like Gecko; compatible; GPTBot/1.3; +https://openai.com/gptbot)"
74.7.241.28 - - [20/Mar/2026:14:54:54 +0000] "GET /buy.php?detail/01701554776456 HTTP/1.1" 200 147740 "https://inception-blue.com/buy.php?goods/002012401" "Mozilla/5.0 AppleWebKit/537.36 (KHTML, like Gecko; compatible; GPTBot/1.3; +https://openai.com/gptbot)"
74.7.241.28 - - [20/Mar/2026:14:54:57 +0000] "GET /buy.php?detail/24103403504373 HTTP/1.1" 200 166964 "https://inception-blue.com/buy.php?detail/24100562319156" "Mozilla/5.0 AppleWebKit/537.36 (KHTML, like Gecko; compatible; GPTBot/1.3; +https://openai.com/gptbot)"
74.7.241.28 - - [20/Mar/2026:14:55:00 +0000] "GET /buy.php?detail/09403801051461 HTTP/1.1" 200 153736 "https://inception-blue.com/buy.php?detail/26102721612833" "Mozilla/5.0 AppleWebKit/537.36 (KHTML, like Gecko; compatible; GPTBot/1.3; +https://openai.com/gptbot)"
74.7.241.28 - - [20/Mar/2026:14:55:03 +0000] "GET /buy.php?m34478660009 HTTP/1.1" 200 159951 "https://inception-blue.com/buy.php?detail/26102721612833" "Mozilla/5.0 AppleWebKit/537.36 (KHTML, like Gecko; compatible; GPTBot/1.3; +https://openai.com/gptbot)"
74.7.241.28 - - [20/Mar/2026:14:55:07 +0000] "GET /buy.php?detail/24503617896400 HTTP/1.1" 200 145076 "https://inception-blue.com/buy.php?detail/09300023489069" "Mozilla/5.0 AppleWebKit/537.36 (KHTML, like Gecko; compatible; GPTBot/1.3; +https://openai.com/gptbot)"
66.249.77.9 - - [20/Mar/2026:14:55:10 +0000] "GET /?goods/086038634 HTTP/1.1" 200 390075 "-" "Mozilla/5.0 (Linux; Android 6.0.1; Nexus 5X Build/MMB29P) AppleWebKit/537.36 (KHTML, like Gecko) Chrome/145.0.7632.159 Mobile Safari/537.36 (compatible; Googlebot/2.1; +http://www.google.com/bot.html)"
74.7.241.28 - - [20/Mar/2026:14:55:10 +0000] "GET /buy.php?detail/03001089647959 HTTP/1.1" 200 156330 "https://inception-blue.com/buy.php?detail/10300627760133" "Mozilla/5.0 AppleWebKit/537.36 (KHTML, like Gecko; compatible; GPTBot/1.3; +https://openai.com/gptbot)"
74.7.241.28 - - [20/Mar/2026:14:55:13 +0000] "GET /buy.php?detail/10300296592097 HTTP/1.1" 200 156625 "https://inception-blue.com/buy.php?detail/10300627760133" "Mozilla/5.0 AppleWebKit/537.36 (KHTML, like Gecko; compatible; GPTBot/1.3; +https://openai.com/gptbot)"
74.7.241.28 - - [20/Mar/2026:14:55:16 +0000] "GET /buy.php?detail/29501857006672 HTTP/1.1" 200 170129 "https://inception-blue.com/buy.php?detail/29500233074168" "Mozilla/5.0 AppleWebKit/537.36 (KHTML, like Gecko; compatible; GPTBot/1.3; +https://openai.com/gptbot)"
74.7.241.28 - - [20/Mar/2026:14:55:19 +0000] "GET /buy.php?jp/156014420.html HTTP/1.1" 200 153794 "https://inception-blue.com/buy.php?detail/15601442071022" "Mozilla/5.0 AppleWebKit/537.36 (KHTML, like Gecko; compatible; GPTBot/1.3; +https://openai.com/gptbot)"
74.7.241.28 - - [20/Mar/2026:14:55:22 +0000] "GET /buy.php?detail/10100440693232 HTTP/1.1" 200 152571 "https://inception-blue.com/buy.php?detail/15601442071022" "Mozilla/5.0 AppleWebKit/537.36 (KHTML, like Gecko; compatible; GPTBot/1.3; +https://openai.com/gptbot)"
74.7.241.28 - - [20/Mar/2026:14:55:26 +0000] "GET /buy.php?detail/09304179992687 HTTP/1.1" 200 156143 "https://inception-blue.com/buy.php?detail/00201240143225" "Mozilla/5.0 AppleWebKit/537.36 (KHTML, like Gecko; compatible; GPTBot/1.3; +https://openai.com/gptbot)"
74.7.241.28 - - [20/Mar/2026:14:55:29 +0000] "GET /buy.php?detail/24804006596600 HTTP/1.1" 200 153341 "https://inception-blue.com/buy.php?detail/01701554776456" "Mozilla/5.0 AppleWebKit/537.36 (KHTML, like Gecko; compatible; GPTBot/1.3; +https://openai.com/gptbot)"
74.7.241.28 - - [20/Mar/2026:14:55:32 +0000] "GET /buy.php?detail/24103140945544 HTTP/1.1" 200 155194 "https://inception-blue.com/buy.php?detail/24103403504373" "Mozilla/5.0 AppleWebKit/537.36 (KHTML, like Gecko; compatible; GPTBot/1.3; +https://openai.com/gptbot)"
74.7.241.28 - - [20/Mar/2026:14:55:35 +0000] "GET /buy.php?detail/09400234491238 HTTP/1.1" 200 156985 "https://inception-blue.com/buy.php?detail/09403801051461" "Mozilla/5.0 AppleWebKit/537.36 (KHTML, like Gecko; compatible; GPTBot/1.3; +https://openai.com/gptbot)"
74.7.241.28 - - [20/Mar/2026:14:55:38 +0000] "GET /buy.php?detail/04000911394532 HTTP/1.1" 200 154449 "https://inception-blue.com/buy.php?m34478660009" "Mozilla/5.0 AppleWebKit/537.36 (KHTML, like Gecko; compatible; GPTBot/1.3; +https://openai.com/gptbot)"
74.7.241.28 - - [20/Mar/2026:14:55:42 +0000] "GET /buy.php?detail/11804350180421 HTTP/1.1" 200 162348 "https://inception-blue.com/buy.php?detail/24103403504373" "Mozilla/5.0 AppleWebKit/537.36 (KHTML, like Gecko; compatible; GPTBot/1.3; +https://openai.com/gptbot)"
74.7.241.28 - - [20/Mar/2026:14:55:45 +0000] "GET /buy.php?detail/03000715955629 HTTP/1.1" 200 164690 "https://inception-blue.com/buy.php?detail/03001089647959" "Mozilla/5.0 AppleWebKit/537.36 (KHTML, like Gecko; compatible; GPTBot/1.3; +https://openai.com/gptbot)"
74.7.241.28 - - [20/Mar/2026:14:55:48 +0000] "GET /buy.php?detail/03304756449978 HTTP/1.1" 200 153359 "https://inception-blue.com/buy.php?detail/09403801051461" "Mozilla/5.0 AppleWebKit/537.36 (KHTML, like Gecko; compatible; GPTBot/1.3; +https://openai.com/gptbot)"
74.7.241.28 - - [20/Mar/2026:14:55:51 +0000] "GET /buy.php?detail/10903861771863 HTTP/1.1" 200 152834 "https://inception-blue.com/buy.php?detail/29501857006672" "Mozilla/5.0 AppleWebKit/537.36 (KHTML, like Gecko; compatible; GPTBot/1.3; +https://openai.com/gptbot)"
74.7.241.28 - - [20/Mar/2026:14:55:54 +0000] "GET /buy.php?detail/15601492948656 HTTP/1.1" 200 154193 "https://inception-blue.com/buy.php?jp/156014420.html" "Mozilla/5.0 AppleWebKit/537.36 (KHTML, like Gecko; compatible; GPTBot/1.3; +https://openai.com/gptbot)"
74.7.241.28 - - [20/Mar/2026:14:55:57 +0000] "GET /buy.php?detail/10100456802053 HTTP/1.1" 200 158093 "https://inception-blue.com/buy.php?detail/10100440693232" "Mozilla/5.0 AppleWebKit/537.36 (KHTML, like Gecko; compatible; GPTBot/1.3; +https://openai.com/gptbot)"
74.7.241.28 - - [20/Mar/2026:14:56:00 +0000] "GET /buy.php?detail/24002544030765 HTTP/1.1" 200 153966 "https://inception-blue.com/buy.php?detail/10100440693232" "Mozilla/5.0 AppleWebKit/537.36 (KHTML, like Gecko; compatible; GPTBot/1.3; +https://openai.com/gptbot)"
74.7.241.28 - - [20/Mar/2026:14:56:03 +0000] "GET /buy.php?detail/10003490574103 HTTP/1.1" 200 171063 "https://inception-blue.com/buy.php?detail/24804006596600" "Mozilla/5.0 AppleWebKit/537.36 (KHTML, like Gecko; compatible; GPTBot/1.3; +https://openai.com/gptbot)"
74.7.241.28 - - [20/Mar/2026:14:56:06 +0000] "GET /buy.php?detail/22602023137747 HTTP/1.1" 200 145391 "https://inception-blue.com/buy.php?detail/24804006596600" "Mozilla/5.0 AppleWebKit/537.36 (KHTML, like Gecko; compatible; GPTBot/1.3; +https://openai.com/gptbot)"
74.7.241.28 - - [20/Mar/2026:14:56:09 +0000] "GET /buy.php?detail/16703254255310 HTTP/1.1" 200 154074 "https://inception-blue.com/buy.php?jp/156014420.html" "Mozilla/5.0 AppleWebKit/537.36 (KHTML, like Gecko; compatible; GPTBot/1.3; +https://openai.com/gptbot)"
74.7.241.28 - - [20/Mar/2026:14:56:12 +0000] "GET /buy.php?detail/09500820311708 HTTP/1.1" 200 158202 "https://inception-blue.com/buy.php?detail/04000911394532" "Mozilla/5.0 AppleWebKit/537.36 (KHTML, like Gecko; compatible; GPTBot/1.3; +https://openai.com/gptbot)"
66.249.77.7 - - [20/Mar/2026:14:56:15 +0000] "GET /tkonline-un-070759 HTTP/1.1" 200 381642 "-" "Mozilla/5.0 (Linux; Android 6.0.1; Nexus 5X Build/MMB29P) AppleWebKit/537.36 (KHTML, like Gecko) Chrome/145.0.7632.159 Mobile Safari/537.36 (compatible; GoogleOther)"
74.7.241.28 - - [20/Mar/2026:14:56:15 +0000] "GET /buy.php?detail/24103148003126 HTTP/1.1" 200 158365 "https://inception-blue.com/buy.php?detail/24103140945544" "Mozilla/5.0 AppleWebKit/537.36 (KHTML, like Gecko; compatible; GPTBot/1.3; +https://openai.com/gptbot)"
66.249.77.8 - - [20/Mar/2026:14:56:18 +0000] "GET /auc-drop-sh10-2508-84 HTTP/1.1" 200 411272 "-" "Mozilla/5.0 (Linux; Android 6.0.1; Nexus 5X Build/MMB29P) AppleWebKit/537.36 (KHTML, like Gecko) Chrome/145.0.7632.159 Mobile Safari/537.36 (compatible; GoogleOther)"
74.7.241.28 - - [20/Mar/2026:14:56:19 +0000] "GET /buy.php?detail/18602403490892 HTTP/1.1" 200 156820 "https://inception-blue.com/buy.php?detail/09304179992687" "Mozilla/5.0 AppleWebKit/537.36 (KHTML, like Gecko; compatible; GPTBot/1.3; +https://openai.com/gptbot)"
66.249.77.7 - - [20/Mar/2026:14:56:21 +0000] "GET /?t=gen115zcldc1359jomjgowhgz HTTP/1.1" 200 376443 "-" "Mozilla/5.0 (Linux; Android 6.0.1; Nexus 5X Build/MMB29P) AppleWebKit/537.36 (KHTML, like Gecko) Chrome/145.0.7632.159 Mobile Safari/537.36 (compatible; GoogleOther)"
74.7.241.28 - - [20/Mar/2026:14:56:22 +0000] "GET /buy.php?detail/09400113707859 HTTP/1.1" 200 157354 "https://inception-blue.com/buy.php?detail/09403801051461" "Mozilla/5.0 AppleWebKit/537.36 (KHTML, like Gecko; compatible; GPTBot/1.3; +https://openai.com/gptbot)"
66.249.77.8 - - [20/Mar/2026:14:56:24 +0000] "GET /lady-maki-asc-rl-9010-1 HTTP/1.1" 200 394262 "-" "Mozilla/5.0 (Linux; Android 6.0.1; Nexus 5X Build/MMB29P) AppleWebKit/537.36 (KHTML, like Gecko) Chrome/145.0.7632.159 Mobile Safari/537.36 (compatible; GoogleOther)"
74.7.241.28 - - [20/Mar/2026:14:56:25 +0000] "GET /buy.php?detail/10900776909351 HTTP/1.1" 200 152607 "https://inception-blue.com/buy.php?detail/10903861771863" "Mozilla/5.0 AppleWebKit/537.36 (KHTML, like Gecko; compatible; GPTBot/1.3; +https://openai.com/gptbot)"
74.7.241.28 - - [20/Mar/2026:14:56:28 +0000] "GET /buy.php?detail/22801391589255 HTTP/1.1" 200 155760 "https://inception-blue.com/buy.php?detail/10903861771863" "Mozilla/5.0 AppleWebKit/537.36 (KHTML, like Gecko; compatible; GPTBot/1.3; +https://openai.com/gptbot)"
74.7.241.28 - - [20/Mar/2026:14:56:32 +0000] "GET /buy.php?m65283667000 HTTP/1.1" 200 171915 "https://inception-blue.com/buy.php?detail/10903861771863" "Mozilla/5.0 AppleWebKit/537.36 (KHTML, like Gecko; compatible; GPTBot/1.3; +https://openai.com/gptbot)"
173.254.29.95 - - [20/Mar/2026:14:56:35 +0000] "GET /wp-login.php HTTP/1.1" 200 84587 "-" "Mozilla/5.0 (Windows NT 6.1) AppleWebKit/537.36 (KHTML, like Gecko) Chrome/65.0.3325.146 Safari/537.36"
74.7.241.28 - - [20/Mar/2026:14:56:35 +0000] "GET /buy.php?detail/24001238136431 HTTP/1.1" 200 152654 "https://inception-blue.com/buy.php?detail/24002544030765" "Mozilla/5.0 AppleWebKit/537.36 (KHTML, like Gecko; compatible; GPTBot/1.3; +https://openai.com/gptbot)"
173.254.29.95 - - [20/Mar/2026:14:56:37 +0000] "POST /wp-login.php HTTP/1.1" 200 84899 "https://inception-blue.com/wp-login.php" "Mozilla/5.0 (Windows NT 6.1) AppleWebKit/537.36 (KHTML, like Gecko) Chrome/65.0.3325.146 Safari/537.36"
69.6.213.238 - - [20/Mar/2026:14:56:38 +0000] "GET /wp-login.php HTTP/1.1" 200 84587 "-" "Mozilla/5.0 (Windows NT 10.0; WOW64; Trident/7.0; TBTE; rv:11.0) like Gecko"
74.7.241.28 - - [20/Mar/2026:14:56:38 +0000] "GET /buy.php?detail/10001180539056 HTTP/1.1" 200 154185 "https://inception-blue.com/buy.php?detail/10003490574103" "Mozilla/5.0 AppleWebKit/537.36 (KHTML, like Gecko; compatible; GPTBot/1.3; +https://openai.com/gptbot)"
69.6.213.238 - - [20/Mar/2026:14:56:40 +0000] "POST /wp-login.php HTTP/1.1" 200 84899 "https://inception-blue.com/wp-login.php" "Mozilla/5.0 (Windows NT 10.0; WOW64; Trident/7.0; TBTE; rv:11.0) like Gecko"
159.223.142.74 - - [20/Mar/2026:14:56:36 +0000] "POST /wp-cron.php?doing_wp_cron=1774018595.9747650623321533203125 HTTP/1.1" 403 185482 "-" "WordPress/6.9.4; https://inception-blue.com"
159.223.142.74 - - [20/Mar/2026:14:56:42 +0000] "POST /wp-cron.php?doing_wp_cron=1774018602.3298859596252441406250 HTTP/1.1" 403 185482 "-" "WordPress/6.9.4; https://inception-blue.com"
159.223.142.74 - - [20/Mar/2026:14:56:42 +0000] "POST /wp-cron.php?doing_wp_cron=1774018602.3512549400329589843750 HTTP/1.1" 403 185482 "-" "WordPress/6.9.4; https://inception-blue.com"
159.223.142.74 - - [20/Mar/2026:14:56:42 +0000] "POST /wp-cron.php?doing_wp_cron=1774018602.4650189876556396484375 HTTP/1.1" 403 185482 "-" "WordPress/6.9.4; https://inception-blue.com"
159.223.142.74 - - [20/Mar/2026:14:56:41 +0000] "POST /wp-cron.php?doing_wp_cron=1774018601.3105928897857666015625 HTTP/1.1" 403 185482 "-" "WordPress/6.9.4; https://inception-blue.com"
159.223.142.74 - - [20/Mar/2026:14:56:41 +0000] "POST /wp-cron.php?doing_wp_cron=1774018601.5869240760803222656250 HTTP/1.1" 403 185482 "-" "WordPress/6.9.4; https://inception-blue.com"
159.223.142.74 - - [20/Mar/2026:14:56:39 +0000] "POST /wp-cron.php?doing_wp_cron=1774018598.5786230564117431640625 HTTP/1.1" 403 185482 "-" "WordPress/6.9.4; https://inception-blue.com"
159.223.142.74 - - [20/Mar/2026:14:56:41 +0000] "POST /wp-cron.php?doing_wp_cron=1774018600.7562880516052246093750 HTTP/1.1" 403 185482 "-" "WordPress/6.9.4; https://inception-blue.com"
