216.73.216.36 - - [20/Mar/2026:14:33:48 +0000] "GET /product/038019023?dir=%2Fhome%2Finceptionblue%2Fpublic_html%2Fwp-includes%2Fcertificates HTTP/1.1" 200 126847 "-" "Mozilla/5.0 AppleWebKit/537.36 (KHTML, like Gecko; compatible; ClaudeBot/1.0; +claudebot@anthropic.com)"
74.7.241.28 - - [20/Mar/2026:14:33:49 +0000] "GET /buy.php?140001123.htm HTTP/1.1" 200 153185 "https://inception-blue.com/buy.php?140001193.htm" "Mozilla/5.0 AppleWebKit/537.36 (KHTML, like Gecko; compatible; GPTBot/1.3; +https://openai.com/gptbot)"
216.73.216.36 - - [20/Mar/2026:14:33:51 +0000] "GET /product/024022087?dir=%2Fhome%2Finceptionblue%2Fpublic_html%2Fwp-includes%2Fblocks%2Fsite-logo HTTP/1.1" 200 140266 "-" "Mozilla/5.0 AppleWebKit/537.36 (KHTML, like Gecko; compatible; ClaudeBot/1.0; +claudebot@anthropic.com)"
74.7.241.28 - - [20/Mar/2026:14:33:52 +0000] "GET /buy.php?183000252.htm HTTP/1.1" 200 161060 "https://inception-blue.com/buy.php?183000364.htm" "Mozilla/5.0 AppleWebKit/537.36 (KHTML, like Gecko; compatible; GPTBot/1.3; +https://openai.com/gptbot)"
216.73.216.36 - - [20/Mar/2026:14:33:54 +0000] "GET /product/038019023?dir=%2Fhome%2Finceptionblue%2Fpublic_html%2Fwp-admin&read=%2Fhome%2Finceptionblue%2Fpublic_html%2Fwp-admin%2Finstall.php HTTP/1.1" 200 141440 "-" "Mozilla/5.0 AppleWebKit/537.36 (KHTML, like Gecko; compatible; ClaudeBot/1.0; +claudebot@anthropic.com)"
74.7.241.28 - - [20/Mar/2026:14:33:55 +0000] "GET /buy.php?detail/17401982413753 HTTP/1.1" 200 152364 "https://inception-blue.com/buy.php?detail/17402215091033" "Mozilla/5.0 AppleWebKit/537.36 (KHTML, like Gecko; compatible; GPTBot/1.3; +https://openai.com/gptbot)"
216.73.216.36 - - [20/Mar/2026:14:33:57 +0000] "GET /product/037008832?dir=%2Fhome%2Finceptionblue%2Fpublic_html%2Fwp-admin%2Fcss&read=%2Fhome%2Finceptionblue%2Fpublic_html%2Fwp-admin%2Fcss%2Fthemes.min.css HTTP/1.1" 200 153413 "-" "Mozilla/5.0 AppleWebKit/537.36 (KHTML, like Gecko; compatible; ClaudeBot/1.0; +claudebot@anthropic.com)"
74.7.241.28 - - [20/Mar/2026:14:33:58 +0000] "GET /buy.php?detail/22001589184706 HTTP/1.1" 200 157606 "https://inception-blue.com/buy.php?detail/22000227574535" "Mozilla/5.0 AppleWebKit/537.36 (KHTML, like Gecko; compatible; GPTBot/1.3; +https://openai.com/gptbot)"
216.73.216.36 - - [20/Mar/2026:14:34:00 +0000] "GET /product/024022087?dir=%2Fhome%2Finceptionblue%2Fpublic_html%2Fwp-admin&read=%2Fhome%2Finceptionblue%2Fpublic_html%2Fwp-admin%2Fadmin-footer.php HTTP/1.1" 200 123230 "-" "Mozilla/5.0 AppleWebKit/537.36 (KHTML, like Gecko; compatible; ClaudeBot/1.0; +claudebot@anthropic.com)"
74.7.241.28 - - [20/Mar/2026:14:34:01 +0000] "GET /buy.php?jp/211012855.html HTTP/1.1" 200 171123 "https://inception-blue.com/buy.php?detail/21103460829626" "Mozilla/5.0 AppleWebKit/537.36 (KHTML, like Gecko; compatible; GPTBot/1.3; +https://openai.com/gptbot)"
216.73.216.36 - - [20/Mar/2026:14:34:03 +0000] "GET /product/024022087?dir=%2Fhome%2Finceptionblue%2Fpublic_html%2Fwp-admin&read=%2Fhome%2Finceptionblue%2Fpublic_html%2Fwp-admin%2Flink.php HTTP/1.1" 200 122963 "-" "Mozilla/5.0 AppleWebKit/537.36 (KHTML, like Gecko; compatible; ClaudeBot/1.0; +claudebot@anthropic.com)"
74.7.241.28 - - [20/Mar/2026:14:34:05 +0000] "GET /buy.php?detail/21101287829441 HTTP/1.1" 200 169997 "https://inception-blue.com/buy.php?detail/21103460829626" "Mozilla/5.0 AppleWebKit/537.36 (KHTML, like Gecko; compatible; GPTBot/1.3; +https://openai.com/gptbot)"
216.73.216.36 - - [20/Mar/2026:14:34:06 +0000] "GET /product/024022087?dir=%2Fhome%2Finceptionblue%2Fpublic_html%2Fwp-admin&read=%2Fhome%2Finceptionblue%2Fpublic_html%2Fwp-admin%2Fprivacy.php HTTP/1.1" 200 123471 "-" "Mozilla/5.0 AppleWebKit/537.36 (KHTML, like Gecko; compatible; ClaudeBot/1.0; +claudebot@anthropic.com)"
74.7.241.28 - - [20/Mar/2026:14:34:08 +0000] "GET /buy.php?detail/27003853994892 HTTP/1.1" 200 153160 "https://inception-blue.com/buy.php?detail/27002132600198" "Mozilla/5.0 AppleWebKit/537.36 (KHTML, like Gecko; compatible; GPTBot/1.3; +https://openai.com/gptbot)"
216.73.216.36 - - [20/Mar/2026:14:34:09 +0000] "GET /product/216002177?dir=%2Fvar%2Fimunify360%2Fcleanup_storage HTTP/1.1" 200 185482 "-" "Mozilla/5.0 AppleWebKit/537.36 (KHTML, like Gecko; compatible; ClaudeBot/1.0; +claudebot@anthropic.com)"
216.73.216.36 - - [20/Mar/2026:14:34:12 +0000] "GET /product/038019023?dir=%2Fhome%2Finceptionblue%2Fpublic_html%2Fwp-includes&read=%2Fhome%2Finceptionblue%2Fpublic_html%2Fwp-includes%2Fclass-wp.php HTTP/1.1" 200 147210 "-" "Mozilla/5.0 AppleWebKit/537.36 (KHTML, like Gecko; compatible; ClaudeBot/1.0; +claudebot@anthropic.com)"
74.7.241.28 - - [20/Mar/2026:14:34:11 +0000] "GET /buy.php?detail/29700547978974 HTTP/1.1" 200 155189 "https://inception-blue.com/buy.php?detail/29701749043525" "Mozilla/5.0 AppleWebKit/537.36 (KHTML, like Gecko; compatible; GPTBot/1.3; +https://openai.com/gptbot)"
216.73.216.36 - - [20/Mar/2026:14:34:15 +0000] "GET /product/037008832?dir=%2Fhome%2Finceptionblue%2Fpublic_html%2Fwp-admin&read=%2Fhome%2Finceptionblue%2Fpublic_html%2Fwp-admin%2Ftools.php HTTP/1.1" 200 123799 "-" "Mozilla/5.0 AppleWebKit/537.36 (KHTML, like Gecko; compatible; ClaudeBot/1.0; +claudebot@anthropic.com)"
74.7.241.28 - - [20/Mar/2026:14:34:14 +0000] "GET /buy.php?detail/02702644790376 HTTP/1.1" 200 145533 "https://inception-blue.com/buy.php?detail/29701749043525" "Mozilla/5.0 AppleWebKit/537.36 (KHTML, like Gecko; compatible; GPTBot/1.3; +https://openai.com/gptbot)"
216.73.216.36 - - [20/Mar/2026:14:34:18 +0000] "GET /product/037008832?dir=%2Fhome%2Finceptionblue%2Fpublic_html%2Fwp-admin%2Fcss&read=%2Fhome%2Finceptionblue%2Fpublic_html%2Fwp-admin%2Fcss%2Fthemes-rtl.css HTTP/1.1" 200 162778 "-" "Mozilla/5.0 AppleWebKit/537.36 (KHTML, like Gecko; compatible; ClaudeBot/1.0; +claudebot@anthropic.com)"
74.7.241.28 - - [20/Mar/2026:14:34:18 +0000] "GET /buy.php?detail/27003787389665 HTTP/1.1" 200 152762 "https://inception-blue.com/buy.php?detail/27002132600198" "Mozilla/5.0 AppleWebKit/537.36 (KHTML, like Gecko; compatible; GPTBot/1.3; +https://openai.com/gptbot)"
216.73.216.36 - - [20/Mar/2026:14:34:21 +0000] "GET /product/024022087?dir=%2Fhome%2Finceptionblue%2Fpublic_html%2Fwp-includes%2Fblocks&read=%2Fhome%2Finceptionblue%2Fpublic_html%2Fwp-includes%2Fblocks%2Flist.php HTTP/1.1" 200 121374 "-" "Mozilla/5.0 AppleWebKit/537.36 (KHTML, like Gecko; compatible; ClaudeBot/1.0; +claudebot@anthropic.com)"
74.7.241.28 - - [20/Mar/2026:14:34:21 +0000] "GET /buy.php?detail/18300039850891 HTTP/1.1" 200 161601 "https://inception-blue.com/buy.php?183000316.htm" "Mozilla/5.0 AppleWebKit/537.36 (KHTML, like Gecko; compatible; GPTBot/1.3; +https://openai.com/gptbot)"
216.73.216.36 - - [20/Mar/2026:14:34:24 +0000] "GET /product/024022087?dir=%2Fhome%2Finceptionblue%2Fpublic_html%2Fwp-admin&read=%2Fhome%2Finceptionblue%2Fpublic_html%2Fwp-admin%2Ferror_log HTTP/1.1" 200 135807 "-" "Mozilla/5.0 AppleWebKit/537.36 (KHTML, like Gecko; compatible; ClaudeBot/1.0; +claudebot@anthropic.com)"
74.7.241.28 - - [20/Mar/2026:14:34:24 +0000] "GET /buy.php?m97443333160 HTTP/1.1" 200 155241 "https://inception-blue.com/buy.php?detail/12903361486065" "Mozilla/5.0 AppleWebKit/537.36 (KHTML, like Gecko; compatible; GPTBot/1.3; +https://openai.com/gptbot)"
216.73.216.36 - - [20/Mar/2026:14:34:27 +0000] "GET /product/037008832?dir=%2Fhome%2Finceptionblue%2Fpublic_html%2Fwp-admin&read=%2Fhome%2Finceptionblue%2Fpublic_html%2Fwp-admin%2Fms-users.php HTTP/1.1" 200 120203 "-" "Mozilla/5.0 AppleWebKit/537.36 (KHTML, like Gecko; compatible; ClaudeBot/1.0; +claudebot@anthropic.com)"
159.223.142.74 - - [20/Mar/2026:14:34:28 +0000] "POST /wp-cron.php?doing_wp_cron=1774017268.7184729576110839843750 HTTP/1.1" 403 185482 "-" "WordPress/6.9.4; https://inception-blue.com"
74.7.241.28 - - [20/Mar/2026:14:34:27 +0000] "GET /buy.php?009048312.htm HTTP/1.1" 200 153156 "https://inception-blue.com/buy.php?183000252.htm" "Mozilla/5.0 AppleWebKit/537.36 (KHTML, like Gecko; compatible; GPTBot/1.3; +https://openai.com/gptbot)"
216.73.216.36 - - [20/Mar/2026:14:34:30 +0000] "GET /product/038019023?dir=%2Fhome%2Finceptionblue%2Fpublic_html%2Fwp-includes%2Fcss&read=%2Fhome%2Finceptionblue%2Fpublic_html%2Fwp-includes%2Fcss%2Fwp-auth-check.min.css HTTP/1.1" 200 121981 "-" "Mozilla/5.0 AppleWebKit/537.36 (KHTML, like Gecko; compatible; ClaudeBot/1.0; +claudebot@anthropic.com)"
74.7.241.28 - - [20/Mar/2026:14:34:31 +0000] "GET /buy.php?m45490636665 HTTP/1.1" 200 153875 "https://inception-blue.com/buy.php?detail/21103460829626" "Mozilla/5.0 AppleWebKit/537.36 (KHTML, like Gecko; compatible; GPTBot/1.3; +https://openai.com/gptbot)"
216.73.216.36 - - [20/Mar/2026:14:34:33 +0000] "GET /product/024022087?dir=%2Fhome%2Finceptionblue%2Fpublic_html%2Fwp-admin%2Fjs&read=%2Fhome%2Finceptionblue%2Fpublic_html%2Fwp-admin%2Fjs%2Fedit-comments.js HTTP/1.1" 200 158594 "-" "Mozilla/5.0 AppleWebKit/537.36 (KHTML, like Gecko; compatible; ClaudeBot/1.0; +claudebot@anthropic.com)"
74.7.241.28 - - [20/Mar/2026:14:34:34 +0000] "GET /buy.php?detail/22001491591424 HTTP/1.1" 200 157830 "https://inception-blue.com/buy.php?detail/22001589184706" "Mozilla/5.0 AppleWebKit/537.36 (KHTML, like Gecko; compatible; GPTBot/1.3; +https://openai.com/gptbot)"
216.73.216.36 - - [20/Mar/2026:14:34:36 +0000] "GET /product/037008832?dir=%2Fhome%2Finceptionblue%2Fpublic_html%2Fwp-admin%2Fcss&read=%2Fhome%2Finceptionblue%2Fpublic_html%2Fwp-admin%2Fcss%2Fabout-rtl.min.css HTTP/1.1" 200 156602 "-" "Mozilla/5.0 AppleWebKit/537.36 (KHTML, like Gecko; compatible; ClaudeBot/1.0; +claudebot@anthropic.com)"
74.7.241.28 - - [20/Mar/2026:14:34:37 +0000] "GET /buy.php?202016333.htm HTTP/1.1" 200 160728 "https://inception-blue.com/buy.php?183000252.htm" "Mozilla/5.0 AppleWebKit/537.36 (KHTML, like Gecko; compatible; GPTBot/1.3; +https://openai.com/gptbot)"
216.73.216.36 - - [20/Mar/2026:14:34:39 +0000] "GET /product/038019023?dir=%2Fhome%2Finceptionblue%2Fmail HTTP/1.1" 200 150565 "-" "Mozilla/5.0 AppleWebKit/537.36 (KHTML, like Gecko; compatible; ClaudeBot/1.0; +claudebot@anthropic.com)"
74.7.241.28 - - [20/Mar/2026:14:34:40 +0000] "GET /buy.php?detail/18602577850134 HTTP/1.1" 200 153352 "https://inception-blue.com/buy.php?detail/18602401139662" "Mozilla/5.0 AppleWebKit/537.36 (KHTML, like Gecko; compatible; GPTBot/1.3; +https://openai.com/gptbot)"
216.73.216.36 - - [20/Mar/2026:14:34:42 +0000] "GET /product/024022087?dir=%2Fhome%2Finceptionblue%2Fpublic_html%2Fwp-includes%2Fblocks%2Fseparator&read=%2Fhome%2Finceptionblue%2Fpublic_html%2Fwp-includes%2Fblocks%2Fseparator%2Feditor-rtl.css HTTP/1.1" 200 120272 "-" "Mozilla/5.0 AppleWebKit/537.36 (KHTML, like Gecko; compatible; ClaudeBot/1.0; +claudebot@anthropic.com)"
74.7.241.28 - - [20/Mar/2026:14:34:43 +0000] "GET /buy.php?detail/28303951276019 HTTP/1.1" 200 161052 "https://inception-blue.com/buy.php?detail/28304741411959" "Mozilla/5.0 AppleWebKit/537.36 (KHTML, like Gecko; compatible; GPTBot/1.3; +https://openai.com/gptbot)"
216.73.216.36 - - [20/Mar/2026:14:34:45 +0000] "GET /product/037008832?dir=%2Fhome%2Finceptionblue%2Fpublic_html%2Fwp-admin%2Fcss&read=%2Fhome%2Finceptionblue%2Fpublic_html%2Fwp-admin%2Fcss%2Flogin.min.css HTTP/1.1" 200 126430 "-" "Mozilla/5.0 AppleWebKit/537.36 (KHTML, like Gecko; compatible; ClaudeBot/1.0; +claudebot@anthropic.com)"
74.7.241.28 - - [20/Mar/2026:14:34:46 +0000] "GET /buy.php?detail/21902287494340 HTTP/1.1" 200 162724 "https://inception-blue.com/buy.php?detail/29700547978974" "Mozilla/5.0 AppleWebKit/537.36 (KHTML, like Gecko; compatible; GPTBot/1.3; +https://openai.com/gptbot)"
216.73.216.36 - - [20/Mar/2026:14:34:49 +0000] "GET /product/038019023?dir=%2Fhome%2Finceptionblue%2Fpublic_html%2Fwp-admin&read=%2Fhome%2Finceptionblue%2Fpublic_html%2Fwp-admin%2Fmy-sites.php HTTP/1.1" 200 125422 "-" "Mozilla/5.0 AppleWebKit/537.36 (KHTML, like Gecko; compatible; ClaudeBot/1.0; +claudebot@anthropic.com)"
74.7.241.28 - - [20/Mar/2026:14:34:49 +0000] "GET /buy.php?detail/14300733876982 HTTP/1.1" 200 155994 "https://inception-blue.com/buy.php?183000364.htm" "Mozilla/5.0 AppleWebKit/537.36 (KHTML, like Gecko; compatible; GPTBot/1.3; +https://openai.com/gptbot)"
216.73.216.36 - - [20/Mar/2026:14:34:51 +0000] "GET /product/038019023?dir=%2Fhome%2Finceptionblue%2Fpublic_html%2Fwp-content&read=%2Fhome%2Finceptionblue%2Fpublic_html%2Fwp-content%2Fmaintenance.php HTTP/1.1" 200 123146 "-" "Mozilla/5.0 AppleWebKit/537.36 (KHTML, like Gecko; compatible; ClaudeBot/1.0; +claudebot@anthropic.com)"
216.73.216.36 - - [20/Mar/2026:14:34:54 +0000] "GET /product/024022087?dir=%2Fhome%2Finceptionblue%2Fpublic_html%2Fwp-includes%2Fjs&read=%2Fhome%2Finceptionblue%2Fpublic_html%2Fwp-includes%2Fjs%2Fwp-emoji-loader.js HTTP/1.1" 200 133393 "-" "Mozilla/5.0 AppleWebKit/537.36 (KHTML, like Gecko; compatible; ClaudeBot/1.0; +claudebot@anthropic.com)"
74.7.241.28 - - [20/Mar/2026:14:34:52 +0000] "GET /buy.php?detail/15303545066096 HTTP/1.1" 200 156625 "https://inception-blue.com/buy.php?detail/27003787389665" "Mozilla/5.0 AppleWebKit/537.36 (KHTML, like Gecko; compatible; GPTBot/1.3; +https://openai.com/gptbot)"
66.249.77.3 - - [20/Mar/2026:14:34:57 +0000] "GET /?jp/016049222.html HTTP/1.1" 200 387701 "-" "Mozilla/5.0 (Linux; Android 6.0.1; Nexus 5X Build/MMB29P) AppleWebKit/537.36 (KHTML, like Gecko) Chrome/145.0.7632.159 Mobile Safari/537.36 (compatible; Googlebot/2.1; +http://www.google.com/bot.html)"
216.73.216.36 - - [20/Mar/2026:14:34:57 +0000] "GET /product/216002177?dir=%2Fhome%2Finceptionblue%2Fmail%2F.Junk%2Fnew HTTP/1.1" 200 123464 "-" "Mozilla/5.0 AppleWebKit/537.36 (KHTML, like Gecko; compatible; ClaudeBot/1.0; +claudebot@anthropic.com)"
74.7.241.28 - - [20/Mar/2026:14:34:56 +0000] "GET /buy.php?detail/18300096725307 HTTP/1.1" 200 152365 "https://inception-blue.com/buy.php?detail/18300039850891" "Mozilla/5.0 AppleWebKit/537.36 (KHTML, like Gecko; compatible; GPTBot/1.3; +https://openai.com/gptbot)"
74.7.241.28 - - [20/Mar/2026:14:34:59 +0000] "GET /buy.php?detail/22001496895567 HTTP/1.1" 200 158343 "https://inception-blue.com/buy.php?detail/22001589184706" "Mozilla/5.0 AppleWebKit/537.36 (KHTML, like Gecko; compatible; GPTBot/1.3; +https://openai.com/gptbot)"
216.73.216.36 - - [20/Mar/2026:14:35:04 +0000] "GET /product/038019023?dir=%2Fhome%2Finceptionblue%2Fpublic_html%2Fwp-includes%2FPHPMailer&read=%2Fhome%2Finceptionblue%2Fpublic_html%2Fwp-includes%2FPHPMailer%2FOAuth.php HTTP/1.1" 200 123973 "-" "Mozilla/5.0 AppleWebKit/537.36 (KHTML, like Gecko; compatible; ClaudeBot/1.0; +claudebot@anthropic.com)"
74.7.241.28 - - [20/Mar/2026:14:35:02 +0000] "GET /buy.php?detail/14504238431769 HTTP/1.1" 200 143491 "https://inception-blue.com/buy.php?jp/145042384.html" "Mozilla/5.0 AppleWebKit/537.36 (KHTML, like Gecko; compatible; GPTBot/1.3; +https://openai.com/gptbot)"
216.73.216.36 - - [20/Mar/2026:14:35:06 +0000] "GET /product/038019023?dir=%2Fhome%2Finceptionblue%2Fpublic_html%2Fwp-includes&read=%2Fhome%2Finceptionblue%2Fpublic_html%2Fwp-includes%2F.htaccess HTTP/1.1" 200 120243 "-" "Mozilla/5.0 AppleWebKit/537.36 (KHTML, like Gecko; compatible; ClaudeBot/1.0; +claudebot@anthropic.com)"
74.7.241.28 - - [20/Mar/2026:14:35:06 +0000] "GET /buy.php?006000613.htm HTTP/1.1" 200 158027 "https://inception-blue.com/buy.php?m45490636665" "Mozilla/5.0 AppleWebKit/537.36 (KHTML, like Gecko; compatible; GPTBot/1.3; +https://openai.com/gptbot)"
216.73.216.36 - - [20/Mar/2026:14:35:10 +0000] "GET /product/024022087?dir=%2Fhome%2Finceptionblue%2Fpublic_html%2Fwp-includes%2Fjs&read=%2Fhome%2Finceptionblue%2Fpublic_html%2Fwp-includes%2Fjs%2Fautosave.js HTTP/1.1" 200 142661 "-" "Mozilla/5.0 AppleWebKit/537.36 (KHTML, like Gecko; compatible; ClaudeBot/1.0; +claudebot@anthropic.com)"
74.7.241.28 - - [20/Mar/2026:14:35:09 +0000] "GET /buy.php?detail/2200133849251 HTTP/1.1" 200 168644 "https://inception-blue.com/buy.php?detail/22001491591424" "Mozilla/5.0 AppleWebKit/537.36 (KHTML, like Gecko; compatible; GPTBot/1.3; +https://openai.com/gptbot)"
216.73.216.36 - - [20/Mar/2026:14:35:13 +0000] "GET /product/024022087?dir=%2Fhome%2Finceptionblue%2Fpublic_html%2Fwp-includes%2Fjs&read=%2Fhome%2Finceptionblue%2Fpublic_html%2Fwp-includes%2Fjs%2Fwplink.js HTTP/1.1" 200 141741 "-" "Mozilla/5.0 AppleWebKit/537.36 (KHTML, like Gecko; compatible; ClaudeBot/1.0; +claudebot@anthropic.com)"
74.7.241.28 - - [20/Mar/2026:14:35:12 +0000] "GET /buy.php?239022266.htm HTTP/1.1" 200 155921 "https://inception-blue.com/buy.php?202016333.htm" "Mozilla/5.0 AppleWebKit/537.36 (KHTML, like Gecko; compatible; GPTBot/1.3; +https://openai.com/gptbot)"
216.73.216.36 - - [20/Mar/2026:14:35:16 +0000] "GET /product/024022087?dir=%2Fhome%2Finceptionblue%2Fpublic_html%2Fwp-includes%2Fjs&read=%2Fhome%2Finceptionblue%2Fpublic_html%2Fwp-includes%2Fjs%2Funderscore.js HTTP/1.1" 200 189845 "-" "Mozilla/5.0 AppleWebKit/537.36 (KHTML, like Gecko; compatible; ClaudeBot/1.0; +claudebot@anthropic.com)"
74.7.241.28 - - [20/Mar/2026:14:35:15 +0000] "GET /buy.php?detail/03103967359732 HTTP/1.1" 200 154987 "https://inception-blue.com/buy.php?detail/18602577850134" "Mozilla/5.0 AppleWebKit/537.36 (KHTML, like Gecko; compatible; GPTBot/1.3; +https://openai.com/gptbot)"
216.73.216.36 - - [20/Mar/2026:14:35:19 +0000] "GET /product/024022087?dir=%2Fhome%2Finceptionblue%2Fpublic_html%2Fwp-includes%2Fblocks%2Fsearch&read=%2Fhome%2Finceptionblue%2Fpublic_html%2Fwp-includes%2Fblocks%2Fsearch%2Ftheme-rtl.min.css HTTP/1.1" 200 120268 "-" "Mozilla/5.0 AppleWebKit/537.36 (KHTML, like Gecko; compatible; ClaudeBot/1.0; +claudebot@anthropic.com)"
74.7.241.28 - - [20/Mar/2026:14:35:18 +0000] "GET /buy.php?detail/01102131897541 HTTP/1.1" 200 156005 "https://inception-blue.com/buy.php?detail/28303951276019" "Mozilla/5.0 AppleWebKit/537.36 (KHTML, like Gecko; compatible; GPTBot/1.3; +https://openai.com/gptbot)"
216.73.216.36 - - [20/Mar/2026:14:35:22 +0000] "GET /product/038019023?dir=%2Fhome%2Finceptionblue%2Fpublic_html%2Fwp-includes%2Fpomo&read=%2Fhome%2Finceptionblue%2Fpublic_html%2Fwp-includes%2Fpomo%2Fentry.php HTTP/1.1" 200 124039 "-" "Mozilla/5.0 AppleWebKit/537.36 (KHTML, like Gecko; compatible; ClaudeBot/1.0; +claudebot@anthropic.com)"
74.7.241.28 - - [20/Mar/2026:14:35:22 +0000] "GET /buy.php?goods/219016722 HTTP/1.1" 200 160172 "https://inception-blue.com/buy.php?detail/21902287494340" "Mozilla/5.0 AppleWebKit/537.36 (KHTML, like Gecko; compatible; GPTBot/1.3; +https://openai.com/gptbot)"
216.73.216.36 - - [20/Mar/2026:14:35:24 +0000] "GET /product/024022087?dir=%2Fhome%2Finceptionblue%2Fpublic_html%2Fwp-includes%2Fsitemaps&read=%2Fhome%2Finceptionblue%2Fpublic_html%2Fwp-includes%2Fsitemaps%2F.htaccess HTTP/1.1" 200 120320 "-" "Mozilla/5.0 AppleWebKit/537.36 (KHTML, like Gecko; compatible; ClaudeBot/1.0; +claudebot@anthropic.com)"
74.7.241.28 - - [20/Mar/2026:14:35:25 +0000] "GET /buy.php?detail/21901706966774 HTTP/1.1" 200 154410 "https://inception-blue.com/buy.php?detail/21902287494340" "Mozilla/5.0 AppleWebKit/537.36 (KHTML, like Gecko; compatible; GPTBot/1.3; +https://openai.com/gptbot)"
216.73.216.36 - - [20/Mar/2026:14:35:28 +0000] "GET /product/024022087?dir=%2Fhome%2Finceptionblue%2Fpublic_html%2Fwp-includes%2Fjs&read=%2Fhome%2Finceptionblue%2Fpublic_html%2Fwp-includes%2Fjs%2Fmedia-models.js HTTP/1.1" 200 163968 "-" "Mozilla/5.0 AppleWebKit/537.36 (KHTML, like Gecko; compatible; ClaudeBot/1.0; +claudebot@anthropic.com)"
159.223.142.74 - - [20/Mar/2026:14:35:28 +0000] "POST /wp-cron.php?doing_wp_cron=1774017328.9011769294738769531250 HTTP/1.1" 403 185482 "-" "WordPress/6.9.4; https://inception-blue.com"
74.7.241.28 - - [20/Mar/2026:14:35:28 +0000] "GET /buy.php?detail/14300632331846 HTTP/1.1" 200 156357 "https://inception-blue.com/buy.php?detail/14300733876982" "Mozilla/5.0 AppleWebKit/537.36 (KHTML, like Gecko; compatible; GPTBot/1.3; +https://openai.com/gptbot)"
216.73.216.36 - - [20/Mar/2026:14:35:31 +0000] "GET /product/260024707?dir=%2Fhome%2Finceptionblue%2Fpublic_html%2Fwp-content%2Fmaintenance%2Fassets HTTP/1.1" 200 131712 "-" "Mozilla/5.0 AppleWebKit/537.36 (KHTML, like Gecko; compatible; ClaudeBot/1.0; +claudebot@anthropic.com)"
74.7.241.28 - - [20/Mar/2026:14:35:31 +0000] "GET /buy.php?detail/15302383558213 HTTP/1.1" 200 161709 "https://inception-blue.com/buy.php?detail/15303545066096" "Mozilla/5.0 AppleWebKit/537.36 (KHTML, like Gecko; compatible; GPTBot/1.3; +https://openai.com/gptbot)"
216.73.216.36 - - [20/Mar/2026:14:35:34 +0000] "GET /product/037008832?dir=%2Fhome%2Finceptionblue%2Fpublic_html&read=%2Fhome%2Finceptionblue%2Fpublic_html%2F123.php HTTP/1.1" 200 119966 "-" "Mozilla/5.0 AppleWebKit/537.36 (KHTML, like Gecko; compatible; ClaudeBot/1.0; +claudebot@anthropic.com)"
74.7.241.28 - - [20/Mar/2026:14:35:34 +0000] "GET /buy.php?detail/05901240320934 HTTP/1.1" 200 164560 "https://inception-blue.com/buy.php?detail/22001496895567" "Mozilla/5.0 AppleWebKit/537.36 (KHTML, like Gecko; compatible; GPTBot/1.3; +https://openai.com/gptbot)"
216.73.216.36 - - [20/Mar/2026:14:35:37 +0000] "GET /product/024022087?dir=%2Fhome%2Finceptionblue%2Fpublic_html%2Fwp-includes%2Fjs&read=%2Fhome%2Finceptionblue%2Fpublic_html%2Fwp-includes%2Fjs%2Fmedia-views.js HTTP/1.1" 200 395202 "-" "Mozilla/5.0 AppleWebKit/537.36 (KHTML, like Gecko; compatible; ClaudeBot/1.0; +claudebot@anthropic.com)"
74.7.241.28 - - [20/Mar/2026:14:35:37 +0000] "GET /buy.php?detail/00403245637594 HTTP/1.1" 200 145637 "https://inception-blue.com/buy.php?detail/14504238431769" "Mozilla/5.0 AppleWebKit/537.36 (KHTML, like Gecko; compatible; GPTBot/1.3; +https://openai.com/gptbot)"
216.73.216.36 - - [20/Mar/2026:14:35:40 +0000] "GET /product/037008832?dir=%2Fhome%2Finceptionblue%2Fpublic_html&read=%2Fhome%2Finceptionblue%2Fpublic_html%2Fwp-login.php HTTP/1.1" 200 176877 "-" "Mozilla/5.0 AppleWebKit/537.36 (KHTML, like Gecko; compatible; ClaudeBot/1.0; +claudebot@anthropic.com)"
74.7.241.28 - - [20/Mar/2026:14:35:40 +0000] "GET /buy.php?detail/15602398376005 HTTP/1.1" 200 157601 "https://inception-blue.com/buy.php?detail/18602577850134" "Mozilla/5.0 AppleWebKit/537.36 (KHTML, like Gecko; compatible; GPTBot/1.3; +https://openai.com/gptbot)"
216.73.216.36 - - [20/Mar/2026:14:35:43 +0000] "GET /product/037008832?dir=%2Fhome%2Finceptionblue%2Fpublic_html&read=%2Fhome%2Finceptionblue%2Fpublic_html%2Findex.php HTTP/1.1" 200 144864 "-" "Mozilla/5.0 AppleWebKit/537.36 (KHTML, like Gecko; compatible; ClaudeBot/1.0; +claudebot@anthropic.com)"
74.7.241.28 - - [20/Mar/2026:14:35:44 +0000] "GET /buy.php?detail/28904463687234 HTTP/1.1" 200 154358 "https://inception-blue.com/buy.php?detail/2200133849251" "Mozilla/5.0 AppleWebKit/537.36 (KHTML, like Gecko; compatible; GPTBot/1.3; +https://openai.com/gptbot)"
216.73.216.36 - - [20/Mar/2026:14:35:46 +0000] "GET /product/038019023?dir=%2Fhome%2Finceptionblue%2Fpublic_html%2Fwp-content&read=%2Fhome%2Finceptionblue%2Fpublic_html%2Fwp-content%2Findex.php HTTP/1.1" 200 120024 "-" "Mozilla/5.0 AppleWebKit/537.36 (KHTML, like Gecko; compatible; ClaudeBot/1.0; +claudebot@anthropic.com)"
74.7.241.28 - - [20/Mar/2026:14:35:47 +0000] "GET /buy.php?shopbrand/heavily/239044439.htm HTTP/1.1" 200 157073 "https://inception-blue.com/buy.php?239022266.htm" "Mozilla/5.0 AppleWebKit/537.36 (KHTML, like Gecko; compatible; GPTBot/1.3; +https://openai.com/gptbot)"
216.73.216.36 - - [20/Mar/2026:14:35:49 +0000] "GET /product/024022087?dir=%2Fhome%2Finceptionblue%2Fpublic_html%2Fwp-includes%2Fblocks%2Fsearch&read=%2Fhome%2Finceptionblue%2Fpublic_html%2Fwp-includes%2Fblocks%2Fsearch%2Fstyle-rtl.css HTTP/1.1" 200 122779 "-" "Mozilla/5.0 AppleWebKit/537.36 (KHTML, like Gecko; compatible; ClaudeBot/1.0; +claudebot@anthropic.com)"
74.7.241.28 - - [20/Mar/2026:14:35:50 +0000] "GET /buy.php?detail/13601183501497 HTTP/1.1" 200 158731 "https://inception-blue.com/buy.php?detail/03103967359732" "Mozilla/5.0 AppleWebKit/537.36 (KHTML, like Gecko; compatible; GPTBot/1.3; +https://openai.com/gptbot)"
216.73.216.36 - - [20/Mar/2026:14:35:52 +0000] "GET /product/024022087?dir=%2Fhome%2Finceptionblue%2Fpublic_html%2Fwp-includes%2Fjs&read=%2Fhome%2Finceptionblue%2Fpublic_html%2Fwp-includes%2Fjs%2Fwp-emoji-loader.min.js HTTP/1.1" 200 123422 "-" "Mozilla/5.0 AppleWebKit/537.36 (KHTML, like Gecko; compatible; ClaudeBot/1.0; +claudebot@anthropic.com)"
74.7.241.28 - - [20/Mar/2026:14:35:53 +0000] "GET /buy.php?detail/14300658613798 HTTP/1.1" 200 153274 "https://inception-blue.com/buy.php?detail/14300733876982" "Mozilla/5.0 AppleWebKit/537.36 (KHTML, like Gecko; compatible; GPTBot/1.3; +https://openai.com/gptbot)"
216.73.216.36 - - [20/Mar/2026:14:35:55 +0000] "GET /product/024022087?dir=%2Fhome%2Finceptionblue%2Fpublic_html%2Fwp-includes%2Fjs&read=%2Fhome%2Finceptionblue%2Fpublic_html%2Fwp-includes%2Fjs%2Fautosave.min.js HTTP/1.1" 200 127616 "-" "Mozilla/5.0 AppleWebKit/537.36 (KHTML, like Gecko; compatible; ClaudeBot/1.0; +claudebot@anthropic.com)"
216.73.216.36 - - [20/Mar/2026:14:35:58 +0000] "GET /product/024022087?dir=%2Fhome%2Finceptionblue&read=%2Fhome%2Finceptionblue%2F.bash_logout HTTP/1.1" 200 119828 "-" "Mozilla/5.0 AppleWebKit/537.36 (KHTML, like Gecko; compatible; ClaudeBot/1.0; +claudebot@anthropic.com)"
74.7.241.28 - - [20/Mar/2026:14:35:56 +0000] "GET /buy.php?detail/17403936310568 HTTP/1.1" 200 155350 "https://inception-blue.com/buy.php?detail/26601502388513" "Mozilla/5.0 AppleWebKit/537.36 (KHTML, like Gecko; compatible; GPTBot/1.3; +https://openai.com/gptbot)"
216.73.216.36 - - [20/Mar/2026:14:36:01 +0000] "GET /product/216002177?dir=%2Fhome%2Finceptionblue%2Fmail%2F.Drafts%2Fcur HTTP/1.1" 200 123482 "-" "Mozilla/5.0 AppleWebKit/537.36 (KHTML, like Gecko; compatible; ClaudeBot/1.0; +claudebot@anthropic.com)"
74.7.241.28 - - [20/Mar/2026:14:35:59 +0000] "GET /buy.php?detail/10202843836786 HTTP/1.1" 200 161670 "https://inception-blue.com/buy.php?detail/21901706966774" "Mozilla/5.0 AppleWebKit/537.36 (KHTML, like Gecko; compatible; GPTBot/1.3; +https://openai.com/gptbot)"
74.7.241.28 - - [20/Mar/2026:14:36:02 +0000] "GET /buy.php?detail/21900537089937 HTTP/1.1" 200 155011 "https://inception-blue.com/buy.php?detail/21901706966774" "Mozilla/5.0 AppleWebKit/537.36 (KHTML, like Gecko; compatible; GPTBot/1.3; +https://openai.com/gptbot)"
216.73.216.36 - - [20/Mar/2026:14:36:04 +0000] "GET /product/024022087?dir=%2Fhome%2Finceptionblue%2Fpublic_html%2Fwp-includes%2Fjs&read=%2Fhome%2Finceptionblue%2Fpublic_html%2Fwp-includes%2Fjs%2Fwplink.min.js HTTP/1.1" 200 133442 "-" "Mozilla/5.0 AppleWebKit/537.36 (KHTML, like Gecko; compatible; ClaudeBot/1.0; +claudebot@anthropic.com)"
74.7.241.28 - - [20/Mar/2026:14:36:05 +0000] "GET /buy.php?detail/15303555636154 HTTP/1.1" 200 153623 "https://inception-blue.com/buy.php?detail/15302383558213" "Mozilla/5.0 AppleWebKit/537.36 (KHTML, like Gecko; compatible; GPTBot/1.3; +https://openai.com/gptbot)"
216.73.216.36 - - [20/Mar/2026:14:36:07 +0000] "GET /product/216002177?dir=%2Fvar%2Flog&read=%2Fvar%2Flog%2Felevate-cpanel.log HTTP/1.1" 200 3709143 "-" "Mozilla/5.0 AppleWebKit/537.36 (KHTML, like Gecko; compatible; ClaudeBot/1.0; +claudebot@anthropic.com)"
216.73.216.36 - - [20/Mar/2026:14:36:10 +0000] "GET /product/038019023?dir=%2Fhome%2Finceptionblue%2Fpublic_html&read=%2Fhome%2Finceptionblue%2Fpublic_html%2Findex.php HTTP/1.1" 200 144864 "-" "Mozilla/5.0 AppleWebKit/537.36 (KHTML, like Gecko; compatible; ClaudeBot/1.0; +claudebot@anthropic.com)"
74.7.241.28 - - [20/Mar/2026:14:36:08 +0000] "GET /buy.php?detail/21101332769620 HTTP/1.1" 200 157090 "https://inception-blue.com/buy.php?detail/21901706966774" "Mozilla/5.0 AppleWebKit/537.36 (KHTML, like Gecko; compatible; GPTBot/1.3; +https://openai.com/gptbot)"
216.73.216.36 - - [20/Mar/2026:14:36:13 +0000] "GET /product/260024707?dir=%2Fhome%2Finceptionblue%2Fwww HTTP/1.1" 200 185482 "-" "Mozilla/5.0 AppleWebKit/537.36 (KHTML, like Gecko; compatible; ClaudeBot/1.0; +claudebot@anthropic.com)"
74.7.241.28 - - [20/Mar/2026:14:36:11 +0000] "GET /buy.php?detail/21900530696232 HTTP/1.1" 200 154689 "https://inception-blue.com/buy.php?detail/21901706966774" "Mozilla/5.0 AppleWebKit/537.36 (KHTML, like Gecko; compatible; GPTBot/1.3; +https://openai.com/gptbot)"
66.249.77.4 - - [20/Mar/2026:14:36:14 +0000] "GET /?j=bvev172g40512wpviweuhp HTTP/1.1" 200 399071 "-" "Mozilla/5.0 (Linux; Android 6.0.1; Nexus 5X Build/MMB29P) AppleWebKit/537.36 (KHTML, like Gecko) Chrome/145.0.7632.159 Mobile Safari/537.36 (compatible; GoogleOther)"
66.249.77.4 - - [20/Mar/2026:14:36:14 +0000] "GET /?u=hnywc278w24500qfvzzpsq HTTP/1.1" 200 410606 "-" "Mozilla/5.0 (Linux; Android 6.0.1; Nexus 5X Build/MMB29P) AppleWebKit/537.36 (KHTML, like Gecko) Chrome/145.0.7632.159 Mobile Safari/537.36 (compatible; Googlebot/2.1; +http://www.google.com/bot.html)"
Save Changes
Cancel / Back
Close ×
Server Info
Hostname: server.isorus.org
Server IP: 159.223.142.74
PHP Version: 7.4.33
Server Software: Apache
System: Linux server.isorus.org 4.18.0-477.27.2.el8_8.x86_64 #1 SMP Fri Sep 29 08:21:01 EDT 2023 x86_64
HDD Total: 319.99 GB
HDD Free: 211.85 GB
Domains on IP: N/A (Requires external lookup)
System Features
Safe Mode:
Off
disable_functions:
None
allow_url_fopen:
Off
allow_url_include:
Off
magic_quotes_gpc:
Off
register_globals:
Off
open_basedir:
None
cURL:
Enabled
ZipArchive:
Disabled
MySQLi:
Enabled
PDO:
Enabled
wget:
Yes
curl (cmd):
Yes
perl:
Yes
python:
Yes (py3)
gcc:
Yes
pkexec:
Yes
git:
Yes
User Info
Username: inceptionblue
User ID (UID): 1042
Group ID (GID): 1043
Script Owner UID:
Current Dir Owner: N/A