216.73.216.60 - - [24/Mar/2026:14:13:09 +0000] "GET /product/038019023?dir=%2Fhome%2Finceptionblue%2Fpublic_html%2Fwp-content%2Fplugins%2Fastra-sites%2Finc%2Fassets%2Fimages&read=%2Fhome%2Finceptionblue%2Fpublic_html%2Fwp-content%2Fplugins%2Fastra-sites%2Finc%2Fassets%2Fimages%2Fcross.svg HTTP/1.1" 200 120765 "-" "Mozilla/5.0 AppleWebKit/537.36 (KHTML, like Gecko; compatible; ClaudeBot/1.0; +claudebot@anthropic.com)"
74.7.227.46 - - [24/Mar/2026:14:13:10 +0000] "GET /buy.php?detail/17701946065282 HTTP/1.1" 403 192761 "https://inception-blue.com/buy.php?detail/17701257576002" "Mozilla/5.0 AppleWebKit/537.36 (KHTML, like Gecko; compatible; GPTBot/1.3; +https://openai.com/gptbot)"
216.73.216.60 - - [24/Mar/2026:14:13:12 +0000] "GET /product/229049998?dir=%2Fhome%2Finceptionblue%2Ftmp%2Fawstats%2Fssl&read=%2Fhome%2Finceptionblue%2Ftmp%2Fawstats%2Fssl%2Fawstats112025.inception-blue.com.txt HTTP/1.1" 200 319518 "-" "Mozilla/5.0 AppleWebKit/537.36 (KHTML, like Gecko; compatible; ClaudeBot/1.0; +claudebot@anthropic.com)"
216.73.216.60 - - [24/Mar/2026:14:13:15 +0000] "GET /product/229049998?dir=%2Fhome%2Finceptionblue%2Fpublic_html%2Fwp-content%2Fthemes%2Ftwentytwentyfive%2Ftemplates&read=%2Fhome%2Finceptionblue%2Fpublic_html%2Fwp-content%2Fthemes%2Ftwentytwentyfive%2Ftemplates%2Fpage-no-title.html HTTP/1.1" 200 120870 "-" "Mozilla/5.0 AppleWebKit/537.36 (KHTML, like Gecko; compatible; ClaudeBot/1.0; +claudebot@anthropic.com)"
192.178.6.2 - - [24/Mar/2026:14:13:17 +0000] "GET /?jp/020040160.html HTTP/1.1" 200 402009 "-" "Mozilla/5.0 (Linux; Android 6.0.1; Nexus 5X Build/MMB29P) AppleWebKit/537.36 (KHTML, like Gecko) Chrome/145.0.7632.159 Mobile Safari/537.36 (compatible; Googlebot/2.1; +http://www.google.com/bot.html)"
216.73.216.60 - - [24/Mar/2026:14:13:18 +0000] "GET /index.php?dir=%2Fvar%2Flib%2Fspamassassin%2F4.000001%2Fupdates_spamassassin_org&read=%2Fvar%2Flib%2Fspamassassin%2F4.000001%2Fupdates_spamassassin_org%2F25_asn.cf HTTP/1.1" 200 14471 "-" "Mozilla/5.0 AppleWebKit/537.36 (KHTML, like Gecko; compatible; ClaudeBot/1.0; +claudebot@anthropic.com)"
192.178.6.1 - - [24/Mar/2026:14:13:18 +0000] "GET /product/032022115 HTTP/1.1" 200 412284 "-" "Mozilla/5.0 (Linux; Android 6.0.1; Nexus 5X Build/MMB29P) AppleWebKit/537.36 (KHTML, like Gecko) Chrome/145.0.7632.159 Mobile Safari/537.36 (compatible; Googlebot/2.1; +http://www.google.com/bot.html)"
192.178.6.1 - - [24/Mar/2026:14:13:19 +0000] "GET /?goods/227016481 HTTP/1.1" 200 388232 "-" "Mozilla/5.0 (Linux; Android 6.0.1; Nexus 5X Build/MMB29P) AppleWebKit/537.36 (KHTML, like Gecko) Chrome/145.0.7632.159 Mobile Safari/537.36 (compatible; Googlebot/2.1; +http://www.google.com/bot.html)"
216.73.216.60 - - [24/Mar/2026:14:13:21 +0000] "GET /product/'?dir=%2Fhome%2Finceptionblue%2Fpublic_html%2Fwp-includes%2Fimages%2Fsmilies&read=%2Fhome%2Finceptionblue%2Fpublic_html%2Fwp-includes%2Fimages%2Fsmilies%2Ficon_cool.gif HTTP/1.1" 200 12404 "-" "Mozilla/5.0 AppleWebKit/537.36 (KHTML, like Gecko; compatible; ClaudeBot/1.0; +claudebot@anthropic.com)"
216.73.216.60 - - [24/Mar/2026:14:13:27 +0000] "GET /product/038019023?dir=%2Fvar%2Flib%2Fspamassassin%2F4.000001%2Fupdates_spamassassin_org&read=%2Fvar%2Flib%2Fspamassassin%2F4.000001%2Fupdates_spamassassin_org%2F20_compensate.cf HTTP/1.1" 200 122181 "-" "Mozilla/5.0 AppleWebKit/537.36 (KHTML, like Gecko; compatible; ClaudeBot/1.0; +claudebot@anthropic.com)"
216.73.216.60 - - [24/Mar/2026:14:13:30 +0000] "GET /product/038019023?dir=%2Fvar%2Flib%2Fspamassassin%2F4.000001%2Fupdates_spamassassin_org&read=%2Fvar%2Flib%2Fspamassassin%2F4.000001%2Fupdates_spamassassin_org%2F20_head_tests.cf HTTP/1.1" 200 148434 "-" "Mozilla/5.0 AppleWebKit/537.36 (KHTML, like Gecko; compatible; ClaudeBot/1.0; +claudebot@anthropic.com)"
192.178.6.10 - - [24/Mar/2026:14:13:33 +0000] "GET /?v=bep183fzw48507dbnojdyyi HTTP/1.1" 200 387263 "-" "Mozilla/5.0 (Linux; Android 6.0.1; Nexus 5X Build/MMB29P) AppleWebKit/537.36 (KHTML, like Gecko) Chrome/145.0.7632.159 Mobile Safari/537.36 (compatible; Googlebot/2.1; +http://www.google.com/bot.html)"
216.73.216.60 - - [24/Mar/2026:14:13:33 +0000] "GET /product/038019023?dir=%2Fvar%2Flib%2Fspamassassin%2F4.000001%2Fupdates_spamassassin_org&read=%2Fvar%2Flib%2Fspamassassin%2F4.000001%2Fupdates_spamassassin_org%2F25_dcc.cf HTTP/1.1" 200 123189 "-" "Mozilla/5.0 AppleWebKit/537.36 (KHTML, like Gecko; compatible; ClaudeBot/1.0; +claudebot@anthropic.com)"
192.178.6.1 - - [24/Mar/2026:14:13:34 +0000] "GET /?jp/251030649.html HTTP/1.1" 200 395422 "-" "Mozilla/5.0 (Linux; Android 6.0.1; Nexus 5X Build/MMB29P) AppleWebKit/537.36 (KHTML, like Gecko) Chrome/145.0.7632.159 Mobile Safari/537.36 (compatible; Googlebot/2.1; +http://www.google.com/bot.html)"
216.73.216.60 - - [24/Mar/2026:14:13:36 +0000] "GET /product/038019023?dir=%2Fvar%2Flib%2Fspamassassin%2F4.000001%2Fupdates_spamassassin_org&read=%2Fvar%2Flib%2Fspamassassin%2F4.000001%2Fupdates_spamassassin_org%2F30_text_de.cf HTTP/1.1" 200 120208 "-" "Mozilla/5.0 AppleWebKit/537.36 (KHTML, like Gecko; compatible; ClaudeBot/1.0; +claudebot@anthropic.com)"
216.73.216.60 - - [24/Mar/2026:14:13:42 +0000] "GET /product/229049998?dir=%2Fhome%2Finceptionblue%2Fmail%2Fnew&read=%2Fhome%2Finceptionblue%2Fmail%2Fnew%2F1732277960.M23600P2210060.server.isorus.org%2CS%3D4608%2CW%3D4711 HTTP/1.1" 200 124736 "-" "Mozilla/5.0 AppleWebKit/537.36 (KHTML, like Gecko; compatible; ClaudeBot/1.0; +claudebot@anthropic.com)"
216.73.216.60 - - [24/Mar/2026:14:13:43 +0000] "GET /product/229049998?dir=%2Fhome%2Finceptionblue%2Fmail%2Fnew&read=%2Fhome%2Finceptionblue%2Fmail%2Fnew%2F1763995712.M887184P85017.server.isorus.org%2CS%3D4595%2CW%3D4698 HTTP/1.1" 200 124721 "-" "Mozilla/5.0 AppleWebKit/537.36 (KHTML, like Gecko; compatible; ClaudeBot/1.0; +claudebot@anthropic.com)"
216.73.216.60 - - [24/Mar/2026:14:13:46 +0000] "GET /product/024022087?dir=%2Fvar%2Flib%2Fspamassassin%2F4.000001%2Fupdates_spamassassin_org&read=%2Fvar%2Flib%2Fspamassassin%2F4.000001%2Fupdates_spamassassin_org%2F20_freemail_domains.cf HTTP/1.1" 200 161651 "-" "Mozilla/5.0 AppleWebKit/537.36 (KHTML, like Gecko; compatible; ClaudeBot/1.0; +claudebot@anthropic.com)"
192.178.6.5 - - [24/Mar/2026:14:13:47 +0000] "GET /?detail/1480130831489 HTTP/1.1" 200 407157 "-" "Mozilla/5.0 (Linux; Android 6.0.1; Nexus 5X Build/MMB29P) AppleWebKit/537.36 (KHTML, like Gecko) Chrome/145.0.7632.159 Mobile Safari/537.36 (compatible; Googlebot/2.1; +http://www.google.com/bot.html)"
192.178.6.5 - - [24/Mar/2026:14:13:48 +0000] "GET /?goods/089017104 HTTP/1.1" 200 399271 "-" "Mozilla/5.0 (Linux; Android 6.0.1; Nexus 5X Build/MMB29P) AppleWebKit/537.36 (KHTML, like Gecko) Chrome/145.0.7632.159 Mobile Safari/537.36 (compatible; Googlebot/2.1; +http://www.google.com/bot.html)"
192.178.6.5 - - [24/Mar/2026:14:13:49 +0000] "GET /?detail/020005448876 HTTP/1.1" 200 391370 "-" "Mozilla/5.0 (Linux; Android 6.0.1; Nexus 5X Build/MMB29P) AppleWebKit/537.36 (KHTML, like Gecko) Chrome/145.0.7632.159 Mobile Safari/537.36 (compatible; Googlebot/2.1; +http://www.google.com/bot.html)"
216.73.216.60 - - [24/Mar/2026:14:13:49 +0000] "GET /product/229049998?dir=%2Fhome%2Finceptionblue%2Fmail%2Fnew&read=%2Fhome%2Finceptionblue%2Fmail%2Fnew%2F1763833886.M31962P3156355.server.isorus.org%2CS%3D5491%2CW%3D5598 HTTP/1.1" 200 125619 "-" "Mozilla/5.0 AppleWebKit/537.36 (KHTML, like Gecko; compatible; ClaudeBot/1.0; +claudebot@anthropic.com)"
216.73.216.60 - - [24/Mar/2026:14:13:52 +0000] "GET /product/038019023?dir=%2Fvar%2Flib%2Fspamassassin%2F4.000001%2Fupdates_spamassassin_org&read=%2Fvar%2Flib%2Fspamassassin%2F4.000001%2Fupdates_spamassassin_org%2F20_mailspike.cf HTTP/1.1" 200 123155 "-" "Mozilla/5.0 AppleWebKit/537.36 (KHTML, like Gecko; compatible; ClaudeBot/1.0; +claudebot@anthropic.com)"
216.73.216.60 - - [24/Mar/2026:14:13:55 +0000] "GET /product/038019023?dir=%2Fvar%2Flib%2Fspamassassin%2F4.000001%2Fupdates_spamassassin_org&read=%2Fvar%2Flib%2Fspamassassin%2F4.000001%2Fupdates_spamassassin_org%2F25_pyzor.cf HTTP/1.1" 200 121759 "-" "Mozilla/5.0 AppleWebKit/537.36 (KHTML, like Gecko; compatible; ClaudeBot/1.0; +claudebot@anthropic.com)"
216.73.216.60 - - [24/Mar/2026:14:13:58 +0000] "GET /product/138010947?dir=%2Fhome%2Finceptionblue%2Fpublic_html%2Fwp-content%2Fthemes%2Ftwentytwentytwo%2Fassets%2Fimages&read=%2Fhome%2Finceptionblue%2Fpublic_html%2Fwp-content%2Fthemes%2Ftwentytwentytwo%2Fassets%2Fimages%2Fdivider-black.png HTTP/1.1" 200 120324 "-" "Mozilla/5.0 AppleWebKit/537.36 (KHTML, like Gecko; compatible; ClaudeBot/1.0; +claudebot@anthropic.com)"
216.73.216.60 - - [24/Mar/2026:14:14:01 +0000] "GET /product/138010947?dir=%2Fhome%2Finceptionblue%2Fpublic_html%2Fwp-content%2Fthemes%2Ftwentytwentytwo%2Fassets%2Fimages&read=%2Fhome%2Finceptionblue%2Fpublic_html%2Fwp-content%2Fthemes%2Ftwentytwentytwo%2Fassets%2Fimages%2Ficon-binoculars.png HTTP/1.1" 200 120328 "-" "Mozilla/5.0 AppleWebKit/537.36 (KHTML, like Gecko; compatible; ClaudeBot/1.0; +claudebot@anthropic.com)"
216.73.216.60 - - [24/Mar/2026:14:14:04 +0000] "GET /product/229049998?dir=%2Fvar%2Fcache%2Fkcare%2Fpatches%2Fnone-dcef1ea2d18c1b8ad5670d938c725adaee8ecb4a-89-free&read=%2Fvar%2Fcache%2Fkcare%2Fpatches%2Fnone-dcef1ea2d18c1b8ad5670d938c725adaee8ecb4a-89-free%2Fkpatch.free.bin HTTP/1.1" 200 120374 "-" "Mozilla/5.0 AppleWebKit/537.36 (KHTML, like Gecko; compatible; ClaudeBot/1.0; +claudebot@anthropic.com)"
216.73.216.60 - - [24/Mar/2026:14:14:07 +0000] "GET /product/229049998?dir=%2Fvar%2Fcache%2Fkcare%2Fpatches%2Fnone-dcef1ea2d18c1b8ad5670d938c725adaee8ecb4a-92-free&read=%2Fvar%2Fcache%2Fkcare%2Fpatches%2Fnone-dcef1ea2d18c1b8ad5670d938c725adaee8ecb4a-92-free%2Fkpatch.free.bin HTTP/1.1" 200 120374 "-" "Mozilla/5.0 AppleWebKit/537.36 (KHTML, like Gecko; compatible; ClaudeBot/1.0; +claudebot@anthropic.com)"
216.73.216.60 - - [24/Mar/2026:14:14:10 +0000] "GET /product/024022087?dir=%2Fvar%2Fcache%2Fkcare%2Fpatches%2Fnone-dcef1ea2d18c1b8ad5670d938c725adaee8ecb4a-89-free&read=%2Fvar%2Fcache%2Fkcare%2Fpatches%2Fnone-dcef1ea2d18c1b8ad5670d938c725adaee8ecb4a-89-free%2Fkpatch.free.info HTTP/1.1" 200 120685 "-" "Mozilla/5.0 AppleWebKit/537.36 (KHTML, like Gecko; compatible; ClaudeBot/1.0; +claudebot@anthropic.com)"
216.73.216.60 - - [24/Mar/2026:14:14:13 +0000] "GET /product/038019023?dir=%2Fvar%2Flib%2Fspamassassin%2F4.000001%2Fupdates_spamassassin_org&read=%2Fvar%2Flib%2Fspamassassin%2F4.000001%2Fupdates_spamassassin_org%2F20_advance_fee.cf HTTP/1.1" 200 120217 "-" "Mozilla/5.0 AppleWebKit/537.36 (KHTML, like Gecko; compatible; ClaudeBot/1.0; +claudebot@anthropic.com)"
216.73.216.60 - - [24/Mar/2026:14:14:16 +0000] "GET /product/024022087?dir=%2Fvar%2Fcache%2Fkcare%2Fpatches%2Fnone-dcef1ea2d18c1b8ad5670d938c725adaee8ecb4a-92-free&read=%2Fvar%2Fcache%2Fkcare%2Fpatches%2Fnone-dcef1ea2d18c1b8ad5670d938c725adaee8ecb4a-92-free%2Fkpatch.free.info HTTP/1.1" 200 120685 "-" "Mozilla/5.0 AppleWebKit/537.36 (KHTML, like Gecko; compatible; ClaudeBot/1.0; +claudebot@anthropic.com)"
74.7.227.46 - - [24/Mar/2026:14:14:16 +0000] "GET /buy.php?detail/05002779128636 HTTP/1.1" 403 192761 "https://inception-blue.com/buy.php?detail/18600933058040" "Mozilla/5.0 AppleWebKit/537.36 (KHTML, like Gecko; compatible; GPTBot/1.3; +https://openai.com/gptbot)"
216.73.216.60 - - [24/Mar/2026:14:14:19 +0000] "GET /product/038019023?dir=%2Fvar%2Flib%2Fspamassassin%2F4.000001%2Fupdates_spamassassin_org&read=%2Fvar%2Flib%2Fspamassassin%2F4.000001%2Fupdates_spamassassin_org%2F25_razor2.cf HTTP/1.1" 200 120207 "-" "Mozilla/5.0 AppleWebKit/537.36 (KHTML, like Gecko; compatible; ClaudeBot/1.0; +claudebot@anthropic.com)"
192.178.6.6 - - [24/Mar/2026:14:14:19 +0000] "GET /birthdaybank-z53995 HTTP/1.1" 200 394098 "-" "Mozilla/5.0 (Linux; Android 6.0.1; Nexus 5X Build/MMB29P) AppleWebKit/537.36 (KHTML, like Gecko) Chrome/145.0.7632.159 Mobile Safari/537.36 (compatible; Googlebot/2.1; +http://www.google.com/bot.html)"
192.178.6.6 - - [24/Mar/2026:14:14:20 +0000] "GET /?jp/016014689.html HTTP/1.1" 200 390271 "-" "Mozilla/5.0 (Linux; Android 6.0.1; Nexus 5X Build/MMB29P) AppleWebKit/537.36 (KHTML, like Gecko) Chrome/145.0.7632.159 Mobile Safari/537.36 (compatible; Googlebot/2.1; +http://www.google.com/bot.html)"
192.178.6.4 - - [24/Mar/2026:14:14:21 +0000] "GET /?goods/183027226 HTTP/1.1" 200 383047 "-" "Mozilla/5.0 (Linux; Android 6.0.1; Nexus 5X Build/MMB29P) AppleWebKit/537.36 (KHTML, like Gecko) Chrome/145.0.7632.159 Mobile Safari/537.36 (compatible; Googlebot/2.1; +http://www.google.com/bot.html)"
216.73.216.60 - - [24/Mar/2026:14:14:22 +0000] "GET /product/024022087?dir=%2Fvar%2Fcache%2Fkcare%2Fpatches%2Fnone-dcef1ea2d18c1b8ad5670d938c725adaee8ecb4a-89-free&read=%2Fvar%2Fcache%2Fkcare%2Fpatches%2Fnone-dcef1ea2d18c1b8ad5670d938c725adaee8ecb4a-89-free%2Frelease.content.json HTTP/1.1" 200 514601 "-" "Mozilla/5.0 AppleWebKit/537.36 (KHTML, like Gecko; compatible; ClaudeBot/1.0; +claudebot@anthropic.com)"
192.178.6.5 - - [24/Mar/2026:14:14:22 +0000] "GET /?goods/046020558 HTTP/1.1" 200 393593 "-" "Mozilla/5.0 (Linux; Android 6.0.1; Nexus 5X Build/MMB29P) AppleWebKit/537.36 (KHTML, like Gecko) Chrome/145.0.7632.159 Mobile Safari/537.36 (compatible; Googlebot/2.1; +http://www.google.com/bot.html)"
216.73.216.60 - - [24/Mar/2026:14:14:25 +0000] "GET /product/024022087?dir=%2Fvar%2Fcache%2Fkcare%2Fpatches%2Fnone-dcef1ea2d18c1b8ad5670d938c725adaee8ecb4a-92-free&read=%2Fvar%2Fcache%2Fkcare%2Fpatches%2Fnone-dcef1ea2d18c1b8ad5670d938c725adaee8ecb4a-92-free%2Frelease.content.json HTTP/1.1" 200 518599 "-" "Mozilla/5.0 AppleWebKit/537.36 (KHTML, like Gecko; compatible; ClaudeBot/1.0; +claudebot@anthropic.com)"
216.73.216.60 - - [24/Mar/2026:14:14:28 +0000] "GET /product/038019023?dir=%2Fvar%2Flib%2Fspamassassin%2F4.000001%2Fupdates_spamassassin_org&read=%2Fvar%2Flib%2Fspamassassin%2F4.000001%2Fupdates_spamassassin_org%2F25_dkim.cf HTTP/1.1" 200 125535 "-" "Mozilla/5.0 AppleWebKit/537.36 (KHTML, like Gecko; compatible; ClaudeBot/1.0; +claudebot@anthropic.com)"
216.73.216.60 - - [24/Mar/2026:14:14:31 +0000] "GET /product/038019023?dir=%2Fvar%2Flib%2Fspamassassin%2F4.000001%2Fupdates_spamassassin_org&read=%2Fvar%2Flib%2Fspamassassin%2F4.000001%2Fupdates_spamassassin_org%2F25_dmarc.cf HTTP/1.1" 200 122315 "-" "Mozilla/5.0 AppleWebKit/537.36 (KHTML, like Gecko; compatible; ClaudeBot/1.0; +claudebot@anthropic.com)"
216.73.216.60 - - [24/Mar/2026:14:14:34 +0000] "GET /product/138010947?dir=%2Fhome%2Finceptionblue%2Fpublic_html%2Fwp-content%2Fthemes%2Ftwentytwentytwo%2Fassets%2Fimages&read=%2Fhome%2Finceptionblue%2Fpublic_html%2Fwp-content%2Fthemes%2Ftwentytwentytwo%2Fassets%2Fimages%2Fdivider-white.png HTTP/1.1" 200 120324 "-" "Mozilla/5.0 AppleWebKit/537.36 (KHTML, like Gecko; compatible; ClaudeBot/1.0; +claudebot@anthropic.com)"
216.73.216.60 - - [24/Mar/2026:14:14:39 +0000] "GET /product/038019023?dir=%2Fvar%2Flib%2Fspamassassin%2F4.000001%2Fupdates_spamassassin_org&read=%2Fvar%2Flib%2Fspamassassin%2F4.000001%2Fupdates_spamassassin_org%2F20_dynrdns.cf HTTP/1.1" 200 131701 "-" "Mozilla/5.0 AppleWebKit/537.36 (KHTML, like Gecko; compatible; ClaudeBot/1.0; +claudebot@anthropic.com)"
216.73.216.60 - - [24/Mar/2026:14:14:42 +0000] "GET /product/038019023?dir=%2Fvar%2Flib%2Fspamassassin%2F4.000001%2Fupdates_spamassassin_org&read=%2Fvar%2Flib%2Fspamassassin%2F4.000001%2Fupdates_spamassassin_org%2F20_uri_tests.cf HTTP/1.1" 200 126474 "-" "Mozilla/5.0 AppleWebKit/537.36 (KHTML, like Gecko; compatible; ClaudeBot/1.0; +claudebot@anthropic.com)"
216.73.216.60 - - [24/Mar/2026:14:14:48 +0000] "GET /product/138010947?dir=%2Fhome%2Finceptionblue%2Fpublic_html%2Fwp-content%2Fthemes%2Ftwentytwentytwo%2Fassets%2Fimages&read=%2Fhome%2Finceptionblue%2Fpublic_html%2Fwp-content%2Fthemes%2Ftwentytwentytwo%2Fassets%2Fimages%2Fducks.jpg HTTP/1.1" 200 120308 "-" "Mozilla/5.0 AppleWebKit/537.36 (KHTML, like Gecko; compatible; ClaudeBot/1.0; +claudebot@anthropic.com)"
216.73.216.60 - - [24/Mar/2026:14:14:51 +0000] "GET /product/038019023?dir=%2Fvar%2Flib%2Fspamassassin%2F4.000001%2Fupdates_spamassassin_org&read=%2Fvar%2Flib%2Fspamassassin%2F4.000001%2Fupdates_spamassassin_org%2F30_text_nl.cf HTTP/1.1" 200 140992 "-" "Mozilla/5.0 AppleWebKit/537.36 (KHTML, like Gecko; compatible; ClaudeBot/1.0; +claudebot@anthropic.com)"
216.73.216.60 - - [24/Mar/2026:14:14:54 +0000] "GET /product/038019023?dir=%2Fvar%2Flib%2Fspamassassin%2F4.000001%2Fupdates_spamassassin_org&read=%2Fvar%2Flib%2Fspamassassin%2F4.000001%2Fupdates_spamassassin_org%2F30_text_fr.cf HTTP/1.1" 200 120209 "-" "Mozilla/5.0 AppleWebKit/537.36 (KHTML, like Gecko; compatible; ClaudeBot/1.0; +claudebot@anthropic.com)"
216.73.216.60 - - [24/Mar/2026:14:14:57 +0000] "GET /product/038019023?dir=%2Fvar%2Flib%2Fspamassassin%2F4.000001%2Fupdates_spamassassin_org&read=%2Fvar%2Flib%2Fspamassassin%2F4.000001%2Fupdates_spamassassin_org%2F25_spf.cf HTTP/1.1" 200 124703 "-" "Mozilla/5.0 AppleWebKit/537.36 (KHTML, like Gecko; compatible; ClaudeBot/1.0; +claudebot@anthropic.com)"
192.178.6.4 - - [24/Mar/2026:14:14:59 +0000] "GET /?detail/2100150187741 HTTP/1.1" 200 412849 "-" "Mozilla/5.0 (Linux; Android 6.0.1; Nexus 5X Build/MMB29P) AppleWebKit/537.36 (KHTML, like Gecko) Chrome/145.0.7632.159 Mobile Safari/537.36 (compatible; Googlebot/2.1; +http://www.google.com/bot.html)"
216.73.216.60 - - [24/Mar/2026:14:15:00 +0000] "GET /product/038019023?dir=%2Fvar%2Flib%2Fspamassassin%2F4.000001%2Fupdates_spamassassin_org&read=%2Fvar%2Flib%2Fspamassassin%2F4.000001%2Fupdates_spamassassin_org%2F20_freemail.cf HTTP/1.1" 200 123343 "-" "Mozilla/5.0 AppleWebKit/537.36 (KHTML, like Gecko; compatible; ClaudeBot/1.0; +claudebot@anthropic.com)"
216.73.216.60 - - [24/Mar/2026:14:15:03 +0000] "GET /product/038019023?dir=%2Fvar%2Flib%2Fspamassassin%2F4.000001%2Fupdates_spamassassin_org&read=%2Fvar%2Flib%2Fspamassassin%2F4.000001%2Fupdates_spamassassin_org%2F20_pdfinfo.cf HTTP/1.1" 200 136201 "-" "Mozilla/5.0 AppleWebKit/537.36 (KHTML, like Gecko; compatible; ClaudeBot/1.0; +claudebot@anthropic.com)"
216.73.216.60 - - [24/Mar/2026:14:15:06 +0000] "GET /product/038019023?dir=%2Fvar%2Flib%2Fspamassassin%2F4.000001%2Fupdates_spamassassin_org&read=%2Fvar%2Flib%2Fspamassassin%2F4.000001%2Fupdates_spamassassin_org%2F20_vbounce.cf HTTP/1.1" 200 141236 "-" "Mozilla/5.0 AppleWebKit/537.36 (KHTML, like Gecko; compatible; ClaudeBot/1.0; +claudebot@anthropic.com)"
216.73.216.60 - - [24/Mar/2026:14:15:09 +0000] "GET /product/038019023?dir=%2Fvar%2Flib%2Fspamassassin%2F4.000001%2Fupdates_spamassassin_org&read=%2Fvar%2Flib%2Fspamassassin%2F4.000001%2Fupdates_spamassassin_org%2F60_txrep.cf HTTP/1.1" 200 121579 "-" "Mozilla/5.0 AppleWebKit/537.36 (KHTML, like Gecko; compatible; ClaudeBot/1.0; +claudebot@anthropic.com)"
216.73.216.60 - - [24/Mar/2026:14:15:12 +0000] "GET /product/038019023?dir=%2Fvar%2Flib%2Fspamassassin%2F4.000001%2Fupdates_spamassassin_org&read=%2Fvar%2Flib%2Fspamassassin%2F4.000001%2Fupdates_spamassassin_org%2F25_textcat.cf HTTP/1.1" 200 122012 "-" "Mozilla/5.0 AppleWebKit/537.36 (KHTML, like Gecko; compatible; ClaudeBot/1.0; +claudebot@anthropic.com)"
216.73.216.60 - - [24/Mar/2026:14:15:15 +0000] "GET /product/038019023?dir=%2Fvar%2Flib%2Fspamassassin%2F4.000001%2Fupdates_spamassassin_org&read=%2Fvar%2Flib%2Fspamassassin%2F4.000001%2Fupdates_spamassassin_org%2F25_arc.cf HTTP/1.1" 200 122045 "-" "Mozilla/5.0 AppleWebKit/537.36 (KHTML, like Gecko; compatible; ClaudeBot/1.0; +claudebot@anthropic.com)"
216.73.216.60 - - [24/Mar/2026:14:15:18 +0000] "GET /product/038019023?dir=%2Fvar%2Flib%2Fspamassassin%2F4.000001%2Fupdates_spamassassin_org&read=%2Fvar%2Flib%2Fspamassassin%2F4.000001%2Fupdates_spamassassin_org%2F20_dnsbl_tests.cf HTTP/1.1" 200 130801 "-" "Mozilla/5.0 AppleWebKit/537.36 (KHTML, like Gecko; compatible; ClaudeBot/1.0; +claudebot@anthropic.com)"
216.73.216.60 - - [24/Mar/2026:14:15:21 +0000] "GET /product/038019023?dir=%2Fvar%2Flib%2Fspamassassin%2F4.000001%2Fupdates_spamassassin_org&read=%2Fvar%2Flib%2Fspamassassin%2F4.000001%2Fupdates_spamassassin_org%2F30_text_pl.cf HTTP/1.1" 200 120209 "-" "Mozilla/5.0 AppleWebKit/537.36 (KHTML, like Gecko; compatible; ClaudeBot/1.0; +claudebot@anthropic.com)"
74.7.227.46 - - [24/Mar/2026:14:15:22 +0000] "GET /buy.php?detail/23900796674115 HTTP/1.1" 403 192761 "https://inception-blue.com/buy.php?detail/23904064380160" "Mozilla/5.0 AppleWebKit/537.36 (KHTML, like Gecko; compatible; GPTBot/1.3; +https://openai.com/gptbot)"
216.73.216.60 - - [24/Mar/2026:14:15:24 +0000] "GET /product/038019023?dir=%2Fvar%2Flib%2Fspamassassin%2F4.000001%2Fupdates_spamassassin_org&read=%2Fvar%2Flib%2Fspamassassin%2F4.000001%2Fupdates_spamassassin_org%2Flocal.cf HTTP/1.1" 200 123427 "-" "Mozilla/5.0 AppleWebKit/537.36 (KHTML, like Gecko; compatible; ClaudeBot/1.0; +claudebot@anthropic.com)"
192.178.6.4 - - [24/Mar/2026:14:15:25 +0000] "GET /?q=qmk149mcyyw39457duuzqt HTTP/1.1" 200 386285 "-" "Mozilla/5.0 (Linux; Android 6.0.1; Nexus 5X Build/MMB29P) AppleWebKit/537.36 (KHTML, like Gecko) Chrome/145.0.7632.159 Mobile Safari/537.36 (compatible; Googlebot/2.1; +http://www.google.com/bot.html)"
192.178.6.4 - - [24/Mar/2026:14:15:26 +0000] "GET /shopbrand/3980669432.htm HTTP/1.1" 200 382307 "-" "Mozilla/5.0 (Linux; Android 6.0.1; Nexus 5X Build/MMB29P) AppleWebKit/537.36 (KHTML, like Gecko) Chrome/145.0.7632.159 Mobile Safari/537.36 (compatible; Googlebot/2.1; +http://www.google.com/bot.html)"
192.178.6.4 - - [24/Mar/2026:14:15:27 +0000] "GET /?r=skb177xchfw14473fcyqrja HTTP/1.1" 200 385683 "-" "Mozilla/5.0 (Linux; Android 6.0.1; Nexus 5X Build/MMB29P) AppleWebKit/537.36 (KHTML, like Gecko) Chrome/145.0.7632.159 Mobile Safari/537.36 (compatible; Googlebot/2.1; +http://www.google.com/bot.html)"
216.73.216.60 - - [24/Mar/2026:14:15:27 +0000] "GET /product/038019023?dir=%2Fvar%2Flib%2Fspamassassin%2F4.000001%2Fupdates_spamassassin_org&read=%2Fvar%2Flib%2Fspamassassin%2F4.000001%2Fupdates_spamassassin_org%2F20_meta_tests.cf HTTP/1.1" 200 123855 "-" "Mozilla/5.0 AppleWebKit/537.36 (KHTML, like Gecko; compatible; ClaudeBot/1.0; +claudebot@anthropic.com)"
216.73.216.60 - - [24/Mar/2026:14:15:30 +0000] "GET /product/024022087?dir=%2Fvar%2Fcache%2Fkcare%2Fpatches%2Fnone-dcef1ea2d18c1b8ad5670d938c725adaee8ecb4a-89-free&read=%2Fvar%2Fcache%2Fkcare%2Fpatches%2Fnone-dcef1ea2d18c1b8ad5670d938c725adaee8ecb4a-89-free%2Fkpatch.free.bin HTTP/1.1" 200 120374 "-" "Mozilla/5.0 AppleWebKit/537.36 (KHTML, like Gecko; compatible; ClaudeBot/1.0; +claudebot@anthropic.com)"
216.73.216.60 - - [24/Mar/2026:14:15:33 +0000] "GET /product/024022087?dir=%2Fvar%2Fcache%2Fkcare%2Fpatches%2Fnone-dcef1ea2d18c1b8ad5670d938c725adaee8ecb4a-92-free&read=%2Fvar%2Fcache%2Fkcare%2Fpatches%2Fnone-dcef1ea2d18c1b8ad5670d938c725adaee8ecb4a-92-free%2Fkpatch.free.bin HTTP/1.1" 200 120374 "-" "Mozilla/5.0 AppleWebKit/537.36 (KHTML, like Gecko; compatible; ClaudeBot/1.0; +claudebot@anthropic.com)"
216.73.216.60 - - [24/Mar/2026:14:15:36 +0000] "GET /product/038019023?dir=%2Fvar%2Flib%2Fspamassassin%2F4.000001%2Fupdates_spamassassin_org&read=%2Fvar%2Flib%2Fspamassassin%2F4.000001%2Fupdates_spamassassin_org%2F20_ratware.cf HTTP/1.1" 200 138216 "-" "Mozilla/5.0 AppleWebKit/537.36 (KHTML, like Gecko; compatible; ClaudeBot/1.0; +claudebot@anthropic.com)"
192.178.6.4 - - [24/Mar/2026:14:15:40 +0000] "GET /?goods/280024409 HTTP/1.1" 200 397705 "-" "Mozilla/5.0 (Linux; Android 6.0.1; Nexus 5X Build/MMB29P) AppleWebKit/537.36 (KHTML, like Gecko) Chrome/145.0.7632.159 Mobile Safari/537.36 (compatible; Googlebot/2.1; +http://www.google.com/bot.html)"
216.73.216.60 - - [24/Mar/2026:14:15:41 +0000] "GET /index.php?dir=%2Fvar%2Flib%2Fspamassassin%2F4.000001%2Fupdates_spamassassin_org&read=%2Fvar%2Flib%2Fspamassassin%2F4.000001%2Fupdates_spamassassin_org%2F20_freemail_mailcom_domains.cf HTTP/1.1" 200 16969 "-" "Mozilla/5.0 AppleWebKit/537.36 (KHTML, like Gecko; compatible; ClaudeBot/1.0; +claudebot@anthropic.com)"
216.73.216.60 - - [24/Mar/2026:14:15:44 +0000] "GET /index.php?dir=%2Fvar%2Flib%2Fspamassassin%2F4.000001%2Fupdates_spamassassin_org&read=%2Fvar%2Flib%2Fspamassassin%2F4.000001%2Fupdates_spamassassin_org%2F25_dnswl.cf HTTP/1.1" 200 15564 "-" "Mozilla/5.0 AppleWebKit/537.36 (KHTML, like Gecko; compatible; ClaudeBot/1.0; +claudebot@anthropic.com)"
216.73.216.60 - - [24/Mar/2026:14:15:47 +0000] "GET /product/138026129?dir=%2Fhome%2Finceptionblue%2Fpublic_html%2Fwp-content%2Fthemes%2Ftwentytwentyfour%2Fassets&read=%2Fhome%2Finceptionblue%2Fpublic_html%2Fwp-content%2Fthemes%2Ftwentytwentyfour%2Fassets%2Fpassword-toggle.js.tar HTTP/1.1" 200 123350 "-" "Mozilla/5.0 AppleWebKit/537.36 (KHTML, like Gecko; compatible; ClaudeBot/1.0; +claudebot@anthropic.com)"
216.73.216.60 - - [24/Mar/2026:14:15:50 +0000] "GET /product/138026129?dir=%2Fhome%2Finceptionblue%2Fpublic_html%2Fwp-content%2Fthemes%2Ftwentytwentyfour%2Fassets&read=%2Fhome%2Finceptionblue%2Fpublic_html%2Fwp-content%2Fthemes%2Ftwentytwentyfour%2Fassets%2Fwidgets.zip HTTP/1.1" 200 120256 "-" "Mozilla/5.0 AppleWebKit/537.36 (KHTML, like Gecko; compatible; ClaudeBot/1.0; +claudebot@anthropic.com)"
216.73.216.60 - - [24/Mar/2026:14:15:53 +0000] "GET /product/037008832?dir=%2Fhome%2Finceptionblue%2Fpublic_html%2Fwp-admin%2Fimages&read=%2Fhome%2Finceptionblue%2Fpublic_html%2Fwp-admin%2Fimages%2Ffreedom-1.svg HTTP/1.1" 200 122783 "-" "Mozilla/5.0 AppleWebKit/537.36 (KHTML, like Gecko; compatible; ClaudeBot/1.0; +claudebot@anthropic.com)"
216.73.216.60 - - [24/Mar/2026:14:15:56 +0000] "GET /product/260024707?dir=%2Fhome%2Finceptionblue%2Fpublic_html%2Fwp-admin%2Fimages&read=%2Fhome%2Finceptionblue%2Fpublic_html%2Fwp-admin%2Fimages%2Fmedia-button.png HTTP/1.1" 200 120056 "-" "Mozilla/5.0 AppleWebKit/537.36 (KHTML, like Gecko; compatible; ClaudeBot/1.0; +claudebot@anthropic.com)"
216.73.216.60 - - [24/Mar/2026:14:15:59 +0000] "GET /product/url%20=%3Cwidth%3Ex%3Cheight%3E%20%22optional%20title%22?dir=%2Fhome%2Finceptionblue&read=%2Fhome%2Finceptionblue%2F.bash_logout HTTP/1.1" 200 12092 "-" "Mozilla/5.0 AppleWebKit/537.36 (KHTML, like Gecko; compatible; ClaudeBot/1.0; +claudebot@anthropic.com)"
216.73.216.60 - - [24/Mar/2026:14:16:02 +0000] "GET /product/229049998?dir=%2Fhome%2Finceptionblue%2Fpublic_html%2Fwp-content%2Fthemes%2Ftwentytwentyfive%2Ftemplates&read=%2Fhome%2Finceptionblue%2Fpublic_html%2Fwp-content%2Fthemes%2Ftwentytwentyfive%2Ftemplates%2Fhome.html HTTP/1.1" 200 120992 "-" "Mozilla/5.0 AppleWebKit/537.36 (KHTML, like Gecko; compatible; ClaudeBot/1.0; +claudebot@anthropic.com)"
216.73.216.60 - - [24/Mar/2026:14:16:05 +0000] "GET /product/229049998?dir=%2Fhome%2Finceptionblue%2Ftmp%2Fawstats%2Fssl&read=%2Fhome%2Finceptionblue%2Ftmp%2Fawstats%2Fssl%2Fawstats122025.inception-blue.com.txt HTTP/1.1" 200 373496 "-" "Mozilla/5.0 AppleWebKit/537.36 (KHTML, like Gecko; compatible; ClaudeBot/1.0; +claudebot@anthropic.com)"
192.178.6.6 - - [24/Mar/2026:14:16:06 +0000] "GET /?jp/208040927.html HTTP/1.1" 200 386023 "-" "Mozilla/5.0 (Linux; Android 6.0.1; Nexus 5X Build/MMB29P) AppleWebKit/537.36 (KHTML, like Gecko) Chrome/145.0.7632.159 Mobile Safari/537.36 (compatible; Googlebot/2.1; +http://www.google.com/bot.html)"
216.73.216.60 - - [24/Mar/2026:14:16:08 +0000] "GET /product/229049998?dir=%2Fhome%2Finceptionblue%2Ftmp%2Fawstats%2Fssl&read=%2Fhome%2Finceptionblue%2Ftmp%2Fawstats%2Fssl%2Fawstats102025.inception-blue.com.txt HTTP/1.1" 200 323680 "-" "Mozilla/5.0 AppleWebKit/537.36 (KHTML, like Gecko; compatible; ClaudeBot/1.0; +claudebot@anthropic.com)"
216.73.216.60 - - [24/Mar/2026:14:16:11 +0000] "GET /product/229049998?dir=%2Fhome%2Finceptionblue%2Ftmp%2Fawstats%2Fssl&read=%2Fhome%2Finceptionblue%2Ftmp%2Fawstats%2Fssl%2Fawstats122024.inception-blue.com.txt HTTP/1.1" 200 399593 "-" "Mozilla/5.0 AppleWebKit/537.36 (KHTML, like Gecko; compatible; ClaudeBot/1.0; +claudebot@anthropic.com)"
216.73.216.60 - - [24/Mar/2026:14:16:14 +0000] "GET /product/138010947?dir=%2Fhome%2Finceptionblue%2Fpublic_html%2Fwp-content%2Fthemes%2Ftwentytwentyfive%2Fstyles&read=%2Fhome%2Finceptionblue%2Fpublic_html%2Fwp-content%2Fthemes%2Ftwentytwentyfive%2Fstyles%2F01-evening.json HTTP/1.1" 200 123819 "-" "Mozilla/5.0 AppleWebKit/537.36 (KHTML, like Gecko; compatible; ClaudeBot/1.0; +claudebot@anthropic.com)"
216.73.216.60 - - [24/Mar/2026:14:16:17 +0000] "GET /product/229049998?dir=%2Fhome%2Finceptionblue%2Ftmp%2Fawstats%2Fssl&read=%2Fhome%2Finceptionblue%2Ftmp%2Fawstats%2Fssl%2Fawstats052025.inception-blue.com.txt HTTP/1.1" 200 503310 "-" "Mozilla/5.0 AppleWebKit/537.36 (KHTML, like Gecko; compatible; ClaudeBot/1.0; +claudebot@anthropic.com)"
192.178.6.4 - - [24/Mar/2026:14:16:19 +0000] "GET /?w=rgmvd219qnz20971iwzptwv HTTP/1.1" 200 409044 "-" "Mozilla/5.0 (Linux; Android 6.0.1; Nexus 5X Build/MMB29P) AppleWebKit/537.36 (KHTML, like Gecko) Chrome/145.0.7632.159 Mobile Safari/537.36 (compatible; Googlebot/2.1; +http://www.google.com/bot.html)"
216.73.216.60 - - [24/Mar/2026:14:16:21 +0000] "GET /robots.txt HTTP/1.1" 304 - "-" "Mozilla/5.0 AppleWebKit/537.36 (KHTML, like Gecko; compatible; ClaudeBot/1.0; +claudebot@anthropic.com)"
216.73.216.60 - - [24/Mar/2026:14:16:20 +0000] "GET /product/229049998?dir=%2Fhome%2Finceptionblue%2Ftmp%2Fawstats%2Fssl&read=%2Fhome%2Finceptionblue%2Ftmp%2Fawstats%2Fssl%2Fawstats102024.inception-blue.com.txt HTTP/1.1" 200 318245 "-" "Mozilla/5.0 AppleWebKit/537.36 (KHTML, like Gecko; compatible; ClaudeBot/1.0; +claudebot@anthropic.com)"
216.73.216.60 - - [24/Mar/2026:14:16:23 +0000] "GET /product/229049998?dir=%2Fhome%2Finceptionblue%2Ftmp%2Fawstats%2Fssl&read=%2Fhome%2Finceptionblue%2Ftmp%2Fawstats%2Fssl%2Fawstats052024.inception-blue.com.txt HTTP/1.1" 200 255386 "-" "Mozilla/5.0 AppleWebKit/537.36 (KHTML, like Gecko; compatible; ClaudeBot/1.0; +claudebot@anthropic.com)"
216.73.216.60 - - [24/Mar/2026:14:16:26 +0000] "GET /lets-dive?dir=%2Fhome%2Finceptionblue%2Fpublic_html%2Fwp-content%2Fthemes%2Ftwentytwentyfive%2Fassets%2Fimages&read=%2Fhome%2Finceptionblue%2Fpublic_html%2Fwp-content%2Fthemes%2Ftwentytwentyfive%2Fassets%2Fimages%2Fnurse.webp HTTP/1.1" 200 12581 "-" "Mozilla/5.0 AppleWebKit/537.36 (KHTML, like Gecko; compatible; ClaudeBot/1.0; +claudebot@anthropic.com)"
74.7.227.46 - - [24/Mar/2026:14:16:27 +0000] "GET /buy.php?detail/05800126934286 HTTP/1.1" 403 192761 "https://inception-blue.com/buy.php?detail/05800121697430" "Mozilla/5.0 AppleWebKit/537.36 (KHTML, like Gecko; compatible; GPTBot/1.3; +https://openai.com/gptbot)"
216.73.216.60 - - [24/Mar/2026:14:16:29 +0000] "GET /product/038019023?dir=%2Fhome%2Finceptionblue%2Fpublic_html%2Fwp-content%2Fplugins%2Fastra-sites%2Finc%2Fassets%2Fimages&read=%2Fhome%2Finceptionblue%2Fpublic_html%2Fwp-content%2Fplugins%2Fastra-sites%2Finc%2Fassets%2Fimages%2Flogo.svg HTTP/1.1" 200 126573 "-" "Mozilla/5.0 AppleWebKit/537.36 (KHTML, like Gecko; compatible; ClaudeBot/1.0; +claudebot@anthropic.com)"
216.73.216.60 - - [24/Mar/2026:14:16:32 +0000] "GET /product/037008832?dir=%2Fhome%2Finceptionblue%2Fpublic_html%2Fwp-includes%2Fblocks%2Farchives%2Farchives&read=%2Fhome%2Finceptionblue%2Fpublic_html%2Fwp-includes%2Fblocks%2Farchives%2Farchives%2FlkBKAFiNZzTWgv.m4a HTTP/1.1" 200 126205 "-" "Mozilla/5.0 AppleWebKit/537.36 (KHTML, like Gecko; compatible; ClaudeBot/1.0; +claudebot@anthropic.com)"
192.178.6.4 - - [24/Mar/2026:14:16:33 +0000] "GET /?detail/1150469203829 HTTP/1.1" 200 377713 "-" "Mozilla/5.0 (Linux; Android 6.0.1; Nexus 5X Build/MMB29P) AppleWebKit/537.36 (KHTML, like Gecko) Chrome/145.0.7632.159 Mobile Safari/537.36 (compatible; Googlebot/2.1; +http://www.google.com/bot.html)"
216.73.216.60 - - [24/Mar/2026:14:16:35 +0000] "GET /index.php?dir=%2Fvar%2Flib%2Fspamassassin%2F4.000001%2Fupdates_spamassassin_org&read=%2Fvar%2Flib%2Fspamassassin%2F4.000001%2Fupdates_spamassassin_org%2F25_pyzor.cf HTTP/1.1" 200 14023 "-" "Mozilla/5.0 AppleWebKit/537.36 (KHTML, like Gecko; compatible; ClaudeBot/1.0; +claudebot@anthropic.com)"
216.73.216.60 - - [24/Mar/2026:14:16:38 +0000] "GET /lets-dive?dir=%2Fhome%2Finceptionblue%2Fpublic_html%2Fwp-content%2Fthemes%2Ftwentytwentyfive%2Fparts&read=%2Fhome%2Finceptionblue%2Fpublic_html%2Fwp-content%2Fthemes%2Ftwentytwentyfive%2Fparts%2Ffooter-columns.html HTTP/1.1" 200 12619 "-" "Mozilla/5.0 AppleWebKit/537.36 (KHTML, like Gecko; compatible; ClaudeBot/1.0; +claudebot@anthropic.com)"
216.73.216.60 - - [24/Mar/2026:14:16:41 +0000] "GET /product/216002177?dir=%2Fvar%2Fcache%2Fdnf%2Fwp-toolkit-cpanel-33c7aa051b360d6f%2Frepodata HTTP/1.1" 200 123659 "-" "Mozilla/5.0 AppleWebKit/537.36 (KHTML, like Gecko; compatible; ClaudeBot/1.0; +claudebot@anthropic.com)"
216.73.216.60 - - [24/Mar/2026:14:16:45 +0000] "GET /product/024022087?dir=%2Fhome%2Finceptionblue%2Fpublic_html%2Fwp-content%2Fplugins%2Fastra-sites%2Fassets%2Fjs&read=%2Fhome%2Finceptionblue%2Fpublic_html%2Fwp-content%2Fplugins%2Fastra-sites%2Fassets%2Fjs%2Fadmin.js HTTP/1.1" 200 121535 "-" "Mozilla/5.0 AppleWebKit/537.36 (KHTML, like Gecko; compatible; ClaudeBot/1.0; +claudebot@anthropic.com)"
192.178.6.4 - - [24/Mar/2026:14:16:46 +0000] "GET /?goods/208029539 HTTP/1.1" 200 377406 "-" "Mozilla/5.0 (Linux; Android 6.0.1; Nexus 5X Build/MMB29P) AppleWebKit/537.36 (KHTML, like Gecko) Chrome/145.0.7632.159 Mobile Safari/537.36 (compatible; Googlebot/2.1; +http://www.google.com/bot.html)"
192.178.6.4 - - [24/Mar/2026:14:16:47 +0000] "GET /?jp/142025687.html HTTP/1.1" 200 412904 "-" "Mozilla/5.0 (Linux; Android 6.0.1; Nexus 5X Build/MMB29P) AppleWebKit/537.36 (KHTML, like Gecko) Chrome/145.0.7632.159 Mobile Safari/537.36 (compatible; Googlebot/2.1; +http://www.google.com/bot.html)"
216.73.216.60 - - [24/Mar/2026:14:16:48 +0000] "GET /product/229049998?dir=%2Fhome%2Finceptionblue%2Fpublic_html%2Fwp-content%2Fplugins%2Ffilester%2Fincludes%2FRecommended%2Fviews&read=%2Fhome%2Finceptionblue%2Fpublic_html%2Fwp-content%2Fplugins%2Ffilester%2Fincludes%2FRecommended%2Fviews%2Fcontent.php HTTP/1.1" 200 132979 "-" "Mozilla/5.0 AppleWebKit/537.36 (KHTML, like Gecko; compatible; ClaudeBot/1.0; +claudebot@anthropic.com)"
216.73.216.60 - - [24/Mar/2026:14:16:56 +0000] "GET /product/037008832?dir=%2Fhome%2Finceptionblue%2Fpublic_html%2Fwp-content%2Fplugins%2Fwordpress-seo%2Fvendor%2Fcomposer HTTP/1.1" 200 141918 "-" "Mozilla/5.0 AppleWebKit/537.36 (KHTML, like Gecko; compatible; ClaudeBot/1.0; +claudebot@anthropic.com)"
192.178.6.5 - - [24/Mar/2026:14:17:02 +0000] "GET /kumacompany-km-90796da4a-1 HTTP/1.1" 200 390206 "-" "Mozilla/5.0 (Linux; Android 6.0.1; Nexus 5X Build/MMB29P) AppleWebKit/537.36 (KHTML, like Gecko) Chrome/145.0.7632.159 Mobile Safari/537.36 (compatible; Googlebot/2.1; +http://www.google.com/bot.html)"
192.178.6.5 - - [24/Mar/2026:14:17:16 +0000] "GET /?detail/09903859434327 HTTP/1.1" 200 370651 "-" "Mozilla/5.0 (Linux; Android 6.0.1; Nexus 5X Build/MMB29P) AppleWebKit/537.36 (KHTML, like Gecko) Chrome/145.0.7632.159 Mobile Safari/537.36 (compatible; Googlebot/2.1; +http://www.google.com/bot.html)"
192.178.6.4 - - [24/Mar/2026:14:17:17 +0000] "GET /?goods/225048661 HTTP/1.1" 200 386856 "-" "Mozilla/5.0 (Linux; Android 6.0.1; Nexus 5X Build/MMB29P) AppleWebKit/537.36 (KHTML, like Gecko) Chrome/145.0.7632.159 Mobile Safari/537.36 (compatible; Googlebot/2.1; +http://www.google.com/bot.html)"
74.7.227.46 - - [24/Mar/2026:14:17:27 +0000] "GET /buy.php?detail/12903789965671 HTTP/1.1" 403 192761 "https://inception-blue.com/buy.php?detail/23704885870770" "Mozilla/5.0 AppleWebKit/537.36 (KHTML, like Gecko; compatible; GPTBot/1.3; +https://openai.com/gptbot)"
208.109.188.137 - - [24/Mar/2026:14:17:33 +0000] "GET /wp-login.php HTTP/1.1" 200 91866 "-" "Mozilla/5.0 (Windows NT 10.0; WOW64) AppleWebKit/537.36 (KHTML, like Gecko) Chrome/66.0.3359.170 Safari/537.36 OPR/53.0.2907.99"
208.109.188.137 - - [24/Mar/2026:14:17:34 +0000] "POST /wp-login.php HTTP/1.1" 200 92178 "https://inception-blue.com/wp-login.php" "Mozilla/5.0 (Windows NT 10.0; WOW64) AppleWebKit/537.36 (KHTML, like Gecko) Chrome/66.0.3359.170 Safari/537.36 OPR/53.0.2907.99"
216.73.216.60 - - [24/Mar/2026:14:17:53 +0000] "GET /product/037008832?dir=%2Fvar%2Fcache%2Fkcare%2Fpatches%2Fnone-dcef1ea2d18c1b8ad5670d938c725adaee8ecb4a-88-free&read=%2Fvar%2Fcache%2Fkcare%2Fpatches%2Fnone-dcef1ea2d18c1b8ad5670d938c725adaee8ecb4a-88-free%2Fkpatch.free.bin HTTP/1.1" 200 120374 "-" "Mozilla/5.0 AppleWebKit/537.36 (KHTML, like Gecko; compatible; ClaudeBot/1.0; +claudebot@anthropic.com)"
192.178.6.4 - - [24/Mar/2026:14:17:57 +0000] "GET /?jp/158028133.html HTTP/1.1" 200 404586 "-" "Mozilla/5.0 (Linux; Android 6.0.1; Nexus 5X Build/MMB29P) AppleWebKit/537.36 (KHTML, like Gecko) Chrome/145.0.7632.159 Mobile Safari/537.36 (compatible; Googlebot/2.1; +http://www.google.com/bot.html)"
216.73.216.60 - - [24/Mar/2026:14:17:58 +0000] "GET /product/037008832?dir=%2Fvar%2Fcache%2Fkcare%2Fpatches%2Fnone-dcef1ea2d18c1b8ad5670d938c725adaee8ecb4a-88-free&read=%2Fvar%2Fcache%2Fkcare%2Fpatches%2Fnone-dcef1ea2d18c1b8ad5670d938c725adaee8ecb4a-88-free%2F.free.done HTTP/1.1" 200 120364 "-" "Mozilla/5.0 AppleWebKit/537.36 (KHTML, like Gecko; compatible; ClaudeBot/1.0; +claudebot@anthropic.com)"
192.178.6.4 - - [24/Mar/2026:14:18:11 +0000] "GET /product/013034464 HTTP/1.1" 200 408813 "-" "Mozilla/5.0 (Linux; Android 6.0.1; Nexus 5X Build/MMB29P) AppleWebKit/537.36 (KHTML, like Gecko) Chrome/145.0.7632.159 Mobile Safari/537.36 (compatible; Googlebot/2.1; +http://www.google.com/bot.html)"
148.113.130.58 - - [24/Mar/2026:14:18:21 +0000] "GET /shopbrand/67396655.htm HTTP/1.1" 200 192761 "-" "Mozilla/5.0 (compatible; AhrefsBot/7.0; +http://ahrefs.com/robot/)"
192.178.6.4 - - [24/Mar/2026:14:18:24 +0000] "GET /?goods/292036875 HTTP/1.1" 200 403256 "-" "Mozilla/5.0 (Linux; Android 6.0.1; Nexus 5X Build/MMB29P) AppleWebKit/537.36 (KHTML, like Gecko) Chrome/145.0.7632.159 Mobile Safari/537.36 (compatible; Googlebot/2.1; +http://www.google.com/bot.html)"
74.7.227.46 - - [24/Mar/2026:14:18:30 +0000] "GET /buy.php?detail/21604539381514 HTTP/1.1" 403 192761 "https://inception-blue.com/buy.php?detail/17804961555609" "Mozilla/5.0 AppleWebKit/537.36 (KHTML, like Gecko; compatible; GPTBot/1.3; +https://openai.com/gptbot)"
192.178.6.10 - - [24/Mar/2026:14:18:50 +0000] "GET /?goods/131038185 HTTP/1.1" 200 373081 "-" "Mozilla/5.0 (Linux; Android 6.0.1; Nexus 5X Build/MMB29P) AppleWebKit/537.36 (KHTML, like Gecko) Chrome/145.0.7632.159 Mobile Safari/537.36 (compatible; Googlebot/2.1; +http://www.google.com/bot.html)"
216.73.216.60 - - [24/Mar/2026:14:18:57 +0000] "GET /product/037008832?dir=%2Fvar%2Fcache%2Fkcare%2Fpatches%2Fnone-dcef1ea2d18c1b8ad5670d938c725adaee8ecb4a-88-free&read=%2Fvar%2Fcache%2Fkcare%2Fpatches%2Fnone-dcef1ea2d18c1b8ad5670d938c725adaee8ecb4a-88-free%2Fkpatch.free.info HTTP/1.1" 200 120685 "-" "Mozilla/5.0 AppleWebKit/537.36 (KHTML, like Gecko; compatible; ClaudeBot/1.0; +claudebot@anthropic.com)"
216.73.216.60 - - [24/Mar/2026:14:19:00 +0000] "GET /product/216002177?dir=%2Fvar%2Fcache%2Fdnf%2Fwp-toolkit-cpanel-33c7aa051b360d6f%2Fpackages HTTP/1.1" 200 123659 "-" "Mozilla/5.0 AppleWebKit/537.36 (KHTML, like Gecko; compatible; ClaudeBot/1.0; +claudebot@anthropic.com)"
192.178.6.1 - - [24/Mar/2026:14:19:03 +0000] "GET /?detail/05203684084859 HTTP/1.1" 200 403538 "-" "Mozilla/5.0 (Linux; Android 6.0.1; Nexus 5X Build/MMB29P) AppleWebKit/537.36 (KHTML, like Gecko) Chrome/145.0.7632.159 Mobile Safari/537.36 (compatible; Googlebot/2.1; +http://www.google.com/bot.html)"
192.178.6.1 - - [24/Mar/2026:14:19:17 +0000] "GET /?goods/282022670 HTTP/1.1" 200 408566 "-" "Mozilla/5.0 (Linux; Android 6.0.1; Nexus 5X Build/MMB29P) AppleWebKit/537.36 (KHTML, like Gecko) Chrome/145.0.7632.159 Mobile Safari/537.36 (compatible; Googlebot/2.1; +http://www.google.com/bot.html)"
192.178.6.1 - - [24/Mar/2026:14:19:18 +0000] "GET /product/260019235 HTTP/1.1" 200 395627 "-" "Mozilla/5.0 (Linux; Android 6.0.1; Nexus 5X Build/MMB29P) AppleWebKit/537.36 (KHTML, like Gecko) Chrome/145.0.7632.159 Mobile Safari/537.36 (compatible; Googlebot/2.1; +http://www.google.com/bot.html)"
74.7.227.46 - - [24/Mar/2026:14:19:33 +0000] "GET /buy.php?detail/21500468980943 HTTP/1.1" 403 192761 "https://inception-blue.com/buy.php?detail/21501544595594" "Mozilla/5.0 AppleWebKit/537.36 (KHTML, like Gecko; compatible; GPTBot/1.3; +https://openai.com/gptbot)"
192.178.6.10 - - [24/Mar/2026:14:19:37 +0000] "GET /?detail/01500811788962 HTTP/1.1" 200 397765 "-" "Mozilla/5.0 (Linux; Android 6.0.1; Nexus 5X Build/MMB29P) AppleWebKit/537.36 (KHTML, like Gecko) Chrome/145.0.7632.159 Mobile Safari/537.36 (compatible; Googlebot/2.1; +http://www.google.com/bot.html)"
103.216.118.192 - - [24/Mar/2026:14:19:43 +0000] "GET /wp-login.php HTTP/1.1" 200 91866 "-" "Mozilla/5.0 (Windows NT 6.1; WOW64; Trident/7.0; NISSC; rv:11.0) like Gecko"
103.216.118.192 - - [24/Mar/2026:14:19:45 +0000] "POST /wp-login.php HTTP/1.1" 200 92178 "https://inception-blue.com/wp-login.php" "Mozilla/5.0 (Windows NT 6.1; WOW64; Trident/7.0; NISSC; rv:11.0) like Gecko"
192.178.6.10 - - [24/Mar/2026:14:20:03 +0000] "GET /?jp/047047011.html HTTP/1.1" 200 372230 "-" "Mozilla/5.0 (Linux; Android 6.0.1; Nexus 5X Build/MMB29P) AppleWebKit/537.36 (KHTML, like Gecko) Chrome/145.0.7632.159 Mobile Safari/537.36 (compatible; Googlebot/2.1; +http://www.google.com/bot.html)"
192.178.6.2 - - [24/Mar/2026:14:20:04 +0000] "GET /?detail/20502872084388 HTTP/1.1" 200 384320 "-" "Mozilla/5.0 (Linux; Android 6.0.1; Nexus 5X Build/MMB29P) AppleWebKit/537.36 (KHTML, like Gecko) Chrome/145.0.7632.159 Mobile Safari/537.36 (compatible; Googlebot/2.1; +http://www.google.com/bot.html)"
192.178.6.1 - - [24/Mar/2026:14:20:06 +0000] "GET /?i=pdfr87faxhp29887zfdumhiz HTTP/1.1" 200 389050 "-" "Mozilla/5.0 (Linux; Android 6.0.1; Nexus 5X Build/MMB29P) AppleWebKit/537.36 (KHTML, like Gecko) Chrome/145.0.7632.159 Mobile Safari/537.36 (compatible; GoogleOther)"
216.73.216.60 - - [24/Mar/2026:14:20:10 +0000] "GET /product/037008832?dir=%2Fvar%2Fcache%2Fkcare%2Fpatches%2Fnone-dcef1ea2d18c1b8ad5670d938c725adaee8ecb4a-88-free&read=%2Fvar%2Fcache%2Fkcare%2Fpatches%2Fnone-dcef1ea2d18c1b8ad5670d938c725adaee8ecb4a-88-free%2Fkcare.ko HTTP/1.1" 200 120360 "-" "Mozilla/5.0 AppleWebKit/537.36 (KHTML, like Gecko; compatible; ClaudeBot/1.0; +claudebot@anthropic.com)"
192.178.6.10 - - [24/Mar/2026:14:20:11 +0000] "GET /?q=kfmue63k34131ygxpdf HTTP/1.1" 200 403235 "-" "Mozilla/5.0 (Linux; Android 6.0.1; Nexus 5X Build/MMB29P) AppleWebKit/537.36 (KHTML, like Gecko) Chrome/145.0.7632.159 Mobile Safari/537.36 (compatible; GoogleOther)"
66.249.66.169 - - [24/Mar/2026:14:20:18 +0000] "GET /?goods/021022975 HTTP/1.1" 200 394507 "-" "Mozilla/5.0 (Linux; Android 6.0.1; Nexus 5X Build/MMB29P) AppleWebKit/537.36 (KHTML, like Gecko) Chrome/145.0.7632.159 Mobile Safari/537.36 (compatible; Googlebot/2.1; +http://www.google.com/bot.html)"
74.7.227.46 - - [24/Mar/2026:14:20:39 +0000] "GET /buy.php?detail/29003371028964 HTTP/1.1" 403 192761 "https://inception-blue.com/buy.php?detail/18302872113949" "Mozilla/5.0 AppleWebKit/537.36 (KHTML, like Gecko; compatible; GPTBot/1.3; +https://openai.com/gptbot)"
192.178.6.10 - - [24/Mar/2026:14:20:43 +0000] "GET /shopbrand/2501645.htm HTTP/1.1" 200 397426 "-" "Mozilla/5.0 (Linux; Android 6.0.1; Nexus 5X Build/MMB29P) AppleWebKit/537.36 (KHTML, like Gecko) Chrome/145.0.7632.159 Mobile Safari/537.36 (compatible; Googlebot/2.1; +http://www.google.com/bot.html)"
192.178.6.1 - - [24/Mar/2026:14:20:44 +0000] "GET /?v=egq265l43661vphtkwdua HTTP/1.1" 200 407321 "-" "Mozilla/5.0 (Linux; Android 6.0.1; Nexus 5X Build/MMB29P) AppleWebKit/537.36 (KHTML, like Gecko) Chrome/145.0.7632.159 Mobile Safari/537.36 (compatible; Googlebot/2.1; +http://www.google.com/bot.html)"
192.178.6.1 - - [24/Mar/2026:14:20:45 +0000] "GET /?goods/232017793 HTTP/1.1" 200 382941 "-" "Mozilla/5.0 (Linux; Android 6.0.1; Nexus 5X Build/MMB29P) AppleWebKit/537.36 (KHTML, like Gecko) Chrome/145.0.7632.159 Mobile Safari/537.36 (compatible; Googlebot/2.1; +http://www.google.com/bot.html)"
192.178.6.10 - - [24/Mar/2026:14:20:47 +0000] "GET /1160024737 HTTP/1.1" 200 388739 "-" "Mozilla/5.0 (Linux; Android 6.0.1; Nexus 5X Build/MMB29P) AppleWebKit/537.36 (KHTML, like Gecko) Chrome/145.0.7632.159 Mobile Safari/537.36 (compatible; Googlebot/2.1; +http://www.google.com/bot.html)"
192.178.6.1 - - [24/Mar/2026:14:20:48 +0000] "GET /?jp/048045862.html HTTP/1.1" 200 416264 "-" "Mozilla/5.0 (Linux; Android 6.0.1; Nexus 5X Build/MMB29P) AppleWebKit/537.36 (KHTML, like Gecko) Chrome/145.0.7632.159 Mobile Safari/537.36 (compatible; Googlebot/2.1; +http://www.google.com/bot.html)"
192.178.6.1 - - [24/Mar/2026:14:20:49 +0000] "GET /?w=mrkv195l39643etmhslogk HTTP/1.1" 200 386196 "-" "Mozilla/5.0 (Linux; Android 6.0.1; Nexus 5X Build/MMB29P) AppleWebKit/537.36 (KHTML, like Gecko) Chrome/145.0.7632.159 Mobile Safari/537.36 (compatible; Googlebot/2.1; +http://www.google.com/bot.html)"
185.223.152.188 - - [24/Mar/2026:14:21:07 +0000] "POST /wp-login.php HTTP/1.1" 200 91866 "-" "Mozilla/5.0"
216.73.216.60 - - [24/Mar/2026:14:21:16 +0000] "GET /product/037008832?dir=%2Fhome%2Finceptionblue%2Fpublic_html%2Fwp-content%2Fplugins%2Fprofile-builder%2Ffeatures%2Froles-editor%2Fassets HTTP/1.1" 200 129445 "-" "Mozilla/5.0 AppleWebKit/537.36 (KHTML, like Gecko; compatible; ClaudeBot/1.0; +claudebot@anthropic.com)"
192.178.6.2 - - [24/Mar/2026:14:21:23 +0000] "GET /?detail/0470237148273 HTTP/1.1" 200 378849 "-" "Mozilla/5.0 (Linux; Android 6.0.1; Nexus 5X Build/MMB29P) AppleWebKit/537.36 (KHTML, like Gecko) Chrome/145.0.7632.159 Mobile Safari/537.36 (compatible; Googlebot/2.1; +http://www.google.com/bot.html)"
74.7.227.46 - - [24/Mar/2026:14:21:43 +0000] "GET /buy.php?detail/15203277163904 HTTP/1.1" 403 192761 "https://inception-blue.com/buy.php?detail/29600608610051" "Mozilla/5.0 AppleWebKit/537.36 (KHTML, like Gecko; compatible; GPTBot/1.3; +https://openai.com/gptbot)"
192.178.6.10 - - [24/Mar/2026:14:21:49 +0000] "GET /?j=fthkb117vt18249magrjeouwy HTTP/1.1" 200 376861 "-" "Mozilla/5.0 (Linux; Android 6.0.1; Nexus 5X Build/MMB29P) AppleWebKit/537.36 (KHTML, like Gecko) Chrome/145.0.7632.159 Mobile Safari/537.36 (compatible; Googlebot/2.1; +http://www.google.com/bot.html)"
192.178.6.10 - - [24/Mar/2026:14:21:50 +0000] "GET /?detail/055036124365 HTTP/1.1" 200 388911 "-" "Mozilla/5.0 (Linux; Android 6.0.1; Nexus 5X Build/MMB29P) AppleWebKit/537.36 (KHTML, like Gecko) Chrome/145.0.7632.159 Mobile Safari/537.36 (compatible; Googlebot/2.1; +http://www.google.com/bot.html)"
192.178.6.10 - - [24/Mar/2026:14:21:51 +0000] "GET /product/191044942 HTTP/1.1" 200 395272 "-" "Mozilla/5.0 (Linux; Android 6.0.1; Nexus 5X Build/MMB29P) AppleWebKit/537.36 (KHTML, like Gecko) Chrome/145.0.7632.159 Mobile Safari/537.36 (compatible; Googlebot/2.1; +http://www.google.com/bot.html)"
216.73.216.60 - - [24/Mar/2026:14:22:19 +0000] "GET /product/037008832?dir=%2Fvar%2Fcache%2Fkcare%2Fpatches%2Fnone-dcef1ea2d18c1b8ad5670d938c725adaee8ecb4a-88-free&read=%2Fvar%2Fcache%2Fkcare%2Fpatches%2Fnone-dcef1ea2d18c1b8ad5670d938c725adaee8ecb4a-88-free%2Frelease.content.json HTTP/1.1" 200 510460 "-" "Mozilla/5.0 AppleWebKit/537.36 (KHTML, like Gecko; compatible; ClaudeBot/1.0; +claudebot@anthropic.com)"
216.73.216.60 - - [24/Mar/2026:14:22:22 +0000] "GET /product/037008832?dir=%2Fhome%2Finceptionblue%2Fpublic_html%2Fwp-content%2Fplugins%2Fwordpress-seo%2Fvendor&read=%2Fhome%2Finceptionblue%2Fpublic_html%2Fwp-content%2Fplugins%2Fwordpress-seo%2Fvendor%2Fautoload.php HTTP/1.1" 200 120425 "-" "Mozilla/5.0 AppleWebKit/537.36 (KHTML, like Gecko; compatible; ClaudeBot/1.0; +claudebot@anthropic.com)"
192.178.6.1 - - [24/Mar/2026:14:22:30 +0000] "GET /?jp/026027227.html HTTP/1.1" 200 391155 "-" "Mozilla/5.0 (Linux; Android 6.0.1; Nexus 5X Build/MMB29P) AppleWebKit/537.36 (KHTML, like Gecko) Chrome/145.0.7632.159 Mobile Safari/537.36 (compatible; Googlebot/2.1; +http://www.google.com/bot.html)"
192.178.6.10 - - [24/Mar/2026:14:22:31 +0000] "GET /?goods/076044770 HTTP/1.1" 200 380423 "-" "Mozilla/5.0 (Linux; Android 6.0.1; Nexus 5X Build/MMB29P) AppleWebKit/537.36 (KHTML, like Gecko) Chrome/145.0.7632.159 Mobile Safari/537.36 (compatible; Googlebot/2.1; +http://www.google.com/bot.html)"
74.7.227.46 - - [24/Mar/2026:14:22:48 +0000] "GET /buy.php?detail/13703265919816 HTTP/1.1" 403 192761 "https://inception-blue.com/buy.php?detail/25200765341430" "Mozilla/5.0 AppleWebKit/537.36 (KHTML, like Gecko; compatible; GPTBot/1.3; +https://openai.com/gptbot)"
192.178.6.1 - - [24/Mar/2026:14:22:56 +0000] "GET /?c=cyz194x37938mbfjfq HTTP/1.1" 200 411428 "-" "Mozilla/5.0 (Linux; Android 6.0.1; Nexus 5X Build/MMB29P) AppleWebKit/537.36 (KHTML, like Gecko) Chrome/145.0.7632.159 Mobile Safari/537.36 (compatible; Googlebot/2.1; +http://www.google.com/bot.html)"
192.178.6.1 - - [24/Mar/2026:14:22:57 +0000] "GET /?goods/153027325 HTTP/1.1" 200 410005 "-" "Mozilla/5.0 (Linux; Android 6.0.1; Nexus 5X Build/MMB29P) AppleWebKit/537.36 (KHTML, like Gecko) Chrome/145.0.7632.159 Mobile Safari/537.36 (compatible; Googlebot/2.1; +http://www.google.com/bot.html)"
43.164.197.224 - - [24/Mar/2026:14:23:17 +0000] "GET / HTTP/1.1" 200 230267 "http://inception-blue.com" "Mozilla/5.0 (iPhone; CPU iPhone OS 13_2_3 like Mac OS X) AppleWebKit/605.1.15 (KHTML, like Gecko) Version/13.0.3 Mobile/15E148 Safari/604.1"
216.73.216.60 - - [24/Mar/2026:14:23:25 +0000] "GET /lets-dive?dir=%2Fhome%2Finceptionblue%2Fpublic_html%2Fwp-content%2Fplugins%2Fprofile-builder%2Fassets%2Flib%2Fcodemirror%2Fmode%2Fxml HTTP/1.1" 200 20911 "-" "Mozilla/5.0 AppleWebKit/537.36 (KHTML, like Gecko; compatible; ClaudeBot/1.0; +claudebot@anthropic.com)"
216.73.216.60 - - [24/Mar/2026:14:23:27 +0000] "GET /index.php?dir=%2Frun%2Fchkservd&read=%2Frun%2Fchkservd%2Flmtp HTTP/1.1" 200 12120 "-" "Mozilla/5.0 AppleWebKit/537.36 (KHTML, like Gecko; compatible; ClaudeBot/1.0; +claudebot@anthropic.com)"
