149.22.83.52 - - [24/Mar/2026:14:51:20 +0000] "GET /lets-dive/?dir=/home/inceptionblue/public_html/wp-content/plugins/astra-addon/classes/builder/type/base/assets/js&read=/home/inceptionblue/public_html/wp-content/plugins/astra-addon/classes/builder/type/base/assets/js/customizer-preview.js HTTP/1.1" 200 183951 "-" "Mozilla/5.0 (compatible; MJ12bot/v1.4.8; http://mj12bot.com/)"
149.22.83.52 - - [24/Mar/2026:14:51:25 +0000] "GET /lets-dive/?dir=/home/inceptionblue/public_html/wp-content/plugins/astra-addon/classes/builder/type/base/dynamic-css/button&read=/home/inceptionblue/public_html/wp-content/plugins/astra-addon/classes/builder/type/base/dynamic-css/button/class-astra-addon-button-component-dynamic-css.php HTTP/1.1" 200 161516 "-" "Mozilla/5.0 (compatible; MJ12bot/v1.4.8; http://mj12bot.com/)"
192.178.6.4 - - [24/Mar/2026:14:51:27 +0000] "GET /?jp/018045850.html HTTP/1.1" 200 380488 "-" "Mozilla/5.0 (Linux; Android 6.0.1; Nexus 5X Build/MMB29P) AppleWebKit/537.36 (KHTML, like Gecko) Chrome/145.0.7632.159 Mobile Safari/537.36 (compatible; Googlebot/2.1; +http://www.google.com/bot.html)"
149.22.83.52 - - [24/Mar/2026:14:51:30 +0000] "GET /lets-dive/?dir=/home/inceptionblue/public_html/wp-content/plugins/astra-addon/classes/builder/type/base/dynamic-css/divider&read=/home/inceptionblue/public_html/wp-content/plugins/astra-addon/classes/builder/type/base/dynamic-css/divider/class-astra-divider-component-dynamic-css.php HTTP/1.1" 200 170539 "-" "Mozilla/5.0 (compatible; MJ12bot/v1.4.8; http://mj12bot.com/)"
149.22.83.52 - - [24/Mar/2026:14:51:35 +0000] "GET /lets-dive/?dir=/home/inceptionblue/public_html/wp-content/plugins/astra-addon/classes/builder/type/base/dynamic-css/language-switcher&read=/home/inceptionblue/public_html/wp-content/plugins/astra-addon/classes/builder/type/base/dynamic-css/language-switcher/class-astra-language-switcher-component-dynamic-css.php HTTP/1.1" 200 164539 "-" "Mozilla/5.0 (compatible; MJ12bot/v1.4.8; http://mj12bot.com/)"
149.22.83.52 - - [24/Mar/2026:14:51:40 +0000] "GET /lets-dive/?dir=/home/inceptionblue/public_html/wp-content/plugins/astra-addon/classes/builder/type/base/dynamic-css/social-icon&read=/home/inceptionblue/public_html/wp-content/plugins/astra-addon/classes/builder/type/base/dynamic-css/social-icon/class-astra-social-icon-component-dynamic-css.php HTTP/1.1" 200 164932 "-" "Mozilla/5.0 (compatible; MJ12bot/v1.4.8; http://mj12bot.com/)"
192.178.6.4 - - [24/Mar/2026:14:51:40 +0000] "GET /?u=uugb80v5000zluzydw HTTP/1.1" 200 369638 "-" "Mozilla/5.0 (Linux; Android 6.0.1; Nexus 5X Build/MMB29P) AppleWebKit/537.36 (KHTML, like Gecko) Chrome/145.0.7632.159 Mobile Safari/537.36 (compatible; Googlebot/2.1; +http://www.google.com/bot.html)"
149.22.83.52 - - [24/Mar/2026:14:51:45 +0000] "GET /lets-dive/?dir=/home/inceptionblue/public_html/wp-content/plugins/astra-addon/classes/builder/type/footer/button/assets/js HTTP/1.1" 200 168251 "-" "Mozilla/5.0 (compatible; MJ12bot/v1.4.8; http://mj12bot.com/)"
149.22.83.52 - - [24/Mar/2026:14:51:50 +0000] "GET /lets-dive/?dir=/home/inceptionblue/public_html/wp-content/plugins/astra-addon/classes/builder/type/footer/button/classes&read=/home/inceptionblue/public_html/wp-content/plugins/astra-addon/classes/builder/type/footer/button/classes/class-astra-ext-footer-button-component-loader.php HTTP/1.1" 200 162448 "-" "Mozilla/5.0 (compatible; MJ12bot/v1.4.8; http://mj12bot.com/)"
149.22.83.52 - - [24/Mar/2026:14:51:55 +0000] "GET /lets-dive/?dir=/home/inceptionblue/public_html/wp-content/plugins/astra-addon/classes/builder/type/footer/button/dynamic-css&read=/home/inceptionblue/public_html/wp-content/plugins/astra-addon/classes/builder/type/footer/button/dynamic-css/dynamic.css.php HTTP/1.1" 200 160702 "-" "Mozilla/5.0 (compatible; MJ12bot/v1.4.8; http://mj12bot.com/)"
149.22.83.52 - - [24/Mar/2026:14:52:00 +0000] "GET /lets-dive/?dir=/home/inceptionblue/public_html/wp-content/plugins/astra-addon/classes/builder/type/footer/divider/assets/js HTTP/1.1" 200 168267 "-" "Mozilla/5.0 (compatible; MJ12bot/v1.4.8; http://mj12bot.com/)"
149.22.83.52 - - [24/Mar/2026:14:52:05 +0000] "GET /lets-dive/?dir=/home/inceptionblue/public_html/wp-content/plugins/astra-addon/classes/builder/type/footer/divider/classes&read=/home/inceptionblue/public_html/wp-content/plugins/astra-addon/classes/builder/type/footer/divider/classes/class-astra-footer-divider-component-loader.php HTTP/1.1" 200 163074 "-" "Mozilla/5.0 (compatible; MJ12bot/v1.4.8; http://mj12bot.com/)"
192.178.6.4 - - [24/Mar/2026:14:52:06 +0000] "GET /shopbrand/440090603.htm HTTP/1.1" 200 398919 "-" "Mozilla/5.0 (Linux; Android 6.0.1; Nexus 5X Build/MMB29P) AppleWebKit/537.36 (KHTML, like Gecko) Chrome/145.0.7632.159 Mobile Safari/537.36 (compatible; Googlebot/2.1; +http://www.google.com/bot.html)"
192.178.6.4 - - [24/Mar/2026:14:52:07 +0000] "GET /shopbrand/2890381771.htm HTTP/1.1" 200 381193 "-" "Mozilla/5.0 (Linux; Android 6.0.1; Nexus 5X Build/MMB29P) AppleWebKit/537.36 (KHTML, like Gecko) Chrome/145.0.7632.159 Mobile Safari/537.36 (compatible; Googlebot/2.1; +http://www.google.com/bot.html)"
149.22.83.52 - - [24/Mar/2026:14:52:10 +0000] "GET /lets-dive/?dir=/home/inceptionblue/public_html/wp-content/plugins/astra-addon/classes/builder/type/footer/divider/dynamic-css&read=/home/inceptionblue/public_html/wp-content/plugins/astra-addon/classes/builder/type/footer/divider/dynamic-css/dynamic.css.php HTTP/1.1" 200 163299 "-" "Mozilla/5.0 (compatible; MJ12bot/v1.4.8; http://mj12bot.com/)"
74.7.227.46 - - [24/Mar/2026:14:52:14 +0000] "GET /buy.php?detail/15801675344202 HTTP/1.1" 403 192761 "https://inception-blue.com/buy.php?detail/15800625567557" "Mozilla/5.0 AppleWebKit/537.36 (KHTML, like Gecko; compatible; GPTBot/1.3; +https://openai.com/gptbot)"
149.22.83.52 - - [24/Mar/2026:14:52:15 +0000] "GET /lets-dive/?dir=/home/inceptionblue/public_html/wp-content/plugins/astra-addon/classes/builder/type/footer/language-switcher&read=/home/inceptionblue/public_html/wp-content/plugins/astra-addon/classes/builder/type/footer/language-switcher/class-astra-footer-language-switcher-component.php HTTP/1.1" 200 161343 "-" "Mozilla/5.0 (compatible; MJ12bot/v1.4.8; http://mj12bot.com/)"
149.22.83.52 - - [24/Mar/2026:14:52:20 +0000] "GET /lets-dive/?dir=/home/inceptionblue/public_html/wp-content/plugins/astra-addon/classes/builder/type/footer/language-switcher&read=/home/inceptionblue/public_html/wp-content/plugins/astra-addon/classes/builder/type/footer/language-switcher/class-astra-footer-language-switcher-configs.php HTTP/1.1" 200 161243 "-" "Mozilla/5.0 (compatible; MJ12bot/v1.4.8; http://mj12bot.com/)"
192.178.6.4 - - [24/Mar/2026:14:52:21 +0000] "GET /?detail/0100430803899 HTTP/1.1" 200 386928 "-" "Mozilla/5.0 (Linux; Android 6.0.1; Nexus 5X Build/MMB29P) AppleWebKit/537.36 (KHTML, like Gecko) Chrome/145.0.7632.159 Mobile Safari/537.36 (compatible; Googlebot/2.1; +http://www.google.com/bot.html)"
192.178.6.5 - - [24/Mar/2026:14:52:22 +0000] "GET /product/154031685 HTTP/1.1" 200 394320 "-" "Mozilla/5.0 (Linux; Android 6.0.1; Nexus 5X Build/MMB29P) AppleWebKit/537.36 (KHTML, like Gecko) Chrome/145.0.7632.159 Mobile Safari/537.36 (compatible; Googlebot/2.1; +http://www.google.com/bot.html)"
192.178.6.5 - - [24/Mar/2026:14:52:23 +0000] "GET /?v=ofd24xk36654ncououfcjc HTTP/1.1" 200 390194 "-" "Mozilla/5.0 (Linux; Android 6.0.1; Nexus 5X Build/MMB29P) AppleWebKit/537.36 (KHTML, like Gecko) Chrome/145.0.7632.159 Mobile Safari/537.36 (compatible; Googlebot/2.1; +http://www.google.com/bot.html)"
192.178.6.5 - - [24/Mar/2026:14:52:24 +0000] "GET /?g=feock48d48824vbkxuo HTTP/1.1" 200 386695 "-" "Mozilla/5.0 (Linux; Android 6.0.1; Nexus 5X Build/MMB29P) AppleWebKit/537.36 (KHTML, like Gecko) Chrome/145.0.7632.159 Mobile Safari/537.36 (compatible; Googlebot/2.1; +http://www.google.com/bot.html)"
149.22.83.52 - - [24/Mar/2026:14:52:25 +0000] "GET /lets-dive/?dir=/home/inceptionblue/public_html/wp-content/plugins/astra-addon/classes/builder/type/footer/language-switcher/assets HTTP/1.1" 200 166407 "-" "Mozilla/5.0 (compatible; MJ12bot/v1.4.8; http://mj12bot.com/)"
149.22.83.52 - - [24/Mar/2026:14:52:30 +0000] "GET /lets-dive/?dir=/home/inceptionblue/public_html/wp-content/plugins/astra-addon/classes/builder/type/footer/language-switcher/classes HTTP/1.1" 200 166829 "-" "Mozilla/5.0 (compatible; MJ12bot/v1.4.8; http://mj12bot.com/)"
149.22.83.52 - - [24/Mar/2026:14:52:35 +0000] "GET /lets-dive/?dir=/home/inceptionblue/public_html/wp-content/plugins/astra-addon/classes/builder/type/footer/language-switcher/dynamic-css HTTP/1.1" 200 166713 "-" "Mozilla/5.0 (compatible; MJ12bot/v1.4.8; http://mj12bot.com/)"
149.22.83.52 - - [24/Mar/2026:14:52:40 +0000] "GET /lets-dive/?dir=/home/inceptionblue/public_html/wp-content/plugins/astra-addon/classes/builder/type/footer/social-icon&read=/home/inceptionblue/public_html/wp-content/plugins/astra-addon/classes/builder/type/footer/social-icon/class-astra-footer-social-component-configs.php HTTP/1.1" 200 161267 "-" "Mozilla/5.0 (compatible; MJ12bot/v1.4.8; http://mj12bot.com/)"
149.22.83.52 - - [24/Mar/2026:14:52:45 +0000] "GET /lets-dive/?dir=/home/inceptionblue/public_html/wp-content/plugins/astra-addon/classes/builder/type/footer/social-icon&read=/home/inceptionblue/public_html/wp-content/plugins/astra-addon/classes/builder/type/footer/social-icon/class-astra-footer-social-component.php HTTP/1.1" 200 161275 "-" "Mozilla/5.0 (compatible; MJ12bot/v1.4.8; http://mj12bot.com/)"
192.178.6.4 - - [24/Mar/2026:14:52:49 +0000] "GET /shopbrand/1030414232.htm HTTP/1.1" 200 411141 "-" "Mozilla/5.0 (Linux; Android 6.0.1; Nexus 5X Build/MMB29P) AppleWebKit/537.36 (KHTML, like Gecko) Chrome/145.0.7632.159 Mobile Safari/537.36 (compatible; Googlebot/2.1; +http://www.google.com/bot.html)"
149.22.83.52 - - [24/Mar/2026:14:52:50 +0000] "GET /lets-dive/?dir=/home/inceptionblue/public_html/wp-content/plugins/astra-addon/classes/builder/type/footer/social-icon/assets HTTP/1.1" 200 169681 "-" "Mozilla/5.0 (compatible; MJ12bot/v1.4.8; http://mj12bot.com/)"
149.22.83.52 - - [24/Mar/2026:14:52:55 +0000] "GET /lets-dive/?dir=/home/inceptionblue/public_html/wp-content/plugins/astra-addon/classes/builder/type/footer/social-icon/classes HTTP/1.1" 200 166707 "-" "Mozilla/5.0 (compatible; MJ12bot/v1.4.8; http://mj12bot.com/)"
149.22.83.52 - - [24/Mar/2026:14:52:59 +0000] "GET /lets-dive/?dir=/home/inceptionblue/public_html/wp-content/plugins/astra-addon/classes/builder/type/footer/social-icon/dynamic-css HTTP/1.1" 200 166633 "-" "Mozilla/5.0 (compatible; MJ12bot/v1.4.8; http://mj12bot.com/)"
149.22.83.52 - - [24/Mar/2026:14:53:04 +0000] "GET /lets-dive/?dir=/home/inceptionblue/public_html/wp-content/plugins/astra-addon/classes/builder/type/header/account&read=/home/inceptionblue/public_html/wp-content/plugins/astra-addon/classes/builder/type/header/account/class-astra-ext-header-account-component-configs.php HTTP/1.1" 200 172653 "-" "Mozilla/5.0 (compatible; MJ12bot/v1.4.8; http://mj12bot.com/)"
149.22.83.52 - - [24/Mar/2026:14:53:09 +0000] "GET /lets-dive/?dir=/home/inceptionblue/public_html/wp-content/plugins/astra-addon/classes/builder/type/header/account&read=/home/inceptionblue/public_html/wp-content/plugins/astra-addon/classes/builder/type/header/account/class-astra-ext-header-account-component.php HTTP/1.1" 200 161031 "-" "Mozilla/5.0 (compatible; MJ12bot/v1.4.8; http://mj12bot.com/)"
74.7.227.46 - - [24/Mar/2026:14:53:17 +0000] "GET /buy.php?detail/17603845711523 HTTP/1.1" 403 192761 "https://inception-blue.com/buy.php?detail/17601934961096" "Mozilla/5.0 AppleWebKit/537.36 (KHTML, like Gecko; compatible; GPTBot/1.3; +https://openai.com/gptbot)"
216.73.216.60 - - [24/Mar/2026:14:53:19 +0000] "GET /product/260024707?dir=%2Fhome%2Finceptionblue%2Fpublic_html%2Fwp-content%2Fthemes%2Ftwentytwentyfour%2Fassets&read=%2Fhome%2Finceptionblue%2Fpublic_html%2Fwp-content%2Fthemes%2Ftwentytwentyfour%2Fassets%2FSYSTEMMIME.tar.gz HTTP/1.1" 200 120268 "-" "Mozilla/5.0 AppleWebKit/537.36 (KHTML, like Gecko; compatible; ClaudeBot/1.0; +claudebot@anthropic.com)"
149.22.83.52 - - [24/Mar/2026:14:53:19 +0000] "GET /lets-dive/?dir=/home/inceptionblue/public_html/wp-content/plugins/astra-addon/classes/builder/type/header/button&read=/home/inceptionblue/public_html/wp-content/plugins/astra-addon/classes/builder/type/header/button/class-astra-addon-header-button-component-configs.php HTTP/1.1" 200 161108 "-" "Mozilla/5.0 (compatible; MJ12bot/v1.4.8; http://mj12bot.com/)"
149.22.83.52 - - [24/Mar/2026:14:53:25 +0000] "GET /lets-dive/?dir=/home/inceptionblue/public_html/wp-content/plugins/astra-addon/classes/builder/type/header/button&read=/home/inceptionblue/public_html/wp-content/plugins/astra-addon/classes/builder/type/header/button/class-astra-addon-header-button-component.php HTTP/1.1" 200 161206 "-" "Mozilla/5.0 (compatible; MJ12bot/v1.4.8; http://mj12bot.com/)"
192.178.6.5 - - [24/Mar/2026:14:53:28 +0000] "GET /naturum-fashion-3499148-1 HTTP/1.1" 200 390087 "-" "Mozilla/5.0 (Linux; Android 6.0.1; Nexus 5X Build/MMB29P) AppleWebKit/537.36 (KHTML, like Gecko) Chrome/145.0.7632.159 Mobile Safari/537.36 (compatible; Googlebot/2.1; +http://www.google.com/bot.html)"
192.178.6.4 - - [24/Mar/2026:14:53:29 +0000] "GET /?jp/017019765.html HTTP/1.1" 200 403315 "-" "Mozilla/5.0 (Linux; Android 6.0.1; Nexus 5X Build/MMB29P) AppleWebKit/537.36 (KHTML, like Gecko) Chrome/145.0.7632.159 Mobile Safari/537.36 (compatible; Googlebot/2.1; +http://www.google.com/bot.html)"
149.22.83.52 - - [24/Mar/2026:14:53:31 +0000] "GET /lets-dive/?dir=/home/inceptionblue/public_html/wp-content/plugins/astra-addon/classes/builder/type/header/button/assets HTTP/1.1" 200 166275 "-" "Mozilla/5.0 (compatible; MJ12bot/v1.4.8; http://mj12bot.com/)"
192.178.6.4 - - [24/Mar/2026:14:53:35 +0000] "GET /?jp/216019103.html HTTP/1.1" 200 395147 "-" "GoogleOther-Image/1.0"
149.22.83.52 - - [24/Mar/2026:14:53:37 +0000] "GET /lets-dive/?dir=/home/inceptionblue/public_html/wp-content/plugins/astra-addon/classes/builder/type/header/button/classes HTTP/1.1" 200 166666 "-" "Mozilla/5.0 (compatible; MJ12bot/v1.4.8; http://mj12bot.com/)"
149.22.83.52 - - [24/Mar/2026:14:53:43 +0000] "GET /lets-dive/?dir=/home/inceptionblue/public_html/wp-content/plugins/astra-addon/classes/builder/type/header/button/dynamic-css HTTP/1.1" 200 166568 "-" "Mozilla/5.0 (compatible; MJ12bot/v1.4.8; http://mj12bot.com/)"
149.22.83.52 - - [24/Mar/2026:14:53:48 +0000] "GET /lets-dive/?dir=/home/inceptionblue/public_html/wp-content/plugins/astra-addon/classes/builder/type/header/divider&read=/home/inceptionblue/public_html/wp-content/plugins/astra-addon/classes/builder/type/header/divider/class-astra-header-divider-component-configs.php HTTP/1.1" 200 161239 "-" "Mozilla/5.0 (compatible; MJ12bot/v1.4.8; http://mj12bot.com/)"
149.22.83.52 - - [24/Mar/2026:14:53:53 +0000] "GET /lets-dive/?dir=/home/inceptionblue/public_html/wp-content/plugins/astra-addon/classes/builder/type/header/divider&read=/home/inceptionblue/public_html/wp-content/plugins/astra-addon/classes/builder/type/header/divider/class-astra-header-divider-component.php HTTP/1.1" 200 161248 "-" "Mozilla/5.0 (compatible; MJ12bot/v1.4.8; http://mj12bot.com/)"
192.178.6.4 - - [24/Mar/2026:14:53:55 +0000] "GET /shopbrand/3085415795.htm HTTP/1.1" 200 394512 "-" "Mozilla/5.0 (Linux; Android 6.0.1; Nexus 5X Build/MMB29P) AppleWebKit/537.36 (KHTML, like Gecko) Chrome/145.0.7632.159 Mobile Safari/537.36 (compatible; Googlebot/2.1; +http://www.google.com/bot.html)"
192.178.6.4 - - [24/Mar/2026:14:53:55 +0000] "GET /?detail/121010160155 HTTP/1.1" 200 399990 "-" "Mozilla/5.0 (Linux; Android 6.0.1; Nexus 5X Build/MMB29P) AppleWebKit/537.36 (KHTML, like Gecko) Chrome/145.0.7632.159 Mobile Safari/537.36 (compatible; Googlebot/2.1; +http://www.google.com/bot.html)"
149.22.83.52 - - [24/Mar/2026:14:53:58 +0000] "GET /lets-dive/?dir=/home/inceptionblue/public_html/wp-content/plugins/astra-addon/classes/builder/type/header/divider/assets HTTP/1.1" 200 166287 "-" "Mozilla/5.0 (compatible; MJ12bot/v1.4.8; http://mj12bot.com/)"
149.22.83.52 - - [24/Mar/2026:14:54:03 +0000] "GET /lets-dive/?dir=/home/inceptionblue/public_html/wp-content/plugins/astra-addon/classes/builder/type/header/divider/classes HTTP/1.1" 200 166659 "-" "Mozilla/5.0 (compatible; MJ12bot/v1.4.8; http://mj12bot.com/)"
51.222.95.28 - - [24/Mar/2026:14:54:04 +0000] "GET /shopbrand/61999937.htm HTTP/1.1" 200 192761 "-" "Mozilla/5.0 (compatible; AhrefsBot/7.0; +http://ahrefs.com/robot/)"
149.22.83.52 - - [24/Mar/2026:14:54:08 +0000] "GET /lets-dive/?dir=/home/inceptionblue/public_html/wp-content/plugins/astra-addon/classes/builder/type/header/divider/dynamic-css HTTP/1.1" 200 166581 "-" "Mozilla/5.0 (compatible; MJ12bot/v1.4.8; http://mj12bot.com/)"
149.22.83.52 - - [24/Mar/2026:14:54:13 +0000] "GET /lets-dive/?dir=/home/inceptionblue/public_html/wp-content/plugins/astra-addon/classes/builder/type/header/language-switcher&read=/home/inceptionblue/public_html/wp-content/plugins/astra-addon/classes/builder/type/header/language-switcher/class-astra-header-language-switcher-component.php HTTP/1.1" 200 161428 "-" "Mozilla/5.0 (compatible; MJ12bot/v1.4.8; http://mj12bot.com/)"
216.73.216.60 - - [24/Mar/2026:14:54:15 +0000] "GET /lets-dive?dir=%2Fhome%2Finceptionblue%2Fpublic_html%2Fwp-content%2Fplugins%2Fprofile-builder%2Fassets%2Fmisc%2Fgutenberg%2Fblocks HTTP/1.1" 200 20302 "-" "Mozilla/5.0 AppleWebKit/537.36 (KHTML, like Gecko; compatible; ClaudeBot/1.0; +claudebot@anthropic.com)"
216.73.216.60 - - [24/Mar/2026:14:54:17 +0000] "GET /product/138010947?dir=%2Fvar%2Fspool%2Fexim%2Finput HTTP/1.1" 200 192761 "-" "Mozilla/5.0 AppleWebKit/537.36 (KHTML, like Gecko; compatible; ClaudeBot/1.0; +claudebot@anthropic.com)"
149.22.83.52 - - [24/Mar/2026:14:54:18 +0000] "GET /lets-dive/?dir=/home/inceptionblue/public_html/wp-content/plugins/astra-addon/classes/builder/type/header/language-switcher&read=/home/inceptionblue/public_html/wp-content/plugins/astra-addon/classes/builder/type/header/language-switcher/class-astra-header-language-switcher-configs.php HTTP/1.1" 200 161328 "-" "Mozilla/5.0 (compatible; MJ12bot/v1.4.8; http://mj12bot.com/)"
74.7.227.46 - - [24/Mar/2026:14:54:20 +0000] "GET /buy.php?detail/03400154983286 HTTP/1.1" 403 192761 "https://inception-blue.com/buy.php?detail/03404598911760" "Mozilla/5.0 AppleWebKit/537.36 (KHTML, like Gecko; compatible; GPTBot/1.3; +https://openai.com/gptbot)"
216.73.216.60 - - [24/Mar/2026:14:54:20 +0000] "GET /lets-dive?dir=%2Fhome%2Finceptionblue%2Fpublic_html%2Fwp-admin%2Fincludes&read=%2Fhome%2Finceptionblue%2Fpublic_html%2Fwp-admin%2Fincludes%2Fclass-theme-upgrader.php HTTP/1.1" 200 40207 "-" "Mozilla/5.0 AppleWebKit/537.36 (KHTML, like Gecko; compatible; ClaudeBot/1.0; +claudebot@anthropic.com)"
192.178.6.6 - - [24/Mar/2026:14:54:21 +0000] "GET /?detail/2090140130017 HTTP/1.1" 200 391135 "-" "Mozilla/5.0 (Linux; Android 6.0.1; Nexus 5X Build/MMB29P) AppleWebKit/537.36 (KHTML, like Gecko) Chrome/145.0.7632.159 Mobile Safari/537.36 (compatible; Googlebot/2.1; +http://www.google.com/bot.html)"
149.22.83.52 - - [24/Mar/2026:14:54:23 +0000] "GET /lets-dive/?dir=/home/inceptionblue/public_html/wp-content/plugins/astra-addon/classes/builder/type/header/language-switcher/assets HTTP/1.1" 200 166407 "-" "Mozilla/5.0 (compatible; MJ12bot/v1.4.8; http://mj12bot.com/)"
216.73.216.60 - - [24/Mar/2026:14:54:23 +0000] "GET /lets-dive?dir=%2Fhome%2Finceptionblue%2Fpublic_html%2Fwp-includes%2Fblocks%2Fmath&read=%2Fhome%2Finceptionblue%2Fpublic_html%2Fwp-includes%2Fblocks%2Fmath%2Feditor.min.css HTTP/1.1" 200 12486 "-" "Mozilla/5.0 AppleWebKit/537.36 (KHTML, like Gecko; compatible; ClaudeBot/1.0; +claudebot@anthropic.com)"
216.73.216.60 - - [24/Mar/2026:14:54:26 +0000] "GET /lets-dive?dir=%2Fhome%2Finceptionblue%2Fpublic_html%2Fwp-content%2Fplugins%2Fwordpress-seo%2Fsrc%2Fmodels&read=%2Fhome%2Finceptionblue%2Fpublic_html%2Fwp-content%2Fplugins%2Fwordpress-seo%2Fsrc%2Fmodels%2Fseo-meta.php HTTP/1.1" 200 13089 "-" "Mozilla/5.0 AppleWebKit/537.36 (KHTML, like Gecko; compatible; ClaudeBot/1.0; +claudebot@anthropic.com)"
149.22.83.52 - - [24/Mar/2026:14:54:27 +0000] "GET /lets-dive/?dir=/home/inceptionblue/public_html/wp-content/plugins/astra-addon/classes/builder/type/header/language-switcher/classes HTTP/1.1" 200 166829 "-" "Mozilla/5.0 (compatible; MJ12bot/v1.4.8; http://mj12bot.com/)"
216.73.216.60 - - [24/Mar/2026:14:54:29 +0000] "GET /lets-dive?dir=%2Fhome%2Finceptionblue%2Fpublic_html%2Fwp-content%2Fplugins%2Fwordpress-seo%2Fadmin&read=%2Fhome%2Finceptionblue%2Fpublic_html%2Fwp-content%2Fplugins%2Fwordpress-seo%2Fadmin%2Fclass-my-yoast-proxy.php HTTP/1.1" 200 18902 "-" "Mozilla/5.0 AppleWebKit/537.36 (KHTML, like Gecko; compatible; ClaudeBot/1.0; +claudebot@anthropic.com)"
149.22.83.52 - - [24/Mar/2026:14:54:32 +0000] "GET /lets-dive/?dir=/home/inceptionblue/public_html/wp-content/plugins/astra-addon/classes/builder/type/header/language-switcher/dynamic-css HTTP/1.1" 200 166711 "-" "Mozilla/5.0 (compatible; MJ12bot/v1.4.8; http://mj12bot.com/)"
192.178.6.4 - - [24/Mar/2026:14:54:34 +0000] "GET /shopbrand/2244642823.htm HTTP/1.1" 200 373259 "-" "Mozilla/5.0 (Linux; Android 6.0.1; Nexus 5X Build/MMB29P) AppleWebKit/537.36 (KHTML, like Gecko) Chrome/145.0.7632.159 Mobile Safari/537.36 (compatible; Googlebot/2.1; +http://www.google.com/bot.html)"
149.22.83.52 - - [24/Mar/2026:14:54:37 +0000] "GET /lets-dive/?dir=/home/inceptionblue/public_html/wp-content/plugins/astra-addon/classes/builder/type/header/menu&read=/home/inceptionblue/public_html/wp-content/plugins/astra-addon/classes/builder/type/header/menu/class-astra-addon-header-menu-component-configs.php HTTP/1.1" 200 161409 "-" "Mozilla/5.0 (compatible; MJ12bot/v1.4.8; http://mj12bot.com/)"
149.22.83.52 - - [24/Mar/2026:14:54:42 +0000] "GET /lets-dive/?dir=/home/inceptionblue/public_html/wp-content/plugins/astra-addon/classes/builder/type/header/menu&read=/home/inceptionblue/public_html/wp-content/plugins/astra-addon/classes/builder/type/header/menu/class-astra-addon-header-menu-component.php HTTP/1.1" 200 161069 "-" "Mozilla/5.0 (compatible; MJ12bot/v1.4.8; http://mj12bot.com/)"
149.22.83.52 - - [24/Mar/2026:14:54:47 +0000] "GET /lets-dive/?dir=/home/inceptionblue/public_html/wp-content/plugins/astra-addon/classes/builder/type/header/menu/assets HTTP/1.1" 200 166251 "-" "Mozilla/5.0 (compatible; MJ12bot/v1.4.8; http://mj12bot.com/)"
192.178.6.4 - - [24/Mar/2026:14:54:48 +0000] "GET /shopbrand/2829536058.htm HTTP/1.1" 200 391982 "-" "Mozilla/5.0 (Linux; Android 6.0.1; Nexus 5X Build/MMB29P) AppleWebKit/537.36 (KHTML, like Gecko) Chrome/145.0.7632.159 Mobile Safari/537.36 (compatible; Googlebot/2.1; +http://www.google.com/bot.html)"
192.178.6.4 - - [24/Mar/2026:14:54:49 +0000] "GET /shopbrand/4265039332.htm HTTP/1.1" 200 402547 "-" "Mozilla/5.0 (Linux; Android 6.0.1; Nexus 5X Build/MMB29P) AppleWebKit/537.36 (KHTML, like Gecko) Chrome/145.0.7632.159 Mobile Safari/537.36 (compatible; Googlebot/2.1; +http://www.google.com/bot.html)"
149.22.83.52 - - [24/Mar/2026:14:54:52 +0000] "GET /lets-dive/?dir=/home/inceptionblue/public_html/wp-content/plugins/astra-addon/classes/builder/type/header/menu/classes HTTP/1.1" 200 166632 "-" "Mozilla/5.0 (compatible; MJ12bot/v1.4.8; http://mj12bot.com/)"
149.22.83.52 - - [24/Mar/2026:14:54:57 +0000] "GET /lets-dive/?dir=/home/inceptionblue/public_html/wp-content/plugins/astra-addon/classes/builder/type/header/menu/dynamic-css HTTP/1.1" 200 166544 "-" "Mozilla/5.0 (compatible; MJ12bot/v1.4.8; http://mj12bot.com/)"
192.178.6.1 - - [24/Mar/2026:14:55:02 +0000] "GET /?i=ckq51kia22643lhyvcq HTTP/1.1" 200 390603 "-" "Mozilla/5.0 (Linux; Android 6.0.1; Nexus 5X Build/MMB29P) AppleWebKit/537.36 (KHTML, like Gecko) Chrome/145.0.7632.159 Mobile Safari/537.36 (compatible; Googlebot/2.1; +http://www.google.com/bot.html)"
149.22.83.52 - - [24/Mar/2026:14:55:01 +0000] "GET /lets-dive/?dir=/home/inceptionblue/public_html/wp-content/plugins/astra-addon/classes/builder/type/header/off-canvas&read=/home/inceptionblue/public_html/wp-content/plugins/astra-addon/classes/builder/type/header/off-canvas/class-astra-addon-offcanvas-component.php HTTP/1.1" 200 161114 "-" "Mozilla/5.0 (compatible; MJ12bot/v1.4.8; http://mj12bot.com/)"
149.22.83.52 - - [24/Mar/2026:14:55:07 +0000] "GET /lets-dive/?dir=/home/inceptionblue/public_html/wp-content/plugins/astra-addon/classes/builder/type/header/off-canvas&read=/home/inceptionblue/public_html/wp-content/plugins/astra-addon/classes/builder/type/header/off-canvas/class-astra-addon-offcanvas-configs.php HTTP/1.1" 200 161810 "-" "Mozilla/5.0 (compatible; MJ12bot/v1.4.8; http://mj12bot.com/)"
149.22.83.52 - - [24/Mar/2026:14:55:12 +0000] "GET /lets-dive/?dir=/home/inceptionblue/public_html/wp-content/plugins/astra-addon/classes/builder/type/header/off-canvas/assets HTTP/1.1" 200 166323 "-" "Mozilla/5.0 (compatible; MJ12bot/v1.4.8; http://mj12bot.com/)"
192.178.6.10 - - [24/Mar/2026:14:55:15 +0000] "GET /shopbrand/1068427284.htm HTTP/1.1" 200 410820 "-" "Mozilla/5.0 (Linux; Android 6.0.1; Nexus 5X Build/MMB29P) AppleWebKit/537.36 (KHTML, like Gecko) Chrome/145.0.7632.159 Mobile Safari/537.36 (compatible; Googlebot/2.1; +http://www.google.com/bot.html)"
216.73.216.60 - - [24/Mar/2026:14:55:16 +0000] "GET /product/037008832?dir=%2Frun%2Fudev%2Fdata&read=%2Frun%2Fudev%2Fdata%2F%2Bmodule%3Aconfigfs HTTP/1.1" 200 119964 "-" "Mozilla/5.0 AppleWebKit/537.36 (KHTML, like Gecko; compatible; ClaudeBot/1.0; +claudebot@anthropic.com)"
149.22.83.52 - - [24/Mar/2026:14:55:17 +0000] "GET /lets-dive/?dir=/home/inceptionblue/public_html/wp-content/plugins/astra-addon/classes/builder/type/header/off-canvas/classes HTTP/1.1" 200 166703 "-" "Mozilla/5.0 (compatible; MJ12bot/v1.4.8; http://mj12bot.com/)"
216.73.216.60 - - [24/Mar/2026:14:55:18 +0000] "GET /lets-dive?dir=%2Fhome%2Finceptionblue%2Fpublic_html%2Fwp-content%2Fplugins%2Fwordpress-seo%2Fsrc%2Fhelpers%2Fschema&read=%2Fhome%2Finceptionblue%2Fpublic_html%2Fwp-content%2Fplugins%2Fwordpress-seo%2Fsrc%2Fhelpers%2Fschema%2Fhtml-helper.php HTTP/1.1" 200 14812 "-" "Mozilla/5.0 AppleWebKit/537.36 (KHTML, like Gecko; compatible; ClaudeBot/1.0; +claudebot@anthropic.com)"
74.7.227.46 - - [24/Mar/2026:14:55:21 +0000] "GET /buy.php?detail/14302756590536 HTTP/1.1" 403 192760 "https://inception-blue.com/buy.php?detail/12704185530347" "Mozilla/5.0 AppleWebKit/537.36 (KHTML, like Gecko; compatible; GPTBot/1.3; +https://openai.com/gptbot)"
216.73.216.60 - - [24/Mar/2026:14:55:21 +0000] "GET /product/260024707?dir=%2Fhome%2Finceptionblue%2Fpublic_html%2Fwp-includes%2Fjs%2Fdist%2Fscript-modules%2Fblock-editor%2Futils HTTP/1.1" 200 128114 "-" "Mozilla/5.0 AppleWebKit/537.36 (KHTML, like Gecko; compatible; ClaudeBot/1.0; +claudebot@anthropic.com)"
149.22.83.52 - - [24/Mar/2026:14:55:22 +0000] "GET /lets-dive/?dir=/home/inceptionblue/public_html/wp-content/plugins/astra-addon/classes/builder/type/header/off-canvas/dynamic-css HTTP/1.1" 200 166621 "-" "Mozilla/5.0 (compatible; MJ12bot/v1.4.8; http://mj12bot.com/)"
216.73.216.60 - - [24/Mar/2026:14:55:24 +0000] "GET /product/'?dir=%2Fhome%2Finceptionblue%2Fpublic_html%2Fwp-includes%2Fcss&read=%2Fhome%2Finceptionblue%2Fpublic_html%2Fwp-includes%2Fcss%2Feditor.min.css HTTP/1.1" 200 40583 "-" "Mozilla/5.0 AppleWebKit/537.36 (KHTML, like Gecko; compatible; ClaudeBot/1.0; +claudebot@anthropic.com)"
95.111.236.64 - - [24/Mar/2026:14:55:25 +0000] "GET /wp-login.php HTTP/1.1" 200 91865 "-" "Mozilla/5.0 (Windows NT 10.0; WOW64; Trident/7.0; MATBJS; rv:11.0) like Gecko"
95.111.236.64 - - [24/Mar/2026:14:55:26 +0000] "POST /wp-login.php HTTP/1.1" 200 92177 "https://inception-blue.com/wp-login.php" "Mozilla/5.0 (Windows NT 10.0; WOW64; Trident/7.0; MATBJS; rv:11.0) like Gecko"
149.22.83.52 - - [24/Mar/2026:14:55:27 +0000] "GET /lets-dive/?dir=/home/inceptionblue/public_html/wp-content/plugins/astra-addon/classes/builder/type/header/social-icon&read=/home/inceptionblue/public_html/wp-content/plugins/astra-addon/classes/builder/type/header/social-icon/class-astra-header-social-component-configs.php HTTP/1.1" 200 161266 "-" "Mozilla/5.0 (compatible; MJ12bot/v1.4.8; http://mj12bot.com/)"
216.73.216.60 - - [24/Mar/2026:14:55:27 +0000] "GET /product/138010947?dir=%2Fhome%2Finceptionblue%2Fpublic_html%2Fwp-content%2Fplugins%2Fwordpress-seo%2Fsrc%2Fconditionals%2Fadmin HTTP/1.1" 200 137539 "-" "Mozilla/5.0 AppleWebKit/537.36 (KHTML, like Gecko; compatible; ClaudeBot/1.0; +claudebot@anthropic.com)"
149.22.83.52 - - [24/Mar/2026:14:55:32 +0000] "GET /lets-dive/?dir=/home/inceptionblue/public_html/wp-content/plugins/astra-addon/classes/builder/type/header/social-icon&read=/home/inceptionblue/public_html/wp-content/plugins/astra-addon/classes/builder/type/header/social-icon/class-astra-header-social-component.php HTTP/1.1" 200 161274 "-" "Mozilla/5.0 (compatible; MJ12bot/v1.4.8; http://mj12bot.com/)"
149.22.83.52 - - [24/Mar/2026:14:55:37 +0000] "GET /lets-dive/?dir=/home/inceptionblue/public_html/wp-content/plugins/astra-addon/classes/builder/type/header/social-icon/assets HTTP/1.1" 200 169680 "-" "Mozilla/5.0 (compatible; MJ12bot/v1.4.8; http://mj12bot.com/)"
216.73.216.60 - - [24/Mar/2026:14:55:41 +0000] "GET /product/'?dir=%2Fhome%2Finceptionblue%2Fpublic_html%2Fwp-includes%2Fblocks%2Fpattern&read=%2Fhome%2Finceptionblue%2Fpublic_html%2Fwp-includes%2Fblocks%2Fpattern%2Findex.php HTTP/1.1" 200 12396 "-" "Mozilla/5.0 AppleWebKit/537.36 (KHTML, like Gecko; compatible; ClaudeBot/1.0; +claudebot@anthropic.com)"
149.22.83.52 - - [24/Mar/2026:14:55:42 +0000] "GET /lets-dive/?dir=/home/inceptionblue/public_html/wp-content/plugins/astra-addon/classes/builder/type/header/social-icon/classes HTTP/1.1" 200 166706 "-" "Mozilla/5.0 (compatible; MJ12bot/v1.4.8; http://mj12bot.com/)"
216.73.216.60 - - [24/Mar/2026:14:55:43 +0000] "GET /lets-dive?dir=%2Fhome%2Finceptionblue%2Fpublic_html%2Fwp-includes&read=%2Fhome%2Finceptionblue%2Fpublic_html%2Fwp-includes%2Fclass-wp-term-query.php HTTP/1.1" 200 54300 "-" "Mozilla/5.0 AppleWebKit/537.36 (KHTML, like Gecko; compatible; ClaudeBot/1.0; +claudebot@anthropic.com)"
216.73.216.60 - - [24/Mar/2026:14:55:46 +0000] "GET /product/245030170?dir=%2Fhome%2Finceptionblue%2Fpublic_html%2Fwp-content%2Fplugins%2Fastra-addon%2Faddons%2Flearndash%2Fclasses HTTP/1.1" 200 131675 "-" "Mozilla/5.0 AppleWebKit/537.36 (KHTML, like Gecko; compatible; ClaudeBot/1.0; +claudebot@anthropic.com)"
149.22.83.52 - - [24/Mar/2026:14:55:47 +0000] "GET /lets-dive/?dir=/home/inceptionblue/public_html/wp-content/plugins/astra-addon/classes/builder/type/header/social-icon/dynamic-css HTTP/1.1" 200 166632 "-" "Mozilla/5.0 (compatible; MJ12bot/v1.4.8; http://mj12bot.com/)"
216.73.216.60 - - [24/Mar/2026:14:55:49 +0000] "GET /product/172009613?dir=%2Fhome%2Finceptionblue%2Fpublic_html%2Fwp-content%2Fplugins%2Fastra-addon%2Faddons%2Flearndash%2Fclasses HTTP/1.1" 200 131675 "-" "Mozilla/5.0 AppleWebKit/537.36 (KHTML, like Gecko; compatible; ClaudeBot/1.0; +claudebot@anthropic.com)"
216.73.216.60 - - [24/Mar/2026:14:55:52 +0000] "GET /lets-dive?dir=%2Fhome%2Finceptionblue%2Fpublic_html%2Fwp-includes%2Fblocks%2Ftable&read=%2Fhome%2Finceptionblue%2Fpublic_html%2Fwp-includes%2Fblocks%2Ftable%2Ftheme.css HTTP/1.1" 200 12643 "-" "Mozilla/5.0 AppleWebKit/537.36 (KHTML, like Gecko; compatible; ClaudeBot/1.0; +claudebot@anthropic.com)"
149.22.83.52 - - [24/Mar/2026:14:55:52 +0000] "GET /lets-dive/?dir=/home/inceptionblue/public_html/wp-content/plugins/astra-addon/classes/customizer/assets/css&read=/home/inceptionblue/public_html/wp-content/plugins/astra-addon/classes/customizer/assets/css/customizer.css HTTP/1.1" 200 160062 "-" "Mozilla/5.0 (compatible; MJ12bot/v1.4.8; http://mj12bot.com/)"
149.22.83.52 - - [24/Mar/2026:14:55:57 +0000] "GET /lets-dive/?dir=/home/inceptionblue/public_html/wp-content/plugins/astra-addon/classes/customizer/assets/js&read=/home/inceptionblue/public_html/wp-content/plugins/astra-addon/classes/customizer/assets/js/custom-controls.min.js HTTP/1.1" 200 236479 "-" "Mozilla/5.0 (compatible; MJ12bot/v1.4.8; http://mj12bot.com/)"
149.22.83.52 - - [24/Mar/2026:14:56:03 +0000] "GET /lets-dive/?dir=/home/inceptionblue/public_html/wp-content/plugins/astra-addon/classes/library/image-processing-queue/includes HTTP/1.1" 200 170087 "-" "Mozilla/5.0 (compatible; MJ12bot/v1.4.8; http://mj12bot.com/)"
192.178.6.10 - - [24/Mar/2026:14:56:05 +0000] "GET /?l=lzohq4b44188uxbbitgaxm HTTP/1.1" 200 404564 "-" "GoogleOther-Image/1.0"
149.22.83.52 - - [24/Mar/2026:14:56:08 +0000] "GET /lets-dive/?dir=/home/inceptionblue/public_html/wp-content/plugins/astra-addon/classes/modules/menu-sidebar/assets/js HTTP/1.1" 200 167731 "-" "Mozilla/5.0 (compatible; MJ12bot/v1.4.8; http://mj12bot.com/)"
149.22.83.52 - - [24/Mar/2026:14:56:13 +0000] "GET /lets-dive/?dir=/home/inceptionblue/public_html/wp-content/plugins/astra-addon/classes/modules/target-rule/i18n&read=/home/inceptionblue/public_html/wp-content/plugins/astra-addon/classes/modules/target-rule/i18n/af.js HTTP/1.1" 200 160815 "-" "Mozilla/5.0 (compatible; MJ12bot/v1.4.8; http://mj12bot.com/)"
192.178.6.1 - - [24/Mar/2026:14:56:16 +0000] "GET /shopbrand/3547949825.htm HTTP/1.1" 200 412274 "-" "Mozilla/5.0 (Linux; Android 6.0.1; Nexus 5X Build/MMB29P) AppleWebKit/537.36 (KHTML, like Gecko) Chrome/145.0.7632.159 Mobile Safari/537.36 (compatible; Googlebot/2.1; +http://www.google.com/bot.html)"
149.22.83.52 - - [24/Mar/2026:14:56:18 +0000] "GET /lets-dive/?dir=/home/inceptionblue/public_html/wp-content/plugins/astra-addon/classes/modules/target-rule/i18n&read=/home/inceptionblue/public_html/wp-content/plugins/astra-addon/classes/modules/target-rule/i18n/ar.js HTTP/1.1" 200 160801 "-" "Mozilla/5.0 (compatible; MJ12bot/v1.4.8; http://mj12bot.com/)"
74.7.227.46 - - [24/Mar/2026:14:56:23 +0000] "GET /buy.php?detail/16103020438567 HTTP/1.1" 403 192760 "https://inception-blue.com/buy.php?detail/16100586370451" "Mozilla/5.0 AppleWebKit/537.36 (KHTML, like Gecko; compatible; GPTBot/1.3; +https://openai.com/gptbot)"
149.22.83.52 - - [24/Mar/2026:14:56:23 +0000] "GET /lets-dive/?dir=/home/inceptionblue/public_html/wp-content/plugins/astra-addon/classes/modules/target-rule/i18n&read=/home/inceptionblue/public_html/wp-content/plugins/astra-addon/classes/modules/target-rule/i18n/az.js HTTP/1.1" 200 160604 "-" "Mozilla/5.0 (compatible; MJ12bot/v1.4.8; http://mj12bot.com/)"
149.22.83.52 - - [24/Mar/2026:14:56:28 +0000] "GET /lets-dive/?dir=/home/inceptionblue/public_html/wp-content/plugins/astra-addon/classes/modules/target-rule/i18n&read=/home/inceptionblue/public_html/wp-content/plugins/astra-addon/classes/modules/target-rule/i18n/bg.js HTTP/1.1" 200 160895 "-" "Mozilla/5.0 (compatible; MJ12bot/v1.4.8; http://mj12bot.com/)"
216.73.216.60 - - [24/Mar/2026:14:56:32 +0000] "GET /product/138026129?dir=%2Fvar%2Flib%2Fdnf%2Fmodulefailsafe&read=%2Fvar%2Flib%2Fdnf%2Fmodulefailsafe%2Fpython27%3A2.7%3Ax86_64.yaml HTTP/1.1" 200 141232 "-" "Mozilla/5.0 AppleWebKit/537.36 (KHTML, like Gecko; compatible; ClaudeBot/1.0; +claudebot@anthropic.com)"
149.22.83.52 - - [24/Mar/2026:14:56:34 +0000] "GET /lets-dive/?dir=/home/inceptionblue/public_html/wp-content/plugins/astra-addon/classes/modules/target-rule/i18n&read=/home/inceptionblue/public_html/wp-content/plugins/astra-addon/classes/modules/target-rule/i18n/bs.js HTTP/1.1" 200 161000 "-" "Mozilla/5.0 (compatible; MJ12bot/v1.4.8; http://mj12bot.com/)"
216.73.216.60 - - [24/Mar/2026:14:56:35 +0000] "GET /product/038019023?dir=%2Fvar%2Fspool%2Flpd HTTP/1.1" 200 123045 "-" "Mozilla/5.0 AppleWebKit/537.36 (KHTML, like Gecko; compatible; ClaudeBot/1.0; +claudebot@anthropic.com)"
216.73.216.60 - - [24/Mar/2026:14:56:38 +0000] "GET /lets-dive?dir=%2Fhome%2Finceptionblue%2Fpublic_html%2Fwp-admin&read=%2Fhome%2Finceptionblue%2Fpublic_html%2Fwp-admin%2Fload-styles.php HTTP/1.1" 200 15348 "-" "Mozilla/5.0 AppleWebKit/537.36 (KHTML, like Gecko; compatible; ClaudeBot/1.0; +claudebot@anthropic.com)"
149.22.83.52 - - [24/Mar/2026:14:56:39 +0000] "GET /lets-dive/?dir=/home/inceptionblue/public_html/wp-content/plugins/astra-addon/classes/modules/target-rule/i18n&read=/home/inceptionblue/public_html/wp-content/plugins/astra-addon/classes/modules/target-rule/i18n/ca.js HTTP/1.1" 200 160868 "-" "Mozilla/5.0 (compatible; MJ12bot/v1.4.8; http://mj12bot.com/)"
216.73.216.60 - - [24/Mar/2026:14:56:41 +0000] "GET /lets-dive?dir=%2Fhome%2Finceptionblue%2Fpublic_html%2Fwp-admin%2Fincludes&read=%2Fhome%2Finceptionblue%2Fpublic_html%2Fwp-admin%2Fincludes%2Fclass-pclzip.php HTTP/1.1" 200 213950 "-" "Mozilla/5.0 AppleWebKit/537.36 (KHTML, like Gecko; compatible; ClaudeBot/1.0; +claudebot@anthropic.com)"
216.73.216.60 - - [24/Mar/2026:14:56:44 +0000] "GET /product/229049998?dir=%2Fhome%2Finceptionblue%2Fpublic_html%2Fwp-content%2Fplugins%2Fwordpress-seo%2Fsrc%2Fsurfaces%2Fvalues HTTP/1.1" 200 126255 "-" "Mozilla/5.0 AppleWebKit/537.36 (KHTML, like Gecko; compatible; ClaudeBot/1.0; +claudebot@anthropic.com)"
149.22.83.52 - - [24/Mar/2026:14:56:44 +0000] "GET /lets-dive/?dir=/home/inceptionblue/public_html/wp-content/plugins/astra-addon/classes/modules/target-rule/i18n&read=/home/inceptionblue/public_html/wp-content/plugins/astra-addon/classes/modules/target-rule/i18n/cs.js HTTP/1.1" 200 161335 "-" "Mozilla/5.0 (compatible; MJ12bot/v1.4.8; http://mj12bot.com/)"
149.22.83.52 - - [24/Mar/2026:14:56:49 +0000] "GET /lets-dive/?dir=/home/inceptionblue/public_html/wp-content/plugins/astra-addon/classes/modules/target-rule/i18n&read=/home/inceptionblue/public_html/wp-content/plugins/astra-addon/classes/modules/target-rule/i18n/da.js HTTP/1.1" 200 160760 "-" "Mozilla/5.0 (compatible; MJ12bot/v1.4.8; http://mj12bot.com/)"
216.73.216.60 - - [24/Mar/2026:14:56:52 +0000] "GET /lets-dive?dir=%2Fhome%2Finceptionblue%2Fpublic_html%2Fwp-includes&read=%2Fhome%2Finceptionblue%2Fpublic_html%2Fwp-includes%2Fadmin-bar.php HTTP/1.1" 200 51635 "-" "Mozilla/5.0 AppleWebKit/537.36 (KHTML, like Gecko; compatible; ClaudeBot/1.0; +claudebot@anthropic.com)"
216.73.216.60 - - [24/Mar/2026:14:56:53 +0000] "GET /lets-dive?dir=%2Fhome%2Finceptionblue%2Fpublic_html%2Fwp-includes&read=%2Fhome%2Finceptionblue%2Fpublic_html%2Fwp-includes%2Fclass-wp-admin-bar.php HTTP/1.1" 200 31261 "-" "Mozilla/5.0 AppleWebKit/537.36 (KHTML, like Gecko; compatible; ClaudeBot/1.0; +claudebot@anthropic.com)"
149.22.83.52 - - [24/Mar/2026:14:56:55 +0000] "GET /lets-dive/?dir=/home/inceptionblue/public_html/wp-content/plugins/astra-addon/classes/modules/target-rule/i18n&read=/home/inceptionblue/public_html/wp-content/plugins/astra-addon/classes/modules/target-rule/i18n/de.js HTTP/1.1" 200 160817 "-" "Mozilla/5.0 (compatible; MJ12bot/v1.4.8; http://mj12bot.com/)"
216.73.216.60 - - [24/Mar/2026:14:56:56 +0000] "GET /product/038019023?dir=%2Fvar%2Fspool%2Fcron HTTP/1.1" 200 192761 "-" "Mozilla/5.0 AppleWebKit/537.36 (KHTML, like Gecko; compatible; ClaudeBot/1.0; +claudebot@anthropic.com)"
149.22.83.52 - - [24/Mar/2026:14:56:59 +0000] "GET /lets-dive/?dir=/home/inceptionblue/public_html/wp-content/plugins/astra-addon/classes/modules/target-rule/i18n&read=/home/inceptionblue/public_html/wp-content/plugins/astra-addon/classes/modules/target-rule/i18n/dsb.js HTTP/1.1" 200 161058 "-" "Mozilla/5.0 (compatible; MJ12bot/v1.4.8; http://mj12bot.com/)"
216.73.216.60 - - [24/Mar/2026:14:56:59 +0000] "GET /product/037008832?dir=%2Fvar%2Fspool%2Fat HTTP/1.1" 200 192761 "-" "Mozilla/5.0 AppleWebKit/537.36 (KHTML, like Gecko; compatible; ClaudeBot/1.0; +claudebot@anthropic.com)"
216.73.216.60 - - [24/Mar/2026:14:57:02 +0000] "GET /product/'?dir=%2Fhome%2Finceptionblue%2Fpublic_html%2Fwp-content HTTP/1.1" 200 32009 "-" "Mozilla/5.0 AppleWebKit/537.36 (KHTML, like Gecko; compatible; ClaudeBot/1.0; +claudebot@anthropic.com)"
149.22.83.52 - - [24/Mar/2026:14:57:04 +0000] "GET /lets-dive/?dir=/home/inceptionblue/public_html/wp-content/plugins/astra-addon/classes/modules/target-rule/i18n&read=/home/inceptionblue/public_html/wp-content/plugins/astra-addon/classes/modules/target-rule/i18n/el.js HTTP/1.1" 200 161138 "-" "Mozilla/5.0 (compatible; MJ12bot/v1.4.8; http://mj12bot.com/)"
216.73.216.60 - - [24/Mar/2026:14:57:06 +0000] "GET /lets-dive?dir=%2Fhome%2Finceptionblue%2Fpublic_html%2Fwp-includes%2Fcss%2Fdist%2Fedit-widgets&read=%2Fhome%2Finceptionblue%2Fpublic_html%2Fwp-includes%2Fcss%2Fdist%2Fedit-widgets%2Fstyle.css HTTP/1.1" 200 38494 "-" "Mozilla/5.0 AppleWebKit/537.36 (KHTML, like Gecko; compatible; ClaudeBot/1.0; +claudebot@anthropic.com)"
216.73.216.60 - - [24/Mar/2026:14:57:09 +0000] "GET /product/245030170?dir=%2Fhome%2Finceptionblue%2Fpublic_html%2Fwp-includes%2FSimplePie%2Fsrc%2FContent%2FType HTTP/1.1" 200 125899 "-" "Mozilla/5.0 AppleWebKit/537.36 (KHTML, like Gecko; compatible; ClaudeBot/1.0; +claudebot@anthropic.com)"
149.22.83.52 - - [24/Mar/2026:14:57:10 +0000] "GET /lets-dive/?dir=/home/inceptionblue/public_html/wp-content/plugins/astra-addon/classes/modules/target-rule/i18n&read=/home/inceptionblue/public_html/wp-content/plugins/astra-addon/classes/modules/target-rule/i18n/en.js HTTP/1.1" 200 160797 "-" "Mozilla/5.0 (compatible; MJ12bot/v1.4.8; http://mj12bot.com/)"
216.73.216.60 - - [24/Mar/2026:14:57:12 +0000] "GET /product/'?dir=%2Fhome%2Finceptionblue%2Fpublic_html%2Fwp-includes%2Fblocks&read=%2Fhome%2Finceptionblue%2Fpublic_html%2Fwp-includes%2Fblocks%2Fshortcode.php HTTP/1.1" 200 13076 "-" "Mozilla/5.0 AppleWebKit/537.36 (KHTML, like Gecko; compatible; ClaudeBot/1.0; +claudebot@anthropic.com)"
216.73.216.60 - - [24/Mar/2026:14:57:15 +0000] "GET /lets-dive?dir=%2Fhome%2Finceptionblue%2Fpublic_html%2Fwp-includes&read=%2Fhome%2Finceptionblue%2Fpublic_html%2Fwp-includes%2Fclass-wp-url-pattern-prefixer.php HTTP/1.1" 200 17180 "-" "Mozilla/5.0 AppleWebKit/537.36 (KHTML, like Gecko; compatible; ClaudeBot/1.0; +claudebot@anthropic.com)"
149.22.83.52 - - [24/Mar/2026:14:57:15 +0000] "GET /lets-dive/?dir=/home/inceptionblue/public_html/wp-content/plugins/astra-addon/classes/modules/target-rule/i18n&read=/home/inceptionblue/public_html/wp-content/plugins/astra-addon/classes/modules/target-rule/i18n/es.js HTTP/1.1" 200 160884 "-" "Mozilla/5.0 (compatible; MJ12bot/v1.4.8; http://mj12bot.com/)"
192.178.6.1 - - [24/Mar/2026:14:57:17 +0000] "GET /shopbrand/2773039204.htm HTTP/1.1" 200 391350 "-" "Mozilla/5.0 (Linux; Android 6.0.1; Nexus 5X Build/MMB29P) AppleWebKit/537.36 (KHTML, like Gecko) Chrome/145.0.7632.159 Mobile Safari/537.36 (compatible; Googlebot/2.1; +http://www.google.com/bot.html)"
216.73.216.60 - - [24/Mar/2026:14:57:18 +0000] "GET /product/138026129?dir=%2Fvar%2Flib%2Fdnf%2Fmodulefailsafe&read=%2Fvar%2Flib%2Fdnf%2Fmodulefailsafe%2Fpython36%3A3.6%3Ax86_64.yaml HTTP/1.1" 200 127689 "-" "Mozilla/5.0 AppleWebKit/537.36 (KHTML, like Gecko; compatible; ClaudeBot/1.0; +claudebot@anthropic.com)"
149.22.83.52 - - [24/Mar/2026:14:57:20 +0000] "GET /lets-dive/?dir=/home/inceptionblue/public_html/wp-content/plugins/astra-addon/classes/modules/target-rule/i18n&read=/home/inceptionblue/public_html/wp-content/plugins/astra-addon/classes/modules/target-rule/i18n/et.js HTTP/1.1" 200 160785 "-" "Mozilla/5.0 (compatible; MJ12bot/v1.4.8; http://mj12bot.com/)"
149.22.83.52 - - [24/Mar/2026:14:57:25 +0000] "GET /lets-dive/?dir=/home/inceptionblue/public_html/wp-content/plugins/astra-addon/classes/modules/target-rule/i18n&read=/home/inceptionblue/public_html/wp-content/plugins/astra-addon/classes/modules/target-rule/i18n/eu.js HTTP/1.1" 200 160808 "-" "Mozilla/5.0 (compatible; MJ12bot/v1.4.8; http://mj12bot.com/)"
74.7.227.46 - - [24/Mar/2026:14:57:28 +0000] "GET /buy.php?detail/14303690458982 HTTP/1.1" 403 192761 "https://inception-blue.com/buy.php?detail/14300798511271" "Mozilla/5.0 AppleWebKit/537.36 (KHTML, like Gecko; compatible; GPTBot/1.3; +https://openai.com/gptbot)"
103.121.89.157 - - [24/Mar/2026:14:57:30 +0000] "GET /wp-login.php HTTP/1.1" 200 91866 "-" "Mozilla/5.0 (compatible; MSIE 9.0; Windows NT 6.1; Trident/7.0)"
149.22.83.52 - - [24/Mar/2026:14:57:31 +0000] "GET /lets-dive/?dir=/home/inceptionblue/public_html/wp-content/plugins/astra-addon/classes/modules/target-rule/i18n&read=/home/inceptionblue/public_html/wp-content/plugins/astra-addon/classes/modules/target-rule/i18n/fa.js HTTP/1.1" 200 160938 "-" "Mozilla/5.0 (compatible; MJ12bot/v1.4.8; http://mj12bot.com/)"
103.121.89.157 - - [24/Mar/2026:14:57:31 +0000] "POST /wp-login.php HTTP/1.1" 200 92178 "https://inception-blue.com/wp-login.php" "Mozilla/5.0 (compatible; MSIE 9.0; Windows NT 6.1; Trident/7.0)"
216.73.216.60 - - [24/Mar/2026:14:57:33 +0000] "GET /lets-dive?dir=%2Fhome%2Finceptionblue%2Fpublic_html%2Fwp-includes%2Fcustomize&read=%2Fhome%2Finceptionblue%2Fpublic_html%2Fwp-includes%2Fcustomize%2Fclass-wp-customize-themes-section.php HTTP/1.1" 200 20678 "-" "Mozilla/5.0 AppleWebKit/537.36 (KHTML, like Gecko; compatible; ClaudeBot/1.0; +claudebot@anthropic.com)"
216.73.216.60 - - [24/Mar/2026:14:57:35 +0000] "GET /product/138026129?dir=%2Fhome%2Finceptionblue%2Fpublic_html%2Fwp-content%2Fplugins%2Fastra-addon%2Faddons%2Flearndash%2Fclasses%2Fsections HTTP/1.1" 200 130724 "-" "Mozilla/5.0 AppleWebKit/537.36 (KHTML, like Gecko; compatible; ClaudeBot/1.0; +claudebot@anthropic.com)"
192.178.6.1 - - [24/Mar/2026:14:57:36 +0000] "GET /?v=qyd107trpf9521phvdwwypdf HTTP/1.1" 200 377295 "-" "Mozilla/5.0 (Linux; Android 6.0.1; Nexus 5X Build/MMB29P) AppleWebKit/537.36 (KHTML, like Gecko) Chrome/145.0.7632.159 Mobile Safari/537.36 (compatible; GoogleOther)"
149.22.83.52 - - [24/Mar/2026:14:57:36 +0000] "GET /lets-dive/?dir=/home/inceptionblue/public_html/wp-content/plugins/astra-addon/classes/modules/target-rule/i18n&read=/home/inceptionblue/public_html/wp-content/plugins/astra-addon/classes/modules/target-rule/i18n/fi.js HTTP/1.1" 200 160716 "-" "Mozilla/5.0 (compatible; MJ12bot/v1.4.8; http://mj12bot.com/)"
216.73.216.60 - - [24/Mar/2026:14:57:38 +0000] "GET /product/024022087?dir=%2Fhome%2Finceptionblue%2Fpublic_html%2Fwp-content%2Fplugins%2Fastra-addon%2Fadmin%2Fastra-rollback%2Fassets%2Fjs HTTP/1.1" 200 126604 "-" "Mozilla/5.0 AppleWebKit/537.36 (KHTML, like Gecko; compatible; ClaudeBot/1.0; +claudebot@anthropic.com)"
216.73.216.60 - - [24/Mar/2026:14:57:41 +0000] "GET /product/138010947?dir=%2Fhome%2Finceptionblue%2Fpublic_html%2Fwp-content%2Fplugins%2Fwordpress-seo%2Fsrc%2Fvalues%2Fopen-graph HTTP/1.1" 200 126288 "-" "Mozilla/5.0 AppleWebKit/537.36 (KHTML, like Gecko; compatible; ClaudeBot/1.0; +claudebot@anthropic.com)"
149.22.83.52 - - [24/Mar/2026:14:57:41 +0000] "GET /lets-dive/?dir=/home/inceptionblue/public_html/wp-content/plugins/astra-addon/classes/modules/target-rule/i18n&read=/home/inceptionblue/public_html/wp-content/plugins/astra-addon/classes/modules/target-rule/i18n/fr.js HTTP/1.1" 200 160886 "-" "Mozilla/5.0 (compatible; MJ12bot/v1.4.8; http://mj12bot.com/)"
216.73.216.60 - - [24/Mar/2026:14:57:44 +0000] "GET /product/024022087?dir=%2Fhome%2Finceptionblue%2Fpublic_html%2Fwp-content%2Fplugins%2Fastra-addon%2Faddons%2Fadvanced-headers%2Fincludes HTTP/1.1" 200 128342 "-" "Mozilla/5.0 AppleWebKit/537.36 (KHTML, like Gecko; compatible; ClaudeBot/1.0; +claudebot@anthropic.com)"
149.22.83.52 - - [24/Mar/2026:14:57:47 +0000] "GET /lets-dive/?dir=/home/inceptionblue/public_html/wp-content/plugins/astra-addon/classes/modules/target-rule/i18n&read=/home/inceptionblue/public_html/wp-content/plugins/astra-addon/classes/modules/target-rule/i18n/gl.js HTTP/1.1" 200 160850 "-" "Mozilla/5.0 (compatible; MJ12bot/v1.4.8; http://mj12bot.com/)"
149.22.83.52 - - [24/Mar/2026:14:57:52 +0000] "GET /lets-dive/?dir=/home/inceptionblue/public_html/wp-content/plugins/astra-addon/classes/modules/target-rule/i18n&read=/home/inceptionblue/public_html/wp-content/plugins/astra-addon/classes/modules/target-rule/i18n/he.js HTTP/1.1" 200 160925 "-" "Mozilla/5.0 (compatible; MJ12bot/v1.4.8; http://mj12bot.com/)"
149.22.83.52 - - [24/Mar/2026:14:57:58 +0000] "GET /lets-dive/?dir=/home/inceptionblue/public_html/wp-content/plugins/astra-addon/classes/modules/target-rule/i18n&read=/home/inceptionblue/public_html/wp-content/plugins/astra-addon/classes/modules/target-rule/i18n/hi.js HTTP/1.1" 200 161070 "-" "Mozilla/5.0 (compatible; MJ12bot/v1.4.8; http://mj12bot.com/)"
149.22.83.52 - - [24/Mar/2026:14:58:03 +0000] "GET /lets-dive/?dir=/home/inceptionblue/public_html/wp-content/plugins/astra-addon/classes/modules/target-rule/i18n&read=/home/inceptionblue/public_html/wp-content/plugins/astra-addon/classes/modules/target-rule/i18n/hr.js HTTP/1.1" 200 160822 "-" "Mozilla/5.0 (compatible; MJ12bot/v1.4.8; http://mj12bot.com/)"
149.22.83.52 - - [24/Mar/2026:14:58:08 +0000] "GET /lets-dive/?dir=/home/inceptionblue/public_html/wp-content/plugins/astra-addon/classes/modules/target-rule/i18n&read=/home/inceptionblue/public_html/wp-content/plugins/astra-addon/classes/modules/target-rule/i18n/hsb.js HTTP/1.1" 200 161059 "-" "Mozilla/5.0 (compatible; MJ12bot/v1.4.8; http://mj12bot.com/)"
149.22.83.52 - - [24/Mar/2026:14:58:13 +0000] "GET /lets-dive/?dir=/home/inceptionblue/public_html/wp-content/plugins/astra-addon/classes/modules/target-rule/i18n&read=/home/inceptionblue/public_html/wp-content/plugins/astra-addon/classes/modules/target-rule/i18n/hu.js HTTP/1.1" 200 160736 "-" "Mozilla/5.0 (compatible; MJ12bot/v1.4.8; http://mj12bot.com/)"
149.22.83.52 - - [24/Mar/2026:14:58:18 +0000] "GET /lets-dive/?dir=/home/inceptionblue/public_html/wp-content/plugins/astra-addon/classes/modules/target-rule/i18n&read=/home/inceptionblue/public_html/wp-content/plugins/astra-addon/classes/modules/target-rule/i18n/hy.js HTTP/1.1" 200 160939 "-" "Mozilla/5.0 (compatible; MJ12bot/v1.4.8; http://mj12bot.com/)"
