65.108.125.120 - - [24/Mar/2026:13:06:18 +0000] "GET /lets-dive/?dir=/home/inceptionblue/public_html/wp-content/plugins/astra-addon/addons/header-sections/classes&read=/home/inceptionblue/public_html/wp-content/plugins/astra-addon/addons/header-sections/classes/index.php HTTP/1.1" 200 159907 "-" "Mozilla/5.0 (compatible; MJ12bot/v1.4.8; http://mj12bot.com/)"
2001:41d0:303:8759::1 - - [24/Mar/2026:13:06:19 +0000] "GET /lets-dive/?dir=/home/inceptionblue/public_html/wp-content/plugins/astra-addon/addons/woocommerce/assets/css/unminified&read=/home/inceptionblue/public_html/wp-content/plugins/astra-addon/addons/woocommerce/assets/css/unminified/order-received.css HTTP/1.1" 200 163897 "-" "Mozilla/5.0 (compatible; MJ12bot/v1.4.8; http://mj12bot.com/)"
216.73.216.60 - - [24/Mar/2026:13:06:20 +0000] "GET /product/260024707?dir=%2Fhome%2Finceptionblue%2Fpublic_html%2Fwp-content%2Fthemes%2Ftwentytwentyfour%2Fassets&read=%2Fhome%2Finceptionblue%2Fpublic_html%2Fwp-content%2Fthemes%2Ftwentytwentyfour%2Fassets%2Fcategory.php.tar HTTP/1.1" 200 135311 "-" "Mozilla/5.0 AppleWebKit/537.36 (KHTML, like Gecko; compatible; ClaudeBot/1.0; +claudebot@anthropic.com)"
65.108.125.120 - - [24/Mar/2026:13:06:23 +0000] "GET /lets-dive/?dir=/home/inceptionblue/public_html/wp-content/plugins/astra-addon/addons/header-sections/classes/sections HTTP/1.1" 200 177825 "-" "Mozilla/5.0 (compatible; MJ12bot/v1.4.8; http://mj12bot.com/)"
2001:41d0:303:8759::1 - - [24/Mar/2026:13:06:24 +0000] "GET /lets-dive/?dir=/home/inceptionblue/public_html/wp-content/plugins/astra-addon/addons/woocommerce/assets/css/unminified&read=/home/inceptionblue/public_html/wp-content/plugins/astra-addon/addons/woocommerce/assets/css/unminified/quick-view-rtl.css HTTP/1.1" 200 167958 "-" "Mozilla/5.0 (compatible; MJ12bot/v1.4.8; http://mj12bot.com/)"
216.73.216.60 - - [24/Mar/2026:13:06:25 +0000] "GET /product/038019023?dir=%2Frun%2Fsystemd%2Fgenerator.late%2Fmulti-user.target.wants HTTP/1.1" 200 125032 "-" "Mozilla/5.0 AppleWebKit/537.36 (KHTML, like Gecko; compatible; ClaudeBot/1.0; +claudebot@anthropic.com)"
216.73.216.60 - - [24/Mar/2026:13:06:27 +0000] "GET /product/245030170?dir=%2Frun%2Fsystemd%2Fgenerator.early%2Fmulti-user.target.wants HTTP/1.1" 200 125053 "-" "Mozilla/5.0 AppleWebKit/537.36 (KHTML, like Gecko; compatible; ClaudeBot/1.0; +claudebot@anthropic.com)"
65.108.125.120 - - [24/Mar/2026:13:06:28 +0000] "GET /lets-dive/?dir=/home/inceptionblue/public_html/wp-content/plugins/astra-addon/addons/header-sections/template&read=/home/inceptionblue/public_html/wp-content/plugins/astra-addon/addons/header-sections/template/index.php HTTP/1.1" 200 159914 "-" "Mozilla/5.0 (compatible; MJ12bot/v1.4.8; http://mj12bot.com/)"
2001:41d0:303:8759::1 - - [24/Mar/2026:13:06:29 +0000] "GET /lets-dive/?dir=/home/inceptionblue/public_html/wp-content/plugins/astra-addon/addons/woocommerce/assets/css/unminified&read=/home/inceptionblue/public_html/wp-content/plugins/astra-addon/addons/woocommerce/assets/css/unminified/quick-view.css HTTP/1.1" 200 167938 "-" "Mozilla/5.0 (compatible; MJ12bot/v1.4.8; http://mj12bot.com/)"
216.73.216.60 - - [24/Mar/2026:13:06:30 +0000] "GET /product/'?dir=%2Fhome%2Finceptionblue%2Fpublic_html%2Fwp-includes%2Fjs%2Fdist%2Fscript-modules%2Finteractivity&read=%2Fhome%2Finceptionblue%2Fpublic_html%2Fwp-includes%2Fjs%2Fdist%2Fscript-modules%2Finteractivity%2Findex.min.js HTTP/1.1" 200 59665 "-" "Mozilla/5.0 AppleWebKit/537.36 (KHTML, like Gecko; compatible; ClaudeBot/1.0; +claudebot@anthropic.com)"
216.73.216.60 - - [24/Mar/2026:13:06:33 +0000] "GET /product/038019023?dir=%2Fhome%2Finceptionblue%2Fpublic_html%2Fwp-includes%2FRequests%2Fsrc%2FException%2FTransport HTTP/1.1" 200 127677 "-" "Mozilla/5.0 AppleWebKit/537.36 (KHTML, like Gecko; compatible; ClaudeBot/1.0; +claudebot@anthropic.com)"
65.108.125.120 - - [24/Mar/2026:13:06:33 +0000] "GET /lets-dive/?dir=/home/inceptionblue/public_html/wp-content/plugins/astra-addon/addons/learndash/assets/css HTTP/1.1" 200 167354 "-" "Mozilla/5.0 (compatible; MJ12bot/v1.4.8; http://mj12bot.com/)"
2001:41d0:303:8759::1 - - [24/Mar/2026:13:06:34 +0000] "GET /lets-dive/?dir=/home/inceptionblue/public_html/wp-content/plugins/astra-addon/addons/woocommerce/assets/css/unminified&read=/home/inceptionblue/public_html/wp-content/plugins/astra-addon/addons/woocommerce/assets/css/unminified/related-upsell-list-style-grid-rtl.css HTTP/1.1" 200 162534 "-" "Mozilla/5.0 (compatible; MJ12bot/v1.4.8; http://mj12bot.com/)"
192.178.6.5 - - [24/Mar/2026:13:06:35 +0000] "GET /?h=lklp5quwe35097wkbudmzkae HTTP/1.1" 200 404697 "-" "GoogleOther-Image/1.0"
216.73.216.60 - - [24/Mar/2026:13:06:36 +0000] "GET /lets-dive?dir=%2Fhome%2Finceptionblue%2Fpublic_html%2Fwp-includes%2Fblocks%2Fimage&read=%2Fhome%2Finceptionblue%2Fpublic_html%2Fwp-includes%2Fblocks%2Fimage%2Feditor.min.css HTTP/1.1" 200 14771 "-" "Mozilla/5.0 AppleWebKit/537.36 (KHTML, like Gecko; compatible; ClaudeBot/1.0; +claudebot@anthropic.com)"
65.108.125.120 - - [24/Mar/2026:13:06:38 +0000] "GET /lets-dive/?dir=/home/inceptionblue/public_html/wp-content/plugins/astra-addon/addons/learndash/assets/js HTTP/1.1" 200 167339 "-" "Mozilla/5.0 (compatible; MJ12bot/v1.4.8; http://mj12bot.com/)"
216.73.216.60 - - [24/Mar/2026:13:06:39 +0000] "GET /product/'?dir=%2Fvar%2Flib%2Fpolkit-1 HTTP/1.1" 200 85025 "-" "Mozilla/5.0 AppleWebKit/537.36 (KHTML, like Gecko; compatible; ClaudeBot/1.0; +claudebot@anthropic.com)"
2001:41d0:303:8759::1 - - [24/Mar/2026:13:06:39 +0000] "GET /lets-dive/?dir=/home/inceptionblue/public_html/wp-content/plugins/astra-addon/addons/woocommerce/assets/css/unminified&read=/home/inceptionblue/public_html/wp-content/plugins/astra-addon/addons/woocommerce/assets/css/unminified/related-upsell-list-style-grid.css HTTP/1.1" 200 162526 "-" "Mozilla/5.0 (compatible; MJ12bot/v1.4.8; http://mj12bot.com/)"
216.73.216.60 - - [24/Mar/2026:13:06:42 +0000] "GET /lets-dive?dir=%2Fhome%2Finceptionblue%2Fpublic_html%2Fwp-content%2Fplugins%2Fprofile-builder%2Fassets%2Flib%2Fwck-api%2Fassets HTTP/1.1" 200 21896 "-" "Mozilla/5.0 AppleWebKit/537.36 (KHTML, like Gecko; compatible; ClaudeBot/1.0; +claudebot@anthropic.com)"
65.108.125.120 - - [24/Mar/2026:13:06:43 +0000] "GET /lets-dive/?dir=/home/inceptionblue/public_html/wp-content/plugins/astra-addon/addons/learndash/classes&read=/home/inceptionblue/public_html/wp-content/plugins/astra-addon/addons/learndash/classes/dynamic.css.php HTTP/1.1" 200 177034 "-" "Mozilla/5.0 (compatible; MJ12bot/v1.4.8; http://mj12bot.com/)"
2001:41d0:303:8759::1 - - [24/Mar/2026:13:06:44 +0000] "GET /lets-dive/?dir=/home/inceptionblue/public_html/wp-content/plugins/astra-addon/addons/woocommerce/assets/css/unminified&read=/home/inceptionblue/public_html/wp-content/plugins/astra-addon/addons/woocommerce/assets/css/unminified/related-upsell-list-style-rtl.css HTTP/1.1" 200 162707 "-" "Mozilla/5.0 (compatible; MJ12bot/v1.4.8; http://mj12bot.com/)"
192.178.6.10 - - [24/Mar/2026:13:06:45 +0000] "GET /?jp/271010067.html HTTP/1.1" 200 386554 "-" "Mozilla/5.0 (Linux; Android 6.0.1; Nexus 5X Build/MMB29P) AppleWebKit/537.36 (KHTML, like Gecko) Chrome/145.0.7632.159 Mobile Safari/537.36 (compatible; Googlebot/2.1; +http://www.google.com/bot.html)"
216.73.216.60 - - [24/Mar/2026:13:06:45 +0000] "GET /lets-dive?dir=%2Fhome%2Finceptionblue%2Fpublic_html%2Fwp-includes%2Fblocks%2Fcomments-title&read=%2Fhome%2Finceptionblue%2Fpublic_html%2Fwp-includes%2Fblocks%2Fcomments-title%2Feditor.min.css HTTP/1.1" 200 12512 "-" "Mozilla/5.0 AppleWebKit/537.36 (KHTML, like Gecko; compatible; ClaudeBot/1.0; +claudebot@anthropic.com)"
192.178.6.10 - - [24/Mar/2026:13:06:46 +0000] "GET /?o=joatl277cwth7061ubquro HTTP/1.1" 200 375480 "-" "Mozilla/5.0 (Linux; Android 6.0.1; Nexus 5X Build/MMB29P) AppleWebKit/537.36 (KHTML, like Gecko) Chrome/145.0.7632.159 Mobile Safari/537.36 (compatible; Googlebot/2.1; +http://www.google.com/bot.html)"
192.178.6.10 - - [24/Mar/2026:13:06:47 +0000] "GET /?jp/005020675.html HTTP/1.1" 200 375541 "-" "Mozilla/5.0 (Linux; Android 6.0.1; Nexus 5X Build/MMB29P) AppleWebKit/537.36 (KHTML, like Gecko) Chrome/145.0.7632.159 Mobile Safari/537.36 (compatible; Googlebot/2.1; +http://www.google.com/bot.html)"
65.108.125.120 - - [24/Mar/2026:13:06:48 +0000] "GET /lets-dive/?dir=/home/inceptionblue/public_html/wp-content/plugins/astra-addon/addons/learndash/classes/sections HTTP/1.1" 200 170082 "-" "Mozilla/5.0 (compatible; MJ12bot/v1.4.8; http://mj12bot.com/)"
192.178.6.10 - - [24/Mar/2026:13:06:48 +0000] "GET /zenrin-ds-21004-am003 HTTP/1.1" 200 377776 "-" "Mozilla/5.0 (Linux; Android 6.0.1; Nexus 5X Build/MMB29P) AppleWebKit/537.36 (KHTML, like Gecko) Chrome/145.0.7632.159 Mobile Safari/537.36 (compatible; Googlebot/2.1; +http://www.google.com/bot.html)"
216.73.216.60 - - [24/Mar/2026:13:06:48 +0000] "GET /product/038019023?dir=%2Fhome%2Finceptionblue%2Fpublic_html%2Fwp-includes%2FRequests%2Fsrc%2FException&read=%2Fhome%2Finceptionblue%2Fpublic_html%2Fwp-includes%2FRequests%2Fsrc%2FException%2FTransport.php HTTP/1.1" 200 120458 "-" "Mozilla/5.0 AppleWebKit/537.36 (KHTML, like Gecko; compatible; ClaudeBot/1.0; +claudebot@anthropic.com)"
2001:41d0:303:8759::1 - - [24/Mar/2026:13:06:49 +0000] "GET /lets-dive/?dir=/home/inceptionblue/public_html/wp-content/plugins/astra-addon/addons/woocommerce/assets/css/unminified&read=/home/inceptionblue/public_html/wp-content/plugins/astra-addon/addons/woocommerce/assets/css/unminified/related-upsell-list-style.css HTTP/1.1" 200 162699 "-" "Mozilla/5.0 (compatible; MJ12bot/v1.4.8; http://mj12bot.com/)"
192.178.6.10 - - [24/Mar/2026:13:06:49 +0000] "GET /?jp/198049753.html HTTP/1.1" 200 405131 "-" "Mozilla/5.0 (Linux; Android 6.0.1; Nexus 5X Build/MMB29P) AppleWebKit/537.36 (KHTML, like Gecko) Chrome/145.0.7632.159 Mobile Safari/537.36 (compatible; Googlebot/2.1; +http://www.google.com/bot.html)"
216.73.216.60 - - [24/Mar/2026:13:06:51 +0000] "GET /lets-dive?dir=%2Fhome%2Finceptionblue%2Fpublic_html%2Fwp-includes%2Fblocks%2Fimage&read=%2Fhome%2Finceptionblue%2Fpublic_html%2Fwp-includes%2Fblocks%2Fimage%2Ftheme.css HTTP/1.1" 200 12595 "-" "Mozilla/5.0 AppleWebKit/537.36 (KHTML, like Gecko; compatible; ClaudeBot/1.0; +claudebot@anthropic.com)"
2001:41d0:303:8759::1 - - [24/Mar/2026:13:06:54 +0000] "GET /lets-dive/?dir=/home/inceptionblue/public_html/wp-content/plugins/astra-addon/addons/woocommerce/assets/css/unminified&read=/home/inceptionblue/public_html/wp-content/plugins/astra-addon/addons/woocommerce/assets/css/unminified/shop-page-list-style-grid-rtl.css HTTP/1.1" 200 164163 "-" "Mozilla/5.0 (compatible; MJ12bot/v1.4.8; http://mj12bot.com/)"
216.73.216.60 - - [24/Mar/2026:13:06:54 +0000] "GET /product/037008832?dir=%2Fhome%2Finceptionblue%2Fpublic_html%2Fwp-content%2Fplugins%2Fgoogle-site-kit%2Fincludes%2FModules%2FSearch_Console HTTP/1.1" 200 126461 "-" "Mozilla/5.0 AppleWebKit/537.36 (KHTML, like Gecko; compatible; ClaudeBot/1.0; +claudebot@anthropic.com)"
65.108.125.120 - - [24/Mar/2026:13:06:56 +0000] "GET /lets-dive/?dir=/home/inceptionblue/public_html/wp-content/plugins/astra-addon/addons/learndash/templates&read=/home/inceptionblue/public_html/wp-content/plugins/astra-addon/addons/learndash/templates/footer.php HTTP/1.1" 200 160251 "-" "Mozilla/5.0 (compatible; MJ12bot/v1.4.8; http://mj12bot.com/)"
216.73.216.60 - - [24/Mar/2026:13:06:58 +0000] "GET /lets-dive?dir=%2Fhome%2Finceptionblue%2Fpublic_html%2Fwp-content%2Fplugins%2Fastra-addon%2Fclasses%2Fmodules%2Fmenu-sidebar%2Fassets HTTP/1.1" 200 18702 "-" "Mozilla/5.0 AppleWebKit/537.36 (KHTML, like Gecko; compatible; ClaudeBot/1.0; +claudebot@anthropic.com)"
2001:41d0:303:8759::1 - - [24/Mar/2026:13:06:59 +0000] "GET /lets-dive/?dir=/home/inceptionblue/public_html/wp-content/plugins/astra-addon/addons/woocommerce/assets/css/unminified&read=/home/inceptionblue/public_html/wp-content/plugins/astra-addon/addons/woocommerce/assets/css/unminified/shop-page-list-style-grid.css HTTP/1.1" 200 164157 "-" "Mozilla/5.0 (compatible; MJ12bot/v1.4.8; http://mj12bot.com/)"
74.7.227.46 - - [24/Mar/2026:13:06:59 +0000] "GET /buy.php?detail/15502899365778 HTTP/1.1" 403 192761 "https://inception-blue.com/buy.php?detail/15503683457575" "Mozilla/5.0 AppleWebKit/537.36 (KHTML, like Gecko; compatible; GPTBot/1.3; +https://openai.com/gptbot)"
216.73.216.60 - - [24/Mar/2026:13:07:01 +0000] "GET /product/'?dir=%2Fvar%2Flib%2Fprivate HTTP/1.1" 200 85025 "-" "Mozilla/5.0 AppleWebKit/537.36 (KHTML, like Gecko; compatible; ClaudeBot/1.0; +claudebot@anthropic.com)"
65.108.125.120 - - [24/Mar/2026:13:07:01 +0000] "GET /lets-dive/?dir=/home/inceptionblue/public_html/wp-content/plugins/astra-addon/addons/learndash/templates&read=/home/inceptionblue/public_html/wp-content/plugins/astra-addon/addons/learndash/templates/header.php HTTP/1.1" 200 161073 "-" "Mozilla/5.0 (compatible; MJ12bot/v1.4.8; http://mj12bot.com/)"
216.73.216.60 - - [24/Mar/2026:13:07:04 +0000] "GET /product/'?dir=%2Fvar%2Flib%2Fdovecot HTTP/1.1" 200 85025 "-" "Mozilla/5.0 AppleWebKit/537.36 (KHTML, like Gecko; compatible; ClaudeBot/1.0; +claudebot@anthropic.com)"
2001:41d0:303:8759::1 - - [24/Mar/2026:13:07:03 +0000] "GET /lets-dive/?dir=/home/inceptionblue/public_html/wp-content/plugins/astra-addon/addons/woocommerce/assets/css/unminified&read=/home/inceptionblue/public_html/wp-content/plugins/astra-addon/addons/woocommerce/assets/css/unminified/shop-page-list-style-rtl.css HTTP/1.1" 200 164396 "-" "Mozilla/5.0 (compatible; MJ12bot/v1.4.8; http://mj12bot.com/)"
216.73.216.60 - - [24/Mar/2026:13:07:07 +0000] "GET /product/'?dir=%2Fvar%2Flib%2Frpm HTTP/1.1" 200 49225 "-" "Mozilla/5.0 AppleWebKit/537.36 (KHTML, like Gecko; compatible; ClaudeBot/1.0; +claudebot@anthropic.com)"
65.108.125.120 - - [24/Mar/2026:13:07:07 +0000] "GET /lets-dive/?dir=/home/inceptionblue/public_html/wp-content/plugins/astra-addon/addons/lifterlms/assets/css HTTP/1.1" 200 167354 "-" "Mozilla/5.0 (compatible; MJ12bot/v1.4.8; http://mj12bot.com/)"
192.178.6.1 - - [24/Mar/2026:13:07:08 +0000] "GET /bas-clothing-2911-21-c3c020-1 HTTP/1.1" 200 409680 "-" "Mozilla/5.0 (Linux; Android 6.0.1; Nexus 5X Build/MMB29P) AppleWebKit/537.36 (KHTML, like Gecko) Chrome/145.0.7632.159 Mobile Safari/537.36 (compatible; Googlebot/2.1; +http://www.google.com/bot.html)"
2001:41d0:303:8759::1 - - [24/Mar/2026:13:07:09 +0000] "GET /lets-dive/?dir=/home/inceptionblue/public_html/wp-content/plugins/astra-addon/addons/woocommerce/assets/css/unminified&read=/home/inceptionblue/public_html/wp-content/plugins/astra-addon/addons/woocommerce/assets/css/unminified/shop-page-list-style.css HTTP/1.1" 200 164390 "-" "Mozilla/5.0 (compatible; MJ12bot/v1.4.8; http://mj12bot.com/)"
216.73.216.60 - - [24/Mar/2026:13:07:10 +0000] "GET /product/'?dir=%2Fvar%2Flib%2Fdhclient HTTP/1.1" 200 15336 "-" "Mozilla/5.0 AppleWebKit/537.36 (KHTML, like Gecko; compatible; ClaudeBot/1.0; +claudebot@anthropic.com)"
65.108.125.120 - - [24/Mar/2026:13:07:12 +0000] "GET /lets-dive/?dir=/home/inceptionblue/public_html/wp-content/plugins/astra-addon/addons/lifterlms/classes&read=/home/inceptionblue/public_html/wp-content/plugins/astra-addon/addons/lifterlms/classes/dynamic.css.php HTTP/1.1" 200 161566 "-" "Mozilla/5.0 (compatible; MJ12bot/v1.4.8; http://mj12bot.com/)"
216.73.216.60 - - [24/Mar/2026:13:07:13 +0000] "GET /index.php?dir=%2Fhome%2Finceptionblue%2Fpublic_html%2Fwp-content%2Fplugins%2Fastra-addon%2Fclasses%2Fbuilder%2Ftype%2Fheader%2Faccount HTTP/1.1" 200 22886 "-" "Mozilla/5.0 AppleWebKit/537.36 (KHTML, like Gecko; compatible; ClaudeBot/1.0; +claudebot@anthropic.com)"
2001:41d0:303:8759::1 - - [24/Mar/2026:13:07:13 +0000] "GET /lets-dive/?dir=/home/inceptionblue/public_html/wp-content/plugins/astra-addon/addons/woocommerce/assets/css/unminified&read=/home/inceptionblue/public_html/wp-content/plugins/astra-addon/addons/woocommerce/assets/css/unminified/shop-page-modern-style-rtl.css HTTP/1.1" 200 160528 "-" "Mozilla/5.0 (compatible; MJ12bot/v1.4.8; http://mj12bot.com/)"
216.73.216.60 - - [24/Mar/2026:13:07:16 +0000] "GET /product/'?dir=%2Fvar%2Flib%2Fdbus HTTP/1.1" 200 16665 "-" "Mozilla/5.0 AppleWebKit/537.36 (KHTML, like Gecko; compatible; ClaudeBot/1.0; +claudebot@anthropic.com)"
65.108.125.120 - - [24/Mar/2026:13:07:17 +0000] "GET /lets-dive/?dir=/home/inceptionblue/public_html/wp-content/plugins/astra-addon/addons/mobile-header/assets/js/minified HTTP/1.1" 200 172071 "-" "Mozilla/5.0 (compatible; MJ12bot/v1.4.8; http://mj12bot.com/)"
2001:41d0:303:8759::1 - - [24/Mar/2026:13:07:18 +0000] "GET /lets-dive/?dir=/home/inceptionblue/public_html/wp-content/plugins/astra-addon/addons/woocommerce/assets/css/unminified&read=/home/inceptionblue/public_html/wp-content/plugins/astra-addon/addons/woocommerce/assets/css/unminified/shop-page-modern-style.css HTTP/1.1" 200 160522 "-" "Mozilla/5.0 (compatible; MJ12bot/v1.4.8; http://mj12bot.com/)"
216.73.216.60 - - [24/Mar/2026:13:07:19 +0000] "GET /product/'?dir=%2Fvar%2Flib%2Fdnf HTTP/1.1" 200 22261 "-" "Mozilla/5.0 AppleWebKit/537.36 (KHTML, like Gecko; compatible; ClaudeBot/1.0; +claudebot@anthropic.com)"
192.178.6.10 - - [24/Mar/2026:13:07:21 +0000] "GET /?jp/100008076.html HTTP/1.1" 200 390173 "-" "Mozilla/5.0 (Linux; Android 6.0.1; Nexus 5X Build/MMB29P) AppleWebKit/537.36 (KHTML, like Gecko) Chrome/145.0.7632.159 Mobile Safari/537.36 (compatible; Googlebot/2.1; +http://www.google.com/bot.html)"
216.73.216.60 - - [24/Mar/2026:13:07:22 +0000] "GET /index.php?dir=%2Fhome%2Finceptionblue%2Fpublic_html%2Fwp-content%2Fplugins%2Fastra-addon%2Fclasses%2Fbuilder%2Ftype%2Ffooter%2Fbutton HTTP/1.1" 200 26159 "-" "Mozilla/5.0 AppleWebKit/537.36 (KHTML, like Gecko; compatible; ClaudeBot/1.0; +claudebot@anthropic.com)"
192.178.6.1 - - [24/Mar/2026:13:07:22 +0000] "GET /?m=risxm121mgeh37733hzpvrl HTTP/1.1" 200 393616 "-" "Mozilla/5.0 (Linux; Android 6.0.1; Nexus 5X Build/MMB29P) AppleWebKit/537.36 (KHTML, like Gecko) Chrome/145.0.7632.159 Mobile Safari/537.36 (compatible; Googlebot/2.1; +http://www.google.com/bot.html)"
65.108.125.120 - - [24/Mar/2026:13:07:22 +0000] "GET /lets-dive/?dir=/home/inceptionblue/public_html/wp-content/plugins/astra-addon/addons/mobile-header/assets/js/unminified HTTP/1.1" 200 172058 "-" "Mozilla/5.0 (compatible; MJ12bot/v1.4.8; http://mj12bot.com/)"
2001:41d0:303:8759::1 - - [24/Mar/2026:13:07:23 +0000] "GET /lets-dive/?dir=/home/inceptionblue/public_html/wp-content/plugins/astra-addon/addons/woocommerce/assets/css/unminified&read=/home/inceptionblue/public_html/wp-content/plugins/astra-addon/addons/woocommerce/assets/css/unminified/style-grid-rtl.css HTTP/1.1" 200 180851 "-" "Mozilla/5.0 (compatible; MJ12bot/v1.4.8; http://mj12bot.com/)"
216.73.216.60 - - [24/Mar/2026:13:07:25 +0000] "GET /product/'?dir=%2Fvar%2Fimunify360%2Ftmp_cleanup HTTP/1.1" 200 85025 "-" "Mozilla/5.0 AppleWebKit/537.36 (KHTML, like Gecko; compatible; ClaudeBot/1.0; +claudebot@anthropic.com)"
65.108.125.120 - - [24/Mar/2026:13:07:27 +0000] "GET /lets-dive/?dir=/home/inceptionblue/public_html/wp-content/plugins/astra-addon/addons/mobile-header/classes/dynamic-css&read=/home/inceptionblue/public_html/wp-content/plugins/astra-addon/addons/mobile-header/classes/dynamic-css/dynamic-above-header.css.php HTTP/1.1" 200 218950 "-" "Mozilla/5.0 (compatible; MJ12bot/v1.4.8; http://mj12bot.com/)"
216.73.216.60 - - [24/Mar/2026:13:07:28 +0000] "GET /product/'?dir=%2Fvar%2Flib%2Fkdump HTTP/1.1" 200 15309 "-" "Mozilla/5.0 AppleWebKit/537.36 (KHTML, like Gecko; compatible; ClaudeBot/1.0; +claudebot@anthropic.com)"
2001:41d0:303:8759::1 - - [24/Mar/2026:13:07:28 +0000] "GET /lets-dive/?dir=/home/inceptionblue/public_html/wp-content/plugins/astra-addon/addons/woocommerce/assets/css/unminified&read=/home/inceptionblue/public_html/wp-content/plugins/astra-addon/addons/woocommerce/assets/css/unminified/style-grid.css HTTP/1.1" 200 180840 "-" "Mozilla/5.0 (compatible; MJ12bot/v1.4.8; http://mj12bot.com/)"
216.73.216.60 - - [24/Mar/2026:13:07:31 +0000] "GET /index.php?dir=%2Fhome%2Finceptionblue%2Fpublic_html%2Fwp-content%2Fplugins%2Fastra-addon%2Fclasses%2Fbuilder%2Ftype%2Fbase%2Fassets HTTP/1.1" 200 18865 "-" "Mozilla/5.0 AppleWebKit/537.36 (KHTML, like Gecko; compatible; ClaudeBot/1.0; +claudebot@anthropic.com)"
65.108.125.120 - - [24/Mar/2026:13:07:32 +0000] "GET /lets-dive/?dir=/home/inceptionblue/public_html/wp-content/plugins/astra-addon/addons/mobile-header/classes/dynamic-css&read=/home/inceptionblue/public_html/wp-content/plugins/astra-addon/addons/mobile-header/classes/dynamic-css/dynamic-below-header.css.php HTTP/1.1" 200 230978 "-" "Mozilla/5.0 (compatible; MJ12bot/v1.4.8; http://mj12bot.com/)"
2001:41d0:303:8759::1 - - [24/Mar/2026:13:07:33 +0000] "GET /lets-dive/?dir=/home/inceptionblue/public_html/wp-content/plugins/astra-addon/addons/woocommerce/assets/css/unminified&read=/home/inceptionblue/public_html/wp-content/plugins/astra-addon/addons/woocommerce/assets/css/unminified/style-rtl.css HTTP/1.1" 200 187730 "-" "Mozilla/5.0 (compatible; MJ12bot/v1.4.8; http://mj12bot.com/)"
216.73.216.60 - - [24/Mar/2026:13:07:34 +0000] "GET /product/'?dir=%2Fvar%2Flib%2Finitramfs HTTP/1.1" 200 15345 "-" "Mozilla/5.0 AppleWebKit/537.36 (KHTML, like Gecko; compatible; ClaudeBot/1.0; +claudebot@anthropic.com)"
192.178.6.10 - - [24/Mar/2026:13:07:36 +0000] "GET /?goods/216011221 HTTP/1.1" 200 407499 "-" "Mozilla/5.0 (Linux; Android 6.0.1; Nexus 5X Build/MMB29P) AppleWebKit/537.36 (KHTML, like Gecko) Chrome/145.0.7632.159 Mobile Safari/537.36 (compatible; Googlebot/2.1; +http://www.google.com/bot.html)"
192.178.6.10 - - [24/Mar/2026:13:07:37 +0000] "GET /?detail/1740329901989 HTTP/1.1" 200 378282 "-" "Mozilla/5.0 (Linux; Android 6.0.1; Nexus 5X Build/MMB29P) AppleWebKit/537.36 (KHTML, like Gecko) Chrome/145.0.7632.159 Mobile Safari/537.36 (compatible; Googlebot/2.1; +http://www.google.com/bot.html)"
216.73.216.60 - - [24/Mar/2026:13:07:37 +0000] "GET /index.php?dir=%2Fhome%2Finceptionblue%2Fpublic_html%2Fwp-content%2Fplugins%2Fastra-addon%2Fclasses%2Fbuilder%2Ftype%2Fheader%2Fdivider HTTP/1.1" 200 26161 "-" "Mozilla/5.0 AppleWebKit/537.36 (KHTML, like Gecko; compatible; ClaudeBot/1.0; +claudebot@anthropic.com)"
65.108.125.120 - - [24/Mar/2026:13:07:37 +0000] "GET /lets-dive/?dir=/home/inceptionblue/public_html/wp-content/plugins/astra-addon/addons/mobile-header/classes/dynamic-css&read=/home/inceptionblue/public_html/wp-content/plugins/astra-addon/addons/mobile-header/classes/dynamic-css/dynamic-colors-background.css.php HTTP/1.1" 200 234038 "-" "Mozilla/5.0 (compatible; MJ12bot/v1.4.8; http://mj12bot.com/)"
192.178.6.10 - - [24/Mar/2026:13:07:38 +0000] "GET /?detail/0340466521207 HTTP/1.1" 200 405151 "-" "Mozilla/5.0 (Linux; Android 6.0.1; Nexus 5X Build/MMB29P) AppleWebKit/537.36 (KHTML, like Gecko) Chrome/145.0.7632.159 Mobile Safari/537.36 (compatible; Googlebot/2.1; +http://www.google.com/bot.html)"
2001:41d0:303:8759::1 - - [24/Mar/2026:13:07:39 +0000] "GET /lets-dive/?dir=/home/inceptionblue/public_html/wp-content/plugins/astra-addon/addons/woocommerce/assets/css/unminified&read=/home/inceptionblue/public_html/wp-content/plugins/astra-addon/addons/woocommerce/assets/css/unminified/style.css HTTP/1.1" 200 187726 "-" "Mozilla/5.0 (compatible; MJ12bot/v1.4.8; http://mj12bot.com/)"
216.73.216.60 - - [24/Mar/2026:13:07:40 +0000] "GET /product/'?dir=%2Fvar%2Flib%2FPackageKit HTTP/1.1" 200 15354 "-" "Mozilla/5.0 AppleWebKit/537.36 (KHTML, like Gecko; compatible; ClaudeBot/1.0; +claudebot@anthropic.com)"
65.108.125.120 - - [24/Mar/2026:13:07:42 +0000] "GET /lets-dive/?dir=/home/inceptionblue/public_html/wp-content/plugins/astra-addon/addons/mobile-header/classes/dynamic-css&read=/home/inceptionblue/public_html/wp-content/plugins/astra-addon/addons/mobile-header/classes/dynamic-css/dynamic-spacing.css.php HTTP/1.1" 200 163643 "-" "Mozilla/5.0 (compatible; MJ12bot/v1.4.8; http://mj12bot.com/)"
216.73.216.60 - - [24/Mar/2026:13:07:43 +0000] "GET /product/'?dir=%2Fvar%2Fimunify360%2Fuploads HTTP/1.1" 200 85025 "-" "Mozilla/5.0 AppleWebKit/537.36 (KHTML, like Gecko; compatible; ClaudeBot/1.0; +claudebot@anthropic.com)"
2001:41d0:303:8759::1 - - [24/Mar/2026:13:07:43 +0000] "GET /lets-dive/?dir=/home/inceptionblue/public_html/wp-content/plugins/astra-addon/addons/woocommerce/assets/css/unminified&read=/home/inceptionblue/public_html/wp-content/plugins/astra-addon/addons/woocommerce/assets/css/unminified/tinyslider-rtl.css HTTP/1.1" 200 162205 "-" "Mozilla/5.0 (compatible; MJ12bot/v1.4.8; http://mj12bot.com/)"
216.73.216.60 - - [24/Mar/2026:13:07:46 +0000] "GET /product/'?dir=%2Fvar%2Flib%2Fgssproxy HTTP/1.1" 200 19338 "-" "Mozilla/5.0 AppleWebKit/537.36 (KHTML, like Gecko; compatible; ClaudeBot/1.0; +claudebot@anthropic.com)"
65.108.125.120 - - [24/Mar/2026:13:07:47 +0000] "GET /lets-dive/?dir=/home/inceptionblue/public_html/wp-content/plugins/astra-addon/addons/mobile-header/classes/dynamic-css&read=/home/inceptionblue/public_html/wp-content/plugins/astra-addon/addons/mobile-header/classes/dynamic-css/dynamic.css.php HTTP/1.1" 200 176437 "-" "Mozilla/5.0 (compatible; MJ12bot/v1.4.8; http://mj12bot.com/)"
216.73.216.60 - - [24/Mar/2026:13:07:49 +0000] "GET /product/'?dir=%2Fvar%2Fspool%2Fmail HTTP/1.1" 200 15318 "-" "Mozilla/5.0 AppleWebKit/537.36 (KHTML, like Gecko; compatible; ClaudeBot/1.0; +claudebot@anthropic.com)"
2001:41d0:303:8759::1 - - [24/Mar/2026:13:07:49 +0000] "GET /lets-dive/?dir=/home/inceptionblue/public_html/wp-content/plugins/astra-addon/addons/woocommerce/assets/css/unminified&read=/home/inceptionblue/public_html/wp-content/plugins/astra-addon/addons/woocommerce/assets/css/unminified/tinyslider.css HTTP/1.1" 200 162192 "-" "Mozilla/5.0 (compatible; MJ12bot/v1.4.8; http://mj12bot.com/)"
216.73.216.60 - - [24/Mar/2026:13:07:52 +0000] "GET /product/'?dir=%2Fvar%2Fnamed%2Fdynamic HTTP/1.1" 200 85025 "-" "Mozilla/5.0 AppleWebKit/537.36 (KHTML, like Gecko; compatible; ClaudeBot/1.0; +claudebot@anthropic.com)"
65.108.125.120 - - [24/Mar/2026:13:07:53 +0000] "GET /lets-dive/?dir=/home/inceptionblue/public_html/wp-content/plugins/astra-addon/addons/mobile-header/classes/sections&read=/home/inceptionblue/public_html/wp-content/plugins/astra-addon/addons/mobile-header/classes/sections/class-astra-customizer-mobile-above-header-configs.php HTTP/1.1" 200 172248 "-" "Mozilla/5.0 (compatible; MJ12bot/v1.4.8; http://mj12bot.com/)"
2001:41d0:303:8759::1 - - [24/Mar/2026:13:07:54 +0000] "GET /lets-dive/?dir=/home/inceptionblue/public_html/wp-content/plugins/astra-addon/addons/woocommerce/assets/css/unminified&read=/home/inceptionblue/public_html/wp-content/plugins/astra-addon/addons/woocommerce/assets/css/unminified/two-step-modern-checkout-rtl.css HTTP/1.1" 200 167390 "-" "Mozilla/5.0 (compatible; MJ12bot/v1.4.8; http://mj12bot.com/)"
216.73.216.60 - - [24/Mar/2026:13:07:55 +0000] "GET /index.php?dir=%2Fhome%2Finceptionblue%2Fpublic_html%2Fwp-content%2Fplugins%2Fastra-addon%2Fclasses%2Fbuilder%2Ftype%2Fheader%2Fmenu HTTP/1.1" 200 26107 "-" "Mozilla/5.0 AppleWebKit/537.36 (KHTML, like Gecko; compatible; ClaudeBot/1.0; +claudebot@anthropic.com)"
216.73.216.60 - - [24/Mar/2026:13:07:58 +0000] "GET /product/'?dir=%2Fvar%2Flib%2Fimunify360-php-daemon HTTP/1.1" 200 85025 "-" "Mozilla/5.0 AppleWebKit/537.36 (KHTML, like Gecko; compatible; ClaudeBot/1.0; +claudebot@anthropic.com)"
65.108.125.120 - - [24/Mar/2026:13:07:58 +0000] "GET /lets-dive/?dir=/home/inceptionblue/public_html/wp-content/plugins/astra-addon/addons/mobile-header/classes/sections&read=/home/inceptionblue/public_html/wp-content/plugins/astra-addon/addons/mobile-header/classes/sections/class-astra-customizer-mobile-below-header-configs.php HTTP/1.1" 200 170762 "-" "Mozilla/5.0 (compatible; MJ12bot/v1.4.8; http://mj12bot.com/)"
2001:41d0:303:8759::1 - - [24/Mar/2026:13:07:59 +0000] "GET /lets-dive/?dir=/home/inceptionblue/public_html/wp-content/plugins/astra-addon/addons/woocommerce/assets/css/unminified&read=/home/inceptionblue/public_html/wp-content/plugins/astra-addon/addons/woocommerce/assets/css/unminified/two-step-modern-checkout.css HTTP/1.1" 200 167381 "-" "Mozilla/5.0 (compatible; MJ12bot/v1.4.8; http://mj12bot.com/)"
216.73.216.60 - - [24/Mar/2026:13:08:01 +0000] "GET /product/'?dir=%2Fvar%2Flib%2Fsystemd HTTP/1.1" 200 22100 "-" "Mozilla/5.0 AppleWebKit/537.36 (KHTML, like Gecko; compatible; ClaudeBot/1.0; +claudebot@anthropic.com)"
74.7.227.46 - - [24/Mar/2026:13:08:03 +0000] "GET /buy.php?detail/27001532869064 HTTP/1.1" 403 192761 "https://inception-blue.com/buy.php?detail/27002419998439" "Mozilla/5.0 AppleWebKit/537.36 (KHTML, like Gecko; compatible; GPTBot/1.3; +https://openai.com/gptbot)"
65.108.125.120 - - [24/Mar/2026:13:08:03 +0000] "GET /lets-dive/?dir=/home/inceptionblue/public_html/wp-content/plugins/astra-addon/addons/mobile-header/classes/sections&read=/home/inceptionblue/public_html/wp-content/plugins/astra-addon/addons/mobile-header/classes/sections/class-astra-customizer-mobile-header-configs.php HTTP/1.1" 200 165388 "-" "Mozilla/5.0 (compatible; MJ12bot/v1.4.8; http://mj12bot.com/)"
192.178.6.2 - - [24/Mar/2026:13:08:03 +0000] "GET /?detail/1200349455390 HTTP/1.1" 200 377568 "-" "Mozilla/5.0 (Linux; Android 6.0.1; Nexus 5X Build/MMB29P) AppleWebKit/537.36 (KHTML, like Gecko) Chrome/145.0.7632.159 Mobile Safari/537.36 (compatible; Googlebot/2.1; +http://www.google.com/bot.html)"
216.73.216.60 - - [24/Mar/2026:13:08:04 +0000] "GET /product/'?dir=%2Fvar%2Flib%2Fmisc HTTP/1.1" 200 15300 "-" "Mozilla/5.0 AppleWebKit/537.36 (KHTML, like Gecko; compatible; ClaudeBot/1.0; +claudebot@anthropic.com)"
2001:41d0:303:8759::1 - - [24/Mar/2026:13:08:04 +0000] "GET /lets-dive/?dir=/home/inceptionblue/public_html/wp-content/plugins/astra-addon/addons/woocommerce/assets/css/unminified&read=/home/inceptionblue/public_html/wp-content/plugins/astra-addon/addons/woocommerce/assets/css/unminified/two-steps-checkout-rtl.css HTTP/1.1" 200 164937 "-" "Mozilla/5.0 (compatible; MJ12bot/v1.4.8; http://mj12bot.com/)"
216.73.216.60 - - [24/Mar/2026:13:08:07 +0000] "GET /product/'?dir=%2Fvar%2Fimunify360%2F.persistent_state HTTP/1.1" 200 85025 "-" "Mozilla/5.0 AppleWebKit/537.36 (KHTML, like Gecko; compatible; ClaudeBot/1.0; +claudebot@anthropic.com)"
65.108.125.120 - - [24/Mar/2026:13:08:08 +0000] "GET /lets-dive/?dir=/home/inceptionblue/public_html/wp-content/plugins/astra-addon/addons/mobile-header/classes/sections&read=/home/inceptionblue/public_html/wp-content/plugins/astra-addon/addons/mobile-header/classes/sections/index.php HTTP/1.1" 200 159970 "-" "Mozilla/5.0 (compatible; MJ12bot/v1.4.8; http://mj12bot.com/)"
2001:41d0:303:8759::1 - - [24/Mar/2026:13:08:09 +0000] "GET /lets-dive/?dir=/home/inceptionblue/public_html/wp-content/plugins/astra-addon/addons/woocommerce/assets/css/unminified&read=/home/inceptionblue/public_html/wp-content/plugins/astra-addon/addons/woocommerce/assets/css/unminified/two-steps-checkout.css HTTP/1.1" 200 164926 "-" "Mozilla/5.0 (compatible; MJ12bot/v1.4.8; http://mj12bot.com/)"
216.73.216.60 - - [24/Mar/2026:13:08:10 +0000] "GET /product/'?dir=%2Fvar%2Fimunify360%2Ftmp HTTP/1.1" 200 85025 "-" "Mozilla/5.0 AppleWebKit/537.36 (KHTML, like Gecko; compatible; ClaudeBot/1.0; +claudebot@anthropic.com)"
216.73.216.60 - - [24/Mar/2026:13:08:13 +0000] "GET /product/'?dir=%2Fvar%2Fimunify360%2F.cache HTTP/1.1" 200 85025 "-" "Mozilla/5.0 AppleWebKit/537.36 (KHTML, like Gecko; compatible; ClaudeBot/1.0; +claudebot@anthropic.com)"
65.108.125.120 - - [24/Mar/2026:13:08:13 +0000] "GET /lets-dive/?dir=/home/inceptionblue/public_html/wp-content/plugins/astra-addon/addons/nav-menu/assets/css HTTP/1.1" 200 167338 "-" "Mozilla/5.0 (compatible; MJ12bot/v1.4.8; http://mj12bot.com/)"
2001:41d0:303:8759::1 - - [24/Mar/2026:13:08:14 +0000] "GET /lets-dive/?dir=/home/inceptionblue/public_html/wp-content/plugins/astra-addon/addons/woocommerce/assets/css/unminified&read=/home/inceptionblue/public_html/wp-content/plugins/astra-addon/addons/woocommerce/assets/css/unminified/woo-modern-input-rtl.css HTTP/1.1" 200 169450 "-" "Mozilla/5.0 (compatible; MJ12bot/v1.4.8; http://mj12bot.com/)"
216.73.216.60 - - [24/Mar/2026:13:08:16 +0000] "GET /product/'?dir=%2Fhome%2Finceptionblue%2F.wp-cli%2Fcache%2Fcore HTTP/1.1" 200 15767 "-" "Mozilla/5.0 AppleWebKit/537.36 (KHTML, like Gecko; compatible; ClaudeBot/1.0; +claudebot@anthropic.com)"
65.108.125.120 - - [24/Mar/2026:13:08:18 +0000] "GET /lets-dive/?dir=/home/inceptionblue/public_html/wp-content/plugins/astra-addon/addons/nav-menu/assets/js HTTP/1.1" 200 167323 "-" "Mozilla/5.0 (compatible; MJ12bot/v1.4.8; http://mj12bot.com/)"
216.73.216.60 - - [24/Mar/2026:13:08:19 +0000] "GET /product/'?dir=%2Fvar%2Flib%2Fauthselect HTTP/1.1" 200 16786 "-" "Mozilla/5.0 AppleWebKit/537.36 (KHTML, like Gecko; compatible; ClaudeBot/1.0; +claudebot@anthropic.com)"
2001:41d0:303:8759::1 - - [24/Mar/2026:13:08:19 +0000] "GET /lets-dive/?dir=/home/inceptionblue/public_html/wp-content/plugins/astra-addon/addons/woocommerce/assets/css/unminified&read=/home/inceptionblue/public_html/wp-content/plugins/astra-addon/addons/woocommerce/assets/css/unminified/woo-modern-input.css HTTP/1.1" 200 169442 "-" "Mozilla/5.0 (compatible; MJ12bot/v1.4.8; http://mj12bot.com/)"
216.73.216.60 - - [24/Mar/2026:13:08:22 +0000] "GET /index.php?dir=%2Fhome%2Finceptionblue%2Fpublic_html%2Fwp-content%2Fplugins%2Fastra-addon%2Fclasses%2Fbuilder%2Ftype%2Fheader%2Fbutton HTTP/1.1" 200 26175 "-" "Mozilla/5.0 AppleWebKit/537.36 (KHTML, like Gecko; compatible; ClaudeBot/1.0; +claudebot@anthropic.com)"
65.108.125.120 - - [24/Mar/2026:13:08:23 +0000] "GET /lets-dive/?dir=/home/inceptionblue/public_html/wp-content/plugins/astra-addon/addons/nav-menu/react/build&read=/home/inceptionblue/public_html/wp-content/plugins/astra-addon/addons/nav-menu/react/build/index.js HTTP/1.1" 200 2036826 "-" "Mozilla/5.0 (compatible; MJ12bot/v1.4.8; http://mj12bot.com/)"
2001:41d0:303:8759::1 - - [24/Mar/2026:13:08:23 +0000] "GET /lets-dive/?dir=/home/inceptionblue/public_html/wp-content/plugins/astra-addon/addons/woocommerce/assets/js/minified&read=/home/inceptionblue/public_html/wp-content/plugins/astra-addon/addons/woocommerce/assets/js/minified/ajax-cart-quantity-updater.min.js HTTP/1.1" 200 160534 "-" "Mozilla/5.0 (compatible; MJ12bot/v1.4.8; http://mj12bot.com/)"
216.73.216.60 - - [24/Mar/2026:13:08:25 +0000] "GET /product/'?dir=%2Fvar%2Flib%2Fcloud HTTP/1.1" 200 24633 "-" "Mozilla/5.0 AppleWebKit/537.36 (KHTML, like Gecko; compatible; ClaudeBot/1.0; +claudebot@anthropic.com)"
216.73.216.60 - - [24/Mar/2026:13:08:28 +0000] "GET /product/'?dir=%2Fvar%2Flib%2Funbound HTTP/1.1" 200 16699 "-" "Mozilla/5.0 AppleWebKit/537.36 (KHTML, like Gecko; compatible; ClaudeBot/1.0; +claudebot@anthropic.com)"
65.108.125.120 - - [24/Mar/2026:13:08:28 +0000] "GET /lets-dive/?dir=/home/inceptionblue/public_html/wp-content/plugins/astra-addon/addons/site-layouts/assets/css/minified&read=/home/inceptionblue/public_html/wp-content/plugins/astra-addon/addons/site-layouts/assets/css/minified/site-normalize-rtl.min.css HTTP/1.1" 200 160359 "-" "Mozilla/5.0 (compatible; MJ12bot/v1.4.8; http://mj12bot.com/)"
2001:41d0:303:8759::1 - - [24/Mar/2026:13:08:28 +0000] "GET /lets-dive/?dir=/home/inceptionblue/public_html/wp-content/plugins/astra-addon/addons/woocommerce/assets/js/minified&read=/home/inceptionblue/public_html/wp-content/plugins/astra-addon/addons/woocommerce/assets/js/minified/cart-cross-sells-list-view.min.js HTTP/1.1" 200 160880 "-" "Mozilla/5.0 (compatible; MJ12bot/v1.4.8; http://mj12bot.com/)"
192.178.6.10 - - [24/Mar/2026:13:08:29 +0000] "GET /?jp/184005405.html HTTP/1.1" 200 393086 "-" "Mozilla/5.0 (Linux; Android 6.0.1; Nexus 5X Build/MMB29P) AppleWebKit/537.36 (KHTML, like Gecko) Chrome/145.0.7632.159 Mobile Safari/537.36 (compatible; Googlebot/2.1; +http://www.google.com/bot.html)"
54.39.6.29 - - [24/Mar/2026:13:08:29 +0000] "GET /shopbrand/75391501.htm HTTP/1.1" 200 192761 "-" "Mozilla/5.0 (compatible; AhrefsBot/7.0; +http://ahrefs.com/robot/)"
192.178.6.10 - - [24/Mar/2026:13:08:30 +0000] "GET /?r=stqjr194jzs45204yudpabrut HTTP/1.1" 200 411449 "-" "Mozilla/5.0 (Linux; Android 6.0.1; Nexus 5X Build/MMB29P) AppleWebKit/537.36 (KHTML, like Gecko) Chrome/145.0.7632.159 Mobile Safari/537.36 (compatible; Googlebot/2.1; +http://www.google.com/bot.html)"
216.73.216.60 - - [24/Mar/2026:13:08:31 +0000] "GET /product/'?dir=%2Fvar%2Fnamed%2Fdata HTTP/1.1" 200 85025 "-" "Mozilla/5.0 AppleWebKit/537.36 (KHTML, like Gecko; compatible; ClaudeBot/1.0; +claudebot@anthropic.com)"
216.73.216.60 - - [24/Mar/2026:13:08:34 +0000] "GET /product/'?dir=%2Fvar%2Fnamed%2Fcache HTTP/1.1" 200 85025 "-" "Mozilla/5.0 AppleWebKit/537.36 (KHTML, like Gecko; compatible; ClaudeBot/1.0; +claudebot@anthropic.com)"
2001:41d0:303:8759::1 - - [24/Mar/2026:13:08:33 +0000] "GET /lets-dive/?dir=/home/inceptionblue/public_html/wp-content/plugins/astra-addon/addons/woocommerce/assets/js/minified&read=/home/inceptionblue/public_html/wp-content/plugins/astra-addon/addons/woocommerce/assets/js/minified/cart-quanitity-updater.min.js HTTP/1.1" 200 160288 "-" "Mozilla/5.0 (compatible; MJ12bot/v1.4.8; http://mj12bot.com/)"
65.108.125.120 - - [24/Mar/2026:13:08:33 +0000] "GET /lets-dive/?dir=/home/inceptionblue/public_html/wp-content/plugins/astra-addon/addons/site-layouts/assets/css/minified&read=/home/inceptionblue/public_html/wp-content/plugins/astra-addon/addons/site-layouts/assets/css/minified/site-normalize.min.css HTTP/1.1" 200 160350 "-" "Mozilla/5.0 (compatible; MJ12bot/v1.4.8; http://mj12bot.com/)"
162.241.219.107 - - [24/Mar/2026:13:08:35 +0000] "GET /wp-login.php HTTP/1.1" 200 91866 "-" "Mozilla/5.0 (Windows NT 10.0; Win64; x64) AppleWebKit/537.36 (KHTML, like Gecko) Chrome/66.0.3359.170 Safari/537.36 OPR/53.0.2907.68"
162.241.219.107 - - [24/Mar/2026:13:08:36 +0000] "POST /wp-login.php HTTP/1.1" 200 92178 "https://inception-blue.com/wp-login.php" "Mozilla/5.0 (Windows NT 10.0; Win64; x64) AppleWebKit/537.36 (KHTML, like Gecko) Chrome/66.0.3359.170 Safari/537.36 OPR/53.0.2907.68"
216.73.216.60 - - [24/Mar/2026:13:08:38 +0000] "GET /lets-dive?dir=%2Fhome%2Finceptionblue%2Fpublic_html%2Fwp-content%2Fplugins%2Fprofile-builder%2Fassets%2Flib%2FMustache%2FLoader HTTP/1.1" 200 29903 "-" "Mozilla/5.0 AppleWebKit/537.36 (KHTML, like Gecko; compatible; ClaudeBot/1.0; +claudebot@anthropic.com)"
2001:41d0:303:8759::1 - - [24/Mar/2026:13:08:39 +0000] "GET /lets-dive/?dir=/home/inceptionblue/public_html/wp-content/plugins/astra-addon/addons/woocommerce/assets/js/minified&read=/home/inceptionblue/public_html/wp-content/plugins/astra-addon/addons/woocommerce/assets/js/minified/cart-quantity-updater.min.js HTTP/1.1" 200 160524 "-" "Mozilla/5.0 (compatible; MJ12bot/v1.4.8; http://mj12bot.com/)"
65.108.125.120 - - [24/Mar/2026:13:08:39 +0000] "GET /lets-dive/?dir=/home/inceptionblue/public_html/wp-content/plugins/astra-addon/addons/site-layouts/assets/css/minified&read=/home/inceptionblue/public_html/wp-content/plugins/astra-addon/addons/site-layouts/assets/css/minified/style-rtl.min.css HTTP/1.1" 200 161164 "-" "Mozilla/5.0 (compatible; MJ12bot/v1.4.8; http://mj12bot.com/)"
216.73.216.60 - - [24/Mar/2026:13:08:41 +0000] "GET /lets-dive?dir=%2Fhome%2Finceptionblue%2Fpublic_html%2Fwp-includes%2Fblocks%2Ftable&read=%2Fhome%2Finceptionblue%2Fpublic_html%2Fwp-includes%2Fblocks%2Ftable%2Feditor-rtl.min.css HTTP/1.1" 200 13941 "-" "Mozilla/5.0 AppleWebKit/537.36 (KHTML, like Gecko; compatible; ClaudeBot/1.0; +claudebot@anthropic.com)"
216.73.216.60 - - [24/Mar/2026:13:08:44 +0000] "GET /lets-dive?dir=%2Fhome%2Finceptionblue%2Fpublic_html%2Fwp-content%2Fplugins%2Fastra-addon%2Flanguages&read=%2Fhome%2Finceptionblue%2Fpublic_html%2Fwp-content%2Fplugins%2Fastra-addon%2Flanguages%2Fastra-addon-nl_NL.mo HTTP/1.1" 200 12531 "-" "Mozilla/5.0 AppleWebKit/537.36 (KHTML, like Gecko; compatible; ClaudeBot/1.0; +claudebot@anthropic.com)"
2001:41d0:303:8759::1 - - [24/Mar/2026:13:08:44 +0000] "GET /lets-dive/?dir=/home/inceptionblue/public_html/wp-content/plugins/astra-addon/addons/woocommerce/assets/js/minified&read=/home/inceptionblue/public_html/wp-content/plugins/astra-addon/addons/woocommerce/assets/js/minified/checkout-labels-as-placeholders.min.js HTTP/1.1" 200 160651 "-" "Mozilla/5.0 (compatible; MJ12bot/v1.4.8; http://mj12bot.com/)"
65.108.125.120 - - [24/Mar/2026:13:08:44 +0000] "GET /lets-dive/?dir=/home/inceptionblue/public_html/wp-content/plugins/astra-addon/addons/site-layouts/assets/css/minified&read=/home/inceptionblue/public_html/wp-content/plugins/astra-addon/addons/site-layouts/assets/css/minified/style.min.css HTTP/1.1" 200 161154 "-" "Mozilla/5.0 (compatible; MJ12bot/v1.4.8; http://mj12bot.com/)"
216.73.216.60 - - [24/Mar/2026:13:08:47 +0000] "GET /lets-dive?dir=%2Fhome%2Finceptionblue%2Fpublic_html%2Fwp-includes%2Fjs%2Fcodemirror&read=%2Fhome%2Finceptionblue%2Fpublic_html%2Fwp-includes%2Fjs%2Fcodemirror%2Fjsonlint.js HTTP/1.1" 200 29356 "-" "Mozilla/5.0 AppleWebKit/537.36 (KHTML, like Gecko; compatible; ClaudeBot/1.0; +claudebot@anthropic.com)"
2001:41d0:303:8759::1 - - [24/Mar/2026:13:08:48 +0000] "GET /lets-dive/?dir=/home/inceptionblue/public_html/wp-content/plugins/astra-addon/addons/woocommerce/assets/js/minified&read=/home/inceptionblue/public_html/wp-content/plugins/astra-addon/addons/woocommerce/assets/js/minified/checkout-persistence-form-data.min.js HTTP/1.1" 200 160800 "-" "Mozilla/5.0 (compatible; MJ12bot/v1.4.8; http://mj12bot.com/)"
65.108.125.120 - - [24/Mar/2026:13:08:49 +0000] "GET /lets-dive/?dir=/home/inceptionblue/public_html/wp-content/plugins/astra-addon/addons/site-layouts/assets/css/unminified&read=/home/inceptionblue/public_html/wp-content/plugins/astra-addon/addons/site-layouts/assets/css/unminified/site-normalize-rtl.css HTTP/1.1" 200 160501 "-" "Mozilla/5.0 (compatible; MJ12bot/v1.4.8; http://mj12bot.com/)"
216.73.216.60 - - [24/Mar/2026:13:08:50 +0000] "GET /lets-dive?dir=%2Fhome%2Finceptionblue%2Fpublic_html%2Fwp-includes%2FText%2FDiff&read=%2Fhome%2Finceptionblue%2Fpublic_html%2Fwp-includes%2FText%2FDiff%2F.htaccess HTTP/1.1" 200 12605 "-" "Mozilla/5.0 AppleWebKit/537.36 (KHTML, like Gecko; compatible; ClaudeBot/1.0; +claudebot@anthropic.com)"
216.73.216.60 - - [24/Mar/2026:13:08:53 +0000] "GET /lets-dive?dir=%2Fhome%2Finceptionblue%2Fpublic_html%2Fwp-includes%2Fblocks%2Fnavigation&read=%2Fhome%2Finceptionblue%2Fpublic_html%2Fwp-includes%2Fblocks%2Fnavigation%2Fblock.json HTTP/1.1" 200 17479 "-" "Mozilla/5.0 AppleWebKit/537.36 (KHTML, like Gecko; compatible; ClaudeBot/1.0; +claudebot@anthropic.com)"
2001:41d0:303:8759::1 - - [24/Mar/2026:13:08:53 +0000] "GET /lets-dive/?dir=/home/inceptionblue/public_html/wp-content/plugins/astra-addon/addons/woocommerce/assets/js/minified&read=/home/inceptionblue/public_html/wp-content/plugins/astra-addon/addons/woocommerce/assets/js/minified/customizer-preview.min.js HTTP/1.1" 200 186037 "-" "Mozilla/5.0 (compatible; MJ12bot/v1.4.8; http://mj12bot.com/)"
65.108.125.120 - - [24/Mar/2026:13:08:54 +0000] "GET /lets-dive/?dir=/home/inceptionblue/public_html/wp-content/plugins/astra-addon/addons/site-layouts/assets/css/unminified&read=/home/inceptionblue/public_html/wp-content/plugins/astra-addon/addons/site-layouts/assets/css/unminified/site-normalize.css HTTP/1.1" 200 160492 "-" "Mozilla/5.0 (compatible; MJ12bot/v1.4.8; http://mj12bot.com/)"
216.73.216.60 - - [24/Mar/2026:13:08:56 +0000] "GET /lets-dive?dir=%2Fhome%2Finceptionblue%2Fpublic_html%2Fwp-content%2Fplugins%2Fastra-addon%2Flanguages&read=%2Fhome%2Finceptionblue%2Fpublic_html%2Fwp-content%2Fplugins%2Fastra-addon%2Flanguages%2Fastra-addon-ru_RU.mo HTTP/1.1" 200 12531 "-" "Mozilla/5.0 AppleWebKit/537.36 (KHTML, like Gecko; compatible; ClaudeBot/1.0; +claudebot@anthropic.com)"
192.178.6.10 - - [24/Mar/2026:13:08:56 +0000] "GET /tuzukiya-t45-10718 HTTP/1.1" 200 372668 "-" "Mozilla/5.0 (Linux; Android 6.0.1; Nexus 5X Build/MMB29P) AppleWebKit/537.36 (KHTML, like Gecko) Chrome/145.0.7632.159 Mobile Safari/537.36 (compatible; Googlebot/2.1; +http://www.google.com/bot.html)"
2001:41d0:303:8759::1 - - [24/Mar/2026:13:08:58 +0000] "GET /lets-dive/?dir=/home/inceptionblue/public_html/wp-content/plugins/astra-addon/addons/woocommerce/assets/js/minified&read=/home/inceptionblue/public_html/wp-content/plugins/astra-addon/addons/woocommerce/assets/js/minified/first-image-large-gallery.min.js HTTP/1.1" 200 160782 "-" "Mozilla/5.0 (compatible; MJ12bot/v1.4.8; http://mj12bot.com/)"
216.73.216.60 - - [24/Mar/2026:13:08:59 +0000] "GET /product/245030170?dir=%2Fhome%2Finceptionblue%2Fpublic_html%2Fwp-includes%2Fjs%2Ftinymce%2Fplugins%2Ffullscreen&read=%2Fhome%2Finceptionblue%2Fpublic_html%2Fwp-includes%2Fjs%2Ftinymce%2Fplugins%2Ffullscreen%2Fplugin.js HTTP/1.1" 200 125869 "-" "Mozilla/5.0 AppleWebKit/537.36 (KHTML, like Gecko; compatible; ClaudeBot/1.0; +claudebot@anthropic.com)"
65.108.125.120 - - [24/Mar/2026:13:08:59 +0000] "GET /lets-dive/?dir=/home/inceptionblue/public_html/wp-content/plugins/astra-addon/addons/site-layouts/assets/css/unminified&read=/home/inceptionblue/public_html/wp-content/plugins/astra-addon/addons/site-layouts/assets/css/unminified/style-rtl.css HTTP/1.1" 200 161704 "-" "Mozilla/5.0 (compatible; MJ12bot/v1.4.8; http://mj12bot.com/)"
216.73.216.60 - - [24/Mar/2026:13:09:02 +0000] "GET /product/'?dir=%2Fvar%2Fnamed&read=%2Fvar%2Fnamed%2Fnamed.localhost HTTP/1.1" 200 11884 "-" "Mozilla/5.0 AppleWebKit/537.36 (KHTML, like Gecko; compatible; ClaudeBot/1.0; +claudebot@anthropic.com)"
2001:41d0:303:8759::1 - - [24/Mar/2026:13:09:03 +0000] "GET /lets-dive/?dir=/home/inceptionblue/public_html/wp-content/plugins/astra-addon/addons/woocommerce/assets/js/minified&read=/home/inceptionblue/public_html/wp-content/plugins/astra-addon/addons/woocommerce/assets/js/minified/horizontal-product-gallery-slider.min.js HTTP/1.1" 200 160979 "-" "Mozilla/5.0 (compatible; MJ12bot/v1.4.8; http://mj12bot.com/)"
65.108.125.120 - - [24/Mar/2026:13:09:04 +0000] "GET /lets-dive/?dir=/home/inceptionblue/public_html/wp-content/plugins/astra-addon/addons/site-layouts/assets/css/unminified&read=/home/inceptionblue/public_html/wp-content/plugins/astra-addon/addons/site-layouts/assets/css/unminified/style.css HTTP/1.1" 200 161694 "-" "Mozilla/5.0 (compatible; MJ12bot/v1.4.8; http://mj12bot.com/)"
216.73.216.60 - - [24/Mar/2026:13:09:05 +0000] "GET /lets-dive?dir=%2Fhome%2Finceptionblue%2Fpublic_html%2Fwp-includes%2Fjs%2Fcodemirror&read=%2Fhome%2Finceptionblue%2Fpublic_html%2Fwp-includes%2Fjs%2Fcodemirror%2F.htaccess HTTP/1.1" 200 12633 "-" "Mozilla/5.0 AppleWebKit/537.36 (KHTML, like Gecko; compatible; ClaudeBot/1.0; +claudebot@anthropic.com)"
74.7.227.46 - - [24/Mar/2026:13:09:07 +0000] "GET /buy.php?detail/25104872496184 HTTP/1.1" 403 192761 "https://inception-blue.com/buy.php?detail/25100695028694" "Mozilla/5.0 AppleWebKit/537.36 (KHTML, like Gecko; compatible; GPTBot/1.3; +https://openai.com/gptbot)"
216.73.216.60 - - [24/Mar/2026:13:09:08 +0000] "GET /product/138010947?dir=%2Fhome%2Finceptionblue%2Fpublic_html%2Fwp-content%2Fplugins%2Fastra-addon%2Faddons%2Fnav-menu%2Fclasses HTTP/1.1" 200 139100 "-" "Mozilla/5.0 AppleWebKit/537.36 (KHTML, like Gecko; compatible; ClaudeBot/1.0; +claudebot@anthropic.com)"
2001:41d0:303:8759::1 - - [24/Mar/2026:13:09:08 +0000] "GET /lets-dive/?dir=/home/inceptionblue/public_html/wp-content/plugins/astra-addon/addons/woocommerce/assets/js/minified&read=/home/inceptionblue/public_html/wp-content/plugins/astra-addon/addons/woocommerce/assets/js/minified/modern-checkout.min.js HTTP/1.1" 200 165686 "-" "Mozilla/5.0 (compatible; MJ12bot/v1.4.8; http://mj12bot.com/)"
65.108.125.120 - - [24/Mar/2026:13:09:09 +0000] "GET /lets-dive/?dir=/home/inceptionblue/public_html/wp-content/plugins/astra-addon/addons/site-layouts/assets/js/minified&read=/home/inceptionblue/public_html/wp-content/plugins/astra-addon/addons/site-layouts/assets/js/minified/customizer-preview.min.js HTTP/1.1" 200 165574 "-" "Mozilla/5.0 (compatible; MJ12bot/v1.4.8; http://mj12bot.com/)"
192.178.6.1 - - [24/Mar/2026:13:09:09 +0000] "GET /?d=nuvh53gno28427osvepp HTTP/1.1" 200 387721 "-" "Mozilla/5.0 (Linux; Android 6.0.1; Nexus 5X Build/MMB29P) AppleWebKit/537.36 (KHTML, like Gecko) Chrome/145.0.7632.159 Mobile Safari/537.36 (compatible; Googlebot/2.1; +http://www.google.com/bot.html)"
216.73.216.60 - - [24/Mar/2026:13:09:11 +0000] "GET /product/'?dir=%2Fhome%2Finceptionblue%2Fmail%2Finception-blue.com HTTP/1.1" 200 15687 "-" "Mozilla/5.0 AppleWebKit/537.36 (KHTML, like Gecko; compatible; ClaudeBot/1.0; +claudebot@anthropic.com)"
2001:41d0:303:8759::1 - - [24/Mar/2026:13:09:13 +0000] "GET /lets-dive/?dir=/home/inceptionblue/public_html/wp-content/plugins/astra-addon/addons/woocommerce/assets/js/minified&read=/home/inceptionblue/public_html/wp-content/plugins/astra-addon/addons/woocommerce/assets/js/minified/modern-coupon.min.js HTTP/1.1" 200 160805 "-" "Mozilla/5.0 (compatible; MJ12bot/v1.4.8; http://mj12bot.com/)"
216.73.216.60 - - [24/Mar/2026:13:09:14 +0000] "GET /lets-dive?dir=%2Fhome%2Finceptionblue%2Fpublic_html%2Fwp-includes%2Fblocks%2Fseparator&read=%2Fhome%2Finceptionblue%2Fpublic_html%2Fwp-includes%2Fblocks%2Fseparator%2Fstyle.css HTTP/1.1" 200 12892 "-" "Mozilla/5.0 AppleWebKit/537.36 (KHTML, like Gecko; compatible; ClaudeBot/1.0; +claudebot@anthropic.com)"
65.108.125.120 - - [24/Mar/2026:13:09:14 +0000] "GET /lets-dive/?dir=/home/inceptionblue/public_html/wp-content/plugins/astra-addon/addons/site-layouts/assets/js/unminified&read=/home/inceptionblue/public_html/wp-content/plugins/astra-addon/addons/site-layouts/assets/js/unminified/customizer-preview.js HTTP/1.1" 200 167799 "-" "Mozilla/5.0 (compatible; MJ12bot/v1.4.8; http://mj12bot.com/)"
