216.73.216.60 - - [24/Mar/2026:12:10:34 +0000] "GET /index.php?dir=%2Fhome%2Finceptionblue%2Fpublic_html%2Fwp-content%2Fthemes%2Fastra%2Finc%2Fcustomizer%2Fextend-custom-controls%2Fbuild HTTP/1.1" 200 18880 "-" "Mozilla/5.0 AppleWebKit/537.36 (KHTML, like Gecko; compatible; ClaudeBot/1.0; +claudebot@anthropic.com)"
216.73.216.60 - - [24/Mar/2026:12:10:38 +0000] "GET /lets-dive?dir=%2Fhome%2Finceptionblue%2Fpublic_html%2Fwp-content%2Fuploads%2Fastra-docs&read=%2Fhome%2Finceptionblue%2Fpublic_html%2Fwp-content%2Fuploads%2Fastra-docs%2F.htaccess HTTP/1.1" 200 12661 "-" "Mozilla/5.0 AppleWebKit/537.36 (KHTML, like Gecko; compatible; ClaudeBot/1.0; +claudebot@anthropic.com)"
216.73.216.60 - - [24/Mar/2026:12:10:42 +0000] "GET /lets-dive?dir=%2Fhome%2Finceptionblue%2Fpublic_html%2Fwp-includes%2Fblocks%2Fseparator&read=%2Fhome%2Finceptionblue%2Fpublic_html%2Fwp-includes%2Fblocks%2Fseparator%2Feditor-rtl.css HTTP/1.1" 200 12536 "-" "Mozilla/5.0 AppleWebKit/537.36 (KHTML, like Gecko; compatible; ClaudeBot/1.0; +claudebot@anthropic.com)"
216.73.216.60 - - [24/Mar/2026:12:10:46 +0000] "GET /lets-dive?dir=%2Fhome%2Finceptionblue%2Fpublic_html%2Fwp-includes%2Fblocks%2Fquery&read=%2Fhome%2Finceptionblue%2Fpublic_html%2Fwp-includes%2Fblocks%2Fquery%2Feditor-rtl.min.css HTTP/1.1" 200 13903 "-" "Mozilla/5.0 AppleWebKit/537.36 (KHTML, like Gecko; compatible; ClaudeBot/1.0; +claudebot@anthropic.com)"
192.178.6.10 - - [24/Mar/2026:12:10:47 +0000] "GET /product/050035825 HTTP/1.1" 200 380442 "-" "Mozilla/5.0 (Linux; Android 6.0.1; Nexus 5X Build/MMB29P) AppleWebKit/537.36 (KHTML, like Gecko) Chrome/145.0.7632.159 Mobile Safari/537.36 (compatible; Googlebot/2.1; +http://www.google.com/bot.html)"
192.178.6.10 - - [24/Mar/2026:12:10:48 +0000] "GET /?l=ccl219fnwxl9941befxyqwvo HTTP/1.1" 200 409047 "-" "Mozilla/5.0 (Linux; Android 6.0.1; Nexus 5X Build/MMB29P) AppleWebKit/537.36 (KHTML, like Gecko) Chrome/145.0.7632.159 Mobile Safari/537.36 (compatible; Googlebot/2.1; +http://www.google.com/bot.html)"
192.178.6.10 - - [24/Mar/2026:12:10:49 +0000] "GET /?jp/170009113.html HTTP/1.1" 200 370195 "-" "Mozilla/5.0 (Linux; Android 6.0.1; Nexus 5X Build/MMB29P) AppleWebKit/537.36 (KHTML, like Gecko) Chrome/145.0.7632.159 Mobile Safari/537.36 (compatible; Googlebot/2.1; +http://www.google.com/bot.html)"
216.73.216.60 - - [24/Mar/2026:12:10:50 +0000] "GET /lets-dive?dir=%2Fhome%2Finceptionblue%2Fpublic_html%2Fwp-includes%2Fjs%2Fcodemirror&read=%2Fhome%2Finceptionblue%2Fpublic_html%2Fwp-includes%2Fjs%2Fcodemirror%2Fhtmlhint.js HTTP/1.1" 200 33924 "-" "Mozilla/5.0 AppleWebKit/537.36 (KHTML, like Gecko; compatible; ClaudeBot/1.0; +claudebot@anthropic.com)"
216.73.216.60 - - [24/Mar/2026:12:10:54 +0000] "GET /lets-dive?dir=%2Fhome%2Finceptionblue%2Fpublic_html%2Fwp-includes%2Fblocks%2Ftable&read=%2Fhome%2Finceptionblue%2Fpublic_html%2Fwp-includes%2Fblocks%2Ftable%2Fstyle.css HTTP/1.1" 200 16504 "-" "Mozilla/5.0 AppleWebKit/537.36 (KHTML, like Gecko; compatible; ClaudeBot/1.0; +claudebot@anthropic.com)"
216.73.216.60 - - [24/Mar/2026:12:10:58 +0000] "GET /lets-dive?dir=%2Fhome%2Finceptionblue%2Fpublic_html%2Fwp-content%2Fplugins%2Fastra-addon%2Flanguages&read=%2Fhome%2Finceptionblue%2Fpublic_html%2Fwp-content%2Fplugins%2Fastra-addon%2Flanguages%2Fastra-addon-pt_PT.mo HTTP/1.1" 200 12531 "-" "Mozilla/5.0 AppleWebKit/537.36 (KHTML, like Gecko; compatible; ClaudeBot/1.0; +claudebot@anthropic.com)"
216.73.216.60 - - [24/Mar/2026:12:11:02 +0000] "GET /lets-dive?dir=%2Fhome%2Finceptionblue%2Fpublic_html%2Fwp-admin%2Fnetwork%2Fnetwork&read=%2Fhome%2Finceptionblue%2Fpublic_html%2Fwp-admin%2Fnetwork%2Fnetwork%2F.htaccess HTTP/1.1" 200 12646 "-" "Mozilla/5.0 AppleWebKit/537.36 (KHTML, like Gecko; compatible; ClaudeBot/1.0; +claudebot@anthropic.com)"
216.73.216.60 - - [24/Mar/2026:12:11:06 +0000] "GET /lets-dive?dir=%2Fhome%2Finceptionblue%2Fpublic_html%2Fwp-includes%2Fblocks%2Fembed&read=%2Fhome%2Finceptionblue%2Fpublic_html%2Fwp-includes%2Fblocks%2Fembed%2Feditor-rtl.min.css HTTP/1.1" 200 13120 "-" "Mozilla/5.0 AppleWebKit/537.36 (KHTML, like Gecko; compatible; ClaudeBot/1.0; +claudebot@anthropic.com)"
216.73.216.60 - - [24/Mar/2026:12:11:10 +0000] "GET /lets-dive?dir=%2Fhome%2Finceptionblue%2Fpublic_html%2Fwp-includes%2Fblocks%2Fquery&read=%2Fhome%2Finceptionblue%2Fpublic_html%2Fwp-includes%2Fblocks%2Fquery%2Fview.min.asset.php HTTP/1.1" 200 12494 "-" "Mozilla/5.0 AppleWebKit/537.36 (KHTML, like Gecko; compatible; ClaudeBot/1.0; +claudebot@anthropic.com)"
216.73.216.60 - - [24/Mar/2026:12:11:14 +0000] "GET /lets-dive?dir=%2Fhome%2Finceptionblue%2Fpublic_html%2Fwp-includes%2Fjs%2Fjquery&read=%2Fhome%2Finceptionblue%2Fpublic_html%2Fwp-includes%2Fjs%2Fjquery%2Fjquery.serialize-object.js HTTP/1.1" 200 13175 "-" "Mozilla/5.0 AppleWebKit/537.36 (KHTML, like Gecko; compatible; ClaudeBot/1.0; +claudebot@anthropic.com)"
74.7.227.46 - - [24/Mar/2026:12:11:18 +0000] "GET /buy.php?detail/15900182675623 HTTP/1.1" 403 192761 "https://inception-blue.com/buy.php?detail/24001252841573" "Mozilla/5.0 AppleWebKit/537.36 (KHTML, like Gecko; compatible; GPTBot/1.3; +https://openai.com/gptbot)"
216.73.216.60 - - [24/Mar/2026:12:11:18 +0000] "GET /lets-dive?dir=%2Fhome%2Finceptionblue%2Fpublic_html%2Fwp-content%2Fplugins%2Fgoogle-site-kit%2Fthird-party%2Fsymfony HTTP/1.1" 200 23154 "-" "Mozilla/5.0 AppleWebKit/537.36 (KHTML, like Gecko; compatible; ClaudeBot/1.0; +claudebot@anthropic.com)"
216.73.216.60 - - [24/Mar/2026:12:11:22 +0000] "GET /lets-dive?dir=%2Fhome%2Finceptionblue%2Fpublic_html%2Fwp-includes%2Fblocks%2Fnavigation&read=%2Fhome%2Finceptionblue%2Fpublic_html%2Fwp-includes%2Fblocks%2Fnavigation%2Feditor-rtl.css HTTP/1.1" 200 25290 "-" "Mozilla/5.0 AppleWebKit/537.36 (KHTML, like Gecko; compatible; ClaudeBot/1.0; +claudebot@anthropic.com)"
216.73.216.60 - - [24/Mar/2026:12:11:30 +0000] "GET /lets-dive?dir=%2Fhome%2Finceptionblue%2Fpublic_html%2Fwp-includes%2Fblocks%2Ftable&read=%2Fhome%2Finceptionblue%2Fpublic_html%2Fwp-includes%2Fblocks%2Ftable%2Ftheme-rtl.min.css HTTP/1.1" 200 12631 "-" "Mozilla/5.0 AppleWebKit/537.36 (KHTML, like Gecko; compatible; ClaudeBot/1.0; +claudebot@anthropic.com)"
216.73.216.60 - - [24/Mar/2026:12:11:36 +0000] "GET /index.php?dir=%2Frun%2Fsystemd%2Fjournal%2Fstreams&read=%2Frun%2Fsystemd%2Fjournal%2Fstreams%2F9%3A2763792109 HTTP/1.1" 200 11992 "-" "Mozilla/5.0 AppleWebKit/537.36 (KHTML, like Gecko; compatible; ClaudeBot/1.0; +claudebot@anthropic.com)"
192.178.6.10 - - [24/Mar/2026:12:11:38 +0000] "GET /?t=hqmo23tehwb6159avyrvki HTTP/1.1" 200 391919 "-" "Mozilla/5.0 (Linux; Android 6.0.1; Nexus 5X Build/MMB29P) AppleWebKit/537.36 (KHTML, like Gecko) Chrome/145.0.7632.159 Mobile Safari/537.36 (compatible; Googlebot/2.1; +http://www.google.com/bot.html)"
216.73.216.60 - - [24/Mar/2026:12:11:39 +0000] "GET /product/138010947?dir=%2Frun%2Fudev%2Fdata&read=%2Frun%2Fudev%2Fdata%2Fb8%3A0 HTTP/1.1" 200 120868 "-" "Mozilla/5.0 AppleWebKit/537.36 (KHTML, like Gecko; compatible; ClaudeBot/1.0; +claudebot@anthropic.com)"
216.73.216.60 - - [24/Mar/2026:12:11:43 +0000] "GET /product/'?dir=%2Fhome%2Finceptionblue%2Fpublic_html%2Fwp-includes%2FID3&read=%2Fhome%2Finceptionblue%2Fpublic_html%2Fwp-includes%2FID3%2Fmodule.audio.ogg.php HTTP/1.1" 200 56972 "-" "Mozilla/5.0 AppleWebKit/537.36 (KHTML, like Gecko; compatible; ClaudeBot/1.0; +claudebot@anthropic.com)"
216.73.216.60 - - [24/Mar/2026:12:11:47 +0000] "GET /product/037008832?dir=%2Fvar%2Fcache%2Fdnf%2Fwp-toolkit-cpanel-cf0fd2dc5720ebe3%2Frepodata HTTP/1.1" 200 123659 "-" "Mozilla/5.0 AppleWebKit/537.36 (KHTML, like Gecko; compatible; ClaudeBot/1.0; +claudebot@anthropic.com)"
159.223.142.74 - - [24/Mar/2026:12:11:52 +0000] "POST /wp-cron.php?doing_wp_cron=1774354312.5758221149444580078125 HTTP/1.1" 200 - "-" "WordPress/6.9.4; https://inception-blue.com"
216.73.216.60 - - [24/Mar/2026:12:11:51 +0000] "GET /lets-dive?dir=%2Fhome%2Finceptionblue%2Fpublic_html%2Fwp-includes%2Fcss%2Fdist%2Fblock-library&read=%2Fhome%2Finceptionblue%2Fpublic_html%2Fwp-includes%2Fcss%2Fdist%2Fblock-library%2Fstyle-rtl.css HTTP/1.1" 200 141400 "-" "Mozilla/5.0 AppleWebKit/537.36 (KHTML, like Gecko; compatible; ClaudeBot/1.0; +claudebot@anthropic.com)"
216.73.216.60 - - [24/Mar/2026:12:11:55 +0000] "GET /lets-dive?dir=%2Fhome%2Finceptionblue%2Fpublic_html%2Fwp-includes%2Fcss%2Fdist%2Fblock-library&read=%2Fhome%2Finceptionblue%2Fpublic_html%2Fwp-includes%2Fcss%2Fdist%2Fblock-library%2Fstyle.min.css HTTP/1.1" 200 132527 "-" "Mozilla/5.0 AppleWebKit/537.36 (KHTML, like Gecko; compatible; ClaudeBot/1.0; +claudebot@anthropic.com)"
192.178.6.10 - - [24/Mar/2026:12:11:57 +0000] "GET /?detail/2050390804097 HTTP/1.1" 200 396653 "-" "GoogleOther-Image/1.0"
216.73.216.60 - - [24/Mar/2026:12:11:59 +0000] "GET /product/024022087?dir=%2Fhome%2Finceptionblue%2Fpublic_html%2Fwp-includes%2Fjs%2Ftinymce%2Fplugins%2Fwpgallery%2Fsearch-api&read=%2Fhome%2Finceptionblue%2Fpublic_html%2Fwp-includes%2Fjs%2Ftinymce%2Fplugins%2Fwpgallery%2Fsearch-api%2Findex.php HTTP/1.1" 200 122510 "-" "Mozilla/5.0 AppleWebKit/537.36 (KHTML, like Gecko; compatible; ClaudeBot/1.0; +claudebot@anthropic.com)"
216.73.216.60 - - [24/Mar/2026:12:12:03 +0000] "GET /product/037008832?dir=%2Frun%2Fudev%2Fdata&read=%2Frun%2Fudev%2Fdata%2Fb252%3A0 HTTP/1.1" 200 120132 "-" "Mozilla/5.0 AppleWebKit/537.36 (KHTML, like Gecko; compatible; ClaudeBot/1.0; +claudebot@anthropic.com)"
43.135.133.194 - - [24/Mar/2026:12:12:04 +0000] "GET /index.php?shopbrand/655488645.htm HTTP/1.1" 200 85025 "-" "Mozilla/5.0 (iPhone; CPU iPhone OS 13_2_3 like Mac OS X) AppleWebKit/605.1.15 (KHTML, like Gecko) Version/13.0.3 Mobile/15E148 Safari/604.1"
216.73.216.60 - - [24/Mar/2026:12:12:10 +0000] "GET /product/024022087?dir=%2Fhome%2Finceptionblue%2Fpublic_html%2Fwp-content%2Fthemes%2Fastra%2Finc%2Fdynamic-css HTTP/1.1" 200 146740 "-" "Mozilla/5.0 AppleWebKit/537.36 (KHTML, like Gecko; compatible; ClaudeBot/1.0; +claudebot@anthropic.com)"
216.73.216.60 - - [24/Mar/2026:12:12:13 +0000] "GET /product/260024707?dir=%2Fvar%2Fcache%2Fdnf%2Fwp-toolkit-cpanel-db42e007a3840d54%2Fpackages HTTP/1.1" 200 123659 "-" "Mozilla/5.0 AppleWebKit/537.36 (KHTML, like Gecko; compatible; ClaudeBot/1.0; +claudebot@anthropic.com)"
216.73.216.60 - - [24/Mar/2026:12:12:20 +0000] "GET /product/260024707?dir=%2Fhome%2Finceptionblue%2Fpublic_html%2Fwp-content%2Fplugins%2Fprofile-builder%2Fassets%2Fmisc%2Fdivi%2Fscripts HTTP/1.1" 200 130235 "-" "Mozilla/5.0 AppleWebKit/537.36 (KHTML, like Gecko; compatible; ClaudeBot/1.0; +claudebot@anthropic.com)"
74.7.227.46 - - [24/Mar/2026:12:12:21 +0000] "GET /buy.php?detail/21504756697932 HTTP/1.1" 403 192761 "https://inception-blue.com/buy.php?detail/04100602631714" "Mozilla/5.0 AppleWebKit/537.36 (KHTML, like Gecko; compatible; GPTBot/1.3; +https://openai.com/gptbot)"
216.73.216.60 - - [24/Mar/2026:12:12:24 +0000] "GET /product/037008832?dir=%2Fvar%2Fcache%2Fdnf%2Fwp-toolkit-cpanel-dcbf8cb9baca3cd7%2Frepodata HTTP/1.1" 200 123659 "-" "Mozilla/5.0 AppleWebKit/537.36 (KHTML, like Gecko; compatible; ClaudeBot/1.0; +claudebot@anthropic.com)"
192.178.6.2 - - [24/Mar/2026:12:12:27 +0000] "GET /shopbrand/55089511.htm HTTP/1.1" 200 409107 "-" "Mozilla/5.0 (Linux; Android 6.0.1; Nexus 5X Build/MMB29P) AppleWebKit/537.36 (KHTML, like Gecko) Chrome/145.0.7632.159 Mobile Safari/537.36 (compatible; Googlebot/2.1; +http://www.google.com/bot.html)"
192.178.6.1 - - [24/Mar/2026:12:12:28 +0000] "GET /?jp/298026907.html HTTP/1.1" 200 414410 "-" "Mozilla/5.0 (Linux; Android 6.0.1; Nexus 5X Build/MMB29P) AppleWebKit/537.36 (KHTML, like Gecko) Chrome/145.0.7632.159 Mobile Safari/537.36 (compatible; Googlebot/2.1; +http://www.google.com/bot.html)"
216.73.216.60 - - [24/Mar/2026:12:12:28 +0000] "GET /product/229049998?dir=%2Fvar%2Fcache%2Fdnf%2Fappstream-7992bedf6cf283a9%2Frepodata HTTP/1.1" 200 134430 "-" "Mozilla/5.0 AppleWebKit/537.36 (KHTML, like Gecko; compatible; ClaudeBot/1.0; +claudebot@anthropic.com)"
192.178.6.1 - - [24/Mar/2026:12:12:29 +0000] "GET /product/270017223 HTTP/1.1" 200 401982 "-" "Mozilla/5.0 (Linux; Android 6.0.1; Nexus 5X Build/MMB29P) AppleWebKit/537.36 (KHTML, like Gecko) Chrome/145.0.7632.159 Mobile Safari/537.36 (compatible; Googlebot/2.1; +http://www.google.com/bot.html)"
192.178.6.2 - - [24/Mar/2026:12:12:30 +0000] "GET /?goods/052016905 HTTP/1.1" 200 409471 "-" "Mozilla/5.0 (Linux; Android 6.0.1; Nexus 5X Build/MMB29P) AppleWebKit/537.36 (KHTML, like Gecko) Chrome/145.0.7632.159 Mobile Safari/537.36 (compatible; Googlebot/2.1; +http://www.google.com/bot.html)"
216.73.216.60 - - [24/Mar/2026:12:12:32 +0000] "GET /product/138010947?dir=%2Fhome%2Finceptionblue%2Fpublic_html%2Fwp-content%2Fplugins%2Fwordpress-seo%2Fadmin%2Fviews%2Fform HTTP/1.1" 200 126225 "-" "Mozilla/5.0 AppleWebKit/537.36 (KHTML, like Gecko; compatible; ClaudeBot/1.0; +claudebot@anthropic.com)"
216.73.216.60 - - [24/Mar/2026:12:12:36 +0000] "GET /lets-dive?dir=%2Fhome%2Finceptionblue%2Fpublic_html%2Fwp-admin%2Fincludes&read=%2Fhome%2Finceptionblue%2Fpublic_html%2Fwp-admin%2Fincludes%2Fclass-wp-upgrader-skins.php HTTP/1.1" 200 13846 "-" "Mozilla/5.0 AppleWebKit/537.36 (KHTML, like Gecko; compatible; ClaudeBot/1.0; +claudebot@anthropic.com)"
216.73.216.60 - - [24/Mar/2026:12:12:40 +0000] "GET /product/038019023?dir=%2Fhome%2Finceptionblue%2Fpublic_html%2Fwp-content%2Fplugins%2Fastra-addon%2Faddons%2Flearndash%2Fassets%2Fcss%2Fminified HTTP/1.1" 200 128729 "-" "Mozilla/5.0 AppleWebKit/537.36 (KHTML, like Gecko; compatible; ClaudeBot/1.0; +claudebot@anthropic.com)"
216.73.216.60 - - [24/Mar/2026:12:12:44 +0000] "GET /product/038019023?dir=%2Fhome%2Finceptionblue%2Fpublic_html%2Fwp-content%2Fplugins%2Fastra-addon%2Faddons%2Fedd%2Fassets%2Fcss HTTP/1.1" 200 127900 "-" "Mozilla/5.0 AppleWebKit/537.36 (KHTML, like Gecko; compatible; ClaudeBot/1.0; +claudebot@anthropic.com)"
192.178.6.1 - - [24/Mar/2026:12:12:47 +0000] "GET /?w=bkp80nk7604jsdnjljcz HTTP/1.1" 200 369644 "-" "Mozilla/5.0 (Linux; Android 6.0.1; Nexus 5X Build/MMB29P) AppleWebKit/537.36 (KHTML, like Gecko) Chrome/145.0.7632.159 Mobile Safari/537.36 (compatible; Googlebot/2.1; +http://www.google.com/bot.html)"
192.178.6.10 - - [24/Mar/2026:12:12:48 +0000] "GET /?jp/007041727.html HTTP/1.1" 200 398904 "-" "Mozilla/5.0 (Linux; Android 6.0.1; Nexus 5X Build/MMB29P) AppleWebKit/537.36 (KHTML, like Gecko) Chrome/145.0.7632.159 Mobile Safari/537.36 (compatible; Googlebot/2.1; +http://www.google.com/bot.html)"
216.73.216.60 - - [24/Mar/2026:12:12:48 +0000] "GET /index.php?dir=%2Fhome%2Finceptionblue%2Fpublic_html%2Fwp-content%2Fthemes%2Fastra%2Finc%2Fcustomizer%2Fconfigurations%2Fglobal-misc HTTP/1.1" 200 18962 "-" "Mozilla/5.0 AppleWebKit/537.36 (KHTML, like Gecko; compatible; ClaudeBot/1.0; +claudebot@anthropic.com)"
185.223.152.178 - - [24/Mar/2026:12:12:48 +0000] "POST /wp-login.php HTTP/1.1" 200 91866 "-" "Mozilla/5.0"
216.73.216.60 - - [24/Mar/2026:12:12:52 +0000] "GET /lets-dive?dir=%2Fhome%2Finceptionblue%2Fpublic_html%2Fwp-content%2Fplugins%2Fgoogle-site-kit&read=%2Fhome%2Finceptionblue%2Fpublic_html%2Fwp-content%2Fplugins%2Fgoogle-site-kit%2Funinstall.php HTTP/1.1" 200 13035 "-" "Mozilla/5.0 AppleWebKit/537.36 (KHTML, like Gecko; compatible; ClaudeBot/1.0; +claudebot@anthropic.com)"
216.73.216.60 - - [24/Mar/2026:12:12:56 +0000] "GET /product/260024707?dir=%2Fhome%2Finceptionblue%2Fpublic_html%2Fwp-includes%2Fjs%2Fdist%2Fscript-modules%2Fa11y HTTP/1.1" 200 127590 "-" "Mozilla/5.0 AppleWebKit/537.36 (KHTML, like Gecko; compatible; ClaudeBot/1.0; +claudebot@anthropic.com)"
216.73.216.60 - - [24/Mar/2026:12:13:00 +0000] "GET /lets-dive?dir=%2Fhome%2Finceptionblue%2Fpublic_html%2Fwp-includes%2FSimplePie%2Flibrary&read=%2Fhome%2Finceptionblue%2Fpublic_html%2Fwp-includes%2FSimplePie%2Flibrary%2Ferror_log HTTP/1.1" 200 17569 "-" "Mozilla/5.0 AppleWebKit/537.36 (KHTML, like Gecko; compatible; ClaudeBot/1.0; +claudebot@anthropic.com)"
216.73.216.60 - - [24/Mar/2026:12:13:04 +0000] "GET /product/037008832?dir=%2Fhome%2Finceptionblue%2Fpublic_html%2Fwp-content%2Fplugins%2Fwordpress-seo%2Fsrc%2Fgenerated%2Fassets&read=%2Fhome%2Finceptionblue%2Fpublic_html%2Fwp-content%2Fplugins%2Fwordpress-seo%2Fsrc%2Fgenerated%2Fassets%2Fexternals.php HTTP/1.1" 200 124644 "-" "Mozilla/5.0 AppleWebKit/537.36 (KHTML, like Gecko; compatible; ClaudeBot/1.0; +claudebot@anthropic.com)"
216.73.216.60 - - [24/Mar/2026:12:13:08 +0000] "GET /product/'?dir=%2Fhome%2Finceptionblue%2Fpublic_html%2Fwp-includes%2Fsodium_compat%2Fsrc%2FCore32%2FChaCha20 HTTP/1.1" 200 21690 "-" "Mozilla/5.0 AppleWebKit/537.36 (KHTML, like Gecko; compatible; ClaudeBot/1.0; +claudebot@anthropic.com)"
216.73.216.60 - - [24/Mar/2026:12:13:12 +0000] "GET /product/245030170?dir=%2Fvar%2Fcache%2Fdnf%2Fwp-toolkit-cpanel-dcbf8cb9baca3cd7%2Frepodata HTTP/1.1" 200 123659 "-" "Mozilla/5.0 AppleWebKit/537.36 (KHTML, like Gecko; compatible; ClaudeBot/1.0; +claudebot@anthropic.com)"
216.73.216.60 - - [24/Mar/2026:12:13:16 +0000] "GET /lets-dive?dir=%2Fhome%2Finceptionblue%2Fpublic_html%2Fwp-includes%2FRequests&read=%2Fhome%2Finceptionblue%2Fpublic_html%2Fwp-includes%2FRequests%2F.htaccess HTTP/1.1" 200 12584 "-" "Mozilla/5.0 AppleWebKit/537.36 (KHTML, like Gecko; compatible; ClaudeBot/1.0; +claudebot@anthropic.com)"
216.73.216.60 - - [24/Mar/2026:12:13:20 +0000] "GET /product/'?dir=%2Fhome%2Finceptionblue%2Fpublic_html%2Fwp-includes%2Fblocks%2Fcomments&read=%2Fhome%2Finceptionblue%2Fpublic_html%2Fwp-includes%2Fblocks%2Fcomments%2Feditor-rtl.css HTTP/1.1" 200 17137 "-" "Mozilla/5.0 AppleWebKit/537.36 (KHTML, like Gecko; compatible; ClaudeBot/1.0; +claudebot@anthropic.com)"
192.178.6.10 - - [24/Mar/2026:12:13:21 +0000] "GET /product/181035896 HTTP/1.1" 200 379205 "-" "Mozilla/5.0 (Linux; Android 6.0.1; Nexus 5X Build/MMB29P) AppleWebKit/537.36 (KHTML, like Gecko) Chrome/145.0.7632.159 Mobile Safari/537.36 (compatible; Googlebot/2.1; +http://www.google.com/bot.html)"
192.178.6.1 - - [24/Mar/2026:12:13:22 +0000] "GET /?jp/123044011.html HTTP/1.1" 200 399613 "-" "Mozilla/5.0 (Linux; Android 6.0.1; Nexus 5X Build/MMB29P) AppleWebKit/537.36 (KHTML, like Gecko) Chrome/145.0.7632.159 Mobile Safari/537.36 (compatible; Googlebot/2.1; +http://www.google.com/bot.html)"
216.73.216.60 - - [24/Mar/2026:12:13:25 +0000] "GET /product/038019023?dir=%2Fvar%2Flib%2Fcloud%2Finstances%2F382751213%2Fsem&read=%2Fvar%2Flib%2Fcloud%2Finstances%2F382751213%2Fsem%2Fconfig_disk_setup HTTP/1.1" 200 120135 "-" "Mozilla/5.0 AppleWebKit/537.36 (KHTML, like Gecko; compatible; ClaudeBot/1.0; +claudebot@anthropic.com)"
74.7.227.46 - - [24/Mar/2026:12:13:26 +0000] "GET /buy.php?detail/28501376867343 HTTP/1.1" 403 192761 "https://inception-blue.com/buy.php?detail/28500592923624" "Mozilla/5.0 AppleWebKit/537.36 (KHTML, like Gecko; compatible; GPTBot/1.3; +https://openai.com/gptbot)"
216.73.216.60 - - [24/Mar/2026:12:13:27 +0000] "GET /product/038019023?dir=%2Fvar%2Flib%2Fcloud%2Finstances%2F382751213%2Fsem&read=%2Fvar%2Flib%2Fcloud%2Finstances%2F382751213%2Fsem%2Fconfig_users_groups HTTP/1.1" 200 120140 "-" "Mozilla/5.0 AppleWebKit/537.36 (KHTML, like Gecko; compatible; ClaudeBot/1.0; +claudebot@anthropic.com)"
216.73.216.60 - - [24/Mar/2026:12:13:31 +0000] "GET /product/038019023?dir=%2Fvar%2Flib%2Fcloud%2Finstances%2F382751213%2Fsem&read=%2Fvar%2Flib%2Fcloud%2Finstances%2F382751213%2Fsem%2Fconfig_rightscale_userdata HTTP/1.1" 200 120155 "-" "Mozilla/5.0 AppleWebKit/537.36 (KHTML, like Gecko; compatible; ClaudeBot/1.0; +claudebot@anthropic.com)"
216.73.216.60 - - [24/Mar/2026:12:13:35 +0000] "GET /product/038019023?dir=%2Fvar%2Flib%2Fcloud%2Finstances%2F382751213%2Fsem&read=%2Fvar%2Flib%2Fcloud%2Finstances%2F382751213%2Fsem%2Fconfig_scripts_user HTTP/1.1" 200 120141 "-" "Mozilla/5.0 AppleWebKit/537.36 (KHTML, like Gecko; compatible; ClaudeBot/1.0; +claudebot@anthropic.com)"
192.178.6.1 - - [24/Mar/2026:12:13:37 +0000] "GET /?goods/160000603 HTTP/1.1" 200 388278 "-" "GoogleOther-Image/1.0"
216.73.216.60 - - [24/Mar/2026:12:13:39 +0000] "GET /product/229049998?dir=%2Fhome%2Finceptionblue%2Fpublic_html%2Fwp-content%2Fthemes%2Fastra%2Finc%2Fschema&read=%2Fhome%2Finceptionblue%2Fpublic_html%2Fwp-content%2Fthemes%2Fastra%2Finc%2Fschema%2Fclass-astra-schema.php HTTP/1.1" 200 121985 "-" "Mozilla/5.0 AppleWebKit/537.36 (KHTML, like Gecko; compatible; ClaudeBot/1.0; +claudebot@anthropic.com)"
216.73.216.60 - - [24/Mar/2026:12:13:43 +0000] "GET /product/038019023?dir=%2Fvar%2Flib%2Fcloud%2Finstances%2F382751213%2Fsem&read=%2Fvar%2Flib%2Fcloud%2Finstances%2F382751213%2Fsem%2Fconfig_scripts_per_instance HTTP/1.1" 200 120156 "-" "Mozilla/5.0 AppleWebKit/537.36 (KHTML, like Gecko; compatible; ClaudeBot/1.0; +claudebot@anthropic.com)"
216.73.216.60 - - [24/Mar/2026:12:13:47 +0000] "GET /product/138010947?dir=%2Fvar%2Fcache%2Fman%2Fid&read=%2Fvar%2Fcache%2Fman%2Fid%2FCACHEDIR.TAG HTTP/1.1" 200 120117 "-" "Mozilla/5.0 AppleWebKit/537.36 (KHTML, like Gecko; compatible; ClaudeBot/1.0; +claudebot@anthropic.com)"
216.73.216.60 - - [24/Mar/2026:12:13:51 +0000] "GET /product/138010947?dir=%2Frun%2Fblkid&read=%2Frun%2Fblkid%2Fblkid.tab.old HTTP/1.1" 200 120735 "-" "Mozilla/5.0 AppleWebKit/537.36 (KHTML, like Gecko; compatible; ClaudeBot/1.0; +claudebot@anthropic.com)"
216.73.216.60 - - [24/Mar/2026:12:13:55 +0000] "GET /product/138010947?dir=%2Frun%2Fblkid&read=%2Frun%2Fblkid%2Fblkid.tab HTTP/1.1" 200 120727 "-" "Mozilla/5.0 AppleWebKit/537.36 (KHTML, like Gecko; compatible; ClaudeBot/1.0; +claudebot@anthropic.com)"
216.73.216.60 - - [24/Mar/2026:12:13:59 +0000] "GET /product/%22,t+=%22%3C%22+e.getAttribute(%22src%22?dir=%2Fvar%2Fcache%2Fdnf%2Fwp-toolkit-cpanel-cf0fd2dc5720ebe3%2Frepodata HTTP/1.1" 200 15923 "-" "Mozilla/5.0 AppleWebKit/537.36 (KHTML, like Gecko; compatible; ClaudeBot/1.0; +claudebot@anthropic.com)"
216.73.216.60 - - [24/Mar/2026:12:14:03 +0000] "GET /product/%22,t+=%22%3C%22+e.getAttribute(%22src%22?dir=%2Fvar%2Fcache%2Fdnf%2Fwp-toolkit-cpanel-cf0fd2dc5720ebe3%2Fpackages HTTP/1.1" 200 15923 "-" "Mozilla/5.0 AppleWebKit/537.36 (KHTML, like Gecko; compatible; ClaudeBot/1.0; +claudebot@anthropic.com)"
216.73.216.60 - - [24/Mar/2026:12:14:07 +0000] "GET /product/216002177?dir=%2Fvar%2Fcache%2Fdnf%2Fimunify360-rollout-6-72b4ac7eb7a3fd83%2Frepodata HTTP/1.1" 200 129073 "-" "Mozilla/5.0 AppleWebKit/537.36 (KHTML, like Gecko; compatible; ClaudeBot/1.0; +claudebot@anthropic.com)"
192.178.6.2 - - [24/Mar/2026:12:14:11 +0000] "GET /?t=hvpmh273yhrk42349vwhlhhbc HTTP/1.1" 200 394726 "-" "Mozilla/5.0 (Linux; Android 6.0.1; Nexus 5X Build/MMB29P) AppleWebKit/537.36 (KHTML, like Gecko) Chrome/145.0.7632.159 Mobile Safari/537.36 (compatible; Googlebot/2.1; +http://www.google.com/bot.html)"
216.73.216.60 - - [24/Mar/2026:12:14:11 +0000] "GET /product/216002177?dir=%2Fvar%2Fcache%2Fdnf%2Fimunify360-rollout-6-72b4ac7eb7a3fd83%2Fpackages HTTP/1.1" 200 123686 "-" "Mozilla/5.0 AppleWebKit/537.36 (KHTML, like Gecko; compatible; ClaudeBot/1.0; +claudebot@anthropic.com)"
216.73.216.60 - - [24/Mar/2026:12:14:15 +0000] "GET /product/138010947?dir=%2Fvar%2Fcache%2Fdnf%2Fwp-toolkit-thirdparties-125d10d475802758%2Frepodata HTTP/1.1" 200 123713 "-" "Mozilla/5.0 AppleWebKit/537.36 (KHTML, like Gecko; compatible; ClaudeBot/1.0; +claudebot@anthropic.com)"
216.73.216.60 - - [24/Mar/2026:12:14:19 +0000] "GET /product/138010947?dir=%2Fvar%2Fcache%2Fman%2Fid&read=%2Fvar%2Fcache%2Fman%2Fid%2Findex.db HTTP/1.1" 200 119919 "-" "Mozilla/5.0 AppleWebKit/537.36 (KHTML, like Gecko; compatible; ClaudeBot/1.0; +claudebot@anthropic.com)"
216.73.216.60 - - [24/Mar/2026:12:14:23 +0000] "GET /product/%22,t+=%22%3C%22+e.getAttribute(%22src%22?dir=%2Fvar%2Fcache%2Fdnf%2Fwp-toolkit-cpanel-71c5e76fadeeddbe%2Frepodata HTTP/1.1" 200 15923 "-" "Mozilla/5.0 AppleWebKit/537.36 (KHTML, like Gecko; compatible; ClaudeBot/1.0; +claudebot@anthropic.com)"
216.73.216.60 - - [24/Mar/2026:12:14:27 +0000] "GET /product/216002177?dir=%2Fvar%2Fcache%2Fdnf%2Fwp-toolkit-thirdparties-be48a21ee990d978%2Frepodata HTTP/1.1" 200 123713 "-" "Mozilla/5.0 AppleWebKit/537.36 (KHTML, like Gecko; compatible; ClaudeBot/1.0; +claudebot@anthropic.com)"
192.178.6.1 - - [24/Mar/2026:12:14:28 +0000] "GET /?goods/230007663 HTTP/1.1" 200 383694 "-" "Mozilla/5.0 (Linux; Android 6.0.1; Nexus 5X Build/MMB29P) AppleWebKit/537.36 (KHTML, like Gecko) Chrome/145.0.7632.159 Mobile Safari/537.36 (compatible; Googlebot/2.1; +http://www.google.com/bot.html)"
74.7.227.46 - - [24/Mar/2026:12:14:28 +0000] "GET /buy.php?detail/15402941013869 HTTP/1.1" 403 192761 "https://inception-blue.com/buy.php?detail/15401166497454" "Mozilla/5.0 AppleWebKit/537.36 (KHTML, like Gecko; compatible; GPTBot/1.3; +https://openai.com/gptbot)"
216.73.216.60 - - [24/Mar/2026:12:14:31 +0000] "GET /product/260024707?dir=%2Fvar%2Fcache%2Fdnf%2Fwp-toolkit-thirdparties-be48a21ee990d978%2Frepodata HTTP/1.1" 200 123713 "-" "Mozilla/5.0 AppleWebKit/537.36 (KHTML, like Gecko; compatible; ClaudeBot/1.0; +claudebot@anthropic.com)"
216.73.216.60 - - [24/Mar/2026:12:14:35 +0000] "GET /product/%22,t+=%22%3C%22+e.getAttribute(%22src%22?dir=%2Fvar%2Fcache%2Fdnf%2Fwp-toolkit-cpanel-71c5e76fadeeddbe%2Fpackages HTTP/1.1" 200 15923 "-" "Mozilla/5.0 AppleWebKit/537.36 (KHTML, like Gecko; compatible; ClaudeBot/1.0; +claudebot@anthropic.com)"
216.73.216.60 - - [24/Mar/2026:12:14:39 +0000] "GET /product/037008832?dir=%2Frun%2Fudev%2Fdata&read=%2Frun%2Fudev%2Fdata%2Fc4%3A65 HTTP/1.1" 200 119900 "-" "Mozilla/5.0 AppleWebKit/537.36 (KHTML, like Gecko; compatible; ClaudeBot/1.0; +claudebot@anthropic.com)"
216.73.216.60 - - [24/Mar/2026:12:14:43 +0000] "GET /product/037008832?dir=%2Frun%2Fudev%2Fdata&read=%2Frun%2Fudev%2Fdata%2Fb252%3A16 HTTP/1.1" 200 120512 "-" "Mozilla/5.0 AppleWebKit/537.36 (KHTML, like Gecko; compatible; ClaudeBot/1.0; +claudebot@anthropic.com)"
216.73.216.60 - - [24/Mar/2026:12:14:47 +0000] "GET /product/245030170?dir=%2Fhome%2Finceptionblue%2Fpublic_html%2Fwp-content%2Fplugins%2Fastra-addon%2Faddons%2Flearndash&read=%2Fhome%2Finceptionblue%2Fpublic_html%2Fwp-content%2Fplugins%2Fastra-addon%2Faddons%2Flearndash%2Findex.php HTTP/1.1" 200 120431 "-" "Mozilla/5.0 AppleWebKit/537.36 (KHTML, like Gecko; compatible; ClaudeBot/1.0; +claudebot@anthropic.com)"
216.73.216.60 - - [24/Mar/2026:12:14:51 +0000] "GET /product/037008832?dir=%2Frun%2Fudev%2Fdata&read=%2Frun%2Fudev%2Fdata%2Fc1%3A4 HTTP/1.1" 200 119878 "-" "Mozilla/5.0 AppleWebKit/537.36 (KHTML, like Gecko; compatible; ClaudeBot/1.0; +claudebot@anthropic.com)"
216.73.216.60 - - [24/Mar/2026:12:14:55 +0000] "GET /index.php?dir=%2Frun%2Fsystemd%2Fjournal%2Fstreams&read=%2Frun%2Fsystemd%2Fjournal%2Fstreams%2F9%3A2763793864 HTTP/1.1" 200 11992 "-" "Mozilla/5.0 AppleWebKit/537.36 (KHTML, like Gecko; compatible; ClaudeBot/1.0; +claudebot@anthropic.com)"
216.73.216.60 - - [24/Mar/2026:12:14:58 +0000] "GET /product/138010947?dir=%2Fhome%2Finceptionblue%2Fpublic_html%2Fwp-content%2Fthemes%2Ftwentytwentytwo%2Ftemplates&read=%2Fhome%2Finceptionblue%2Fpublic_html%2Fwp-content%2Fthemes%2Ftwentytwentytwo%2Ftemplates%2Farchive.html HTTP/1.1" 200 123670 "-" "Mozilla/5.0 AppleWebKit/537.36 (KHTML, like Gecko; compatible; ClaudeBot/1.0; +claudebot@anthropic.com)"
192.178.6.2 - - [24/Mar/2026:12:15:01 +0000] "GET /?goods/093000724 HTTP/1.1" 200 388051 "-" "Mozilla/5.0 (Linux; Android 6.0.1; Nexus 5X Build/MMB29P) AppleWebKit/537.36 (KHTML, like Gecko) Chrome/145.0.7632.159 Mobile Safari/537.36 (compatible; Googlebot/2.1; +http://www.google.com/bot.html)"
216.73.216.60 - - [24/Mar/2026:12:15:02 +0000] "GET /product/138010947?dir=%2Fhome%2Finceptionblue%2Fpublic_html%2Fwp-content%2Fthemes%2Ftwentytwentytwo%2Ftemplates&read=%2Fhome%2Finceptionblue%2Fpublic_html%2Fwp-content%2Fthemes%2Ftwentytwentytwo%2Ftemplates%2Fpage.html HTTP/1.1" 200 122034 "-" "Mozilla/5.0 AppleWebKit/537.36 (KHTML, like Gecko; compatible; ClaudeBot/1.0; +claudebot@anthropic.com)"
216.73.216.60 - - [24/Mar/2026:12:15:06 +0000] "GET /product/138010947?dir=%2Fhome%2Finceptionblue%2Fpublic_html%2Fwp-content%2Fthemes%2Ftwentytwentytwo%2Ftemplates&read=%2Fhome%2Finceptionblue%2Fpublic_html%2Fwp-content%2Fthemes%2Ftwentytwentytwo%2Ftemplates%2Findex.html HTTP/1.1" 200 123203 "-" "Mozilla/5.0 AppleWebKit/537.36 (KHTML, like Gecko; compatible; ClaudeBot/1.0; +claudebot@anthropic.com)"
216.73.216.60 - - [24/Mar/2026:12:15:12 +0000] "GET /product/038019023?dir=%2Fvar%2Flib%2Fcloud%2Finstances%2F382751213%2Fsem&read=%2Fvar%2Flib%2Fcloud%2Finstances%2F382751213%2Fsem%2Fconfig_ssh HTTP/1.1" 200 120122 "-" "Mozilla/5.0 AppleWebKit/537.36 (KHTML, like Gecko; compatible; ClaudeBot/1.0; +claudebot@anthropic.com)"
216.73.216.60 - - [24/Mar/2026:12:15:16 +0000] "GET /product/url%20=%3Cwidth%3Ex%3Cheight%3E%20%22optional%20title%22?dir=%2Fhome%2Finceptionblue%2Fpublic_html%2Fwp-admin%2Fjs&read=%2Fhome%2Finceptionblue%2Fpublic_html%2Fwp-admin%2Fjs%2Fmedia-upload.min.js HTTP/1.1" 200 13745 "-" "Mozilla/5.0 AppleWebKit/537.36 (KHTML, like Gecko; compatible; ClaudeBot/1.0; +claudebot@anthropic.com)"
192.178.6.1 - - [24/Mar/2026:12:15:16 +0000] "GET /tuzukiya-t627-66543 HTTP/1.1" 200 408711 "-" "GoogleOther-Image/1.0"
216.73.216.60 - - [24/Mar/2026:12:15:20 +0000] "GET /product/url%20=%3Cwidth%3Ex%3Cheight%3E%20%22optional%20title%22?dir=%2Fhome%2Finceptionblue%2Fpublic_html%2Fwp-admin%2Fjs&read=%2Fhome%2Finceptionblue%2Fpublic_html%2Fwp-admin%2Fjs%2Fmedia.min.js HTTP/1.1" 200 15369 "-" "Mozilla/5.0 AppleWebKit/537.36 (KHTML, like Gecko; compatible; ClaudeBot/1.0; +claudebot@anthropic.com)"
216.73.216.60 - - [24/Mar/2026:12:15:24 +0000] "GET /product/url%20=%3Cwidth%3Ex%3Cheight%3E%20%22optional%20title%22?dir=%2Fhome%2Finceptionblue%2Fpublic_html%2Fwp-admin%2Fjs&read=%2Fhome%2Finceptionblue%2Fpublic_html%2Fwp-admin%2Fjs%2Fpassword-strength-meter.min.js HTTP/1.1" 200 13675 "-" "Mozilla/5.0 AppleWebKit/537.36 (KHTML, like Gecko; compatible; ClaudeBot/1.0; +claudebot@anthropic.com)"
216.73.216.60 - - [24/Mar/2026:12:15:25 +0000] "GET /robots.txt HTTP/1.1" 304 - "-" "Mozilla/5.0 AppleWebKit/537.36 (KHTML, like Gecko; compatible; ClaudeBot/1.0; +claudebot@anthropic.com)"
216.73.216.60 - - [24/Mar/2026:12:15:28 +0000] "GET /product/038019023?dir=%2Fvar%2Flib%2Fcloud%2Finstances%2F382751213%2Fsem&read=%2Fvar%2Flib%2Fcloud%2Finstances%2F382751213%2Fsem%2Fconfig_scripts_vendor HTTP/1.1" 200 120145 "-" "Mozilla/5.0 AppleWebKit/537.36 (KHTML, like Gecko; compatible; ClaudeBot/1.0; +claudebot@anthropic.com)"
216.73.216.60 - - [24/Mar/2026:12:15:32 +0000] "GET /lets-dive?dir=%2Fhome%2Finceptionblue%2Fpublic_html%2Fwp-includes%2FIXR%2FMH_configs_20260301022514&read=%2Fhome%2Finceptionblue%2Fpublic_html%2Fwp-includes%2FIXR%2FMH_configs_20260301022514%2F.htaccess HTTP/1.1" 200 12745 "-" "Mozilla/5.0 AppleWebKit/537.36 (KHTML, like Gecko; compatible; ClaudeBot/1.0; +claudebot@anthropic.com)"
74.7.227.46 - - [24/Mar/2026:12:15:32 +0000] "GET /buy.php?detail/02600387239745 HTTP/1.1" 403 192761 "https://inception-blue.com/buy.php?detail/02601961165282" "Mozilla/5.0 AppleWebKit/537.36 (KHTML, like Gecko; compatible; GPTBot/1.3; +https://openai.com/gptbot)"
216.73.216.60 - - [24/Mar/2026:12:15:36 +0000] "GET /product/172009613?dir=%2Fhome%2Finceptionblue%2Fpublic_html%2Fwp-content%2Fthemes%2Ftwentytwentyfour%2Fassets&read=%2Fhome%2Finceptionblue%2Fpublic_html%2Fwp-content%2Fthemes%2Ftwentytwentyfour%2Fassets%2FStatus429.php.php.tar.gz HTTP/1.1" 200 120282 "-" "Mozilla/5.0 AppleWebKit/537.36 (KHTML, like Gecko; compatible; ClaudeBot/1.0; +claudebot@anthropic.com)"
216.73.216.60 - - [24/Mar/2026:12:15:40 +0000] "GET /product/172009613?dir=%2Fhome%2Finceptionblue%2Fpublic_html%2Fwp-content%2Fthemes%2Ftwentytwentyfour%2Fassets&read=%2Fhome%2Finceptionblue%2Fpublic_html%2Fwp-content%2Fthemes%2Ftwentytwentyfour%2Fassets%2FStatus431.php.php.tar.gz HTTP/1.1" 200 120282 "-" "Mozilla/5.0 AppleWebKit/537.36 (KHTML, like Gecko; compatible; ClaudeBot/1.0; +claudebot@anthropic.com)"
216.73.216.60 - - [24/Mar/2026:12:15:44 +0000] "GET /product/'?dir=%2Fhome%2Finceptionblue%2Fpublic_html%2Fwp-includes%2Fimages&read=%2Fhome%2Finceptionblue%2Fpublic_html%2Fwp-includes%2Fimages%2Fwpspin.gif HTTP/1.1" 200 12329 "-" "Mozilla/5.0 AppleWebKit/537.36 (KHTML, like Gecko; compatible; ClaudeBot/1.0; +claudebot@anthropic.com)"
216.73.216.60 - - [24/Mar/2026:12:15:48 +0000] "GET /product/172009613?dir=%2Fhome%2Finceptionblue%2Fpublic_html%2Fwp-content%2Fthemes%2Ftwentytwentyfour%2Fassets&read=%2Fhome%2Finceptionblue%2Fpublic_html%2Fwp-content%2Fthemes%2Ftwentytwentyfour%2Fassets%2FStatus417.php.php.tar.gz HTTP/1.1" 200 120282 "-" "Mozilla/5.0 AppleWebKit/537.36 (KHTML, like Gecko; compatible; ClaudeBot/1.0; +claudebot@anthropic.com)"
192.178.6.10 - - [24/Mar/2026:12:15:50 +0000] "GET /?t=nvqse128cdwny35960xsrccpr HTTP/1.1" 200 398999 "-" "Mozilla/5.0 (Linux; Android 6.0.1; Nexus 5X Build/MMB29P) AppleWebKit/537.36 (KHTML, like Gecko) Chrome/145.0.7632.159 Mobile Safari/537.36 (compatible; Googlebot/2.1; +http://www.google.com/bot.html)"
192.178.6.10 - - [24/Mar/2026:12:15:51 +0000] "GET /2doriem-hkb0c4k5vq5v HTTP/1.1" 200 369246 "-" "Mozilla/5.0 (Linux; Android 6.0.1; Nexus 5X Build/MMB29P) AppleWebKit/537.36 (KHTML, like Gecko) Chrome/145.0.7632.159 Mobile Safari/537.36 (compatible; Googlebot/2.1; +http://www.google.com/bot.html)"
192.178.6.10 - - [24/Mar/2026:12:15:52 +0000] "GET /product/015046272 HTTP/1.1" 200 408496 "-" "Mozilla/5.0 (Linux; Android 6.0.1; Nexus 5X Build/MMB29P) AppleWebKit/537.36 (KHTML, like Gecko) Chrome/145.0.7632.159 Mobile Safari/537.36 (compatible; Googlebot/2.1; +http://www.google.com/bot.html)"
216.73.216.60 - - [24/Mar/2026:12:15:52 +0000] "GET /product/172009613?dir=%2Fhome%2Finceptionblue%2Fpublic_html%2Fwp-content%2Fthemes%2Ftwentytwentyfour%2Fassets&read=%2Fhome%2Finceptionblue%2Fpublic_html%2Fwp-content%2Fthemes%2Ftwentytwentyfour%2Fassets%2FStatus407.php.php.tar.gz HTTP/1.1" 200 120282 "-" "Mozilla/5.0 AppleWebKit/537.36 (KHTML, like Gecko; compatible; ClaudeBot/1.0; +claudebot@anthropic.com)"
216.73.216.60 - - [24/Mar/2026:12:15:56 +0000] "GET /product/172009613?dir=%2Fhome%2Finceptionblue%2Fpublic_html%2Fwp-content%2Fthemes%2Ftwentytwentyfour%2Fassets&read=%2Fhome%2Finceptionblue%2Fpublic_html%2Fwp-content%2Fthemes%2Ftwentytwentyfour%2Fassets%2FStatus428.php.php.tar.gz HTTP/1.1" 200 120282 "-" "Mozilla/5.0 AppleWebKit/537.36 (KHTML, like Gecko; compatible; ClaudeBot/1.0; +claudebot@anthropic.com)"
216.73.216.60 - - [24/Mar/2026:12:16:00 +0000] "GET /product/172009613?dir=%2Fhome%2Finceptionblue%2Fpublic_html%2Fwp-content%2Fthemes%2Ftwentytwentyfour%2Fassets&read=%2Fhome%2Finceptionblue%2Fpublic_html%2Fwp-content%2Fthemes%2Ftwentytwentyfour%2Fassets%2FStatus416.php.php.tar.gz HTTP/1.1" 200 120282 "-" "Mozilla/5.0 AppleWebKit/537.36 (KHTML, like Gecko; compatible; ClaudeBot/1.0; +claudebot@anthropic.com)"
216.73.216.60 - - [24/Mar/2026:12:16:04 +0000] "GET /product/138026129?dir=%2Fvar%2Flib%2Fnfs&read=%2Fvar%2Flib%2Fnfs%2Fetab HTTP/1.1" 200 119862 "-" "Mozilla/5.0 AppleWebKit/537.36 (KHTML, like Gecko; compatible; ClaudeBot/1.0; +claudebot@anthropic.com)"
216.73.216.60 - - [24/Mar/2026:12:16:08 +0000] "GET /product/172009613?dir=%2Fhome%2Finceptionblue%2Fpublic_html%2Fwp-content%2Fthemes%2Ftwentytwentyfour%2Fassets&read=%2Fhome%2Finceptionblue%2Fpublic_html%2Fwp-content%2Fthemes%2Ftwentytwentyfour%2Fassets%2Fwp-cron.php.php.tar.gz HTTP/1.1" 200 120278 "-" "Mozilla/5.0 AppleWebKit/537.36 (KHTML, like Gecko; compatible; ClaudeBot/1.0; +claudebot@anthropic.com)"
192.178.6.2 - - [24/Mar/2026:12:16:09 +0000] "GET /?f=wmqy220hpn35372nrxyomdwrh HTTP/1.1" 200 395768 "-" "Mozilla/5.0 (Linux; Android 6.0.1; Nexus 5X Build/MMB29P) AppleWebKit/537.36 (KHTML, like Gecko) Chrome/145.0.7632.159 Mobile Safari/537.36 (compatible; Googlebot/2.1; +http://www.google.com/bot.html)"
216.73.216.60 - - [24/Mar/2026:12:16:12 +0000] "GET /product/172009613?dir=%2Fhome%2Finceptionblue%2Fpublic_html%2Fwp-content%2Fthemes%2Ftwentytwentyfour%2Fassets&read=%2Fhome%2Finceptionblue%2Fpublic_html%2Fwp-content%2Fthemes%2Ftwentytwentyfour%2Fassets%2Fclass-wp-widget.php.tar HTTP/1.1" 200 140579 "-" "Mozilla/5.0 AppleWebKit/537.36 (KHTML, like Gecko; compatible; ClaudeBot/1.0; +claudebot@anthropic.com)"
216.73.216.60 - - [24/Mar/2026:12:16:15 +0000] "GET /product/038019023?dir=%2Fvar%2Flib%2Fcloud%2Finstances%2F382751213%2Fsem&read=%2Fvar%2Flib%2Fcloud%2Finstances%2F382751213%2Fsem%2Fconfig_yum_add_repo HTTP/1.1" 200 120141 "-" "Mozilla/5.0 AppleWebKit/537.36 (KHTML, like Gecko; compatible; ClaudeBot/1.0; +claudebot@anthropic.com)"
216.73.216.60 - - [24/Mar/2026:12:16:19 +0000] "GET /product/038019023?dir=%2Fvar%2Flib%2Fcloud%2Finstances%2F382751213%2Fsem&read=%2Fvar%2Flib%2Fcloud%2Finstances%2F382751213%2Fsem%2Fconfig_mcollective HTTP/1.1" 200 120139 "-" "Mozilla/5.0 AppleWebKit/537.36 (KHTML, like Gecko; compatible; ClaudeBot/1.0; +claudebot@anthropic.com)"
216.73.216.60 - - [24/Mar/2026:12:16:23 +0000] "GET /product/038019023?dir=%2Fvar%2Flib%2Fcloud%2Finstances%2F382751213%2Fsem&read=%2Fvar%2Flib%2Fcloud%2Finstances%2F382751213%2Fsem%2Fconfig_salt_minion HTTP/1.1" 200 120138 "-" "Mozilla/5.0 AppleWebKit/537.36 (KHTML, like Gecko; compatible; ClaudeBot/1.0; +claudebot@anthropic.com)"
216.73.216.60 - - [24/Mar/2026:12:16:27 +0000] "GET /product/038019023?dir=%2Fvar%2Flib%2Fcloud%2Finstances%2F382751213%2Fsem&read=%2Fvar%2Flib%2Fcloud%2Finstances%2F382751213%2Fsem%2Fconfig_phone_home HTTP/1.1" 200 120137 "-" "Mozilla/5.0 AppleWebKit/537.36 (KHTML, like Gecko; compatible; ClaudeBot/1.0; +claudebot@anthropic.com)"
216.73.216.60 - - [24/Mar/2026:12:16:32 +0000] "GET /lets-dive?dir=%2Fhome%2Finceptionblue%2Fpublic_html%2Fwp-includes%2FIXR%2FMH_configs_20260301022517&read=%2Fhome%2Finceptionblue%2Fpublic_html%2Fwp-includes%2FIXR%2FMH_configs_20260301022517%2F.htaccess HTTP/1.1" 200 12745 "-" "Mozilla/5.0 AppleWebKit/537.36 (KHTML, like Gecko; compatible; ClaudeBot/1.0; +claudebot@anthropic.com)"
74.7.227.46 - - [24/Mar/2026:12:16:35 +0000] "GET /buy.php?detail/21800364147971 HTTP/1.1" 403 192761 "https://inception-blue.com/buy.php?detail/21802520239468" "Mozilla/5.0 AppleWebKit/537.36 (KHTML, like Gecko; compatible; GPTBot/1.3; +https://openai.com/gptbot)"
216.73.216.60 - - [24/Mar/2026:12:16:35 +0000] "GET /product/172009613?dir=%2Fhome%2Finceptionblue%2Fpublic_html%2Fwp-content%2Fthemes%2Ftwentytwentyfour%2Fassets&read=%2Fhome%2Finceptionblue%2Fpublic_html%2Fwp-content%2Fthemes%2Ftwentytwentyfour%2Fassets%2Fxmlrpc.php.tar HTTP/1.1" 200 125735 "-" "Mozilla/5.0 AppleWebKit/537.36 (KHTML, like Gecko; compatible; ClaudeBot/1.0; +claudebot@anthropic.com)"
216.73.216.60 - - [24/Mar/2026:12:16:39 +0000] "GET /product/172009613?dir=%2Fhome%2Finceptionblue%2Fpublic_html%2Fwp-content%2Fthemes%2Ftwentytwentyfour%2Fassets&read=%2Fhome%2Finceptionblue%2Fpublic_html%2Fwp-content%2Fthemes%2Ftwentytwentyfour%2Fassets%2Frss.php.php.tar.gz HTTP/1.1" 200 120270 "-" "Mozilla/5.0 AppleWebKit/537.36 (KHTML, like Gecko; compatible; ClaudeBot/1.0; +claudebot@anthropic.com)"
192.178.6.1 - - [24/Mar/2026:12:16:42 +0000] "GET /?j=xcue59tzcu39689rmyqbphgr HTTP/1.1" 200 395534 "-" "Mozilla/5.0 (Linux; Android 6.0.1; Nexus 5X Build/MMB29P) AppleWebKit/537.36 (KHTML, like Gecko) Chrome/145.0.7632.159 Mobile Safari/537.36 (compatible; Googlebot/2.1; +http://www.google.com/bot.html)"
192.178.6.1 - - [24/Mar/2026:12:16:43 +0000] "GET /shopbrand/60072905.htm HTTP/1.1" 200 386850 "-" "Mozilla/5.0 (Linux; Android 6.0.1; Nexus 5X Build/MMB29P) AppleWebKit/537.36 (KHTML, like Gecko) Chrome/145.0.7632.159 Mobile Safari/537.36 (compatible; Googlebot/2.1; +http://www.google.com/bot.html)"
216.73.216.60 - - [24/Mar/2026:12:16:43 +0000] "GET /product/172009613?dir=%2Fhome%2Finceptionblue%2Fpublic_html%2Fwp-content%2Fthemes%2Ftwentytwentyfour%2Fassets&read=%2Fhome%2Finceptionblue%2Fpublic_html%2Fwp-content%2Fthemes%2Ftwentytwentyfour%2Fassets%2FStatus400.php.php.tar.gz HTTP/1.1" 200 120282 "-" "Mozilla/5.0 AppleWebKit/537.36 (KHTML, like Gecko; compatible; ClaudeBot/1.0; +claudebot@anthropic.com)"
192.178.6.10 - - [24/Mar/2026:12:16:44 +0000] "GET /?d=hdosj135ot23555ilzxvxdygp HTTP/1.1" 200 380698 "-" "Mozilla/5.0 (Linux; Android 6.0.1; Nexus 5X Build/MMB29P) AppleWebKit/537.36 (KHTML, like Gecko) Chrome/145.0.7632.159 Mobile Safari/537.36 (compatible; Googlebot/2.1; +http://www.google.com/bot.html)"
216.73.216.60 - - [24/Mar/2026:12:16:47 +0000] "GET /lets-dive?dir=%2Fhome%2Finceptionblue%2Fpublic_html%2Fwp-includes%2FIXR%2FMH_configs_20260301022510&read=%2Fhome%2Finceptionblue%2Fpublic_html%2Fwp-includes%2FIXR%2FMH_configs_20260301022510%2F.htaccess HTTP/1.1" 200 12745 "-" "Mozilla/5.0 AppleWebKit/537.36 (KHTML, like Gecko; compatible; ClaudeBot/1.0; +claudebot@anthropic.com)"
216.73.216.60 - - [24/Mar/2026:12:16:51 +0000] "GET /product/216002177?dir=%2Fvar%2Fcache%2Fdnf%2Fimunify360-rollout-8-9a4ccb8fe5c772f0%2Frepodata&read=%2Fvar%2Fcache%2Fdnf%2Fimunify360-rollout-8-9a4ccb8fe5c772f0%2Frepodata%2Frepomd.xml HTTP/1.1" 200 124127 "-" "Mozilla/5.0 AppleWebKit/537.36 (KHTML, like Gecko; compatible; ClaudeBot/1.0; +claudebot@anthropic.com)"
192.178.6.10 - - [24/Mar/2026:12:16:56 +0000] "GET /?jp/027047710.html HTTP/1.1" 200 395160 "-" "GoogleOther-Image/1.0"
216.73.216.60 - - [24/Mar/2026:12:16:57 +0000] "GET /lets-dive?dir=%2Fhome%2Finceptionblue%2Fpublic_html%2Fwp-includes%2Fcss%2Fdist%2Fbase-styles&read=%2Fhome%2Finceptionblue%2Fpublic_html%2Fwp-includes%2Fcss%2Fdist%2Fbase-styles%2Fadmin-schemes.css HTTP/1.1" 200 16483 "-" "Mozilla/5.0 AppleWebKit/537.36 (KHTML, like Gecko; compatible; ClaudeBot/1.0; +claudebot@anthropic.com)"
216.73.216.60 - - [24/Mar/2026:12:16:59 +0000] "GET /product/138010947?dir=%2Frun%2Fudev%2Fdata&read=%2Frun%2Fudev%2Fdata%2Fn3 HTTP/1.1" 200 120357 "-" "Mozilla/5.0 AppleWebKit/537.36 (KHTML, like Gecko; compatible; ClaudeBot/1.0; +claudebot@anthropic.com)"
216.73.216.60 - - [24/Mar/2026:12:17:03 +0000] "GET /lets-dive?dir=%2Fhome%2Finceptionblue%2Fpublic_html%2Fwp-admin%2Fincludes&read=%2Fhome%2Finceptionblue%2Fpublic_html%2Fwp-admin%2Fincludes%2Fclass-wp-privacy-policy-content.php HTTP/1.1" 200 46860 "-" "Mozilla/5.0 AppleWebKit/537.36 (KHTML, like Gecko; compatible; ClaudeBot/1.0; +claudebot@anthropic.com)"
216.73.216.60 - - [24/Mar/2026:12:17:07 +0000] "GET /product/024022087?dir=%2Frun%2Fudev%2Fdata&read=%2Frun%2Fudev%2Fdata%2Fc202%3A0 HTTP/1.1" 200 119882 "-" "Mozilla/5.0 AppleWebKit/537.36 (KHTML, like Gecko; compatible; ClaudeBot/1.0; +claudebot@anthropic.com)"
216.73.216.60 - - [24/Mar/2026:12:17:11 +0000] "GET /product/138010947?dir=%2Frun%2Fudev%2Ftags%2Fsystemd HTTP/1.1" 200 142010 "-" "Mozilla/5.0 AppleWebKit/537.36 (KHTML, like Gecko; compatible; ClaudeBot/1.0; +claudebot@anthropic.com)"
216.73.216.60 - - [24/Mar/2026:12:17:15 +0000] "GET /product/038019023?dir=%2Frun%2Finitramfs%2Fstate%2Fvar%2Flib HTTP/1.1" 200 124747 "-" "Mozilla/5.0 AppleWebKit/537.36 (KHTML, like Gecko; compatible; ClaudeBot/1.0; +claudebot@anthropic.com)"
192.178.6.10 - - [24/Mar/2026:12:17:17 +0000] "GET /?l=igb281cwg13723lnuykhddr HTTP/1.1" 200 406163 "-" "Mozilla/5.0 (Linux; Android 6.0.1; Nexus 5X Build/MMB29P) AppleWebKit/537.36 (KHTML, like Gecko) Chrome/145.0.7632.159 Mobile Safari/537.36 (compatible; Googlebot/2.1; +http://www.google.com/bot.html)"
216.73.216.60 - - [24/Mar/2026:12:17:19 +0000] "GET /product/037008832?dir=%2Fvar%2Fcache%2Fapp-info%2Ficons HTTP/1.1" 200 123250 "-" "Mozilla/5.0 AppleWebKit/537.36 (KHTML, like Gecko; compatible; ClaudeBot/1.0; +claudebot@anthropic.com)"
216.73.216.60 - - [24/Mar/2026:12:17:23 +0000] "GET /lets-dive?dir=%2Fhome%2Finceptionblue%2Fpublic_html%2Fwp-includes%2Fcss%2Fdist%2Fformat-library&read=%2Fhome%2Finceptionblue%2Fpublic_html%2Fwp-includes%2Fcss%2Fdist%2Fformat-library%2Fstyle.min.css HTTP/1.1" 200 13243 "-" "Mozilla/5.0 AppleWebKit/537.36 (KHTML, like Gecko; compatible; ClaudeBot/1.0; +claudebot@anthropic.com)"
216.73.216.60 - - [24/Mar/2026:12:17:25 +0000] "GET /product/260024707?dir=%2Fhome%2Finceptionblue%2Fpublic_html%2Fwp-content%2Fthemes%2Ftwentytwentyfour%2Fassets&read=%2Fhome%2Finceptionblue%2Fpublic_html%2Fwp-content%2Fthemes%2Ftwentytwentyfour%2Fassets%2Fdovecot.index.cache.tar HTTP/1.1" 200 120279 "-" "Mozilla/5.0 AppleWebKit/537.36 (KHTML, like Gecko; compatible; ClaudeBot/1.0; +claudebot@anthropic.com)"
216.73.216.60 - - [24/Mar/2026:12:17:29 +0000] "GET /product/260024707?dir=%2Fhome%2Finceptionblue%2Fpublic_html%2Fwp-content%2Fthemes%2Ftwentytwentyfour%2Fassets&read=%2Fhome%2Finceptionblue%2Fpublic_html%2Fwp-content%2Fthemes%2Ftwentytwentyfour%2Fassets%2Fastra.tar HTTP/1.1" 200 120252 "-" "Mozilla/5.0 AppleWebKit/537.36 (KHTML, like Gecko; compatible; ClaudeBot/1.0; +claudebot@anthropic.com)"
192.178.6.1 - - [24/Mar/2026:12:17:34 +0000] "GET /?r=nfwn192q23556mcdhca HTTP/1.1" 200 387811 "-" "Mozilla/5.0 (Linux; Android 6.0.1; Nexus 5X Build/MMB29P) AppleWebKit/537.36 (KHTML, like Gecko) Chrome/145.0.7632.159 Mobile Safari/537.36 (compatible; Googlebot/2.1; +http://www.google.com/bot.html)"
216.73.216.60 - - [24/Mar/2026:12:17:33 +0000] "GET /product/260024707?dir=%2Fhome%2Finceptionblue%2Fpublic_html%2Fwp-content%2Fthemes%2Ftwentytwentyfour%2Fassets&read=%2Fhome%2Finceptionblue%2Fpublic_html%2Fwp-content%2Fthemes%2Ftwentytwentyfour%2Fassets%2Fssl.tar HTTP/1.1" 200 9427 "-" "Mozilla/5.0 AppleWebKit/537.36 (KHTML, like Gecko; compatible; ClaudeBot/1.0; +claudebot@anthropic.com)"
192.178.6.1 - - [24/Mar/2026:12:17:35 +0000] "GET /mro-tonton-to0625038502 HTTP/1.1" 200 367340 "-" "Mozilla/5.0 (Linux; Android 6.0.1; Nexus 5X Build/MMB29P) AppleWebKit/537.36 (KHTML, like Gecko) Chrome/145.0.7632.159 Mobile Safari/537.36 (compatible; Googlebot/2.1; +http://www.google.com/bot.html)"
216.73.216.60 - - [24/Mar/2026:12:17:37 +0000] "GET /product/260024707?dir=%2Fhome%2Finceptionblue%2Fpublic_html%2Fwp-content%2Fthemes%2Ftwentytwentyfour%2Fassets&read=%2Fhome%2Finceptionblue%2Fpublic_html%2Fwp-content%2Fthemes%2Ftwentytwentyfour%2Fassets%2Fmouse.js.tar HTTP/1.1" 200 128801 "-" "Mozilla/5.0 AppleWebKit/537.36 (KHTML, like Gecko; compatible; ClaudeBot/1.0; +claudebot@anthropic.com)"
74.7.227.46 - - [24/Mar/2026:12:17:37 +0000] "GET /buy.php?detail/05302419791458 HTTP/1.1" 403 192761 "https://inception-blue.com/buy.php?detail/24500258227054" "Mozilla/5.0 AppleWebKit/537.36 (KHTML, like Gecko; compatible; GPTBot/1.3; +https://openai.com/gptbot)"
216.73.216.60 - - [24/Mar/2026:12:17:41 +0000] "GET /product/260024707?dir=%2Fhome%2Finceptionblue%2Fpublic_html%2Fwp-content%2Fthemes%2Ftwentytwentyfour%2Fassets&read=%2Fhome%2Finceptionblue%2Fpublic_html%2Fwp-content%2Fthemes%2Ftwentytwentyfour%2Fassets%2Fcustomize-views.js.tar HTTP/1.1" 200 127446 "-" "Mozilla/5.0 AppleWebKit/537.36 (KHTML, like Gecko; compatible; ClaudeBot/1.0; +claudebot@anthropic.com)"
216.73.216.60 - - [24/Mar/2026:12:17:45 +0000] "GET /product/260024707?dir=%2Fhome%2Finceptionblue%2Fpublic_html%2Fwp-content%2Fthemes%2Ftwentytwentyfour%2Fassets&read=%2Fhome%2Finceptionblue%2Fpublic_html%2Fwp-content%2Fthemes%2Ftwentytwentyfour%2Fassets%2Fwp-includes.tar.gz HTTP/1.1" 200 120270 "-" "Mozilla/5.0 AppleWebKit/537.36 (KHTML, like Gecko; compatible; ClaudeBot/1.0; +claudebot@anthropic.com)"
216.73.216.60 - - [24/Mar/2026:12:17:49 +0000] "GET /product/260024707?dir=%2Fhome%2Finceptionblue%2Fpublic_html%2Fwp-content%2Fthemes%2Ftwentytwentyfour%2Fassets&read=%2Fhome%2Finceptionblue%2Fpublic_html%2Fwp-content%2Fthemes%2Ftwentytwentyfour%2Fassets%2Fwarning.js.tar HTTP/1.1" 200 123902 "-" "Mozilla/5.0 AppleWebKit/537.36 (KHTML, like Gecko; compatible; ClaudeBot/1.0; +claudebot@anthropic.com)"
216.73.216.60 - - [24/Mar/2026:12:17:53 +0000] "GET /product/260024707?dir=%2Fhome%2Finceptionblue%2Fpublic_html%2Fwp-content%2Fthemes%2Ftwentytwentyfour%2Fassets&read=%2Fhome%2Finceptionblue%2Fpublic_html%2Fwp-content%2Fthemes%2Ftwentytwentyfour%2Fassets%2FText.tar.gz HTTP/1.1" 200 120256 "-" "Mozilla/5.0 AppleWebKit/537.36 (KHTML, like Gecko; compatible; ClaudeBot/1.0; +claudebot@anthropic.com)"
216.73.216.60 - - [24/Mar/2026:12:17:56 +0000] "GET /index.php?dir=%2Fhome%2Finceptionblue%2Fpublic_html%2Fwp-includes%2Fblocks%2Fnavigation&read=%2Fhome%2Finceptionblue%2Fpublic_html%2Fwp-includes%2Fblocks%2Fnavigation%2Fstyle.css HTTP/1.1" 200 30547 "-" "Mozilla/5.0 AppleWebKit/537.36 (KHTML, like Gecko; compatible; ClaudeBot/1.0; +claudebot@anthropic.com)"
216.73.216.60 - - [24/Mar/2026:12:18:00 +0000] "GET /product/038019023?dir=%2Fhome%2Finceptionblue%2Fpublic_html%2Fwp-content%2Fplugins%2Fwordpress-seo%2Fsrc%2Fintroductions%2Finfrastructure HTTP/1.1" 200 128445 "-" "Mozilla/5.0 AppleWebKit/537.36 (KHTML, like Gecko; compatible; ClaudeBot/1.0; +claudebot@anthropic.com)"
216.73.216.60 - - [24/Mar/2026:12:18:04 +0000] "GET /product/037008832?dir=%2Fhome%2Finceptionblue%2Fpublic_html%2Fwp-content%2Fplugins%2Fwordpress-seo%2Fsrc%2Fpresenters HTTP/1.1" 200 160525 "-" "Mozilla/5.0 AppleWebKit/537.36 (KHTML, like Gecko; compatible; ClaudeBot/1.0; +claudebot@anthropic.com)"
216.73.216.60 - - [24/Mar/2026:12:18:08 +0000] "GET /lets-dive?dir=%2Fhome%2Finceptionblue%2Fpublic_html%2Fwp-content%2Fplugins%2Fastra-sites%2Finc%2Flib HTTP/1.1" 200 27892 "-" "Mozilla/5.0 AppleWebKit/537.36 (KHTML, like Gecko; compatible; ClaudeBot/1.0; +claudebot@anthropic.com)"
192.178.6.1 - - [24/Mar/2026:12:18:08 +0000] "GET /?detail/12103974464012 HTTP/1.1" 200 405992 "-" "Mozilla/5.0 (Linux; Android 6.0.1; Nexus 5X Build/MMB29P) AppleWebKit/537.36 (KHTML, like Gecko) Chrome/145.0.7632.159 Mobile Safari/537.36 (compatible; Googlebot/2.1; +http://www.google.com/bot.html)"
192.178.6.1 - - [24/Mar/2026:12:18:09 +0000] "GET /?s=nudc222jsbs19084gugslayktp HTTP/1.1" 200 366013 "-" "Mozilla/5.0 (Linux; Android 6.0.1; Nexus 5X Build/MMB29P) AppleWebKit/537.36 (KHTML, like Gecko) Chrome/145.0.7632.159 Mobile Safari/537.36 (compatible; Googlebot/2.1; +http://www.google.com/bot.html)"
