54.147.238.89 - - [24/Mar/2026:12:39:49 +0000] "GET /logined/?dir=/home/inceptionblue/public_html/wp-content/themes/astra/inc/customizer/configurations/builder/header/configs&read=/home/inceptionblue/public_html/wp-content/themes/astra/inc/customizer/configurations/builder/header/configs/mobile-trigger.php HTTP/1.1" 200 144247 "-" "Mozilla/5.0 AppleWebKit/537.36 (KHTML, like Gecko; compatible; Amazonbot/0.1; +https://developer.amazon.com/support/amazonbot) Chrome/119.0.6045.214 Safari/537.36"
216.73.216.60 - - [24/Mar/2026:12:39:49 +0000] "GET /product/038019023?dir=%2Fvar%2Flib%2Fspamassassin%2F4.000001%2Fupdates_spamassassin_org&read=%2Fvar%2Flib%2Fspamassassin%2F4.000001%2Fupdates_spamassassin_org%2F20_phrases.cf HTTP/1.1" 200 128406 "-" "Mozilla/5.0 AppleWebKit/537.36 (KHTML, like Gecko; compatible; ClaudeBot/1.0; +claudebot@anthropic.com)"
3.89.176.255 - - [24/Mar/2026:12:39:51 +0000] "GET /2024/04/01/hello-world/?dir=/home/inceptionblue/tmp/webalizer&read=/home/inceptionblue/tmp/webalizer/daily_usage_202412.png HTTP/1.1" 200 138941 "-" "Mozilla/5.0 AppleWebKit/537.36 (KHTML, like Gecko; compatible; Amazonbot/0.1; +https://developer.amazon.com/support/amazonbot) Chrome/119.0.6045.214 Safari/537.36"
192.178.6.1 - - [24/Mar/2026:12:39:51 +0000] "GET /1142519437 HTTP/1.1" 200 383540 "-" "GoogleOther-Image/1.0"
216.73.216.60 - - [24/Mar/2026:12:39:52 +0000] "GET /product/229049998?dir=%2Fvar%2Fcache%2Fkcare%2Fpatches%2Fnone-dcef1ea2d18c1b8ad5670d938c725adaee8ecb4a-89-free&read=%2Fvar%2Fcache%2Fkcare%2Fpatches%2Fnone-dcef1ea2d18c1b8ad5670d938c725adaee8ecb4a-89-free%2Fkpatch.free.info HTTP/1.1" 200 120685 "-" "Mozilla/5.0 AppleWebKit/537.36 (KHTML, like Gecko; compatible; ClaudeBot/1.0; +claudebot@anthropic.com)"
216.73.216.60 - - [24/Mar/2026:12:39:55 +0000] "GET /product/229049998?dir=%2Fvar%2Fcache%2Fkcare%2Fpatches%2Fnone-dcef1ea2d18c1b8ad5670d938c725adaee8ecb4a-92-free&read=%2Fvar%2Fcache%2Fkcare%2Fpatches%2Fnone-dcef1ea2d18c1b8ad5670d938c725adaee8ecb4a-92-free%2Fkpatch.free.info HTTP/1.1" 200 120685 "-" "Mozilla/5.0 AppleWebKit/537.36 (KHTML, like Gecko; compatible; ClaudeBot/1.0; +claudebot@anthropic.com)"
52.6.232.201 - - [24/Mar/2026:12:39:57 +0000] "GET /logined/?dir=/home/inceptionblue/public_html/wp-content/themes/astra/inc/addons/heading-colors&read=/home/inceptionblue/public_html/wp-content/themes/astra/inc/addons/heading-colors/class-astra-heading-colors.php HTTP/1.1" 200 131057 "-" "Mozilla/5.0 AppleWebKit/537.36 (KHTML, like Gecko; compatible; Amazonbot/0.1; +https://developer.amazon.com/support/amazonbot) Chrome/119.0.6045.214 Safari/537.36"
216.73.216.60 - - [24/Mar/2026:12:39:58 +0000] "GET /product/038019023?dir=%2Fvar%2Flib%2Fspamassassin%2F4.000001%2Fupdates_spamassassin_org&read=%2Fvar%2Flib%2Fspamassassin%2F4.000001%2Fupdates_spamassassin_org%2F25_asn.cf HTTP/1.1" 200 122208 "-" "Mozilla/5.0 AppleWebKit/537.36 (KHTML, like Gecko; compatible; ClaudeBot/1.0; +claudebot@anthropic.com)"
184.72.95.195 - - [24/Mar/2026:12:40:00 +0000] "GET /author/scott/?dir=/home/inceptionblue/public_html/wp-includes/block-supports&read=/home/inceptionblue/public_html/wp-includes/block-supports/error_log HTTP/1.1" 200 232150 "-" "Mozilla/5.0 AppleWebKit/537.36 (KHTML, like Gecko; compatible; Amazonbot/0.1; +https://developer.amazon.com/support/amazonbot) Chrome/119.0.6045.214 Safari/537.36"
216.73.216.60 - - [24/Mar/2026:12:40:01 +0000] "GET /product/229049998?dir=%2Fvar%2Fcache%2Fkcare%2Fpatches%2Fnone-dcef1ea2d18c1b8ad5670d938c725adaee8ecb4a-89-free&read=%2Fvar%2Fcache%2Fkcare%2Fpatches%2Fnone-dcef1ea2d18c1b8ad5670d938c725adaee8ecb4a-89-free%2Frelease.content.json HTTP/1.1" 200 514601 "-" "Mozilla/5.0 AppleWebKit/537.36 (KHTML, like Gecko; compatible; ClaudeBot/1.0; +claudebot@anthropic.com)"
18.233.24.238 - - [24/Mar/2026:12:40:04 +0000] "GET /author/scott/?dir=/home/inceptionblue/public_html/wp-includes/block-supports&read=/home/inceptionblue/public_html/wp-includes/block-supports/duotone.php HTTP/1.1" 200 135587 "-" "Mozilla/5.0 AppleWebKit/537.36 (KHTML, like Gecko; compatible; Amazonbot/0.1; +https://developer.amazon.com/support/amazonbot) Chrome/119.0.6045.214 Safari/537.36"
216.73.216.60 - - [24/Mar/2026:12:40:04 +0000] "GET /product/229049998?dir=%2Fvar%2Fcache%2Fkcare%2Fpatches%2Fnone-dcef1ea2d18c1b8ad5670d938c725adaee8ecb4a-92-free&read=%2Fvar%2Fcache%2Fkcare%2Fpatches%2Fnone-dcef1ea2d18c1b8ad5670d938c725adaee8ecb4a-92-free%2Frelease.content.json HTTP/1.1" 200 518599 "-" "Mozilla/5.0 AppleWebKit/537.36 (KHTML, like Gecko; compatible; ClaudeBot/1.0; +claudebot@anthropic.com)"
216.73.216.60 - - [24/Mar/2026:12:40:07 +0000] "GET /product/024022087?dir=%2Fvar%2Flib%2Fspamassassin%2F4.000001%2Fupdates_spamassassin_org&read=%2Fvar%2Flib%2Fspamassassin%2F4.000001%2Fupdates_spamassassin_org%2F25_antivirus.cf HTTP/1.1" 200 121784 "-" "Mozilla/5.0 AppleWebKit/537.36 (KHTML, like Gecko; compatible; ClaudeBot/1.0; +claudebot@anthropic.com)"
3.217.171.106 - - [24/Mar/2026:12:40:08 +0000] "GET /2024/04/01/hello-world/?dir=/home/inceptionblue/public_html/wp-content/themes/twentytwentyfive&read=/home/inceptionblue/public_html/wp-content/themes/twentytwentyfive/screenshot.png HTTP/1.1" 200 139250 "-" "Mozilla/5.0 AppleWebKit/537.36 (KHTML, like Gecko; compatible; Amazonbot/0.1; +https://developer.amazon.com/support/amazonbot) Chrome/119.0.6045.214 Safari/537.36"
216.73.216.60 - - [24/Mar/2026:12:40:10 +0000] "GET /product/260024707?dir=%2Fhome%2Finceptionblue%2Fmail%2Fcur&read=%2Fhome%2Finceptionblue%2Fmail%2Fcur%2F1765661797.M882514P2676355.server.isorus.org%2CS%3D5148%2CW%3D5253%3A2%2Ca HTTP/1.1" 200 125291 "-" "Mozilla/5.0 AppleWebKit/537.36 (KHTML, like Gecko; compatible; ClaudeBot/1.0; +claudebot@anthropic.com)"
216.73.216.60 - - [24/Mar/2026:12:40:13 +0000] "GET /product/038019023?dir=%2Fvar%2Flib%2Fspamassassin%2F4.000001%2Fupdates_spamassassin_org&read=%2Fvar%2Flib%2Fspamassassin%2F4.000001%2Fupdates_spamassassin_org%2F20_body_tests.cf HTTP/1.1" 200 127470 "-" "Mozilla/5.0 AppleWebKit/537.36 (KHTML, like Gecko; compatible; ClaudeBot/1.0; +claudebot@anthropic.com)"
216.73.216.60 - - [24/Mar/2026:12:40:16 +0000] "GET /product/229049998?dir=%2Fhome%2Finceptionblue%2Fmail%2Fnew&read=%2Fhome%2Finceptionblue%2Fmail%2Fnew%2F1727806751.M702588P2548202.server.isorus.org%2CS%3D52479%2CW%3D53449 HTTP/1.1" 200 175332 "-" "Mozilla/5.0 AppleWebKit/537.36 (KHTML, like Gecko; compatible; ClaudeBot/1.0; +claudebot@anthropic.com)"
216.73.216.60 - - [24/Mar/2026:12:40:19 +0000] "GET /product/024022087?dir=%2Fvar%2Flib%2Fspamassassin%2F4.000001%2Fupdates_spamassassin_org&read=%2Fvar%2Flib%2Fspamassassin%2F4.000001%2Fupdates_spamassassin_org%2F25_uribl.cf HTTP/1.1" 200 140248 "-" "Mozilla/5.0 AppleWebKit/537.36 (KHTML, like Gecko; compatible; ClaudeBot/1.0; +claudebot@anthropic.com)"
216.73.216.60 - - [24/Mar/2026:12:40:22 +0000] "GET /product/172009613?dir=%2Fhome%2Finceptionblue%2Fpublic_html%2Fwp-content%2Fthemes%2Ftwentytwentyfour%2Fassets%2Ffonts%2Fjost&read=%2Fhome%2Finceptionblue%2Fpublic_html%2Fwp-content%2Fthemes%2Ftwentytwentyfour%2Fassets%2Ffonts%2Fjost%2FOFL.txt HTTP/1.1" 200 124801 "-" "Mozilla/5.0 AppleWebKit/537.36 (KHTML, like Gecko; compatible; ClaudeBot/1.0; +claudebot@anthropic.com)"
216.73.216.60 - - [24/Mar/2026:12:40:25 +0000] "GET /product/260024707?dir=%2Fhome%2Finceptionblue%2Fmail%2Fcur&read=%2Fhome%2Finceptionblue%2Fmail%2Fcur%2F1767314002.M220829P995022.server.isorus.org%2CS%3D4626%2CW%3D4725%3A2%2Ca HTTP/1.1" 200 124767 "-" "Mozilla/5.0 AppleWebKit/537.36 (KHTML, like Gecko; compatible; ClaudeBot/1.0; +claudebot@anthropic.com)"
216.73.216.60 - - [24/Mar/2026:12:40:28 +0000] "GET /product/138010947?dir=%2Fhome%2Finceptionblue%2Fmail%2Fnew&read=%2Fhome%2Finceptionblue%2Fmail%2Fnew%2F1744597865.M301751P2629164.server.isorus.org%2CS%3D4526%2CW%3D4628 HTTP/1.1" 200 124673 "-" "Mozilla/5.0 AppleWebKit/537.36 (KHTML, like Gecko; compatible; ClaudeBot/1.0; +claudebot@anthropic.com)"
192.178.6.2 - - [24/Mar/2026:12:40:34 +0000] "GET /shopbrand/3179095070.htm HTTP/1.1" 200 409114 "-" "Mozilla/5.0 (Linux; Android 6.0.1; Nexus 5X Build/MMB29P) AppleWebKit/537.36 (KHTML, like Gecko) Chrome/145.0.7632.159 Mobile Safari/537.36 (compatible; Googlebot/2.1; +http://www.google.com/bot.html)"
216.73.216.60 - - [24/Mar/2026:12:40:35 +0000] "GET /product/245030170?dir=%2Fhome%2Finceptionblue%2Ftmp%2Fwebalizer%2Fssl%2Finception-blue.com&read=%2Fhome%2Finceptionblue%2Ftmp%2Fwebalizer%2Fssl%2Finception-blue.com%2Fhourly_usage_202412.png HTTP/1.1" 200 120147 "-" "Mozilla/5.0 AppleWebKit/537.36 (KHTML, like Gecko; compatible; ClaudeBot/1.0; +claudebot@anthropic.com)"
216.73.216.60 - - [24/Mar/2026:12:40:38 +0000] "GET /product/229049998?dir=%2Fhome%2Finceptionblue%2Fpublic_html%2Fwp-content%2Fthemes%2Fastra%2Finc%2Fmetabox%2Fextend-metabox%2Fbuild HTTP/1.1" 200 126470 "-" "Mozilla/5.0 AppleWebKit/537.36 (KHTML, like Gecko; compatible; ClaudeBot/1.0; +claudebot@anthropic.com)"
216.73.216.60 - - [24/Mar/2026:12:40:44 +0000] "GET /product/245030170?dir=%2Fhome%2Finceptionblue%2Ftmp%2Fwebalizer%2Fssl%2Finception-blue.com&read=%2Fhome%2Finceptionblue%2Ftmp%2Fwebalizer%2Fssl%2Finception-blue.com%2Fhourly_usage_202507.png HTTP/1.1" 200 120147 "-" "Mozilla/5.0 AppleWebKit/537.36 (KHTML, like Gecko; compatible; ClaudeBot/1.0; +claudebot@anthropic.com)"
74.7.227.46 - - [24/Mar/2026:12:40:44 +0000] "GET /buy.php?detail/12301958402963 HTTP/1.1" 403 192761 "https://inception-blue.com/buy.php?detail/21104220347914" "Mozilla/5.0 AppleWebKit/537.36 (KHTML, like Gecko; compatible; GPTBot/1.3; +https://openai.com/gptbot)"
216.73.216.60 - - [24/Mar/2026:12:40:47 +0000] "GET /product/037008832?dir=%2Fvar%2Fcache%2Fkcare%2Fpatches%2Fnone-dcef1ea2d18c1b8ad5670d938c725adaee8ecb4a-92-free HTTP/1.1" 200 134135 "-" "Mozilla/5.0 AppleWebKit/537.36 (KHTML, like Gecko; compatible; ClaudeBot/1.0; +claudebot@anthropic.com)"
192.178.6.1 - - [24/Mar/2026:12:40:51 +0000] "GET /?z=cjzaj178kdy31074ivzaejuj HTTP/1.1" 200 401512 "-" "Mozilla/5.0 (Linux; Android 6.0.1; Nexus 5X Build/MMB29P) AppleWebKit/537.36 (KHTML, like Gecko) Chrome/145.0.7632.159 Mobile Safari/537.36 (compatible; Googlebot/2.1; +http://www.google.com/bot.html)"
192.178.6.10 - - [24/Mar/2026:12:40:52 +0000] "GET /?goods/061001590 HTTP/1.1" 200 400831 "-" "Mozilla/5.0 (Linux; Android 6.0.1; Nexus 5X Build/MMB29P) AppleWebKit/537.36 (KHTML, like Gecko) Chrome/145.0.7632.159 Mobile Safari/537.36 (compatible; Googlebot/2.1; +http://www.google.com/bot.html)"
192.178.6.10 - - [24/Mar/2026:12:40:54 +0000] "GET /?detail/00700223918484 HTTP/1.1" 200 393011 "-" "Mozilla/5.0 (Linux; Android 6.0.1; Nexus 5X Build/MMB29P) AppleWebKit/537.36 (KHTML, like Gecko) Chrome/145.0.7632.159 Mobile Safari/537.36 (compatible; Googlebot/2.1; +http://www.google.com/bot.html)"
192.178.6.10 - - [24/Mar/2026:12:40:55 +0000] "GET /?b=jfh106inhbo17154thbxisa HTTP/1.1" 200 382832 "-" "Mozilla/5.0 (Linux; Android 6.0.1; Nexus 5X Build/MMB29P) AppleWebKit/537.36 (KHTML, like Gecko) Chrome/145.0.7632.159 Mobile Safari/537.36 (compatible; Googlebot/2.1; +http://www.google.com/bot.html)"
192.178.6.1 - - [24/Mar/2026:12:40:56 +0000] "GET /?detail/1410291922927 HTTP/1.1" 200 410049 "-" "Mozilla/5.0 (Linux; Android 6.0.1; Nexus 5X Build/MMB29P) AppleWebKit/537.36 (KHTML, like Gecko) Chrome/145.0.7632.159 Mobile Safari/537.36 (compatible; Googlebot/2.1; +http://www.google.com/bot.html)"
216.73.216.60 - - [24/Mar/2026:12:41:05 +0000] "GET /product/229049998?dir=%2Fvar%2Flib%2Fspamassassin%2Fcompiled%2F5.036%2F4.000001%2Fauto%2FMail%2FSpamAssassin HTTP/1.1" 200 125847 "-" "Mozilla/5.0 AppleWebKit/537.36 (KHTML, like Gecko; compatible; ClaudeBot/1.0; +claudebot@anthropic.com)"
216.73.216.60 - - [24/Mar/2026:12:41:08 +0000] "GET /product/229049998?dir=%2Fhome%2Finceptionblue%2Fpublic_html%2Fwp-content%2Fthemes%2Fastra%2Finc%2Fmetabox%2Fextend-metabox%2Fcss HTTP/1.1" 200 127906 "-" "Mozilla/5.0 AppleWebKit/537.36 (KHTML, like Gecko; compatible; ClaudeBot/1.0; +claudebot@anthropic.com)"
192.178.6.10 - - [24/Mar/2026:12:41:13 +0000] "GET /?x=vizf120egnu5422zxbvxr HTTP/1.1" 200 389050 "-" "Mozilla/5.0 (Linux; Android 6.0.1; Nexus 5X Build/MMB29P) AppleWebKit/537.36 (KHTML, like Gecko) Chrome/145.0.7632.159 Mobile Safari/537.36 (compatible; Googlebot/2.1; +http://www.google.com/bot.html)"
192.178.6.1 - - [24/Mar/2026:12:41:14 +0000] "GET /?detail/29800867203245 HTTP/1.1" 200 403131 "-" "Mozilla/5.0 (Linux; Android 6.0.1; Nexus 5X Build/MMB29P) AppleWebKit/537.36 (KHTML, like Gecko) Chrome/145.0.7632.159 Mobile Safari/537.36 (compatible; Googlebot/2.1; +http://www.google.com/bot.html)"
192.178.6.1 - - [24/Mar/2026:12:41:15 +0000] "GET /?jp/244008678.html HTTP/1.1" 200 385161 "-" "Mozilla/5.0 (Linux; Android 6.0.1; Nexus 5X Build/MMB29P) AppleWebKit/537.36 (KHTML, like Gecko) Chrome/145.0.7632.159 Mobile Safari/537.36 (compatible; Googlebot/2.1; +http://www.google.com/bot.html)"
216.73.216.60 - - [24/Mar/2026:12:41:15 +0000] "GET /product/245030170?dir=%2Fhome%2Finceptionblue%2Ftmp%2Fwebalizer%2Fssl%2Finception-blue.com&read=%2Fhome%2Finceptionblue%2Ftmp%2Fwebalizer%2Fssl%2Finception-blue.com%2Fctry_usage_202508.png HTTP/1.1" 200 120143 "-" "Mozilla/5.0 AppleWebKit/537.36 (KHTML, like Gecko; compatible; ClaudeBot/1.0; +claudebot@anthropic.com)"
192.178.6.1 - - [24/Mar/2026:12:41:16 +0000] "GET /1159927286 HTTP/1.1" 200 384316 "-" "Mozilla/5.0 (Linux; Android 6.0.1; Nexus 5X Build/MMB29P) AppleWebKit/537.36 (KHTML, like Gecko) Chrome/145.0.7632.159 Mobile Safari/537.36 (compatible; Googlebot/2.1; +http://www.google.com/bot.html)"
216.73.216.60 - - [24/Mar/2026:12:41:19 +0000] "GET /product/229049998?dir=%2Fhome%2Finceptionblue%2Fpublic_html%2Fwp-includes%2Fjs%2Fdist%2Fvendor&read=%2Fhome%2Finceptionblue%2Fpublic_html%2Fwp-includes%2Fjs%2Fdist%2Fvendor%2Fmoment.min.js HTTP/1.1" 200 190690 "-" "Mozilla/5.0 AppleWebKit/537.36 (KHTML, like Gecko; compatible; ClaudeBot/1.0; +claudebot@anthropic.com)"
192.178.6.10 - - [24/Mar/2026:12:41:28 +0000] "GET /?goods/196012467 HTTP/1.1" 200 388489 "-" "Mozilla/5.0 (Linux; Android 6.0.1; Nexus 5X Build/MMB29P) AppleWebKit/537.36 (KHTML, like Gecko) Chrome/145.0.7632.159 Mobile Safari/537.36 (compatible; Googlebot/2.1; +http://www.google.com/bot.html)"
192.178.6.1 - - [24/Mar/2026:12:41:31 +0000] "GET /?h=bkup213c27591qksztacsin HTTP/1.1" 200 403571 "-" "Mozilla/5.0 (Linux; Android 6.0.1; Nexus 5X Build/MMB29P) AppleWebKit/537.36 (KHTML, like Gecko) Chrome/145.0.7632.159 Mobile Safari/537.36 (compatible; Googlebot/2.1; +http://www.google.com/bot.html)"
142.44.228.223 - - [24/Mar/2026:12:41:40 +0000] "GET /shopbrand/81111685.htm HTTP/1.1" 200 192761 "-" "Mozilla/5.0 (compatible; AhrefsBot/7.0; +http://ahrefs.com/robot/)"
192.178.6.1 - - [24/Mar/2026:12:41:41 +0000] "GET /?v=jhgu222msk7660krhygn HTTP/1.1" 200 365995 "-" "GoogleOther-Image/1.0"
74.7.227.46 - - [24/Mar/2026:12:41:46 +0000] "GET /buy.php?detail/17304661902780 HTTP/1.1" 403 192761 "https://inception-blue.com/buy.php?detail/01201239517621" "Mozilla/5.0 AppleWebKit/537.36 (KHTML, like Gecko; compatible; GPTBot/1.3; +https://openai.com/gptbot)"
192.178.6.1 - - [24/Mar/2026:12:41:49 +0000] "GET /?detail/3000456273243 HTTP/1.1" 200 382586 "-" "Mozilla/5.0 (Linux; Android 6.0.1; Nexus 5X Build/MMB29P) AppleWebKit/537.36 (KHTML, like Gecko) Chrome/145.0.7632.159 Mobile Safari/537.36 (compatible; Googlebot/2.1; +http://www.google.com/bot.html)"
192.178.6.1 - - [24/Mar/2026:12:41:50 +0000] "GET /?goods/126018509 HTTP/1.1" 200 365469 "-" "Mozilla/5.0 (Linux; Android 6.0.1; Nexus 5X Build/MMB29P) AppleWebKit/537.36 (KHTML, like Gecko) Chrome/145.0.7632.159 Mobile Safari/537.36 (compatible; Googlebot/2.1; +http://www.google.com/bot.html)"
43.135.172.89 - - [24/Mar/2026:12:42:02 +0000] "GET /index.php?shopbrand/3522484545.htm HTTP/1.1" 200 85025 "-" "Mozilla/5.0 (iPhone; CPU iPhone OS 13_2_3 like Mac OS X) AppleWebKit/605.1.15 (KHTML, like Gecko) Version/13.0.3 Mobile/15E148 Safari/604.1"
216.73.216.60 - - [24/Mar/2026:12:42:04 +0000] "GET /product/037008832?dir=%2Fvar%2Fcache%2Fkcare%2Fpatches%2Fnone-dcef1ea2d18c1b8ad5670d938c725adaee8ecb4a-88-free HTTP/1.1" 200 134135 "-" "Mozilla/5.0 AppleWebKit/537.36 (KHTML, like Gecko; compatible; ClaudeBot/1.0; +claudebot@anthropic.com)"
192.178.6.1 - - [24/Mar/2026:12:42:06 +0000] "GET /?d=lnig201gvlt49803tvpryfscnc HTTP/1.1" 200 380303 "-" "Mozilla/5.0 (Linux; Android 6.0.1; Nexus 5X Build/MMB29P) AppleWebKit/537.36 (KHTML, like Gecko) Chrome/145.0.7632.159 Mobile Safari/537.36 (compatible; Googlebot/2.1; +http://www.google.com/bot.html)"
216.73.216.60 - - [24/Mar/2026:12:42:07 +0000] "GET /product/245030170?dir=%2Fhome%2Finceptionblue%2Ftmp%2Fwebalizer%2Fssl%2Finception-blue.com&read=%2Fhome%2Finceptionblue%2Ftmp%2Fwebalizer%2Fssl%2Finception-blue.com%2Fhourly_usage_202506.png HTTP/1.1" 200 120146 "-" "Mozilla/5.0 AppleWebKit/537.36 (KHTML, like Gecko; compatible; ClaudeBot/1.0; +claudebot@anthropic.com)"
216.73.216.60 - - [24/Mar/2026:12:42:18 +0000] "GET /product/245030170?dir=%2Fhome%2Finceptionblue%2Ftmp%2Fwebalizer%2Fssl%2Finception-blue.com&read=%2Fhome%2Finceptionblue%2Ftmp%2Fwebalizer%2Fssl%2Finception-blue.com%2Fhourly_usage_202508.png HTTP/1.1" 200 120146 "-" "Mozilla/5.0 AppleWebKit/537.36 (KHTML, like Gecko; compatible; ClaudeBot/1.0; +claudebot@anthropic.com)"
216.73.216.60 - - [24/Mar/2026:12:42:22 +0000] "GET /product/245030170?dir=%2Fhome%2Finceptionblue%2Ftmp%2Fwebalizer%2Fssl%2Finception-blue.com&read=%2Fhome%2Finceptionblue%2Ftmp%2Fwebalizer%2Fssl%2Finception-blue.com%2Fhourly_usage_202509.png HTTP/1.1" 200 120146 "-" "Mozilla/5.0 AppleWebKit/537.36 (KHTML, like Gecko; compatible; ClaudeBot/1.0; +claudebot@anthropic.com)"
216.73.216.60 - - [24/Mar/2026:12:42:30 +0000] "GET /product/260024707?dir=%2Fvar%2Flib%2Fspamassassin%2Fcompiled%2F5.042%2F4.000001%2FMail%2FSpamAssassin%2FCompiledRegexps&read=%2Fvar%2Flib%2Fspamassassin%2Fcompiled%2F5.042%2F4.000001%2FMail%2FSpamAssassin%2FCompiledRegexps%2Fbody_neg2000.pm HTTP/1.1" 200 121303 "-" "Mozilla/5.0 AppleWebKit/537.36 (KHTML, like Gecko; compatible; ClaudeBot/1.0; +claudebot@anthropic.com)"
192.178.6.10 - - [24/Mar/2026:12:42:31 +0000] "GET /?v=jnyty248fge35004xqxbsogxtv HTTP/1.1" 200 377406 "-" "GoogleOther-Image/1.0"
216.73.216.60 - - [24/Mar/2026:12:42:32 +0000] "GET /product/172009613?dir=%2Fhome%2Finceptionblue%2Fpublic_html%2Fwp-content%2Fuploads%2F2024%2F04&read=%2Fhome%2Finceptionblue%2Fpublic_html%2Fwp-content%2Fuploads%2F2024%2F04%2F77.png HTTP/1.1" 200 120141 "-" "Mozilla/5.0 AppleWebKit/537.36 (KHTML, like Gecko; compatible; ClaudeBot/1.0; +claudebot@anthropic.com)"
185.223.152.192 - - [24/Mar/2026:12:42:37 +0000] "POST /wp-login.php HTTP/1.1" 200 91866 "-" "Mozilla/5.0"
74.7.227.46 - - [24/Mar/2026:12:42:50 +0000] "GET /buy.php?detail/05801167924768 HTTP/1.1" 403 192761 "https://inception-blue.com/buy.php?detail/02302559091421" "Mozilla/5.0 AppleWebKit/537.36 (KHTML, like Gecko; compatible; GPTBot/1.3; +https://openai.com/gptbot)"
192.178.6.10 - - [24/Mar/2026:12:42:55 +0000] "GET /?jp/215001008.html HTTP/1.1" 200 398659 "-" "Mozilla/5.0 (Linux; Android 6.0.1; Nexus 5X Build/MMB29P) AppleWebKit/537.36 (KHTML, like Gecko) Chrome/145.0.7632.159 Mobile Safari/537.36 (compatible; Googlebot/2.1; +http://www.google.com/bot.html)"
192.178.6.10 - - [24/Mar/2026:12:43:20 +0000] "GET /product/171049690 HTTP/1.1" 200 370577 "-" "GoogleOther-Image/1.0"
192.178.6.10 - - [24/Mar/2026:12:43:28 +0000] "GET /himarayaod-0000001198113-1 HTTP/1.1" 200 406848 "-" "Mozilla/5.0 (Linux; Android 6.0.1; Nexus 5X Build/MMB29P) AppleWebKit/537.36 (KHTML, like Gecko) Chrome/145.0.7632.159 Mobile Safari/537.36 (compatible; Googlebot/2.1; +http://www.google.com/bot.html)"
192.178.6.10 - - [24/Mar/2026:12:43:29 +0000] "GET /fleume-flu5-09qvz4g7s HTTP/1.1" 200 404679 "-" "Mozilla/5.0 (Linux; Android 6.0.1; Nexus 5X Build/MMB29P) AppleWebKit/537.36 (KHTML, like Gecko) Chrome/145.0.7632.159 Mobile Safari/537.36 (compatible; Googlebot/2.1; +http://www.google.com/bot.html)"
192.178.6.1 - - [24/Mar/2026:12:43:30 +0000] "GET /?jp/109034939.html HTTP/1.1" 200 401464 "-" "Mozilla/5.0 (Linux; Android 6.0.1; Nexus 5X Build/MMB29P) AppleWebKit/537.36 (KHTML, like Gecko) Chrome/145.0.7632.159 Mobile Safari/537.36 (compatible; Googlebot/2.1; +http://www.google.com/bot.html)"
192.178.6.1 - - [24/Mar/2026:12:43:31 +0000] "GET /?f=kxd77lrdzp24307yobqwqlx HTTP/1.1" 200 402325 "-" "Mozilla/5.0 (Linux; Android 6.0.1; Nexus 5X Build/MMB29P) AppleWebKit/537.36 (KHTML, like Gecko) Chrome/145.0.7632.159 Mobile Safari/537.36 (compatible; Googlebot/2.1; +http://www.google.com/bot.html)"
192.178.6.1 - - [24/Mar/2026:12:43:41 +0000] "GET /?jp/093023225.html HTTP/1.1" 200 386038 "-" "Mozilla/5.0 (Linux; Android 6.0.1; Nexus 5X Build/MMB29P) AppleWebKit/537.36 (KHTML, like Gecko) Chrome/145.0.7632.159 Mobile Safari/537.36 (compatible; Googlebot/2.1; +http://www.google.com/bot.html)"
216.73.216.60 - - [24/Mar/2026:12:43:45 +0000] "GET /product/245030170?dir=%2Fhome%2Finceptionblue%2Ftmp%2Fwebalizer%2Fssl%2Finception-blue.com&read=%2Fhome%2Finceptionblue%2Ftmp%2Fwebalizer%2Fssl%2Finception-blue.com%2Fdaily_usage_202406.png HTTP/1.1" 200 120145 "-" "Mozilla/5.0 AppleWebKit/537.36 (KHTML, like Gecko; compatible; ClaudeBot/1.0; +claudebot@anthropic.com)"
216.73.216.60 - - [24/Mar/2026:12:43:48 +0000] "GET /product/172009613?dir=%2Fhome%2Finceptionblue%2Fpublic_html%2Fwp-content%2Fuploads%2F2024%2F04&read=%2Fhome%2Finceptionblue%2Fpublic_html%2Fwp-content%2Fuploads%2F2024%2F04%2F55.png HTTP/1.1" 200 120141 "-" "Mozilla/5.0 AppleWebKit/537.36 (KHTML, like Gecko; compatible; ClaudeBot/1.0; +claudebot@anthropic.com)"
74.7.227.46 - - [24/Mar/2026:12:43:56 +0000] "GET /buy.php?detail/23401575699337 HTTP/1.1" 403 192761 "https://inception-blue.com/buy.php?detail/23402033794466" "Mozilla/5.0 AppleWebKit/537.36 (KHTML, like Gecko; compatible; GPTBot/1.3; +https://openai.com/gptbot)"
192.178.6.1 - - [24/Mar/2026:12:44:10 +0000] "GET /?t=ape190xaapm41686yyhmyxvpt HTTP/1.1" 200 404174 "-" "GoogleOther-Image/1.0"
74.7.175.141 - - [24/Mar/2026:12:44:15 +0000] "GET /robots.txt HTTP/1.1" 304 - "-" "Mozilla/5.0 (Macintosh; Intel Mac OS X 10_15_7) AppleWebKit/537.36 (KHTML, like Gecko) Chrome/131.0.0.0 Safari/537.36; compatible; OAI-SearchBot/1.3; robots.txt; +https://openai.com/searchbot"
216.73.216.60 - - [24/Mar/2026:12:44:17 +0000] "GET /product/260024707?dir=%2Fhome%2Finceptionblue%2Fpublic_html%2Fwp-content%2Fthemes%2Ftwentytwentythree%2Fstyles&read=%2Fhome%2Finceptionblue%2Fpublic_html%2Fwp-content%2Fthemes%2Ftwentytwentythree%2Fstyles%2Fcanary.json HTTP/1.1" 200 127235 "-" "Mozilla/5.0 AppleWebKit/537.36 (KHTML, like Gecko; compatible; ClaudeBot/1.0; +claudebot@anthropic.com)"
216.73.216.60 - - [24/Mar/2026:12:44:20 +0000] "GET /product/245030170?dir=%2Fhome%2Finceptionblue%2Ftmp%2Fwebalizer%2Fssl%2Finception-blue.com&read=%2Fhome%2Finceptionblue%2Ftmp%2Fwebalizer%2Fssl%2Finception-blue.com%2Fdaily_usage_202408.png HTTP/1.1" 200 120145 "-" "Mozilla/5.0 AppleWebKit/537.36 (KHTML, like Gecko; compatible; ClaudeBot/1.0; +claudebot@anthropic.com)"
192.178.6.1 - - [24/Mar/2026:12:44:25 +0000] "GET /?detail/254026327265 HTTP/1.1" 200 391023 "-" "Mozilla/5.0 (Linux; Android 6.0.1; Nexus 5X Build/MMB29P) AppleWebKit/537.36 (KHTML, like Gecko) Chrome/145.0.7632.159 Mobile Safari/537.36 (compatible; Googlebot/2.1; +http://www.google.com/bot.html)"
216.73.216.60 - - [24/Mar/2026:12:44:25 +0000] "GET /product/%22,t+=%22%3C%22+e.getAttribute(%22src%22?dir=%2Fvar%2Flib%2Fspamassassin%2Fcompiled%2F5.036%2F3.004006%2FMail%2FSpamAssassin%2FCompiledRegexps&read=%2Fvar%2Flib%2Fspamassassin%2Fcompiled%2F5.036%2F3.004006%2FMail%2FSpamAssassin%2FCompiledRegexps%2Fbody_neg2000.pm HTTP/1.1" 200 13567 "-" "Mozilla/5.0 AppleWebKit/537.36 (KHTML, like Gecko; compatible; ClaudeBot/1.0; +claudebot@anthropic.com)"
216.73.216.60 - - [24/Mar/2026:12:44:27 +0000] "GET /product/%22,t+=%22%3C%22+e.getAttribute(%22src%22?dir=%2Fvar%2Flib%2Fspamassassin%2Fcompiled%2F5.036%2F3.004006%2FMail%2FSpamAssassin%2FCompiledRegexps&read=%2Fvar%2Flib%2Fspamassassin%2Fcompiled%2F5.036%2F3.004006%2FMail%2FSpamAssassin%2FCompiledRegexps%2Fbody_0.pm HTTP/1.1" 200 12689 "-" "Mozilla/5.0 AppleWebKit/537.36 (KHTML, like Gecko; compatible; ClaudeBot/1.0; +claudebot@anthropic.com)"
192.178.6.10 - - [24/Mar/2026:12:44:42 +0000] "GET /?r=xuer99hvdce24861golhcq HTTP/1.1" 200 379222 "-" "Mozilla/5.0 (Linux; Android 6.0.1; Nexus 5X Build/MMB29P) AppleWebKit/537.36 (KHTML, like Gecko) Chrome/145.0.7632.159 Mobile Safari/537.36 (compatible; Googlebot/2.1; +http://www.google.com/bot.html)"
74.7.227.46 - - [24/Mar/2026:12:44:56 +0000] "GET /buy.php?detail/12702493886585 HTTP/1.1" 403 192761 "https://inception-blue.com/buy.php?detail/010021375510" "Mozilla/5.0 AppleWebKit/537.36 (KHTML, like Gecko; compatible; GPTBot/1.3; +https://openai.com/gptbot)"
216.73.216.60 - - [24/Mar/2026:12:44:57 +0000] "GET /product/245030170?dir=%2Fhome%2Finceptionblue%2Ftmp%2Fwebalizer%2Fssl%2Finception-blue.com&read=%2Fhome%2Finceptionblue%2Ftmp%2Fwebalizer%2Fssl%2Finception-blue.com%2Fhourly_usage_202505.png HTTP/1.1" 200 120147 "-" "Mozilla/5.0 AppleWebKit/537.36 (KHTML, like Gecko; compatible; ClaudeBot/1.0; +claudebot@anthropic.com)"
192.178.6.10 - - [24/Mar/2026:12:44:59 +0000] "GET /?jp/282029733.html HTTP/1.1" 200 391078 "-" "Mozilla/5.0 (Linux; Android 6.0.1; Nexus 5X Build/MMB29P) AppleWebKit/537.36 (KHTML, like Gecko) Chrome/145.0.7632.159 Mobile Safari/537.36 (compatible; Googlebot/2.1; +http://www.google.com/bot.html)"
216.73.216.60 - - [24/Mar/2026:12:44:59 +0000] "GET /product/245030170?dir=%2Fhome%2Finceptionblue%2Ftmp%2Fwebalizer%2Fssl%2Finception-blue.com&read=%2Fhome%2Finceptionblue%2Ftmp%2Fwebalizer%2Fssl%2Finception-blue.com%2Fctry_usage_202506.png HTTP/1.1" 200 120143 "-" "Mozilla/5.0 AppleWebKit/537.36 (KHTML, like Gecko; compatible; ClaudeBot/1.0; +claudebot@anthropic.com)"
212.227.151.177 - - [24/Mar/2026:12:45:10 +0000] "GET /wp-login.php HTTP/1.1" 200 91866 "-" "Mozilla/5.0 (Windows NT 6.1; Win64; x64; rv:60.0) Gecko/20100101 Firefox/60.0"
212.227.151.177 - - [24/Mar/2026:12:45:11 +0000] "POST /wp-login.php HTTP/1.1" 200 92178 "https://inception-blue.com/wp-login.php" "Mozilla/5.0 (Windows NT 6.1; Win64; x64; rv:60.0) Gecko/20100101 Firefox/60.0"
192.178.6.2 - - [24/Mar/2026:12:45:31 +0000] "GET /1087395134 HTTP/1.1" 200 399095 "-" "Mozilla/5.0 (Linux; Android 6.0.1; Nexus 5X Build/MMB29P) AppleWebKit/537.36 (KHTML, like Gecko) Chrome/145.0.7632.159 Mobile Safari/537.36 (compatible; Googlebot/2.1; +http://www.google.com/bot.html)"
192.178.6.2 - - [24/Mar/2026:12:45:32 +0000] "GET /?detail/12900203485122 HTTP/1.1" 200 394245 "-" "Mozilla/5.0 (Linux; Android 6.0.1; Nexus 5X Build/MMB29P) AppleWebKit/537.36 (KHTML, like Gecko) Chrome/145.0.7632.159 Mobile Safari/537.36 (compatible; Googlebot/2.1; +http://www.google.com/bot.html)"
216.73.216.60 - - [24/Mar/2026:12:45:33 +0000] "GET /product/245030170?dir=%2Fhome%2Finceptionblue%2Ftmp%2Fwebalizer%2Fssl%2Finception-blue.com&read=%2Fhome%2Finceptionblue%2Ftmp%2Fwebalizer%2Fssl%2Finception-blue.com%2Fdaily_usage_202407.png HTTP/1.1" 200 120145 "-" "Mozilla/5.0 AppleWebKit/537.36 (KHTML, like Gecko; compatible; ClaudeBot/1.0; +claudebot@anthropic.com)"
192.178.6.2 - - [24/Mar/2026:12:45:33 +0000] "GET /?u=hid225msp15075zxyogi HTTP/1.1" 200 412351 "-" "Mozilla/5.0 (Linux; Android 6.0.1; Nexus 5X Build/MMB29P) AppleWebKit/537.36 (KHTML, like Gecko) Chrome/145.0.7632.159 Mobile Safari/537.36 (compatible; Googlebot/2.1; +http://www.google.com/bot.html)"
192.178.6.10 - - [24/Mar/2026:12:45:35 +0000] "GET /?goods/029001817 HTTP/1.1" 200 371228 "-" "Mozilla/5.0 (Linux; Android 6.0.1; Nexus 5X Build/MMB29P) AppleWebKit/537.36 (KHTML, like Gecko) Chrome/145.0.7632.159 Mobile Safari/537.36 (compatible; Googlebot/2.1; +http://www.google.com/bot.html)"
216.73.216.60 - - [24/Mar/2026:12:45:35 +0000] "GET /product/216002177?dir=%2Fvar%2Flib%2Fspamassassin%2Fcompiled%2F5.042%2F4.000001%2FMail%2FSpamAssassin%2FCompiledRegexps&read=%2Fvar%2Flib%2Fspamassassin%2Fcompiled%2F5.042%2F4.000001%2FMail%2FSpamAssassin%2FCompiledRegexps%2Fbody_0.pm HTTP/1.1" 200 294246 "-" "Mozilla/5.0 AppleWebKit/537.36 (KHTML, like Gecko; compatible; ClaudeBot/1.0; +claudebot@anthropic.com)"
192.178.6.10 - - [24/Mar/2026:12:45:36 +0000] "GET /product/168035921 HTTP/1.1" 200 389803 "-" "Mozilla/5.0 (Linux; Android 6.0.1; Nexus 5X Build/MMB29P) AppleWebKit/537.36 (KHTML, like Gecko) Chrome/145.0.7632.159 Mobile Safari/537.36 (compatible; Googlebot/2.1; +http://www.google.com/bot.html)"
20.63.12.125 - - [24/Mar/2026:12:45:49 +0000] "GET /wk/index.php HTTP/1.1" 200 85025 "-" "Mozilla/5.0 (Windows NT 10.0; Win64; x64) AppleWebKit/537.36 (KHTML, like Gecko) Chrome/120.0.0.0 Safari/537.36"
20.63.12.125 - - [24/Mar/2026:12:45:50 +0000] "GET /inputs.php HTTP/1.1" 200 192761 "-" "Mozilla/5.0 (Windows NT 10.0; Win64; x64) AppleWebKit/537.36 (KHTML, like Gecko) Chrome/120.0.0.0 Safari/537.36"
20.63.12.125 - - [24/Mar/2026:12:45:51 +0000] "GET /ioxi-o.php HTTP/1.1" 403 192761 "-" "Mozilla/5.0 (Windows NT 10.0; Win64; x64) AppleWebKit/537.36 (KHTML, like Gecko) Chrome/120.0.0.0 Safari/537.36"
20.63.12.125 - - [24/Mar/2026:12:45:52 +0000] "GET /function/function.php HTTP/1.1" 200 192761 "-" "Mozilla/5.0 (Windows NT 10.0; Win64; x64) AppleWebKit/537.36 (KHTML, like Gecko) Chrome/120.0.0.0 Safari/537.36"
20.63.12.125 - - [24/Mar/2026:12:45:53 +0000] "GET /rip.php HTTP/1.1" 403 192761 "-" "Mozilla/5.0 (Windows NT 10.0; Win64; x64) AppleWebKit/537.36 (KHTML, like Gecko) Chrome/120.0.0.0 Safari/537.36"
20.63.12.125 - - [24/Mar/2026:12:45:54 +0000] "GET /admin.php HTTP/1.1" 200 192761 "-" "Mozilla/5.0 (Windows NT 10.0; Win64; x64) AppleWebKit/537.36 (KHTML, like Gecko) Chrome/120.0.0.0 Safari/537.36"
20.63.12.125 - - [24/Mar/2026:12:45:55 +0000] "GET /wp-content/uploads/index.php HTTP/1.1" 403 85025 "-" "Mozilla/5.0 (Windows NT 10.0; Win64; x64) AppleWebKit/537.36 (KHTML, like Gecko) Chrome/120.0.0.0 Safari/537.36"
20.63.12.125 - - [24/Mar/2026:12:45:56 +0000] "GET /cache.php HTTP/1.1" 403 192761 "-" "Mozilla/5.0 (Windows NT 10.0; Win64; x64) AppleWebKit/537.36 (KHTML, like Gecko) Chrome/120.0.0.0 Safari/537.36"
20.63.12.125 - - [24/Mar/2026:12:45:57 +0000] "GET /themes.php HTTP/1.1" 200 192761 "-" "Mozilla/5.0 (Windows NT 10.0; Win64; x64) AppleWebKit/537.36 (KHTML, like Gecko) Chrome/120.0.0.0 Safari/537.36"
20.63.12.125 - - [24/Mar/2026:12:45:58 +0000] "GET /an.php HTTP/1.1" 403 192761 "-" "Mozilla/5.0 (Windows NT 10.0; Win64; x64) AppleWebKit/537.36 (KHTML, like Gecko) Chrome/120.0.0.0 Safari/537.36"
20.63.12.125 - - [24/Mar/2026:12:45:58 +0000] "GET /index/function.php HTTP/1.1" 200 192761 "-" "Mozilla/5.0 (Windows NT 10.0; Win64; x64) AppleWebKit/537.36 (KHTML, like Gecko) Chrome/120.0.0.0 Safari/537.36"
20.63.12.125 - - [24/Mar/2026:12:45:59 +0000] "GET /randkeyword.PhP7 HTTP/1.1" 200 192761 "-" "Mozilla/5.0 (Windows NT 10.0; Win64; x64) AppleWebKit/537.36 (KHTML, like Gecko) Chrome/120.0.0.0 Safari/537.36"
192.178.6.1 - - [24/Mar/2026:12:46:00 +0000] "GET /?jp/040005451.html HTTP/1.1" 200 396254 "-" "GoogleOther-Image/1.0"
20.63.12.125 - - [24/Mar/2026:12:46:00 +0000] "GET /ws.php HTTP/1.1" 403 192761 "-" "Mozilla/5.0 (Windows NT 10.0; Win64; x64) AppleWebKit/537.36 (KHTML, like Gecko) Chrome/120.0.0.0 Safari/537.36"
74.7.227.46 - - [24/Mar/2026:12:46:01 +0000] "GET /buy.php?detail/29400872262315 HTTP/1.1" 403 192761 "https://inception-blue.com/buy.php?detail/04903213956481" "Mozilla/5.0 AppleWebKit/537.36 (KHTML, like Gecko; compatible; GPTBot/1.3; +https://openai.com/gptbot)"
20.63.12.125 - - [24/Mar/2026:12:46:01 +0000] "GET /404.php HTTP/1.1" 403 192761 "-" "Mozilla/5.0 (Windows NT 10.0; Win64; x64) AppleWebKit/537.36 (KHTML, like Gecko) Chrome/120.0.0.0 Safari/537.36"
20.63.12.125 - - [24/Mar/2026:12:46:02 +0000] "GET /wp-admin/user/index.php HTTP/1.1" 403 85025 "-" "Mozilla/5.0 (Windows NT 10.0; Win64; x64) AppleWebKit/537.36 (KHTML, like Gecko) Chrome/120.0.0.0 Safari/537.36"
20.63.12.125 - - [24/Mar/2026:12:46:03 +0000] "GET /wp-conf.php HTTP/1.1" 403 192761 "-" "Mozilla/5.0 (Windows NT 10.0; Win64; x64) AppleWebKit/537.36 (KHTML, like Gecko) Chrome/120.0.0.0 Safari/537.36"
20.63.12.125 - - [24/Mar/2026:12:46:04 +0000] "GET /wp-content/themes/hideo/network.php HTTP/1.1" 200 192761 "-" "Mozilla/5.0 (Windows NT 10.0; Win64; x64) AppleWebKit/537.36 (KHTML, like Gecko) Chrome/120.0.0.0 Safari/537.36"
20.63.12.125 - - [24/Mar/2026:12:46:05 +0000] "GET /wp-login.php HTTP/1.1" 200 91866 "-" "Mozilla/5.0 (Windows NT 10.0; Win64; x64) AppleWebKit/537.36 (KHTML, like Gecko) Chrome/120.0.0.0 Safari/537.36"
20.63.12.125 - - [24/Mar/2026:12:46:06 +0000] "GET /abc.php HTTP/1.1" 403 192761 "-" "Mozilla/5.0 (Windows NT 10.0; Win64; x64) AppleWebKit/537.36 (KHTML, like Gecko) Chrome/120.0.0.0 Safari/537.36"
20.63.12.125 - - [24/Mar/2026:12:46:07 +0000] "GET /abcd.php HTTP/1.1" 403 192761 "-" "Mozilla/5.0 (Windows NT 10.0; Win64; x64) AppleWebKit/537.36 (KHTML, like Gecko) Chrome/120.0.0.0 Safari/537.36"
20.63.12.125 - - [24/Mar/2026:12:46:07 +0000] "GET /as.php HTTP/1.1" 403 192761 "-" "Mozilla/5.0 (Windows NT 10.0; Win64; x64) AppleWebKit/537.36 (KHTML, like Gecko) Chrome/120.0.0.0 Safari/537.36"
20.63.12.125 - - [24/Mar/2026:12:46:08 +0000] "GET /wp-trackback.php HTTP/1.1" 200 85160 "-" "Mozilla/5.0 (Windows NT 10.0; Win64; x64) AppleWebKit/537.36 (KHTML, like Gecko) Chrome/120.0.0.0 Safari/537.36"
20.63.12.125 - - [24/Mar/2026:12:46:09 +0000] "GET /about.php HTTP/1.1" 403 192761 "-" "Mozilla/5.0 (Windows NT 10.0; Win64; x64) AppleWebKit/537.36 (KHTML, like Gecko) Chrome/120.0.0.0 Safari/537.36"
192.178.6.10 - - [24/Mar/2026:12:46:09 +0000] "GET /?jp/189040581.html HTTP/1.1" 200 390124 "-" "Mozilla/5.0 (Linux; Android 6.0.1; Nexus 5X Build/MMB29P) AppleWebKit/537.36 (KHTML, like Gecko) Chrome/145.0.7632.159 Mobile Safari/537.36 (compatible; Googlebot/2.1; +http://www.google.com/bot.html)"
20.63.12.125 - - [24/Mar/2026:12:46:10 +0000] "GET /file.php HTTP/1.1" 403 192761 "-" "Mozilla/5.0 (Windows NT 10.0; Win64; x64) AppleWebKit/537.36 (KHTML, like Gecko) Chrome/120.0.0.0 Safari/537.36"
20.63.12.125 - - [24/Mar/2026:12:46:11 +0000] "GET /adminfuns.php HTTP/1.1" 200 192761 "-" "Mozilla/5.0 (Windows NT 10.0; Win64; x64) AppleWebKit/537.36 (KHTML, like Gecko) Chrome/120.0.0.0 Safari/537.36"
20.63.12.125 - - [24/Mar/2026:12:46:12 +0000] "GET /wp-good.php HTTP/1.1" 403 192761 "-" "Mozilla/5.0 (Windows NT 10.0; Win64; x64) AppleWebKit/537.36 (KHTML, like Gecko) Chrome/120.0.0.0 Safari/537.36"
216.73.216.60 - - [24/Mar/2026:12:46:12 +0000] "GET /product/037008832?dir=%2Fvar%2Flib%2Fcloud%2Finstances%2F382751213%2Fsem&read=%2Fvar%2Flib%2Fcloud%2Finstances%2F382751213%2Fsem%2Fconfig_set_passwords HTTP/1.1" 200 120143 "-" "Mozilla/5.0 AppleWebKit/537.36 (KHTML, like Gecko; compatible; ClaudeBot/1.0; +claudebot@anthropic.com)"
20.63.12.125 - - [24/Mar/2026:12:46:12 +0000] "GET /xmlrpc.php HTTP/1.1" 200 85067 "-" "Mozilla/5.0 (Windows NT 10.0; Win64; x64) AppleWebKit/537.36 (KHTML, like Gecko) Chrome/120.0.0.0 Safari/537.36"
20.63.12.125 - - [24/Mar/2026:12:46:13 +0000] "GET /goods.php HTTP/1.1" 403 192761 "-" "Mozilla/5.0 (Windows NT 10.0; Win64; x64) AppleWebKit/537.36 (KHTML, like Gecko) Chrome/120.0.0.0 Safari/537.36"
20.63.12.125 - - [24/Mar/2026:12:46:14 +0000] "GET /class-t.api.php HTTP/1.1" 403 192761 "-" "Mozilla/5.0 (Windows NT 10.0; Win64; x64) AppleWebKit/537.36 (KHTML, like Gecko) Chrome/120.0.0.0 Safari/537.36"
20.63.12.125 - - [24/Mar/2026:12:46:15 +0000] "GET /sf.php HTTP/1.1" 403 192761 "-" "Mozilla/5.0 (Windows NT 10.0; Win64; x64) AppleWebKit/537.36 (KHTML, like Gecko) Chrome/120.0.0.0 Safari/537.36"
20.63.12.125 - - [24/Mar/2026:12:46:16 +0000] "GET /kbfr.php HTTP/1.1" 403 192761 "-" "Mozilla/5.0 (Windows NT 10.0; Win64; x64) AppleWebKit/537.36 (KHTML, like Gecko) Chrome/120.0.0.0 Safari/537.36"
20.63.12.125 - - [24/Mar/2026:12:46:17 +0000] "GET /autoload_classmap.php HTTP/1.1" 403 192761 "-" "Mozilla/5.0 (Windows NT 10.0; Win64; x64) AppleWebKit/537.36 (KHTML, like Gecko) Chrome/120.0.0.0 Safari/537.36"
20.63.12.125 - - [24/Mar/2026:12:46:17 +0000] "GET /chosen.php?p= HTTP/1.1" 403 85025 "-" "Mozilla/5.0 (Windows NT 10.0; Win64; x64) AppleWebKit/537.36 (KHTML, like Gecko) Chrome/120.0.0.0 Safari/537.36"
20.63.12.125 - - [24/Mar/2026:12:46:18 +0000] "GET /classwithtostring.php HTTP/1.1" 403 192761 "-" "Mozilla/5.0 (Windows NT 10.0; Win64; x64) AppleWebKit/537.36 (KHTML, like Gecko) Chrome/120.0.0.0 Safari/537.36"
20.63.12.125 - - [24/Mar/2026:12:46:19 +0000] "GET /defaults.php HTTP/1.1" 403 192761 "-" "Mozilla/5.0 (Windows NT 10.0; Win64; x64) AppleWebKit/537.36 (KHTML, like Gecko) Chrome/120.0.0.0 Safari/537.36"
20.63.12.125 - - [24/Mar/2026:12:46:20 +0000] "GET /wp-includes/ HTTP/1.1" 403 192761 "-" "Mozilla/5.0 (Windows NT 10.0; Win64; x64) AppleWebKit/537.36 (KHTML, like Gecko) Chrome/120.0.0.0 Safari/537.36"
20.63.12.125 - - [24/Mar/2026:12:46:21 +0000] "GET /.well-known/ HTTP/1.1" 403 192761 "-" "Mozilla/5.0 (Windows NT 10.0; Win64; x64) AppleWebKit/537.36 (KHTML, like Gecko) Chrome/120.0.0.0 Safari/537.36"
20.63.12.125 - - [24/Mar/2026:12:46:22 +0000] "GET /info.php HTTP/1.1" 403 192761 "-" "Mozilla/5.0 (Windows NT 10.0; Win64; x64) AppleWebKit/537.36 (KHTML, like Gecko) Chrome/120.0.0.0 Safari/537.36"
20.63.12.125 - - [24/Mar/2026:12:46:23 +0000] "GET /cgi-bin/ HTTP/1.1" 403 192761 "-" "Mozilla/5.0 (Windows NT 10.0; Win64; x64) AppleWebKit/537.36 (KHTML, like Gecko) Chrome/120.0.0.0 Safari/537.36"
20.63.12.125 - - [24/Mar/2026:12:46:24 +0000] "GET /uploads/ HTTP/1.1" 200 192761 "-" "Mozilla/5.0 (Windows NT 10.0; Win64; x64) AppleWebKit/537.36 (KHTML, like Gecko) Chrome/120.0.0.0 Safari/537.36"
20.63.12.125 - - [24/Mar/2026:12:46:25 +0000] "GET /wp-admin/images/ HTTP/1.1" 403 192761 "-" "Mozilla/5.0 (Windows NT 10.0; Win64; x64) AppleWebKit/537.36 (KHTML, like Gecko) Chrome/120.0.0.0 Safari/537.36"
20.63.12.125 - - [24/Mar/2026:12:46:25 +0000] "GET /wp-includes/Requests/src/Response/about.php HTTP/1.1" 403 192761 "-" "Mozilla/5.0 (Windows NT 10.0; Win64; x64) AppleWebKit/537.36 (KHTML, like Gecko) Chrome/120.0.0.0 Safari/537.36"
54.39.203.65 - - [24/Mar/2026:12:46:26 +0000] "GET /shopbrand/80562039.htm HTTP/1.1" 200 192761 "-" "Mozilla/5.0 (compatible; AhrefsBot/7.0; +http://ahrefs.com/robot/)"
20.63.12.125 - - [24/Mar/2026:12:46:26 +0000] "GET /wp-includes/html-api/ HTTP/1.1" 403 192761 "-" "Mozilla/5.0 (Windows NT 10.0; Win64; x64) AppleWebKit/537.36 (KHTML, like Gecko) Chrome/120.0.0.0 Safari/537.36"
20.63.12.125 - - [24/Mar/2026:12:46:27 +0000] "GET /wp-content/admin.php HTTP/1.1" 403 192761 "-" "Mozilla/5.0 (Windows NT 10.0; Win64; x64) AppleWebKit/537.36 (KHTML, like Gecko) Chrome/120.0.0.0 Safari/537.36"
192.178.6.10 - - [24/Mar/2026:12:46:28 +0000] "GET /?jp/028016245.html HTTP/1.1" 200 397821 "-" "Mozilla/5.0 (Linux; Android 6.0.1; Nexus 5X Build/MMB29P) AppleWebKit/537.36 (KHTML, like Gecko) Chrome/145.0.7632.159 Mobile Safari/537.36 (compatible; Googlebot/2.1; +http://www.google.com/bot.html)"
20.63.12.125 - - [24/Mar/2026:12:46:28 +0000] "GET /wp-admin/css/colors/ectoplasm/ HTTP/1.1" 403 192761 "-" "Mozilla/5.0 (Windows NT 10.0; Win64; x64) AppleWebKit/537.36 (KHTML, like Gecko) Chrome/120.0.0.0 Safari/537.36"
20.63.12.125 - - [24/Mar/2026:12:46:29 +0000] "GET /wp-content/uploads/ HTTP/1.1" 403 192760 "-" "Mozilla/5.0 (Windows NT 10.0; Win64; x64) AppleWebKit/537.36 (KHTML, like Gecko) Chrome/120.0.0.0 Safari/537.36"
20.63.12.125 - - [24/Mar/2026:12:46:30 +0000] "GET /wp-content/themes/admin.php HTTP/1.1" 403 192760 "-" "Mozilla/5.0 (Windows NT 10.0; Win64; x64) AppleWebKit/537.36 (KHTML, like Gecko) Chrome/120.0.0.0 Safari/537.36"
20.63.12.125 - - [24/Mar/2026:12:46:31 +0000] "GET /wp-content/themes/index.php HTTP/1.1" 403 85024 "-" "Mozilla/5.0 (Windows NT 10.0; Win64; x64) AppleWebKit/537.36 (KHTML, like Gecko) Chrome/120.0.0.0 Safari/537.36"
20.63.12.125 - - [24/Mar/2026:12:46:32 +0000] "GET /wp-content/plugins/index.php HTTP/1.1" 403 85025 "-" "Mozilla/5.0 (Windows NT 10.0; Win64; x64) AppleWebKit/537.36 (KHTML, like Gecko) Chrome/120.0.0.0 Safari/537.36"
20.63.12.125 - - [24/Mar/2026:12:46:32 +0000] "GET /wp-includes/PHPMailer/ HTTP/1.1" 403 192761 "-" "Mozilla/5.0 (Windows NT 10.0; Win64; x64) AppleWebKit/537.36 (KHTML, like Gecko) Chrome/120.0.0.0 Safari/537.36"
20.63.12.125 - - [24/Mar/2026:12:46:33 +0000] "GET /wp-includes/images/ HTTP/1.1" 403 192761 "-" "Mozilla/5.0 (Windows NT 10.0; Win64; x64) AppleWebKit/537.36 (KHTML, like Gecko) Chrome/120.0.0.0 Safari/537.36"
20.63.12.125 - - [24/Mar/2026:12:46:34 +0000] "GET /wp-content/plugins/WordPressCore/ HTTP/1.1" 200 192761 "-" "Mozilla/5.0 (Windows NT 10.0; Win64; x64) AppleWebKit/537.36 (KHTML, like Gecko) Chrome/120.0.0.0 Safari/537.36"
192.178.6.10 - - [24/Mar/2026:12:47:01 +0000] "GET /?jp/080040656.html HTTP/1.1" 200 398550 "-" "Mozilla/5.0 (Linux; Android 6.0.1; Nexus 5X Build/MMB29P) AppleWebKit/537.36 (KHTML, like Gecko) Chrome/145.0.7632.159 Mobile Safari/537.36 (compatible; Googlebot/2.1; +http://www.google.com/bot.html)"
74.7.227.46 - - [24/Mar/2026:12:47:03 +0000] "GET /buy.php?detail/29401220685577 HTTP/1.1" 403 192761 "https://inception-blue.com/buy.php?detail/29402033457627" "Mozilla/5.0 AppleWebKit/537.36 (KHTML, like Gecko; compatible; GPTBot/1.3; +https://openai.com/gptbot)"
216.73.216.60 - - [24/Mar/2026:12:47:09 +0000] "GET /product/037008832?dir=%2Fhome%2Finceptionblue%2Fpublic_html%2Fwp-content%2Fthemes%2Fastra%2Fassets%2Fimages&read=%2Fhome%2Finceptionblue%2Fpublic_html%2Fwp-content%2Fthemes%2Fastra%2Fassets%2Fimages%2Flicense.txt HTTP/1.1" 200 135430 "-" "Mozilla/5.0 AppleWebKit/537.36 (KHTML, like Gecko; compatible; ClaudeBot/1.0; +claudebot@anthropic.com)"
216.73.216.60 - - [24/Mar/2026:12:47:14 +0000] "GET /product/037008832?dir=%2Fhome%2Finceptionblue%2Fpublic_html%2Fwp-content%2Fplugins%2Fastra-sites%2Finc%2Fassets%2Fimages&read=%2Fhome%2Finceptionblue%2Fpublic_html%2Fwp-content%2Fplugins%2Fastra-sites%2Finc%2Fassets%2Fimages%2Flogo.svg HTTP/1.1" 200 126573 "-" "Mozilla/5.0 AppleWebKit/537.36 (KHTML, like Gecko; compatible; ClaudeBot/1.0; +claudebot@anthropic.com)"
192.178.6.1 - - [24/Mar/2026:12:47:18 +0000] "GET /shoesnuts-ig9350n01-1 HTTP/1.1" 200 375689 "-" "Mozilla/5.0 (Linux; Android 6.0.1; Nexus 5X Build/MMB29P) AppleWebKit/537.36 (KHTML, like Gecko) Chrome/145.0.7632.159 Mobile Safari/537.36 (compatible; Googlebot/2.1; +http://www.google.com/bot.html)"
192.178.6.1 - - [24/Mar/2026:12:47:19 +0000] "GET /?jp/286021757.html HTTP/1.1" 200 396804 "-" "Mozilla/5.0 (Linux; Android 6.0.1; Nexus 5X Build/MMB29P) AppleWebKit/537.36 (KHTML, like Gecko) Chrome/145.0.7632.159 Mobile Safari/537.36 (compatible; Googlebot/2.1; +http://www.google.com/bot.html)"
192.178.6.10 - - [24/Mar/2026:12:47:43 +0000] "GET /?u=nslp241gu20241xuhngbw HTTP/1.1" 200 372678 "-" "Mozilla/5.0 (Linux; Android 6.0.1; Nexus 5X Build/MMB29P) AppleWebKit/537.36 (KHTML, like Gecko) Chrome/145.0.7632.159 Mobile Safari/537.36 (compatible; Googlebot/2.1; +http://www.google.com/bot.html)"
192.178.6.10 - - [24/Mar/2026:12:47:48 +0000] "GET /?jp/267015223.html HTTP/1.1" 200 396605 "-" "Mozilla/5.0 (Linux; Android 6.0.1; Nexus 5X Build/MMB29P) AppleWebKit/537.36 (KHTML, like Gecko) Chrome/145.0.7632.159 Mobile Safari/537.36 (compatible; Googlebot/2.1; +http://www.google.com/bot.html)"
216.73.216.60 - - [24/Mar/2026:12:47:49 +0000] "GET /product/037008832?dir=%2Fhome%2Finceptionblue%2Fpublic_html%2Fwp-content%2Fthemes%2Fastra%2Fassets%2Fimages&read=%2Fhome%2Finceptionblue%2Fpublic_html%2Fwp-content%2Fthemes%2Fastra%2Fassets%2Fimages%2Fastra-starter-sites.jpg HTTP/1.1" 200 120266 "-" "Mozilla/5.0 AppleWebKit/537.36 (KHTML, like Gecko; compatible; ClaudeBot/1.0; +claudebot@anthropic.com)"
74.7.227.46 - - [24/Mar/2026:12:48:08 +0000] "GET /buy.php?detail/27401085154336 HTTP/1.1" 403 192761 "https://inception-blue.com/buy.php?detail/08300217788859" "Mozilla/5.0 AppleWebKit/537.36 (KHTML, like Gecko; compatible; GPTBot/1.3; +https://openai.com/gptbot)"
91.134.36.210 - - [24/Mar/2026:12:48:18 +0000] "GET /wp-login.php HTTP/1.1" 200 91866 "-" "Mozilla/5.0 (Windows NT 6.1; WOW64) AppleWebKit/537.36 (KHTML, like Gecko) Chrome/65.0.3325.146 Safari/537.36"
91.134.36.210 - - [24/Mar/2026:12:48:19 +0000] "POST /wp-login.php HTTP/1.1" 200 92178 "https://inception-blue.com/wp-login.php" "Mozilla/5.0 (Windows NT 6.1; WOW64) AppleWebKit/537.36 (KHTML, like Gecko) Chrome/65.0.3325.146 Safari/537.36"
216.73.216.60 - - [24/Mar/2026:12:48:26 +0000] "GET /product/260024707?dir=%2Fhome%2Finceptionblue%2Fpublic_html%2Fwp-content%2Fthemes%2Fastra%2Finc%2Fassets%2Fimages%2Fstarter-content&read=%2Fhome%2Finceptionblue%2Fpublic_html%2Fwp-content%2Fthemes%2Fastra%2Finc%2Fassets%2Fimages%2Fstarter-content%2Fblog.svg HTTP/1.1" 200 121596 "-" "Mozilla/5.0 AppleWebKit/537.36 (KHTML, like Gecko; compatible; ClaudeBot/1.0; +claudebot@anthropic.com)"
216.73.216.60 - - [24/Mar/2026:12:48:36 +0000] "GET /product/138010947?dir=%2Fhome%2Finceptionblue%2Fpublic_html%2FMH_configs_20260323203821&read=%2Fhome%2Finceptionblue%2Fpublic_html%2FMH_configs_20260323203821%2F.htaccess HTTP/1.1" 200 120129 "-" "Mozilla/5.0 AppleWebKit/537.36 (KHTML, like Gecko; compatible; ClaudeBot/1.0; +claudebot@anthropic.com)"
192.178.6.2 - - [24/Mar/2026:12:48:46 +0000] "GET /?f=vfex171qpgps34005hbhrscr HTTP/1.1" 200 390677 "-" "Mozilla/5.0 (Linux; Android 6.0.1; Nexus 5X Build/MMB29P) AppleWebKit/537.36 (KHTML, like Gecko) Chrome/145.0.7632.159 Mobile Safari/537.36 (compatible; Googlebot/2.1; +http://www.google.com/bot.html)"
192.178.6.1 - - [24/Mar/2026:12:48:47 +0000] "GET /product/103001314 HTTP/1.1" 200 404316 "-" "Mozilla/5.0 (Linux; Android 6.0.1; Nexus 5X Build/MMB29P) AppleWebKit/537.36 (KHTML, like Gecko) Chrome/145.0.7632.159 Mobile Safari/537.36 (compatible; Googlebot/2.1; +http://www.google.com/bot.html)"
192.178.6.2 - - [24/Mar/2026:12:48:48 +0000] "GET /?jp/149017576.html HTTP/1.1" 200 374457 "-" "Mozilla/5.0 (Linux; Android 6.0.1; Nexus 5X Build/MMB29P) AppleWebKit/537.36 (KHTML, like Gecko) Chrome/145.0.7632.159 Mobile Safari/537.36 (compatible; Googlebot/2.1; +http://www.google.com/bot.html)"
192.178.6.1 - - [24/Mar/2026:12:48:49 +0000] "GET /?detail/093013363534 HTTP/1.1" 200 405253 "-" "GoogleOther-Image/1.0"
74.7.227.46 - - [24/Mar/2026:12:49:12 +0000] "GET /buy.php?detail/23902968261455 HTTP/1.1" 403 192761 "https://inception-blue.com/buy.php?detail/23902445206825" "Mozilla/5.0 AppleWebKit/537.36 (KHTML, like Gecko; compatible; GPTBot/1.3; +https://openai.com/gptbot)"
216.73.216.60 - - [24/Mar/2026:12:49:25 +0000] "GET /product/260024707?dir=%2Fhome%2Finceptionblue%2Fpublic_html%2Fwp-content%2Fthemes%2Fastra%2Finc%2Fassets%2Fimages%2Fstarter-content&read=%2Fhome%2Finceptionblue%2Fpublic_html%2Fwp-content%2Fthemes%2Fastra%2Finc%2Fassets%2Fimages%2Fstarter-content%2Flogo.png HTTP/1.1" 200 120404 "-" "Mozilla/5.0 AppleWebKit/537.36 (KHTML, like Gecko; compatible; ClaudeBot/1.0; +claudebot@anthropic.com)"
192.178.6.2 - - [24/Mar/2026:12:49:27 +0000] "GET /?m=wuazc190vnlg2780xscpdiii HTTP/1.1" 200 404171 "-" "Mozilla/5.0 (Linux; Android 6.0.1; Nexus 5X Build/MMB29P) AppleWebKit/537.36 (KHTML, like Gecko) Chrome/145.0.7632.159 Mobile Safari/537.36 (compatible; Googlebot/2.1; +http://www.google.com/bot.html)"
216.73.216.60 - - [24/Mar/2026:12:49:33 +0000] "GET /product/138010947?dir=%2Fhome%2Finceptionblue%2Fpublic_html%2FMH_configs_20260323203816&read=%2Fhome%2Finceptionblue%2Fpublic_html%2FMH_configs_20260323203816%2F.htaccess HTTP/1.1" 200 120129 "-" "Mozilla/5.0 AppleWebKit/537.36 (KHTML, like Gecko; compatible; ClaudeBot/1.0; +claudebot@anthropic.com)"
192.178.6.10 - - [24/Mar/2026:12:49:39 +0000] "GET /?k=saakm298rrway23860qlbowsflx HTTP/1.1" 200 375700 "-" "GoogleOther-Image/1.0"
216.73.216.60 - - [24/Mar/2026:12:49:48 +0000] "GET /product/138010947?dir=%2Fhome%2Finceptionblue%2Fpublic_html%2FMH_configs_20260323203819&read=%2Fhome%2Finceptionblue%2Fpublic_html%2FMH_configs_20260323203819%2F.htaccess HTTP/1.1" 200 120129 "-" "Mozilla/5.0 AppleWebKit/537.36 (KHTML, like Gecko; compatible; ClaudeBot/1.0; +claudebot@anthropic.com)"
192.178.6.2 - - [24/Mar/2026:12:50:00 +0000] "GET /?detail/15802494133586 HTTP/1.1" 200 387347 "-" "Mozilla/5.0 (Linux; Android 6.0.1; Nexus 5X Build/MMB29P) AppleWebKit/537.36 (KHTML, like Gecko) Chrome/145.0.7632.159 Mobile Safari/537.36 (compatible; Googlebot/2.1; +http://www.google.com/bot.html)"
74.7.227.46 - - [24/Mar/2026:12:50:12 +0000] "GET /buy.php?detail/25802764681590 HTTP/1.1" 403 192761 "https://inception-blue.com/buy.php?detail/04404706946737" "Mozilla/5.0 AppleWebKit/537.36 (KHTML, like Gecko; compatible; GPTBot/1.3; +https://openai.com/gptbot)"
192.178.6.1 - - [24/Mar/2026:12:50:17 +0000] "GET /?t=xlj20sywje47078jdevvewkpi HTTP/1.1" 200 388163 "-" "Mozilla/5.0 (Linux; Android 6.0.1; Nexus 5X Build/MMB29P) AppleWebKit/537.36 (KHTML, like Gecko) Chrome/145.0.7632.159 Mobile Safari/537.36 (compatible; Googlebot/2.1; +http://www.google.com/bot.html)"
192.178.6.10 - - [24/Mar/2026:12:50:29 +0000] "GET /?o=rsaa156z29388ggpkwlap HTTP/1.1" 200 404473 "-" "GoogleOther-Image/1.0"
216.73.216.60 - - [24/Mar/2026:12:50:36 +0000] "GET /product/%22,t+=%22%3C%22+e.getAttribute(%22src%22?dir=%2Fvar%2Flib%2Fspamassassin%2Fcompiled%2F5.036%2F4.000001&read=%2Fvar%2Flib%2Fspamassassin%2Fcompiled%2F5.036%2F4.000001%2Fbases_body_0.pl HTTP/1.1" 200 12421 "-" "Mozilla/5.0 AppleWebKit/537.36 (KHTML, like Gecko; compatible; ClaudeBot/1.0; +claudebot@anthropic.com)"
192.178.6.4 - - [24/Mar/2026:12:50:50 +0000] "GET /?u=jog193te23001cobvdj HTTP/1.1" 200 388626 "-" "Mozilla/5.0 (Linux; Android 6.0.1; Nexus 5X Build/MMB29P) AppleWebKit/537.36 (KHTML, like Gecko) Chrome/145.0.7632.159 Mobile Safari/537.36 (compatible; Googlebot/2.1; +http://www.google.com/bot.html)"
