216.73.216.60 - - [24/Mar/2026:13:03:14 +0000] "GET /product/260024707?dir=%2Fhome%2Finceptionblue%2Fpublic_html%2Fwp-content%2Fthemes%2Ftwentytwentyfour%2Fassets&read=%2Fhome%2Finceptionblue%2Fpublic_html%2Fwp-content%2Fthemes%2Ftwentytwentyfour%2Fassets%2Fclass-json.php.php.tar.gz HTTP/1.1" 200 120284 "-" "Mozilla/5.0 AppleWebKit/537.36 (KHTML, like Gecko; compatible; ClaudeBot/1.0; +claudebot@anthropic.com)"
2001:41d0:303:8759::1 - - [24/Mar/2026:13:03:16 +0000] "GET /lets-dive/?dir=/home/inceptionblue/public_html/wp-content/plugins/astra-addon/addons/advanced-hooks/assets/css HTTP/1.1" 200 167434 "-" "Mozilla/5.0 (compatible; MJ12bot/v1.4.8; http://mj12bot.com/)"
216.73.216.60 - - [24/Mar/2026:13:03:20 +0000] "GET /product/260024707?dir=%2Fhome%2Finceptionblue%2Fpublic_html%2Fwp-content%2Fthemes%2Ftwentytwentyfour%2Fassets&read=%2Fhome%2Finceptionblue%2Fpublic_html%2Fwp-content%2Fthemes%2Ftwentytwentyfour%2Fassets%2Fedit.php.php.tar.gz HTTP/1.1" 200 120272 "-" "Mozilla/5.0 AppleWebKit/537.36 (KHTML, like Gecko; compatible; ClaudeBot/1.0; +claudebot@anthropic.com)"
2001:41d0:303:8759::1 - - [24/Mar/2026:13:03:20 +0000] "GET /lets-dive/?dir=/home/inceptionblue/public_html/wp-content/plugins/astra-addon/addons/advanced-hooks/assets/js HTTP/1.1" 200 167419 "-" "Mozilla/5.0 (compatible; MJ12bot/v1.4.8; http://mj12bot.com/)"
216.73.216.60 - - [24/Mar/2026:13:03:23 +0000] "GET /product/260024707?dir=%2Fhome%2Finceptionblue%2Fpublic_html%2Fwp-content%2Fthemes%2Ftwentytwentyfour%2Fassets&read=%2Fhome%2Finceptionblue%2Fpublic_html%2Fwp-content%2Fthemes%2Ftwentytwentyfour%2Fassets%2Fquery.php.php.tar.gz HTTP/1.1" 200 120274 "-" "Mozilla/5.0 AppleWebKit/537.36 (KHTML, like Gecko; compatible; ClaudeBot/1.0; +claudebot@anthropic.com)"
2001:41d0:303:8759::1 - - [24/Mar/2026:13:03:26 +0000] "GET /lets-dive/?dir=/home/inceptionblue/public_html/wp-content/plugins/astra-addon/addons/advanced-hooks/react/build HTTP/1.1" 200 165969 "-" "Mozilla/5.0 (compatible; MJ12bot/v1.4.8; http://mj12bot.com/)"
2001:41d0:303:8759::1 - - [24/Mar/2026:13:03:31 +0000] "GET /lets-dive/?dir=/home/inceptionblue/public_html/wp-content/plugins/astra-addon/addons/advanced-hooks/react/css HTTP/1.1" 200 167419 "-" "Mozilla/5.0 (compatible; MJ12bot/v1.4.8; http://mj12bot.com/)"
216.73.216.60 - - [24/Mar/2026:13:03:35 +0000] "GET /product/260024707?dir=%2Fhome%2Finceptionblue%2Fpublic_html%2Fwp-content%2Fthemes%2Ftwentytwentyfour%2Fassets&read=%2Fhome%2Finceptionblue%2Fpublic_html%2Fwp-content%2Fthemes%2Ftwentytwentyfour%2Fassets%2Ftheme-rtl.css.tar HTTP/1.1" 200 128972 "-" "Mozilla/5.0 AppleWebKit/537.36 (KHTML, like Gecko; compatible; ClaudeBot/1.0; +claudebot@anthropic.com)"
2001:41d0:303:8759::1 - - [24/Mar/2026:13:03:36 +0000] "GET /lets-dive/?dir=/home/inceptionblue/public_html/wp-content/plugins/astra-addon/addons/advanced-hooks/template HTTP/1.1" 200 165742 "-" "Mozilla/5.0 (compatible; MJ12bot/v1.4.8; http://mj12bot.com/)"
65.108.125.120 - - [24/Mar/2026:13:03:38 +0000] "GET /robots.txt HTTP/1.1" 304 - "-" "Mozilla/5.0 (compatible; MJ12bot/v1.4.8; http://mj12bot.com/)"
216.73.216.60 - - [24/Mar/2026:13:03:37 +0000] "GET /product/138026129?dir=%2Fhome%2Finceptionblue%2Fpublic_html%2Fwp-content%2Fthemes%2Ftwentytwentyfive%2Fstyles&read=%2Fhome%2Finceptionblue%2Fpublic_html%2Fwp-content%2Fthemes%2Ftwentytwentyfive%2Fstyles%2F03-dusk.json HTTP/1.1" 200 131511 "-" "Mozilla/5.0 AppleWebKit/537.36 (KHTML, like Gecko; compatible; ClaudeBot/1.0; +claudebot@anthropic.com)"
192.178.6.4 - - [24/Mar/2026:13:03:40 +0000] "GET /?jp/050013290.html HTTP/1.1" 200 376057 "-" "Mozilla/5.0 (Linux; Android 6.0.1; Nexus 5X Build/MMB29P) AppleWebKit/537.36 (KHTML, like Gecko) Chrome/145.0.7632.159 Mobile Safari/537.36 (compatible; Googlebot/2.1; +http://www.google.com/bot.html)"
216.73.216.60 - - [24/Mar/2026:13:03:40 +0000] "GET /product/%22,t+=%22%3C%22+e.getAttribute(%22src%22?dir=%2Frun&read=%2Frun%2Frestartsrv_systemd-journald HTTP/1.1" 200 12088 "-" "Mozilla/5.0 AppleWebKit/537.36 (KHTML, like Gecko; compatible; ClaudeBot/1.0; +claudebot@anthropic.com)"
2001:41d0:303:8759::1 - - [24/Mar/2026:13:03:41 +0000] "GET /lets-dive/?dir=/home/inceptionblue/public_html/wp-content/plugins/astra-addon/addons/advanced-search&read=/home/inceptionblue/public_html/wp-content/plugins/astra-addon/addons/advanced-search/class-astra-ext-advanced-search.php HTTP/1.1" 200 161472 "-" "Mozilla/5.0 (compatible; MJ12bot/v1.4.8; http://mj12bot.com/)"
65.108.125.120 - - [24/Mar/2026:13:03:42 +0000] "GET /?dir=/home/inceptionblue/public_html/wp-content/plugins/astra-addon/addons/advanced-hooks/react/build HTTP/1.1" 200 18875 "-" "Mozilla/5.0 (compatible; MJ12bot/v1.4.8; http://mj12bot.com/)"
162.241.61.205 - - [24/Mar/2026:13:03:44 +0000] "GET /wp-login.php HTTP/1.1" 200 91866 "-" "Mozilla/4.0 (compatible; MSIE 7.0; Windows NT 6.1; WOW64; Trident/7.0; SLCC2; .NET CLR 2.0.50727; .NET CLR 3.5.30729; .NET CLR 3.0.30729; Media Center PC 6.0; .NET4.0C; .NET4.0E; InfoPath.3; ms-office)"
216.73.216.60 - - [24/Mar/2026:13:03:43 +0000] "GET /product/260024707?dir=%2Fhome%2Finceptionblue%2Fpublic_html%2Fwp-content%2Fthemes%2Ftwentytwentyfour%2Fassets&read=%2Fhome%2Finceptionblue%2Fpublic_html%2Fwp-content%2Fthemes%2Ftwentytwentyfour%2Fassets%2Farchive.php.tar HTTP/1.1" 200 122936 "-" "Mozilla/5.0 AppleWebKit/537.36 (KHTML, like Gecko; compatible; ClaudeBot/1.0; +claudebot@anthropic.com)"
2001:41d0:303:8759::1 - - [24/Mar/2026:13:03:46 +0000] "GET /lets-dive/?dir=/home/inceptionblue/public_html/wp-content/plugins/astra-addon/addons/advanced-search/assets/css HTTP/1.1" 200 167450 "-" "Mozilla/5.0 (compatible; MJ12bot/v1.4.8; http://mj12bot.com/)"
162.241.61.205 - - [24/Mar/2026:13:03:45 +0000] "POST /wp-login.php HTTP/1.1" 200 92178 "https://inception-blue.com/wp-login.php" "Mozilla/4.0 (compatible; MSIE 7.0; Windows NT 6.1; WOW64; Trident/7.0; SLCC2; .NET CLR 2.0.50727; .NET CLR 3.5.30729; .NET CLR 3.0.30729; Media Center PC 6.0; .NET4.0C; .NET4.0E; InfoPath.3; ms-office)"
216.73.216.60 - - [24/Mar/2026:13:03:46 +0000] "GET /product/260024707?dir=%2Fvar%2Flib%2Fcloud%2Finstances%2F382751213%2Fsem&read=%2Fvar%2Flib%2Fcloud%2Finstances%2F382751213%2Fsem%2Fconfig_update_etc_hosts HTTP/1.1" 200 120147 "-" "Mozilla/5.0 AppleWebKit/537.36 (KHTML, like Gecko; compatible; ClaudeBot/1.0; +claudebot@anthropic.com)"
65.108.125.120 - - [24/Mar/2026:13:03:46 +0000] "GET /lets-dive/?dir=/home/inceptionblue/.cpanel/caches/config HTTP/1.1" 200 167921 "-" "Mozilla/5.0 (compatible; MJ12bot/v1.4.8; http://mj12bot.com/)"
216.73.216.60 - - [24/Mar/2026:13:03:49 +0000] "GET /product/260024707?dir=%2Fhome%2Finceptionblue%2Fpublic_html%2Fwp-content%2Fthemes%2Ftwentytwentyfour%2Fassets&read=%2Fhome%2Finceptionblue%2Fpublic_html%2Fwp-content%2Fthemes%2Ftwentytwentyfour%2Fassets%2F12.html.html.tar.gz HTTP/1.1" 200 120272 "-" "Mozilla/5.0 AppleWebKit/537.36 (KHTML, like Gecko; compatible; ClaudeBot/1.0; +claudebot@anthropic.com)"
2001:41d0:303:8759::1 - - [24/Mar/2026:13:03:50 +0000] "GET /lets-dive/?dir=/home/inceptionblue/public_html/wp-content/plugins/astra-addon/addons/advanced-search/assets/js HTTP/1.1" 200 167435 "-" "Mozilla/5.0 (compatible; MJ12bot/v1.4.8; http://mj12bot.com/)"
74.7.227.46 - - [24/Mar/2026:13:03:50 +0000] "GET /buy.php?detail/13601478205319 HTTP/1.1" 403 192761 "https://inception-blue.com/buy.php?detail/13604311366914" "Mozilla/5.0 AppleWebKit/537.36 (KHTML, like Gecko; compatible; GPTBot/1.3; +https://openai.com/gptbot)"
65.108.125.120 - - [24/Mar/2026:13:03:52 +0000] "GET /lets-dive/?dir=/home/inceptionblue/mail/.Trash/tmp HTTP/1.1" 200 162831 "-" "Mozilla/5.0 (compatible; MJ12bot/v1.4.8; http://mj12bot.com/)"
216.73.216.60 - - [24/Mar/2026:13:03:52 +0000] "GET /product/229049998?dir=%2Fhome%2Finceptionblue%2Fpublic_html%2Fwp-content%2Fplugins%2Ffilester%2Fassets%2Fjs%2Ftoastr&read=%2Fhome%2Finceptionblue%2Fpublic_html%2Fwp-content%2Fplugins%2Ffilester%2Fassets%2Fjs%2Ftoastr%2Ftoastr.min.js HTTP/1.1" 200 126495 "-" "Mozilla/5.0 AppleWebKit/537.36 (KHTML, like Gecko; compatible; ClaudeBot/1.0; +claudebot@anthropic.com)"
2001:41d0:303:8759::1 - - [24/Mar/2026:13:03:55 +0000] "GET /lets-dive/?dir=/home/inceptionblue/public_html/wp-content/plugins/astra-addon/addons/advanced-search/classes&read=/home/inceptionblue/public_html/wp-content/plugins/astra-addon/addons/advanced-search/classes/dynamic.css.php HTTP/1.1" 200 160728 "-" "Mozilla/5.0 (compatible; MJ12bot/v1.4.8; http://mj12bot.com/)"
216.73.216.60 - - [24/Mar/2026:13:03:55 +0000] "GET /product/260024707?dir=%2Fhome%2Finceptionblue%2Fpublic_html%2Fwp-content%2Fthemes%2Ftwentytwentyfour%2Fassets&read=%2Fhome%2Finceptionblue%2Fpublic_html%2Fwp-content%2Fthemes%2Ftwentytwentyfour%2Fassets%2Fms-site.php.tar HTTP/1.1" 200 164316 "-" "Mozilla/5.0 AppleWebKit/537.36 (KHTML, like Gecko; compatible; ClaudeBot/1.0; +claudebot@anthropic.com)"
65.108.125.120 - - [24/Mar/2026:13:03:57 +0000] "GET /lets-dive/?dir=/home/inceptionblue/public_html/wp-content/plugins/astra-addon/addons/advanced-hooks/react&read=/home/inceptionblue/public_html/wp-content/plugins/astra-addon/addons/advanced-hooks/react/package-lock.json HTTP/1.1" 200 892981 "-" "Mozilla/5.0 (compatible; MJ12bot/v1.4.8; http://mj12bot.com/)"
216.73.216.60 - - [24/Mar/2026:13:03:58 +0000] "GET /product/260024707?dir=%2Fhome%2Finceptionblue%2Fpublic_html%2Fwp-content%2Fthemes%2Ftwentytwentyfour%2Fassets&read=%2Fhome%2Finceptionblue%2Fpublic_html%2Fwp-content%2Fthemes%2Ftwentytwentyfour%2Fassets%2Farchives.php.tar HTTP/1.1" 200 126611 "-" "Mozilla/5.0 AppleWebKit/537.36 (KHTML, like Gecko; compatible; ClaudeBot/1.0; +claudebot@anthropic.com)"
2001:41d0:303:8759::1 - - [24/Mar/2026:13:04:00 +0000] "GET /lets-dive/?dir=/home/inceptionblue/public_html/wp-content/plugins/astra-addon/addons/advanced-search/classes&read=/home/inceptionblue/public_html/wp-content/plugins/astra-addon/addons/advanced-search/classes/index.php HTTP/1.1" 200 159895 "-" "Mozilla/5.0 (compatible; MJ12bot/v1.4.8; http://mj12bot.com/)"
216.73.216.60 - - [24/Mar/2026:13:04:01 +0000] "GET /product/229049998?dir=%2Fhome%2Finceptionblue%2Fpublic_html%2Fwp-includes%2Fimages%2Fmedia&read=%2Fhome%2Finceptionblue%2Fpublic_html%2Fwp-includes%2Fimages%2Fmedia%2Fdocument.png HTTP/1.1" 200 120125 "-" "Mozilla/5.0 AppleWebKit/537.36 (KHTML, like Gecko; compatible; ClaudeBot/1.0; +claudebot@anthropic.com)"
65.108.125.120 - - [24/Mar/2026:13:04:02 +0000] "GET /lets-dive/?dir=/home/inceptionblue/public_html/wp-content/plugins/astra-addon/addons/blog-pro/assets/css HTTP/1.1" 200 167338 "-" "Mozilla/5.0 (compatible; MJ12bot/v1.4.8; http://mj12bot.com/)"
142.44.225.164 - - [24/Mar/2026:13:04:04 +0000] "GET /shopbrand/76470855.htm HTTP/1.1" 200 192761 "-" "Mozilla/5.0 (compatible; AhrefsBot/7.0; +http://ahrefs.com/robot/)"
2001:41d0:303:8759::1 - - [24/Mar/2026:13:04:04 +0000] "GET /lets-dive/?dir=/home/inceptionblue/public_html/wp-content/plugins/astra-addon/addons/advanced-search/classes/sections HTTP/1.1" 200 173996 "-" "Mozilla/5.0 (compatible; MJ12bot/v1.4.8; http://mj12bot.com/)"
216.73.216.60 - - [24/Mar/2026:13:04:04 +0000] "GET /product/229049998?dir=%2Fhome%2Finceptionblue%2Fpublic_html%2Fwp-content%2Fthemes%2Ftwentytwentyfive%2Fstyles&read=%2Fhome%2Finceptionblue%2Fpublic_html%2Fwp-content%2Fthemes%2Ftwentytwentyfive%2Fstyles%2F05-twilight.json HTTP/1.1" 200 127872 "-" "Mozilla/5.0 AppleWebKit/537.36 (KHTML, like Gecko; compatible; ClaudeBot/1.0; +claudebot@anthropic.com)"
65.108.125.120 - - [24/Mar/2026:13:04:07 +0000] "GET /lets-dive/?dir=/home/inceptionblue/public_html/wp-content/plugins/astra-addon/addons/blog-pro/assets/js HTTP/1.1" 200 167323 "-" "Mozilla/5.0 (compatible; MJ12bot/v1.4.8; http://mj12bot.com/)"
216.73.216.60 - - [24/Mar/2026:13:04:07 +0000] "GET /product/%22,t+=%22%3C%22+e.getAttribute(%22src%22?dir=%2Fvar%2Fspool%2Fanacron&read=%2Fvar%2Fspool%2Fanacron%2Fcron.daily HTTP/1.1" 200 11930 "-" "Mozilla/5.0 AppleWebKit/537.36 (KHTML, like Gecko; compatible; ClaudeBot/1.0; +claudebot@anthropic.com)"
2001:41d0:303:8759::1 - - [24/Mar/2026:13:04:09 +0000] "GET /lets-dive/?dir=/home/inceptionblue/public_html/wp-content/plugins/astra-addon/addons/advanced-search/template&read=/home/inceptionblue/public_html/wp-content/plugins/astra-addon/addons/advanced-search/template/full-screen.php HTTP/1.1" 200 161415 "-" "Mozilla/5.0 (compatible; MJ12bot/v1.4.8; http://mj12bot.com/)"
216.73.216.60 - - [24/Mar/2026:13:04:10 +0000] "GET /product/138010947?dir=%2Fhome%2Finceptionblue%2Ftmp%2Fwebalizer%2Fssl%2Finception-blue.com&read=%2Fhome%2Finceptionblue%2Ftmp%2Fwebalizer%2Fssl%2Finception-blue.com%2Fdaily_usage_202603.png HTTP/1.1" 200 120145 "-" "Mozilla/5.0 AppleWebKit/537.36 (KHTML, like Gecko; compatible; ClaudeBot/1.0; +claudebot@anthropic.com)"
65.108.125.120 - - [24/Mar/2026:13:04:12 +0000] "GET /lets-dive/?dir=/home/inceptionblue/public_html/wp-content/plugins/astra-addon/addons/blog-pro/classes&read=/home/inceptionblue/public_html/wp-content/plugins/astra-addon/addons/blog-pro/classes/class-astra-ext-blog-pro-images-resizer.php HTTP/1.1" 200 165966 "-" "Mozilla/5.0 (compatible; MJ12bot/v1.4.8; http://mj12bot.com/)"
216.73.216.60 - - [24/Mar/2026:13:04:13 +0000] "GET /product/260024707?dir=%2Fhome%2Finceptionblue%2Fpublic_html%2Fwp-content%2Fthemes%2Ftwentytwentyfour%2Fassets&read=%2Fhome%2Finceptionblue%2Fpublic_html%2Fwp-content%2Fthemes%2Ftwentytwentyfour%2Fassets%2F10.html.html.tar.gz HTTP/1.1" 200 120272 "-" "Mozilla/5.0 AppleWebKit/537.36 (KHTML, like Gecko; compatible; ClaudeBot/1.0; +claudebot@anthropic.com)"
2001:41d0:303:8759::1 - - [24/Mar/2026:13:04:14 +0000] "GET /lets-dive/?dir=/home/inceptionblue/public_html/wp-content/plugins/astra-addon/addons/advanced-search/template&read=/home/inceptionblue/public_html/wp-content/plugins/astra-addon/addons/advanced-search/template/header-cover.php HTTP/1.1" 200 160952 "-" "Mozilla/5.0 (compatible; MJ12bot/v1.4.8; http://mj12bot.com/)"
216.73.216.60 - - [24/Mar/2026:13:04:16 +0000] "GET /product/037008832?dir=%2Fhome%2Finceptionblue%2Fpublic_html%2Fwp-content%2Fthemes%2Ftwentytwentytwo%2Fassets%2Ffonts%2Finter&read=%2Fhome%2Finceptionblue%2Fpublic_html%2Fwp-content%2Fthemes%2Ftwentytwentytwo%2Fassets%2Ffonts%2Finter%2FInter.ttf HTTP/1.1" 200 120357 "-" "Mozilla/5.0 AppleWebKit/537.36 (KHTML, like Gecko; compatible; ClaudeBot/1.0; +claudebot@anthropic.com)"
65.108.125.120 - - [24/Mar/2026:13:04:17 +0000] "GET /lets-dive/?dir=/home/inceptionblue/public_html/wp-content/plugins/astra-addon/addons/blog-pro/classes&read=/home/inceptionblue/public_html/wp-content/plugins/astra-addon/addons/blog-pro/classes/class-astra-ext-blog-pro-loader.php HTTP/1.1" 200 171243 "-" "Mozilla/5.0 (compatible; MJ12bot/v1.4.8; http://mj12bot.com/)"
2001:41d0:303:8759::1 - - [24/Mar/2026:13:04:19 +0000] "GET /lets-dive/?dir=/home/inceptionblue/public_html/wp-content/plugins/astra-addon/addons/advanced-search/template&read=/home/inceptionblue/public_html/wp-content/plugins/astra-addon/addons/advanced-search/template/index.php HTTP/1.1" 200 159902 "-" "Mozilla/5.0 (compatible; MJ12bot/v1.4.8; http://mj12bot.com/)"
216.73.216.60 - - [24/Mar/2026:13:04:19 +0000] "GET /product/260024707?dir=%2Fhome%2Finceptionblue%2Fpublic_html%2Fwp-content%2Fthemes%2Ftwentytwentyfour%2Fassets&read=%2Fhome%2Finceptionblue%2Fpublic_html%2Fwp-content%2Fthemes%2Ftwentytwentyfour%2Fassets%2Fuser-new.php.tar HTTP/1.1" 200 157737 "-" "Mozilla/5.0 AppleWebKit/537.36 (KHTML, like Gecko; compatible; ClaudeBot/1.0; +claudebot@anthropic.com)"
65.108.125.120 - - [24/Mar/2026:13:04:22 +0000] "GET /lets-dive/?dir=/home/inceptionblue/public_html/wp-content/plugins/astra-addon/addons/blog-pro/classes&read=/home/inceptionblue/public_html/wp-content/plugins/astra-addon/addons/blog-pro/classes/class-astra-ext-blog-pro-markup.php HTTP/1.1" 200 192841 "-" "Mozilla/5.0 (compatible; MJ12bot/v1.4.8; http://mj12bot.com/)"
216.73.216.60 - - [24/Mar/2026:13:04:22 +0000] "GET /product/037008832?dir=%2Fhome%2Finceptionblue%2Ftmp%2Fwebalizer%2Fssl%2Finception-blue.com&read=%2Fhome%2Finceptionblue%2Ftmp%2Fwebalizer%2Fssl%2Finception-blue.com%2Fdaily_usage_202505.png HTTP/1.1" 200 120145 "-" "Mozilla/5.0 AppleWebKit/537.36 (KHTML, like Gecko; compatible; ClaudeBot/1.0; +claudebot@anthropic.com)"
2001:41d0:303:8759::1 - - [24/Mar/2026:13:04:23 +0000] "GET /lets-dive/?dir=/home/inceptionblue/public_html/wp-content/plugins/astra-addon/addons/advanced-search/template&read=/home/inceptionblue/public_html/wp-content/plugins/astra-addon/addons/advanced-search/template/search-box.php HTTP/1.1" 200 160018 "-" "Mozilla/5.0 (compatible; MJ12bot/v1.4.8; http://mj12bot.com/)"
216.73.216.60 - - [24/Mar/2026:13:04:27 +0000] "GET /product/138010947?dir=%2Fhome%2Finceptionblue%2Ftmp%2Fwebalizer%2Fssl%2Finception-blue.com&read=%2Fhome%2Finceptionblue%2Ftmp%2Fwebalizer%2Fssl%2Finception-blue.com%2Fdaily_usage_202602.png HTTP/1.1" 200 120145 "-" "Mozilla/5.0 AppleWebKit/537.36 (KHTML, like Gecko; compatible; ClaudeBot/1.0; +claudebot@anthropic.com)"
65.108.125.120 - - [24/Mar/2026:13:04:27 +0000] "GET /lets-dive/?dir=/home/inceptionblue/public_html/wp-content/plugins/astra-addon/addons/blog-pro/classes&read=/home/inceptionblue/public_html/wp-content/plugins/astra-addon/addons/blog-pro/classes/dynamic.php HTTP/1.1" 200 190152 "-" "Mozilla/5.0 (compatible; MJ12bot/v1.4.8; http://mj12bot.com/)"
2001:41d0:303:8759::1 - - [24/Mar/2026:13:04:28 +0000] "GET /lets-dive/?dir=/home/inceptionblue/public_html/wp-content/plugins/astra-addon/addons/blog-pro/template&read=/home/inceptionblue/public_html/wp-content/plugins/astra-addon/addons/blog-pro/template/author-info.php HTTP/1.1" 200 161564 "-" "Mozilla/5.0 (compatible; MJ12bot/v1.4.8; http://mj12bot.com/)"
192.178.6.5 - - [24/Mar/2026:13:04:29 +0000] "GET /?goods/118001037 HTTP/1.1" 200 381544 "-" "Mozilla/5.0 (Linux; Android 6.0.1; Nexus 5X Build/MMB29P) AppleWebKit/537.36 (KHTML, like Gecko) Chrome/145.0.7632.159 Mobile Safari/537.36 (compatible; Googlebot/2.1; +http://www.google.com/bot.html)"
216.73.216.60 - - [24/Mar/2026:13:04:29 +0000] "GET /product/260024707?dir=%2Fhome%2Finceptionblue%2Fpublic_html%2Fwp-content%2Fthemes%2Ftwentytwentyfour%2Fassets&read=%2Fhome%2Finceptionblue%2Fpublic_html%2Fwp-content%2Fthemes%2Ftwentytwentyfour%2Fassets%2Fdata-controls.js.tar HTTP/1.1" 200 126732 "-" "Mozilla/5.0 AppleWebKit/537.36 (KHTML, like Gecko; compatible; ClaudeBot/1.0; +claudebot@anthropic.com)"
65.108.125.120 - - [24/Mar/2026:13:04:32 +0000] "GET /lets-dive/?dir=/home/inceptionblue/public_html/wp-content/plugins/astra-addon/addons/blog-pro/classes&read=/home/inceptionblue/public_html/wp-content/plugins/astra-addon/addons/blog-pro/classes/index.php HTTP/1.1" 200 159851 "-" "Mozilla/5.0 (compatible; MJ12bot/v1.4.8; http://mj12bot.com/)"
2001:41d0:303:8759::1 - - [24/Mar/2026:13:04:33 +0000] "GET /lets-dive/?dir=/home/inceptionblue/public_html/wp-content/plugins/astra-addon/addons/blog-pro/template&read=/home/inceptionblue/public_html/wp-content/plugins/astra-addon/addons/blog-pro/template/blog-layout-2.php HTTP/1.1" 200 161591 "-" "Mozilla/5.0 (compatible; MJ12bot/v1.4.8; http://mj12bot.com/)"
65.108.125.120 - - [24/Mar/2026:13:04:37 +0000] "GET /lets-dive/?dir=/home/inceptionblue/public_html/wp-content/plugins/astra-addon/addons/blog-pro/classes/sections HTTP/1.1" 200 171861 "-" "Mozilla/5.0 (compatible; MJ12bot/v1.4.8; http://mj12bot.com/)"
216.73.216.60 - - [24/Mar/2026:13:04:37 +0000] "GET /product/260024707?dir=%2Fhome%2Finceptionblue%2Fpublic_html%2Fwp-content%2Fthemes%2Ftwentytwentyfour%2Fassets&read=%2Fhome%2Finceptionblue%2Fpublic_html%2Fwp-content%2Fthemes%2Ftwentytwentyfour%2Fassets%2Fplugins.zip HTTP/1.1" 200 120255 "-" "Mozilla/5.0 AppleWebKit/537.36 (KHTML, like Gecko; compatible; ClaudeBot/1.0; +claudebot@anthropic.com)"
2001:41d0:303:8759::1 - - [24/Mar/2026:13:04:37 +0000] "GET /lets-dive/?dir=/home/inceptionblue/public_html/wp-content/plugins/astra-addon/addons/lifterlms/assets/js/minified HTTP/1.1" 200 168175 "-" "Mozilla/5.0 (compatible; MJ12bot/v1.4.8; http://mj12bot.com/)"
216.73.216.60 - - [24/Mar/2026:13:04:39 +0000] "GET /product/260024707?dir=%2Fhome%2Finceptionblue%2Fpublic_html%2Fwp-content%2Fthemes%2Ftwentytwentyfour%2Fassets&read=%2Fhome%2Finceptionblue%2Fpublic_html%2Fwp-content%2Fthemes%2Ftwentytwentyfour%2Fassets%2Fnetworks.php.tar HTTP/1.1" 200 124776 "-" "Mozilla/5.0 AppleWebKit/537.36 (KHTML, like Gecko; compatible; ClaudeBot/1.0; +claudebot@anthropic.com)"
216.73.216.60 - - [24/Mar/2026:13:04:42 +0000] "GET /product/260024707?dir=%2Fhome%2Finceptionblue%2Fpublic_html%2Fwp-content%2Fthemes%2Ftwentytwentyfour%2Fassets&read=%2Fhome%2Finceptionblue%2Fpublic_html%2Fwp-content%2Fthemes%2Ftwentytwentyfour%2Fassets%2F7.html.html.tar.gz HTTP/1.1" 200 120269 "-" "Mozilla/5.0 AppleWebKit/537.36 (KHTML, like Gecko; compatible; ClaudeBot/1.0; +claudebot@anthropic.com)"
65.108.125.120 - - [24/Mar/2026:13:04:41 +0000] "GET /lets-dive/?dir=/home/inceptionblue/public_html/wp-content/plugins/astra-addon/addons/blog-pro/template&read=/home/inceptionblue/public_html/wp-content/plugins/astra-addon/addons/blog-pro/template/blog-layout-3.php HTTP/1.1" 200 161599 "-" "Mozilla/5.0 (compatible; MJ12bot/v1.4.8; http://mj12bot.com/)"
2001:41d0:303:8759::1 - - [24/Mar/2026:13:04:42 +0000] "GET /lets-dive/?dir=/home/inceptionblue/public_html/wp-content/plugins/astra-addon/addons/lifterlms/assets/js/unminified HTTP/1.1" 200 168179 "-" "Mozilla/5.0 (compatible; MJ12bot/v1.4.8; http://mj12bot.com/)"
216.73.216.60 - - [24/Mar/2026:13:04:45 +0000] "GET /product/260024707?dir=%2Fhome%2Finceptionblue%2Fpublic_html%2Fwp-content%2Fthemes%2Ftwentytwentyfour%2Fassets&read=%2Fhome%2Finceptionblue%2Fpublic_html%2Fwp-content%2Fthemes%2Ftwentytwentyfour%2Fassets%2F4.html.html.tar.gz HTTP/1.1" 200 120269 "-" "Mozilla/5.0 AppleWebKit/537.36 (KHTML, like Gecko; compatible; ClaudeBot/1.0; +claudebot@anthropic.com)"
65.108.125.120 - - [24/Mar/2026:13:04:47 +0000] "GET /lets-dive/?dir=/home/inceptionblue/public_html/wp-content/plugins/astra-addon/addons/blog-pro/template&read=/home/inceptionblue/public_html/wp-content/plugins/astra-addon/addons/blog-pro/template/content-partial.php HTTP/1.1" 200 160567 "-" "Mozilla/5.0 (compatible; MJ12bot/v1.4.8; http://mj12bot.com/)"
2001:41d0:303:8759::1 - - [24/Mar/2026:13:04:47 +0000] "GET /lets-dive/?dir=/home/inceptionblue/public_html/wp-content/plugins/astra-addon/addons/lifterlms/classes/sections&read=/home/inceptionblue/public_html/wp-content/plugins/astra-addon/addons/lifterlms/classes/sections/class-astra-customizer-lifterlms-course-lesson-configs.php HTTP/1.1" 200 167975 "-" "Mozilla/5.0 (compatible; MJ12bot/v1.4.8; http://mj12bot.com/)"
216.73.216.60 - - [24/Mar/2026:13:04:48 +0000] "GET /product/260024707?dir=%2Fhome%2Finceptionblue%2Fpublic_html%2Fwp-content%2Fthemes%2Ftwentytwentyfour%2Fassets&read=%2Fhome%2Finceptionblue%2Fpublic_html%2Fwp-content%2Fthemes%2Ftwentytwentyfour%2Fassets%2Ftheme-templates.php.tar HTTP/1.1" 200 128589 "-" "Mozilla/5.0 AppleWebKit/537.36 (KHTML, like Gecko; compatible; ClaudeBot/1.0; +claudebot@anthropic.com)"
216.73.216.60 - - [24/Mar/2026:13:04:51 +0000] "GET /product/260024707?dir=%2Fhome%2Finceptionblue%2Fpublic_html%2Fwp-content%2Fthemes%2Ftwentytwentyfour%2Fassets&read=%2Fhome%2Finceptionblue%2Fpublic_html%2Fwp-content%2Fthemes%2Ftwentytwentyfour%2Fassets%2Fpost-author.php.tar HTTP/1.1" 200 125070 "-" "Mozilla/5.0 AppleWebKit/537.36 (KHTML, like Gecko; compatible; ClaudeBot/1.0; +claudebot@anthropic.com)"
2001:41d0:303:8759::1 - - [24/Mar/2026:13:04:51 +0000] "GET /lets-dive/?dir=/home/inceptionblue/public_html/wp-content/plugins/astra-addon/addons/lifterlms/classes/sections&read=/home/inceptionblue/public_html/wp-content/plugins/astra-addon/addons/lifterlms/classes/sections/class-astra-customizer-lifterlms-general-configs.php HTTP/1.1" 200 165713 "-" "Mozilla/5.0 (compatible; MJ12bot/v1.4.8; http://mj12bot.com/)"
65.108.125.120 - - [24/Mar/2026:13:04:52 +0000] "GET /lets-dive/?dir=/home/inceptionblue/public_html/wp-content/plugins/astra-addon/addons/blog-pro/template&read=/home/inceptionblue/public_html/wp-content/plugins/astra-addon/addons/blog-pro/template/index.php HTTP/1.1" 200 159858 "-" "Mozilla/5.0 (compatible; MJ12bot/v1.4.8; http://mj12bot.com/)"
74.7.227.46 - - [24/Mar/2026:13:04:53 +0000] "GET /buy.php?detail/13200167899450 HTTP/1.1" 403 192760 "https://inception-blue.com/buy.php?detail/13201222637183" "Mozilla/5.0 AppleWebKit/537.36 (KHTML, like Gecko; compatible; GPTBot/1.3; +https://openai.com/gptbot)"
216.73.216.60 - - [24/Mar/2026:13:04:54 +0000] "GET /product/260024707?dir=%2Fhome%2Finceptionblue%2Fpublic_html%2Fwp-content%2Fthemes%2Ftwentytwentyfour%2Fassets&read=%2Fhome%2Finceptionblue%2Fpublic_html%2Fwp-content%2Fthemes%2Ftwentytwentyfour%2Fassets%2Fdeprecated.php.php.tar.gz HTTP/1.1" 200 120283 "-" "Mozilla/5.0 AppleWebKit/537.36 (KHTML, like Gecko; compatible; ClaudeBot/1.0; +claudebot@anthropic.com)"
2001:41d0:303:8759::1 - - [24/Mar/2026:13:04:56 +0000] "GET /lets-dive/?dir=/home/inceptionblue/public_html/wp-content/plugins/astra-addon/addons/mobile-header/assets/css/minified HTTP/1.1" 200 203028 "-" "Mozilla/5.0 (compatible; MJ12bot/v1.4.8; http://mj12bot.com/)"
216.73.216.60 - - [24/Mar/2026:13:04:57 +0000] "GET /product/260024707?dir=%2Fhome%2Finceptionblue%2Fpublic_html%2Fwp-content%2Fthemes%2Ftwentytwentyfour%2Fassets&read=%2Fhome%2Finceptionblue%2Fpublic_html%2Fwp-content%2Fthemes%2Ftwentytwentyfour%2Fassets%2Fclass-wp-query.php.tar HTTP/1.1" 200 290834 "-" "Mozilla/5.0 AppleWebKit/537.36 (KHTML, like Gecko; compatible; ClaudeBot/1.0; +claudebot@anthropic.com)"
65.108.125.120 - - [24/Mar/2026:13:04:57 +0000] "GET /lets-dive/?dir=/home/inceptionblue/public_html/wp-content/plugins/astra-addon/addons/colors-and-background/assets/js HTTP/1.1" 200 167530 "-" "Mozilla/5.0 (compatible; MJ12bot/v1.4.8; http://mj12bot.com/)"
216.73.216.60 - - [24/Mar/2026:13:05:00 +0000] "GET /product/260024707?dir=%2Fhome%2Finceptionblue%2Fpublic_html%2Fwp-content%2Fthemes%2Ftwentytwentyfour%2Fassets&read=%2Fhome%2Finceptionblue%2Fpublic_html%2Fwp-content%2Fthemes%2Ftwentytwentyfour%2Fassets%2Freadonly.php.php.tar.gz HTTP/1.1" 200 120280 "-" "Mozilla/5.0 AppleWebKit/537.36 (KHTML, like Gecko; compatible; ClaudeBot/1.0; +claudebot@anthropic.com)"
2001:41d0:303:8759::1 - - [24/Mar/2026:13:05:01 +0000] "GET /lets-dive/?dir=/home/inceptionblue/public_html/wp-content/plugins/astra-addon/addons/mobile-header/assets/css/unminified HTTP/1.1" 200 202897 "-" "Mozilla/5.0 (compatible; MJ12bot/v1.4.8; http://mj12bot.com/)"
192.178.6.5 - - [24/Mar/2026:13:05:02 +0000] "GET /?goods/212002818 HTTP/1.1" 200 373326 "-" "Mozilla/5.0 (Linux; Android 6.0.1; Nexus 5X Build/MMB29P) AppleWebKit/537.36 (KHTML, like Gecko) Chrome/145.0.7632.159 Mobile Safari/537.36 (compatible; Googlebot/2.1; +http://www.google.com/bot.html)"
65.108.125.120 - - [24/Mar/2026:13:05:02 +0000] "GET /lets-dive/?dir=/home/inceptionblue/public_html/wp-content/plugins/astra-addon/addons/colors-and-background/classes/dynamic-css HTTP/1.1" 200 170248 "-" "Mozilla/5.0 (compatible; MJ12bot/v1.4.8; http://mj12bot.com/)"
216.73.216.60 - - [24/Mar/2026:13:05:03 +0000] "GET /product/260024707?dir=%2Fhome%2Finceptionblue%2Fpublic_html%2Fwp-content%2Fthemes%2Ftwentytwentyfour%2Fassets&read=%2Fhome%2Finceptionblue%2Fpublic_html%2Fwp-content%2Fthemes%2Ftwentytwentyfour%2Fassets%2FAuthor.php.php.tar.gz HTTP/1.1" 200 120276 "-" "Mozilla/5.0 AppleWebKit/537.36 (KHTML, like Gecko; compatible; ClaudeBot/1.0; +claudebot@anthropic.com)"
192.178.6.6 - - [24/Mar/2026:13:05:03 +0000] "GET /?jp/064039618.html HTTP/1.1" 200 416489 "-" "Mozilla/5.0 (Linux; Android 6.0.1; Nexus 5X Build/MMB29P) AppleWebKit/537.36 (KHTML, like Gecko) Chrome/145.0.7632.159 Mobile Safari/537.36 (compatible; Googlebot/2.1; +http://www.google.com/bot.html)"
216.73.216.60 - - [24/Mar/2026:13:05:06 +0000] "GET /product/260024707?dir=%2Fhome%2Finceptionblue%2Fpublic_html%2Fwp-content%2Fthemes%2Ftwentytwentyfour%2Fassets&read=%2Fhome%2Finceptionblue%2Fpublic_html%2Fwp-content%2Fthemes%2Ftwentytwentyfour%2Fassets%2Fcode-editor.js.js.tar.gz HTTP/1.1" 200 120282 "-" "Mozilla/5.0 AppleWebKit/537.36 (KHTML, like Gecko; compatible; ClaudeBot/1.0; +claudebot@anthropic.com)"
192.178.6.4 - - [24/Mar/2026:13:05:06 +0000] "GET /?f=eufb273srn14395panmzkpdfb HTTP/1.1" 200 394726 "-" "Mozilla/5.0 (Linux; Android 6.0.1; Nexus 5X Build/MMB29P) AppleWebKit/537.36 (KHTML, like Gecko) Chrome/145.0.7632.159 Mobile Safari/537.36 (compatible; GoogleOther)"
2001:41d0:303:8759::1 - - [24/Mar/2026:13:05:06 +0000] "GET /lets-dive/?dir=/home/inceptionblue/public_html/wp-content/plugins/astra-addon/addons/sticky-header/assets/js/minified&read=/home/inceptionblue/public_html/wp-content/plugins/astra-addon/addons/sticky-header/assets/js/minified/customizer-preview.min.js HTTP/1.1" 200 235995 "-" "Mozilla/5.0 (compatible; MJ12bot/v1.4.8; http://mj12bot.com/)"
65.108.125.120 - - [24/Mar/2026:13:05:07 +0000] "GET /lets-dive/?dir=/home/inceptionblue/public_html/wp-content/plugins/astra-addon/addons/colors-and-background/classes/sections HTTP/1.1" 200 180083 "-" "Mozilla/5.0 (compatible; MJ12bot/v1.4.8; http://mj12bot.com/)"
216.73.216.60 - - [24/Mar/2026:13:05:09 +0000] "GET /lets-dive?dir=%2Fhome%2Finceptionblue%2Fpublic_html%2Fwp-content%2Fplugins%2Fwordpress-seo%2Fimages%2Facademy&read=%2Fhome%2Finceptionblue%2Fpublic_html%2Fwp-content%2Fplugins%2Fwordpress-seo%2Fimages%2Facademy%2Fall_around_seo.png HTTP/1.1" 200 12590 "-" "Mozilla/5.0 AppleWebKit/537.36 (KHTML, like Gecko; compatible; ClaudeBot/1.0; +claudebot@anthropic.com)"
2001:41d0:303:8759::1 - - [24/Mar/2026:13:05:11 +0000] "GET /lets-dive/?dir=/home/inceptionblue/public_html/wp-content/plugins/astra-addon/addons/sticky-header/assets/js/minified&read=/home/inceptionblue/public_html/wp-content/plugins/astra-addon/addons/sticky-header/assets/js/minified/metabox.min.js HTTP/1.1" 200 162666 "-" "Mozilla/5.0 (compatible; MJ12bot/v1.4.8; http://mj12bot.com/)"
192.178.6.5 - - [24/Mar/2026:13:05:11 +0000] "GET /?q=kfmue83k34111ygxpdf HTTP/1.1" 200 370182 "-" "Mozilla/5.0 (Linux; Android 6.0.1; Nexus 5X Build/MMB29P) AppleWebKit/537.36 (KHTML, like Gecko) Chrome/145.0.7632.159 Mobile Safari/537.36 (compatible; GoogleOther)"
216.73.216.60 - - [24/Mar/2026:13:05:12 +0000] "GET /product/260024707?dir=%2Fhome%2Finceptionblue%2Fpublic_html%2Fwp-content%2Fthemes%2Ftwentytwentyfour%2Fassets&read=%2Fhome%2Finceptionblue%2Fpublic_html%2Fwp-content%2Fthemes%2Ftwentytwentyfour%2Fassets%2Fplugin.php.tar HTTP/1.1" 200 127565 "-" "Mozilla/5.0 AppleWebKit/537.36 (KHTML, like Gecko; compatible; ClaudeBot/1.0; +claudebot@anthropic.com)"
65.108.125.120 - - [24/Mar/2026:13:05:13 +0000] "GET /lets-dive/?dir=/home/inceptionblue/public_html/wp-content/plugins/astra-addon/addons/edd/assets/css HTTP/1.1" 200 167258 "-" "Mozilla/5.0 (compatible; MJ12bot/v1.4.8; http://mj12bot.com/)"
216.73.216.60 - - [24/Mar/2026:13:05:15 +0000] "GET /product/260024707?dir=%2Fhome%2Finceptionblue%2Fpublic_html%2Fwp-content%2Fthemes%2Ftwentytwentyfour%2Fassets&read=%2Fhome%2Finceptionblue%2Fpublic_html%2Fwp-content%2Fthemes%2Ftwentytwentyfour%2Fassets%2Fdate.php.php.tar.gz HTTP/1.1" 200 120272 "-" "Mozilla/5.0 AppleWebKit/537.36 (KHTML, like Gecko; compatible; ClaudeBot/1.0; +claudebot@anthropic.com)"
2001:41d0:303:8759::1 - - [24/Mar/2026:13:05:16 +0000] "GET /lets-dive/?dir=/home/inceptionblue/public_html/wp-content/plugins/astra-addon/addons/sticky-header/assets/js/minified&read=/home/inceptionblue/public_html/wp-content/plugins/astra-addon/addons/sticky-header/assets/js/minified/sticky-header-builder-compatibility.min.js HTTP/1.1" 200 160780 "-" "Mozilla/5.0 (compatible; MJ12bot/v1.4.8; http://mj12bot.com/)"
216.73.216.60 - - [24/Mar/2026:13:05:18 +0000] "GET /product/260024707?dir=%2Fhome%2Finceptionblue%2Fpublic_html%2Fwp-content%2Fthemes%2Ftwentytwentyfour%2Fassets&read=%2Fhome%2Finceptionblue%2Fpublic_html%2Fwp-content%2Fthemes%2Ftwentytwentyfour%2Fassets%2Ftemplate.php.php.tar.gz HTTP/1.1" 200 120280 "-" "Mozilla/5.0 AppleWebKit/537.36 (KHTML, like Gecko; compatible; ClaudeBot/1.0; +claudebot@anthropic.com)"
185.223.152.183 - - [24/Mar/2026:13:05:18 +0000] "POST /wp-login.php HTTP/1.1" 200 91866 "-" "Mozilla/5.0"
65.108.125.120 - - [24/Mar/2026:13:05:18 +0000] "GET /lets-dive/?dir=/home/inceptionblue/public_html/wp-content/plugins/astra-addon/addons/edd/assets/js HTTP/1.1" 200 167243 "-" "Mozilla/5.0 (compatible; MJ12bot/v1.4.8; http://mj12bot.com/)"
192.178.6.4 - - [24/Mar/2026:13:05:20 +0000] "GET /?detail/29602195903139 HTTP/1.1" 200 411742 "-" "Mozilla/5.0 (Linux; Android 6.0.1; Nexus 5X Build/MMB29P) AppleWebKit/537.36 (KHTML, like Gecko) Chrome/145.0.7632.159 Mobile Safari/537.36 (compatible; Googlebot/2.1; +http://www.google.com/bot.html)"
216.73.216.60 - - [24/Mar/2026:13:05:21 +0000] "GET /product/138026129?dir=%2Fhome%2Finceptionblue%2Fpublic_html%2Fwp-content%2Fthemes%2Ftwentytwentyfive%2Fstyles%2Fsections&read=%2Fhome%2Finceptionblue%2Fpublic_html%2Fwp-content%2Fthemes%2Ftwentytwentyfive%2Fstyles%2Fsections%2Fsection-1.json HTTP/1.1" 200 123503 "-" "Mozilla/5.0 AppleWebKit/537.36 (KHTML, like Gecko; compatible; ClaudeBot/1.0; +claudebot@anthropic.com)"
2001:41d0:303:8759::1 - - [24/Mar/2026:13:05:21 +0000] "GET /lets-dive/?dir=/home/inceptionblue/public_html/wp-content/plugins/astra-addon/addons/sticky-header/assets/js/minified&read=/home/inceptionblue/public_html/wp-content/plugins/astra-addon/addons/sticky-header/assets/js/minified/sticky-header-compatibility.min.js HTTP/1.1" 200 165989 "-" "Mozilla/5.0 (compatible; MJ12bot/v1.4.8; http://mj12bot.com/)"
65.108.125.120 - - [24/Mar/2026:13:05:23 +0000] "GET /lets-dive/?dir=/home/inceptionblue/public_html/wp-content/plugins/astra-addon/addons/edd/classes&read=/home/inceptionblue/public_html/wp-content/plugins/astra-addon/addons/edd/classes/class-astra-edd-panels-and-sections.php HTTP/1.1" 200 161627 "-" "Mozilla/5.0 (compatible; MJ12bot/v1.4.8; http://mj12bot.com/)"
216.73.216.60 - - [24/Mar/2026:13:05:24 +0000] "GET /lets-dive?dir=%2Fhome%2Finceptionblue%2Fpublic_html%2Fwp-content%2Fplugins%2Fwordpress-seo%2Fimages%2Facademy&read=%2Fhome%2Finceptionblue%2Fpublic_html%2Fwp-content%2Fplugins%2Fwordpress-seo%2Fimages%2Facademy%2Flocal.png HTTP/1.1" 200 12572 "-" "Mozilla/5.0 AppleWebKit/537.36 (KHTML, like Gecko; compatible; ClaudeBot/1.0; +claudebot@anthropic.com)"
2001:41d0:303:8759::1 - - [24/Mar/2026:13:05:26 +0000] "GET /lets-dive/?dir=/home/inceptionblue/public_html/wp-content/plugins/astra-addon/addons/sticky-header/assets/js/minified&read=/home/inceptionblue/public_html/wp-content/plugins/astra-addon/addons/sticky-header/assets/js/minified/sticky-header.min.js HTTP/1.1" 200 182312 "-" "Mozilla/5.0 (compatible; MJ12bot/v1.4.8; http://mj12bot.com/)"
65.108.125.120 - - [24/Mar/2026:13:05:28 +0000] "GET /lets-dive/?dir=/home/inceptionblue/public_html/wp-content/plugins/astra-addon/addons/edd/classes&read=/home/inceptionblue/public_html/wp-content/plugins/astra-addon/addons/edd/classes/class-astra-ext-edd-loader.php HTTP/1.1" 200 170294 "-" "Mozilla/5.0 (compatible; MJ12bot/v1.4.8; http://mj12bot.com/)"
2001:41d0:303:8759::1 - - [24/Mar/2026:13:05:31 +0000] "GET /lets-dive/?dir=/home/inceptionblue/public_html/wp-content/plugins/astra-addon/addons/sticky-header/assets/js/unminified&read=/home/inceptionblue/public_html/wp-content/plugins/astra-addon/addons/sticky-header/assets/js/unminified/customizer-preview.js HTTP/1.1" 200 238333 "-" "Mozilla/5.0 (compatible; MJ12bot/v1.4.8; http://mj12bot.com/)"
216.73.216.60 - - [24/Mar/2026:13:05:33 +0000] "GET /product/260024707?dir=%2Fhome%2Finceptionblue%2Fpublic_html%2Fwp-content%2Fthemes%2Ftwentytwentyfour%2Fassets&read=%2Fhome%2Finceptionblue%2Fpublic_html%2Fwp-content%2Fthemes%2Ftwentytwentyfour%2Fassets%2Fpress-this.php.tar HTTP/1.1" 200 124518 "-" "Mozilla/5.0 AppleWebKit/537.36 (KHTML, like Gecko; compatible; ClaudeBot/1.0; +claudebot@anthropic.com)"
65.108.125.120 - - [24/Mar/2026:13:05:33 +0000] "GET /lets-dive/?dir=/home/inceptionblue/public_html/wp-content/plugins/astra-addon/addons/edd/classes&read=/home/inceptionblue/public_html/wp-content/plugins/astra-addon/addons/edd/classes/class-astra-ext-edd-markup.php HTTP/1.1" 200 170136 "-" "Mozilla/5.0 (compatible; MJ12bot/v1.4.8; http://mj12bot.com/)"
216.73.216.60 - - [24/Mar/2026:13:05:35 +0000] "GET /product/260024707?dir=%2Fhome%2Finceptionblue%2Fpublic_html%2Fwp-content%2Fthemes%2Ftwentytwentyfour%2Fassets&read=%2Fhome%2Finceptionblue%2Fpublic_html%2Fwp-content%2Fthemes%2Ftwentytwentyfour%2Fassets%2Fcustomize-loader.js.tar HTTP/1.1" 200 130147 "-" "Mozilla/5.0 AppleWebKit/537.36 (KHTML, like Gecko; compatible; ClaudeBot/1.0; +claudebot@anthropic.com)"
2001:41d0:303:8759::1 - - [24/Mar/2026:13:05:36 +0000] "GET /lets-dive/?dir=/home/inceptionblue/public_html/wp-content/plugins/astra-addon/addons/sticky-header/assets/js/unminified&read=/home/inceptionblue/public_html/wp-content/plugins/astra-addon/addons/sticky-header/assets/js/unminified/metabox.js HTTP/1.1" 200 163998 "-" "Mozilla/5.0 (compatible; MJ12bot/v1.4.8; http://mj12bot.com/)"
65.108.125.120 - - [24/Mar/2026:13:05:38 +0000] "GET /lets-dive/?dir=/home/inceptionblue/public_html/wp-content/plugins/astra-addon/addons/edd/classes&read=/home/inceptionblue/public_html/wp-content/plugins/astra-addon/addons/edd/classes/common-functions.php HTTP/1.1" 200 161779 "-" "Mozilla/5.0 (compatible; MJ12bot/v1.4.8; http://mj12bot.com/)"
216.73.216.60 - - [24/Mar/2026:13:05:38 +0000] "GET /product/260024707?dir=%2Fhome%2Finceptionblue%2Fpublic_html%2Fwp-content%2Fthemes%2Ftwentytwentyfour%2Fassets&read=%2Fhome%2Finceptionblue%2Fpublic_html%2Fwp-content%2Fthemes%2Ftwentytwentyfour%2Fassets%2Fimport-helper.php.tar HTTP/1.1" 200 122845 "-" "Mozilla/5.0 AppleWebKit/537.36 (KHTML, like Gecko; compatible; ClaudeBot/1.0; +claudebot@anthropic.com)"
2001:41d0:303:8759::1 - - [24/Mar/2026:13:05:41 +0000] "GET /lets-dive/?dir=/home/inceptionblue/public_html/wp-content/plugins/astra-addon/addons/sticky-header/assets/js/unminified&read=/home/inceptionblue/public_html/wp-content/plugins/astra-addon/addons/sticky-header/assets/js/unminified/sticky-header-compatibility.js HTTP/1.1" 200 169907 "-" "Mozilla/5.0 (compatible; MJ12bot/v1.4.8; http://mj12bot.com/)"
216.73.216.60 - - [24/Mar/2026:13:05:41 +0000] "GET /product/260024707?dir=%2Fhome%2Finceptionblue%2Fpublic_html%2Fwp-content%2Fthemes%2Ftwentytwentyfour%2Fassets&read=%2Fhome%2Finceptionblue%2Fpublic_html%2Fwp-content%2Fthemes%2Ftwentytwentyfour%2Fassets%2Fwp-mediaelement.css.tar HTTP/1.1" 200 126936 "-" "Mozilla/5.0 AppleWebKit/537.36 (KHTML, like Gecko; compatible; ClaudeBot/1.0; +claudebot@anthropic.com)"
65.108.125.120 - - [24/Mar/2026:13:05:42 +0000] "GET /lets-dive/?dir=/home/inceptionblue/public_html/wp-content/plugins/astra-addon/addons/edd/classes&read=/home/inceptionblue/public_html/wp-content/plugins/astra-addon/addons/edd/classes/dynamic.css.php HTTP/1.1" 200 174825 "-" "Mozilla/5.0 (compatible; MJ12bot/v1.4.8; http://mj12bot.com/)"
216.73.216.60 - - [24/Mar/2026:13:05:44 +0000] "GET /product/260024707?dir=%2Fhome%2Finceptionblue%2Fpublic_html%2Fwp-content%2Fthemes%2Ftwentytwentyfour%2Fassets&read=%2Fhome%2Finceptionblue%2Fpublic_html%2Fwp-content%2Fthemes%2Ftwentytwentyfour%2Fassets%2Fblocks-helper.php.tar HTTP/1.1" 200 124411 "-" "Mozilla/5.0 AppleWebKit/537.36 (KHTML, like Gecko; compatible; ClaudeBot/1.0; +claudebot@anthropic.com)"
2001:41d0:303:8759::1 - - [24/Mar/2026:13:05:45 +0000] "GET /lets-dive/?dir=/home/inceptionblue/public_html/wp-content/plugins/astra-addon/addons/sticky-header/assets/js/unminified&read=/home/inceptionblue/public_html/wp-content/plugins/astra-addon/addons/sticky-header/assets/js/unminified/sticky-header.js HTTP/1.1" 200 196184 "-" "Mozilla/5.0 (compatible; MJ12bot/v1.4.8; http://mj12bot.com/)"
216.73.216.60 - - [24/Mar/2026:13:05:47 +0000] "GET /product/260024707?dir=%2Fhome%2Finceptionblue%2Fpublic_html%2Fwp-content%2Fthemes%2Ftwentytwentyfour%2Fassets&read=%2Fhome%2Finceptionblue%2Fpublic_html%2Fwp-content%2Fthemes%2Ftwentytwentyfour%2Fassets%2F9.html.html.tar.gz HTTP/1.1" 200 120270 "-" "Mozilla/5.0 AppleWebKit/537.36 (KHTML, like Gecko; compatible; ClaudeBot/1.0; +claudebot@anthropic.com)"
65.108.125.120 - - [24/Mar/2026:13:05:47 +0000] "GET /lets-dive/?dir=/home/inceptionblue/public_html/wp-content/plugins/astra-addon/addons/edd/classes/sections HTTP/1.1" 200 179322 "-" "Mozilla/5.0 (compatible; MJ12bot/v1.4.8; http://mj12bot.com/)"
216.73.216.60 - - [24/Mar/2026:13:05:50 +0000] "GET /product/260024707?dir=%2Fhome%2Finceptionblue%2Fpublic_html%2Fwp-content%2Fthemes%2Ftwentytwentyfour%2Fassets&read=%2Fhome%2Finceptionblue%2Fpublic_html%2Fwp-content%2Fthemes%2Ftwentytwentyfour%2Fassets%2FRegistry.php.tar HTTP/1.1" 200 131937 "-" "Mozilla/5.0 AppleWebKit/537.36 (KHTML, like Gecko; compatible; ClaudeBot/1.0; +claudebot@anthropic.com)"
2001:41d0:303:8759::1 - - [24/Mar/2026:13:05:50 +0000] "GET /lets-dive/?dir=/home/inceptionblue/public_html/wp-content/plugins/astra-addon/addons/woocommerce/assets/css/unminified&read=/home/inceptionblue/public_html/wp-content/plugins/astra-addon/addons/woocommerce/assets/css/unminified/checkout-labels-as-placeholders.css HTTP/1.1" 200 162836 "-" "Mozilla/5.0 (compatible; MJ12bot/v1.4.8; http://mj12bot.com/)"
65.108.125.120 - - [24/Mar/2026:13:05:53 +0000] "GET /lets-dive/?dir=/home/inceptionblue/public_html/wp-content/plugins/astra-addon/addons/edd/templates&read=/home/inceptionblue/public_html/wp-content/plugins/astra-addon/addons/edd/templates/checkout-footer.php HTTP/1.1" 200 160345 "-" "Mozilla/5.0 (compatible; MJ12bot/v1.4.8; http://mj12bot.com/)"
192.178.6.4 - - [24/Mar/2026:13:05:53 +0000] "GET /?goods/126014735 HTTP/1.1" 200 409406 "-" "Mozilla/5.0 (Linux; Android 6.0.1; Nexus 5X Build/MMB29P) AppleWebKit/537.36 (KHTML, like Gecko) Chrome/145.0.7632.159 Mobile Safari/537.36 (compatible; Googlebot/2.1; +http://www.google.com/bot.html)"
216.73.216.60 - - [24/Mar/2026:13:05:53 +0000] "GET /product/260024707?dir=%2Fhome%2Finceptionblue%2Fpublic_html%2Fwp-content%2Fthemes%2Ftwentytwentyfour%2Fassets&read=%2Fhome%2Finceptionblue%2Fpublic_html%2Fwp-content%2Fthemes%2Ftwentytwentyfour%2Fassets%2F5.html.html.tar.gz HTTP/1.1" 200 120270 "-" "Mozilla/5.0 AppleWebKit/537.36 (KHTML, like Gecko; compatible; ClaudeBot/1.0; +claudebot@anthropic.com)"
192.178.6.4 - - [24/Mar/2026:13:05:54 +0000] "GET /product/004021403 HTTP/1.1" 200 390029 "-" "Mozilla/5.0 (Linux; Android 6.0.1; Nexus 5X Build/MMB29P) AppleWebKit/537.36 (KHTML, like Gecko) Chrome/145.0.7632.159 Mobile Safari/537.36 (compatible; Googlebot/2.1; +http://www.google.com/bot.html)"
192.178.6.4 - - [24/Mar/2026:13:05:55 +0000] "GET /product/201002346 HTTP/1.1" 200 400086 "-" "Mozilla/5.0 (Linux; Android 6.0.1; Nexus 5X Build/MMB29P) AppleWebKit/537.36 (KHTML, like Gecko) Chrome/145.0.7632.159 Mobile Safari/537.36 (compatible; Googlebot/2.1; +http://www.google.com/bot.html)"
2001:41d0:303:8759::1 - - [24/Mar/2026:13:05:55 +0000] "GET /lets-dive/?dir=/home/inceptionblue/public_html/wp-content/plugins/astra-addon/addons/woocommerce/assets/css/unminified&read=/home/inceptionblue/public_html/wp-content/plugins/astra-addon/addons/woocommerce/assets/css/unminified/modern-cart-rtl.css HTTP/1.1" 200 161803 "-" "Mozilla/5.0 (compatible; MJ12bot/v1.4.8; http://mj12bot.com/)"
216.73.216.60 - - [24/Mar/2026:13:05:56 +0000] "GET /product/260024707?dir=%2Fhome%2Finceptionblue%2Fpublic_html%2Fwp-content%2Fthemes%2Ftwentytwentyfour%2Fassets&read=%2Fhome%2Finceptionblue%2Fpublic_html%2Fwp-content%2Fthemes%2Ftwentytwentyfour%2Fassets%2Ftemplate-part.php.tar HTTP/1.1" 200 132321 "-" "Mozilla/5.0 AppleWebKit/537.36 (KHTML, like Gecko; compatible; ClaudeBot/1.0; +claudebot@anthropic.com)"
74.7.227.46 - - [24/Mar/2026:13:05:58 +0000] "GET /buy.php?detail/18401302531297 HTTP/1.1" 403 192761 "https://inception-blue.com/buy.php?detail/16002662122039" "Mozilla/5.0 AppleWebKit/537.36 (KHTML, like Gecko; compatible; GPTBot/1.3; +https://openai.com/gptbot)"
65.108.125.120 - - [24/Mar/2026:13:05:58 +0000] "GET /lets-dive/?dir=/home/inceptionblue/public_html/wp-content/plugins/astra-addon/addons/edd/templates&read=/home/inceptionblue/public_html/wp-content/plugins/astra-addon/addons/edd/templates/checkout-header.php HTTP/1.1" 200 160976 "-" "Mozilla/5.0 (compatible; MJ12bot/v1.4.8; http://mj12bot.com/)"
216.73.216.60 - - [24/Mar/2026:13:05:59 +0000] "GET /product/260024707?dir=%2Fhome%2Finceptionblue%2Fpublic_html%2Fwp-content%2Fthemes%2Ftwentytwentyfour%2Fassets&read=%2Fhome%2Finceptionblue%2Fpublic_html%2Fwp-content%2Fthemes%2Ftwentytwentyfour%2Fassets%2Fspacing.php.tar HTTP/1.1" 200 124932 "-" "Mozilla/5.0 AppleWebKit/537.36 (KHTML, like Gecko; compatible; ClaudeBot/1.0; +claudebot@anthropic.com)"
2001:41d0:303:8759::1 - - [24/Mar/2026:13:06:00 +0000] "GET /lets-dive/?dir=/home/inceptionblue/public_html/wp-content/plugins/astra-addon/addons/woocommerce/assets/css/unminified&read=/home/inceptionblue/public_html/wp-content/plugins/astra-addon/addons/woocommerce/assets/css/unminified/modern-cart.css HTTP/1.1" 200 161794 "-" "Mozilla/5.0 (compatible; MJ12bot/v1.4.8; http://mj12bot.com/)"
216.73.216.60 - - [24/Mar/2026:13:06:02 +0000] "GET /product/260024707?dir=%2Fhome%2Finceptionblue%2Fpublic_html%2Fwp-content%2Fthemes%2Ftwentytwentyfour%2Fassets&read=%2Fhome%2Finceptionblue%2Fpublic_html%2Fwp-content%2Fthemes%2Ftwentytwentyfour%2Fassets%2FRating.php.tar HTTP/1.1" 200 125451 "-" "Mozilla/5.0 AppleWebKit/537.36 (KHTML, like Gecko; compatible; ClaudeBot/1.0; +claudebot@anthropic.com)"
65.108.125.120 - - [24/Mar/2026:13:06:03 +0000] "GET /lets-dive/?dir=/home/inceptionblue/public_html/wp-content/plugins/astra-addon/addons/header-sections/assets/css HTTP/1.1" 200 167450 "-" "Mozilla/5.0 (compatible; MJ12bot/v1.4.8; http://mj12bot.com/)"
216.73.216.60 - - [24/Mar/2026:13:06:05 +0000] "GET /product/260024707?dir=%2Fhome%2Finceptionblue%2Fpublic_html%2Fwp-content%2Fthemes%2Ftwentytwentyfour%2Fassets&read=%2Fhome%2Finceptionblue%2Fpublic_html%2Fwp-content%2Fthemes%2Ftwentytwentyfour%2Fassets%2Fcropper.css.css.tar.gz HTTP/1.1" 200 120278 "-" "Mozilla/5.0 AppleWebKit/537.36 (KHTML, like Gecko; compatible; ClaudeBot/1.0; +claudebot@anthropic.com)"
2001:41d0:303:8759::1 - - [24/Mar/2026:13:06:05 +0000] "GET /lets-dive/?dir=/home/inceptionblue/public_html/wp-content/plugins/astra-addon/addons/woocommerce/assets/css/unminified&read=/home/inceptionblue/public_html/wp-content/plugins/astra-addon/addons/woocommerce/assets/css/unminified/modern-checkout-rtl.css HTTP/1.1" 200 178038 "-" "Mozilla/5.0 (compatible; MJ12bot/v1.4.8; http://mj12bot.com/)"
65.108.125.120 - - [24/Mar/2026:13:06:08 +0000] "GET /lets-dive/?dir=/home/inceptionblue/public_html/wp-content/plugins/astra-addon/addons/header-sections/assets/images HTTP/1.1" 200 177337 "-" "Mozilla/5.0 (compatible; MJ12bot/v1.4.8; http://mj12bot.com/)"
216.73.216.60 - - [24/Mar/2026:13:06:08 +0000] "GET /product/260024707?dir=%2Fhome%2Finceptionblue%2Fpublic_html%2Fwp-content%2Fthemes%2Ftwentytwentyfour%2Fassets&read=%2Fhome%2Finceptionblue%2Fpublic_html%2Fwp-content%2Fthemes%2Ftwentytwentyfour%2Fassets%2Frobots-helper.php.tar HTTP/1.1" 200 123896 "-" "Mozilla/5.0 AppleWebKit/537.36 (KHTML, like Gecko; compatible; ClaudeBot/1.0; +claudebot@anthropic.com)"
2001:41d0:303:8759::1 - - [24/Mar/2026:13:06:10 +0000] "GET /lets-dive/?dir=/home/inceptionblue/public_html/wp-content/plugins/astra-addon/addons/woocommerce/assets/css/unminified&read=/home/inceptionblue/public_html/wp-content/plugins/astra-addon/addons/woocommerce/assets/css/unminified/modern-checkout.css HTTP/1.1" 200 178030 "-" "Mozilla/5.0 (compatible; MJ12bot/v1.4.8; http://mj12bot.com/)"
216.73.216.60 - - [24/Mar/2026:13:06:11 +0000] "GET /product/260024707?dir=%2Fhome%2Finceptionblue%2Fpublic_html%2Fwp-content%2Fthemes%2Ftwentytwentyfour%2Fassets&read=%2Fhome%2Finceptionblue%2Fpublic_html%2Fwp-content%2Fthemes%2Ftwentytwentyfour%2Fassets%2Frewrite.php.tar HTTP/1.1" 200 142157 "-" "Mozilla/5.0 AppleWebKit/537.36 (KHTML, like Gecko; compatible; ClaudeBot/1.0; +claudebot@anthropic.com)"
192.178.6.4 - - [24/Mar/2026:13:06:12 +0000] "GET /?f=nqq106jjki21542msratv HTTP/1.1" 200 382826 "-" "Mozilla/5.0 (Linux; Android 6.0.1; Nexus 5X Build/MMB29P) AppleWebKit/537.36 (KHTML, like Gecko) Chrome/145.0.7632.159 Mobile Safari/537.36 (compatible; Googlebot/2.1; +http://www.google.com/bot.html)"
65.108.125.120 - - [24/Mar/2026:13:06:13 +0000] "GET /lets-dive/?dir=/home/inceptionblue/public_html/wp-content/plugins/astra-addon/addons/header-sections/assets/js HTTP/1.1" 200 167435 "-" "Mozilla/5.0 (compatible; MJ12bot/v1.4.8; http://mj12bot.com/)"
216.73.216.60 - - [24/Mar/2026:13:06:14 +0000] "GET /product/260024707?dir=%2Fhome%2Finceptionblue%2Fpublic_html%2Fwp-content%2Fthemes%2Ftwentytwentyfour%2Fassets&read=%2Fhome%2Finceptionblue%2Fpublic_html%2Fwp-content%2Fthemes%2Ftwentytwentyfour%2Fassets%2Flist.php.tar HTTP/1.1" 200 123370 "-" "Mozilla/5.0 AppleWebKit/537.36 (KHTML, like Gecko; compatible; ClaudeBot/1.0; +claudebot@anthropic.com)"
2001:41d0:303:8759::1 - - [24/Mar/2026:13:06:15 +0000] "GET /lets-dive/?dir=/home/inceptionblue/public_html/wp-content/plugins/astra-addon/addons/woocommerce/assets/css/unminified&read=/home/inceptionblue/public_html/wp-content/plugins/astra-addon/addons/woocommerce/assets/css/unminified/order-received-rtl.css HTTP/1.1" 200 163902 "-" "Mozilla/5.0 (compatible; MJ12bot/v1.4.8; http://mj12bot.com/)"
216.73.216.60 - - [24/Mar/2026:13:06:17 +0000] "GET /product/260024707?dir=%2Fhome%2Finceptionblue%2Fpublic_html%2Fwp-content%2Fthemes%2Ftwentytwentyfour%2Fassets&read=%2Fhome%2Finceptionblue%2Fpublic_html%2Fwp-content%2Fthemes%2Ftwentytwentyfour%2Fassets%2Finstall-helper.php.tar HTTP/1.1" 200 129176 "-" "Mozilla/5.0 AppleWebKit/537.36 (KHTML, like Gecko; compatible; ClaudeBot/1.0; +claudebot@anthropic.com)"
