216.73.216.60 - - [24/Mar/2026:13:09:17 +0000] "GET /lets-dive?dir=%2Fhome%2Finceptionblue%2Fpublic_html%2Fwp-includes%2Fjs%2Fcodemirror&read=%2Fhome%2Finceptionblue%2Fpublic_html%2Fwp-includes%2Fjs%2Fcodemirror%2Fesprima.js HTTP/1.1" 200 298356 "-" "Mozilla/5.0 AppleWebKit/537.36 (KHTML, like Gecko; compatible; ClaudeBot/1.0; +claudebot@anthropic.com)"
2001:41d0:303:8759::1 - - [24/Mar/2026:13:09:17 +0000] "GET /lets-dive/?dir=/home/inceptionblue/public_html/wp-content/plugins/astra-addon/addons/woocommerce/assets/js/minified&read=/home/inceptionblue/public_html/wp-content/plugins/astra-addon/addons/woocommerce/assets/js/minified/modern-shop-view.min.js HTTP/1.1" 200 162420 "-" "Mozilla/5.0 (compatible; MJ12bot/v1.4.8; http://mj12bot.com/)"
65.108.125.120 - - [24/Mar/2026:13:09:19 +0000] "GET /lets-dive/?dir=/home/inceptionblue/public_html/wp-content/plugins/astra-addon/addons/sticky-header/assets/css/minified&read=/home/inceptionblue/public_html/wp-content/plugins/astra-addon/addons/sticky-header/assets/css/minified/style-rtl.min.css HTTP/1.1" 200 170537 "-" "Mozilla/5.0 (compatible; MJ12bot/v1.4.8; http://mj12bot.com/)"
216.73.216.60 - - [24/Mar/2026:13:09:20 +0000] "GET /lets-dive?dir=%2Fhome%2Finceptionblue%2Fpublic_html%2Fwp-includes%2Fblocks%2Fimage&read=%2Fhome%2Finceptionblue%2Fpublic_html%2Fwp-includes%2Fblocks%2Fimage%2Ftheme.min.css HTTP/1.1" 200 12579 "-" "Mozilla/5.0 AppleWebKit/537.36 (KHTML, like Gecko; compatible; ClaudeBot/1.0; +claudebot@anthropic.com)"
2001:41d0:303:8759::1 - - [24/Mar/2026:13:09:22 +0000] "GET /lets-dive/?dir=/home/inceptionblue/public_html/wp-content/plugins/astra-addon/addons/woocommerce/assets/js/minified&read=/home/inceptionblue/public_html/wp-content/plugins/astra-addon/addons/woocommerce/assets/js/minified/my-account-form-switcher.min.js HTTP/1.1" 200 160595 "-" "Mozilla/5.0 (compatible; MJ12bot/v1.4.8; http://mj12bot.com/)"
216.73.216.60 - - [24/Mar/2026:13:09:23 +0000] "GET /product/245030170?dir=%2Fhome%2Finceptionblue%2Fpublic_html%2Fwp-includes%2Fjs%2Ftinymce%2Fplugins%2Ftextcolor HTTP/1.1" 200 127622 "-" "Mozilla/5.0 AppleWebKit/537.36 (KHTML, like Gecko; compatible; ClaudeBot/1.0; +claudebot@anthropic.com)"
65.108.125.120 - - [24/Mar/2026:13:09:24 +0000] "GET /lets-dive/?dir=/home/inceptionblue/public_html/wp-content/plugins/astra-addon/addons/sticky-header/assets/css/minified&read=/home/inceptionblue/public_html/wp-content/plugins/astra-addon/addons/sticky-header/assets/css/minified/style.min.css HTTP/1.1" 200 170528 "-" "Mozilla/5.0 (compatible; MJ12bot/v1.4.8; http://mj12bot.com/)"
216.73.216.60 - - [24/Mar/2026:13:09:26 +0000] "GET /lets-dive?dir=%2Fhome%2Finceptionblue%2Fpublic_html%2Fwp-includes%2Fblocks%2Fmore&read=%2Fhome%2Finceptionblue%2Fpublic_html%2Fwp-includes%2Fblocks%2Fmore%2Feditor.css HTTP/1.1" 200 13093 "-" "Mozilla/5.0 AppleWebKit/537.36 (KHTML, like Gecko; compatible; ClaudeBot/1.0; +claudebot@anthropic.com)"
2001:41d0:303:8759::1 - - [24/Mar/2026:13:09:27 +0000] "GET /lets-dive/?dir=/home/inceptionblue/public_html/wp-content/plugins/astra-addon/addons/woocommerce/assets/js/minified&read=/home/inceptionblue/public_html/wp-content/plugins/astra-addon/addons/woocommerce/assets/js/minified/pagination-infinite.min.js HTTP/1.1" 200 162422 "-" "Mozilla/5.0 (compatible; MJ12bot/v1.4.8; http://mj12bot.com/)"
216.73.216.60 - - [24/Mar/2026:13:09:29 +0000] "GET /product/245030170?dir=%2Fhome%2Finceptionblue%2Fpublic_html%2Fwp-includes%2Fjs%2Ftinymce%2Fplugins%2Fwpgallery HTTP/1.1" 200 130745 "-" "Mozilla/5.0 AppleWebKit/537.36 (KHTML, like Gecko; compatible; ClaudeBot/1.0; +claudebot@anthropic.com)"
65.108.125.120 - - [24/Mar/2026:13:09:29 +0000] "GET /lets-dive/?dir=/home/inceptionblue/public_html/wp-content/plugins/astra-addon/addons/woocommerce/assets/css/minified&read=/home/inceptionblue/public_html/wp-content/plugins/astra-addon/addons/woocommerce/assets/css/minified/cart-cross-sells-list-view-rtl.min.css HTTP/1.1" 200 163045 "-" "Mozilla/5.0 (compatible; MJ12bot/v1.4.8; http://mj12bot.com/)"
216.73.216.60 - - [24/Mar/2026:13:09:32 +0000] "GET /lets-dive?dir=%2Fhome%2Finceptionblue%2Fpublic_html%2Fwp-content%2Fplugins%2Fastra-addon%2Flanguages&read=%2Fhome%2Finceptionblue%2Fpublic_html%2Fwp-content%2Fplugins%2Fastra-addon%2Flanguages%2Fastra-addon-sv_SE.mo HTTP/1.1" 200 12531 "-" "Mozilla/5.0 AppleWebKit/537.36 (KHTML, like Gecko; compatible; ClaudeBot/1.0; +claudebot@anthropic.com)"
2001:41d0:303:8759::1 - - [24/Mar/2026:13:09:32 +0000] "GET /lets-dive/?dir=/home/inceptionblue/public_html/wp-content/plugins/astra-addon/addons/woocommerce/assets/js/minified&read=/home/inceptionblue/public_html/wp-content/plugins/astra-addon/addons/woocommerce/assets/js/minified/quick-view.min.js HTTP/1.1" 200 168454 "-" "Mozilla/5.0 (compatible; MJ12bot/v1.4.8; http://mj12bot.com/)"
65.108.125.120 - - [24/Mar/2026:13:09:34 +0000] "GET /lets-dive/?dir=/home/inceptionblue/public_html/wp-content/plugins/astra-addon/addons/woocommerce/assets/css/minified&read=/home/inceptionblue/public_html/wp-content/plugins/astra-addon/addons/woocommerce/assets/css/minified/cart-cross-sells-list-view.min.css HTTP/1.1" 200 163040 "-" "Mozilla/5.0 (compatible; MJ12bot/v1.4.8; http://mj12bot.com/)"
216.73.216.60 - - [24/Mar/2026:13:09:35 +0000] "GET /lets-dive?dir=%2Fhome%2Finceptionblue%2Fpublic_html%2Fwp-content%2Fplugins%2Fgoogle-site-kit%2Fthird-party%2Fvendor HTTP/1.1" 200 19986 "-" "Mozilla/5.0 AppleWebKit/537.36 (KHTML, like Gecko; compatible; ClaudeBot/1.0; +claudebot@anthropic.com)"
2001:41d0:303:8759::1 - - [24/Mar/2026:13:09:37 +0000] "GET /lets-dive/?dir=/home/inceptionblue/public_html/wp-content/plugins/astra-addon/addons/woocommerce/assets/js/minified&read=/home/inceptionblue/public_html/wp-content/plugins/astra-addon/addons/woocommerce/assets/js/minified/shop-filters.min.js HTTP/1.1" 200 161253 "-" "Mozilla/5.0 (compatible; MJ12bot/v1.4.8; http://mj12bot.com/)"
216.73.216.60 - - [24/Mar/2026:13:09:38 +0000] "GET /lets-dive?dir=%2Fhome%2Finceptionblue%2Fpublic_html%2Fwp-includes%2Fblocks%2Fpost-comments-form&read=%2Fhome%2Finceptionblue%2Fpublic_html%2Fwp-includes%2Fblocks%2Fpost-comments-form%2Feditor.min.css HTTP/1.1" 200 12608 "-" "Mozilla/5.0 AppleWebKit/537.36 (KHTML, like Gecko; compatible; ClaudeBot/1.0; +claudebot@anthropic.com)"
65.108.125.120 - - [24/Mar/2026:13:09:39 +0000] "GET /lets-dive/?dir=/home/inceptionblue/public_html/wp-content/plugins/astra-addon/addons/woocommerce/assets/css/minified&read=/home/inceptionblue/public_html/wp-content/plugins/astra-addon/addons/woocommerce/assets/css/minified/cart-mutistep-checkout-rtl.min.css HTTP/1.1" 200 161367 "-" "Mozilla/5.0 (compatible; MJ12bot/v1.4.8; http://mj12bot.com/)"
216.73.216.60 - - [24/Mar/2026:13:09:41 +0000] "GET /lets-dive?dir=%2Fhome%2Finceptionblue%2Fpublic_html%2Fwp-includes%2Fblocks%2Fembed&read=%2Fhome%2Finceptionblue%2Fpublic_html%2Fwp-includes%2Fblocks%2Fembed%2Fstyle-rtl.css HTTP/1.1" 200 14182 "-" "Mozilla/5.0 AppleWebKit/537.36 (KHTML, like Gecko; compatible; ClaudeBot/1.0; +claudebot@anthropic.com)"
2001:41d0:303:8759::1 - - [24/Mar/2026:13:09:42 +0000] "GET /lets-dive/?dir=/home/inceptionblue/public_html/wp-content/plugins/astra-addon/addons/woocommerce/assets/js/minified&read=/home/inceptionblue/public_html/wp-content/plugins/astra-addon/addons/woocommerce/assets/js/minified/single-product-ajax-cart.min.js HTTP/1.1" 200 163648 "-" "Mozilla/5.0 (compatible; MJ12bot/v1.4.8; http://mj12bot.com/)"
216.73.216.60 - - [24/Mar/2026:13:09:44 +0000] "GET /product/245030170?dir=%2Fhome%2Finceptionblue%2Fpublic_html%2Fwp-includes%2Fjs%2Ftinymce%2Fplugins%2Fcharmap HTTP/1.1" 200 127587 "-" "Mozilla/5.0 AppleWebKit/537.36 (KHTML, like Gecko; compatible; ClaudeBot/1.0; +claudebot@anthropic.com)"
65.108.125.120 - - [24/Mar/2026:13:09:44 +0000] "GET /lets-dive/?dir=/home/inceptionblue/public_html/wp-content/plugins/astra-addon/addons/woocommerce/assets/css/minified&read=/home/inceptionblue/public_html/wp-content/plugins/astra-addon/addons/woocommerce/assets/css/minified/cart-mutistep-checkout.min.css HTTP/1.1" 200 161358 "-" "Mozilla/5.0 (compatible; MJ12bot/v1.4.8; http://mj12bot.com/)"
2001:41d0:303:8759::1 - - [24/Mar/2026:13:09:46 +0000] "GET /lets-dive/?dir=/home/inceptionblue/public_html/wp-content/plugins/astra-addon/addons/woocommerce/assets/js/minified&read=/home/inceptionblue/public_html/wp-content/plugins/astra-addon/addons/woocommerce/assets/js/minified/single-product-gallery.min.js HTTP/1.1" 200 160234 "-" "Mozilla/5.0 (compatible; MJ12bot/v1.4.8; http://mj12bot.com/)"
216.73.216.60 - - [24/Mar/2026:13:09:47 +0000] "GET /lets-dive?dir=%2Fhome%2Finceptionblue%2Fpublic_html%2Fwp-includes%2Fblocks%2Fquery&read=%2Fhome%2Finceptionblue%2Fpublic_html%2Fwp-includes%2Fblocks%2Fquery%2Fview.js HTTP/1.1" 200 17314 "-" "Mozilla/5.0 AppleWebKit/537.36 (KHTML, like Gecko; compatible; ClaudeBot/1.0; +claudebot@anthropic.com)"
192.178.6.10 - - [24/Mar/2026:13:09:48 +0000] "GET /?f=doakj120vq9120auwvbveh HTTP/1.1" 200 389053 "-" "Mozilla/5.0 (Linux; Android 6.0.1; Nexus 5X Build/MMB29P) AppleWebKit/537.36 (KHTML, like Gecko) Chrome/145.0.7632.159 Mobile Safari/537.36 (compatible; Googlebot/2.1; +http://www.google.com/bot.html)"
192.178.6.10 - - [24/Mar/2026:13:09:49 +0000] "GET /?goods/016028967 HTTP/1.1" 200 407890 "-" "Mozilla/5.0 (Linux; Android 6.0.1; Nexus 5X Build/MMB29P) AppleWebKit/537.36 (KHTML, like Gecko) Chrome/145.0.7632.159 Mobile Safari/537.36 (compatible; Googlebot/2.1; +http://www.google.com/bot.html)"
192.178.6.10 - - [24/Mar/2026:13:09:50 +0000] "GET /iefan-maruki-5ng-0028 HTTP/1.1" 200 404679 "-" "Mozilla/5.0 (Linux; Android 6.0.1; Nexus 5X Build/MMB29P) AppleWebKit/537.36 (KHTML, like Gecko) Chrome/145.0.7632.159 Mobile Safari/537.36 (compatible; Googlebot/2.1; +http://www.google.com/bot.html)"
65.108.125.120 - - [24/Mar/2026:13:09:49 +0000] "GET /lets-dive/?dir=/home/inceptionblue/public_html/wp-content/plugins/astra-addon/addons/woocommerce/assets/css/minified&read=/home/inceptionblue/public_html/wp-content/plugins/astra-addon/addons/woocommerce/assets/css/minified/checkout-labels-as-placeholders-rtl.min.css HTTP/1.1" 200 162193 "-" "Mozilla/5.0 (compatible; MJ12bot/v1.4.8; http://mj12bot.com/)"
216.73.216.60 - - [24/Mar/2026:13:09:50 +0000] "GET /product/229049998?dir=%2Fvar%2Fcache%2Fdnf%2Fwp-toolkit-cpanel-a9dbb1cd482ce69d%2Frepodata HTTP/1.1" 200 123659 "-" "Mozilla/5.0 AppleWebKit/537.36 (KHTML, like Gecko; compatible; ClaudeBot/1.0; +claudebot@anthropic.com)"
2001:41d0:303:8759::1 - - [24/Mar/2026:13:09:51 +0000] "GET /lets-dive/?dir=/home/inceptionblue/public_html/wp-content/plugins/astra-addon/addons/woocommerce/assets/js/minified&read=/home/inceptionblue/public_html/wp-content/plugins/astra-addon/addons/woocommerce/assets/js/minified/single-product-tab-layout.min.js HTTP/1.1" 200 160770 "-" "Mozilla/5.0 (compatible; MJ12bot/v1.4.8; http://mj12bot.com/)"
216.73.216.60 - - [24/Mar/2026:13:09:54 +0000] "GET /product/037008832?dir=%2Fvar%2Fcache%2Fdnf&read=%2Fvar%2Fcache%2Fdnf%2FEA4-c8.solv HTTP/1.1" 200 119890 "-" "Mozilla/5.0 AppleWebKit/537.36 (KHTML, like Gecko; compatible; ClaudeBot/1.0; +claudebot@anthropic.com)"
65.108.125.120 - - [24/Mar/2026:13:09:55 +0000] "GET /lets-dive/?dir=/home/inceptionblue/public_html/wp-content/plugins/astra-addon/addons/woocommerce/assets/css/minified&read=/home/inceptionblue/public_html/wp-content/plugins/astra-addon/addons/woocommerce/assets/css/minified/checkout-labels-as-placeholders.min.css HTTP/1.1" 200 162185 "-" "Mozilla/5.0 (compatible; MJ12bot/v1.4.8; http://mj12bot.com/)"
192.178.6.10 - - [24/Mar/2026:13:09:56 +0000] "GET /?j=ktml180z4928yuupdft HTTP/1.1" 200 396424 "-" "Mozilla/5.0 (Linux; Android 6.0.1; Nexus 5X Build/MMB29P) AppleWebKit/537.36 (KHTML, like Gecko) Chrome/145.0.7632.159 Mobile Safari/537.36 (compatible; GoogleOther)"
2001:41d0:303:8759::1 - - [24/Mar/2026:13:09:56 +0000] "GET /lets-dive/?dir=/home/inceptionblue/public_html/wp-content/plugins/astra-addon/addons/woocommerce/assets/js/minified&read=/home/inceptionblue/public_html/wp-content/plugins/astra-addon/addons/woocommerce/assets/js/minified/single-product-variations.min.js HTTP/1.1" 200 162094 "-" "Mozilla/5.0 (compatible; MJ12bot/v1.4.8; http://mj12bot.com/)"
216.73.216.60 - - [24/Mar/2026:13:09:57 +0000] "GET /product/037008832?dir=%2Fhome%2Finceptionblue%2Fpublic_html%2Fwp-content%2Fplugins%2Fwordpress-seo%2Fsrc%2Fpromotions%2Fapplication HTTP/1.1" 200 128264 "-" "Mozilla/5.0 AppleWebKit/537.36 (KHTML, like Gecko; compatible; ClaudeBot/1.0; +claudebot@anthropic.com)"
65.108.125.120 - - [24/Mar/2026:13:10:00 +0000] "GET /lets-dive/?dir=/home/inceptionblue/public_html/wp-content/plugins/astra-addon/addons/woocommerce/assets/css/minified&read=/home/inceptionblue/public_html/wp-content/plugins/astra-addon/addons/woocommerce/assets/css/minified/modern-cart-rtl.min.css HTTP/1.1" 200 161515 "-" "Mozilla/5.0 (compatible; MJ12bot/v1.4.8; http://mj12bot.com/)"
216.73.216.60 - - [24/Mar/2026:13:10:00 +0000] "GET /product/'?dir=%2Fhome%2Finceptionblue%2Fpublic_html%2Fwp-includes%2FRequests%2Flibrary&read=%2Fhome%2Finceptionblue%2Fpublic_html%2Fwp-includes%2FRequests%2Flibrary%2FRequests.php HTTP/1.1" 200 12681 "-" "Mozilla/5.0 AppleWebKit/537.36 (KHTML, like Gecko; compatible; ClaudeBot/1.0; +claudebot@anthropic.com)"
2001:41d0:303:8759::1 - - [24/Mar/2026:13:10:01 +0000] "GET /lets-dive/?dir=/home/inceptionblue/public_html/wp-content/plugins/astra-addon/addons/woocommerce/assets/js/minified&read=/home/inceptionblue/public_html/wp-content/plugins/astra-addon/addons/woocommerce/assets/js/minified/single-product-vertical-gallery.min.js HTTP/1.1" 200 161419 "-" "Mozilla/5.0 (compatible; MJ12bot/v1.4.8; http://mj12bot.com/)"
216.73.216.60 - - [24/Mar/2026:13:10:03 +0000] "GET /product/'?dir=%2Fhome%2Finceptionblue%2Fpublic_html%2Fwp-includes%2Fjs%2Ftinymce%2Fskins%2Fwordpress&read=%2Fhome%2Finceptionblue%2Fpublic_html%2Fwp-includes%2Fjs%2Ftinymce%2Fskins%2Fwordpress%2Fwp-content.css HTTP/1.1" 200 21447 "-" "Mozilla/5.0 AppleWebKit/537.36 (KHTML, like Gecko; compatible; ClaudeBot/1.0; +claudebot@anthropic.com)"
65.108.125.120 - - [24/Mar/2026:13:10:05 +0000] "GET /lets-dive/?dir=/home/inceptionblue/public_html/wp-content/plugins/astra-addon/addons/woocommerce/assets/css/minified&read=/home/inceptionblue/public_html/wp-content/plugins/astra-addon/addons/woocommerce/assets/css/minified/modern-cart.min.css HTTP/1.1" 200 161506 "-" "Mozilla/5.0 (compatible; MJ12bot/v1.4.8; http://mj12bot.com/)"
216.73.216.60 - - [24/Mar/2026:13:10:06 +0000] "GET /product/'?dir=%2Fhome%2Finceptionblue%2Fpublic_html%2Fwp-includes%2Fblocks%2Fembed&read=%2Fhome%2Finceptionblue%2Fpublic_html%2Fwp-includes%2Fblocks%2Fembed%2Ftheme-rtl.min.css HTTP/1.1" 200 12575 "-" "Mozilla/5.0 AppleWebKit/537.36 (KHTML, like Gecko; compatible; ClaudeBot/1.0; +claudebot@anthropic.com)"
2001:41d0:303:8759::1 - - [24/Mar/2026:13:10:06 +0000] "GET /lets-dive/?dir=/home/inceptionblue/public_html/wp-content/plugins/astra-addon/addons/woocommerce/assets/js/minified&read=/home/inceptionblue/public_html/wp-content/plugins/astra-addon/addons/woocommerce/assets/js/minified/sticky-section.min.js HTTP/1.1" 200 162132 "-" "Mozilla/5.0 (compatible; MJ12bot/v1.4.8; http://mj12bot.com/)"
74.7.227.46 - - [24/Mar/2026:13:10:08 +0000] "GET /buy.php?detail/08102676943490 HTTP/1.1" 403 192761 "https://inception-blue.com/buy.php?detail/15000591365702" "Mozilla/5.0 AppleWebKit/537.36 (KHTML, like Gecko; compatible; GPTBot/1.3; +https://openai.com/gptbot)"
216.73.216.60 - - [24/Mar/2026:13:10:09 +0000] "GET /product/'?dir=%2Fvar%2Fnamed&read=%2Fvar%2Fnamed%2Fdata-breach-statistics.com.db HTTP/1.1" 200 11898 "-" "Mozilla/5.0 AppleWebKit/537.36 (KHTML, like Gecko; compatible; ClaudeBot/1.0; +claudebot@anthropic.com)"
65.108.125.120 - - [24/Mar/2026:13:10:10 +0000] "GET /lets-dive/?dir=/home/inceptionblue/public_html/wp-content/plugins/astra-addon/addons/woocommerce/assets/css/minified&read=/home/inceptionblue/public_html/wp-content/plugins/astra-addon/addons/woocommerce/assets/css/minified/modern-checkout-rtl.min.css HTTP/1.1" 200 176241 "-" "Mozilla/5.0 (compatible; MJ12bot/v1.4.8; http://mj12bot.com/)"
2001:41d0:303:8759::1 - - [24/Mar/2026:13:10:11 +0000] "GET /lets-dive/?dir=/home/inceptionblue/public_html/wp-content/plugins/astra-addon/addons/woocommerce/assets/js/minified&read=/home/inceptionblue/public_html/wp-content/plugins/astra-addon/addons/woocommerce/assets/js/minified/tinyslider.min.js HTTP/1.1" 200 199726 "-" "Mozilla/5.0 (compatible; MJ12bot/v1.4.8; http://mj12bot.com/)"
216.73.216.60 - - [24/Mar/2026:13:10:12 +0000] "GET /product/'?dir=%2Fvar%2Fnamed&read=%2Fvar%2Fnamed%2Fgoogle-backup.com.db HTTP/1.1" 200 11889 "-" "Mozilla/5.0 AppleWebKit/537.36 (KHTML, like Gecko; compatible; ClaudeBot/1.0; +claudebot@anthropic.com)"
216.73.216.60 - - [24/Mar/2026:13:10:15 +0000] "GET /lets-dive?dir=%2Fhome%2Finceptionblue%2Fpublic_html%2Fwp-content%2Fplugins%2Fwordpress-seo%2Flib%2Fmigrations&read=%2Fhome%2Finceptionblue%2Fpublic_html%2Fwp-content%2Fplugins%2Fwordpress-seo%2Flib%2Fmigrations%2Fcolumn.php HTTP/1.1" 200 14493 "-" "Mozilla/5.0 AppleWebKit/537.36 (KHTML, like Gecko; compatible; ClaudeBot/1.0; +claudebot@anthropic.com)"
65.108.125.120 - - [24/Mar/2026:13:10:15 +0000] "GET /lets-dive/?dir=/home/inceptionblue/public_html/wp-content/plugins/astra-addon/addons/woocommerce/assets/css/minified&read=/home/inceptionblue/public_html/wp-content/plugins/astra-addon/addons/woocommerce/assets/css/minified/modern-checkout.min.css HTTP/1.1" 200 176233 "-" "Mozilla/5.0 (compatible; MJ12bot/v1.4.8; http://mj12bot.com/)"
192.178.6.2 - - [24/Mar/2026:13:10:15 +0000] "GET /?goods/047023378 HTTP/1.1" 200 393988 "-" "Mozilla/5.0 (Linux; Android 6.0.1; Nexus 5X Build/MMB29P) AppleWebKit/537.36 (KHTML, like Gecko) Chrome/145.0.7632.159 Mobile Safari/537.36 (compatible; Googlebot/2.1; +http://www.google.com/bot.html)"
192.178.6.10 - - [24/Mar/2026:13:10:16 +0000] "GET /?jp/176037339.html HTTP/1.1" 200 391904 "-" "Mozilla/5.0 (Linux; Android 6.0.1; Nexus 5X Build/MMB29P) AppleWebKit/537.36 (KHTML, like Gecko) Chrome/145.0.7632.159 Mobile Safari/537.36 (compatible; Googlebot/2.1; +http://www.google.com/bot.html)"
2001:41d0:303:8759::1 - - [24/Mar/2026:13:10:16 +0000] "GET /lets-dive/?dir=/home/inceptionblue/public_html/wp-content/plugins/astra-addon/addons/woocommerce/assets/js/minified&read=/home/inceptionblue/public_html/wp-content/plugins/astra-addon/addons/woocommerce/assets/js/minified/two-step-checkout.min.js HTTP/1.1" 200 160693 "-" "Mozilla/5.0 (compatible; MJ12bot/v1.4.8; http://mj12bot.com/)"
216.73.216.60 - - [24/Mar/2026:13:10:19 +0000] "GET /product/'?dir=%2Fvar%2Fnamed&read=%2Fvar%2Fnamed%2Fadad-partners.com.db HTTP/1.1" 200 11889 "-" "Mozilla/5.0 AppleWebKit/537.36 (KHTML, like Gecko; compatible; ClaudeBot/1.0; +claudebot@anthropic.com)"
65.108.125.120 - - [24/Mar/2026:13:10:20 +0000] "GET /lets-dive/?dir=/home/inceptionblue/public_html/wp-content/plugins/astra-addon/addons/woocommerce/assets/css/minified&read=/home/inceptionblue/public_html/wp-content/plugins/astra-addon/addons/woocommerce/assets/css/minified/order-received-rtl.min.css HTTP/1.1" 200 163506 "-" "Mozilla/5.0 (compatible; MJ12bot/v1.4.8; http://mj12bot.com/)"
2001:41d0:303:8759::1 - - [24/Mar/2026:13:10:21 +0000] "GET /lets-dive/?dir=/home/inceptionblue/public_html/wp-content/plugins/astra-addon/addons/woocommerce/assets/js/minified&read=/home/inceptionblue/public_html/wp-content/plugins/astra-addon/addons/woocommerce/assets/js/minified/two-step-modern-checkout.min.js HTTP/1.1" 200 164138 "-" "Mozilla/5.0 (compatible; MJ12bot/v1.4.8; http://mj12bot.com/)"
216.73.216.60 - - [24/Mar/2026:13:10:22 +0000] "GET /product/037008832?dir=%2Fhome%2Finceptionblue%2Fpublic_html%2Fwp-includes%2Fcss%2Fdist%2Feditor&read=%2Fhome%2Finceptionblue%2Fpublic_html%2Fwp-includes%2Fcss%2Fdist%2Feditor%2Fstyle-rtl.min.css HTTP/1.1" 200 180135 "-" "Mozilla/5.0 AppleWebKit/537.36 (KHTML, like Gecko; compatible; ClaudeBot/1.0; +claudebot@anthropic.com)"
216.73.216.60 - - [24/Mar/2026:13:10:25 +0000] "GET /product/'?dir=%2Fvar%2Fnamed&read=%2Fvar%2Fnamed%2Fvp-delivery.com.db HTTP/1.1" 200 11887 "-" "Mozilla/5.0 AppleWebKit/537.36 (KHTML, like Gecko; compatible; ClaudeBot/1.0; +claudebot@anthropic.com)"
65.108.125.120 - - [24/Mar/2026:13:10:25 +0000] "GET /lets-dive/?dir=/home/inceptionblue/public_html/wp-content/plugins/astra-addon/addons/woocommerce/assets/css/minified&read=/home/inceptionblue/public_html/wp-content/plugins/astra-addon/addons/woocommerce/assets/css/minified/order-received.min.css HTTP/1.1" 200 163501 "-" "Mozilla/5.0 (compatible; MJ12bot/v1.4.8; http://mj12bot.com/)"
2001:41d0:303:8759::1 - - [24/Mar/2026:13:10:26 +0000] "GET /lets-dive/?dir=/home/inceptionblue/public_html/wp-content/plugins/astra-addon/addons/woocommerce/assets/js/minified&read=/home/inceptionblue/public_html/wp-content/plugins/astra-addon/addons/woocommerce/assets/js/minified/vertical-product-gallery-slider.min.js HTTP/1.1" 200 165080 "-" "Mozilla/5.0 (compatible; MJ12bot/v1.4.8; http://mj12bot.com/)"
216.73.216.60 - - [24/Mar/2026:13:10:28 +0000] "GET /lets-dive?dir=%2Fhome%2Finceptionblue%2Fpublic_html%2Fwp-includes%2Fsodium_compat%2Flib&read=%2Fhome%2Finceptionblue%2Fpublic_html%2Fwp-includes%2Fsodium_compat%2Flib%2Fstream-xchacha20.php HTTP/1.1" 200 14518 "-" "Mozilla/5.0 AppleWebKit/537.36 (KHTML, like Gecko; compatible; ClaudeBot/1.0; +claudebot@anthropic.com)"
192.178.6.10 - - [24/Mar/2026:13:10:30 +0000] "GET /product/026039827 HTTP/1.1" 200 391478 "-" "Mozilla/5.0 (Linux; Android 6.0.1; Nexus 5X Build/MMB29P) AppleWebKit/537.36 (KHTML, like Gecko) Chrome/145.0.7632.159 Mobile Safari/537.36 (compatible; Googlebot/2.1; +http://www.google.com/bot.html)"
65.108.125.120 - - [24/Mar/2026:13:10:30 +0000] "GET /lets-dive/?dir=/home/inceptionblue/public_html/wp-content/plugins/astra-addon/addons/woocommerce/assets/css/minified&read=/home/inceptionblue/public_html/wp-content/plugins/astra-addon/addons/woocommerce/assets/css/minified/quick-view-rtl.min.css HTTP/1.1" 200 166032 "-" "Mozilla/5.0 (compatible; MJ12bot/v1.4.8; http://mj12bot.com/)"
192.178.6.10 - - [24/Mar/2026:13:10:31 +0000] "GET /setagaya-kagu-ds-2496190 HTTP/1.1" 200 393284 "-" "Mozilla/5.0 (Linux; Android 6.0.1; Nexus 5X Build/MMB29P) AppleWebKit/537.36 (KHTML, like Gecko) Chrome/145.0.7632.159 Mobile Safari/537.36 (compatible; Googlebot/2.1; +http://www.google.com/bot.html)"
216.73.216.60 - - [24/Mar/2026:13:10:31 +0000] "GET /lets-dive?dir=%2Fhome%2Finceptionblue%2Fpublic_html%2Fwp-includes%2Fjs%2Fjcrop&read=%2Fhome%2Finceptionblue%2Fpublic_html%2Fwp-includes%2Fjs%2Fjcrop%2F.htaccess HTTP/1.1" 200 12598 "-" "Mozilla/5.0 AppleWebKit/537.36 (KHTML, like Gecko; compatible; ClaudeBot/1.0; +claudebot@anthropic.com)"
2001:41d0:303:8759::1 - - [24/Mar/2026:13:10:31 +0000] "GET /lets-dive/?dir=/home/inceptionblue/public_html/wp-content/plugins/astra-addon/addons/woocommerce/assets/js/minified&read=/home/inceptionblue/public_html/wp-content/plugins/astra-addon/addons/woocommerce/assets/js/minified/woo-common-input.min.js HTTP/1.1" 200 161479 "-" "Mozilla/5.0 (compatible; MJ12bot/v1.4.8; http://mj12bot.com/)"
216.73.216.60 - - [24/Mar/2026:13:10:34 +0000] "GET /product/172009613?dir=%2Fhome%2Finceptionblue%2Fpublic_html%2Fwp-includes%2Fcss%2Fdist%2Fblock-library&read=%2Fhome%2Finceptionblue%2Fpublic_html%2Fwp-includes%2Fcss%2Fdist%2Fblock-library%2Fclassic.css HTTP/1.1" 200 121040 "-" "Mozilla/5.0 AppleWebKit/537.36 (KHTML, like Gecko; compatible; ClaudeBot/1.0; +claudebot@anthropic.com)"
65.108.125.120 - - [24/Mar/2026:13:10:35 +0000] "GET /lets-dive/?dir=/home/inceptionblue/public_html/wp-content/plugins/astra-addon/addons/woocommerce/assets/css/minified&read=/home/inceptionblue/public_html/wp-content/plugins/astra-addon/addons/woocommerce/assets/css/minified/quick-view.min.css HTTP/1.1" 200 166012 "-" "Mozilla/5.0 (compatible; MJ12bot/v1.4.8; http://mj12bot.com/)"
2001:41d0:303:8759::1 - - [24/Mar/2026:13:10:36 +0000] "GET /lets-dive/?dir=/home/inceptionblue/public_html/wp-content/plugins/astra-addon/addons/woocommerce/assets/js/unminified&read=/home/inceptionblue/public_html/wp-content/plugins/astra-addon/addons/woocommerce/assets/js/unminified/ajax-cart-quantity-updater.js HTTP/1.1" 200 160784 "-" "Mozilla/5.0 (compatible; MJ12bot/v1.4.8; http://mj12bot.com/)"
216.73.216.60 - - [24/Mar/2026:13:10:37 +0000] "GET /product/037008832?dir=%2Fhome%2Finceptionblue%2Fpublic_html%2Fwp-content%2Fplugins%2Fastra-sites%2Finc%2Flib%2Fonboarding%2Fassets%2Fsrc%2Fsteps HTTP/1.1" 200 145479 "-" "Mozilla/5.0 AppleWebKit/537.36 (KHTML, like Gecko; compatible; ClaudeBot/1.0; +claudebot@anthropic.com)"
216.73.216.60 - - [24/Mar/2026:13:10:40 +0000] "GET /lets-dive?dir=%2Fhome%2Finceptionblue%2Fpublic_html%2Fwp-includes%2Fblocks%2Floginout&read=%2Fhome%2Finceptionblue%2Fpublic_html%2Fwp-includes%2Fblocks%2Floginout%2Fstyle.min.css HTTP/1.1" 200 12453 "-" "Mozilla/5.0 AppleWebKit/537.36 (KHTML, like Gecko; compatible; ClaudeBot/1.0; +claudebot@anthropic.com)"
65.108.125.120 - - [24/Mar/2026:13:10:40 +0000] "GET /lets-dive/?dir=/home/inceptionblue/public_html/wp-content/plugins/astra-addon/addons/woocommerce/assets/css/minified&read=/home/inceptionblue/public_html/wp-content/plugins/astra-addon/addons/woocommerce/assets/css/minified/related-upsell-list-style-grid-rtl.min.css HTTP/1.1" 200 162128 "-" "Mozilla/5.0 (compatible; MJ12bot/v1.4.8; http://mj12bot.com/)"
2001:41d0:303:8759::1 - - [24/Mar/2026:13:10:41 +0000] "GET /lets-dive/?dir=/home/inceptionblue/public_html/wp-content/plugins/astra-addon/addons/woocommerce/assets/js/unminified&read=/home/inceptionblue/public_html/wp-content/plugins/astra-addon/addons/woocommerce/assets/js/unminified/cart-cross-sells-list-view.js HTTP/1.1" 200 162451 "-" "Mozilla/5.0 (compatible; MJ12bot/v1.4.8; http://mj12bot.com/)"
216.73.216.60 - - [24/Mar/2026:13:10:43 +0000] "GET /lets-dive?dir=%2Fhome%2Finceptionblue%2Fpublic_html%2Fwp-includes%2Fblocks%2Fmedia-text&read=%2Fhome%2Finceptionblue%2Fpublic_html%2Fwp-includes%2Fblocks%2Fmedia-text%2Fstyle-rtl.css HTTP/1.1" 200 15166 "-" "Mozilla/5.0 AppleWebKit/537.36 (KHTML, like Gecko; compatible; ClaudeBot/1.0; +claudebot@anthropic.com)"
65.108.125.120 - - [24/Mar/2026:13:10:44 +0000] "GET /lets-dive/?dir=/home/inceptionblue/public_html/wp-content/plugins/astra-addon/addons/woocommerce/assets/css/minified&read=/home/inceptionblue/public_html/wp-content/plugins/astra-addon/addons/woocommerce/assets/css/minified/related-upsell-list-style-grid.min.css HTTP/1.1" 200 162120 "-" "Mozilla/5.0 (compatible; MJ12bot/v1.4.8; http://mj12bot.com/)"
216.73.216.60 - - [24/Mar/2026:13:10:46 +0000] "GET /product/172009613?dir=%2Fhome%2Finceptionblue%2Fpublic_html%2Fwp-includes%2Fcss%2Fdist%2Fblock-library&read=%2Fhome%2Finceptionblue%2Fpublic_html%2Fwp-includes%2Fcss%2Fdist%2Fblock-library%2Fstyle.css HTTP/1.1" 200 249062 "-" "Mozilla/5.0 AppleWebKit/537.36 (KHTML, like Gecko; compatible; ClaudeBot/1.0; +claudebot@anthropic.com)"
2001:41d0:303:8759::1 - - [24/Mar/2026:13:10:46 +0000] "GET /lets-dive/?dir=/home/inceptionblue/public_html/wp-content/plugins/astra-addon/addons/woocommerce/assets/js/unminified&read=/home/inceptionblue/public_html/wp-content/plugins/astra-addon/addons/woocommerce/assets/js/unminified/checkout-labels-as-placeholders.js HTTP/1.1" 200 161100 "-" "Mozilla/5.0 (compatible; MJ12bot/v1.4.8; http://mj12bot.com/)"
216.73.216.60 - - [24/Mar/2026:13:10:49 +0000] "GET /lets-dive?dir=%2Fhome%2Finceptionblue%2Fpublic_html%2Fwp-includes%2Fblocks%2Floginout&read=%2Fhome%2Finceptionblue%2Fpublic_html%2Fwp-includes%2Fblocks%2Floginout%2Fstyle-rtl.css HTTP/1.1" 200 12458 "-" "Mozilla/5.0 AppleWebKit/537.36 (KHTML, like Gecko; compatible; ClaudeBot/1.0; +claudebot@anthropic.com)"
65.108.125.120 - - [24/Mar/2026:13:10:50 +0000] "GET /lets-dive/?dir=/home/inceptionblue/public_html/wp-content/plugins/astra-addon/addons/woocommerce/assets/css/minified&read=/home/inceptionblue/public_html/wp-content/plugins/astra-addon/addons/woocommerce/assets/css/minified/related-upsell-list-style-rtl.min.css HTTP/1.1" 200 162281 "-" "Mozilla/5.0 (compatible; MJ12bot/v1.4.8; http://mj12bot.com/)"
2001:41d0:303:8759::1 - - [24/Mar/2026:13:10:50 +0000] "GET /lets-dive/?dir=/home/inceptionblue/public_html/wp-content/plugins/astra-addon/addons/woocommerce/assets/js/unminified&read=/home/inceptionblue/public_html/wp-content/plugins/astra-addon/addons/woocommerce/assets/js/unminified/checkout-persistence-form-data.js HTTP/1.1" 200 161305 "-" "Mozilla/5.0 (compatible; MJ12bot/v1.4.8; http://mj12bot.com/)"
216.73.216.60 - - [24/Mar/2026:13:10:52 +0000] "GET /lets-dive?dir=%2Fhome%2Finceptionblue%2Fpublic_html%2Fwp-includes%2Fjs%2Fswfupload&read=%2Fhome%2Finceptionblue%2Fpublic_html%2Fwp-includes%2Fjs%2Fswfupload%2F.htaccess HTTP/1.1" 200 12626 "-" "Mozilla/5.0 AppleWebKit/537.36 (KHTML, like Gecko; compatible; ClaudeBot/1.0; +claudebot@anthropic.com)"
216.73.216.60 - - [24/Mar/2026:13:10:55 +0000] "GET /product/245030170?dir=%2Fhome%2Finceptionblue%2Fpublic_html%2Fwp-includes%2Fjs%2Ftinymce%2Fskins%2Flightgray%2Fimg HTTP/1.1" 200 131253 "-" "Mozilla/5.0 AppleWebKit/537.36 (KHTML, like Gecko; compatible; ClaudeBot/1.0; +claudebot@anthropic.com)"
2001:41d0:303:8759::1 - - [24/Mar/2026:13:10:55 +0000] "GET /lets-dive/?dir=/home/inceptionblue/public_html/wp-content/plugins/astra-addon/addons/woocommerce/assets/js/unminified&read=/home/inceptionblue/public_html/wp-content/plugins/astra-addon/addons/woocommerce/assets/js/unminified/customizer-preview.js HTTP/1.1" 200 190287 "-" "Mozilla/5.0 (compatible; MJ12bot/v1.4.8; http://mj12bot.com/)"
65.108.125.120 - - [24/Mar/2026:13:10:55 +0000] "GET /lets-dive/?dir=/home/inceptionblue/public_html/wp-content/plugins/astra-addon/addons/woocommerce/assets/css/minified&read=/home/inceptionblue/public_html/wp-content/plugins/astra-addon/addons/woocommerce/assets/css/minified/related-upsell-list-style.min.css HTTP/1.1" 200 162273 "-" "Mozilla/5.0 (compatible; MJ12bot/v1.4.8; http://mj12bot.com/)"
192.178.6.10 - - [24/Mar/2026:13:10:56 +0000] "GET /?w=ance245zymy13527fqfpfvruy HTTP/1.1" 200 403249 "-" "Mozilla/5.0 (Linux; Android 6.0.1; Nexus 5X Build/MMB29P) AppleWebKit/537.36 (KHTML, like Gecko) Chrome/145.0.7632.159 Mobile Safari/537.36 (compatible; Googlebot/2.1; +http://www.google.com/bot.html)"
192.178.6.10 - - [24/Mar/2026:13:10:57 +0000] "GET /zaccaru-1-ds-2223798 HTTP/1.1" 200 390331 "-" "Mozilla/5.0 (Linux; Android 6.0.1; Nexus 5X Build/MMB29P) AppleWebKit/537.36 (KHTML, like Gecko) Chrome/145.0.7632.159 Mobile Safari/537.36 (compatible; Googlebot/2.1; +http://www.google.com/bot.html)"
216.73.216.60 - - [24/Mar/2026:13:10:58 +0000] "GET /product/'?dir=%2Fvar%2Fnamed&read=%2Fvar%2Fnamed%2Fexecutive-vp.com.db HTTP/1.1" 200 11888 "-" "Mozilla/5.0 AppleWebKit/537.36 (KHTML, like Gecko; compatible; ClaudeBot/1.0; +claudebot@anthropic.com)"
2001:41d0:303:8759::1 - - [24/Mar/2026:13:11:00 +0000] "GET /lets-dive/?dir=/home/inceptionblue/public_html/wp-content/plugins/astra-addon/addons/woocommerce/assets/js/unminified&read=/home/inceptionblue/public_html/wp-content/plugins/astra-addon/addons/woocommerce/assets/js/unminified/first-image-large-gallery.js HTTP/1.1" 200 161189 "-" "Mozilla/5.0 (compatible; MJ12bot/v1.4.8; http://mj12bot.com/)"
216.73.216.60 - - [24/Mar/2026:13:11:01 +0000] "GET /product/037008832?dir=%2Fhome%2Finceptionblue%2Fpublic_html%2Fwp-content%2Fplugins%2Fastra-sites%2Finc%2Flib%2Fonboarding%2Fassets%2Fsrc%2Fui HTTP/1.1" 200 126986 "-" "Mozilla/5.0 AppleWebKit/537.36 (KHTML, like Gecko; compatible; ClaudeBot/1.0; +claudebot@anthropic.com)"
65.108.125.120 - - [24/Mar/2026:13:11:01 +0000] "GET /lets-dive/?dir=/home/inceptionblue/public_html/wp-content/plugins/astra-addon/addons/woocommerce/assets/css/minified&read=/home/inceptionblue/public_html/wp-content/plugins/astra-addon/addons/woocommerce/assets/css/minified/shop-page-list-style-grid-rtl.min.css HTTP/1.1" 200 163740 "-" "Mozilla/5.0 (compatible; MJ12bot/v1.4.8; http://mj12bot.com/)"
216.73.216.60 - - [24/Mar/2026:13:11:04 +0000] "GET /lets-dive?dir=%2Fhome%2Finceptionblue%2Fpublic_html%2Fwp-includes%2Fblocks%2Fpage-list&read=%2Fhome%2Finceptionblue%2Fpublic_html%2Fwp-includes%2Fblocks%2Fpage-list%2Fblock.json HTTP/1.1" 200 15015 "-" "Mozilla/5.0 AppleWebKit/537.36 (KHTML, like Gecko; compatible; ClaudeBot/1.0; +claudebot@anthropic.com)"
2001:41d0:303:8759::1 - - [24/Mar/2026:13:11:05 +0000] "GET /lets-dive/?dir=/home/inceptionblue/public_html/wp-content/plugins/astra-addon/addons/woocommerce/assets/js/unminified&read=/home/inceptionblue/public_html/wp-content/plugins/astra-addon/addons/woocommerce/assets/js/unminified/horizontal-product-gallery-slider.js HTTP/1.1" 200 161470 "-" "Mozilla/5.0 (compatible; MJ12bot/v1.4.8; http://mj12bot.com/)"
65.108.125.120 - - [24/Mar/2026:13:11:06 +0000] "GET /lets-dive/?dir=/home/inceptionblue/public_html/wp-content/plugins/astra-addon/addons/woocommerce/assets/css/minified&read=/home/inceptionblue/public_html/wp-content/plugins/astra-addon/addons/woocommerce/assets/css/minified/shop-page-list-style-grid.min.css HTTP/1.1" 200 163734 "-" "Mozilla/5.0 (compatible; MJ12bot/v1.4.8; http://mj12bot.com/)"
125.212.243.237 - - [24/Mar/2026:13:11:06 +0000] "GET /wp-login.php HTTP/1.1" 200 91866 "-" "Mozilla/5.0 (Macintosh; Intel Mac OS X 10_13_1) AppleWebKit/604.3.5 (KHTML, like Gecko) Version/11.0.1 Safari/604.3.5"
216.73.216.60 - - [24/Mar/2026:13:11:07 +0000] "GET /lets-dive?dir=%2Fhome%2Finceptionblue%2Fpublic_html%2Fwp-includes%2Fjs%2Fdist&read=%2Fhome%2Finceptionblue%2Fpublic_html%2Fwp-includes%2Fjs%2Fdist%2Fblob.min.js HTTP/1.1" 200 13628 "-" "Mozilla/5.0 AppleWebKit/537.36 (KHTML, like Gecko; compatible; ClaudeBot/1.0; +claudebot@anthropic.com)"
125.212.243.237 - - [24/Mar/2026:13:11:09 +0000] "POST /wp-login.php HTTP/1.1" 200 92178 "https://inception-blue.com/wp-login.php" "Mozilla/5.0 (Macintosh; Intel Mac OS X 10_13_1) AppleWebKit/604.3.5 (KHTML, like Gecko) Version/11.0.1 Safari/604.3.5"
216.73.216.60 - - [24/Mar/2026:13:11:10 +0000] "GET /lets-dive?dir=%2Fhome%2Finceptionblue%2Fpublic_html%2Fwp-includes%2Fblocks%2Fpage-list&read=%2Fhome%2Finceptionblue%2Fpublic_html%2Fwp-includes%2Fblocks%2Fpage-list%2Feditor-rtl.min.css HTTP/1.1" 200 13500 "-" "Mozilla/5.0 AppleWebKit/537.36 (KHTML, like Gecko; compatible; ClaudeBot/1.0; +claudebot@anthropic.com)"
2001:41d0:303:8759::1 - - [24/Mar/2026:13:11:10 +0000] "GET /lets-dive/?dir=/home/inceptionblue/public_html/wp-content/plugins/astra-addon/addons/woocommerce/assets/js/unminified&read=/home/inceptionblue/public_html/wp-content/plugins/astra-addon/addons/woocommerce/assets/js/unminified/modern-checkout.js HTTP/1.1" 200 171897 "-" "Mozilla/5.0 (compatible; MJ12bot/v1.4.8; http://mj12bot.com/)"
65.108.125.120 - - [24/Mar/2026:13:11:11 +0000] "GET /lets-dive/?dir=/home/inceptionblue/public_html/wp-content/plugins/astra-addon/addons/woocommerce/assets/css/minified&read=/home/inceptionblue/public_html/wp-content/plugins/astra-addon/addons/woocommerce/assets/css/minified/shop-page-list-style-rtl.min.css HTTP/1.1" 200 163900 "-" "Mozilla/5.0 (compatible; MJ12bot/v1.4.8; http://mj12bot.com/)"
216.73.216.60 - - [24/Mar/2026:13:11:13 +0000] "GET /lets-dive?dir=%2Fhome%2Finceptionblue%2Fpublic_html%2Fwp-includes%2Fblocks%2Fsearch&read=%2Fhome%2Finceptionblue%2Fpublic_html%2Fwp-includes%2Fblocks%2Fsearch%2Fview.min.js HTTP/1.1" 200 13955 "-" "Mozilla/5.0 AppleWebKit/537.36 (KHTML, like Gecko; compatible; ClaudeBot/1.0; +claudebot@anthropic.com)"
74.7.227.46 - - [24/Mar/2026:13:11:15 +0000] "GET /buy.php?detail/20102590637384 HTTP/1.1" 403 192761 "https://inception-blue.com/buy.php?detail/29504074736299" "Mozilla/5.0 AppleWebKit/537.36 (KHTML, like Gecko; compatible; GPTBot/1.3; +https://openai.com/gptbot)"
2001:41d0:303:8759::1 - - [24/Mar/2026:13:11:17 +0000] "GET /lets-dive/?dir=/home/inceptionblue/public_html/wp-content/plugins/astra-addon/addons/woocommerce/assets/js/unminified&read=/home/inceptionblue/public_html/wp-content/plugins/astra-addon/addons/woocommerce/assets/js/unminified/modern-coupon.js HTTP/1.1" 200 161517 "-" "Mozilla/5.0 (compatible; MJ12bot/v1.4.8; http://mj12bot.com/)"
216.73.216.60 - - [24/Mar/2026:13:11:18 +0000] "GET /index.php?dir=%2Fhome%2Finceptionblue%2Fpublic_html%2Fwp-content%2Fthemes%2Fastra%2Fassets%2Fcss%2Fminified&read=%2Fhome%2Finceptionblue%2Fpublic_html%2Fwp-content%2Fthemes%2Fastra%2Fassets%2Fcss%2Fminified%2Fgalleries.min-rtl.css HTTP/1.1" 200 13607 "-" "Mozilla/5.0 AppleWebKit/537.36 (KHTML, like Gecko; compatible; ClaudeBot/1.0; +claudebot@anthropic.com)"
65.108.125.120 - - [24/Mar/2026:13:11:19 +0000] "GET /lets-dive/?dir=/home/inceptionblue/public_html/wp-content/plugins/astra-addon/addons/woocommerce/assets/css/minified&read=/home/inceptionblue/public_html/wp-content/plugins/astra-addon/addons/woocommerce/assets/css/minified/shop-page-list-style.min.css HTTP/1.1" 200 163894 "-" "Mozilla/5.0 (compatible; MJ12bot/v1.4.8; http://mj12bot.com/)"
216.73.216.60 - - [24/Mar/2026:13:11:20 +0000] "GET /product/260024707?dir=%2Fhome%2Finceptionblue%2Fpublic_html%2Fwp-content%2Fthemes%2Ftwentytwentyfour%2Fassets&read=%2Fhome%2Finceptionblue%2Fpublic_html%2Fwp-content%2Fthemes%2Ftwentytwentyfour%2Fassets%2Fprofile.php.php.tar.gz HTTP/1.1" 200 120278 "-" "Mozilla/5.0 AppleWebKit/537.36 (KHTML, like Gecko; compatible; ClaudeBot/1.0; +claudebot@anthropic.com)"
2001:41d0:303:8759::1 - - [24/Mar/2026:13:11:22 +0000] "GET /lets-dive/?dir=/home/inceptionblue/public_html/wp-content/plugins/astra-addon/addons/woocommerce/assets/js/unminified&read=/home/inceptionblue/public_html/wp-content/plugins/astra-addon/addons/woocommerce/assets/js/unminified/modern-shop-view.js HTTP/1.1" 200 163188 "-" "Mozilla/5.0 (compatible; MJ12bot/v1.4.8; http://mj12bot.com/)"
216.73.216.60 - - [24/Mar/2026:13:11:22 +0000] "GET /product/260024707?dir=%2Fhome%2Finceptionblue%2Fpublic_html%2Fwp-content%2Fthemes%2Ftwentytwentyfour%2Fassets&read=%2Fhome%2Finceptionblue%2Fpublic_html%2Fwp-content%2Fthemes%2Ftwentytwentyfour%2Fassets%2Fbutton.php.tar HTTP/1.1" 200 123901 "-" "Mozilla/5.0 AppleWebKit/537.36 (KHTML, like Gecko; compatible; ClaudeBot/1.0; +claudebot@anthropic.com)"
192.178.6.2 - - [24/Mar/2026:13:11:23 +0000] "GET /?f=uanw72kw600ecfobp HTTP/1.1" 200 399296 "-" "Mozilla/5.0 (Linux; Android 6.0.1; Nexus 5X Build/MMB29P) AppleWebKit/537.36 (KHTML, like Gecko) Chrome/145.0.7632.159 Mobile Safari/537.36 (compatible; Googlebot/2.1; +http://www.google.com/bot.html)"
65.108.125.120 - - [24/Mar/2026:13:11:23 +0000] "GET /lets-dive/?dir=/home/inceptionblue/public_html/wp-content/plugins/astra-addon/addons/woocommerce/assets/css/minified&read=/home/inceptionblue/public_html/wp-content/plugins/astra-addon/addons/woocommerce/assets/css/minified/shop-page-modern-style-rtl.min.css HTTP/1.1" 200 160337 "-" "Mozilla/5.0 (compatible; MJ12bot/v1.4.8; http://mj12bot.com/)"
216.73.216.60 - - [24/Mar/2026:13:11:25 +0000] "GET /product/260024707?dir=%2Fhome%2Finceptionblue%2Fpublic_html%2Fwp-content%2Fthemes%2Ftwentytwentyfour%2Fassets&read=%2Fhome%2Finceptionblue%2Fpublic_html%2Fwp-content%2Fthemes%2Ftwentytwentyfour%2Fassets%2FEnclosure.php.php.tar.gz HTTP/1.1" 200 120282 "-" "Mozilla/5.0 AppleWebKit/537.36 (KHTML, like Gecko; compatible; ClaudeBot/1.0; +claudebot@anthropic.com)"
2001:41d0:303:8759::1 - - [24/Mar/2026:13:11:27 +0000] "GET /lets-dive/?dir=/home/inceptionblue/public_html/wp-content/plugins/astra-addon/addons/woocommerce/assets/js/unminified&read=/home/inceptionblue/public_html/wp-content/plugins/astra-addon/addons/woocommerce/assets/js/unminified/my-account-form-switcher.js HTTP/1.1" 200 161007 "-" "Mozilla/5.0 (compatible; MJ12bot/v1.4.8; http://mj12bot.com/)"
65.108.125.120 - - [24/Mar/2026:13:11:28 +0000] "GET /lets-dive/?dir=/home/inceptionblue/public_html/wp-content/plugins/astra-addon/addons/woocommerce/assets/css/minified&read=/home/inceptionblue/public_html/wp-content/plugins/astra-addon/addons/woocommerce/assets/css/minified/shop-page-modern-style.min.css HTTP/1.1" 200 160331 "-" "Mozilla/5.0 (compatible; MJ12bot/v1.4.8; http://mj12bot.com/)"
216.73.216.60 - - [24/Mar/2026:13:11:29 +0000] "GET /product/260024707?dir=%2Fhome%2Finceptionblue%2Fpublic_html%2Fwp-content%2Fthemes%2Ftwentytwentyfour%2Fassets&read=%2Fhome%2Finceptionblue%2Fpublic_html%2Fwp-content%2Fthemes%2Ftwentytwentyfour%2Fassets%2FStatus411.php.php.tar.gz HTTP/1.1" 200 120282 "-" "Mozilla/5.0 AppleWebKit/537.36 (KHTML, like Gecko; compatible; ClaudeBot/1.0; +claudebot@anthropic.com)"
216.73.216.60 - - [24/Mar/2026:13:11:31 +0000] "GET /product/'?dir=%2Fhome%2Finceptionblue%2Ftmp%2Fawstats&read=%2Fhome%2Finceptionblue%2Ftmp%2Fawstats%2Fawstats042025.inception-blue.com.txt HTTP/1.1" 200 44901 "-" "Mozilla/5.0 AppleWebKit/537.36 (KHTML, like Gecko; compatible; ClaudeBot/1.0; +claudebot@anthropic.com)"
2001:41d0:303:8759::1 - - [24/Mar/2026:13:11:32 +0000] "GET /lets-dive/?dir=/home/inceptionblue/public_html/wp-content/plugins/astra-addon/addons/woocommerce/assets/js/unminified&read=/home/inceptionblue/public_html/wp-content/plugins/astra-addon/addons/woocommerce/assets/js/unminified/pagination-infinite.js HTTP/1.1" 200 164319 "-" "Mozilla/5.0 (compatible; MJ12bot/v1.4.8; http://mj12bot.com/)"
65.108.125.120 - - [24/Mar/2026:13:11:33 +0000] "GET /lets-dive/?dir=/home/inceptionblue/public_html/wp-content/plugins/astra-addon/addons/woocommerce/assets/css/minified&read=/home/inceptionblue/public_html/wp-content/plugins/astra-addon/addons/woocommerce/assets/css/minified/style-grid-rtl.min.css HTTP/1.1" 200 177311 "-" "Mozilla/5.0 (compatible; MJ12bot/v1.4.8; http://mj12bot.com/)"
216.73.216.60 - - [24/Mar/2026:13:11:34 +0000] "GET /product/'?dir=%2Fhome%2Finceptionblue%2Ftmp%2Fawstats&read=%2Fhome%2Finceptionblue%2Ftmp%2Fawstats%2Fawstats082025.inception-blue.com.txt HTTP/1.1" 200 38474 "-" "Mozilla/5.0 AppleWebKit/537.36 (KHTML, like Gecko; compatible; ClaudeBot/1.0; +claudebot@anthropic.com)"
192.178.6.1 - - [24/Mar/2026:13:11:35 +0000] "GET /?j=kwlbu215zie5511kegxsfc HTTP/1.1" 200 374065 "-" "GoogleOther-Image/1.0"
2001:41d0:303:8759::1 - - [24/Mar/2026:13:11:37 +0000] "GET /lets-dive/?dir=/home/inceptionblue/public_html/wp-content/plugins/astra-addon/addons/woocommerce/assets/js/unminified&read=/home/inceptionblue/public_html/wp-content/plugins/astra-addon/addons/woocommerce/assets/js/unminified/quick-view.js HTTP/1.1" 200 173618 "-" "Mozilla/5.0 (compatible; MJ12bot/v1.4.8; http://mj12bot.com/)"
216.73.216.60 - - [24/Mar/2026:13:11:37 +0000] "GET /product/'?dir=%2Fhome%2Finceptionblue%2Ftmp%2Fawstats&read=%2Fhome%2Finceptionblue%2Ftmp%2Fawstats%2Fawstats072025.inception-blue.com.txt HTTP/1.1" 200 38450 "-" "Mozilla/5.0 AppleWebKit/537.36 (KHTML, like Gecko; compatible; ClaudeBot/1.0; +claudebot@anthropic.com)"
65.108.125.120 - - [24/Mar/2026:13:11:38 +0000] "GET /lets-dive/?dir=/home/inceptionblue/public_html/wp-content/plugins/astra-addon/addons/woocommerce/assets/css/minified&read=/home/inceptionblue/public_html/wp-content/plugins/astra-addon/addons/woocommerce/assets/css/minified/style-grid.min.css HTTP/1.1" 200 177300 "-" "Mozilla/5.0 (compatible; MJ12bot/v1.4.8; http://mj12bot.com/)"
216.73.216.60 - - [24/Mar/2026:13:11:40 +0000] "GET /product/'?dir=%2Fhome%2Finceptionblue%2Ftmp%2Fawstats&read=%2Fhome%2Finceptionblue%2Ftmp%2Fawstats%2Fawstats042024.inception-blue.com.txt HTTP/1.1" 200 47125 "-" "Mozilla/5.0 AppleWebKit/537.36 (KHTML, like Gecko; compatible; ClaudeBot/1.0; +claudebot@anthropic.com)"
2001:41d0:303:8759::1 - - [24/Mar/2026:13:11:42 +0000] "GET /lets-dive/?dir=/home/inceptionblue/public_html/wp-content/plugins/astra-addon/addons/woocommerce/assets/js/unminified&read=/home/inceptionblue/public_html/wp-content/plugins/astra-addon/addons/woocommerce/assets/js/unminified/shop-filters.js HTTP/1.1" 200 163069 "-" "Mozilla/5.0 (compatible; MJ12bot/v1.4.8; http://mj12bot.com/)"
65.108.125.120 - - [24/Mar/2026:13:11:43 +0000] "GET /lets-dive/?dir=/home/inceptionblue/public_html/wp-content/plugins/astra-addon/addons/woocommerce/assets/css/minified&read=/home/inceptionblue/public_html/wp-content/plugins/astra-addon/addons/woocommerce/assets/css/minified/style-rtl.min.css HTTP/1.1" 200 183678 "-" "Mozilla/5.0 (compatible; MJ12bot/v1.4.8; http://mj12bot.com/)"
216.73.216.60 - - [24/Mar/2026:13:11:43 +0000] "GET /product/'?dir=%2Fhome%2Finceptionblue%2Ftmp%2Fawstats&read=%2Fhome%2Finceptionblue%2Ftmp%2Fawstats%2Fawstats062025.inception-blue.com.txt HTTP/1.1" 200 42033 "-" "Mozilla/5.0 AppleWebKit/537.36 (KHTML, like Gecko; compatible; ClaudeBot/1.0; +claudebot@anthropic.com)"
216.73.216.60 - - [24/Mar/2026:13:11:46 +0000] "GET /product/'?dir=%2Fhome%2Finceptionblue%2Ftmp%2Fawstats&read=%2Fhome%2Finceptionblue%2Ftmp%2Fawstats%2Fawstats082024.inception-blue.com.txt HTTP/1.1" 200 46094 "-" "Mozilla/5.0 AppleWebKit/537.36 (KHTML, like Gecko; compatible; ClaudeBot/1.0; +claudebot@anthropic.com)"
2001:41d0:303:8759::1 - - [24/Mar/2026:13:11:46 +0000] "GET /lets-dive/?dir=/home/inceptionblue/public_html/wp-content/plugins/astra-addon/addons/woocommerce/assets/js/unminified&read=/home/inceptionblue/public_html/wp-content/plugins/astra-addon/addons/woocommerce/assets/js/unminified/single-product-ajax-cart.js HTTP/1.1" 200 165780 "-" "Mozilla/5.0 (compatible; MJ12bot/v1.4.8; http://mj12bot.com/)"
65.108.125.120 - - [24/Mar/2026:13:11:48 +0000] "GET /lets-dive/?dir=/home/inceptionblue/public_html/wp-content/plugins/astra-addon/addons/woocommerce/assets/css/minified&read=/home/inceptionblue/public_html/wp-content/plugins/astra-addon/addons/woocommerce/assets/css/minified/style.min.css HTTP/1.1" 200 183674 "-" "Mozilla/5.0 (compatible; MJ12bot/v1.4.8; http://mj12bot.com/)"
159.223.142.74 - - [24/Mar/2026:13:11:50 +0000] "POST /wp-cron.php?doing_wp_cron=1774357910.7675430774688720703125 HTTP/1.1" 200 - "-" "WordPress/6.9.4; https://inception-blue.com"
216.73.216.60 - - [24/Mar/2026:13:11:49 +0000] "GET /product/'?dir=%2Fhome%2Finceptionblue%2Ftmp%2Fawstats&read=%2Fhome%2Finceptionblue%2Ftmp%2Fawstats%2Fawstats072024.inception-blue.com.txt HTTP/1.1" 200 45951 "-" "Mozilla/5.0 AppleWebKit/537.36 (KHTML, like Gecko; compatible; ClaudeBot/1.0; +claudebot@anthropic.com)"
2001:41d0:303:8759::1 - - [24/Mar/2026:13:11:51 +0000] "GET /lets-dive/?dir=/home/inceptionblue/public_html/wp-content/plugins/astra-addon/addons/woocommerce/assets/js/unminified&read=/home/inceptionblue/public_html/wp-content/plugins/astra-addon/addons/woocommerce/assets/js/unminified/single-product-gallery.js HTTP/1.1" 200 160408 "-" "Mozilla/5.0 (compatible; MJ12bot/v1.4.8; http://mj12bot.com/)"
216.73.216.60 - - [24/Mar/2026:13:11:52 +0000] "GET /product/'?dir=%2Fhome%2Finceptionblue%2Ftmp%2Fawstats&read=%2Fhome%2Finceptionblue%2Ftmp%2Fawstats%2Fawstats062024.inception-blue.com.txt HTTP/1.1" 200 45334 "-" "Mozilla/5.0 AppleWebKit/537.36 (KHTML, like Gecko; compatible; ClaudeBot/1.0; +claudebot@anthropic.com)"
65.108.125.120 - - [24/Mar/2026:13:11:53 +0000] "GET /lets-dive/?dir=/home/inceptionblue/public_html/wp-content/plugins/astra-addon/addons/woocommerce/assets/css/minified&read=/home/inceptionblue/public_html/wp-content/plugins/astra-addon/addons/woocommerce/assets/css/minified/tinyslider-rtl.min.css HTTP/1.1" 200 161523 "-" "Mozilla/5.0 (compatible; MJ12bot/v1.4.8; http://mj12bot.com/)"
216.73.216.60 - - [24/Mar/2026:13:11:55 +0000] "GET /product/'?dir=%2Fhome%2Finceptionblue%2Ftmp%2Fawstats&read=%2Fhome%2Finceptionblue%2Ftmp%2Fawstats%2Fawstats092025.inception-blue.com.txt HTTP/1.1" 200 37269 "-" "Mozilla/5.0 AppleWebKit/537.36 (KHTML, like Gecko; compatible; ClaudeBot/1.0; +claudebot@anthropic.com)"
2001:41d0:303:8759::1 - - [24/Mar/2026:13:11:57 +0000] "GET /lets-dive/?dir=/home/inceptionblue/public_html/wp-content/plugins/astra-addon/addons/woocommerce/assets/js/unminified&read=/home/inceptionblue/public_html/wp-content/plugins/astra-addon/addons/woocommerce/assets/js/unminified/single-product-tab-layout.js HTTP/1.1" 200 162155 "-" "Mozilla/5.0 (compatible; MJ12bot/v1.4.8; http://mj12bot.com/)"
65.108.125.120 - - [24/Mar/2026:13:11:58 +0000] "GET /lets-dive/?dir=/home/inceptionblue/public_html/wp-content/plugins/astra-addon/addons/woocommerce/assets/css/minified&read=/home/inceptionblue/public_html/wp-content/plugins/astra-addon/addons/woocommerce/assets/css/minified/tinyslider.min.css HTTP/1.1" 200 161510 "-" "Mozilla/5.0 (compatible; MJ12bot/v1.4.8; http://mj12bot.com/)"
216.73.216.60 - - [24/Mar/2026:13:11:58 +0000] "GET /product/'?dir=%2Fhome%2Finceptionblue%2Ftmp%2Fawstats&read=%2Fhome%2Finceptionblue%2Ftmp%2Fawstats%2Fawstats092024.inception-blue.com.txt HTTP/1.1" 200 45465 "-" "Mozilla/5.0 AppleWebKit/537.36 (KHTML, like Gecko; compatible; ClaudeBot/1.0; +claudebot@anthropic.com)"
192.178.6.1 - - [24/Mar/2026:13:12:02 +0000] "GET /?y=hoq2sa7770gbddudoimb HTTP/1.1" 200 369255 "-" "Mozilla/5.0 (Linux; Android 6.0.1; Nexus 5X Build/MMB29P) AppleWebKit/537.36 (KHTML, like Gecko) Chrome/145.0.7632.159 Mobile Safari/537.36 (compatible; Googlebot/2.1; +http://www.google.com/bot.html)"
216.73.216.60 - - [24/Mar/2026:13:12:01 +0000] "GET /product/'?dir=%2Fvar%2Fnamed&read=%2Fvar%2Fnamed%2Fjewish-motivation.co.il.db HTTP/1.1" 200 11895 "-" "Mozilla/5.0 AppleWebKit/537.36 (KHTML, like Gecko; compatible; ClaudeBot/1.0; +claudebot@anthropic.com)"
2001:41d0:303:8759::1 - - [24/Mar/2026:13:12:01 +0000] "GET /lets-dive/?dir=/home/inceptionblue/public_html/wp-content/plugins/astra-addon/addons/woocommerce/assets/js/unminified&read=/home/inceptionblue/public_html/wp-content/plugins/astra-addon/addons/woocommerce/assets/js/unminified/single-product-variations.js HTTP/1.1" 200 164727 "-" "Mozilla/5.0 (compatible; MJ12bot/v1.4.8; http://mj12bot.com/)"
